18.217.62.207 - - [26/Feb/2026:11:30:07 -0500] "GET /wp-includes/js/wp-embed.min.js?ver=5.5.16 HTTP/1.1" 200 702 "https://www.thedubaitoday.com/sultan-of-oman-leaves-saudi-arabia-after-official-visit-2/" "Mozilla/5.0 (Macintosh; Intel Mac OS X 10_15_7) AppleWebKit/537.36 (KHTML, like Gecko) Chrome/131.0.0.0 Safari/537.36; ClaudeBot/1.0; [email protected])"
18.217.62.207 - - [26/Feb/2026:11:30:07 -0500] "GET /wp-content/plugins/elementor/assets/js/frontend-modules.min.js?ver=3.0.13 HTTP/1.1" 200 17557 "https://www.thedubaitoday.com/sultan-of-oman-leaves-saudi-arabia-after-official-visit-2/" "Mozilla/5.0 (Macintosh; Intel Mac OS X 10_15_7) AppleWebKit/537.36 (KHTML, like Gecko) Chrome/131.0.0.0 Safari/537.36; ClaudeBot/1.0; [email protected])"
18.217.62.207 - - [26/Feb/2026:11:30:07 -0500] "GET /wp-content/plugins/elementor/assets/lib/dialog/dialog.min.js?ver=4.8.1 HTTP/1.1" 200 3331 "https://www.thedubaitoday.com/sultan-of-oman-leaves-saudi-arabia-after-official-visit-2/" "Mozilla/5.0 (Macintosh; Intel Mac OS X 10_15_7) AppleWebKit/537.36 (KHTML, like Gecko) Chrome/131.0.0.0 Safari/537.36; ClaudeBot/1.0; [email protected])"
18.217.62.207 - - [26/Feb/2026:11:30:07 -0500] "GET /wp-content/plugins/elementor/assets/lib/waypoints/waypoints.min.js?ver=4.0.2 HTTP/1.1" 200 2867 "https://www.thedubaitoday.com/sultan-of-oman-leaves-saudi-arabia-after-official-visit-2/" "Mozilla/5.0 (Macintosh; Intel Mac OS X 10_15_7) AppleWebKit/537.36 (KHTML, like Gecko) Chrome/131.0.0.0 Safari/537.36; ClaudeBot/1.0; [email protected])"
18.217.62.207 - - [26/Feb/2026:11:30:07 -0500] "GET /wp-content/themes/digiqole/assets/js/raphael.min.js?ver=1.4.6 HTTP/1.1" 200 31063 "https://www.thedubaitoday.com/sultan-of-oman-leaves-saudi-arabia-after-official-visit-2/" "Mozilla/5.0 (Macintosh; Intel Mac OS X 10_15_7) AppleWebKit/537.36 (KHTML, like Gecko) Chrome/131.0.0.0 Safari/537.36; ClaudeBot/1.0; [email protected])"
18.217.62.207 - - [26/Feb/2026:11:30:07 -0500] "GET /wp-content/themes/digiqole/assets/js/jquery.easypiechart.min.js?ver=1.4.6 HTTP/1.1" 200 1586 "https://www.thedubaitoday.com/sultan-of-oman-leaves-saudi-arabia-after-official-visit-2/" "Mozilla/5.0 (Macintosh; Intel Mac OS X 10_15_7) AppleWebKit/537.36 (KHTML, like Gecko) Chrome/131.0.0.0 Safari/537.36; ClaudeBot/1.0; [email protected])"
18.217.62.207 - - [26/Feb/2026:11:30:07 -0500] "GET /wp-content/plugins/elementskit-lite/widgets/init/assets/js/goodshare.min.js?ver=5.5.16 HTTP/1.1" 200 3761 "https://www.thedubaitoday.com/sultan-of-oman-leaves-saudi-arabia-after-official-visit-2/" "Mozilla/5.0 (Macintosh; Intel Mac OS X 10_15_7) AppleWebKit/537.36 (KHTML, like Gecko) Chrome/131.0.0.0 Safari/537.36; ClaudeBot/1.0; [email protected])"
18.217.62.207 - - [26/Feb/2026:11:30:07 -0500] "GET /wp-includes/js/jquery/ui/position.min.js?ver=1.11.4 HTTP/1.1" 200 2302 "https://www.thedubaitoday.com/sultan-of-oman-leaves-saudi-arabia-after-official-visit-2/" "Mozilla/5.0 (Macintosh; Intel Mac OS X 10_15_7) AppleWebKit/537.36 (KHTML, like Gecko) Chrome/131.0.0.0 Safari/537.36; ClaudeBot/1.0; [email protected])"
18.217.62.207 - - [26/Feb/2026:11:30:07 -0500] "GET /wp-content/plugins/elementor/assets/lib/swiper/swiper.min.js?ver=5.3.6 HTTP/1.1" 200 34004 "https://www.thedubaitoday.com/sultan-of-oman-leaves-saudi-arabia-after-official-visit-2/" "Mozilla/5.0 (Macintosh; Intel Mac OS X 10_15_7) AppleWebKit/537.36 (KHTML, like Gecko) Chrome/131.0.0.0 Safari/537.36; ClaudeBot/1.0; [email protected])"
18.217.62.207 - - [26/Feb/2026:11:30:07 -0500] "GET /wp-content/plugins/elementor/assets/js/frontend.min.js?ver=3.0.13 HTTP/1.1" 200 30846 "https://www.thedubaitoday.com/sultan-of-oman-leaves-saudi-arabia-after-official-visit-2/" "Mozilla/5.0 (Macintosh; Intel Mac OS X 10_15_7) AppleWebKit/537.36 (KHTML, like Gecko) Chrome/131.0.0.0 Safari/537.36; ClaudeBot/1.0; [email protected])"
18.217.62.207 - - [26/Feb/2026:11:30:07 -0500] "GET /wp-includes/js/wp-emoji-release.min.js?ver=5.5.16 HTTP/1.1" 200 4316 "https://www.thedubaitoday.com/sultan-of-oman-leaves-saudi-arabia-after-official-visit-2/" "Mozilla/5.0 (Macintosh; Intel Mac OS X 10_15_7) AppleWebKit/537.36 (KHTML, like Gecko) Chrome/131.0.0.0 Safari/537.36; ClaudeBot/1.0; [email protected])"
18.217.62.207 - - [26/Feb/2026:11:30:07 -0500] "GET /wp-content/uploads/2020/11/64c2ad33-5b41-4d59-be1b-293b254ded91-1024x158.jpeg HTTP/1.1" 200 27553 "https://www.thedubaitoday.com/sultan-of-oman-leaves-saudi-arabia-after-official-visit-2/" "Mozilla/5.0 (Macintosh; Intel Mac OS X 10_15_7) AppleWebKit/537.36 (KHTML, like Gecko) Chrome/131.0.0.0 Safari/537.36; ClaudeBot/1.0; [email protected])"
18.217.62.207 - - [26/Feb/2026:11:30:07 -0500] "GET /wp-content/plugins/elementskit-lite/modules/controls/assets/fonts/elementskit.woff?y24e1e HTTP/1.1" 200 442864 "https://www.thedubaitoday.com/wp-content/plugins/elementskit-lite/modules/controls/assets/css/ekiticons.css?ver=5.9.0" "Mozilla/5.0 (Macintosh; Intel Mac OS X 10_15_7) AppleWebKit/537.36 (KHTML, like Gecko) Chrome/131.0.0.0 Safari/537.36; ClaudeBot/1.0; [email protected])"
162.213.253.84 - - [26/Feb/2026:11:30:08 -0500] "POST /wp-cron.php?doing_wp_cron=1772123408.3808379173278808593750 HTTP/1.1" 200 0 "https://www.thedubaitoday.com/wp-cron.php?doing_wp_cron=1772123408.3808379173278808593750" "WordPress/5.5.16; https://www.thedubaitoday.com"
18.217.62.207 - - [26/Feb/2026:11:30:07 -0500] "GET /wp-content/plugins/elementor/assets/lib/share-link/share-link.min.js?ver=3.0.13 HTTP/1.1" 200 1023 "https://www.thedubaitoday.com/sultan-of-oman-leaves-saudi-arabia-after-official-visit-2/" "Mozilla/5.0 (Macintosh; Intel Mac OS X 10_15_7) AppleWebKit/537.36 (KHTML, like Gecko) Chrome/131.0.0.0 Safari/537.36; ClaudeBot/1.0; [email protected])"
18.217.62.207 - - [26/Feb/2026:11:30:07 -0500] "GET /wp-content/themes/digiqole/assets/js/elementor.js?ver=1.4.6 HTTP/1.1" 200 2479 "https://www.thedubaitoday.com/sultan-of-oman-leaves-saudi-arabia-after-official-visit-2/" "Mozilla/5.0 (Macintosh; Intel Mac OS X 10_15_7) AppleWebKit/537.36 (KHTML, like Gecko) Chrome/131.0.0.0 Safari/537.36; ClaudeBot/1.0; [email protected])"
18.217.62.207 - - [26/Feb/2026:11:30:07 -0500] "GET /wp-content/plugins/elementskit-lite/widgets/init/assets/js/elementor.js?ver=2.0.9.1 HTTP/1.1" 200 8174 "https://www.thedubaitoday.com/sultan-of-oman-leaves-saudi-arabia-after-official-visit-2/" "Mozilla/5.0 (Macintosh; Intel Mac OS X 10_15_7) AppleWebKit/537.36 (KHTML, like Gecko) Chrome/131.0.0.0 Safari/537.36; ClaudeBot/1.0; [email protected])"
18.217.62.207 - - [26/Feb/2026:11:30:07 -0500] "GET /wp-content/plugins/elementskit-lite/modules/controls/assets/js/widgetarea-editor.js?ver=2.0.9.1 HTTP/1.1" 200 472 "https://www.thedubaitoday.com/sultan-of-oman-leaves-saudi-arabia-after-official-visit-2/" "Mozilla/5.0 (Macintosh; Intel Mac OS X 10_15_7) AppleWebKit/537.36 (KHTML, like Gecko) Chrome/131.0.0.0 Safari/537.36; ClaudeBot/1.0; [email protected])"
18.217.62.207 - - [26/Feb/2026:11:30:07 -0500] "GET /wp-content/uploads/2020/11/3-1.png HTTP/1.1" 200 9235 "https://www.thedubaitoday.com/sultan-of-oman-leaves-saudi-arabia-after-official-visit-2/" "Mozilla/5.0 (Macintosh; Intel Mac OS X 10_15_7) AppleWebKit/537.36 (KHTML, like Gecko) Chrome/131.0.0.0 Safari/537.36; ClaudeBot/1.0; [email protected])"
18.217.62.207 - - [26/Feb/2026:11:30:07 -0500] "GET /wp-content/uploads/2021/07/oman-sultan-850x560.jpg HTTP/1.1" 200 101139 "https://www.thedubaitoday.com/sultan-of-oman-leaves-saudi-arabia-after-official-visit-2/" "Mozilla/5.0 (Macintosh; Intel Mac OS X 10_15_7) AppleWebKit/537.36 (KHTML, like Gecko) Chrome/131.0.0.0 Safari/537.36; ClaudeBot/1.0; [email protected])"
18.217.62.207 - - [26/Feb/2026:11:30:07 -0500] "GET /wp-content/themes/digiqole/assets/css/print.css?ver=1.4.6 HTTP/1.1" 200 919 "https://www.thedubaitoday.com/sultan-of-oman-leaves-saudi-arabia-after-official-visit-2/" "Mozilla/5.0 (Macintosh; Intel Mac OS X 10_15_7) AppleWebKit/537.36 (KHTML, like Gecko) Chrome/131.0.0.0 Safari/537.36; ClaudeBot/1.0; [email protected])"
18.217.62.207 - - [26/Feb/2026:11:30:07 -0500] "GET /wp-content/uploads/2020/11/journalist-150x150.png HTTP/1.1" 200 6286 "https://www.thedubaitoday.com/sultan-of-oman-leaves-saudi-arabia-after-official-visit-2/" "Mozilla/5.0 (Macintosh; Intel Mac OS X 10_15_7) AppleWebKit/537.36 (KHTML, like Gecko) Chrome/131.0.0.0 Safari/537.36; ClaudeBot/1.0; [email protected])"
18.217.62.207 - - [26/Feb/2026:11:30:07 -0500] "GET /wp-content/plugins/elementor/assets/lib/font-awesome/webfonts/fa-solid-900.woff2 HTTP/1.1" 200 76084 "https://www.thedubaitoday.com/wp-content/plugins/elementor/assets/lib/font-awesome/css/solid.min.css?ver=5.12.0" "Mozilla/5.0 (Macintosh; Intel Mac OS X 10_15_7) AppleWebKit/537.36 (KHTML, like Gecko) Chrome/131.0.0.0 Safari/537.36; ClaudeBot/1.0; [email protected])"
18.217.62.207 - - [26/Feb/2026:11:30:07 -0500] "GET /wp-content/themes/digiqole/assets/fonts/iconfont.ttf?cpfcy1 HTTP/1.1" 200 160880 "https://www.thedubaitoday.com/wp-content/themes/digiqole/assets/css/icon-font.css?ver=1.4.6" "Mozilla/5.0 (Macintosh; Intel Mac OS X 10_15_7) AppleWebKit/537.36 (KHTML, like Gecko) Chrome/131.0.0.0 Safari/537.36; ClaudeBot/1.0; [email protected])"
114.119.136.150 - - [26/Feb/2026:11:31:32 -0500] "GET /?p=8559 HTTP/1.1" 301 0 "https://www.thedubaitoday.com/?p=8559" "Mozilla/5.0 (Linux; Android 7.0;) AppleWebKit/537.36 (KHTML, like Gecko) Mobile Safari/537.36 (compatible; PetalBot;+https://webmaster.petalsearch.com/site/petalbot)"
114.119.136.150 - - [26/Feb/2026:11:32:55 -0500] "GET /?p=8521 HTTP/1.1" 301 0 "https://www.thedubaitoday.com/?cat=75&paged=4" "Mozilla/5.0 (Linux; Android 7.0;) AppleWebKit/537.36 (KHTML, like Gecko) Mobile Safari/537.36 (compatible; PetalBot;+https://webmaster.petalsearch.com/site/petalbot)"
114.119.136.150 - - [26/Feb/2026:11:32:58 -0500] "GET /hamdan-bin-mohammed-leads-4th-edition-of-dubai-run-as-over-193000-fitness-enthusiasts-transform-sheikh-zayed-road-into-a-giant-running-track/ HTTP/1.1" 200 16042 "https://www.thedubaitoday.com/?cat=75&paged=4" "Mozilla/5.0 (Linux; Android 7.0;) AppleWebKit/537.36 (KHTML, like Gecko) Mobile Safari/537.36 (compatible; PetalBot;+https://webmaster.petalsearch.com/site/petalbot)"
216.73.216.172 - - [26/Feb/2026:11:33:05 -0500] "GET /wp-sitemap.xml HTTP/1.1" 200 234 "-" "Mozilla/5.0 AppleWebKit/537.36 (KHTML, like Gecko; compatible; ClaudeBot/1.0; [email protected])"
114.119.148.10 - - [26/Feb/2026:11:30:07 -0500] "GET /?p=8597 HTTP/1.1" 301 0 "https://www.thedubaitoday.com/?p=8597" "Mozilla/5.0 (Linux; Android 7.0;) AppleWebKit/537.36 (KHTML, like Gecko) Mobile Safari/537.36 (compatible; PetalBot;+https://webmaster.petalsearch.com/site/petalbot)"
114.119.148.10 - - [26/Feb/2026:11:30:10 -0500] "GET /founders-memorial-celebrates-51st-uae-national-day-with-traditional-festivities/ HTTP/1.1" 200 16734 "https://www.thedubaitoday.com/?p=8597" "Mozilla/5.0 (Linux; Android 7.0;) AppleWebKit/537.36 (KHTML, like Gecko) Mobile Safari/537.36 (compatible; PetalBot;+https://webmaster.petalsearch.com/site/petalbot)"
114.119.136.150 - - [26/Feb/2026:11:31:34 -0500] "GET /uae-president-receives-french-defence-minister/ HTTP/1.1" 200 15274 "https://www.thedubaitoday.com/?p=8559" "Mozilla/5.0 (Linux; Android 7.0;) AppleWebKit/537.36 (KHTML, like Gecko) Mobile Safari/537.36 (compatible; PetalBot;+https://webmaster.petalsearch.com/site/petalbot)"
216.73.216.172 - - [26/Feb/2026:11:33:05 -0500] "GET /robots.txt HTTP/1.1" 200 103 "-" "Mozilla/5.0 AppleWebKit/537.36 (KHTML, like Gecko; compatible; ClaudeBot/1.0; [email protected])"
77.75.79.109 - - [26/Feb/2026:11:34:05 -0500] "GET /uae-japan-to-launch-business-council/ HTTP/1.1" 200 14980 "-" "Mozilla/5.0 (compatible; SeznamBot/4.0; +https://o-seznam.cz/napoveda/vyhledavani/en/seznambot-crawler/)"
114.119.151.155 - - [26/Feb/2026:11:34:19 -0500] "GET /?p=8498 HTTP/1.1" 301 0 "https://www.thedubaitoday.com/?cat=2&paged=3" "Mozilla/5.0 (Linux; Android 7.0;) AppleWebKit/537.36 (KHTML, like Gecko) Mobile Safari/537.36 (compatible; PetalBot;+https://webmaster.petalsearch.com/site/petalbot)"
114.119.151.155 - - [26/Feb/2026:11:34:21 -0500] "GET /sabi-unique-collection-focuses-on-digitalization/ HTTP/1.1" 200 14756 "https://www.thedubaitoday.com/?cat=2&paged=3" "Mozilla/5.0 (Linux; Android 7.0;) AppleWebKit/537.36 (KHTML, like Gecko) Mobile Safari/537.36 (compatible; PetalBot;+https://webmaster.petalsearch.com/site/petalbot)"
165.22.51.212 - - [26/Feb/2026:11:34:54 -0500] "GET /wp-content/uploads/2022/07/Dubai-Health-Authority-850x560.jpg HTTP/1.1" 200 41014 "https://www.thedubaitoday.com/" "Mozilla/5.0 (Windows NT 10.0; Win64; x64) AppleWebKit/537.36 (KHTML, like Gecko) Chrome/107.0.0.0 Safari/537.36"
44.197.76.210 - - [26/Feb/2026:11:35:05 -0500] "GET /wp-json/wp/v2/posts/9928 HTTP/1.1" 200 3434 "-" "Mozilla/5.0 AppleWebKit/537.36 (KHTML, like Gecko; compatible; Amazonbot/0.1; +https://developer.amazon.com/support/amazonbot) Chrome/119.0.6045.214 Safari/537.36"
44.209.89.189 - - [26/Feb/2026:11:35:12 -0500] "GET /wp-json/oembed/1.0/embed?format=xml&url=https://www.thedubaitoday.com/enjoy-the-festive-season-at-al-sarab-hotel/ HTTP/1.1" 200 1334 "-" "Mozilla/5.0 AppleWebKit/537.36 (KHTML, like Gecko; compatible; Amazonbot/0.1; +https://developer.amazon.com/support/amazonbot) Chrome/119.0.6045.214 Safari/537.36"
114.119.130.109 - - [26/Feb/2026:11:35:45 -0500] "GET /?p=8413 HTTP/1.1" 301 0 "https://www.thedubaitoday.com/?author=1&paged=43" "Mozilla/5.0 (Linux; Android 7.0;) AppleWebKit/537.36 (KHTML, like Gecko) Mobile Safari/537.36 (compatible; PetalBot;+https://webmaster.petalsearch.com/site/petalbot)"
114.119.130.109 - - [26/Feb/2026:11:35:47 -0500] "GET /mubadala-invests-in-worlds-largest-private-offshore-wind-energy-developer/ HTTP/1.1" 200 17435 "https://www.thedubaitoday.com/?author=1&paged=43" "Mozilla/5.0 (Linux; Android 7.0;) AppleWebKit/537.36 (KHTML, like Gecko) Mobile Safari/537.36 (compatible; PetalBot;+https://webmaster.petalsearch.com/site/petalbot)"
114.119.135.207 - - [26/Feb/2026:11:37:04 -0500] "GET /?p=8379 HTTP/1.1" 301 0 "https://www.thedubaitoday.com/?author=1&paged=44" "Mozilla/5.0 (Linux; Android 7.0;) AppleWebKit/537.36 (KHTML, like Gecko) Mobile Safari/537.36 (compatible; PetalBot;+https://webmaster.petalsearch.com/site/petalbot)"
114.119.135.207 - - [26/Feb/2026:11:37:07 -0500] "GET /etihad-airways-launches-inaugural-flight-to-chinas-guangzhou/ HTTP/1.1" 200 16360 "https://www.thedubaitoday.com/?author=1&paged=44" "Mozilla/5.0 (Linux; Android 7.0;) AppleWebKit/537.36 (KHTML, like Gecko) Mobile Safari/537.36 (compatible; PetalBot;+https://webmaster.petalsearch.com/site/petalbot)"
123.24.27.11 - - [26/Feb/2026:11:37:53 -0500] "GET /author/admin/page/128/ HTTP/1.1" 200 16429 "-" "Mozilla/5.0 (X11; Ubuntu; Linux x86_64; rv:24.0) Gecko/20100101 Firefox/24.0"
114.119.136.150 - - [26/Feb/2026:11:38:31 -0500] "GET /?p=8291 HTTP/1.1" 301 0 "https://www.thedubaitoday.com/?cat=67&paged=15" "Mozilla/5.0 (Linux; Android 7.0;) AppleWebKit/537.36 (KHTML, like Gecko) Mobile Safari/537.36 (compatible; PetalBot;+https://webmaster.petalsearch.com/site/petalbot)"
114.119.136.150 - - [26/Feb/2026:11:38:32 -0500] "GET /uae-president-arrives-in-muscat-welcomed-by-sultan-of-oman/ HTTP/1.1" 200 15186 "https://www.thedubaitoday.com/?cat=67&paged=15" "Mozilla/5.0 (Linux; Android 7.0;) AppleWebKit/537.36 (KHTML, like Gecko) Mobile Safari/537.36 (compatible; PetalBot;+https://webmaster.petalsearch.com/site/petalbot)"
34.199.252.22 - - [26/Feb/2026:11:34:53 -0500] "GET /wp-json/oembed/1.0/embed?url=https://www.thedubaitoday.com/louvre-abu-dhabi-richard-mille-create-new-exhibition-and-art-prize-to-promote-contemporary-art/ HTTP/1.1" 200 2911 "-" "Mozilla/5.0 AppleWebKit/537.36 (KHTML, like Gecko; compatible; Amazonbot/0.1; +https://developer.amazon.com/support/amazonbot) Chrome/119.0.6045.214 Safari/537.36"
23.23.213.182 - - [26/Feb/2026:11:34:56 -0500] "GET /wp-json/oembed/1.0/embed?url=https://www.thedubaitoday.com/mohammed-bin-rashid-names-hessa-bint-essa-buhumaid-as-director-general-of-community-development-authority/ HTTP/1.1" 200 2959 "-" "Mozilla/5.0 AppleWebKit/537.36 (KHTML, like Gecko; compatible; Amazonbot/0.1; +https://developer.amazon.com/support/amazonbot) Chrome/119.0.6045.214 Safari/537.36"
34.231.181.240 - - [26/Feb/2026:11:35:00 -0500] "GET /wp-json/wp/v2/posts/5922 HTTP/1.1" 200 3731 "-" "Mozilla/5.0 AppleWebKit/537.36 (KHTML, like Gecko; compatible; Amazonbot/0.1; +https://developer.amazon.com/support/amazonbot) Chrome/119.0.6045.214 Safari/537.36"
44.212.106.171 - - [26/Feb/2026:11:35:08 -0500] "GET /wp-json/wp/v2/posts/8547 HTTP/1.1" 200 5946 "-" "Mozilla/5.0 AppleWebKit/537.36 (KHTML, like Gecko; compatible; Amazonbot/0.1; +https://developer.amazon.com/support/amazonbot) Chrome/119.0.6045.214 Safari/537.36"
54.92.171.106 - - [26/Feb/2026:11:35:16 -0500] "GET /wp-json/wp/v2/posts/5619 HTTP/1.1" 200 3715 "-" "Mozilla/5.0 AppleWebKit/537.36 (KHTML, like Gecko; compatible; Amazonbot/0.1; +https://developer.amazon.com/support/amazonbot) Chrome/119.0.6045.214 Safari/537.36"
18.215.49.176 - - [26/Feb/2026:11:35:20 -0500] "GET /wp-json/wp/v2/posts/7673 HTTP/1.1" 200 4488 "-" "Mozilla/5.0 AppleWebKit/537.36 (KHTML, like Gecko; compatible; Amazonbot/0.1; +https://developer.amazon.com/support/amazonbot) Chrome/119.0.6045.214 Safari/537.36"
34.234.206.30 - - [26/Feb/2026:11:39:26 -0500] "GET /dct-abu-dhabi-anghami-join-forces-to-bring-sounds-of-traditional-emirati-performing-arts-online/ HTTP/1.1" 200 15054 "-" "Mozilla/5.0 AppleWebKit/537.36 (KHTML, like Gecko; compatible; Amazonbot/0.1; +https://developer.amazon.com/support/amazonbot) Chrome/119.0.6045.214 Safari/537.36"
114.119.151.155 - - [26/Feb/2026:11:39:56 -0500] "GET /?p=8272 HTTP/1.1" 301 0 "https://www.thedubaitoday.com/?cat=67&paged=16" "Mozilla/5.0 (Linux; Android 7.0;) AppleWebKit/537.36 (KHTML, like Gecko) Mobile Safari/537.36 (compatible; PetalBot;+https://webmaster.petalsearch.com/site/petalbot)"
114.119.141.83 - - [26/Feb/2026:11:41:20 -0500] "GET /air-arabia-abu-dhabi-adds-kuwait-to-its-network/ HTTP/1.1" 200 14548 "https://www.thedubaitoday.com/?author=1&paged=48" "Mozilla/5.0 (Linux; Android 7.0;) AppleWebKit/537.36 (KHTML, like Gecko) Mobile Safari/537.36 (compatible; PetalBot;+https://webmaster.petalsearch.com/site/petalbot)"
114.119.136.150 - - [26/Feb/2026:11:42:39 -0500] "GET /?p=8089 HTTP/1.1" 301 0 "https://www.thedubaitoday.com/?author=1&paged=52" "Mozilla/5.0 (Linux; Android 7.0;) AppleWebKit/537.36 (KHTML, like Gecko) Mobile Safari/537.36 (compatible; PetalBot;+https://webmaster.petalsearch.com/site/petalbot)"
114.119.136.150 - - [26/Feb/2026:11:42:40 -0500] "GET /uae-president-arrives-in-al-alamein-city-discusses-fraternal-relations-with-egyptian-president/ HTTP/1.1" 200 14980 "https://www.thedubaitoday.com/?author=1&paged=52" "Mozilla/5.0 (Linux; Android 7.0;) AppleWebKit/537.36 (KHTML, like Gecko) Mobile Safari/537.36 (compatible; PetalBot;+https://webmaster.petalsearch.com/site/petalbot)"
40.80.89.74 - - [26/Feb/2026:11:43:43 -0500] "GET /file.php HTTP/1.1" 301 0 "-" "Mozilla/5.0 (Windows NT 10.0; Win64; x64) AppleWebKit/537.36 (KHTML, like Gecko) Chrome/120.0.0.0 Safari/537.36"
40.80.89.74 - - [26/Feb/2026:11:43:44 -0500] "GET /wp-good.php HTTP/1.1" 301 0 "-" "Mozilla/5.0 (Windows NT 10.0; Win64; x64) AppleWebKit/537.36 (KHTML, like Gecko) Chrome/120.0.0.0 Safari/537.36"
18.215.49.176 - - [26/Feb/2026:11:39:24 -0500] "GET /?p=4429 HTTP/1.1" 301 0 "-" "Mozilla/5.0 AppleWebKit/537.36 (KHTML, like Gecko; compatible; Amazonbot/0.1; +https://developer.amazon.com/support/amazonbot) Chrome/119.0.6045.214 Safari/537.36"
77.75.79.109 - - [26/Feb/2026:11:39:51 -0500] "GET /dhas-whatsapp-helpline-receives-more-than-54000-requests/ HTTP/1.1" 200 15468 "-" "Mozilla/5.0 (compatible; SeznamBot/4.0; +https://o-seznam.cz/napoveda/vyhledavani/en/seznambot-crawler/)"
114.119.151.155 - - [26/Feb/2026:11:39:58 -0500] "GET /german-chancellor-arrives-in-uae/ HTTP/1.1" 200 14177 "https://www.thedubaitoday.com/?cat=67&paged=16" "Mozilla/5.0 (Linux; Android 7.0;) AppleWebKit/537.36 (KHTML, like Gecko) Mobile Safari/537.36 (compatible; PetalBot;+https://webmaster.petalsearch.com/site/petalbot)"
114.119.141.83 - - [26/Feb/2026:11:41:18 -0500] "GET /?p=8226 HTTP/1.1" 301 0 "https://www.thedubaitoday.com/?author=1&paged=48" "Mozilla/5.0 (Linux; Android 7.0;) AppleWebKit/537.36 (KHTML, like Gecko) Mobile Safari/537.36 (compatible; PetalBot;+https://webmaster.petalsearch.com/site/petalbot)"
40.80.89.74 - - [26/Feb/2026:11:43:41 -0500] "GET /wp-trackback.php HTTP/1.1" 404 91 "-" "Mozilla/5.0 (Windows NT 10.0; Win64; x64) AppleWebKit/537.36 (KHTML, like Gecko) Chrome/120.0.0.0 Safari/537.36"
40.80.89.74 - - [26/Feb/2026:11:43:42 -0500] "GET /about.php HTTP/1.1" 301 0 "-" "Mozilla/5.0 (Windows NT 10.0; Win64; x64) AppleWebKit/537.36 (KHTML, like Gecko) Chrome/120.0.0.0 Safari/537.36"
40.80.89.74 - - [26/Feb/2026:11:43:45 -0500] "GET /xmlrpc.php HTTP/1.1" 405 46 "-" "Mozilla/5.0 (Windows NT 10.0; Win64; x64) AppleWebKit/537.36 (KHTML, like Gecko) Chrome/120.0.0.0 Safari/537.36"
40.80.89.74 - - [26/Feb/2026:11:43:49 -0500] "GET /rip.php HTTP/1.1" 301 0 "-" "Mozilla/5.0 (Windows NT 10.0; Win64; x64) AppleWebKit/537.36 (KHTML, like Gecko) Chrome/120.0.0.0 Safari/537.36"
40.80.89.74 - - [26/Feb/2026:11:43:50 -0500] "GET /autoload_classmap.php HTTP/1.1" 301 0 "-" "Mozilla/5.0 (Windows NT 10.0; Win64; x64) AppleWebKit/537.36 (KHTML, like Gecko) Chrome/120.0.0.0 Safari/537.36"
40.80.89.74 - - [26/Feb/2026:11:43:50 -0500] "GET /chosen.php?p= HTTP/1.1" 301 0 "-" "Mozilla/5.0 (Windows NT 10.0; Win64; x64) AppleWebKit/537.36 (KHTML, like Gecko) Chrome/120.0.0.0 Safari/537.36"
77.75.79.109 - - [26/Feb/2026:11:43:47 -0500] "GET /masdar-engie-sign-agreement-with-fertiglobe-to-co-develop-green-hydrogen-for-ammonia-production/ HTTP/1.1" 200 16271 "-" "Mozilla/5.0 (compatible; SeznamBot/4.0; +https://o-seznam.cz/napoveda/vyhledavani/en/seznambot-crawler/)"
40.80.89.74 - - [26/Feb/2026:11:43:53 -0500] "GET /index/function.php HTTP/1.1" 301 0 "-" "Mozilla/5.0 (Windows NT 10.0; Win64; x64) AppleWebKit/537.36 (KHTML, like Gecko) Chrome/120.0.0.0 Safari/537.36"
40.80.89.74 - - [26/Feb/2026:11:43:54 -0500] "GET /wk/index.php HTTP/1.1" 301 0 "-" "Mozilla/5.0 (Windows NT 10.0; Win64; x64) AppleWebKit/537.36 (KHTML, like Gecko) Chrome/120.0.0.0 Safari/537.36"
40.80.89.74 - - [26/Feb/2026:11:43:54 -0500] "GET /wp-includes/ HTTP/1.1" 200 5746 "-" "Mozilla/5.0 (Windows NT 10.0; Win64; x64) AppleWebKit/537.36 (KHTML, like Gecko) Chrome/120.0.0.0 Safari/537.36"
40.80.89.74 - - [26/Feb/2026:11:43:55 -0500] "GET /.well-known/ HTTP/1.1" 200 617 "-" "Mozilla/5.0 (Windows NT 10.0; Win64; x64) AppleWebKit/537.36 (KHTML, like Gecko) Chrome/120.0.0.0 Safari/537.36"
40.80.89.74 - - [26/Feb/2026:11:43:55 -0500] "GET /info.php HTTP/1.1" 301 0 "-" "Mozilla/5.0 (Windows NT 10.0; Win64; x64) AppleWebKit/537.36 (KHTML, like Gecko) Chrome/120.0.0.0 Safari/537.36"
40.80.89.74 - - [26/Feb/2026:11:43:56 -0500] "GET /uploads/ HTTP/1.1" 301 0 "-" "Mozilla/5.0 (Windows NT 10.0; Win64; x64) AppleWebKit/537.36 (KHTML, like Gecko) Chrome/120.0.0.0 Safari/537.36"
40.80.89.74 - - [26/Feb/2026:11:43:58 -0500] "GET /wp-includes/html-api/ HTTP/1.1" 301 0 "-" "Mozilla/5.0 (Windows NT 10.0; Win64; x64) AppleWebKit/537.36 (KHTML, like Gecko) Chrome/120.0.0.0 Safari/537.36"
40.80.89.74 - - [26/Feb/2026:11:43:45 -0500] "GET /goods.php HTTP/1.1" 301 0 "-" "Mozilla/5.0 (Windows NT 10.0; Win64; x64) AppleWebKit/537.36 (KHTML, like Gecko) Chrome/120.0.0.0 Safari/537.36"
40.80.89.74 - - [26/Feb/2026:11:43:46 -0500] "GET /ioxi-o.php HTTP/1.1" 301 0 "-" "Mozilla/5.0 (Windows NT 10.0; Win64; x64) AppleWebKit/537.36 (KHTML, like Gecko) Chrome/120.0.0.0 Safari/537.36"
40.80.89.74 - - [26/Feb/2026:11:43:47 -0500] "GET /class-t.api.php HTTP/1.1" 301 0 "-" "Mozilla/5.0 (Windows NT 10.0; Win64; x64) AppleWebKit/537.36 (KHTML, like Gecko) Chrome/120.0.0.0 Safari/537.36"
40.80.89.74 - - [26/Feb/2026:11:43:47 -0500] "GET /admin.php HTTP/1.1" 301 0 "-" "Mozilla/5.0 (Windows NT 10.0; Win64; x64) AppleWebKit/537.36 (KHTML, like Gecko) Chrome/120.0.0.0 Safari/537.36"
40.80.89.74 - - [26/Feb/2026:11:43:48 -0500] "GET /sf.php HTTP/1.1" 301 0 "-" "Mozilla/5.0 (Windows NT 10.0; Win64; x64) AppleWebKit/537.36 (KHTML, like Gecko) Chrome/120.0.0.0 Safari/537.36"
47.128.99.155 - - [26/Feb/2026:11:43:51 -0500] "GET /advertise-us/ HTTP/1.1" 200 10979 "-" "Mozilla/5.0 (Linux; Android 5.0) AppleWebKit/537.36 (KHTML, like Gecko) Mobile Safari/537.36 (compatible; Bytespider; [email protected])"
40.80.89.74 - - [26/Feb/2026:11:43:51 -0500] "GET /classwithtostring.php HTTP/1.1" 301 0 "-" "Mozilla/5.0 (Windows NT 10.0; Win64; x64) AppleWebKit/537.36 (KHTML, like Gecko) Chrome/120.0.0.0 Safari/537.36"
40.80.89.74 - - [26/Feb/2026:11:43:52 -0500] "GET /defaults.php HTTP/1.1" 301 0 "-" "Mozilla/5.0 (Windows NT 10.0; Win64; x64) AppleWebKit/537.36 (KHTML, like Gecko) Chrome/120.0.0.0 Safari/537.36"
40.80.89.74 - - [26/Feb/2026:11:43:56 -0500] "GET /cgi-bin/ HTTP/1.1" 404 1251 "-" "Mozilla/5.0 (Windows NT 10.0; Win64; x64) AppleWebKit/537.36 (KHTML, like Gecko) Chrome/120.0.0.0 Safari/537.36"
40.80.89.74 - - [26/Feb/2026:11:43:57 -0500] "GET /wp-admin/images/ HTTP/1.1" 200 2105 "-" "Mozilla/5.0 (Windows NT 10.0; Win64; x64) AppleWebKit/537.36 (KHTML, like Gecko) Chrome/120.0.0.0 Safari/537.36"
40.80.89.74 - - [26/Feb/2026:11:43:57 -0500] "GET /wp-includes/Requests/src/Response/about.php HTTP/1.1" 301 0 "-" "Mozilla/5.0 (Windows NT 10.0; Win64; x64) AppleWebKit/537.36 (KHTML, like Gecko) Chrome/120.0.0.0 Safari/537.36"
40.80.89.74 - - [26/Feb/2026:11:43:58 -0500] "GET /wp-content/admin.php HTTP/1.1" 301 0 "-" "Mozilla/5.0 (Windows NT 10.0; Win64; x64) AppleWebKit/537.36 (KHTML, like Gecko) Chrome/120.0.0.0 Safari/537.36"
40.80.89.74 - - [26/Feb/2026:11:43:59 -0500] "GET /adminfuns.php HTTP/1.1" 301 0 "-" "Mozilla/5.0 (Windows NT 10.0; Win64; x64) AppleWebKit/537.36 (KHTML, like Gecko) Chrome/120.0.0.0 Safari/537.36"
40.80.89.74 - - [26/Feb/2026:11:44:00 -0500] "GET /wp-admin/css/colors/ectoplasm/ HTTP/1.1" 200 725 "-" "Mozilla/5.0 (Windows NT 10.0; Win64; x64) AppleWebKit/537.36 (KHTML, like Gecko) Chrome/120.0.0.0 Safari/537.36"
40.80.89.74 - - [26/Feb/2026:11:44:00 -0500] "GET /wp-content/themes/admin.php HTTP/1.1" 301 0 "-" "Mozilla/5.0 (Windows NT 10.0; Win64; x64) AppleWebKit/537.36 (KHTML, like Gecko) Chrome/120.0.0.0 Safari/537.36"
40.80.89.74 - - [26/Feb/2026:11:44:01 -0500] "GET /wp-content/themes/index.php HTTP/1.1" 200 0 "-" "Mozilla/5.0 (Windows NT 10.0; Win64; x64) AppleWebKit/537.36 (KHTML, like Gecko) Chrome/120.0.0.0 Safari/537.36"
40.80.89.74 - - [26/Feb/2026:11:44:02 -0500] "GET /wp-includes/PHPMailer/ HTTP/1.1" 200 708 "-" "Mozilla/5.0 (Windows NT 10.0; Win64; x64) AppleWebKit/537.36 (KHTML, like Gecko) Chrome/120.0.0.0 Safari/537.36"
114.119.135.207 - - [26/Feb/2026:11:44:02 -0500] "GET /?p=8078 HTTP/1.1" 301 0 "https://www.thedubaitoday.com/?p=8078" "Mozilla/5.0 (Linux; Android 7.0;) AppleWebKit/537.36 (KHTML, like Gecko) Mobile Safari/537.36 (compatible; PetalBot;+https://webmaster.petalsearch.com/site/petalbot)"
114.119.135.207 - - [26/Feb/2026:11:44:04 -0500] "GET /dubais-weeklong-real-estate-transactions-total-aed10-3-billion/ HTTP/1.1" 200 14477 "https://www.thedubaitoday.com/?p=8078" "Mozilla/5.0 (Linux; Android 7.0;) AppleWebKit/537.36 (KHTML, like Gecko) Mobile Safari/537.36 (compatible; PetalBot;+https://webmaster.petalsearch.com/site/petalbot)"
114.119.151.155 - - [26/Feb/2026:11:45:32 -0500] "GET /?p=7979 HTTP/1.1" 301 0 "https://www.thedubaitoday.com/?cat=63&paged=2" "Mozilla/5.0 (Linux; Android 7.0;) AppleWebKit/537.36 (KHTML, like Gecko) Mobile Safari/537.36 (compatible; PetalBot;+https://webmaster.petalsearch.com/site/petalbot)"
181.21.62.47 - - [26/Feb/2026:11:47:45 -0500] "GET /category/travel-tourism/page/18/ HTTP/1.1" 200 17061 "-" "Mozilla/5.0 (Macintosh; Intel Mac OS X 10_13_4) AppleWebKit/537.36 (KHTML, like Gecko) Chrome/66.0.3359.139 Safari/537.36"
40.80.89.74 - - [26/Feb/2026:11:44:00 -0500] "GET /wp-content/uploads/ HTTP/1.1" 200 1085 "-" "Mozilla/5.0 (Windows NT 10.0; Win64; x64) AppleWebKit/537.36 (KHTML, like Gecko) Chrome/120.0.0.0 Safari/537.36"
40.80.89.74 - - [26/Feb/2026:11:44:01 -0500] "GET /wp-content/plugins/index.php HTTP/1.1" 200 0 "-" "Mozilla/5.0 (Windows NT 10.0; Win64; x64) AppleWebKit/537.36 (KHTML, like Gecko) Chrome/120.0.0.0 Safari/537.36"
40.80.89.74 - - [26/Feb/2026:11:44:02 -0500] "GET /wp-includes/images/ HTTP/1.1" 200 1455 "-" "Mozilla/5.0 (Windows NT 10.0; Win64; x64) AppleWebKit/537.36 (KHTML, like Gecko) Chrome/120.0.0.0 Safari/537.36"
40.80.89.74 - - [26/Feb/2026:11:44:02 -0500] "GET /wp-content/plugins/WordPressCore/ HTTP/1.1" 301 0 "-" "Mozilla/5.0 (Windows NT 10.0; Win64; x64) AppleWebKit/537.36 (KHTML, like Gecko) Chrome/120.0.0.0 Safari/537.36"
162.213.253.84 - - [26/Feb/2026:11:45:33 -0500] "POST /wp-cron.php?doing_wp_cron=1772124332.9883220195770263671875 HTTP/1.1" 200 0 "https://www.thedubaitoday.com/wp-cron.php?doing_wp_cron=1772124332.9883220195770263671875" "WordPress/5.5.16; https://www.thedubaitoday.com"
114.119.151.155 - - [26/Feb/2026:11:45:35 -0500] "GET /abu-dhabi-polytechnic-comptia-cooperate-to-develop-students-skills-in-it/ HTTP/1.1" 200 15100 "https://www.thedubaitoday.com/?cat=63&paged=2" "Mozilla/5.0 (Linux; Android 7.0;) AppleWebKit/537.36 (KHTML, like Gecko) Mobile Safari/537.36 (compatible; PetalBot;+https://webmaster.petalsearch.com/site/petalbot)"
114.119.148.10 - - [26/Feb/2026:11:46:49 -0500] "GET /?p=7873 HTTP/1.1" 301 0 "https://www.thedubaitoday.com/?author=1&paged=59" "Mozilla/5.0 (Linux; Android 7.0;) AppleWebKit/537.36 (KHTML, like Gecko) Mobile Safari/537.36 (compatible; PetalBot;+https://webmaster.petalsearch.com/site/petalbot)"
114.119.148.10 - - [26/Feb/2026:11:46:51 -0500] "GET /sharjah-summer-campaign-2022-kicks-off/ HTTP/1.1" 200 15008 "https://www.thedubaitoday.com/?author=1&paged=59" "Mozilla/5.0 (Linux; Android 7.0;) AppleWebKit/537.36 (KHTML, like Gecko) Mobile Safari/537.36 (compatible; PetalBot;+https://webmaster.petalsearch.com/site/petalbot)"
114.119.136.150 - - [26/Feb/2026:11:48:12 -0500] "GET /?p=7855 HTTP/1.1" 301 0 "https://www.thedubaitoday.com/?author=1&paged=60" "Mozilla/5.0 (Linux; Android 7.0;) AppleWebKit/537.36 (KHTML, like Gecko) Mobile Safari/537.36 (compatible; PetalBot;+https://webmaster.petalsearch.com/site/petalbot)"
114.119.136.150 - - [26/Feb/2026:11:48:14 -0500] "GET /summer-of-joy-promotion-from-joyalukkas-shop-and-win-24-golden-footballs-in-24-carats/ HTTP/1.1" 200 14731 "https://www.thedubaitoday.com/?author=1&paged=60" "Mozilla/5.0 (Linux; Android 7.0;) AppleWebKit/537.36 (KHTML, like Gecko) Mobile Safari/537.36 (compatible; PetalBot;+https://webmaster.petalsearch.com/site/petalbot)"
114.119.156.60 - - [26/Feb/2026:11:49:36 -0500] "GET /?p=7743 HTTP/1.1" 301 0 "https://www.thedubaitoday.com/?cat=65&paged=5" "Mozilla/5.0 (Linux; Android 7.0;) AppleWebKit/537.36 (KHTML, like Gecko) Mobile Safari/537.36 (compatible; PetalBot;+https://webmaster.petalsearch.com/site/petalbot)"
114.119.156.60 - - [26/Feb/2026:11:49:39 -0500] "GET /etihad-airways-returns-to-beijing/ HTTP/1.1" 200 14733 "https://www.thedubaitoday.com/?cat=65&paged=5" "Mozilla/5.0 (Linux; Android 7.0;) AppleWebKit/537.36 (KHTML, like Gecko) Mobile Safari/537.36 (compatible; PetalBot;+https://webmaster.petalsearch.com/site/petalbot)"
114.119.129.24 - - [26/Feb/2026:11:51:00 -0500] "GET /?p=7473 HTTP/1.1" 301 0 "https://www.thedubaitoday.com/?p=7473" "Mozilla/5.0 (Linux; Android 7.0;) AppleWebKit/537.36 (KHTML, like Gecko) Mobile Safari/537.36 (compatible; PetalBot;+https://webmaster.petalsearch.com/site/petalbot)"
77.75.79.109 - - [26/Feb/2026:11:51:01 -0500] "GET /cabo-verde-celebrates-national-day-at-expo-2020/ HTTP/1.1" 200 14475 "-" "Mozilla/5.0 (compatible; SeznamBot/4.0; +https://o-seznam.cz/napoveda/vyhledavani/en/seznambot-crawler/)"
114.119.129.24 - - [26/Feb/2026:11:51:02 -0500] "GET /airport-show-in-dubai-set-to-showcase-solutions-shaping-future-of-aviation-industry/ HTTP/1.1" 200 15458 "https://www.thedubaitoday.com/?p=7473" "Mozilla/5.0 (Linux; Android 7.0;) AppleWebKit/537.36 (KHTML, like Gecko) Mobile Safari/537.36 (compatible; PetalBot;+https://webmaster.petalsearch.com/site/petalbot)"
66.249.68.65 - - [26/Feb/2026:11:51:51 -0500] "GET /robots.txt HTTP/1.1" 200 103 "-" "Mozilla/5.0 (compatible; Googlebot/2.1; +http://www.google.com/bot.html)"
114.119.129.24 - - [26/Feb/2026:11:52:24 -0500] "GET /?p=7453 HTTP/1.1" 301 0 "https://www.thedubaitoday.com/?p=7453" "Mozilla/5.0 (Linux; Android 7.0;) AppleWebKit/537.36 (KHTML, like Gecko) Mobile Safari/537.36 (compatible; PetalBot;+https://webmaster.petalsearch.com/site/petalbot)"
66.249.68.64 - - [26/Feb/2026:11:52:40 -0500] "GET /wp-content/themes/digiqole/assets/css/animate.css?ver=1.4.6 HTTP/1.1" 200 2770 "https://www.thedubaitoday.com/first-look-dolcegabbana-fall-winter-2025-eyewear-campaign/" "Mozilla/5.0 (Linux; Android 6.0.1; Nexus 5X Build/MMB29P) AppleWebKit/537.36 (KHTML, like Gecko) Chrome/144.0.7559.132 Mobile Safari/537.36 (compatible; Googlebot/2.1; +http://www.google.com/bot.html)"
66.249.68.66 - - [26/Feb/2026:11:52:40 -0500] "GET /wp-content/plugins/elementor/assets/lib/font-awesome/css/font-awesome.min.css?ver=4.7.0 HTTP/1.1" 200 6657 "https://www.thedubaitoday.com/first-look-dolcegabbana-fall-winter-2025-eyewear-campaign/" "Mozilla/5.0 (Linux; Android 6.0.1; Nexus 5X Build/MMB29P) AppleWebKit/537.36 (KHTML, like Gecko) Chrome/144.0.7559.132 Mobile Safari/537.36 (compatible; Googlebot/2.1; +http://www.google.com/bot.html)"
66.249.68.64 - - [26/Feb/2026:11:52:41 -0500] "GET /wp-content/plugins/wp-ultimate-review/assets/public/css/content-page.css?ver=5.5.16 HTTP/1.1" 200 3806 "https://www.thedubaitoday.com/first-look-dolcegabbana-fall-winter-2025-eyewear-campaign/" "Mozilla/5.0 (Linux; Android 6.0.1; Nexus 5X Build/MMB29P) AppleWebKit/537.36 (KHTML, like Gecko) Chrome/144.0.7559.132 Mobile Safari/537.36 (compatible; Googlebot/2.1; +http://www.google.com/bot.html)"
66.249.68.65 - - [26/Feb/2026:11:52:41 -0500] "GET /wp-content/plugins/elementor/assets/css/frontend.min.css?ver=3.0.13 HTTP/1.1" 200 14903 "https://www.thedubaitoday.com/first-look-dolcegabbana-fall-winter-2025-eyewear-campaign/" "Mozilla/5.0 (Linux; Android 6.0.1; Nexus 5X Build/MMB29P) AppleWebKit/537.36 (KHTML, like Gecko) Chrome/144.0.7559.132 Mobile Safari/537.36 (compatible; Googlebot/2.1; +http://www.google.com/bot.html)"
66.249.68.65 - - [26/Feb/2026:11:52:41 -0500] "GET /wp-content/uploads/elementor/css/global.css?ver=1605806951 HTTP/1.1" 200 3379 "https://www.thedubaitoday.com/first-look-dolcegabbana-fall-winter-2025-eyewear-campaign/" "Mozilla/5.0 (Linux; Android 6.0.1; Nexus 5X Build/MMB29P) AppleWebKit/537.36 (KHTML, like Gecko) Chrome/144.0.7559.132 Mobile Safari/537.36 (compatible; Googlebot/2.1; +http://www.google.com/bot.html)"
66.249.68.65 - - [26/Feb/2026:11:52:41 -0500] "GET /wp-content/plugins/elementskit-lite/modules/controls/assets/css/widgetarea-editor.css?ver=2.0.9.1 HTTP/1.1" 200 227 "https://www.thedubaitoday.com/first-look-dolcegabbana-fall-winter-2025-eyewear-campaign/" "Mozilla/5.0 (Linux; Android 6.0.1; Nexus 5X Build/MMB29P) AppleWebKit/537.36 (KHTML, like Gecko) Chrome/144.0.7559.132 Mobile Safari/537.36 (compatible; Googlebot/2.1; +http://www.google.com/bot.html)"
66.249.68.65 - - [26/Feb/2026:11:52:41 -0500] "GET /wp-content/plugins/elementor/assets/lib/swiper/swiper.min.js?ver=5.3.6 HTTP/1.1" 200 34004 "https://www.thedubaitoday.com/first-look-dolcegabbana-fall-winter-2025-eyewear-campaign/" "Mozilla/5.0 (Linux; Android 6.0.1; Nexus 5X Build/MMB29P) AppleWebKit/537.36 (KHTML, like Gecko) Chrome/144.0.7559.132 Mobile Safari/537.36 (compatible; Googlebot/2.1; +http://www.google.com/bot.html)"
66.249.68.64 - - [26/Feb/2026:11:52:42 -0500] "GET /wp-content/themes/digiqole/assets/js/raphael.min.js?ver=1.4.6 HTTP/1.1" 200 31063 "https://www.thedubaitoday.com/first-look-dolcegabbana-fall-winter-2025-eyewear-campaign/" "Mozilla/5.0 (Linux; Android 6.0.1; Nexus 5X Build/MMB29P) AppleWebKit/537.36 (KHTML, like Gecko) Chrome/144.0.7559.132 Mobile Safari/537.36 (compatible; Googlebot/2.1; +http://www.google.com/bot.html)"
66.249.68.64 - - [26/Feb/2026:11:52:42 -0500] "GET /wp-content/themes/digiqole/assets/js/jquery.magnific-popup.min.js?ver=1.4.6 HTTP/1.1" 200 7043 "https://www.thedubaitoday.com/first-look-dolcegabbana-fall-winter-2025-eyewear-campaign/" "Mozilla/5.0 (Linux; Android 6.0.1; Nexus 5X Build/MMB29P) AppleWebKit/537.36 (KHTML, like Gecko) Chrome/144.0.7559.132 Mobile Safari/537.36 (compatible; Googlebot/2.1; +http://www.google.com/bot.html)"
66.249.68.65 - - [26/Feb/2026:11:52:42 -0500] "GET /wp-content/plugins/elementskit-lite/widgets/init/assets/js/widget-scripts.js?ver=2.0.9.1 HTTP/1.1" 200 37588 "https://www.thedubaitoday.com/first-look-dolcegabbana-fall-winter-2025-eyewear-campaign/" "Mozilla/5.0 (Linux; Android 6.0.1; Nexus 5X Build/MMB29P) AppleWebKit/537.36 (KHTML, like Gecko) Chrome/144.0.7559.132 Mobile Safari/537.36 (compatible; Googlebot/2.1; +http://www.google.com/bot.html)"
143.14.6.174 - - [26/Feb/2026:11:53:56 -0500] "GET /index.php?rest_route=/wp/v2/posts/4133 HTTP/1.1" 200 8026 "-" "Mozilla/5.0 (Macintosh; Intel Mac OS X 10_15_7) AppleWebKit/537.36 (KHTML, like Gecko) Chrome/135.0.0.0 Safari/537.36"
77.75.79.109 - - [26/Feb/2026:11:55:13 -0500] "GET /a-new-initiative-to-think-creatively-about-the-future-of-diplomacy-in-dubai/ HTTP/1.1" 200 15108 "-" "Mozilla/5.0 (compatible; SeznamBot/4.0; +https://o-seznam.cz/napoveda/vyhledavani/en/seznambot-crawler/)"
114.119.129.24 - - [26/Feb/2026:11:55:18 -0500] "GET /?p=7408 HTTP/1.1" 301 0 "https://www.thedubaitoday.com/?p=7408" "Mozilla/5.0 (Linux; Android 7.0;) AppleWebKit/537.36 (KHTML, like Gecko) Mobile Safari/537.36 (compatible; PetalBot;+https://webmaster.petalsearch.com/site/petalbot)"
114.119.148.10 - - [26/Feb/2026:11:56:39 -0500] "GET /?p=7367 HTTP/1.1" 301 0 "https://www.thedubaitoday.com/?p=7367" "Mozilla/5.0 (Linux; Android 7.0;) AppleWebKit/537.36 (KHTML, like Gecko) Mobile Safari/537.36 (compatible; PetalBot;+https://webmaster.petalsearch.com/site/petalbot)"
114.119.148.10 - - [26/Feb/2026:11:56:41 -0500] "GET /rak-tourism-development-authority-to-launch-rak-airventure-on-saturday/ HTTP/1.1" 200 15170 "https://www.thedubaitoday.com/?p=7367" "Mozilla/5.0 (Linux; Android 7.0;) AppleWebKit/537.36 (KHTML, like Gecko) Mobile Safari/537.36 (compatible; PetalBot;+https://webmaster.petalsearch.com/site/petalbot)"
52.167.144.166 - - [26/Feb/2026:11:57:46 -0500] "GET /mohamed-bin-zayed-croatian-prime-minister-discuss-advancing-cooperation/ HTTP/1.1" 200 12654 "-" "Mozilla/5.0 AppleWebKit/537.36 (KHTML, like Gecko; compatible; bingbot/2.0; +http://www.bing.com/bingbot.htm) Chrome/116.0.1938.76 Safari/537.36"
114.119.136.150 - - [26/Feb/2026:11:58:01 -0500] "GET /?p=7240 HTTP/1.1" 301 0 "https://www.thedubaitoday.com/?cat=51&paged=5" "Mozilla/5.0 (Linux; Android 7.0;) AppleWebKit/537.36 (KHTML, like Gecko) Mobile Safari/537.36 (compatible; PetalBot;+https://webmaster.petalsearch.com/site/petalbot)"
114.119.136.150 - - [26/Feb/2026:11:58:03 -0500] "GET /dubai-records-aed1-7-bn-worth-of-realty-transactions-thursday/ HTTP/1.1" 200 14189 "https://www.thedubaitoday.com/?cat=51&paged=5" "Mozilla/5.0 (Linux; Android 7.0;) AppleWebKit/537.36 (KHTML, like Gecko) Mobile Safari/537.36 (compatible; PetalBot;+https://webmaster.petalsearch.com/site/petalbot)"
57.129.81.224 - - [26/Feb/2026:11:58:39 -0500] "GET /saudi-arabia-celebrates-founding-day-at-expo-2020-dubai/ HTTP/1.1" 200 12277 "-" "Mozilla/5.0 (Windows NT 10.0; Win64; x64) AppleWebKit/537.36 (KHTML, like Gecko) Chrome/139.0.0.0 Safari/537.36"
145.239.81.31 - - [26/Feb/2026:11:59:14 -0500] "GET /spain-pavilion-at-expo-2020-dubai-reaches-1-million-visitors/ HTTP/1.1" 200 12578 "-" "Mozilla/5.0 (Windows NT 10.0; Win64; x64) AppleWebKit/537.36 (KHTML, like Gecko) Chrome/139.0.0.0 Safari/537.36"
114.119.156.60 - - [26/Feb/2026:11:59:22 -0500] "GET /?p=7217 HTTP/1.1" 301 0 "https://www.thedubaitoday.com/?cat=52&paged=9" "Mozilla/5.0 (Linux; Android 7.0;) AppleWebKit/537.36 (KHTML, like Gecko) Mobile Safari/537.36 (compatible; PetalBot;+https://webmaster.petalsearch.com/site/petalbot)"
114.119.156.60 - - [26/Feb/2026:11:59:24 -0500] "GET /opec-daily-basket-price-stands-at-us100-12-a-barrel-thursday/ HTTP/1.1" 200 14204 "https://www.thedubaitoday.com/?cat=52&paged=9" "Mozilla/5.0 (Linux; Android 7.0;) AppleWebKit/537.36 (KHTML, like Gecko) Mobile Safari/537.36 (compatible; PetalBot;+https://webmaster.petalsearch.com/site/petalbot)"
207.180.11.220 - - [26/Feb/2026:11:59:25 -0500] "GET /mubadala-invests-gbp-%e2%82%a4350m-in-ivc-evidensia/feed/ HTTP/1.1" 200 490 "-" "Mozilla/5.0 (Macintosh; Intel Mac OS X 10_15_7) AppleWebKit/537.36 (KHTML, like Gecko) Chrome/135.0.0.0 Safari/537.36"
162.213.253.84 - - [26/Feb/2026:12:00:47 -0500] "POST /wp-cron.php?doing_wp_cron=1772125247.2107229232788085937500 HTTP/1.1" 200 0 "https://www.thedubaitoday.com/wp-cron.php?doing_wp_cron=1772125247.2107229232788085937500" "WordPress/5.5.16; https://www.thedubaitoday.com"
114.119.130.109 - - [26/Feb/2026:12:00:49 -0500] "GET /uae-uk-host-joint-technical-workshops-under-uae-uk-partnership-to-tackle-illicit-financial-flows/ HTTP/1.1" 200 15618 "https://www.thedubaitoday.com/?p=7211" "Mozilla/5.0 (Linux; Android 7.0;) AppleWebKit/537.36 (KHTML, like Gecko) Mobile Safari/537.36 (compatible; PetalBot;+https://webmaster.petalsearch.com/site/petalbot)"
43.173.179.9 - - [26/Feb/2026:12:02:13 -0500] "GET /?p=7834 HTTP/1.1" 301 0 "-" "Mozilla/5.0 (Windows NT 10.0; Win64; x64) AppleWebKit/537.36 (KHTML, like Gecko) Chrome/117.0.0.0 Safari/537.36"
43.173.175.247 - - [26/Feb/2026:12:02:13 -0500] "GET /?p=6343 HTTP/1.1" 301 0 "-" "Mozilla/5.0 (Windows NT 10.0; Win64; x64) AppleWebKit/537.36 (KHTML, like Gecko) Chrome/120.0.0.0 Safari/537.36"
43.173.175.247 - - [26/Feb/2026:12:02:14 -0500] "GET /mohamed-bin-hadi-al-hussaini-visits-pavilion-of-bahrain-at-expo-2020-dubai/ HTTP/1.1" 200 14196 "https://www.thedubaitoday.com/?p=6343" "Mozilla/5.0 (Windows NT 10.0; Win64; x64) AppleWebKit/537.36 (KHTML, like Gecko) Chrome/120.0.0.0 Safari/537.36"
43.173.174.27 - - [26/Feb/2026:12:02:21 -0500] "GET /wp-content/uploads/essential-addons-elementor/734e5f942.min.css?ver=1772125340 HTTP/1.1" 200 65681 "https://www.thedubaitoday.com/?p=7834" "Mozilla/5.0 (Windows NT 10.0; Win64; x64) AppleWebKit/537.36 (KHTML, like Gecko) Chrome/117.0.0.0 Safari/537.36"
114.119.135.207 - - [26/Feb/2026:12:02:16 -0500] "GET /mohammed-bin-rashid-issues-law-regulating-provision-of-digital-services-in-dubai/ HTTP/1.1" 200 15258 "https://www.thedubaitoday.com/?p=7187" "Mozilla/5.0 (Linux; Android 7.0;) AppleWebKit/537.36 (KHTML, like Gecko) Mobile Safari/537.36 (compatible; PetalBot;+https://webmaster.petalsearch.com/site/petalbot)"
43.173.179.206 - - [26/Feb/2026:12:02:22 -0500] "GET /wp-content/uploads/essential-addons-elementor/734e5f942.min.js?ver=1772125340 HTTP/1.1" 200 299676 "https://www.thedubaitoday.com/?p=7834" "Mozilla/5.0 (Windows NT 10.0; Win64; x64) AppleWebKit/537.36 (KHTML, like Gecko) Chrome/117.0.0.0 Safari/537.36"
66.249.68.66 - - [26/Feb/2026:11:51:51 -0500] "GET /first-look-dolcegabbana-fall-winter-2025-eyewear-campaign/ HTTP/1.1" 200 12869 "-" "Mozilla/5.0 (Linux; Android 6.0.1; Nexus 5X Build/MMB29P) AppleWebKit/537.36 (KHTML, like Gecko) Chrome/144.0.7559.132 Mobile Safari/537.36 (compatible; Googlebot/2.1; +http://www.google.com/bot.html)"
114.119.129.24 - - [26/Feb/2026:11:52:26 -0500] "GET /dubai-holding-entertainment-al-jalila-hospital-partner-to-launches-happiness-programme/ HTTP/1.1" 200 15168 "https://www.thedubaitoday.com/?p=7453" "Mozilla/5.0 (Linux; Android 7.0;) AppleWebKit/537.36 (KHTML, like Gecko) Mobile Safari/537.36 (compatible; PetalBot;+https://webmaster.petalsearch.com/site/petalbot)"
66.249.68.66 - - [26/Feb/2026:11:52:40 -0500] "GET /wp-content/plugins/accesspress-social-counter/css/frontend.css?ver=1.9.0 HTTP/1.1" 200 2295 "https://www.thedubaitoday.com/first-look-dolcegabbana-fall-winter-2025-eyewear-campaign/" "Mozilla/5.0 (Linux; Android 6.0.1; Nexus 5X Build/MMB29P) AppleWebKit/537.36 (KHTML, like Gecko) Chrome/144.0.7559.132 Mobile Safari/537.36 (compatible; Googlebot/2.1; +http://www.google.com/bot.html)"
161.248.56.104 - - [26/Feb/2026:11:53:03 -0500] "GET /category/travel-tourism/page/18/ HTTP/1.1" 200 17061 "-" "Mozilla/5.0 (Windows NT 6.1; Win64; x64) AppleWebKit/537.36 (KHTML, like Gecko) Chrome/90.0.4430.41 Safari/537.36"
114.119.129.24 - - [26/Feb/2026:11:53:56 -0500] "GET /?p=7438 HTTP/1.1" 301 0 "https://www.thedubaitoday.com/?author=1&paged=73" "Mozilla/5.0 (Linux; Android 7.0;) AppleWebKit/537.36 (KHTML, like Gecko) Mobile Safari/537.36 (compatible; PetalBot;+https://webmaster.petalsearch.com/site/petalbot)"
114.119.129.24 - - [26/Feb/2026:11:53:59 -0500] "GET /khaled-bin-mohamed-bin-zayed-attends-world-utilities-congress-2022/ HTTP/1.1" 200 15222 "https://www.thedubaitoday.com/?author=1&paged=73" "Mozilla/5.0 (Linux; Android 7.0;) AppleWebKit/537.36 (KHTML, like Gecko) Mobile Safari/537.36 (compatible; PetalBot;+https://webmaster.petalsearch.com/site/petalbot)"
114.119.129.24 - - [26/Feb/2026:11:55:21 -0500] "GET /mohamed-bin-zayed-congratulates-president-of-france-on-re-election/ HTTP/1.1" 200 14382 "https://www.thedubaitoday.com/?p=7408" "Mozilla/5.0 (Linux; Android 7.0;) AppleWebKit/537.36 (KHTML, like Gecko) Mobile Safari/537.36 (compatible; PetalBot;+https://webmaster.petalsearch.com/site/petalbot)"
185.93.89.110 - - [26/Feb/2026:11:56:27 -0500] "GET /author//.git/HEAD HTTP/1.1" 403 1242 "-" "Go-http-client/1.1"
14.177.244.185 - - [26/Feb/2026:11:56:59 -0500] "GET /president-of-finland-receives-message-from-uae-president-during-meeting-with-abdullah-bin-zayed/ HTTP/1.1" 200 14944 "-" "Mozilla/5.0 (Windows NT 10.0) AppleWebKit/537.36 (KHTML, like Gecko) Brave Chrome/89.0.4389.114 Safari/537.36"
114.119.130.109 - - [26/Feb/2026:12:00:46 -0500] "GET /?p=7211 HTTP/1.1" 301 0 "https://www.thedubaitoday.com/?p=7211" "Mozilla/5.0 (Linux; Android 7.0;) AppleWebKit/537.36 (KHTML, like Gecko) Mobile Safari/537.36 (compatible; PetalBot;+https://webmaster.petalsearch.com/site/petalbot)"
114.119.135.207 - - [26/Feb/2026:12:02:13 -0500] "GET /?p=7187 HTTP/1.1" 301 0 "https://www.thedubaitoday.com/?p=7187" "Mozilla/5.0 (Linux; Android 7.0;) AppleWebKit/537.36 (KHTML, like Gecko) Mobile Safari/537.36 (compatible; PetalBot;+https://webmaster.petalsearch.com/site/petalbot)"
77.75.76.162 - - [26/Feb/2026:12:02:12 -0500] "GET /adsw-world-future-energy-summit-to-take-place-in-january-2022-2/ HTTP/1.1" 200 15800 "-" "Mozilla/5.0 (compatible; SeznamBot/4.0; +https://o-seznam.cz/napoveda/vyhledavani/en/seznambot-crawler/)"
43.173.179.9 - - [26/Feb/2026:12:02:14 -0500] "GET /ladestate-to-tap-luxury-property-sector-in-dubai/sam-2/ HTTP/1.1" 200 14134 "https://www.thedubaitoday.com/?p=7834" "Mozilla/5.0 (Windows NT 10.0; Win64; x64) AppleWebKit/537.36 (KHTML, like Gecko) Chrome/117.0.0.0 Safari/537.36"
114.119.151.155 - - [26/Feb/2026:12:03:35 -0500] "GET /?p=7074 HTTP/1.1" 301 0 "https://www.thedubaitoday.com/?author=1&paged=85" "Mozilla/5.0 (Linux; Android 7.0;) AppleWebKit/537.36 (KHTML, like Gecko) Mobile Safari/537.36 (compatible; PetalBot;+https://webmaster.petalsearch.com/site/petalbot)"
52.167.144.19 - - [26/Feb/2026:12:04:34 -0500] "GET /uae-mourns-death-of-hamdan-bin-rashid/ HTTP/1.1" 200 13746 "-" "Mozilla/5.0 AppleWebKit/537.36 (KHTML, like Gecko; compatible; bingbot/2.0; +http://www.bing.com/bingbot.htm) Chrome/116.0.1938.76 Safari/537.36"
114.119.129.24 - - [26/Feb/2026:12:04:59 -0500] "GET /?p=7065 HTTP/1.1" 301 0 "https://www.thedubaitoday.com/?author=1&paged=85" "Mozilla/5.0 (Linux; Android 7.0;) AppleWebKit/537.36 (KHTML, like Gecko) Mobile Safari/537.36 (compatible; PetalBot;+https://webmaster.petalsearch.com/site/petalbot)"
114.119.129.24 - - [26/Feb/2026:12:05:01 -0500] "GET /a-new-initiative-to-think-creatively-about-the-future-of-diplomacy-in-dubai/ HTTP/1.1" 200 15108 "https://www.thedubaitoday.com/?author=1&paged=85" "Mozilla/5.0 (Linux; Android 7.0;) AppleWebKit/537.36 (KHTML, like Gecko) Mobile Safari/537.36 (compatible; PetalBot;+https://webmaster.petalsearch.com/site/petalbot)"
114.119.148.10 - - [26/Feb/2026:12:06:26 -0500] "GET /?p=6960 HTTP/1.1" 301 0 "https://www.thedubaitoday.com/?p=6960" "Mozilla/5.0 (Linux; Android 7.0;) AppleWebKit/537.36 (KHTML, like Gecko) Mobile Safari/537.36 (compatible; PetalBot;+https://webmaster.petalsearch.com/site/petalbot)"
162.213.253.84 - - [26/Feb/2026:12:03:36 -0500] "POST /wp-cron.php?doing_wp_cron=1772125416.0264809131622314453125 HTTP/1.1" 200 0 "https://www.thedubaitoday.com/wp-cron.php?doing_wp_cron=1772125416.0264809131622314453125" "WordPress/5.5.16; https://www.thedubaitoday.com"
114.119.151.155 - - [26/Feb/2026:12:03:37 -0500] "GET /aim-2022-organises-pre-conference-activities-aimed-at-attracting-new-investments/ HTTP/1.1" 200 15337 "https://www.thedubaitoday.com/?author=1&paged=85" "Mozilla/5.0 (Linux; Android 7.0;) AppleWebKit/537.36 (KHTML, like Gecko) Mobile Safari/537.36 (compatible; PetalBot;+https://webmaster.petalsearch.com/site/petalbot)"
207.180.11.36 - - [26/Feb/2026:12:04:17 -0500] "GET /index.php?rest_route=%2Foembed%2F1.0%2Fembed&url=https%3A%2F%2Fwww.thedubaitoday.com%2F%3Fp%3D8028 HTTP/1.1" 200 2735 "-" "Mozilla/5.0 (Macintosh; Intel Mac OS X 10_15_7) AppleWebKit/537.36 (KHTML, like Gecko) Chrome/135.0.0.0 Safari/537.36"
77.75.76.162 - - [26/Feb/2026:12:05:56 -0500] "GET /mansoor-bin-mohammed-attends-naming-ceremony-for-msc-virtuosa/ HTTP/1.1" 200 17151 "-" "Mozilla/5.0 (compatible; SeznamBot/4.0; +https://o-seznam.cz/napoveda/vyhledavani/en/seznambot-crawler/)"
