114.119.151.155 - - [26/Feb/2026:17:44:30 -0500] "GET /?p=5319 HTTP/1.1" 301 0 "https://www.thedubaitoday.com/?author=1&paged=141" "Mozilla/5.0 (Linux; Android 7.0;) AppleWebKit/537.36 (KHTML, like Gecko) Mobile Safari/537.36 (compatible; PetalBot;+https://webmaster.petalsearch.com/site/petalbot)"
162.213.253.84 - - [26/Feb/2026:17:45:11 -0500] "POST /wp-cron.php?doing_wp_cron=1772145911.7490279674530029296875 HTTP/1.1" 200 0 "https://www.thedubaitoday.com/wp-cron.php?doing_wp_cron=1772145911.7490279674530029296875" "WordPress/5.5.16; https://www.thedubaitoday.com"
185.191.171.11 - - [26/Feb/2026:17:45:11 -0500] "GET /uae-president-receives-uae-armed-forces-womens-climbing-team/ HTTP/1.1" 200 15417 "-" "Mozilla/5.0 (compatible; SemrushBot/7~bl; +http://www.semrush.com/bot.html)"
185.191.171.6 - - [26/Feb/2026:17:47:30 -0500] "GET /emirati-women-have-key-role-to-play-in-next-50-years-nahyan-bin-mubarak/ HTTP/1.1" 200 15321 "-" "Mozilla/5.0 (compatible; SemrushBot/7~bl; +http://www.semrush.com/bot.html)"
185.191.171.10 - - [26/Feb/2026:17:47:32 -0500] "GET /uae-president-vice-president-receive-progress-update-on-preparations-to-host-cop28/ HTTP/1.1" 200 15425 "-" "Mozilla/5.0 (compatible; SemrushBot/7~bl; +http://www.semrush.com/bot.html)"
185.191.171.15 - - [26/Feb/2026:17:48:33 -0500] "GET /international-jury-panel-for-louvre-abu-dhabi-art-here-2021-richard-mille-art-prize-announced/ HTTP/1.1" 200 15315 "-" "Mozilla/5.0 (compatible; SemrushBot/7~bl; +http://www.semrush.com/bot.html)"
85.208.96.210 - - [26/Feb/2026:17:48:44 -0500] "GET /uae-leaders-offer-condolences-to-bahraini-king/ HTTP/1.1" 200 14149 "-" "Mozilla/5.0 (compatible; SemrushBot/7~bl; +http://www.semrush.com/bot.html)"
85.208.96.202 - - [26/Feb/2026:17:49:58 -0500] "GET /ghaf-trees-enhance-sustainability-spread-spirit-of-tolerance-at-expo-2020-dubai/ HTTP/1.1" 200 15663 "-" "Mozilla/5.0 (compatible; SemrushBot/7~bl; +http://www.semrush.com/bot.html)"
114.119.156.60 - - [26/Feb/2026:17:50:05 -0500] "GET /page/48 HTTP/1.1" 301 0 "-" "Mozilla/5.0 (Linux; Android 7.0;) AppleWebKit/537.36 (KHTML, like Gecko) Mobile Safari/537.36 (compatible; PetalBot;+https://webmaster.petalsearch.com/site/petalbot)"
114.119.156.60 - - [26/Feb/2026:17:50:07 -0500] "GET /page/48/ HTTP/1.1" 200 20775 "-" "Mozilla/5.0 (Linux; Android 7.0;) AppleWebKit/537.36 (KHTML, like Gecko) Mobile Safari/537.36 (compatible; PetalBot;+https://webmaster.petalsearch.com/site/petalbot)"
185.191.171.11 - - [26/Feb/2026:17:51:02 -0500] "GET /emirates-expands-its-services-in-france-with-restart-of-nice-and-lyon-as-country-reopens-for-quarantine-free-travel/ HTTP/1.1" 200 15250 "-" "Mozilla/5.0 (compatible; SemrushBot/7~bl; +http://www.semrush.com/bot.html)"
114.119.151.155 - - [26/Feb/2026:17:45:54 -0500] "GET /dubai-to-host-first-in-person-travel-tourism-event-in-the-world-since-the-onset-of-the-pandemic/ HTTP/1.1" 200 17920 "https://www.thedubaitoday.com/?cat=69" "Mozilla/5.0 (Linux; Android 7.0;) AppleWebKit/537.36 (KHTML, like Gecko) Mobile Safari/537.36 (compatible; PetalBot;+https://webmaster.petalsearch.com/site/petalbot)"
77.75.77.109 - - [26/Feb/2026:17:46:05 -0500] "GET /sharjah-ruler-inaugurates-a-window-to-the-soul-khalil-gibran/ HTTP/1.1" 200 15449 "-" "Mozilla/5.0 (compatible; SeznamBot/4.0; +https://o-seznam.cz/napoveda/vyhledavani/en/seznambot-crawler/)"
185.191.171.8 - - [26/Feb/2026:17:46:28 -0500] "GET /mohamed-bin-zayed-receives-greek-prime-minister/ HTTP/1.1" 200 15513 "-" "Mozilla/5.0 (compatible; SemrushBot/7~bl; +http://www.semrush.com/bot.html)"
114.119.148.10 - - [26/Feb/2026:17:47:16 -0500] "GET /?p=5154 HTTP/1.1" 301 0 "https://www.thedubaitoday.com/?author=1&paged=146" "Mozilla/5.0 (Linux; Android 7.0;) AppleWebKit/537.36 (KHTML, like Gecko) Mobile Safari/537.36 (compatible; PetalBot;+https://webmaster.petalsearch.com/site/petalbot)"
114.119.148.10 - - [26/Feb/2026:17:47:17 -0500] "GET /guinness-world-records-title-for-498-33-m%C2%B2-uae-flag-made-with-mosaic/ HTTP/1.1" 200 14697 "https://www.thedubaitoday.com/?author=1&paged=146" "Mozilla/5.0 (Linux; Android 7.0;) AppleWebKit/537.36 (KHTML, like Gecko) Mobile Safari/537.36 (compatible; PetalBot;+https://webmaster.petalsearch.com/site/petalbot)"
85.208.96.212 - - [26/Feb/2026:17:47:47 -0500] "GET /mansour-bin-zayed-witnesses-inauguration-of-adscc-bone-marrow-transplant-cellular-therapy-congress-2023/ HTTP/1.1" 200 16937 "-" "Mozilla/5.0 (compatible; SemrushBot/7~bl; +http://www.semrush.com/bot.html)"
85.208.96.208 - - [26/Feb/2026:17:47:49 -0500] "GET /saif-khalid-bin-zayed-tour-expo-2020-dubai/ HTTP/1.1" 200 14381 "-" "Mozilla/5.0 (compatible; SemrushBot/7~bl; +http://www.semrush.com/bot.html)"
114.119.148.10 - - [26/Feb/2026:17:48:40 -0500] "GET /?p=5148 HTTP/1.1" 301 0 "https://www.thedubaitoday.com/?author=1&paged=146" "Mozilla/5.0 (Linux; Android 7.0;) AppleWebKit/537.36 (KHTML, like Gecko) Mobile Safari/537.36 (compatible; PetalBot;+https://webmaster.petalsearch.com/site/petalbot)"
114.119.148.10 - - [26/Feb/2026:17:48:42 -0500] "GET /redtag-launches-myriam-farescollectioninspired-by-the-spiritual-essence-of-ramadan/ HTTP/1.1" 200 14998 "https://www.thedubaitoday.com/?author=1&paged=146" "Mozilla/5.0 (Linux; Android 7.0;) AppleWebKit/537.36 (KHTML, like Gecko) Mobile Safari/537.36 (compatible; PetalBot;+https://webmaster.petalsearch.com/site/petalbot)"
185.191.171.7 - - [26/Feb/2026:17:49:11 -0500] "GET /mohamed-bin-zayed-meets-lebanese-pm-designate-saad-hariri/ HTTP/1.1" 200 14569 "-" "Mozilla/5.0 (compatible; SemrushBot/7~bl; +http://www.semrush.com/bot.html)"
14.174.112.231 - - [26/Feb/2026:17:51:27 -0500] "GET /nahyan-bin-mubarak-opens-14th-edition-of-art-dubai/ HTTP/1.1" 200 15153 "-" "Mozilla/5.0 (Macintosh; Intel Mac OS X 10_9_5) AppleWebKit/537.36 (KHTML, like Gecko) Chrome/66.0.3359.181 Safari/537.36"
114.119.136.150 - - [26/Feb/2026:17:51:32 -0500] "GET /?p=8578 HTTP/1.1" 301 0 "https://www.thedubaitoday.com/?p=8578" "Mozilla/5.0 (Linux; Android 7.0;) AppleWebKit/537.36 (KHTML, like Gecko) Mobile Safari/537.36 (compatible; PetalBot;+https://webmaster.petalsearch.com/site/petalbot)"
114.119.136.150 - - [26/Feb/2026:17:51:35 -0500] "GET /uae-president-chairs-adnoc-board-of-directors-meeting/ HTTP/1.1" 200 18046 "https://www.thedubaitoday.com/?p=8578" "Mozilla/5.0 (Linux; Android 7.0;) AppleWebKit/537.36 (KHTML, like Gecko) Mobile Safari/537.36 (compatible; PetalBot;+https://webmaster.petalsearch.com/site/petalbot)"
143.14.6.26 - - [26/Feb/2026:17:51:35 -0500] "GET /?feed=rss2&p=6328 HTTP/1.1" 301 0 "-" "Mozilla/5.0 (Macintosh; Intel Mac OS X 10_15_7) AppleWebKit/537.36 (KHTML, like Gecko) Chrome/135.0.0.0 Safari/537.36"
143.14.6.26 - - [26/Feb/2026:17:51:36 -0500] "GET /mohammed-bin-rashid-visits-pavilions-of-jordan-singapore-at-expo-2020-dubai/feed/ HTTP/1.1" 200 504 "-" "Mozilla/5.0 (Macintosh; Intel Mac OS X 10_15_7) AppleWebKit/537.36 (KHTML, like Gecko) Chrome/135.0.0.0 Safari/537.36"
185.191.171.3 - - [26/Feb/2026:17:51:57 -0500] "GET /wjmes-2023-continues-to-bedazzle-visitors-with-exquisite-designs/ HTTP/1.1" 200 17684 "-" "Mozilla/5.0 (compatible; SemrushBot/7~bl; +http://www.semrush.com/bot.html)"
47.128.110.72 - - [26/Feb/2026:17:52:41 -0500] "GET /etihad-airways-wins-at-the-apex-passenger-choice-awards-2022/ HTTP/1.1" 200 12989 "-" "Mozilla/5.0 (Linux; Android 5.0) AppleWebKit/537.36 (KHTML, like Gecko) Mobile Safari/537.36 (compatible; TikTokSpider; [email protected])"
47.128.110.72 - - [26/Feb/2026:17:52:44 -0500] "GET /wp-content/uploads/2022/06/Etihad-Airways-850x560.jpg HTTP/1.1" 206 500 "https://www.thedubaitoday.com/etihad-airways-wins-at-the-apex-passenger-choice-awards-2022/" "Mozilla/5.0 (Linux; Android 5.0) AppleWebKit/537.36 (KHTML, like Gecko) Mobile Safari/537.36 (compatible; TikTokSpider; [email protected])"
114.119.129.24 - - [26/Feb/2026:17:52:51 -0500] "GET /?p=8444 HTTP/1.1" 301 0 "https://www.thedubaitoday.com/?cat=67&paged=14" "Mozilla/5.0 (Linux; Android 7.0;) AppleWebKit/537.36 (KHTML, like Gecko) Mobile Safari/537.36 (compatible; PetalBot;+https://webmaster.petalsearch.com/site/petalbot)"
114.119.129.24 - - [26/Feb/2026:17:52:52 -0500] "GET /uae-president-receives-albanian-pm/ HTTP/1.1" 200 15902 "https://www.thedubaitoday.com/?cat=67&paged=14" "Mozilla/5.0 (Linux; Android 7.0;) AppleWebKit/537.36 (KHTML, like Gecko) Mobile Safari/537.36 (compatible; PetalBot;+https://webmaster.petalsearch.com/site/petalbot)"
85.208.96.209 - - [26/Feb/2026:17:53:30 -0500] "GET /miral-redefining-customer-experiences-on-yas-island-with-cutting-edge-technology-with-facepass/ HTTP/1.1" 200 14917 "-" "Mozilla/5.0 (compatible; SemrushBot/7~bl; +http://www.semrush.com/bot.html)"
85.208.96.202 - - [26/Feb/2026:17:53:55 -0500] "GET /expo-2020-dubai-spotlights-solutions-to-build-more-inclusive-societies/ HTTP/1.1" 200 15566 "-" "Mozilla/5.0 (compatible; SemrushBot/7~bl; +http://www.semrush.com/bot.html)"
114.119.130.109 - - [26/Feb/2026:17:54:14 -0500] "GET /?p=8939 HTTP/1.1" 301 0 "https://www.thedubaitoday.com/?author=1&paged=28" "Mozilla/5.0 (Linux; Android 7.0;) AppleWebKit/537.36 (KHTML, like Gecko) Mobile Safari/537.36 (compatible; PetalBot;+https://webmaster.petalsearch.com/site/petalbot)"
114.119.130.109 - - [26/Feb/2026:17:54:16 -0500] "GET /620-9-billion-dirhams-of-the-assets-of-islamic-banks-at-the-end-of-last-january-an-annual-growth-of-5-6/ HTTP/1.1" 200 14775 "https://www.thedubaitoday.com/?author=1&paged=28" "Mozilla/5.0 (Linux; Android 7.0;) AppleWebKit/537.36 (KHTML, like Gecko) Mobile Safari/537.36 (compatible; PetalBot;+https://webmaster.petalsearch.com/site/petalbot)"
85.208.96.199 - - [26/Feb/2026:17:54:20 -0500] "GET /education-ministry-announces-implementation-of-alef-platform-in-all-public-schools/ HTTP/1.1" 200 15771 "-" "Mozilla/5.0 (compatible; SemrushBot/7~bl; +http://www.semrush.com/bot.html)"
85.208.96.212 - - [26/Feb/2026:17:51:39 -0500] "GET /uae-president-receives-president-of-turkmenistan/ HTTP/1.1" 200 16862 "-" "Mozilla/5.0 (compatible; SemrushBot/7~bl; +http://www.semrush.com/bot.html)"
85.208.96.193 - - [26/Feb/2026:17:52:05 -0500] "GET /ae-president-king-of-jordan-discuss-brotherly-relations-cooperation-and-joint-action/ HTTP/1.1" 200 15038 "-" "Mozilla/5.0 (compatible; SemrushBot/7~bl; +http://www.semrush.com/bot.html)"
85.208.96.194 - - [26/Feb/2026:17:52:23 -0500] "GET /analysis-expo-2020-dubai-a-future-story-that-generations-will-proudly-narrate/ HTTP/1.1" 200 15844 "-" "Mozilla/5.0 (compatible; SemrushBot/7~bl; +http://www.semrush.com/bot.html)"
47.128.110.72 - - [26/Feb/2026:17:52:41 -0500] "GET /?p=7629 HTTP/1.1" 301 0 "-" "Mozilla/5.0 (Linux; Android 5.0) AppleWebKit/537.36 (KHTML, like Gecko) Mobile Safari/537.36 (compatible; TikTokSpider; [email protected])"
85.208.96.193 - - [26/Feb/2026:17:52:45 -0500] "GET /federal-supreme-council-holds-meeting-in-hatta-dubai/ HTTP/1.1" 200 16004 "-" "Mozilla/5.0 (compatible; SemrushBot/7~bl; +http://www.semrush.com/bot.html)"
85.208.96.212 - - [26/Feb/2026:17:54:17 -0500] "GET /mohamed-bin-zayed-receives-phone-call-from-greek-pm/ HTTP/1.1" 200 14248 "-" "Mozilla/5.0 (compatible; SemrushBot/7~bl; +http://www.semrush.com/bot.html)"
51.91.255.135 - - [26/Feb/2026:17:54:32 -0500] "GET /on-behalf-of-uae-president-crown-prince-of-abu-dhabi-arrives-in-new-delhi-to-participate-in-india-ai-impact-summit/ HTTP/1.1" 200 12597 "-" "Mozilla/5.0 (Windows NT 10.0; Win64; x64) AppleWebKit/537.36 (KHTML, like Gecko) Chrome/139.0.0.0 Safari/537.36"
57.129.69.77 - - [26/Feb/2026:17:54:33 -0500] "GET /wp-content/uploads/2026/02/AI-Sumit-850x560.jpg HTTP/1.1" 200 56600 "-" "Mozilla/5.0 (Windows NT 10.0; Win64; x64) AppleWebKit/537.36 (KHTML, like Gecko) Chrome/139.0.0.0 Safari/537.36"
85.208.96.212 - - [26/Feb/2026:17:54:41 -0500] "GET /category/business/page/2/ HTTP/1.1" 200 16775 "-" "Mozilla/5.0 (compatible; SemrushBot/7~bl; +http://www.semrush.com/bot.html)"
135.181.213.219 - - [26/Feb/2026:17:54:41 -0500] "GET /10th-wedding-show-held-at-expo/ HTTP/1.1" 200 12887 "-" "Mozilla/5.0 (compatible; MJ12bot/v1.4.8; http://mj12bot.com/)"
135.181.213.219 - - [26/Feb/2026:17:54:49 -0500] "GET /117th-open-auction-for-number-plates-generates-over-aed81-million/ HTTP/1.1" 200 12263 "-" "Mozilla/5.0 (compatible; MJ12bot/v1.4.8; http://mj12bot.com/)"
135.181.213.219 - - [26/Feb/2026:17:54:54 -0500] "GET /3-pilot-robots-launched-to-deliver-products-in-dubais-sustainable-city/ HTTP/1.1" 200 12369 "-" "Mozilla/5.0 (compatible; MJ12bot/v1.4.8; http://mj12bot.com/)"
135.181.213.219 - - [26/Feb/2026:17:54:56 -0500] "GET /53rd-wjmes-unveils-luxurious-gold-collections-international-artifacts/ HTTP/1.1" 200 12861 "-" "Mozilla/5.0 (compatible; MJ12bot/v1.4.8; http://mj12bot.com/)"
135.181.213.219 - - [26/Feb/2026:17:55:14 -0500] "GET /atm-on-track-for-record-attendance-as-visitor-registrations-double-year-on-year/ HTTP/1.1" 200 13461 "-" "Mozilla/5.0 (compatible; MJ12bot/v1.4.8; http://mj12bot.com/)"
185.191.171.19 - - [26/Feb/2026:17:55:13 -0500] "GET /dubai-records-3787-sales-transactions-worth-aed7-43-billion-in-february-2021-dld/ HTTP/1.1" 200 15190 "-" "Mozilla/5.0 (compatible; SemrushBot/7~bl; +http://www.semrush.com/bot.html)"
135.181.213.219 - - [26/Feb/2026:17:55:22 -0500] "GET /category/art/ HTTP/1.1" 200 14369 "-" "Mozilla/5.0 (compatible; MJ12bot/v1.4.8; http://mj12bot.com/)"
135.181.213.219 - - [26/Feb/2026:17:55:29 -0500] "GET /category/awards/ HTTP/1.1" 200 14137 "-" "Mozilla/5.0 (compatible; MJ12bot/v1.4.8; http://mj12bot.com/)"
135.181.213.219 - - [26/Feb/2026:17:55:31 -0500] "GET /category/beauty-fashion/ HTTP/1.1" 200 14341 "-" "Mozilla/5.0 (compatible; MJ12bot/v1.4.8; http://mj12bot.com/)"
135.181.213.219 - - [26/Feb/2026:17:55:35 -0500] "GET /category/conferences/ HTTP/1.1" 200 14268 "-" "Mozilla/5.0 (compatible; MJ12bot/v1.4.8; http://mj12bot.com/)"
135.181.213.219 - - [26/Feb/2026:17:54:39 -0500] "GET /robots.txt HTTP/1.1" 200 122 "-" "Mozilla/5.0 (compatible; MJ12bot/v1.4.8; http://mj12bot.com/)"
135.181.213.219 - - [26/Feb/2026:17:54:51 -0500] "GET /117th-open-auction-for-number-plates-generates-over-aed81-million/feed/ HTTP/1.1" 200 456 "-" "Mozilla/5.0 (compatible; MJ12bot/v1.4.8; http://mj12bot.com/)"
135.181.213.219 - - [26/Feb/2026:17:54:59 -0500] "GET /a-new-summer-collection-from-oris/ HTTP/1.1" 200 12547 "-" "Mozilla/5.0 (compatible; MJ12bot/v1.4.8; http://mj12bot.com/)"
135.181.213.219 - - [26/Feb/2026:17:55:01 -0500] "GET /a-night-to-remember-from-muskaan-events-miss-uae-international-2024-and-gulf-achievers-2024/ HTTP/1.1" 200 13395 "-" "Mozilla/5.0 (compatible; MJ12bot/v1.4.8; http://mj12bot.com/)"
135.181.213.219 - - [26/Feb/2026:17:55:03 -0500] "GET /adx-etoro-partner-to-expand-investment-opportunities/ HTTP/1.1" 200 12545 "-" "Mozilla/5.0 (compatible; MJ12bot/v1.4.8; http://mj12bot.com/)"
135.181.213.219 - - [26/Feb/2026:17:55:12 -0500] "GET /atm-2025-opens-tomorrow-uniting-travel-professionals-from-over-166-countries/ HTTP/1.1" 200 13978 "-" "Mozilla/5.0 (compatible; MJ12bot/v1.4.8; http://mj12bot.com/)"
135.181.213.219 - - [26/Feb/2026:17:55:17 -0500] "GET /author/admin/ HTTP/1.1" 200 13598 "-" "Mozilla/5.0 (compatible; MJ12bot/v1.4.8; http://mj12bot.com/)"
145.239.87.55 - - [26/Feb/2026:17:55:18 -0500] "GET /emirati-citizens-accounted-for-one-third-of-expo-2020-dubai-employees/ HTTP/1.1" 200 12864 "-" "Mozilla/5.0 (Windows NT 10.0; Win64; x64) AppleWebKit/537.36 (KHTML, like Gecko) Chrome/139.0.0.0 Safari/537.36"
135.181.213.219 - - [26/Feb/2026:17:55:19 -0500] "GET /author/admin/page/178/ HTTP/1.1" 200 14119 "-" "Mozilla/5.0 (compatible; MJ12bot/v1.4.8; http://mj12bot.com/)"
135.181.213.219 - - [26/Feb/2026:17:55:24 -0500] "GET /category/articles/ HTTP/1.1" 200 11793 "-" "Mozilla/5.0 (compatible; MJ12bot/v1.4.8; http://mj12bot.com/)"
135.181.213.219 - - [26/Feb/2026:17:55:26 -0500] "GET /category/astrology-tarot/ HTTP/1.1" 200 11791 "-" "Mozilla/5.0 (compatible; MJ12bot/v1.4.8; http://mj12bot.com/)"
135.181.213.219 - - [26/Feb/2026:17:55:33 -0500] "GET /category/business/ HTTP/1.1" 200 14337 "-" "Mozilla/5.0 (compatible; MJ12bot/v1.4.8; http://mj12bot.com/)"
135.181.213.219 - - [26/Feb/2026:17:55:40 -0500] "GET /category/entertainment/ HTTP/1.1" 200 13073 "-" "Mozilla/5.0 (compatible; MJ12bot/v1.4.8; http://mj12bot.com/)"
135.181.213.219 - - [26/Feb/2026:17:55:43 -0500] "GET /category/exhibitions/ HTTP/1.1" 200 14118 "-" "Mozilla/5.0 (compatible; MJ12bot/v1.4.8; http://mj12bot.com/)"
135.181.213.219 - - [26/Feb/2026:17:55:45 -0500] "GET /category/health-2/ HTTP/1.1" 200 14286 "-" "Mozilla/5.0 (compatible; MJ12bot/v1.4.8; http://mj12bot.com/)"
135.181.213.219 - - [26/Feb/2026:17:55:47 -0500] "GET /category/international-news/ HTTP/1.1" 200 14186 "-" "Mozilla/5.0 (compatible; MJ12bot/v1.4.8; http://mj12bot.com/)"
135.181.213.219 - - [26/Feb/2026:17:55:49 -0500] "GET /category/music-concerts/ HTTP/1.1" 200 13925 "-" "Mozilla/5.0 (compatible; MJ12bot/v1.4.8; http://mj12bot.com/)"
135.181.213.219 - - [26/Feb/2026:17:55:52 -0500] "GET /category/national-news/ HTTP/1.1" 200 13516 "-" "Mozilla/5.0 (compatible; MJ12bot/v1.4.8; http://mj12bot.com/)"
135.181.213.219 - - [26/Feb/2026:17:56:00 -0500] "GET /category/press-releases/ HTTP/1.1" 200 14088 "-" "Mozilla/5.0 (compatible; MJ12bot/v1.4.8; http://mj12bot.com/)"
135.181.213.219 - - [26/Feb/2026:17:56:02 -0500] "GET /category/products/ HTTP/1.1" 200 14350 "-" "Mozilla/5.0 (compatible; MJ12bot/v1.4.8; http://mj12bot.com/)"
135.181.213.219 - - [26/Feb/2026:17:56:04 -0500] "GET /category/real-estate/ HTTP/1.1" 200 14400 "-" "Mozilla/5.0 (compatible; MJ12bot/v1.4.8; http://mj12bot.com/)"
135.181.213.219 - - [26/Feb/2026:17:56:10 -0500] "GET /category/travel-tourism/airlines/ HTTP/1.1" 200 14185 "-" "Mozilla/5.0 (compatible; MJ12bot/v1.4.8; http://mj12bot.com/)"
185.191.171.6 - - [26/Feb/2026:17:55:36 -0500] "GET /farnek-launches-hotel-management-company/ HTTP/1.1" 200 15434 "-" "Mozilla/5.0 (compatible; SemrushBot/7~bl; +http://www.semrush.com/bot.html)"
135.181.213.219 - - [26/Feb/2026:17:55:37 -0500] "GET /category/education/ HTTP/1.1" 200 14230 "-" "Mozilla/5.0 (compatible; MJ12bot/v1.4.8; http://mj12bot.com/)"
114.119.148.10 - - [26/Feb/2026:17:55:39 -0500] "GET /?p=5127 HTTP/1.1" 301 0 "https://www.thedubaitoday.com/?author=1&paged=146" "Mozilla/5.0 (Linux; Android 7.0;) AppleWebKit/537.36 (KHTML, like Gecko) Mobile Safari/537.36 (compatible; PetalBot;+https://webmaster.petalsearch.com/site/petalbot)"
114.119.148.10 - - [26/Feb/2026:17:55:40 -0500] "GET /dld-indian-consulate-explore-opportunities-to-strengthen-investment-relations/ HTTP/1.1" 200 15014 "https://www.thedubaitoday.com/?author=1&paged=146" "Mozilla/5.0 (Linux; Android 7.0;) AppleWebKit/537.36 (KHTML, like Gecko) Mobile Safari/537.36 (compatible; PetalBot;+https://webmaster.petalsearch.com/site/petalbot)"
135.181.213.219 - - [26/Feb/2026:17:56:07 -0500] "GET /category/travel-tourism/ HTTP/1.1" 200 14485 "-" "Mozilla/5.0 (compatible; MJ12bot/v1.4.8; http://mj12bot.com/)"
135.181.213.219 - - [26/Feb/2026:17:56:12 -0500] "GET /category/travel-tourism/destinations/ HTTP/1.1" 200 14456 "-" "Mozilla/5.0 (compatible; MJ12bot/v1.4.8; http://mj12bot.com/)"
135.181.213.219 - - [26/Feb/2026:17:56:14 -0500] "GET /category/travel-tourism/eating-out/ HTTP/1.1" 200 14138 "-" "Mozilla/5.0 (compatible; MJ12bot/v1.4.8; http://mj12bot.com/)"
85.208.96.204 - - [26/Feb/2026:17:56:14 -0500] "GET /malabar-gold-diamonds-and-natural-diamond-council-come-together-to-promote-the-natural-diamond-dream-in-uae/ HTTP/1.1" 200 15288 "-" "Mozilla/5.0 (compatible; SemrushBot/7~bl; +http://www.semrush.com/bot.html)"
85.208.96.193 - - [26/Feb/2026:17:56:16 -0500] "GET /al-matrooshi-bears-uae-flag-in-tokyo-olympics-opening-ceremony/ HTTP/1.1" 200 14622 "-" "Mozilla/5.0 (compatible; SemrushBot/7~bl; +http://www.semrush.com/bot.html)"
135.181.213.219 - - [26/Feb/2026:17:56:16 -0500] "GET /category/travel-tourism/hotels/ HTTP/1.1" 200 14273 "-" "Mozilla/5.0 (compatible; MJ12bot/v1.4.8; http://mj12bot.com/)"
135.181.213.219 - - [26/Feb/2026:17:56:22 -0500] "GET /celebrity-media-strategist-vasu-jit-kalia-honoured-at-the-gulf-achievers-awards/ HTTP/1.1" 200 12802 "-" "Mozilla/5.0 (compatible; MJ12bot/v1.4.8; http://mj12bot.com/)"
135.181.213.219 - - [26/Feb/2026:17:56:27 -0500] "GET /dubai-lights-up-with-spectacular-displays-as-part-of-ramadanindubai-campaign/ HTTP/1.1" 200 13236 "-" "Mozilla/5.0 (compatible; MJ12bot/v1.4.8; http://mj12bot.com/)"
135.181.213.219 - - [26/Feb/2026:17:56:32 -0500] "GET /dubai-municipality-transforms-old-municipal-street-into-vibrant-pedestrian-tourist-corridor/ HTTP/1.1" 200 13153 "-" "Mozilla/5.0 (compatible; MJ12bot/v1.4.8; http://mj12bot.com/)"
185.191.171.9 - - [26/Feb/2026:17:56:34 -0500] "GET /zayed-charitable-and-humanitarian-foundation-lays-foundation-stone-of-islamic-academy-in-kyrgyzstan/ HTTP/1.1" 200 14814 "-" "Mozilla/5.0 (compatible; SemrushBot/7~bl; +http://www.semrush.com/bot.html)"
135.181.213.219 - - [26/Feb/2026:17:56:40 -0500] "GET /dubai-will-host-the-international-deluxe-beauty-awards-on-april-15/ HTTP/1.1" 200 12765 "-" "Mozilla/5.0 (compatible; MJ12bot/v1.4.8; http://mj12bot.com/)"
135.181.213.219 - - [26/Feb/2026:17:56:42 -0500] "GET /egypt-hosts-launching-of-18th-sharjah-narrative-forum/ HTTP/1.1" 200 12475 "-" "Mozilla/5.0 (compatible; MJ12bot/v1.4.8; http://mj12bot.com/)"
135.181.213.219 - - [26/Feb/2026:17:56:44 -0500] "GET /emaar-malls-reports-revenue-of-over-aed2-4-billion-for-first-9-months-of-2020/ HTTP/1.1" 200 13385 "-" "Mozilla/5.0 (compatible; MJ12bot/v1.4.8; http://mj12bot.com/)"
135.181.213.219 - - [26/Feb/2026:17:56:49 -0500] "GET /emirates-wins-worlds-best-airline/feed/ HTTP/1.1" 200 436 "-" "Mozilla/5.0 (compatible; MJ12bot/v1.4.8; http://mj12bot.com/)"
135.181.213.219 - - [26/Feb/2026:17:56:51 -0500] "GET /energy-leaders-set-scene-for-equity-in-education-at-adipec-2021/feed/ HTTP/1.1" 200 451 "-" "Mozilla/5.0 (compatible; MJ12bot/v1.4.8; http://mj12bot.com/)"
135.181.213.219 - - [26/Feb/2026:17:56:54 -0500] "GET /enjoy-a-free-dessert-this-national-dessert-day/feed/ HTTP/1.1" 200 424 "-" "Mozilla/5.0 (compatible; MJ12bot/v1.4.8; http://mj12bot.com/)"
135.181.213.219 - - [26/Feb/2026:17:57:02 -0500] "GET /etihad-cargos-inaugural-freighter-flight-to-ezhou-huahu-airport-in-china-arrives-on-august-18/feed/ HTTP/1.1" 200 493 "-" "Mozilla/5.0 (compatible; MJ12bot/v1.4.8; http://mj12bot.com/)"
112.86.225.222 - - [26/Feb/2026:17:57:03 -0500] "GET / HTTP/1.1" 200 20744 "-" "Sogou web spider/4.0(+http://www.sogou.com/docs/help/webmasters.htm#07)"
135.181.213.219 - - [26/Feb/2026:17:57:10 -0500] "GET /expo-centre-sharjah-concludes-participation-in-ufis-mea-conference/feed/ HTTP/1.1" 200 460 "-" "Mozilla/5.0 (compatible; MJ12bot/v1.4.8; http://mj12bot.com/)"
135.181.213.219 - - [26/Feb/2026:17:57:15 -0500] "GET /farnek-hotel-management-launches-flexi-guest-at-ahic/feed/ HTTP/1.1" 200 435 "-" "Mozilla/5.0 (compatible; MJ12bot/v1.4.8; http://mj12bot.com/)"
185.191.171.9 - - [26/Feb/2026:17:57:17 -0500] "GET /rta-launches-two-marine-lines-in-cooperation-with-developers/ HTTP/1.1" 200 14715 "-" "Mozilla/5.0 (compatible; SemrushBot/7~bl; +http://www.semrush.com/bot.html)"
135.181.213.219 - - [26/Feb/2026:17:57:24 -0500] "GET /get-to-experience-nlp-coaching-with-deanna-at-mind-and-body-works-dxb/ HTTP/1.1" 200 12050 "-" "Mozilla/5.0 (compatible; MJ12bot/v1.4.8; http://mj12bot.com/)"
135.181.213.219 - - [26/Feb/2026:17:57:26 -0500] "GET /healthy-numerology-with-dr-bhambi/feed/ HTTP/1.1" 200 415 "-" "Mozilla/5.0 (compatible; MJ12bot/v1.4.8; http://mj12bot.com/)"
135.181.213.219 - - [26/Feb/2026:17:57:32 -0500] "GET /honeywell-aviator-hi-fi-audio-system-that-promises-superior-sound-quality-and-sophistication/ HTTP/1.1" 200 13591 "-" "Mozilla/5.0 (compatible; MJ12bot/v1.4.8; http://mj12bot.com/)"
135.181.213.219 - - [26/Feb/2026:17:57:34 -0500] "GET /limited-edition-aed-8-million-zenvo-hypercar-to-the-middle-east-launched-by-the-elite-cars/feed/ HTTP/1.1" 200 477 "-" "Mozilla/5.0 (compatible; MJ12bot/v1.4.8; http://mj12bot.com/)"
85.208.96.205 - - [26/Feb/2026:17:57:44 -0500] "GET /author/admin/page/156/ HTTP/1.1" 200 16225 "-" "Mozilla/5.0 (compatible; SemrushBot/7~bl; +http://www.semrush.com/bot.html)"
135.181.213.219 - - [26/Feb/2026:17:57:45 -0500] "GET /national-pavilion-uae-wins-golden-lion-award-for-best-national-participation-at-17th-international-architecture-exhibition-at-venice-biennale/feed/ HTTP/1.1" 200 507 "-" "Mozilla/5.0 (compatible; MJ12bot/v1.4.8; http://mj12bot.com/)"
77.75.79.109 - - [26/Feb/2026:17:57:48 -0500] "GET /mohamed-bin-zayed-meets-lebanese-pm-designate-saad-hariri/ HTTP/1.1" 200 14569 "-" "Mozilla/5.0 (compatible; SeznamBot/4.0; +https://o-seznam.cz/napoveda/vyhledavani/en/seznambot-crawler/)"
135.181.213.219 - - [26/Feb/2026:17:57:50 -0500] "GET /next50-discusses-uae-companies-access-to-investment-opportunities-in-new-economy-sectors/feed/ HTTP/1.1" 200 477 "-" "Mozilla/5.0 (compatible; MJ12bot/v1.4.8; http://mj12bot.com/)"
135.181.213.219 - - [26/Feb/2026:17:57:53 -0500] "GET /noura-al-kaabi-visits-aridly-abundant-exhibition-at-18th-international-architecture-exhibition-at-la-biennale-di-venezia/feed/ HTTP/1.1" 200 495 "-" "Mozilla/5.0 (compatible; MJ12bot/v1.4.8; http://mj12bot.com/)"
135.181.213.219 - - [26/Feb/2026:17:57:55 -0500] "GET /nyu-abu-dhabi-launches-new-arabic-innovative-learning-resource/feed/ HTTP/1.1" 200 441 "-" "Mozilla/5.0 (compatible; MJ12bot/v1.4.8; http://mj12bot.com/)"
135.181.213.219 - - [26/Feb/2026:17:57:58 -0500] "GET /nyuads-arts-centre-to-host-exciting-line-up-of-events-in-october/ HTTP/1.1" 200 13181 "-" "Mozilla/5.0 (compatible; MJ12bot/v1.4.8; http://mj12bot.com/)"
135.181.213.219 - - [26/Feb/2026:17:56:19 -0500] "GET /category/yoga/ HTTP/1.1" 200 11447 "-" "Mozilla/5.0 (compatible; MJ12bot/v1.4.8; http://mj12bot.com/)"
135.181.213.219 - - [26/Feb/2026:17:56:24 -0500] "GET /delta-wealth-partners-launches-ai-driven-delta-future-fund-under-dr-abdalla-kablans-visionary-leadership/ HTTP/1.1" 200 14241 "-" "Mozilla/5.0 (compatible; MJ12bot/v1.4.8; http://mj12bot.com/)"
135.181.213.219 - - [26/Feb/2026:17:56:29 -0500] "GET /dubai-lights-up-with-spectacular-displays-as-part-of-ramadanindubai-campaign/feed/ HTTP/1.1" 200 466 "-" "Mozilla/5.0 (compatible; MJ12bot/v1.4.8; http://mj12bot.com/)"
135.181.213.219 - - [26/Feb/2026:17:56:34 -0500] "GET /dubai-municipality-transforms-old-municipal-street-into-vibrant-pedestrian-tourist-corridor/feed/ HTTP/1.1" 200 463 "-" "Mozilla/5.0 (compatible; MJ12bot/v1.4.8; http://mj12bot.com/)"
135.181.213.219 - - [26/Feb/2026:17:56:37 -0500] "GET /dubai-south-announces-successful-first-stage-trials-of-autonomous-vehicle/ HTTP/1.1" 200 13165 "-" "Mozilla/5.0 (compatible; MJ12bot/v1.4.8; http://mj12bot.com/)"
135.181.213.219 - - [26/Feb/2026:17:56:47 -0500] "GET /emirates-airline-festival-of-literature-expands-2021-event-across-city/ HTTP/1.1" 200 13753 "-" "Mozilla/5.0 (compatible; MJ12bot/v1.4.8; http://mj12bot.com/)"
135.181.213.219 - - [26/Feb/2026:17:56:57 -0500] "GET /enjoy-the-festive-season-at-al-sarab-hotel/feed/ HTTP/1.1" 200 430 "-" "Mozilla/5.0 (compatible; MJ12bot/v1.4.8; http://mj12bot.com/)"
135.181.213.219 - - [26/Feb/2026:17:56:59 -0500] "GET /etihad-airways-records-10-4-million-passengers-jan-jul-2024/feed/ HTTP/1.1" 200 447 "-" "Mozilla/5.0 (compatible; MJ12bot/v1.4.8; http://mj12bot.com/)"
135.181.213.219 - - [26/Feb/2026:17:57:04 -0500] "GET /etihad-operates-3-flights-to-medan-indonesia/feed/ HTTP/1.1" 200 429 "-" "Mozilla/5.0 (compatible; MJ12bot/v1.4.8; http://mj12bot.com/)"
135.181.213.219 - - [26/Feb/2026:17:57:07 -0500] "GET /european-style-pancake-day-at-mondoux/feed/ HTTP/1.1" 200 414 "-" "Mozilla/5.0 (compatible; MJ12bot/v1.4.8; http://mj12bot.com/)"
114.119.136.150 - - [26/Feb/2026:17:57:02 -0500] "GET /author/admin/page/158/ HTTP/1.1" 200 16502 "https://www.thedubaitoday.com/author/admin/page/157" "Mozilla/5.0 (Linux; Android 7.0;) AppleWebKit/537.36 (KHTML, like Gecko) Mobile Safari/537.36 (compatible; PetalBot;+https://webmaster.petalsearch.com/site/petalbot)"
135.181.213.219 - - [26/Feb/2026:17:57:12 -0500] "GET /fab-announces-strategic-pathway-partnership-with-cop28/ HTTP/1.1" 200 15621 "-" "Mozilla/5.0 (compatible; MJ12bot/v1.4.8; http://mj12bot.com/)"
135.181.213.219 - - [26/Feb/2026:17:57:18 -0500] "GET /feed/ HTTP/1.1" 200 11042 "-" "Mozilla/5.0 (compatible; MJ12bot/v1.4.8; http://mj12bot.com/)"
135.181.213.219 - - [26/Feb/2026:17:57:21 -0500] "GET /fichte-co-eyes-on-uae-legislation-overhaul/feed/ HTTP/1.1" 200 430 "-" "Mozilla/5.0 (compatible; MJ12bot/v1.4.8; http://mj12bot.com/)"
135.181.213.219 - - [26/Feb/2026:17:57:28 -0500] "GET /healthy-numerology-with-pandit-bhambi/ HTTP/1.1" 200 15194 "-" "Mozilla/5.0 (compatible; MJ12bot/v1.4.8; http://mj12bot.com/)"
135.181.213.219 - - [26/Feb/2026:17:57:37 -0500] "GET /mansoor-bin-mohammed-crowns-winners-of-15th-globe-soccer-dubai-awards/ HTTP/1.1" 200 13309 "-" "Mozilla/5.0 (compatible; MJ12bot/v1.4.8; http://mj12bot.com/)"
135.181.213.219 - - [26/Feb/2026:17:57:40 -0500] "GET /mohammed-bin-rashid-attends-fashion-friday-at-meydan-racecourse/ HTTP/1.1" 200 12803 "-" "Mozilla/5.0 (compatible; MJ12bot/v1.4.8; http://mj12bot.com/)"
135.181.213.219 - - [26/Feb/2026:17:57:42 -0500] "GET /mohammed-bin-rashid-attends-fashion-friday-at-meydan-racecourse/feed/ HTTP/1.1" 200 463 "-" "Mozilla/5.0 (compatible; MJ12bot/v1.4.8; http://mj12bot.com/)"
135.181.213.219 - - [26/Feb/2026:17:57:48 -0500] "GET /next50-discusses-uae-companies-access-to-investment-opportunities-in-new-economy-sectors/ HTTP/1.1" 200 13584 "-" "Mozilla/5.0 (compatible; MJ12bot/v1.4.8; http://mj12bot.com/)"
135.181.213.219 - - [26/Feb/2026:17:58:00 -0500] "GET /on-behalf-of-uae-president-khaled-bin-mohamed-bin-zayed-arrives-in-albania-on-working-visit/feed/ HTTP/1.1" 200 477 "-" "Mozilla/5.0 (compatible; MJ12bot/v1.4.8; http://mj12bot.com/)"
135.181.213.219 - - [26/Feb/2026:17:58:05 -0500] "GET /president-of-finland-receives-message-from-uae-president-during-meeting-with-abdullah-bin-zayed/ HTTP/1.1" 200 12798 "-" "Mozilla/5.0 (compatible; MJ12bot/v1.4.8; http://mj12bot.com/)"
135.181.213.219 - - [26/Feb/2026:17:58:15 -0500] "GET /registration-for-first-global-spark-ar-hackathon-challenge-closes-on-june-17/feed/ HTTP/1.1" 200 458 "-" "Mozilla/5.0 (compatible; MJ12bot/v1.4.8; http://mj12bot.com/)"
114.119.135.207 - - [26/Feb/2026:17:58:25 -0500] "GET /abu-dhabi-public-health-centre-launches-ifhas-programme HTTP/1.1" 301 0 "https://www.thedubaitoday.com/?cat=45&paged=4" "Mozilla/5.0 (Linux; Android 7.0;) AppleWebKit/537.36 (KHTML, like Gecko) Mobile Safari/537.36 (compatible; PetalBot;+https://webmaster.petalsearch.com/site/petalbot)"
135.181.213.219 - - [26/Feb/2026:17:58:23 -0500] "GET /russian-artists-create-modern-street-art-graffiti-objects-in-dubai/ HTTP/1.1" 200 12379 "-" "Mozilla/5.0 (compatible; MJ12bot/v1.4.8; http://mj12bot.com/)"
114.119.135.207 - - [26/Feb/2026:17:58:28 -0500] "GET /abu-dhabi-public-health-centre-launches-ifhas-programme/ HTTP/1.1" 200 16268 "https://www.thedubaitoday.com/?cat=45&paged=4" "Mozilla/5.0 (Linux; Android 7.0;) AppleWebKit/537.36 (KHTML, like Gecko) Mobile Safari/537.36 (compatible; PetalBot;+https://webmaster.petalsearch.com/site/petalbot)"
135.181.213.219 - - [26/Feb/2026:17:58:35 -0500] "GET /scci-opens-registration-for-sharjah-excellence-award-2024/feed/ HTTP/1.1" 200 443 "-" "Mozilla/5.0 (compatible; MJ12bot/v1.4.8; http://mj12bot.com/)"
135.181.213.219 - - [26/Feb/2026:17:58:37 -0500] "GET /senior-living-still-coming-of-age-in-india/feed/ HTTP/1.1" 200 453 "-" "Mozilla/5.0 (compatible; MJ12bot/v1.4.8; http://mj12bot.com/)"
185.191.171.16 - - [26/Feb/2026:17:58:38 -0500] "GET /value-fashion-giant-redtag-launches-modest-range-empowers-women-to-experiment-with-latest-trends/ HTTP/1.1" 200 15861 "-" "Mozilla/5.0 (compatible; SemrushBot/7~bl; +http://www.semrush.com/bot.html)"
135.181.213.219 - - [26/Feb/2026:17:58:40 -0500] "GET /shabab-al-ahli-crowned-adnoc-pro-league-champions-by-mansoor-bin-mohammed/ HTTP/1.1" 200 14174 "-" "Mozilla/5.0 (compatible; MJ12bot/v1.4.8; http://mj12bot.com/)"
135.181.213.219 - - [26/Feb/2026:17:58:45 -0500] "GET /sharjah-art-foundation-announces-winners-of-vps9-photography-prize/ HTTP/1.1" 200 13399 "-" "Mozilla/5.0 (compatible; MJ12bot/v1.4.8; http://mj12bot.com/)"
135.181.213.219 - - [26/Feb/2026:17:58:47 -0500] "GET /sharjah-heritage-days-kicks-off-in-al-hamriyah/feed/ HTTP/1.1" 200 437 "-" "Mozilla/5.0 (compatible; MJ12bot/v1.4.8; http://mj12bot.com/)"
135.181.213.219 - - [26/Feb/2026:17:58:50 -0500] "GET /sharjah-illuminates-paris-with-its-unesco-arab-culture-award/feed/ HTTP/1.1" 200 455 "-" "Mozilla/5.0 (compatible; MJ12bot/v1.4.8; http://mj12bot.com/)"
135.181.213.219 - - [26/Feb/2026:17:58:52 -0500] "GET /sharjah-jordan-ministry-of-culture-ink-mou/ HTTP/1.1" 200 12556 "-" "Mozilla/5.0 (compatible; MJ12bot/v1.4.8; http://mj12bot.com/)"
135.181.213.219 - - [26/Feb/2026:17:58:55 -0500] "GET /sharjah-light-festival-taps-into-local-photography-talent-in-collaboration-with-fotouae/feed/ HTTP/1.1" 200 465 "-" "Mozilla/5.0 (compatible; MJ12bot/v1.4.8; http://mj12bot.com/)"
135.181.213.219 - - [26/Feb/2026:17:58:58 -0500] "GET /sharjah-marks-49th-national-day-with-rich-musical-tribute-to-uaes-historic-journey/feed/ HTTP/1.1" 200 474 "-" "Mozilla/5.0 (compatible; MJ12bot/v1.4.8; http://mj12bot.com/)"
135.181.213.219 - - [26/Feb/2026:17:59:01 -0500] "GET /sharjah-museums-hosts-its-audience-with-a-varied-heritage-package/ HTTP/1.1" 200 12706 "-" "Mozilla/5.0 (compatible; MJ12bot/v1.4.8; http://mj12bot.com/)"
135.181.213.219 - - [26/Feb/2026:17:58:02 -0500] "GET /pay-only-73-this-indian-republic-day-at-jehangirs/feed/ HTTP/1.1" 200 444 "-" "Mozilla/5.0 (compatible; MJ12bot/v1.4.8; http://mj12bot.com/)"
135.181.213.219 - - [26/Feb/2026:17:58:07 -0500] "GET /president-of-sharjah-institute-for-heritage-receives-ambassador-of-north-macedonia/feed/ HTTP/1.1" 200 454 "-" "Mozilla/5.0 (compatible; MJ12bot/v1.4.8; http://mj12bot.com/)"
85.208.96.206 - - [26/Feb/2026:17:58:09 -0500] "GET /dubai-food-festival-to-start-on-2nd-may/ HTTP/1.1" 200 14278 "-" "Mozilla/5.0 (compatible; SemrushBot/7~bl; +http://www.semrush.com/bot.html)"
135.181.213.219 - - [26/Feb/2026:17:58:10 -0500] "GET /radio-mirchi-in-uae-rebrands-to-kadak-fm-with-fresh-strong-and-original-content/feed/ HTTP/1.1" 200 489 "-" "Mozilla/5.0 (compatible; MJ12bot/v1.4.8; http://mj12bot.com/)"
135.181.213.219 - - [26/Feb/2026:17:58:13 -0500] "GET /raks-tourism-sector-aims-to-increase-number-of-hotel-rooms-to-12747-in-5-years-raktda-ceo/feed/ HTTP/1.1" 200 486 "-" "Mozilla/5.0 (compatible; MJ12bot/v1.4.8; http://mj12bot.com/)"
135.181.213.219 - - [26/Feb/2026:17:58:18 -0500] "GET /renowned-fashion-designer-neena-sharma-unveils-spectacular-bollywood-jazz-collection-at-gmfl-fashion-week-in-dubai/feed/ HTTP/1.1" 200 519 "-" "Mozilla/5.0 (compatible; MJ12bot/v1.4.8; http://mj12bot.com/)"
135.181.213.219 - - [26/Feb/2026:17:58:20 -0500] "GET /romain-gerardin-fresse-wins-emirates-finest-business-awards/ HTTP/1.1" 200 13732 "-" "Mozilla/5.0 (compatible; MJ12bot/v1.4.8; http://mj12bot.com/)"
135.181.213.219 - - [26/Feb/2026:17:58:30 -0500] "GET /samsung-launches-98-qled-its-biggest-smart-tv-yet/feed/ HTTP/1.1" 200 450 "-" "Mozilla/5.0 (compatible; MJ12bot/v1.4.8; http://mj12bot.com/)"
135.181.213.219 - - [26/Feb/2026:17:58:32 -0500] "GET /sankari-and-ihg-hotels-resorts-to-launch-the-worlds-first-upper-luxury-standalone-regent-residences-in-dubai/feed/ HTTP/1.1" 200 526 "-" "Mozilla/5.0 (compatible; MJ12bot/v1.4.8; http://mj12bot.com/)"
135.181.213.219 - - [26/Feb/2026:17:58:43 -0500] "GET /sharjah-archaeology-authority-discovers-coins-from-abbasid-dynasty/ HTTP/1.1" 200 12616 "-" "Mozilla/5.0 (compatible; MJ12bot/v1.4.8; http://mj12bot.com/)"
135.181.213.219 - - [26/Feb/2026:17:59:04 -0500] "GET /sharjah-publishing-city-facilitates-participation-of-38-businesses-at-sibf-2021/feed/ HTTP/1.1" 200 457 "-" "Mozilla/5.0 (compatible; MJ12bot/v1.4.8; http://mj12bot.com/)"
135.181.213.219 - - [26/Feb/2026:17:59:17 -0500] "GET /sharjahs-aed25-billion-coastal-development-to-enhance-emirates-real-estate-landscape/ HTTP/1.1" 200 13043 "-" "Mozilla/5.0 (compatible; MJ12bot/v1.4.8; http://mj12bot.com/)"
135.181.213.219 - - [26/Feb/2026:17:59:23 -0500] "GET /sheikh-zayed-book-award-announces-longlist-for-the-literature-category-in-its-15th-edition/ HTTP/1.1" 200 12936 "-" "Mozilla/5.0 (compatible; MJ12bot/v1.4.8; http://mj12bot.com/)"
135.181.213.219 - - [26/Feb/2026:17:59:28 -0500] "GET /sheikh-zayed-festival-announces-new-years-eve-2025-celebrations/feed/ HTTP/1.1" 200 454 "-" "Mozilla/5.0 (compatible; MJ12bot/v1.4.8; http://mj12bot.com/)"
135.181.213.219 - - [26/Feb/2026:17:59:35 -0500] "GET /sp-jain-globals-undergraduate-programs-achieve-100-placement-success-australia-emerges-as-top-destination/feed/ HTTP/1.1" 200 501 "-" "Mozilla/5.0 (compatible; MJ12bot/v1.4.8; http://mj12bot.com/)"
135.181.213.219 - - [26/Feb/2026:17:59:40 -0500] "GET /staff-welfare-and-local-community-support-top-time-hotels-csr-agenda-in-2021/feed/ HTTP/1.1" 200 480 "-" "Mozilla/5.0 (compatible; MJ12bot/v1.4.8; http://mj12bot.com/)"
135.181.213.219 - - [26/Feb/2026:17:59:45 -0500] "GET /supreme-committee-to-oversee-the-development-of-hatta-implements-series-of-projects/feed/ HTTP/1.1" 200 451 "-" "Mozilla/5.0 (compatible; MJ12bot/v1.4.8; http://mj12bot.com/)"
135.181.213.219 - - [26/Feb/2026:17:59:50 -0500] "GET /tahnoon-bin-zayed-meets-donald-trump-discusses-strategic-partnership-prospects/feed/ HTTP/1.1" 200 459 "-" "Mozilla/5.0 (compatible; MJ12bot/v1.4.8; http://mj12bot.com/)"
135.181.213.219 - - [26/Feb/2026:17:59:06 -0500] "GET /sharjah-ramadan-majlis-2024-discusses-how-investments-can-maximise-innovation/ HTTP/1.1" 200 16416 "-" "Mozilla/5.0 (compatible; MJ12bot/v1.4.8; http://mj12bot.com/)"
135.181.213.219 - - [26/Feb/2026:17:59:09 -0500] "GET /sharjah-ruler-attends-honouring-ceremony-of-iccrom-award-winners/feed/ HTTP/1.1" 200 450 "-" "Mozilla/5.0 (compatible; MJ12bot/v1.4.8; http://mj12bot.com/)"
135.181.213.219 - - [26/Feb/2026:17:59:12 -0500] "GET /sharjah-ruler-directs-sewa-support-for-sssd-beneficiaries-starting-emiratisation-in-private-schools/feed/ HTTP/1.1" 200 482 "-" "Mozilla/5.0 (compatible; MJ12bot/v1.4.8; http://mj12bot.com/)"
135.181.213.219 - - [26/Feb/2026:17:59:15 -0500] "GET /sharjah-shopping-promotions-kicks-off-2023-edition/feed/ HTTP/1.1" 200 431 "-" "Mozilla/5.0 (compatible; MJ12bot/v1.4.8; http://mj12bot.com/)"
135.181.213.219 - - [26/Feb/2026:17:59:20 -0500] "GET /sharjahs-aed25-billion-coastal-development-to-enhance-emirates-real-estate-landscape/feed/ HTTP/1.1" 200 480 "-" "Mozilla/5.0 (compatible; MJ12bot/v1.4.8; http://mj12bot.com/)"
135.181.213.219 - - [26/Feb/2026:17:59:25 -0500] "GET /sheikh-zayed-festival-announces-new-years-eve-2025-celebrations/ HTTP/1.1" 200 13043 "-" "Mozilla/5.0 (compatible; MJ12bot/v1.4.8; http://mj12bot.com/)"
135.181.213.219 - - [26/Feb/2026:17:59:31 -0500] "GET /sheikh-zayed-festival-sets-three-guinness-world-records-with-largest-40-minute-fireworks-display/ HTTP/1.1" 200 12805 "-" "Mozilla/5.0 (compatible; MJ12bot/v1.4.8; http://mj12bot.com/)"
135.181.213.219 - - [26/Feb/2026:17:59:33 -0500] "GET /ski-dubai-wins-worlds-best-indoor-ski-resort-for-fifth-consecutive-year/ HTTP/1.1" 200 13698 "-" "Mozilla/5.0 (compatible; MJ12bot/v1.4.8; http://mj12bot.com/)"
135.181.213.219 - - [26/Feb/2026:17:59:38 -0500] "GET /spinneys-approves-interim-dividend-of-aed103-million-for-h1-24/ HTTP/1.1" 200 12499 "-" "Mozilla/5.0 (compatible; MJ12bot/v1.4.8; http://mj12bot.com/)"
135.181.213.219 - - [26/Feb/2026:17:59:42 -0500] "GET /statement-from-sheikh-abdullah-bin-zayed-al-nahyan-deputy-prime-minister-and-minister-of-foreign-affairs/feed/ HTTP/1.1" 200 486 "-" "Mozilla/5.0 (compatible; MJ12bot/v1.4.8; http://mj12bot.com/)"
135.181.213.219 - - [26/Feb/2026:17:59:47 -0500] "GET /supreme-petroleum-council-announces-new-oil-discovery-of-22-billion-barrels-of-non-conventional-recoverable-crude-oil-in-emirate-of-abu-dhabi/ HTTP/1.1" 200 16767 "-" "Mozilla/5.0 (compatible; MJ12bot/v1.4.8; http://mj12bot.com/)"
135.181.213.219 - - [26/Feb/2026:17:59:55 -0500] "GET /theyab-bin-mohamed-bin-zayed-visits-adipec-2023/feed/ HTTP/1.1" 200 440 "-" "Mozilla/5.0 (compatible; MJ12bot/v1.4.8; http://mj12bot.com/)"
185.191.171.5 - - [26/Feb/2026:17:59:56 -0500] "GET /khorfakkan-amphitheatre-reverberating-with-emirati-egyptian-music-on-new-years-eve/ HTTP/1.1" 200 15983 "-" "Mozilla/5.0 (compatible; SemrushBot/7~bl; +http://www.semrush.com/bot.html)"
135.181.213.219 - - [26/Feb/2026:18:00:00 -0500] "GET /time-hotels-celebrates-10th-anniversary/feed/ HTTP/1.1" 200 417 "-" "Mozilla/5.0 (compatible; MJ12bot/v1.4.8; http://mj12bot.com/)"
135.181.213.219 - - [26/Feb/2026:18:00:05 -0500] "GET /travel-industry-prepares-to-do-business-at-wtm-virtual/feed/ HTTP/1.1" 200 436 "-" "Mozilla/5.0 (compatible; MJ12bot/v1.4.8; http://mj12bot.com/)"
135.181.213.219 - - [26/Feb/2026:18:00:11 -0500] "GET /uae-and-brics-partnership-seeking-to-enhance-global-development-prosperity/feed/ HTTP/1.1" 200 462 "-" "Mozilla/5.0 (compatible; MJ12bot/v1.4.8; http://mj12bot.com/)"
135.181.213.219 - - [26/Feb/2026:18:00:16 -0500] "GET /uae-commits-to-working-with-opec-on-decisions-to-ensure-global-oil-market-stability-suhail-al-mazrouei/ HTTP/1.1" 200 12619 "-" "Mozilla/5.0 (compatible; MJ12bot/v1.4.8; http://mj12bot.com/)"
18.157.252.152 - - [26/Feb/2026:18:00:20 -0500] "GET /robots.txt HTTP/1.1" 301 0 "-" "Mozilla/5.0 (compatible; HubSpot Crawler; HubSpot Domain check; +https://www.hubspot.com)"
114.119.130.109 - - [26/Feb/2026:17:59:52 -0500] "GET /?p=4964 HTTP/1.1" 301 0 "https://www.thedubaitoday.com/?cat=52&paged=16" "Mozilla/5.0 (Linux; Android 7.0;) AppleWebKit/537.36 (KHTML, like Gecko) Mobile Safari/537.36 (compatible; PetalBot;+https://webmaster.petalsearch.com/site/petalbot)"
135.181.213.219 - - [26/Feb/2026:17:59:52 -0500] "GET /the-bmw-xm-label-red-with-an-electrified-drive-system-launched/feed/ HTTP/1.1" 200 451 "-" "Mozilla/5.0 (compatible; MJ12bot/v1.4.8; http://mj12bot.com/)"
114.119.130.109 - - [26/Feb/2026:17:59:54 -0500] "GET /maktoum-bin-mohammed-opens-gulfood-2021/ HTTP/1.1" 200 15832 "https://www.thedubaitoday.com/?cat=52&paged=16" "Mozilla/5.0 (Linux; Android 7.0;) AppleWebKit/537.36 (KHTML, like Gecko) Mobile Safari/537.36 (compatible; PetalBot;+https://webmaster.petalsearch.com/site/petalbot)"
135.181.213.219 - - [26/Feb/2026:17:59:58 -0500] "GET /tiger-properties-has-successfully-concluded-the-transfer-of-ownership-for-nobles-tower/feed/ HTTP/1.1" 200 467 "-" "Mozilla/5.0 (compatible; MJ12bot/v1.4.8; http://mj12bot.com/)"
135.181.213.219 - - [26/Feb/2026:18:00:03 -0500] "GET /time-hotels-innovative-csr-2021-plan-right-on-track/feed/ HTTP/1.1" 200 444 "-" "Mozilla/5.0 (compatible; MJ12bot/v1.4.8; http://mj12bot.com/)"
162.213.253.84 - - [26/Feb/2026:18:00:06 -0500] "POST /wp-cron.php?doing_wp_cron=1772146806.3172059059143066406250 HTTP/1.1" 200 0 "https://www.thedubaitoday.com/wp-cron.php?doing_wp_cron=1772146806.3172059059143066406250" "WordPress/5.5.16; https://www.thedubaitoday.com"
135.181.213.219 - - [26/Feb/2026:18:00:09 -0500] "GET /uae-all-set-to-become-global-cryptocurrency-market-hub/ HTTP/1.1" 200 13040 "-" "Mozilla/5.0 (compatible; MJ12bot/v1.4.8; http://mj12bot.com/)"
135.181.213.219 - - [26/Feb/2026:18:00:14 -0500] "GET /uae-austria-hold-joint-economic-committee-meeting-to-strengthen-cooperation/ HTTP/1.1" 200 13528 "-" "Mozilla/5.0 (compatible; MJ12bot/v1.4.8; http://mj12bot.com/)"
135.181.213.219 - - [26/Feb/2026:18:00:18 -0500] "GET /uae-delegation-explores-bilateral-opportunities-at-select-usa-investment-summit/feed/ HTTP/1.1" 200 461 "-" "Mozilla/5.0 (compatible; MJ12bot/v1.4.8; http://mj12bot.com/)"
18.159.128.28 - - [26/Feb/2026:18:00:21 -0500] "GET /robots.txt HTTP/1.1" 200 117 "-" "Mozilla/5.0 (compatible; HubSpot Crawler; HubSpot Domain check; +https://www.hubspot.com)"
18.159.234.92 - - [26/Feb/2026:18:00:21 -0500] "GET / HTTP/1.1" 301 0 "-" "Mozilla/5.0 (compatible; HubSpot Crawler; HubSpot Domain check; +https://www.hubspot.com)"
3.127.178.149 - - [26/Feb/2026:18:00:23 -0500] "GET / HTTP/1.1" 200 20744 "-" "Mozilla/5.0 (compatible; HubSpot Crawler; HubSpot Domain check; +https://www.hubspot.com)"
135.181.213.219 - - [26/Feb/2026:18:00:21 -0500] "GET /uae-leaders-congratulate-custodian-of-two-holy-mosques-on-success-of-hajj-season/ HTTP/1.1" 200 12334 "-" "Mozilla/5.0 (compatible; MJ12bot/v1.4.8; http://mj12bot.com/)"
135.181.213.219 - - [26/Feb/2026:18:00:31 -0500] "GET /uae-participates-in-brics-tourism-ministers-meeting-in-moscow/ HTTP/1.1" 200 12668 "-" "Mozilla/5.0 (compatible; MJ12bot/v1.4.8; http://mj12bot.com/)"
135.181.213.219 - - [26/Feb/2026:18:00:34 -0500] "GET /uae-president-bids-farewell-as-us-president-concludes-state-visit-to-the-uae/feed/ HTTP/1.1" 200 454 "-" "Mozilla/5.0 (compatible; MJ12bot/v1.4.8; http://mj12bot.com/)"
135.181.213.219 - - [26/Feb/2026:18:00:37 -0500] "GET /uae-president-commends-mohammed-bin-rashids-initiatives-efforts-in-advancing-nations-progress/ HTTP/1.1" 200 13495 "-" "Mozilla/5.0 (compatible; MJ12bot/v1.4.8; http://mj12bot.com/)"
135.181.213.219 - - [26/Feb/2026:18:00:46 -0500] "GET /uae-president-offers-condolences-to-indian-prime-minister-over-victims-of-terrorist-attack/feed/ HTTP/1.1" 200 461 "-" "Mozilla/5.0 (compatible; MJ12bot/v1.4.8; http://mj12bot.com/)"
135.181.213.219 - - [26/Feb/2026:18:00:49 -0500] "GET /uae-president-receives-prince-khalid-bin-salman/feed/ HTTP/1.1" 200 430 "-" "Mozilla/5.0 (compatible; MJ12bot/v1.4.8; http://mj12bot.com/)"
185.191.171.16 - - [26/Feb/2026:18:00:16 -0500] "GET /abu-dhabi-to-host-worlds-largest-autonomous-racing-league/ HTTP/1.1" 200 15508 "-" "Mozilla/5.0 (compatible; SemrushBot/7~bl; +http://www.semrush.com/bot.html)"
135.181.213.219 - - [26/Feb/2026:18:00:29 -0500] "GET /uae-oil-reserves-reach-97-8b-barrels-in-2019/ HTTP/1.1" 200 12171 "-" "Mozilla/5.0 (compatible; MJ12bot/v1.4.8; http://mj12bot.com/)"
85.208.96.200 - - [26/Feb/2026:18:00:36 -0500] "GET /hamdan-bin-mohammed-congratulates-winners-of-11th-mohammed-bin-rashid-al-maktoum-creative-sports-award/ HTTP/1.1" 200 16130 "-" "Mozilla/5.0 (compatible; SemrushBot/7~bl; +http://www.semrush.com/bot.html)"
135.181.213.219 - - [26/Feb/2026:18:00:41 -0500] "GET /uae-president-confers-first-class-order-of-zayed-ii-on-us-ambassador/ HTTP/1.1" 200 12378 "-" "Mozilla/5.0 (compatible; MJ12bot/v1.4.8; http://mj12bot.com/)"
135.181.213.219 - - [26/Feb/2026:18:00:44 -0500] "GET /uae-president-confers-first-class-order-of-zayed-ii-on-us-ambassador/feed/ HTTP/1.1" 200 460 "-" "Mozilla/5.0 (compatible; MJ12bot/v1.4.8; http://mj12bot.com/)"
135.181.213.219 - - [26/Feb/2026:18:00:54 -0500] "GET /uae-president-welcomes-us-president-trump-upon-arrival-in-abu-dhabi-on-state-visit-to-uae/feed/ HTTP/1.1" 200 475 "-" "Mozilla/5.0 (compatible; MJ12bot/v1.4.8; http://mj12bot.com/)"
135.181.213.219 - - [26/Feb/2026:18:00:57 -0500] "GET /uae-rulers-congratulate-joe-biden-on-election-win/ HTTP/1.1" 200 12134 "-" "Mozilla/5.0 (compatible; MJ12bot/v1.4.8; http://mj12bot.com/)"
135.181.213.219 - - [26/Feb/2026:18:01:03 -0500] "GET /uae-unveils-new-installation-by-emirati-artist-mohamed-ibrahim-at-la-biennale-di-venezia/ HTTP/1.1" 200 13852 "-" "Mozilla/5.0 (compatible; MJ12bot/v1.4.8; http://mj12bot.com/)"
135.181.213.219 - - [26/Feb/2026:18:01:06 -0500] "GET /uaes-3-7-billion-tech-economy-takes-spotlight-in-berlin-at-inaugural-gitex-europe/ HTTP/1.1" 200 15250 "-" "Mozilla/5.0 (compatible; MJ12bot/v1.4.8; http://mj12bot.com/)"
135.181.213.219 - - [26/Feb/2026:18:01:11 -0500] "GET /uaes-non-oil-economy-expected-to-grow-4-7-in-2024-ubs-global-wealth-management/feed/ HTTP/1.1" 200 480 "-" "Mozilla/5.0 (compatible; MJ12bot/v1.4.8; http://mj12bot.com/)"
135.181.213.219 - - [26/Feb/2026:18:01:14 -0500] "GET /uaes-rashid-rover-to-land-on-moon-on-25th-april/ HTTP/1.1" 200 14351 "-" "Mozilla/5.0 (compatible; MJ12bot/v1.4.8; http://mj12bot.com/)"
135.181.213.219 - - [26/Feb/2026:18:01:16 -0500] "GET /uaeu-ranks-1st-in-uae-38th-globally-according-to-the-young-university-rankings-2023/feed/ HTTP/1.1" 200 474 "-" "Mozilla/5.0 (compatible; MJ12bot/v1.4.8; http://mj12bot.com/)"
85.208.96.210 - - [26/Feb/2026:18:01:18 -0500] "GET /uae-armed-forces-concludes-deals-worth-aed11-billion-on-day-two-of-dubai-airshow-2021/ HTTP/1.1" 200 14910 "-" "Mozilla/5.0 (compatible; SemrushBot/7~bl; +http://www.semrush.com/bot.html)"
135.181.213.219 - - [26/Feb/2026:18:01:21 -0500] "GET /universal-art-production-a-name-to-reckon-with-in-the-photography-and-video-production-services-across-the-uae/feed/ HTTP/1.1" 200 493 "-" "Mozilla/5.0 (compatible; MJ12bot/v1.4.8; http://mj12bot.com/)"
135.181.213.219 - - [26/Feb/2026:18:01:23 -0500] "GET /university-of-dubai-luiss-university-sign-mou/feed/ HTTP/1.1" 200 415 "-" "Mozilla/5.0 (compatible; MJ12bot/v1.4.8; http://mj12bot.com/)"
135.181.213.219 - - [26/Feb/2026:18:01:26 -0500] "GET /unlimited-tandoori-nights-at-dhaba-lane-al-garhoud/feed/ HTTP/1.1" 200 440 "-" "Mozilla/5.0 (compatible; MJ12bot/v1.4.8; http://mj12bot.com/)"
135.181.213.219 - - [26/Feb/2026:18:01:29 -0500] "GET /vasu-jit-kalia-honored-as-celebrity-media-strategist-at-leadership-excellence-awards/ HTTP/1.1" 200 12721 "-" "Mozilla/5.0 (compatible; MJ12bot/v1.4.8; http://mj12bot.com/)"
44.213.36.21 - - [26/Feb/2026:18:01:34 -0500] "GET /wp-json/wp/v2/posts/5831 HTTP/1.1" 200 5699 "-" "Mozilla/5.0 AppleWebKit/537.36 (KHTML, like Gecko; compatible; Amazonbot/0.1; +https://developer.amazon.com/support/amazonbot) Chrome/119.0.6045.214 Safari/537.36"
135.181.213.219 - - [26/Feb/2026:18:00:51 -0500] "GET /uae-president-receives-speaker-of-azerbaijans-milli-majlis/feed/ HTTP/1.1" 200 452 "-" "Mozilla/5.0 (compatible; MJ12bot/v1.4.8; http://mj12bot.com/)"
