54.90.8.255 - - [26/Feb/2026:10:47:38 -0500] "GET /wp-content/uploads/2023/11/Khaled-bin-Mohamed-bin-Zayed-850x560.jpg HTTP/1.1" 200 75666 "-" "Mozilla/5.0 AppleWebKit/537.36 (KHTML, like Gecko; compatible; Amazonbot/0.1; +https://developer.amazon.com/support/amazonbot) Chrome/119.0.6045.214 Safari/537.36"
35.169.240.53 - - [26/Feb/2026:10:47:46 -0500] "GET /wp-content/uploads/2022/02/block-850x560.jpeg HTTP/1.1" 200 92233 "-" "Mozilla/5.0 AppleWebKit/537.36 (KHTML, like Gecko; compatible; Amazonbot/0.1; +https://developer.amazon.com/support/amazonbot) Chrome/119.0.6045.214 Safari/537.36"
77.75.77.109 - - [26/Feb/2026:10:50:19 -0500] "GET /3782/ HTTP/1.1" 200 18680 "-" "Mozilla/5.0 (compatible; SeznamBot/4.0; +https://o-seznam.cz/napoveda/vyhledavani/en/seznambot-crawler/)"
151.80.133.111 - - [26/Feb/2026:10:50:30 -0500] "GET /uae-seychelles-discuss-economic-cooperation-at-expo-2020-dubai/ HTTP/1.1" 200 12351 "-" "Mozilla/5.0 (Windows NT 10.0; Win64; x64) AppleWebKit/537.36 (KHTML, like Gecko) Chrome/139.0.0.0 Safari/537.36"
114.119.156.60 - - [26/Feb/2026:10:48:20 -0500] "GET /bahrains-king-receives-uae-president-at-his-residence-in-abu-dhabi/ HTTP/1.1" 200 14670 "https://www.thedubaitoday.com/bahrains-king-receives-uae-president-at-his-residence-in-abu-dhabi" "Mozilla/5.0 (Linux; Android 7.0;) AppleWebKit/537.36 (KHTML, like Gecko) Mobile Safari/537.36 (compatible; PetalBot;+https://webmaster.petalsearch.com/site/petalbot)"
114.119.129.24 - - [26/Feb/2026:10:49:46 -0500] "GET /author/admin/page/98/ HTTP/1.1" 200 16361 "https://www.thedubaitoday.com/author/admin/page/100/" "Mozilla/5.0 (Linux; Android 7.0;) AppleWebKit/537.36 (KHTML, like Gecko) Mobile Safari/537.36 (compatible; PetalBot;+https://webmaster.petalsearch.com/site/petalbot)"
114.119.141.83 - - [26/Feb/2026:10:52:29 -0500] "GET /author/admin/page/71/ HTTP/1.1" 200 16499 "https://www.thedubaitoday.com/author/admin/page/72/" "Mozilla/5.0 (Linux; Android 7.0;) AppleWebKit/537.36 (KHTML, like Gecko) Mobile Safari/537.36 (compatible; PetalBot;+https://webmaster.petalsearch.com/site/petalbot)"
77.75.79.109 - - [26/Feb/2026:10:55:57 -0500] "GET /business-tycoon-seif-el-hakim-forays-into-dubai-market/ HTTP/1.1" 200 16313 "-" "Mozilla/5.0 (compatible; SeznamBot/4.0; +https://o-seznam.cz/napoveda/vyhledavani/en/seznambot-crawler/)"
114.119.156.60 - - [26/Feb/2026:10:58:03 -0500] "GET /asean-committee-in-abu-dhabi-underlines-commitment-to-strengthening-asean-uae-ties HTTP/1.1" 301 0 "https://www.thedubaitoday.com/category/international-news" "Mozilla/5.0 (Linux; Android 7.0;) AppleWebKit/537.36 (KHTML, like Gecko) Mobile Safari/537.36 (compatible; PetalBot;+https://webmaster.petalsearch.com/site/petalbot)"
114.119.129.24 - - [26/Feb/2026:10:59:33 -0500] "GET /arab-monetary-fund-holds-virtual-workshop-showcasing-bunas-abilities-to-enhance-and-support-growth-of-global-payment-industry HTTP/1.1" 301 0 "https://www.thedubaitoday.com/category/business/page/17" "Mozilla/5.0 (Linux; Android 7.0;) AppleWebKit/537.36 (KHTML, like Gecko) Mobile Safari/537.36 (compatible; PetalBot;+https://webmaster.petalsearch.com/site/petalbot)"
141.94.76.134 - - [26/Feb/2026:10:51:03 -0500] "GET /rta-launches-two-marine-lines-in-cooperation-with-developers/ HTTP/1.1" 200 12648 "-" "Mozilla/5.0 (Windows NT 10.0; Win64; x64) AppleWebKit/537.36 (KHTML, like Gecko) Chrome/139.0.0.0 Safari/537.36"
114.119.130.109 - - [26/Feb/2026:10:51:09 -0500] "GET /author/admin/page/75/ HTTP/1.1" 200 16409 "https://www.thedubaitoday.com/author/admin/page/74/" "Mozilla/5.0 (Linux; Android 7.0;) AppleWebKit/537.36 (KHTML, like Gecko) Mobile Safari/537.36 (compatible; PetalBot;+https://webmaster.petalsearch.com/site/petalbot)"
114.119.156.60 - - [26/Feb/2026:10:53:54 -0500] "GET /author/admin/page/165/ HTTP/1.1" 200 16606 "https://www.thedubaitoday.com/author/admin/page/167/" "Mozilla/5.0 (Linux; Android 7.0;) AppleWebKit/537.36 (KHTML, like Gecko) Mobile Safari/537.36 (compatible; PetalBot;+https://webmaster.petalsearch.com/site/petalbot)"
114.119.129.24 - - [26/Feb/2026:10:55:17 -0500] "GET /author/admin/page/144/ HTTP/1.1" 200 16160 "https://www.thedubaitoday.com/author/admin/page/145/" "Mozilla/5.0 (Linux; Android 7.0;) AppleWebKit/537.36 (KHTML, like Gecko) Mobile Safari/537.36 (compatible; PetalBot;+https://webmaster.petalsearch.com/site/petalbot)"
114.119.136.150 - - [26/Feb/2026:10:56:41 -0500] "GET /author/admin/page/129/ HTTP/1.1" 200 16345 "https://www.thedubaitoday.com/author/admin/page/131/" "Mozilla/5.0 (Linux; Android 7.0;) AppleWebKit/537.36 (KHTML, like Gecko) Mobile Safari/537.36 (compatible; PetalBot;+https://webmaster.petalsearch.com/site/petalbot)"
114.119.156.60 - - [26/Feb/2026:10:58:05 -0500] "GET /asean-committee-in-abu-dhabi-underlines-commitment-to-strengthening-asean-uae-ties/ HTTP/1.1" 200 14605 "https://www.thedubaitoday.com/category/international-news" "Mozilla/5.0 (Linux; Android 7.0;) AppleWebKit/537.36 (KHTML, like Gecko) Mobile Safari/537.36 (compatible; PetalBot;+https://webmaster.petalsearch.com/site/petalbot)"
114.119.129.24 - - [26/Feb/2026:10:59:36 -0500] "GET /arab-monetary-fund-holds-virtual-workshop-showcasing-bunas-abilities-to-enhance-and-support-growth-of-global-payment-industry/ HTTP/1.1" 200 15385 "https://www.thedubaitoday.com/category/business/page/17" "Mozilla/5.0 (Linux; Android 7.0;) AppleWebKit/537.36 (KHTML, like Gecko) Mobile Safari/537.36 (compatible; PetalBot;+https://webmaster.petalsearch.com/site/petalbot)"
77.75.79.109 - - [26/Feb/2026:11:00:03 -0500] "GET / HTTP/1.1" 200 20744 "-" "Mozilla/5.0 (compatible; SeznamBot/4.0; +https://o-seznam.cz/napoveda/vyhledavani/en/seznambot-crawler/)"
14.240.62.124 - - [26/Feb/2026:11:00:05 -0500] "GET /category/business/page/17/ HTTP/1.1" 200 16458 "-" "Mozilla/5.0 (Macintosh; Intel Mac OS X 10_15_7) AppleWebKit/537.36 (KHTML, like Gecko) Chrome/99.0.4844.51 Safari/537.36"
114.119.135.207 - - [26/Feb/2026:11:00:56 -0500] "GET /antonio-guterres-secures-second-term-as-un-secretary-general HTTP/1.1" 301 0 "https://www.thedubaitoday.com/category/national-news/page/44" "Mozilla/5.0 (Linux; Android 7.0;) AppleWebKit/537.36 (KHTML, like Gecko) Mobile Safari/537.36 (compatible; PetalBot;+https://webmaster.petalsearch.com/site/petalbot)"
114.119.135.207 - - [26/Feb/2026:11:00:58 -0500] "GET /antonio-guterres-secures-second-term-as-un-secretary-general/ HTTP/1.1" 200 14510 "https://www.thedubaitoday.com/category/national-news/page/44" "Mozilla/5.0 (Linux; Android 7.0;) AppleWebKit/537.36 (KHTML, like Gecko) Mobile Safari/537.36 (compatible; PetalBot;+https://webmaster.petalsearch.com/site/petalbot)"
110.249.201.149 - - [26/Feb/2026:11:01:42 -0500] "GET /robots.txt HTTP/1.1" 200 117 "-" "Mozilla/5.0 (Linux; Android 5.0) AppleWebKit/537.36 (KHTML, like Gecko) Mobile Safari/537.36 (compatible; Bytespider; https://zhanzhang.toutiao.com/)"
114.119.156.60 - - [26/Feb/2026:11:02:18 -0500] "GET /all-28-airlines-now-operating-from-terminal-a-following-completion-of-transition-phase HTTP/1.1" 301 0 "https://www.thedubaitoday.com/category/travel-tourism/airlines" "Mozilla/5.0 (Linux; Android 7.0;) AppleWebKit/537.36 (KHTML, like Gecko) Mobile Safari/537.36 (compatible; PetalBot;+https://webmaster.petalsearch.com/site/petalbot)"
162.213.253.84 - - [26/Feb/2026:11:03:41 -0500] "POST /wp-cron.php?doing_wp_cron=1772121821.2834589481353759765625 HTTP/1.1" 200 0 "https://www.thedubaitoday.com/wp-cron.php?doing_wp_cron=1772121821.2834589481353759765625" "WordPress/5.5.16; https://www.thedubaitoday.com"
114.119.141.83 - - [26/Feb/2026:11:03:44 -0500] "GET /alef-group-announces-launch-of-samr-2-in-hayyan/ HTTP/1.1" 200 14624 "https://www.thedubaitoday.com/author/admin/page/6" "Mozilla/5.0 (Linux; Android 7.0;) AppleWebKit/537.36 (KHTML, like Gecko) Mobile Safari/537.36 (compatible; PetalBot;+https://webmaster.petalsearch.com/site/petalbot)"
114.119.135.207 - - [26/Feb/2026:11:05:01 -0500] "GET /aldar-properties-to-acquire-four-commercial-towers-in-adgm-from-mubadala-investment-company/ HTTP/1.1" 200 15397 "https://www.thedubaitoday.com/?cat=51&paged=4" "Mozilla/5.0 (Linux; Android 7.0;) AppleWebKit/537.36 (KHTML, like Gecko) Mobile Safari/537.36 (compatible; PetalBot;+https://webmaster.petalsearch.com/site/petalbot)"
77.75.79.109 - - [26/Feb/2026:11:06:48 -0500] "GET /dubais-international-property-show-concludes-on-high-note/ HTTP/1.1" 200 15865 "-" "Mozilla/5.0 (compatible; SeznamBot/4.0; +https://o-seznam.cz/napoveda/vyhledavani/en/seznambot-crawler/)"
114.119.130.109 - - [26/Feb/2026:11:06:49 -0500] "GET /al-bowardi-icrc-president-discuss-advancing-cooperation/ HTTP/1.1" 200 14434 "https://www.thedubaitoday.com/category/national-news/page/49" "Mozilla/5.0 (Linux; Android 7.0;) AppleWebKit/537.36 (KHTML, like Gecko) Mobile Safari/537.36 (compatible; PetalBot;+https://webmaster.petalsearch.com/site/petalbot)"
114.119.156.60 - - [26/Feb/2026:11:07:49 -0500] "GET /al-bandar-rotana-to-serve-iftar-with-a-unique-iftar-dining-experience/ HTTP/1.1" 200 14913 "https://www.thedubaitoday.com/category/travel-tourism/eating-out" "Mozilla/5.0 (Linux; Android 7.0;) AppleWebKit/537.36 (KHTML, like Gecko) Mobile Safari/537.36 (compatible; PetalBot;+https://webmaster.petalsearch.com/site/petalbot)"
3.221.50.71 - - [26/Feb/2026:11:08:23 -0500] "GET /wp-json/oembed/1.0/embed?url=https://www.thedubaitoday.com/sultan-of-oman-mourns-death-of-sheikh-khalifa-bin-zayed/ HTTP/1.1" 200 2704 "-" "Mozilla/5.0 AppleWebKit/537.36 (KHTML, like Gecko; compatible; Amazonbot/0.1; +https://developer.amazon.com/support/amazonbot) Chrome/119.0.6045.214 Safari/537.36"
54.162.69.192 - - [26/Feb/2026:11:08:33 -0500] "GET /wp-json/oembed/1.0/embed?url=https://www.thedubaitoday.com/mansoor-bin-mohammed-opens-intersec-2022/ HTTP/1.1" 200 2628 "-" "Mozilla/5.0 AppleWebKit/537.36 (KHTML, like Gecko; compatible; Amazonbot/0.1; +https://developer.amazon.com/support/amazonbot) Chrome/119.0.6045.214 Safari/537.36"
52.22.87.224 - - [26/Feb/2026:11:08:35 -0500] "GET /wp-json/wp/v2/posts/9314 HTTP/1.1" 200 4733 "-" "Mozilla/5.0 AppleWebKit/537.36 (KHTML, like Gecko; compatible; Amazonbot/0.1; +https://developer.amazon.com/support/amazonbot) Chrome/119.0.6045.214 Safari/537.36"
98.83.177.42 - - [26/Feb/2026:11:08:47 -0500] "GET /wp-json/oembed/1.0/embed?url=https://www.thedubaitoday.com/sharjah-book-authority-hosts-elite-emirati-and-arab-intellectuals-at-algiers-international-book-fair/ HTTP/1.1" 200 2946 "-" "Mozilla/5.0 AppleWebKit/537.36 (KHTML, like Gecko; compatible; Amazonbot/0.1; +https://developer.amazon.com/support/amazonbot) Chrome/119.0.6045.214 Safari/537.36"
114.119.156.60 - - [26/Feb/2026:11:02:20 -0500] "GET /all-28-airlines-now-operating-from-terminal-a-following-completion-of-transition-phase/ HTTP/1.1" 200 14821 "https://www.thedubaitoday.com/category/travel-tourism/airlines" "Mozilla/5.0 (Linux; Android 7.0;) AppleWebKit/537.36 (KHTML, like Gecko) Mobile Safari/537.36 (compatible; PetalBot;+https://webmaster.petalsearch.com/site/petalbot)"
114.119.141.83 - - [26/Feb/2026:11:03:40 -0500] "GET /alef-group-announces-launch-of-samr-2-in-hayyan HTTP/1.1" 301 0 "https://www.thedubaitoday.com/author/admin/page/6" "Mozilla/5.0 (Linux; Android 7.0;) AppleWebKit/537.36 (KHTML, like Gecko) Mobile Safari/537.36 (compatible; PetalBot;+https://webmaster.petalsearch.com/site/petalbot)"
43.173.181.180 - - [26/Feb/2026:11:04:48 -0500] "GET /?p=7046 HTTP/1.1" 404 11096 "-" "Mozilla/5.0 (Windows NT 10.0; Win64; x64) AppleWebKit/537.36 (KHTML, like Gecko) Chrome/107.0.0.0 Safari/537.36"
43.173.169.42 - - [26/Feb/2026:11:04:48 -0500] "GET /?p=7495 HTTP/1.1" 404 11096 "-" "Mozilla/5.0 (Windows NT 10.0; Win64; x64) AppleWebKit/537.36 (KHTML, like Gecko) Chrome/103.0.0.0 Safari/537.36"
43.173.176.22 - - [26/Feb/2026:11:04:48 -0500] "GET /?p=7295 HTTP/1.1" 404 11096 "-" "Mozilla/5.0 (Windows NT 10.0; Win64; x64) AppleWebKit/537.36 (KHTML, like Gecko) Chrome/131.0.0.0 Safari/537.36"
57.141.2.36 - - [26/Feb/2026:11:05:02 -0500] "GET /a-night-to-remember-from-muskaan-events-miss-uae-international-2024-and-gulf-achievers-2024/ HTTP/1.1" 200 69606 "-" "meta-externalagent/1.1 (+https://developers.facebook.com/docs/sharing/webmasters/crawler)"
114.119.130.109 - - [26/Feb/2026:11:06:47 -0500] "GET /al-bowardi-icrc-president-discuss-advancing-cooperation HTTP/1.1" 301 0 "https://www.thedubaitoday.com/category/national-news/page/49" "Mozilla/5.0 (Linux; Android 7.0;) AppleWebKit/537.36 (KHTML, like Gecko) Mobile Safari/537.36 (compatible; PetalBot;+https://webmaster.petalsearch.com/site/petalbot)"
114.119.156.60 - - [26/Feb/2026:11:07:47 -0500] "GET /al-bandar-rotana-to-serve-iftar-with-a-unique-iftar-dining-experience HTTP/1.1" 301 0 "https://www.thedubaitoday.com/category/travel-tourism/eating-out" "Mozilla/5.0 (Linux; Android 7.0;) AppleWebKit/537.36 (KHTML, like Gecko) Mobile Safari/537.36 (compatible; PetalBot;+https://webmaster.petalsearch.com/site/petalbot)"
44.196.118.6 - - [26/Feb/2026:11:08:27 -0500] "GET /wp-json/oembed/1.0/embed?url=https://www.thedubaitoday.com/leaders-sport-business-summit-abu-dhabi-returns-in-march/ HTTP/1.1" 200 2724 "-" "Mozilla/5.0 AppleWebKit/537.36 (KHTML, like Gecko; compatible; Amazonbot/0.1; +https://developer.amazon.com/support/amazonbot) Chrome/119.0.6045.214 Safari/537.36"
54.84.250.51 - - [26/Feb/2026:11:08:40 -0500] "GET /wp-json/oembed/1.0/embed?format=xml&url=https://www.thedubaitoday.com/uae-president-meets-russias-president-underscores-importance-of-dialogue-political-solutions/ HTTP/1.1" 200 1376 "-" "Mozilla/5.0 AppleWebKit/537.36 (KHTML, like Gecko; compatible; Amazonbot/0.1; +https://developer.amazon.com/support/amazonbot) Chrome/119.0.6045.214 Safari/537.36"
34.230.124.21 - - [26/Feb/2026:11:08:48 -0500] "GET /wp-json/wp/v2/posts/6812 HTTP/1.1" 200 4043 "-" "Mozilla/5.0 AppleWebKit/537.36 (KHTML, like Gecko; compatible; Amazonbot/0.1; +https://developer.amazon.com/support/amazonbot) Chrome/119.0.6045.214 Safari/537.36"
114.119.141.83 - - [26/Feb/2026:11:09:16 -0500] "GET /aed151-million-real-estate-transactions-in-rak-in-september/ HTTP/1.1" 200 14087 "https://www.thedubaitoday.com/aed151-million-real-estate-transactions-in-rak-in-september" "Mozilla/5.0 (Linux; Android 7.0;) AppleWebKit/537.36 (KHTML, like Gecko) Mobile Safari/537.36 (compatible; PetalBot;+https://webmaster.petalsearch.com/site/petalbot)"
35.169.119.108 - - [26/Feb/2026:11:08:52 -0500] "GET /wp-json/oembed/1.0/embed?format=xml&url=https://www.thedubaitoday.com/al-jalila-foundation-positive-zero-inaugurate-rooftop-and-carport-solar-project/ HTTP/1.1" 200 1368 "-" "Mozilla/5.0 AppleWebKit/537.36 (KHTML, like Gecko; compatible; Amazonbot/0.1; +https://developer.amazon.com/support/amazonbot) Chrome/119.0.6045.214 Safari/537.36"
205.185.114.145 - - [26/Feb/2026:11:09:15 -0500] "GET /wp-login.php HTTP/1.1" 200 7425 "-" "Mozilla/5.0 (Macintosh; Intel Mac OS X 10_9_0) AppleWebKit/537.36 (KHTML, like Gecko) Chrome/36.0.1985.125 Safari/537.36"
205.185.114.145 - - [26/Feb/2026:11:09:15 -0500] "POST /wp-login.php HTTP/1.1" 200 7858 "-" "Mozilla/5.0 (Macintosh; Intel Mac OS X 10_9_0) AppleWebKit/537.36 (KHTML, like Gecko) Chrome/36.0.1985.125 Safari/537.36"
143.20.253.113 - - [26/Feb/2026:11:09:25 -0500] "GET /?feed=rss2&p=4314 HTTP/1.1" 301 0 "-" "Mozilla/5.0 (Macintosh; Intel Mac OS X 10_15_7) AppleWebKit/537.36 (KHTML, like Gecko) Chrome/135.0.0.0 Safari/537.36"
143.20.253.113 - - [26/Feb/2026:11:09:25 -0500] "GET /dubai-to-host-healthcare-future-summit-in-december/feed/ HTTP/1.1" 200 486 "-" "Mozilla/5.0 (Macintosh; Intel Mac OS X 10_15_7) AppleWebKit/537.36 (KHTML, like Gecko) Chrome/135.0.0.0 Safari/537.36"
114.119.151.155 - - [26/Feb/2026:11:10:38 -0500] "GET /adek-launches-new-edition-of-scholarships-for-distinguished-students/ HTTP/1.1" 200 15956 "https://www.thedubaitoday.com/?p=4066" "Mozilla/5.0 (Linux; Android 7.0;) AppleWebKit/537.36 (KHTML, like Gecko) Mobile Safari/537.36 (compatible; PetalBot;+https://webmaster.petalsearch.com/site/petalbot)"
77.75.79.109 - - [26/Feb/2026:11:10:59 -0500] "GET /mohamed-bin-zayed-receives-prime-minister-of-morocco/ HTTP/1.1" 200 15094 "-" "Mozilla/5.0 (compatible; SeznamBot/4.0; +https://o-seznam.cz/napoveda/vyhledavani/en/seznambot-crawler/)"
114.119.130.109 - - [26/Feb/2026:11:12:02 -0500] "GET /abdullah-bin-zayed-lauds-saudi-arabia-for-evacuating-uae-citizens-from-sudan HTTP/1.1" 301 0 "-" "Mozilla/5.0 (Linux; Android 7.0;) AppleWebKit/537.36 (KHTML, like Gecko) Mobile Safari/537.36 (compatible; PetalBot;+https://webmaster.petalsearch.com/site/petalbot)"
114.119.130.109 - - [26/Feb/2026:11:12:04 -0500] "GET /abdullah-bin-zayed-lauds-saudi-arabia-for-evacuating-uae-citizens-from-sudan/ HTTP/1.1" 200 14207 "-" "Mozilla/5.0 (Linux; Android 7.0;) AppleWebKit/537.36 (KHTML, like Gecko) Mobile Safari/537.36 (compatible; PetalBot;+https://webmaster.petalsearch.com/site/petalbot)"
14.233.105.110 - - [26/Feb/2026:11:12:18 -0500] "GET /enjoy-a-free-dessert-this-national-dessert-day/ HTTP/1.1" 200 14247 "-" "Mozilla/5.0 (Macintosh; Intel Mac OS X 10_15_3) AppleWebKit/537.36 (KHTML, like Gecko) Chrome/85.0.4183.83 Safari/537.36"
212.236.221.47 - - [26/Feb/2026:11:12:30 -0500] "GET /wp-content/uploads/2022/04/Elimination-of-Malaria-850x560.jpg HTTP/1.1" 200 84166 "-" "Mozilla/5.0 (compatible; crawler)"
114.119.148.10 - - [26/Feb/2026:11:14:51 -0500] "GET /?p=9884 HTTP/1.1" 301 0 "https://www.thedubaitoday.com/www.drkapil.ru/" "Mozilla/5.0 (Linux; Android 7.0;) AppleWebKit/537.36 (KHTML, like Gecko) Mobile Safari/537.36 (compatible; PetalBot;+https://webmaster.petalsearch.com/site/petalbot)"
114.119.151.155 - - [26/Feb/2026:11:16:11 -0500] "GET /taraf-unveils-w-residences-in-al-maryah-island-bringing-distinctive-luxury-living-to-abu-dhabi/ HTTP/1.1" 200 15477 "https://www.thedubaitoday.com/?cat=2" "Mozilla/5.0 (Linux; Android 7.0;) AppleWebKit/537.36 (KHTML, like Gecko) Mobile Safari/537.36 (compatible; PetalBot;+https://webmaster.petalsearch.com/site/petalbot)"
223.62.246.100 - - [26/Feb/2026:11:13:05 -0500] "GET /wp-content/uploads/2021/07/RTA-Busses-850x560.jpg HTTP/1.1" 200 115718 "-" "Mozilla/5.0 (X11; Ubuntu; Linux x86_64; rv:72.0) Gecko/20100101 Firefox/72.0"
43.173.180.217 - - [26/Feb/2026:11:13:10 -0500] "GET /?p=10057 HTTP/1.1" 301 0 "-" "Mozilla/5.0 (Windows NT 10.0; Win64; x64) AppleWebKit/537.36 (KHTML, like Gecko) Chrome/109.0.0.0 Safari/537.36"
43.173.180.217 - - [26/Feb/2026:11:13:10 -0500] "GET /sheikh-zayed-festival-to-host-one-of-the-largest-new-years-eve-celebrations-in-the-uae/ HTTP/1.1" 200 15265 "https://www.thedubaitoday.com/?p=10057" "Mozilla/5.0 (Windows NT 10.0; Win64; x64) AppleWebKit/537.36 (KHTML, like Gecko) Chrome/109.0.0.0 Safari/537.36"
114.119.130.109 - - [26/Feb/2026:11:13:23 -0500] "GET /abdullah-bin-zayed-affirms-uaes-full-support-for-saudi-initiative-to-reach-a-political-solution-in-yemen HTTP/1.1" 301 0 "https://www.thedubaitoday.com/?cat=67&paged=47" "Mozilla/5.0 (Linux; Android 7.0;) AppleWebKit/537.36 (KHTML, like Gecko) Mobile Safari/537.36 (compatible; PetalBot;+https://webmaster.petalsearch.com/site/petalbot)"
114.119.130.109 - - [26/Feb/2026:11:13:24 -0500] "GET /abdullah-bin-zayed-affirms-uaes-full-support-for-saudi-initiative-to-reach-a-political-solution-in-yemen/ HTTP/1.1" 200 14541 "https://www.thedubaitoday.com/?cat=67&paged=47" "Mozilla/5.0 (Linux; Android 7.0;) AppleWebKit/537.36 (KHTML, like Gecko) Mobile Safari/537.36 (compatible; PetalBot;+https://webmaster.petalsearch.com/site/petalbot)"
114.119.148.10 - - [26/Feb/2026:11:14:53 -0500] "GET /atm-2025-opens-tomorrow-uniting-travel-professionals-from-over-166-countries/ HTTP/1.1" 200 16236 "https://www.thedubaitoday.com/www.drkapil.ru/" "Mozilla/5.0 (Linux; Android 7.0;) AppleWebKit/537.36 (KHTML, like Gecko) Mobile Safari/537.36 (compatible; PetalBot;+https://webmaster.petalsearch.com/site/petalbot)"
162.213.253.84 - - [26/Feb/2026:11:16:09 -0500] "POST /wp-cron.php?doing_wp_cron=1772122569.9588479995727539062500 HTTP/1.1" 200 0 "https://www.thedubaitoday.com/wp-cron.php?doing_wp_cron=1772122569.9588479995727539062500" "WordPress/5.5.16; https://www.thedubaitoday.com"
114.119.151.155 - - [26/Feb/2026:11:16:09 -0500] "GET /?p=9643 HTTP/1.1" 301 0 "https://www.thedubaitoday.com/?cat=2" "Mozilla/5.0 (Linux; Android 7.0;) AppleWebKit/537.36 (KHTML, like Gecko) Mobile Safari/537.36 (compatible; PetalBot;+https://webmaster.petalsearch.com/site/petalbot)"
114.119.129.24 - - [26/Feb/2026:11:17:34 -0500] "GET /?p=9526 HTTP/1.1" 301 0 "https://www.thedubaitoday.com/?author=1&paged=11" "Mozilla/5.0 (Linux; Android 7.0;) AppleWebKit/537.36 (KHTML, like Gecko) Mobile Safari/537.36 (compatible; PetalBot;+https://webmaster.petalsearch.com/site/petalbot)"
114.119.129.24 - - [26/Feb/2026:11:17:37 -0500] "GET /mediclinic-abu-dhabi-annual-cancer-conference-concludes-in-abu-dhabi/ HTTP/1.1" 200 15178 "https://www.thedubaitoday.com/?author=1&paged=11" "Mozilla/5.0 (Linux; Android 7.0;) AppleWebKit/537.36 (KHTML, like Gecko) Mobile Safari/537.36 (compatible; PetalBot;+https://webmaster.petalsearch.com/site/petalbot)"
77.75.79.109 - - [26/Feb/2026:11:17:58 -0500] "GET /dubai-opera-hosts-legendary-opera-singer-andrea-bocelli/ HTTP/1.1" 200 15774 "-" "Mozilla/5.0 (compatible; SeznamBot/4.0; +https://o-seznam.cz/napoveda/vyhledavani/en/seznambot-crawler/)"
100.24.149.244 - - [26/Feb/2026:11:18:22 -0500] "GET /wp-json/oembed/1.0/embed?url=https://www.thedubaitoday.com/the-countdown-to-presale-started-and-the-initial-coin-offering-is-scheduled-for-march-15-gulfcoin-cryptocurrency-to-provide-digital-services-and-financial-inclusion-to-the-masses/ HTTP/1.1" 200 3318 "-" "Mozilla/5.0 AppleWebKit/537.36 (KHTML, like Gecko; compatible; Amazonbot/0.1; +https://developer.amazon.com/support/amazonbot) Chrome/119.0.6045.214 Safari/537.36"
98.84.184.80 - - [26/Feb/2026:11:18:24 -0500] "GET /wp-json/oembed/1.0/embed?url=https://www.thedubaitoday.com/damac-knowledge-fund-establishment-sign-agreement-to-support-dubai-schools-project/ HTTP/1.1" 200 2840 "-" "Mozilla/5.0 AppleWebKit/537.36 (KHTML, like Gecko; compatible; Amazonbot/0.1; +https://developer.amazon.com/support/amazonbot) Chrome/119.0.6045.214 Safari/537.36"
98.84.60.17 - - [26/Feb/2026:11:18:28 -0500] "GET /wp-json/wp/v2/posts/7636 HTTP/1.1" 200 4651 "-" "Mozilla/5.0 AppleWebKit/537.36 (KHTML, like Gecko; compatible; Amazonbot/0.1; +https://developer.amazon.com/support/amazonbot) Chrome/119.0.6045.214 Safari/537.36"
54.204.62.163 - - [26/Feb/2026:11:18:42 -0500] "GET /wp-json/oembed/1.0/embed?url=https://www.thedubaitoday.com/abdullah-bin-zayed-uk-minister-for-me-and-north-africa-review-regional-international-developments/ HTTP/1.1" 200 2926 "-" "Mozilla/5.0 AppleWebKit/537.36 (KHTML, like Gecko; compatible; Amazonbot/0.1; +https://developer.amazon.com/support/amazonbot) Chrome/119.0.6045.214 Safari/537.36"
54.157.84.74 - - [26/Feb/2026:11:18:43 -0500] "GET /wp-json/wp/v2/posts/7655 HTTP/1.1" 200 7493 "-" "Mozilla/5.0 AppleWebKit/537.36 (KHTML, like Gecko; compatible; Amazonbot/0.1; +https://developer.amazon.com/support/amazonbot) Chrome/119.0.6045.214 Safari/537.36"
23.23.103.31 - - [26/Feb/2026:11:18:46 -0500] "GET /wp-json/wp/v2/posts/8629 HTTP/1.1" 200 4355 "-" "Mozilla/5.0 AppleWebKit/537.36 (KHTML, like Gecko; compatible; Amazonbot/0.1; +https://developer.amazon.com/support/amazonbot) Chrome/119.0.6045.214 Safari/537.36"
34.230.124.21 - - [26/Feb/2026:11:18:51 -0500] "GET /wp-json/wp/v2/posts/7737 HTTP/1.1" 200 3039 "-" "Mozilla/5.0 AppleWebKit/537.36 (KHTML, like Gecko; compatible; Amazonbot/0.1; +https://developer.amazon.com/support/amazonbot) Chrome/119.0.6045.214 Safari/537.36"
114.119.129.24 - - [26/Feb/2026:11:21:45 -0500] "GET /?p=9281 HTTP/1.1" 301 0 "https://www.thedubaitoday.com/?p=9281" "Mozilla/5.0 (Linux; Android 7.0;) AppleWebKit/537.36 (KHTML, like Gecko) Mobile Safari/537.36 (compatible; PetalBot;+https://webmaster.petalsearch.com/site/petalbot)"
43.134.43.82 - - [26/Feb/2026:11:22:37 -0500] "GET /free-entry-to-sharjah-museums-on-international-museum-day/ HTTP/1.1" 200 14539 "-" "Sogou web spider/4.0(+http://www.sogou.com/docs/help/webmasters.htm#07)"
114.119.136.150 - - [26/Feb/2026:11:23:17 -0500] "GET /uae-president-receives-phone-call-from-syrian-president/ HTTP/1.1" 200 14119 "https://www.thedubaitoday.com/?cat=67&paged=9" "Mozilla/5.0 (Linux; Android 7.0;) AppleWebKit/537.36 (KHTML, like Gecko) Mobile Safari/537.36 (compatible; PetalBot;+https://webmaster.petalsearch.com/site/petalbot)"
129.226.207.83 - - [26/Feb/2026:11:18:05 -0500] "GET /zayed-charitable-and-humanitarian-foundation-lays-foundation-stone-of-islamic-academy-in-kyrgyzstan/ HTTP/1.1" 200 14814 "-" "Sogou web spider/4.0(+http://www.sogou.com/docs/help/webmasters.htm#07)"
54.225.148.123 - - [26/Feb/2026:11:18:33 -0500] "GET /wp-json/wp/v2/posts/9821 HTTP/1.1" 200 2931 "-" "Mozilla/5.0 AppleWebKit/537.36 (KHTML, like Gecko; compatible; Amazonbot/0.1; +https://developer.amazon.com/support/amazonbot) Chrome/119.0.6045.214 Safari/537.36"
34.234.197.175 - - [26/Feb/2026:11:18:39 -0500] "GET /wp-json/oembed/1.0/embed?format=xml&url=https://www.thedubaitoday.com/dubai-south-announces-successful-first-stage-trials-of-autonomous-vehicle/ HTTP/1.1" 200 1347 "-" "Mozilla/5.0 AppleWebKit/537.36 (KHTML, like Gecko; compatible; Amazonbot/0.1; +https://developer.amazon.com/support/amazonbot) Chrome/119.0.6045.214 Safari/537.36"
114.119.148.10 - - [26/Feb/2026:11:19:05 -0500] "GET /?p=9394 HTTP/1.1" 301 0 "https://www.thedubaitoday.com/?author=1&paged=15" "Mozilla/5.0 (Linux; Android 7.0;) AppleWebKit/537.36 (KHTML, like Gecko) Mobile Safari/537.36 (compatible; PetalBot;+https://webmaster.petalsearch.com/site/petalbot)"
114.119.148.10 - - [26/Feb/2026:11:19:06 -0500] "GET /joby-to-launch-air-taxi-service-in-uae/ HTTP/1.1" 200 16177 "https://www.thedubaitoday.com/?author=1&paged=15" "Mozilla/5.0 (Linux; Android 7.0;) AppleWebKit/537.36 (KHTML, like Gecko) Mobile Safari/537.36 (compatible; PetalBot;+https://webmaster.petalsearch.com/site/petalbot)"
114.119.156.60 - - [26/Feb/2026:11:20:27 -0500] "GET /?p=9373 HTTP/1.1" 301 0 "https://www.thedubaitoday.com/?cat=45&paged=2" "Mozilla/5.0 (Linux; Android 7.0;) AppleWebKit/537.36 (KHTML, like Gecko) Mobile Safari/537.36 (compatible; PetalBot;+https://webmaster.petalsearch.com/site/petalbot)"
114.119.156.60 - - [26/Feb/2026:11:20:29 -0500] "GET /cleveland-clinic-abu-dhabi-completes-50-successful-deep-brain-stimulation-implants-for-parkinsons-treatment/ HTTP/1.1" 200 15453 "https://www.thedubaitoday.com/?cat=45&paged=2" "Mozilla/5.0 (Linux; Android 7.0;) AppleWebKit/537.36 (KHTML, like Gecko) Mobile Safari/537.36 (compatible; PetalBot;+https://webmaster.petalsearch.com/site/petalbot)"
114.119.129.24 - - [26/Feb/2026:11:21:46 -0500] "GET /abdullah-bin-zayed-meets-qatari-ambassador-to-uae/ HTTP/1.1" 200 14309 "https://www.thedubaitoday.com/?p=9281" "Mozilla/5.0 (Linux; Android 7.0;) AppleWebKit/537.36 (KHTML, like Gecko) Mobile Safari/537.36 (compatible; PetalBot;+https://webmaster.petalsearch.com/site/petalbot)"
77.75.79.109 - - [26/Feb/2026:11:22:08 -0500] "GET /17th-liwa-date-festival-to-start-july-15/ HTTP/1.1" 200 14328 "-" "Mozilla/5.0 (compatible; SeznamBot/4.0; +https://o-seznam.cz/napoveda/vyhledavani/en/seznambot-crawler/)"
114.119.136.150 - - [26/Feb/2026:11:23:14 -0500] "GET /?p=9000 HTTP/1.1" 301 0 "https://www.thedubaitoday.com/?cat=67&paged=9" "Mozilla/5.0 (Linux; Android 7.0;) AppleWebKit/537.36 (KHTML, like Gecko) Mobile Safari/537.36 (compatible; PetalBot;+https://webmaster.petalsearch.com/site/petalbot)"
114.119.141.83 - - [26/Feb/2026:11:24:36 -0500] "GET /sultan-al-qasimi-approves-jawaher-boston-medical-district-project-to-bring-world-class-healthcare-and-research-opportunities-to-uae/ HTTP/1.1" 200 20016 "https://www.thedubaitoday.com/?cat=45&paged=2" "Mozilla/5.0 (Linux; Android 7.0;) AppleWebKit/537.36 (KHTML, like Gecko) Mobile Safari/537.36 (compatible; PetalBot;+https://webmaster.petalsearch.com/site/petalbot)"
114.119.129.24 - - [26/Feb/2026:11:25:57 -0500] "GET /mohammed-bin-rashid-visits-bridges-of-giving-campaign-centre/ HTTP/1.1" 200 15946 "https://www.thedubaitoday.com/?cat=67&paged=11" "Mozilla/5.0 (Linux; Android 7.0;) AppleWebKit/537.36 (KHTML, like Gecko) Mobile Safari/537.36 (compatible; PetalBot;+https://webmaster.petalsearch.com/site/petalbot)"
114.119.141.83 - - [26/Feb/2026:11:24:34 -0500] "GET /?p=8978 HTTP/1.1" 301 0 "https://www.thedubaitoday.com/?cat=45&paged=2" "Mozilla/5.0 (Linux; Android 7.0;) AppleWebKit/537.36 (KHTML, like Gecko) Mobile Safari/537.36 (compatible; PetalBot;+https://webmaster.petalsearch.com/site/petalbot)"
114.119.129.24 - - [26/Feb/2026:11:25:56 -0500] "GET /?p=8819 HTTP/1.1" 301 0 "https://www.thedubaitoday.com/?cat=67&paged=11" "Mozilla/5.0 (Linux; Android 7.0;) AppleWebKit/537.36 (KHTML, like Gecko) Mobile Safari/537.36 (compatible; PetalBot;+https://webmaster.petalsearch.com/site/petalbot)"
156.245.246.168 - - [26/Feb/2026:11:27:09 -0500] "GET /index.php?rest_route=/wp/v2/posts&per_page=100&_fields=id%2Ccomment_status&page=1 HTTP/1.1" 200 3628 "https://thedubaitoday.com" "Mozilla/5.0 (iPhone; CPU iPhone OS 17_6_1 like Mac OS X) AppleWebKit/605.1.15 (KHTML, like Gecko) Version/17.6 Mobile/15E148 Safari/604.1"
156.245.246.168 - - [26/Feb/2026:11:27:10 -0500] "POST /wp-comments-post.php HTTP/1.1" 403 1205 "https://thedubaitoday.com" "Mozilla/5.0 (iPhone; CPU iPhone OS 17_6_1 like Mac OS X) AppleWebKit/605.1.15 (KHTML, like Gecko) Version/17.6 Mobile/15E148 Safari/604.1"
156.245.246.168 - - [26/Feb/2026:11:27:16 -0500] "POST /wp-comments-post.php HTTP/1.1" 403 1205 "https://thedubaitoday.com" "Mozilla/5.0 (iPhone; CPU iPhone OS 17_6_1 like Mac OS X) AppleWebKit/605.1.15 (KHTML, like Gecko) Version/17.6 Mobile/15E148 Safari/604.1"
114.119.148.10 - - [26/Feb/2026:11:27:31 -0500] "GET /?p=8740 HTTP/1.1" 301 0 "https://www.thedubaitoday.com/?author=1&paged=33" "Mozilla/5.0 (Linux; Android 7.0;) AppleWebKit/537.36 (KHTML, like Gecko) Mobile Safari/537.36 (compatible; PetalBot;+https://webmaster.petalsearch.com/site/petalbot)"
114.119.136.150 - - [26/Feb/2026:11:28:49 -0500] "GET /?p=8606 HTTP/1.1" 301 0 "https://www.thedubaitoday.com/?p=8606" "Mozilla/5.0 (Linux; Android 7.0;) AppleWebKit/537.36 (KHTML, like Gecko) Mobile Safari/537.36 (compatible; PetalBot;+https://webmaster.petalsearch.com/site/petalbot)"
77.75.79.109 - - [26/Feb/2026:11:29:06 -0500] "GET /king-of-bahrain-receives-hamdan-bin-zayed/ HTTP/1.1" 200 14128 "-" "Mozilla/5.0 (compatible; SeznamBot/4.0; +https://o-seznam.cz/napoveda/vyhledavani/en/seznambot-crawler/)"
18.217.62.207 - - [26/Feb/2026:11:30:06 -0500] "GET /sultan-of-oman-leaves-saudi-arabia-after-official-visit-2/ HTTP/1.1" 200 12159 "-" "Mozilla/5.0 (Macintosh; Intel Mac OS X 10_15_7) AppleWebKit/537.36 (KHTML, like Gecko) Chrome/131.0.0.0 Safari/537.36; ClaudeBot/1.0; [email protected])"
18.217.62.207 - - [26/Feb/2026:11:30:06 -0500] "GET /wp-content/plugins/litespeed-cache/assets/css/litespeed-dummy.css?ver=5.5.16 HTTP/1.1" 200 60 "https://www.thedubaitoday.com/sultan-of-oman-leaves-saudi-arabia-after-official-visit-2/" "Mozilla/5.0 (Macintosh; Intel Mac OS X 10_15_7) AppleWebKit/537.36 (KHTML, like Gecko) Chrome/131.0.0.0 Safari/537.36; ClaudeBot/1.0; [email protected])"
18.217.62.207 - - [26/Feb/2026:11:30:06 -0500] "GET /wp-content/plugins/elementor/assets/css/frontend-legacy.min.css?ver=3.0.13 HTTP/1.1" 200 446 "https://www.thedubaitoday.com/sultan-of-oman-leaves-saudi-arabia-after-official-visit-2/" "Mozilla/5.0 (Macintosh; Intel Mac OS X 10_15_7) AppleWebKit/537.36 (KHTML, like Gecko) Chrome/131.0.0.0 Safari/537.36; ClaudeBot/1.0; [email protected])"
18.217.62.207 - - [26/Feb/2026:11:30:06 -0500] "GET /wp-content/plugins/elementor/assets/css/frontend.min.css?ver=3.0.13 HTTP/1.1" 200 14903 "https://www.thedubaitoday.com/sultan-of-oman-leaves-saudi-arabia-after-official-visit-2/" "Mozilla/5.0 (Macintosh; Intel Mac OS X 10_15_7) AppleWebKit/537.36 (KHTML, like Gecko) Chrome/131.0.0.0 Safari/537.36; ClaudeBot/1.0; [email protected])"
114.119.148.10 - - [26/Feb/2026:11:27:32 -0500] "GET /dubai-derma-2023-takes-place-march-1-3/ HTTP/1.1" 200 19435 "https://www.thedubaitoday.com/?author=1&paged=33" "Mozilla/5.0 (Linux; Android 7.0;) AppleWebKit/537.36 (KHTML, like Gecko) Mobile Safari/537.36 (compatible; PetalBot;+https://webmaster.petalsearch.com/site/petalbot)"
143.20.253.249 - - [26/Feb/2026:11:28:34 -0500] "GET /index.php?rest_route=/wp/v2/posts/8388 HTTP/1.1" 200 2918 "-" "Mozilla/5.0 (Macintosh; Intel Mac OS X 10_15_7) AppleWebKit/537.36 (KHTML, like Gecko) Chrome/135.0.0.0 Safari/537.36"
114.119.136.150 - - [26/Feb/2026:11:28:51 -0500] "GET /qatar-2022-witnesses-highest-attendance-in-fifa-world-cup-history/ HTTP/1.1" 200 16248 "https://www.thedubaitoday.com/?p=8606" "Mozilla/5.0 (Linux; Android 7.0;) AppleWebKit/537.36 (KHTML, like Gecko) Mobile Safari/537.36 (compatible; PetalBot;+https://webmaster.petalsearch.com/site/petalbot)"
18.217.62.207 - - [26/Feb/2026:11:30:05 -0500] "GET /robots.txt HTTP/1.1" 200 103 "-" "Mozilla/5.0 (Macintosh; Intel Mac OS X 10_15_7) AppleWebKit/537.36 (KHTML, like Gecko) Chrome/131.0.0.0 Safari/537.36; ClaudeBot/1.0; [email protected])"
18.217.62.207 - - [26/Feb/2026:11:30:06 -0500] "GET /wp-content/plugins/accesspress-social-counter/css/fontawesome-all.css?ver=1.9.0 HTTP/1.1" 200 8084 "https://www.thedubaitoday.com/sultan-of-oman-leaves-saudi-arabia-after-official-visit-2/" "Mozilla/5.0 (Macintosh; Intel Mac OS X 10_15_7) AppleWebKit/537.36 (KHTML, like Gecko) Chrome/131.0.0.0 Safari/537.36; ClaudeBot/1.0; [email protected])"
18.217.62.207 - - [26/Feb/2026:11:30:06 -0500] "GET /wp-content/plugins/contact-form-7/includes/css/styles.css?ver=5.3 HTTP/1.1" 200 621 "https://www.thedubaitoday.com/sultan-of-oman-leaves-saudi-arabia-after-official-visit-2/" "Mozilla/5.0 (Macintosh; Intel Mac OS X 10_15_7) AppleWebKit/537.36 (KHTML, like Gecko) Chrome/131.0.0.0 Safari/537.36; ClaudeBot/1.0; [email protected])"
18.217.62.207 - - [26/Feb/2026:11:30:06 -0500] "GET /wp-content/plugins/wp-ultimate-review/assets/public/css/content-page.css?ver=5.5.16 HTTP/1.1" 200 3806 "https://www.thedubaitoday.com/sultan-of-oman-leaves-saudi-arabia-after-official-visit-2/" "Mozilla/5.0 (Macintosh; Intel Mac OS X 10_15_7) AppleWebKit/537.36 (KHTML, like Gecko) Chrome/131.0.0.0 Safari/537.36; ClaudeBot/1.0; [email protected])"
18.217.62.207 - - [26/Feb/2026:11:30:06 -0500] "GET /wp-content/plugins/elementskit-lite/modules/controls/assets/css/ekiticons.css?ver=5.9.0 HTTP/1.1" 200 11425 "https://www.thedubaitoday.com/sultan-of-oman-leaves-saudi-arabia-after-official-visit-2/" "Mozilla/5.0 (Macintosh; Intel Mac OS X 10_15_7) AppleWebKit/537.36 (KHTML, like Gecko) Chrome/131.0.0.0 Safari/537.36; ClaudeBot/1.0; [email protected])"
18.217.62.207 - - [26/Feb/2026:11:30:06 -0500] "GET /wp-content/plugins/elementor/assets/lib/font-awesome/css/font-awesome.min.css?ver=4.7.0 HTTP/1.1" 200 6657 "https://www.thedubaitoday.com/sultan-of-oman-leaves-saudi-arabia-after-official-visit-2/" "Mozilla/5.0 (Macintosh; Intel Mac OS X 10_15_7) AppleWebKit/537.36 (KHTML, like Gecko) Chrome/131.0.0.0 Safari/537.36; ClaudeBot/1.0; [email protected])"
18.217.62.207 - - [26/Feb/2026:11:30:06 -0500] "GET /wp-content/themes/digiqole/assets/css/icon-font.css?ver=1.4.6 HTTP/1.1" 200 2796 "https://www.thedubaitoday.com/sultan-of-oman-leaves-saudi-arabia-after-official-visit-2/" "Mozilla/5.0 (Macintosh; Intel Mac OS X 10_15_7) AppleWebKit/537.36 (KHTML, like Gecko) Chrome/131.0.0.0 Safari/537.36; ClaudeBot/1.0; [email protected])"
18.217.62.207 - - [26/Feb/2026:11:30:06 -0500] "GET /wp-content/themes/digiqole/assets/css/blog.css?ver=1.4.6 HTTP/1.1" 200 4154 "https://www.thedubaitoday.com/sultan-of-oman-leaves-saudi-arabia-after-official-visit-2/" "Mozilla/5.0 (Macintosh; Intel Mac OS X 10_15_7) AppleWebKit/537.36 (KHTML, like Gecko) Chrome/131.0.0.0 Safari/537.36; ClaudeBot/1.0; [email protected])"
18.217.62.207 - - [26/Feb/2026:11:30:06 -0500] "GET /wp-includes/css/dist/block-library/style.min.css?ver=5.5.16 HTTP/1.1" 200 7455 "https://www.thedubaitoday.com/sultan-of-oman-leaves-saudi-arabia-after-official-visit-2/" "Mozilla/5.0 (Macintosh; Intel Mac OS X 10_15_7) AppleWebKit/537.36 (KHTML, like Gecko) Chrome/131.0.0.0 Safari/537.36; ClaudeBot/1.0; [email protected])"
18.217.62.207 - - [26/Feb/2026:11:30:06 -0500] "GET /wp-includes/css/dist/block-library/theme.min.css?ver=5.5.16 HTTP/1.1" 200 635 "https://www.thedubaitoday.com/sultan-of-oman-leaves-saudi-arabia-after-official-visit-2/" "Mozilla/5.0 (Macintosh; Intel Mac OS X 10_15_7) AppleWebKit/537.36 (KHTML, like Gecko) Chrome/131.0.0.0 Safari/537.36; ClaudeBot/1.0; [email protected])"
18.217.62.207 - - [26/Feb/2026:11:30:06 -0500] "GET /wp-content/plugins/accesspress-social-counter/css/frontend.css?ver=1.9.0 HTTP/1.1" 200 2295 "https://www.thedubaitoday.com/sultan-of-oman-leaves-saudi-arabia-after-official-visit-2/" "Mozilla/5.0 (Macintosh; Intel Mac OS X 10_15_7) AppleWebKit/537.36 (KHTML, like Gecko) Chrome/131.0.0.0 Safari/537.36; ClaudeBot/1.0; [email protected])"
18.217.62.207 - - [26/Feb/2026:11:30:06 -0500] "GET /wp-content/uploads/elementor/css/post-3859.css?ver=1762517660 HTTP/1.1" 200 1104 "https://www.thedubaitoday.com/sultan-of-oman-leaves-saudi-arabia-after-official-visit-2/" "Mozilla/5.0 (Macintosh; Intel Mac OS X 10_15_7) AppleWebKit/537.36 (KHTML, like Gecko) Chrome/131.0.0.0 Safari/537.36; ClaudeBot/1.0; [email protected])"
18.217.62.207 - - [26/Feb/2026:11:30:06 -0500] "GET /wp-includes/css/dashicons.min.css?ver=5.5.16 HTTP/1.1" 200 35107 "https://www.thedubaitoday.com/sultan-of-oman-leaves-saudi-arabia-after-official-visit-2/" "Mozilla/5.0 (Macintosh; Intel Mac OS X 10_15_7) AppleWebKit/537.36 (KHTML, like Gecko) Chrome/131.0.0.0 Safari/537.36; ClaudeBot/1.0; [email protected])"
18.217.62.207 - - [26/Feb/2026:11:30:06 -0500] "GET /wp-content/themes/digiqole/assets/css/bootstrap.min.css?ver=1.4.6 HTTP/1.1" 200 18543 "https://www.thedubaitoday.com/sultan-of-oman-leaves-saudi-arabia-after-official-visit-2/" "Mozilla/5.0 (Macintosh; Intel Mac OS X 10_15_7) AppleWebKit/537.36 (KHTML, like Gecko) Chrome/131.0.0.0 Safari/537.36; ClaudeBot/1.0; [email protected])"
18.217.62.207 - - [26/Feb/2026:11:30:06 -0500] "GET /wp-content/themes/digiqole/assets/css/animate.css?ver=1.4.6 HTTP/1.1" 200 2770 "https://www.thedubaitoday.com/sultan-of-oman-leaves-saudi-arabia-after-official-visit-2/" "Mozilla/5.0 (Macintosh; Intel Mac OS X 10_15_7) AppleWebKit/537.36 (KHTML, like Gecko) Chrome/131.0.0.0 Safari/537.36; ClaudeBot/1.0; [email protected])"
18.217.62.207 - - [26/Feb/2026:11:30:06 -0500] "GET /wp-content/themes/digiqole/assets/css/jquery.mCustomScrollbar.css?ver=1.4.6 HTTP/1.1" 200 5312 "https://www.thedubaitoday.com/sultan-of-oman-leaves-saudi-arabia-after-official-visit-2/" "Mozilla/5.0 (Macintosh; Intel Mac OS X 10_15_7) AppleWebKit/537.36 (KHTML, like Gecko) Chrome/131.0.0.0 Safari/537.36; ClaudeBot/1.0; [email protected])"
18.217.62.207 - - [26/Feb/2026:11:30:06 -0500] "GET /wp-content/themes/digiqole/assets/css/master.css?ver=1.4.6 HTTP/1.1" 200 27631 "https://www.thedubaitoday.com/sultan-of-oman-leaves-saudi-arabia-after-official-visit-2/" "Mozilla/5.0 (Macintosh; Intel Mac OS X 10_15_7) AppleWebKit/537.36 (KHTML, like Gecko) Chrome/131.0.0.0 Safari/537.36; ClaudeBot/1.0; [email protected])"
18.217.62.207 - - [26/Feb/2026:11:30:06 -0500] "GET /wp-content/themes/digiqole/assets/css/woocommerce.css?ver=1.4.6 HTTP/1.1" 200 1465 "https://www.thedubaitoday.com/sultan-of-oman-leaves-saudi-arabia-after-official-visit-2/" "Mozilla/5.0 (Macintosh; Intel Mac OS X 10_15_7) AppleWebKit/537.36 (KHTML, like Gecko) Chrome/131.0.0.0 Safari/537.36; ClaudeBot/1.0; [email protected])"
18.217.62.207 - - [26/Feb/2026:11:30:06 -0500] "GET /wp-content/themes/digiqole/assets/css/owl.carousel.min.css?ver=1.4.6 HTTP/1.1" 200 789 "https://www.thedubaitoday.com/sultan-of-oman-leaves-saudi-arabia-after-official-visit-2/" "Mozilla/5.0 (Macintosh; Intel Mac OS X 10_15_7) AppleWebKit/537.36 (KHTML, like Gecko) Chrome/131.0.0.0 Safari/537.36; ClaudeBot/1.0; [email protected])"
18.217.62.207 - - [26/Feb/2026:11:30:06 -0500] "GET /wp-content/themes/digiqole/assets/css/magnific-popup.css?ver=1.4.6 HTTP/1.1" 200 1906 "https://www.thedubaitoday.com/sultan-of-oman-leaves-saudi-arabia-after-official-visit-2/" "Mozilla/5.0 (Macintosh; Intel Mac OS X 10_15_7) AppleWebKit/537.36 (KHTML, like Gecko) Chrome/131.0.0.0 Safari/537.36; ClaudeBot/1.0; [email protected])"
18.217.62.207 - - [26/Feb/2026:11:30:06 -0500] "GET /wp-content/plugins/elementor/assets/lib/font-awesome/css/solid.min.css?ver=5.12.0 HTTP/1.1" 200 286 "https://www.thedubaitoday.com/sultan-of-oman-leaves-saudi-arabia-after-official-visit-2/" "Mozilla/5.0 (Macintosh; Intel Mac OS X 10_15_7) AppleWebKit/537.36 (KHTML, like Gecko) Chrome/131.0.0.0 Safari/537.36; ClaudeBot/1.0; [email protected])"
18.217.62.207 - - [26/Feb/2026:11:30:06 -0500] "GET /wp-content/plugins/wp-ultimate-review/assets/public/script/content-page.js?ver=5.5.16 HTTP/1.1" 200 948 "https://www.thedubaitoday.com/sultan-of-oman-leaves-saudi-arabia-after-official-visit-2/" "Mozilla/5.0 (Macintosh; Intel Mac OS X 10_15_7) AppleWebKit/537.36 (KHTML, like Gecko) Chrome/131.0.0.0 Safari/537.36; ClaudeBot/1.0; [email protected])"
18.217.62.207 - - [26/Feb/2026:11:30:06 -0500] "GET /wp-content/plugins/elementskit-lite/widgets/init/assets/css/responsive.css?ver=2.0.9.1 HTTP/1.1" 200 2595 "https://www.thedubaitoday.com/sultan-of-oman-leaves-saudi-arabia-after-official-visit-2/" "Mozilla/5.0 (Macintosh; Intel Mac OS X 10_15_7) AppleWebKit/537.36 (KHTML, like Gecko) Chrome/131.0.0.0 Safari/537.36; ClaudeBot/1.0; [email protected])"
18.217.62.207 - - [26/Feb/2026:11:30:06 -0500] "GET /wp-content/plugins/elementor/assets/lib/animations/animations.min.css?ver=3.0.13 HTTP/1.1" 200 2442 "https://www.thedubaitoday.com/sultan-of-oman-leaves-saudi-arabia-after-official-visit-2/" "Mozilla/5.0 (Macintosh; Intel Mac OS X 10_15_7) AppleWebKit/537.36 (KHTML, like Gecko) Chrome/131.0.0.0 Safari/537.36; ClaudeBot/1.0; [email protected])"
18.217.62.207 - - [26/Feb/2026:11:30:06 -0500] "GET /wp-content/plugins/elementor/assets/lib/eicons/css/elementor-icons.min.css?ver=5.9.1 HTTP/1.1" 200 3186 "https://www.thedubaitoday.com/sultan-of-oman-leaves-saudi-arabia-after-official-visit-2/" "Mozilla/5.0 (Macintosh; Intel Mac OS X 10_15_7) AppleWebKit/537.36 (KHTML, like Gecko) Chrome/131.0.0.0 Safari/537.36; ClaudeBot/1.0; [email protected])"
18.217.62.207 - - [26/Feb/2026:11:30:07 -0500] "GET /wp-content/plugins/elementskit-lite/modules/controls/assets/css/widgetarea-editor.css?ver=2.0.9.1 HTTP/1.1" 200 227 "https://www.thedubaitoday.com/sultan-of-oman-leaves-saudi-arabia-after-official-visit-2/" "Mozilla/5.0 (Macintosh; Intel Mac OS X 10_15_7) AppleWebKit/537.36 (KHTML, like Gecko) Chrome/131.0.0.0 Safari/537.36; ClaudeBot/1.0; [email protected])"
18.217.62.207 - - [26/Feb/2026:11:30:07 -0500] "GET /wp-content/plugins/elementskit-lite/widgets/init/assets/js/widget-scripts.js?ver=2.0.9.1 HTTP/1.1" 200 37588 "https://www.thedubaitoday.com/sultan-of-oman-leaves-saudi-arabia-after-official-visit-2/" "Mozilla/5.0 (Macintosh; Intel Mac OS X 10_15_7) AppleWebKit/537.36 (KHTML, like Gecko) Chrome/131.0.0.0 Safari/537.36; ClaudeBot/1.0; [email protected])"
18.217.62.207 - - [26/Feb/2026:11:30:07 -0500] "GET /wp-content/plugins/contact-form-7/includes/js/scripts.js?ver=5.3 HTTP/1.1" 200 3700 "https://www.thedubaitoday.com/sultan-of-oman-leaves-saudi-arabia-after-official-visit-2/" "Mozilla/5.0 (Macintosh; Intel Mac OS X 10_15_7) AppleWebKit/537.36 (KHTML, like Gecko) Chrome/131.0.0.0 Safari/537.36; ClaudeBot/1.0; [email protected])"
18.217.62.207 - - [26/Feb/2026:11:30:06 -0500] "GET /wp-content/themes/digiqole/assets/css/gutenberg-custom.css?ver=1.4.6 HTTP/1.1" 200 4575 "https://www.thedubaitoday.com/sultan-of-oman-leaves-saudi-arabia-after-official-visit-2/" "Mozilla/5.0 (Macintosh; Intel Mac OS X 10_15_7) AppleWebKit/537.36 (KHTML, like Gecko) Chrome/131.0.0.0 Safari/537.36; ClaudeBot/1.0; [email protected])"
18.217.62.207 - - [26/Feb/2026:11:30:06 -0500] "GET /wp-content/plugins/elementskit-lite/widgets/init/assets/css/widget-styles-pro.css?ver=2.0.9.1 HTTP/1.1" 200 22945 "https://www.thedubaitoday.com/sultan-of-oman-leaves-saudi-arabia-after-official-visit-2/" "Mozilla/5.0 (Macintosh; Intel Mac OS X 10_15_7) AppleWebKit/537.36 (KHTML, like Gecko) Chrome/131.0.0.0 Safari/537.36; ClaudeBot/1.0; [email protected])"
18.217.62.207 - - [26/Feb/2026:11:30:06 -0500] "GET /wp-content/themes/digiqole/assets/css/owl.theme.default.min.css?ver=1.4.6 HTTP/1.1" 200 375 "https://www.thedubaitoday.com/sultan-of-oman-leaves-saudi-arabia-after-official-visit-2/" "Mozilla/5.0 (Macintosh; Intel Mac OS X 10_15_7) AppleWebKit/537.36 (KHTML, like Gecko) Chrome/131.0.0.0 Safari/537.36; ClaudeBot/1.0; [email protected])"
18.217.62.207 - - [26/Feb/2026:11:30:06 -0500] "GET /wp-content/plugins/elementskit-lite/widgets/init/assets/css/widget-styles.css?ver=2.0.9.1 HTTP/1.1" 200 46062 "https://www.thedubaitoday.com/sultan-of-oman-leaves-saudi-arabia-after-official-visit-2/" "Mozilla/5.0 (Macintosh; Intel Mac OS X 10_15_7) AppleWebKit/537.36 (KHTML, like Gecko) Chrome/131.0.0.0 Safari/537.36; ClaudeBot/1.0; [email protected])"
18.217.62.207 - - [26/Feb/2026:11:30:06 -0500] "GET /wp-content/plugins/elementor/assets/lib/font-awesome/css/fontawesome.min.css?ver=5.12.0 HTTP/1.1" 200 11671 "https://www.thedubaitoday.com/sultan-of-oman-leaves-saudi-arabia-after-official-visit-2/" "Mozilla/5.0 (Macintosh; Intel Mac OS X 10_15_7) AppleWebKit/537.36 (KHTML, like Gecko) Chrome/131.0.0.0 Safari/537.36; ClaudeBot/1.0; [email protected])"
18.217.62.207 - - [26/Feb/2026:11:30:06 -0500] "GET /wp-includes/js/jquery/jquery.js?ver=1.12.4-wp HTTP/1.1" 200 32853 "https://www.thedubaitoday.com/sultan-of-oman-leaves-saudi-arabia-after-official-visit-2/" "Mozilla/5.0 (Macintosh; Intel Mac OS X 10_15_7) AppleWebKit/537.36 (KHTML, like Gecko) Chrome/131.0.0.0 Safari/537.36; ClaudeBot/1.0; [email protected])"
18.217.62.207 - - [26/Feb/2026:11:30:07 -0500] "GET /wp-content/plugins/elementskit-lite/libs/framework/assets/js/frontend-script.js?ver=2.0.9.1 HTTP/1.1" 200 81 "https://www.thedubaitoday.com/sultan-of-oman-leaves-saudi-arabia-after-official-visit-2/" "Mozilla/5.0 (Macintosh; Intel Mac OS X 10_15_7) AppleWebKit/537.36 (KHTML, like Gecko) Chrome/131.0.0.0 Safari/537.36; ClaudeBot/1.0; [email protected])"
18.217.62.207 - - [26/Feb/2026:11:30:07 -0500] "GET /wp-content/uploads/elementor/css/global.css?ver=1605806951 HTTP/1.1" 200 3379 "https://www.thedubaitoday.com/sultan-of-oman-leaves-saudi-arabia-after-official-visit-2/" "Mozilla/5.0 (Macintosh; Intel Mac OS X 10_15_7) AppleWebKit/537.36 (KHTML, like Gecko) Chrome/131.0.0.0 Safari/537.36; ClaudeBot/1.0; [email protected])"
18.217.62.207 - - [26/Feb/2026:11:30:07 -0500] "GET /wp-content/themes/digiqole/assets/js/popper.min.js?ver=1.4.6 HTTP/1.1" 200 6660 "https://www.thedubaitoday.com/sultan-of-oman-leaves-saudi-arabia-after-official-visit-2/" "Mozilla/5.0 (Macintosh; Intel Mac OS X 10_15_7) AppleWebKit/537.36 (KHTML, like Gecko) Chrome/131.0.0.0 Safari/537.36; ClaudeBot/1.0; [email protected])"
18.217.62.207 - - [26/Feb/2026:11:30:07 -0500] "GET /wp-content/themes/digiqole/assets/js/jquery.appear.min.js?ver=1.4.6 HTTP/1.1" 200 472 "https://www.thedubaitoday.com/sultan-of-oman-leaves-saudi-arabia-after-official-visit-2/" "Mozilla/5.0 (Macintosh; Intel Mac OS X 10_15_7) AppleWebKit/537.36 (KHTML, like Gecko) Chrome/131.0.0.0 Safari/537.36; ClaudeBot/1.0; [email protected])"
18.217.62.207 - - [26/Feb/2026:11:30:07 -0500] "GET /wp-content/themes/digiqole/assets/js/bootstrap.min.js?ver=1.4.6 HTTP/1.1" 200 12542 "https://www.thedubaitoday.com/sultan-of-oman-leaves-saudi-arabia-after-official-visit-2/" "Mozilla/5.0 (Macintosh; Intel Mac OS X 10_15_7) AppleWebKit/537.36 (KHTML, like Gecko) Chrome/131.0.0.0 Safari/537.36; ClaudeBot/1.0; [email protected])"
18.217.62.207 - - [26/Feb/2026:11:30:07 -0500] "GET /wp-content/themes/digiqole/assets/js/jquery.magnific-popup.min.js?ver=1.4.6 HTTP/1.1" 200 7043 "https://www.thedubaitoday.com/sultan-of-oman-leaves-saudi-arabia-after-official-visit-2/" "Mozilla/5.0 (Macintosh; Intel Mac OS X 10_15_7) AppleWebKit/537.36 (KHTML, like Gecko) Chrome/131.0.0.0 Safari/537.36; ClaudeBot/1.0; [email protected])"
18.217.62.207 - - [26/Feb/2026:11:30:07 -0500] "GET /wp-content/uploads/elementor/css/post-9728.css?ver=1733341732 HTTP/1.1" 200 285 "https://www.thedubaitoday.com/sultan-of-oman-leaves-saudi-arabia-after-official-visit-2/" "Mozilla/5.0 (Macintosh; Intel Mac OS X 10_15_7) AppleWebKit/537.36 (KHTML, like Gecko) Chrome/131.0.0.0 Safari/537.36; ClaudeBot/1.0; [email protected])"
18.217.62.207 - - [26/Feb/2026:11:30:07 -0500] "GET /wp-content/themes/digiqole/assets/js/owl.carousel.min.js?ver=1.4.6 HTTP/1.1" 200 10649 "https://www.thedubaitoday.com/sultan-of-oman-leaves-saudi-arabia-after-official-visit-2/" "Mozilla/5.0 (Macintosh; Intel Mac OS X 10_15_7) AppleWebKit/537.36 (KHTML, like Gecko) Chrome/131.0.0.0 Safari/537.36; ClaudeBot/1.0; [email protected])"
18.217.62.207 - - [26/Feb/2026:11:30:07 -0500] "GET /wp-content/themes/digiqole/assets/js/jquery.mCustomScrollbar.concat.min.js?ver=1.4.6 HTTP/1.1" 200 12101 "https://www.thedubaitoday.com/sultan-of-oman-leaves-saudi-arabia-after-official-visit-2/" "Mozilla/5.0 (Macintosh; Intel Mac OS X 10_15_7) AppleWebKit/537.36 (KHTML, like Gecko) Chrome/131.0.0.0 Safari/537.36; ClaudeBot/1.0; [email protected])"
18.217.62.207 - - [26/Feb/2026:11:30:07 -0500] "GET /wp-content/themes/digiqole/assets/js/script.js?ver=1.4.6 HTTP/1.1" 200 3692 "https://www.thedubaitoday.com/sultan-of-oman-leaves-saudi-arabia-after-official-visit-2/" "Mozilla/5.0 (Macintosh; Intel Mac OS X 10_15_7) AppleWebKit/537.36 (KHTML, like Gecko) Chrome/131.0.0.0 Safari/537.36; ClaudeBot/1.0; [email protected])"
