43.163.86.118 - - [26/Feb/2026:21:38:22 -0500] "GET /wp-content/themes/digiqole/assets/js/raphael.min.js?ver=1.4.6 HTTP/1.1" 200 31063 "https://www.thedubaitoday.com/integrated-transport-centre-launches-emirates-1st-trial-operation-for-autonomous-delivery-vehicles/" "Sogou web spider/4.0"
43.163.86.118 - - [26/Feb/2026:21:38:22 -0500] "GET /wp-content/themes/digiqole/assets/js/jquery.magnific-popup.min.js?ver=1.4.6 HTTP/1.1" 200 7043 "https://www.thedubaitoday.com/integrated-transport-centre-launches-emirates-1st-trial-operation-for-autonomous-delivery-vehicles/" "Sogou web spider/4.0"
43.163.86.118 - - [26/Feb/2026:21:38:22 -0500] "GET /wp-content/themes/digiqole/assets/js/script.js?ver=1.4.6 HTTP/1.1" 200 3692 "https://www.thedubaitoday.com/integrated-transport-centre-launches-emirates-1st-trial-operation-for-autonomous-delivery-vehicles/" "Sogou web spider/4.0"
43.163.86.118 - - [26/Feb/2026:21:38:22 -0500] "GET /wp-includes/js/jquery/ui/position.min.js?ver=1.11.4 HTTP/1.1" 200 2302 "https://www.thedubaitoday.com/integrated-transport-centre-launches-emirates-1st-trial-operation-for-autonomous-delivery-vehicles/" "Sogou web spider/4.0"
43.163.86.118 - - [26/Feb/2026:21:38:22 -0500] "GET /wp-content/plugins/elementor/assets/lib/waypoints/waypoints.min.js?ver=4.0.2 HTTP/1.1" 200 2867 "https://www.thedubaitoday.com/integrated-transport-centre-launches-emirates-1st-trial-operation-for-autonomous-delivery-vehicles/" "Sogou web spider/4.0"
43.163.86.118 - - [26/Feb/2026:21:38:22 -0500] "GET /wp-content/plugins/elementor/assets/lib/swiper/swiper.min.js?ver=5.3.6 HTTP/1.1" 200 34004 "https://www.thedubaitoday.com/integrated-transport-centre-launches-emirates-1st-trial-operation-for-autonomous-delivery-vehicles/" "Sogou web spider/4.0"
43.163.86.118 - - [26/Feb/2026:21:38:22 -0500] "GET /wp-content/themes/digiqole/assets/js/jquery.easypiechart.min.js?ver=1.4.6 HTTP/1.1" 200 1586 "https://www.thedubaitoday.com/integrated-transport-centre-launches-emirates-1st-trial-operation-for-autonomous-delivery-vehicles/" "Sogou web spider/4.0"
43.163.86.118 - - [26/Feb/2026:21:38:22 -0500] "GET /wp-content/plugins/elementskit-lite/widgets/init/assets/js/elementor.js?ver=2.0.9.1 HTTP/1.1" 200 8174 "https://www.thedubaitoday.com/integrated-transport-centre-launches-emirates-1st-trial-operation-for-autonomous-delivery-vehicles/" "Sogou web spider/4.0"
43.163.86.118 - - [26/Feb/2026:21:38:22 -0500] "GET /wp-includes/js/wp-embed.min.js?ver=5.5.16 HTTP/1.1" 200 702 "https://www.thedubaitoday.com/integrated-transport-centre-launches-emirates-1st-trial-operation-for-autonomous-delivery-vehicles/" "Sogou web spider/4.0"
43.163.86.118 - - [26/Feb/2026:21:38:22 -0500] "GET /wp-content/plugins/elementskit-lite/modules/controls/assets/fonts/elementskit.woff?y24e1e HTTP/1.1" 200 442864 "https://www.thedubaitoday.com/wp-content/plugins/elementskit-lite/modules/controls/assets/css/ekiticons.css?ver=5.9.0" "Sogou web spider/4.0"
43.163.86.118 - - [26/Feb/2026:21:38:23 -0500] "GET /wp-content/uploads/2020/11/cropped-3-1-32x32.png HTTP/1.1" 200 950 "https://www.thedubaitoday.com/integrated-transport-centre-launches-emirates-1st-trial-operation-for-autonomous-delivery-vehicles/" "Sogou web spider/4.0"
54.225.148.123 - - [26/Feb/2026:21:38:28 -0500] "GET /wp-json/oembed/1.0/embed?url=https://www.thedubaitoday.com/mohammed-bin-rashid-approves-dubai-virtual-asset-regulation-law/ HTTP/1.1" 200 2750 "-" "Mozilla/5.0 AppleWebKit/537.36 (KHTML, like Gecko; compatible; Amazonbot/0.1; +https://developer.amazon.com/support/amazonbot) Chrome/119.0.6045.214 Safari/537.36"
129.226.145.90 - - [26/Feb/2026:21:38:29 -0500] "GET /abu-dhabi-announces-71-reduction-in-requirements-for-starting-new-commercial-business/ HTTP/1.1" 200 12821 "-" "Sogou web spider/4.0"
129.226.145.90 - - [26/Feb/2026:21:38:30 -0500] "GET /wp-content/plugins/elementor/assets/css/frontend-legacy.min.css?ver=3.0.13 HTTP/1.1" 200 446 "https://www.thedubaitoday.com/abu-dhabi-announces-71-reduction-in-requirements-for-starting-new-commercial-business/" "Sogou web spider/4.0"
129.226.145.90 - - [26/Feb/2026:21:38:30 -0500] "GET /wp-content/uploads/elementor/css/post-3859.css?ver=1762517660 HTTP/1.1" 200 1104 "https://www.thedubaitoday.com/abu-dhabi-announces-71-reduction-in-requirements-for-starting-new-commercial-business/" "Sogou web spider/4.0"
129.226.145.90 - - [26/Feb/2026:21:38:30 -0500] "GET /wp-content/plugins/accesspress-social-counter/css/frontend.css?ver=1.9.0 HTTP/1.1" 200 2295 "https://www.thedubaitoday.com/abu-dhabi-announces-71-reduction-in-requirements-for-starting-new-commercial-business/" "Sogou web spider/4.0"
129.226.145.90 - - [26/Feb/2026:21:38:30 -0500] "GET /wp-includes/css/dist/block-library/style.min.css?ver=5.5.16 HTTP/1.1" 200 7455 "https://www.thedubaitoday.com/abu-dhabi-announces-71-reduction-in-requirements-for-starting-new-commercial-business/" "Sogou web spider/4.0"
129.226.145.90 - - [26/Feb/2026:21:38:30 -0500] "GET /wp-includes/css/dist/block-library/theme.min.css?ver=5.5.16 HTTP/1.1" 200 635 "https://www.thedubaitoday.com/abu-dhabi-announces-71-reduction-in-requirements-for-starting-new-commercial-business/" "Sogou web spider/4.0"
129.226.145.90 - - [26/Feb/2026:21:38:30 -0500] "GET /wp-content/plugins/wp-ultimate-review/assets/public/css/content-page.css?ver=5.5.16 HTTP/1.1" 200 3806 "https://www.thedubaitoday.com/abu-dhabi-announces-71-reduction-in-requirements-for-starting-new-commercial-business/" "Sogou web spider/4.0"
129.226.145.90 - - [26/Feb/2026:21:38:30 -0500] "GET /wp-content/plugins/elementskit-lite/modules/controls/assets/css/ekiticons.css?ver=5.9.0 HTTP/1.1" 200 11425 "https://www.thedubaitoday.com/abu-dhabi-announces-71-reduction-in-requirements-for-starting-new-commercial-business/" "Sogou web spider/4.0"
129.226.145.90 - - [26/Feb/2026:21:38:30 -0500] "GET /wp-content/themes/digiqole/assets/css/woocommerce.css?ver=1.4.6 HTTP/1.1" 200 1465 "https://www.thedubaitoday.com/abu-dhabi-announces-71-reduction-in-requirements-for-starting-new-commercial-business/" "Sogou web spider/4.0"
43.163.86.118 - - [26/Feb/2026:21:38:22 -0500] "GET /wp-content/plugins/elementor/assets/lib/font-awesome/webfonts/fa-solid-900.woff2 HTTP/1.1" 200 76084 "https://www.thedubaitoday.com/wp-content/plugins/elementor/assets/lib/font-awesome/css/solid.min.css?ver=5.12.0" "Sogou web spider/4.0"
43.163.86.118 - - [26/Feb/2026:21:38:22 -0500] "GET /wp-content/themes/digiqole/assets/js/owl.carousel.min.js?ver=1.4.6 HTTP/1.1" 200 10649 "https://www.thedubaitoday.com/integrated-transport-centre-launches-emirates-1st-trial-operation-for-autonomous-delivery-vehicles/" "Sogou web spider/4.0"
43.163.86.118 - - [26/Feb/2026:21:38:22 -0500] "GET /wp-content/themes/digiqole/assets/js/jquery.mCustomScrollbar.concat.min.js?ver=1.4.6 HTTP/1.1" 200 12101 "https://www.thedubaitoday.com/integrated-transport-centre-launches-emirates-1st-trial-operation-for-autonomous-delivery-vehicles/" "Sogou web spider/4.0"
43.163.86.118 - - [26/Feb/2026:21:38:22 -0500] "GET /wp-content/themes/digiqole/assets/fonts/iconfont.ttf?cpfcy1 HTTP/1.1" 200 160880 "https://www.thedubaitoday.com/wp-content/themes/digiqole/assets/css/icon-font.css?ver=1.4.6" "Sogou web spider/4.0"
43.163.86.118 - - [26/Feb/2026:21:38:22 -0500] "GET /wp-content/themes/digiqole/assets/css/print.css?ver=1.4.6 HTTP/1.1" 200 919 "https://www.thedubaitoday.com/integrated-transport-centre-launches-emirates-1st-trial-operation-for-autonomous-delivery-vehicles/" "Sogou web spider/4.0"
43.163.86.118 - - [26/Feb/2026:21:38:22 -0500] "GET /wp-includes/js/wp-emoji-release.min.js?ver=5.5.16 HTTP/1.1" 200 4316 "https://www.thedubaitoday.com/integrated-transport-centre-launches-emirates-1st-trial-operation-for-autonomous-delivery-vehicles/" "Sogou web spider/4.0"
43.163.86.118 - - [26/Feb/2026:21:38:22 -0500] "GET /wp-content/plugins/elementor/assets/js/frontend-modules.min.js?ver=3.0.13 HTTP/1.1" 200 17557 "https://www.thedubaitoday.com/integrated-transport-centre-launches-emirates-1st-trial-operation-for-autonomous-delivery-vehicles/" "Sogou web spider/4.0"
43.163.86.118 - - [26/Feb/2026:21:38:22 -0500] "GET /wp-content/plugins/elementor/assets/lib/share-link/share-link.min.js?ver=3.0.13 HTTP/1.1" 200 1023 "https://www.thedubaitoday.com/integrated-transport-centre-launches-emirates-1st-trial-operation-for-autonomous-delivery-vehicles/" "Sogou web spider/4.0"
43.163.86.118 - - [26/Feb/2026:21:38:22 -0500] "GET /wp-content/plugins/elementskit-lite/widgets/init/assets/js/goodshare.min.js?ver=5.5.16 HTTP/1.1" 200 3761 "https://www.thedubaitoday.com/integrated-transport-centre-launches-emirates-1st-trial-operation-for-autonomous-delivery-vehicles/" "Sogou web spider/4.0"
43.134.238.152 - - [26/Feb/2026:21:38:28 -0500] "GET /mattar-al-tayer-inaugurates-cityscape-global-2021/ HTTP/1.1" 200 14801 "-" "Sogou web spider/4.0(+http://www.sogou.com/docs/help/webmasters.htm#07)"
129.226.145.90 - - [26/Feb/2026:21:38:30 -0500] "GET /wp-content/plugins/litespeed-cache/assets/css/litespeed-dummy.css?ver=5.5.16 HTTP/1.1" 200 60 "https://www.thedubaitoday.com/abu-dhabi-announces-71-reduction-in-requirements-for-starting-new-commercial-business/" "Sogou web spider/4.0"
129.226.145.90 - - [26/Feb/2026:21:38:30 -0500] "GET /wp-content/plugins/accesspress-social-counter/css/fontawesome-all.css?ver=1.9.0 HTTP/1.1" 200 8084 "https://www.thedubaitoday.com/abu-dhabi-announces-71-reduction-in-requirements-for-starting-new-commercial-business/" "Sogou web spider/4.0"
129.226.145.90 - - [26/Feb/2026:21:38:30 -0500] "GET /wp-content/plugins/contact-form-7/includes/css/styles.css?ver=5.3 HTTP/1.1" 200 621 "https://www.thedubaitoday.com/abu-dhabi-announces-71-reduction-in-requirements-for-starting-new-commercial-business/" "Sogou web spider/4.0"
129.226.145.90 - - [26/Feb/2026:21:38:30 -0500] "GET /wp-content/plugins/elementor/assets/css/frontend.min.css?ver=3.0.13 HTTP/1.1" 200 14903 "https://www.thedubaitoday.com/abu-dhabi-announces-71-reduction-in-requirements-for-starting-new-commercial-business/" "Sogou web spider/4.0"
129.226.145.90 - - [26/Feb/2026:21:38:30 -0500] "GET /wp-content/themes/digiqole/assets/css/bootstrap.min.css?ver=1.4.6 HTTP/1.1" 200 18543 "https://www.thedubaitoday.com/abu-dhabi-announces-71-reduction-in-requirements-for-starting-new-commercial-business/" "Sogou web spider/4.0"
129.226.145.90 - - [26/Feb/2026:21:38:30 -0500] "GET /wp-content/themes/digiqole/assets/css/icon-font.css?ver=1.4.6 HTTP/1.1" 200 2796 "https://www.thedubaitoday.com/abu-dhabi-announces-71-reduction-in-requirements-for-starting-new-commercial-business/" "Sogou web spider/4.0"
129.226.145.90 - - [26/Feb/2026:21:38:30 -0500] "GET /wp-content/themes/digiqole/assets/css/animate.css?ver=1.4.6 HTTP/1.1" 200 2770 "https://www.thedubaitoday.com/abu-dhabi-announces-71-reduction-in-requirements-for-starting-new-commercial-business/" "Sogou web spider/4.0"
129.226.145.90 - - [26/Feb/2026:21:38:30 -0500] "GET /wp-content/themes/digiqole/assets/css/magnific-popup.css?ver=1.4.6 HTTP/1.1" 200 1906 "https://www.thedubaitoday.com/abu-dhabi-announces-71-reduction-in-requirements-for-starting-new-commercial-business/" "Sogou web spider/4.0"
129.226.145.90 - - [26/Feb/2026:21:38:30 -0500] "GET /wp-content/themes/digiqole/assets/css/jquery.mCustomScrollbar.css?ver=1.4.6 HTTP/1.1" 200 5312 "https://www.thedubaitoday.com/abu-dhabi-announces-71-reduction-in-requirements-for-starting-new-commercial-business/" "Sogou web spider/4.0"
129.226.145.90 - - [26/Feb/2026:21:38:30 -0500] "GET /wp-content/themes/digiqole/assets/css/blog.css?ver=1.4.6 HTTP/1.1" 200 4154 "https://www.thedubaitoday.com/abu-dhabi-announces-71-reduction-in-requirements-for-starting-new-commercial-business/" "Sogou web spider/4.0"
129.226.145.90 - - [26/Feb/2026:21:38:30 -0500] "GET /wp-content/plugins/elementskit-lite/widgets/init/assets/css/widget-styles-pro.css?ver=2.0.9.1 HTTP/1.1" 200 22945 "https://www.thedubaitoday.com/abu-dhabi-announces-71-reduction-in-requirements-for-starting-new-commercial-business/" "Sogou web spider/4.0"
129.226.145.90 - - [26/Feb/2026:21:38:30 -0500] "GET /wp-includes/js/jquery/jquery.js?ver=1.12.4-wp HTTP/1.1" 200 32853 "https://www.thedubaitoday.com/abu-dhabi-announces-71-reduction-in-requirements-for-starting-new-commercial-business/" "Sogou web spider/4.0"
129.226.145.90 - - [26/Feb/2026:21:38:30 -0500] "GET /wp-content/plugins/elementor/assets/lib/eicons/css/elementor-icons.min.css?ver=5.9.1 HTTP/1.1" 200 3186 "https://www.thedubaitoday.com/abu-dhabi-announces-71-reduction-in-requirements-for-starting-new-commercial-business/" "Sogou web spider/4.0"
129.226.145.90 - - [26/Feb/2026:21:38:30 -0500] "GET /wp-content/plugins/elementor/assets/lib/animations/animations.min.css?ver=3.0.13 HTTP/1.1" 200 2442 "https://www.thedubaitoday.com/abu-dhabi-announces-71-reduction-in-requirements-for-starting-new-commercial-business/" "Sogou web spider/4.0"
129.226.145.90 - - [26/Feb/2026:21:38:30 -0500] "GET /wp-content/themes/digiqole/assets/css/owl.carousel.min.css?ver=1.4.6 HTTP/1.1" 200 789 "https://www.thedubaitoday.com/abu-dhabi-announces-71-reduction-in-requirements-for-starting-new-commercial-business/" "Sogou web spider/4.0"
129.226.145.90 - - [26/Feb/2026:21:38:30 -0500] "GET /wp-content/plugins/elementor/assets/lib/font-awesome/css/font-awesome.min.css?ver=4.7.0 HTTP/1.1" 200 6657 "https://www.thedubaitoday.com/abu-dhabi-announces-71-reduction-in-requirements-for-starting-new-commercial-business/" "Sogou web spider/4.0"
129.226.145.90 - - [26/Feb/2026:21:38:30 -0500] "GET /wp-content/themes/digiqole/assets/css/owl.theme.default.min.css?ver=1.4.6 HTTP/1.1" 200 375 "https://www.thedubaitoday.com/abu-dhabi-announces-71-reduction-in-requirements-for-starting-new-commercial-business/" "Sogou web spider/4.0"
129.226.145.90 - - [26/Feb/2026:21:38:30 -0500] "GET /wp-content/themes/digiqole/assets/css/master.css?ver=1.4.6 HTTP/1.1" 200 27631 "https://www.thedubaitoday.com/abu-dhabi-announces-71-reduction-in-requirements-for-starting-new-commercial-business/" "Sogou web spider/4.0"
129.226.145.90 - - [26/Feb/2026:21:38:30 -0500] "GET /wp-content/themes/digiqole/assets/css/gutenberg-custom.css?ver=1.4.6 HTTP/1.1" 200 4575 "https://www.thedubaitoday.com/abu-dhabi-announces-71-reduction-in-requirements-for-starting-new-commercial-business/" "Sogou web spider/4.0"
129.226.145.90 - - [26/Feb/2026:21:38:30 -0500] "GET /wp-content/plugins/elementskit-lite/widgets/init/assets/css/widget-styles.css?ver=2.0.9.1 HTTP/1.1" 200 46062 "https://www.thedubaitoday.com/abu-dhabi-announces-71-reduction-in-requirements-for-starting-new-commercial-business/" "Sogou web spider/4.0"
129.226.145.90 - - [26/Feb/2026:21:38:30 -0500] "GET /wp-content/plugins/elementskit-lite/widgets/init/assets/css/responsive.css?ver=2.0.9.1 HTTP/1.1" 200 2595 "https://www.thedubaitoday.com/abu-dhabi-announces-71-reduction-in-requirements-for-starting-new-commercial-business/" "Sogou web spider/4.0"
129.226.145.90 - - [26/Feb/2026:21:38:30 -0500] "GET /wp-content/plugins/elementor/assets/lib/font-awesome/css/fontawesome.min.css?ver=5.12.0 HTTP/1.1" 200 11671 "https://www.thedubaitoday.com/abu-dhabi-announces-71-reduction-in-requirements-for-starting-new-commercial-business/" "Sogou web spider/4.0"
129.226.145.90 - - [26/Feb/2026:21:38:30 -0500] "GET /wp-content/plugins/elementor/assets/lib/font-awesome/css/solid.min.css?ver=5.12.0 HTTP/1.1" 200 286 "https://www.thedubaitoday.com/abu-dhabi-announces-71-reduction-in-requirements-for-starting-new-commercial-business/" "Sogou web spider/4.0"
129.226.145.90 - - [26/Feb/2026:21:38:30 -0500] "GET /wp-content/plugins/wp-ultimate-review/assets/public/script/content-page.js?ver=5.5.16 HTTP/1.1" 200 948 "https://www.thedubaitoday.com/abu-dhabi-announces-71-reduction-in-requirements-for-starting-new-commercial-business/" "Sogou web spider/4.0"
129.226.145.90 - - [26/Feb/2026:21:38:30 -0500] "GET /wp-includes/css/dashicons.min.css?ver=5.5.16 HTTP/1.1" 200 35107 "https://www.thedubaitoday.com/abu-dhabi-announces-71-reduction-in-requirements-for-starting-new-commercial-business/" "Sogou web spider/4.0"
129.226.145.90 - - [26/Feb/2026:21:38:30 -0500] "GET /wp-content/uploads/elementor/css/post-9728.css?ver=1733341732 HTTP/1.1" 200 285 "https://www.thedubaitoday.com/abu-dhabi-announces-71-reduction-in-requirements-for-starting-new-commercial-business/" "Sogou web spider/4.0"
129.226.145.90 - - [26/Feb/2026:21:38:30 -0500] "GET /wp-content/plugins/elementskit-lite/modules/controls/assets/css/widgetarea-editor.css?ver=2.0.9.1 HTTP/1.1" 200 227 "https://www.thedubaitoday.com/abu-dhabi-announces-71-reduction-in-requirements-for-starting-new-commercial-business/" "Sogou web spider/4.0"
129.226.145.90 - - [26/Feb/2026:21:38:30 -0500] "GET /wp-content/plugins/contact-form-7/includes/js/scripts.js?ver=5.3 HTTP/1.1" 200 3700 "https://www.thedubaitoday.com/abu-dhabi-announces-71-reduction-in-requirements-for-starting-new-commercial-business/" "Sogou web spider/4.0"
129.226.145.90 - - [26/Feb/2026:21:38:30 -0500] "GET /wp-content/plugins/elementskit-lite/libs/framework/assets/js/frontend-script.js?ver=2.0.9.1 HTTP/1.1" 200 81 "https://www.thedubaitoday.com/abu-dhabi-announces-71-reduction-in-requirements-for-starting-new-commercial-business/" "Sogou web spider/4.0"
129.226.145.90 - - [26/Feb/2026:21:38:30 -0500] "GET /wp-content/themes/digiqole/assets/js/popper.min.js?ver=1.4.6 HTTP/1.1" 200 6660 "https://www.thedubaitoday.com/abu-dhabi-announces-71-reduction-in-requirements-for-starting-new-commercial-business/" "Sogou web spider/4.0"
129.226.145.90 - - [26/Feb/2026:21:38:30 -0500] "GET /wp-content/themes/digiqole/assets/js/owl.carousel.min.js?ver=1.4.6 HTTP/1.1" 200 10649 "https://www.thedubaitoday.com/abu-dhabi-announces-71-reduction-in-requirements-for-starting-new-commercial-business/" "Sogou web spider/4.0"
129.226.145.90 - - [26/Feb/2026:21:38:30 -0500] "GET /wp-content/themes/digiqole/assets/js/jquery.mCustomScrollbar.concat.min.js?ver=1.4.6 HTTP/1.1" 200 12101 "https://www.thedubaitoday.com/abu-dhabi-announces-71-reduction-in-requirements-for-starting-new-commercial-business/" "Sogou web spider/4.0"
129.226.145.90 - - [26/Feb/2026:21:38:31 -0500] "GET /wp-content/themes/digiqole/assets/js/jquery.easypiechart.min.js?ver=1.4.6 HTTP/1.1" 200 1586 "https://www.thedubaitoday.com/abu-dhabi-announces-71-reduction-in-requirements-for-starting-new-commercial-business/" "Sogou web spider/4.0"
129.226.145.90 - - [26/Feb/2026:21:38:31 -0500] "GET /wp-content/plugins/elementskit-lite/widgets/init/assets/js/goodshare.min.js?ver=5.5.16 HTTP/1.1" 200 3761 "https://www.thedubaitoday.com/abu-dhabi-announces-71-reduction-in-requirements-for-starting-new-commercial-business/" "Sogou web spider/4.0"
129.226.145.90 - - [26/Feb/2026:21:38:31 -0500] "GET /wp-content/themes/digiqole/assets/js/script.js?ver=1.4.6 HTTP/1.1" 200 3692 "https://www.thedubaitoday.com/abu-dhabi-announces-71-reduction-in-requirements-for-starting-new-commercial-business/" "Sogou web spider/4.0"
129.226.145.90 - - [26/Feb/2026:21:38:31 -0500] "GET /wp-content/plugins/elementor/assets/js/frontend-modules.min.js?ver=3.0.13 HTTP/1.1" 200 17557 "https://www.thedubaitoday.com/abu-dhabi-announces-71-reduction-in-requirements-for-starting-new-commercial-business/" "Sogou web spider/4.0"
129.226.145.90 - - [26/Feb/2026:21:38:31 -0500] "GET /wp-content/plugins/elementor/assets/lib/waypoints/waypoints.min.js?ver=4.0.2 HTTP/1.1" 200 2867 "https://www.thedubaitoday.com/abu-dhabi-announces-71-reduction-in-requirements-for-starting-new-commercial-business/" "Sogou web spider/4.0"
129.226.145.90 - - [26/Feb/2026:21:38:31 -0500] "GET /wp-content/plugins/elementor/assets/lib/swiper/swiper.min.js?ver=5.3.6 HTTP/1.1" 200 34004 "https://www.thedubaitoday.com/abu-dhabi-announces-71-reduction-in-requirements-for-starting-new-commercial-business/" "Sogou web spider/4.0"
129.226.145.90 - - [26/Feb/2026:21:38:31 -0500] "GET /wp-content/plugins/elementskit-lite/widgets/init/assets/js/elementor.js?ver=2.0.9.1 HTTP/1.1" 200 8174 "https://www.thedubaitoday.com/abu-dhabi-announces-71-reduction-in-requirements-for-starting-new-commercial-business/" "Sogou web spider/4.0"
129.226.145.90 - - [26/Feb/2026:21:38:31 -0500] "GET /wp-content/themes/digiqole/assets/fonts/iconfont.ttf?cpfcy1 HTTP/1.1" 200 160880 "https://www.thedubaitoday.com/wp-content/themes/digiqole/assets/css/icon-font.css?ver=1.4.6" "Sogou web spider/4.0"
129.226.145.90 - - [26/Feb/2026:21:38:31 -0500] "GET /wp-content/plugins/elementor/assets/lib/dialog/dialog.min.js?ver=4.8.1 HTTP/1.1" 200 3331 "https://www.thedubaitoday.com/abu-dhabi-announces-71-reduction-in-requirements-for-starting-new-commercial-business/" "Sogou web spider/4.0"
129.226.145.90 - - [26/Feb/2026:21:38:31 -0500] "GET /wp-content/themes/digiqole/assets/js/elementor.js?ver=1.4.6 HTTP/1.1" 200 2479 "https://www.thedubaitoday.com/abu-dhabi-announces-71-reduction-in-requirements-for-starting-new-commercial-business/" "Sogou web spider/4.0"
129.226.145.90 - - [26/Feb/2026:21:38:31 -0500] "GET /wp-content/plugins/elementor/assets/lib/font-awesome/webfonts/fa-solid-900.woff2 HTTP/1.1" 200 76084 "https://www.thedubaitoday.com/wp-content/plugins/elementor/assets/lib/font-awesome/css/solid.min.css?ver=5.12.0" "Sogou web spider/4.0"
129.226.145.90 - - [26/Feb/2026:21:38:31 -0500] "GET /wp-content/plugins/elementor/assets/js/frontend.min.js?ver=3.0.13 HTTP/1.1" 200 30846 "https://www.thedubaitoday.com/abu-dhabi-announces-71-reduction-in-requirements-for-starting-new-commercial-business/" "Sogou web spider/4.0"
129.226.145.90 - - [26/Feb/2026:21:38:31 -0500] "GET /wp-content/plugins/elementskit-lite/modules/controls/assets/fonts/elementskit.woff?y24e1e HTTP/1.1" 200 442864 "https://www.thedubaitoday.com/wp-content/plugins/elementskit-lite/modules/controls/assets/css/ekiticons.css?ver=5.9.0" "Sogou web spider/4.0"
129.226.145.90 - - [26/Feb/2026:21:38:31 -0500] "GET /wp-content/plugins/elementskit-lite/modules/controls/assets/js/widgetarea-editor.js?ver=2.0.9.1 HTTP/1.1" 200 472 "https://www.thedubaitoday.com/abu-dhabi-announces-71-reduction-in-requirements-for-starting-new-commercial-business/" "Sogou web spider/4.0"
52.45.92.83 - - [26/Feb/2026:21:38:29 -0500] "GET /wp-json/wp/v2/posts/8707 HTTP/1.1" 200 6876 "-" "Mozilla/5.0 AppleWebKit/537.36 (KHTML, like Gecko; compatible; Amazonbot/0.1; +https://developer.amazon.com/support/amazonbot) Chrome/119.0.6045.214 Safari/537.36"
129.226.145.90 - - [26/Feb/2026:21:38:30 -0500] "GET /wp-content/uploads/elementor/css/global.css?ver=1605806951 HTTP/1.1" 200 3379 "https://www.thedubaitoday.com/abu-dhabi-announces-71-reduction-in-requirements-for-starting-new-commercial-business/" "Sogou web spider/4.0"
129.226.145.90 - - [26/Feb/2026:21:38:30 -0500] "GET /wp-content/plugins/elementskit-lite/widgets/init/assets/js/widget-scripts.js?ver=2.0.9.1 HTTP/1.1" 200 37588 "https://www.thedubaitoday.com/abu-dhabi-announces-71-reduction-in-requirements-for-starting-new-commercial-business/" "Sogou web spider/4.0"
129.226.145.90 - - [26/Feb/2026:21:38:30 -0500] "GET /wp-content/themes/digiqole/assets/js/bootstrap.min.js?ver=1.4.6 HTTP/1.1" 200 12542 "https://www.thedubaitoday.com/abu-dhabi-announces-71-reduction-in-requirements-for-starting-new-commercial-business/" "Sogou web spider/4.0"
129.226.145.90 - - [26/Feb/2026:21:38:30 -0500] "GET /wp-content/themes/digiqole/assets/js/jquery.magnific-popup.min.js?ver=1.4.6 HTTP/1.1" 200 7043 "https://www.thedubaitoday.com/abu-dhabi-announces-71-reduction-in-requirements-for-starting-new-commercial-business/" "Sogou web spider/4.0"
129.226.145.90 - - [26/Feb/2026:21:38:30 -0500] "GET /wp-content/themes/digiqole/assets/js/jquery.appear.min.js?ver=1.4.6 HTTP/1.1" 200 472 "https://www.thedubaitoday.com/abu-dhabi-announces-71-reduction-in-requirements-for-starting-new-commercial-business/" "Sogou web spider/4.0"
129.226.145.90 - - [26/Feb/2026:21:38:30 -0500] "GET /wp-content/themes/digiqole/assets/js/raphael.min.js?ver=1.4.6 HTTP/1.1" 200 31063 "https://www.thedubaitoday.com/abu-dhabi-announces-71-reduction-in-requirements-for-starting-new-commercial-business/" "Sogou web spider/4.0"
129.226.145.90 - - [26/Feb/2026:21:38:31 -0500] "GET /wp-includes/js/wp-embed.min.js?ver=5.5.16 HTTP/1.1" 200 702 "https://www.thedubaitoday.com/abu-dhabi-announces-71-reduction-in-requirements-for-starting-new-commercial-business/" "Sogou web spider/4.0"
129.226.145.90 - - [26/Feb/2026:21:38:31 -0500] "GET /wp-content/plugins/elementor/assets/lib/share-link/share-link.min.js?ver=3.0.13 HTTP/1.1" 200 1023 "https://www.thedubaitoday.com/abu-dhabi-announces-71-reduction-in-requirements-for-starting-new-commercial-business/" "Sogou web spider/4.0"
129.226.145.90 - - [26/Feb/2026:21:38:31 -0500] "GET /wp-includes/js/wp-emoji-release.min.js?ver=5.5.16 HTTP/1.1" 200 4316 "https://www.thedubaitoday.com/abu-dhabi-announces-71-reduction-in-requirements-for-starting-new-commercial-business/" "Sogou web spider/4.0"
129.226.145.90 - - [26/Feb/2026:21:38:31 -0500] "GET /wp-content/themes/digiqole/assets/css/print.css?ver=1.4.6 HTTP/1.1" 200 919 "https://www.thedubaitoday.com/abu-dhabi-announces-71-reduction-in-requirements-for-starting-new-commercial-business/" "Sogou web spider/4.0"
129.226.145.90 - - [26/Feb/2026:21:38:31 -0500] "GET /wp-includes/js/jquery/ui/position.min.js?ver=1.11.4 HTTP/1.1" 200 2302 "https://www.thedubaitoday.com/abu-dhabi-announces-71-reduction-in-requirements-for-starting-new-commercial-business/" "Sogou web spider/4.0"
129.226.145.90 - - [26/Feb/2026:21:38:31 -0500] "GET /wp-content/uploads/2020/11/cropped-3-1-32x32.png HTTP/1.1" 200 950 "https://www.thedubaitoday.com/abu-dhabi-announces-71-reduction-in-requirements-for-starting-new-commercial-business/" "Sogou web spider/4.0"
85.208.96.209 - - [26/Feb/2026:21:39:17 -0500] "GET /uae-supports-plans-by-asian-nations-to-restart-their-tourism-and-travel-sectors/ HTTP/1.1" 200 15444 "-" "Mozilla/5.0 (compatible; SemrushBot/7~bl; +http://www.semrush.com/bot.html)"
85.208.96.195 - - [26/Feb/2026:21:39:24 -0500] "GET /emirates-recognised-for-excellence-in-digital-customer-experience/ HTTP/1.1" 200 15125 "-" "Mozilla/5.0 (compatible; SemrushBot/7~bl; +http://www.semrush.com/bot.html)"
85.208.96.196 - - [26/Feb/2026:21:39:53 -0500] "GET /uae-leaders-congratulate-alexander-schallenberg-for-taking-oath-as-austrias-new-federal-chancellor/ HTTP/1.1" 200 14234 "-" "Mozilla/5.0 (compatible; SemrushBot/7~bl; +http://www.semrush.com/bot.html)"
114.119.130.109 - - [26/Feb/2026:21:40:22 -0500] "GET /as-theme-parks-clymb-abu-dhabi-qasr-al-watan-named-as-top-choices-for-travelers-in-2022-by-tripadvisor HTTP/1.1" 301 0 "https://www.thedubaitoday.com/?cat=73&paged=2" "Mozilla/5.0 (Linux; Android 7.0;) AppleWebKit/537.36 (KHTML, like Gecko) Mobile Safari/537.36 (compatible; PetalBot;+https://webmaster.petalsearch.com/site/petalbot)"
85.208.96.200 - - [26/Feb/2026:21:40:31 -0500] "GET /irthi-launches-sijada-collection-at-milan-design-week/ HTTP/1.1" 200 16084 "-" "Mozilla/5.0 (compatible; SemrushBot/7~bl; +http://www.semrush.com/bot.html)"
85.208.96.211 - - [26/Feb/2026:21:40:41 -0500] "GET /nyu-abu-dhabi-launches-new-arabic-innovative-learning-resource/ HTTP/1.1" 200 14961 "-" "Mozilla/5.0 (compatible; SemrushBot/7~bl; +http://www.semrush.com/bot.html)"
85.208.96.210 - - [26/Feb/2026:21:40:53 -0500] "GET /mohamed-bin-zayed-receives-minister-of-the-armed-forces-of-the-french-republic/ HTTP/1.1" 200 14466 "-" "Mozilla/5.0 (compatible; SemrushBot/7~bl; +http://www.semrush.com/bot.html)"
185.198.240.236 - - [26/Feb/2026:21:41:13 -0500] "POST /wp-login.php HTTP/1.1" 200 7838 "-" "Mozilla/5.0"
85.208.96.208 - - [26/Feb/2026:21:41:31 -0500] "GET /saqr-ghobash-receives-ambassadors-of-china-czech-republic-mongolia/ HTTP/1.1" 200 14590 "-" "Mozilla/5.0 (compatible; SemrushBot/7~bl; +http://www.semrush.com/bot.html)"
114.119.148.10 - - [26/Feb/2026:21:41:53 -0500] "GET /emaar-malls-reports-revenue-of-over-aed2-4-billion-for-first-9-months-of-2020/ HTTP/1.1" 200 15587 "https://www.thedubaitoday.com/emaar-malls-reports-revenue-of-over-aed2-4-billion-for-first-9-months-of-2020" "Mozilla/5.0 (Linux; Android 7.0;) AppleWebKit/537.36 (KHTML, like Gecko) Mobile Safari/537.36 (compatible; PetalBot;+https://webmaster.petalsearch.com/site/petalbot)"
95.217.109.26 - - [26/Feb/2026:21:42:08 -0500] "GET /robots.txt HTTP/1.1" 200 122 "-" "Mozilla/5.0 (compatible; MJ12bot/v1.4.8; http://mj12bot.com/)"
95.217.109.26 - - [26/Feb/2026:21:42:10 -0500] "GET /13th-edition-of-abu-dhabi-art-fair-opens-to-public-on-17th-november/ HTTP/1.1" 200 13153 "-" "Mozilla/5.0 (compatible; MJ12bot/v1.4.8; http://mj12bot.com/)"
95.217.109.26 - - [26/Feb/2026:21:42:12 -0500] "GET /3782/ HTTP/1.1" 200 16283 "-" "Mozilla/5.0 (compatible; MJ12bot/v1.4.8; http://mj12bot.com/)"
95.217.109.26 - - [26/Feb/2026:21:42:15 -0500] "GET /40th-sharjah-international-book-fairs-platform-engages-largest-number-of-publishers-agents/feed/ HTTP/1.1" 200 468 "-" "Mozilla/5.0 (compatible; MJ12bot/v1.4.8; http://mj12bot.com/)"
95.217.109.26 - - [26/Feb/2026:21:42:23 -0500] "GET /53rd-wjmes-unveils-luxurious-gold-collections-international-artifacts/feed/ HTTP/1.1" 200 450 "-" "Mozilla/5.0 (compatible; MJ12bot/v1.4.8; http://mj12bot.com/)"
95.217.109.26 - - [26/Feb/2026:21:42:28 -0500] "GET /9th-edition-of-sharjah-international-film-festival-for-children-and-youth-concludes/ HTTP/1.1" 200 16125 "-" "Mozilla/5.0 (compatible; MJ12bot/v1.4.8; http://mj12bot.com/)"
95.217.109.26 - - [26/Feb/2026:21:42:31 -0500] "GET /abu-dhabi-art-opens-beyond-emerging-artists-exhibition-at-la-biennale-di-venezia/ HTTP/1.1" 200 12869 "-" "Mozilla/5.0 (compatible; MJ12bot/v1.4.8; http://mj12bot.com/)"
95.217.109.26 - - [26/Feb/2026:21:42:39 -0500] "GET /adihex-launches-2nd-most-beautiful-falcon-hood-competition/ HTTP/1.1" 200 14279 "-" "Mozilla/5.0 (compatible; MJ12bot/v1.4.8; http://mj12bot.com/)"
95.217.109.26 - - [26/Feb/2026:21:42:42 -0500] "GET /adnec-group-unveils-agenda-of-isnr-talks-programme/ HTTP/1.1" 200 16387 "-" "Mozilla/5.0 (compatible; MJ12bot/v1.4.8; http://mj12bot.com/)"
95.217.109.26 - - [26/Feb/2026:21:42:49 -0500] "GET /adx-etoro-partner-to-expand-investment-opportunities/feed/ HTTP/1.1" 200 430 "-" "Mozilla/5.0 (compatible; MJ12bot/v1.4.8; http://mj12bot.com/)"
114.119.136.150 - - [26/Feb/2026:21:38:59 -0500] "GET /author/admin/page/22/ HTTP/1.1" 200 16040 "https://www.thedubaitoday.com/author/admin/page/21/" "Mozilla/5.0 (Linux; Android 7.0;) AppleWebKit/537.36 (KHTML, like Gecko) Mobile Safari/537.36 (compatible; PetalBot;+https://webmaster.petalsearch.com/site/petalbot)"
85.208.96.209 - - [26/Feb/2026:21:39:31 -0500] "GET /abu-dhabi-heritage-authority-showcases-emirati-culture-at-moroccos-tan-tan-moussem/ HTTP/1.1" 200 15161 "-" "Mozilla/5.0 (compatible; SemrushBot/7~bl; +http://www.semrush.com/bot.html)"
185.191.171.18 - - [26/Feb/2026:21:40:22 -0500] "GET /dubai-international-boat-show-reinforces-citys-reputation-as-tourism-hub-for-marine-business/ HTTP/1.1" 200 15519 "-" "Mozilla/5.0 (compatible; SemrushBot/7~bl; +http://www.semrush.com/bot.html)"
77.75.78.166 - - [26/Feb/2026:21:40:22 -0500] "GET /uae-leaders-congratulate-turkish-president-on-republic-day/ HTTP/1.1" 200 14079 "-" "Mozilla/5.0 (compatible; SeznamBot/4.0; +https://o-seznam.cz/napoveda/vyhledavani/en/seznambot-crawler/)"
114.119.130.109 - - [26/Feb/2026:21:40:23 -0500] "GET /as-theme-parks-clymb-abu-dhabi-qasr-al-watan-named-as-top-choices-for-travelers-in-2022-by-tripadvisor/ HTTP/1.1" 200 14750 "https://www.thedubaitoday.com/?cat=73&paged=2" "Mozilla/5.0 (Linux; Android 7.0;) AppleWebKit/537.36 (KHTML, like Gecko) Mobile Safari/537.36 (compatible; PetalBot;+https://webmaster.petalsearch.com/site/petalbot)"
85.208.96.198 - - [26/Feb/2026:21:41:22 -0500] "GET /abdullah-bin-zayed-e3-officials-discuss-issues-of-common-interest/ HTTP/1.1" 200 14640 "-" "Mozilla/5.0 (compatible; SemrushBot/7~bl; +http://www.semrush.com/bot.html)"
114.119.148.10 - - [26/Feb/2026:21:41:50 -0500] "GET /emaar-malls-reports-revenue-of-over-aed2-4-billion-for-first-9-months-of-2020 HTTP/1.1" 301 0 "https://www.thedubaitoday.com/emaar-malls-reports-revenue-of-over-aed2-4-billion-for-first-9-months-of-2020" "Mozilla/5.0 (Linux; Android 7.0;) AppleWebKit/537.36 (KHTML, like Gecko) Mobile Safari/537.36 (compatible; PetalBot;+https://webmaster.petalsearch.com/site/petalbot)"
85.208.96.197 - - [26/Feb/2026:21:42:07 -0500] "GET /multi-award-winning-celebrity-media-strategist-vasu-jit-kalia-honoured-at-fashion-factor-season-8/ HTTP/1.1" 200 15103 "-" "Mozilla/5.0 (compatible; SemrushBot/7~bl; +http://www.semrush.com/bot.html)"
95.217.109.26 - - [26/Feb/2026:21:42:17 -0500] "GET /5-2-million-to-travel-through-dxb-between-13-31-december/feed/ HTTP/1.1" 200 435 "-" "Mozilla/5.0 (compatible; MJ12bot/v1.4.8; http://mj12bot.com/)"
95.217.109.26 - - [26/Feb/2026:21:42:20 -0500] "GET /5000-visitors-attended-sharjah-entrepreneurial-festival-so-far/feed/ HTTP/1.1" 200 446 "-" "Mozilla/5.0 (compatible; MJ12bot/v1.4.8; http://mj12bot.com/)"
95.217.109.26 - - [26/Feb/2026:21:42:26 -0500] "GET /7th-world-green-economy-summit-attracts-prominent-international-speakers/feed/ HTTP/1.1" 200 448 "-" "Mozilla/5.0 (compatible; MJ12bot/v1.4.8; http://mj12bot.com/)"
95.217.109.26 - - [26/Feb/2026:21:42:33 -0500] "GET /abu-dhabi-sees-102-growth-in-documented-residential-rental-contracts-in-h1-24/ HTTP/1.1" 200 12245 "-" "Mozilla/5.0 (compatible; MJ12bot/v1.4.8; http://mj12bot.com/)"
95.217.109.26 - - [26/Feb/2026:21:42:36 -0500] "GET /adihex-attracts-broad-participation-of-painters-artists/ HTTP/1.1" 200 13107 "-" "Mozilla/5.0 (compatible; MJ12bot/v1.4.8; http://mj12bot.com/)"
95.217.109.26 - - [26/Feb/2026:21:42:46 -0500] "GET /adnoc-gas-reports-revenue-of-aed-38-9-billion-in-h1-2023/ HTTP/1.1" 200 13628 "-" "Mozilla/5.0 (compatible; MJ12bot/v1.4.8; http://mj12bot.com/)"
95.217.109.26 - - [26/Feb/2026:21:42:55 -0500] "GET /arab-government-excellence-award-celebrates-winners-of-the-1st-edition/ HTTP/1.1" 200 13224 "-" "Mozilla/5.0 (compatible; MJ12bot/v1.4.8; http://mj12bot.com/)"
95.217.109.26 - - [26/Feb/2026:21:42:57 -0500] "GET /arabian-travel-market-changes-2022-dates-to-accommodate-new-uae-working-week/feed/ HTTP/1.1" 200 454 "-" "Mozilla/5.0 (compatible; MJ12bot/v1.4.8; http://mj12bot.com/)"
95.217.109.26 - - [26/Feb/2026:21:42:59 -0500] "GET /arada-launches-w-residences-at-dubai-harbour/feed/ HTTP/1.1" 200 438 "-" "Mozilla/5.0 (compatible; MJ12bot/v1.4.8; http://mj12bot.com/)"
95.217.109.26 - - [26/Feb/2026:21:43:02 -0500] "GET /art-and-architecture-series-showcases-distinct-features-of-sheikh-zayed-grand-mosque/ HTTP/1.1" 200 12834 "-" "Mozilla/5.0 (compatible; MJ12bot/v1.4.8; http://mj12bot.com/)"
95.217.109.26 - - [26/Feb/2026:21:43:04 -0500] "GET /art-dubai-announces-programme-for-2022-edition/ HTTP/1.1" 200 15604 "-" "Mozilla/5.0 (compatible; MJ12bot/v1.4.8; http://mj12bot.com/)"
114.119.135.207 - - [26/Feb/2026:21:43:09 -0500] "GET /category/travel-tourism/page/4/ HTTP/1.1" 200 16819 "https://www.thedubaitoday.com/?cat=65&paged=2" "Mozilla/5.0 (Linux; Android 7.0;) AppleWebKit/537.36 (KHTML, like Gecko) Mobile Safari/537.36 (compatible; PetalBot;+https://webmaster.petalsearch.com/site/petalbot)"
95.217.109.26 - - [26/Feb/2026:21:43:09 -0500] "GET /author/admin/page/174/ HTTP/1.1" 200 14210 "-" "Mozilla/5.0 (compatible; MJ12bot/v1.4.8; http://mj12bot.com/)"
85.208.96.198 - - [26/Feb/2026:21:43:10 -0500] "GET /abudllah-bin-zayed-meets-with-greek-pm-in-athens/ HTTP/1.1" 200 17514 "-" "Mozilla/5.0 (compatible; SemrushBot/7~bl; +http://www.semrush.com/bot.html)"
95.217.109.26 - - [26/Feb/2026:21:43:12 -0500] "GET /author/admin/page/175/ HTTP/1.1" 200 14269 "-" "Mozilla/5.0 (compatible; MJ12bot/v1.4.8; http://mj12bot.com/)"
95.217.109.26 - - [26/Feb/2026:21:43:15 -0500] "GET /author/admin/page/4/ HTTP/1.1" 200 14190 "-" "Mozilla/5.0 (compatible; MJ12bot/v1.4.8; http://mj12bot.com/)"
95.217.109.26 - - [26/Feb/2026:21:43:23 -0500] "GET /author/admin/page/5/ HTTP/1.1" 200 13979 "-" "Mozilla/5.0 (compatible; MJ12bot/v1.4.8; http://mj12bot.com/)"
95.217.109.26 - - [26/Feb/2026:21:43:25 -0500] "GET /award-winning-ead-nature-documentaries-to-be-aired-on-emirates-airline/feed/ HTTP/1.1" 200 451 "-" "Mozilla/5.0 (compatible; MJ12bot/v1.4.8; http://mj12bot.com/)"
95.217.109.26 - - [26/Feb/2026:21:43:28 -0500] "GET /bahrain-to-host-global-interfaith-forum-in-november/ HTTP/1.1" 200 12371 "-" "Mozilla/5.0 (compatible; MJ12bot/v1.4.8; http://mj12bot.com/)"
113.182.46.187 - - [26/Feb/2026:21:43:32 -0500] "GET /adnoc-gas-sees-potential-to-advance-ruwais-lng-commercial-start/ HTTP/1.1" 200 15948 "-" "Mozilla/5.0 (Macintosh; Intel Mac OS X 10_15_7) AppleWebKit/537.36 (KHTML, like Gecko) Chrome/100.0.4896.60 Safari/537.36"
95.217.109.26 - - [26/Feb/2026:21:43:36 -0500] "GET /beeah-celebrates-uae-national-day-with-regions-first-solar-powered-light-show/feed/ HTTP/1.1" 200 468 "-" "Mozilla/5.0 (compatible; MJ12bot/v1.4.8; http://mj12bot.com/)"
185.191.171.3 - - [26/Feb/2026:21:43:43 -0500] "GET /a-new-initiative-to-think-creatively-about-the-future-of-diplomacy-in-dubai/ HTTP/1.1" 200 15108 "-" "Mozilla/5.0 (compatible; SemrushBot/7~bl; +http://www.semrush.com/bot.html)"
95.217.109.26 - - [26/Feb/2026:21:43:44 -0500] "GET /bohemia-at-beach-by-five/feed/ HTTP/1.1" 200 414 "-" "Mozilla/5.0 (compatible; MJ12bot/v1.4.8; http://mj12bot.com/)"
85.208.96.197 - - [26/Feb/2026:21:43:49 -0500] "GET /redtag-launches-myriam-farescollectioninspired-by-the-spiritual-essence-of-ramadan/ HTTP/1.1" 200 14998 "-" "Mozilla/5.0 (compatible; SemrushBot/7~bl; +http://www.semrush.com/bot.html)"
85.208.96.206 - - [26/Feb/2026:21:43:51 -0500] "GET /uae-president-arrives-in-moscow-on-official-visit/ HTTP/1.1" 200 14515 "-" "Mozilla/5.0 (compatible; SemrushBot/7~bl; +http://www.semrush.com/bot.html)"
43.134.110.251 - - [26/Feb/2026:21:43:59 -0500] "GET /hamdan-bin-mohammed-congratulates-winners-of-11th-mohammed-bin-rashid-al-maktoum-creative-sports-award/ HTTP/1.1" 200 16130 "-" "Sogou web spider/4.0(+http://www.sogou.com/docs/help/webmasters.htm#07)"
95.217.109.26 - - [26/Feb/2026:21:43:59 -0500] "GET /category/beauty-fashion/page/5/ HTTP/1.1" 200 14446 "-" "Mozilla/5.0 (compatible; MJ12bot/v1.4.8; http://mj12bot.com/)"
95.217.109.26 - - [26/Feb/2026:21:42:52 -0500] "GET /alecso-appoints-alyazia-al-nahyan-as-ambassador-for-culture-for-alecso/ HTTP/1.1" 200 15203 "-" "Mozilla/5.0 (compatible; MJ12bot/v1.4.8; http://mj12bot.com/)"
95.217.109.26 - - [26/Feb/2026:21:43:07 -0500] "GET /asean-committee-in-abu-dhabi-underlines-commitment-to-strengthening-asean-uae-ties/feed/ HTTP/1.1" 200 469 "-" "Mozilla/5.0 (compatible; MJ12bot/v1.4.8; http://mj12bot.com/)"
95.217.109.26 - - [26/Feb/2026:21:43:30 -0500] "GET /barraquer-eye-hospital-awarded-hospital-accreditation-from-joint-commission-international/feed/ HTTP/1.1" 200 461 "-" "Mozilla/5.0 (compatible; MJ12bot/v1.4.8; http://mj12bot.com/)"
95.217.109.26 - - [26/Feb/2026:21:43:33 -0500] "GET /barraquer-eye-hospital-for-all-your-vision-needs/feed/ HTTP/1.1" 200 435 "-" "Mozilla/5.0 (compatible; MJ12bot/v1.4.8; http://mj12bot.com/)"
95.217.109.26 - - [26/Feb/2026:21:43:39 -0500] "GET /bodour-al-qasimi-affirms-importance-of-cultural-diversity-representation-in-publishing/feed/ HTTP/1.1" 200 456 "-" "Mozilla/5.0 (compatible; MJ12bot/v1.4.8; http://mj12bot.com/)"
95.217.109.26 - - [26/Feb/2026:21:43:41 -0500] "GET /bodour-al-qasimi-inaugurates-aus-global-day-a-carnival-of-culture-and-colour/feed/ HTTP/1.1" 200 461 "-" "Mozilla/5.0 (compatible; MJ12bot/v1.4.8; http://mj12bot.com/)"
95.217.109.26 - - [26/Feb/2026:21:43:46 -0500] "GET /bollywood-superstar-suniel-shetty-presents-media-strategist-of-the-year-award-2024-to-vasu-jit-kalia-2/ HTTP/1.1" 200 13064 "-" "Mozilla/5.0 (compatible; MJ12bot/v1.4.8; http://mj12bot.com/)"
95.217.109.26 - - [26/Feb/2026:21:43:49 -0500] "GET /brand-dubai-ferjan-dubai-launch-dubais-best-decorated-ramadan-homes-competition/feed/ HTTP/1.1" 200 483 "-" "Mozilla/5.0 (compatible; MJ12bot/v1.4.8; http://mj12bot.com/)"
95.217.109.26 - - [26/Feb/2026:21:43:51 -0500] "GET /category/art/page/4/ HTTP/1.1" 200 14242 "-" "Mozilla/5.0 (compatible; MJ12bot/v1.4.8; http://mj12bot.com/)"
185.191.171.7 - - [26/Feb/2026:21:43:53 -0500] "GET /construction-of-new-uaq-national-museum-has-started-uaq-tourism-department/ HTTP/1.1" 200 14546 "-" "Mozilla/5.0 (compatible; SemrushBot/7~bl; +http://www.semrush.com/bot.html)"
95.217.109.26 - - [26/Feb/2026:21:43:54 -0500] "GET /category/art/page/5/ HTTP/1.1" 200 14236 "-" "Mozilla/5.0 (compatible; MJ12bot/v1.4.8; http://mj12bot.com/)"
185.191.171.18 - - [26/Feb/2026:21:43:55 -0500] "GET /board-of-directors-of-sharjah-islamic-bank-agrees-to-raise-the-ceiling-for-foreign-ownership-to-40/ HTTP/1.1" 200 15454 "-" "Mozilla/5.0 (compatible; SemrushBot/7~bl; +http://www.semrush.com/bot.html)"
95.217.109.26 - - [26/Feb/2026:21:43:57 -0500] "GET /category/beauty-fashion/page/4/ HTTP/1.1" 200 14288 "-" "Mozilla/5.0 (compatible; MJ12bot/v1.4.8; http://mj12bot.com/)"
95.217.109.26 - - [26/Feb/2026:21:44:02 -0500] "GET /category/beauty-fashion/page/8/ HTTP/1.1" 200 14362 "-" "Mozilla/5.0 (compatible; MJ12bot/v1.4.8; http://mj12bot.com/)"
95.217.109.26 - - [26/Feb/2026:21:44:05 -0500] "GET /category/beauty-fashion/page/9/ HTTP/1.1" 200 14362 "-" "Mozilla/5.0 (compatible; MJ12bot/v1.4.8; http://mj12bot.com/)"
95.217.109.26 - - [26/Feb/2026:21:44:08 -0500] "GET /category/business/page/16/ HTTP/1.1" 200 14402 "-" "Mozilla/5.0 (compatible; MJ12bot/v1.4.8; http://mj12bot.com/)"
95.217.109.26 - - [26/Feb/2026:21:44:15 -0500] "GET /category/business/page/17/ HTTP/1.1" 200 14087 "-" "Mozilla/5.0 (compatible; MJ12bot/v1.4.8; http://mj12bot.com/)"
185.191.171.1 - - [26/Feb/2026:21:44:38 -0500] "GET /emirates-announces-launch-of-service-to-miami/ HTTP/1.1" 200 15785 "-" "Mozilla/5.0 (compatible; SemrushBot/7~bl; +http://www.semrush.com/bot.html)"
85.208.96.202 - - [26/Feb/2026:21:45:01 -0500] "GET /fujairah-ruler-receives-participants-of-international-envirocities-conference-2022/ HTTP/1.1" 200 16254 "-" "Mozilla/5.0 (compatible; SemrushBot/7~bl; +http://www.semrush.com/bot.html)"
185.191.171.16 - - [26/Feb/2026:21:45:04 -0500] "GET /a-gulf-of-gold-glory-anant-jaipur/ HTTP/1.1" 200 15574 "-" "Mozilla/5.0 (compatible; SemrushBot/7~bl; +http://www.semrush.com/bot.html)"
114.119.130.109 - - [26/Feb/2026:21:44:33 -0500] "GET /author/admin/page/38/ HTTP/1.1" 200 16447 "https://www.thedubaitoday.com/author/admin/page/37/" "Mozilla/5.0 (Linux; Android 7.0;) AppleWebKit/537.36 (KHTML, like Gecko) Mobile Safari/537.36 (compatible; PetalBot;+https://webmaster.petalsearch.com/site/petalbot)"
185.191.171.15 - - [26/Feb/2026:21:45:07 -0500] "GET /author/admin/page/137/ HTTP/1.1" 200 16439 "-" "Mozilla/5.0 (compatible; SemrushBot/7~bl; +http://www.semrush.com/bot.html)"
85.208.96.197 - - [26/Feb/2026:21:45:15 -0500] "GET /uae-president-receives-turkish-minister-of-defense/ HTTP/1.1" 200 14739 "-" "Mozilla/5.0 (compatible; SemrushBot/7~bl; +http://www.semrush.com/bot.html)"
95.217.109.26 - - [26/Feb/2026:21:45:51 -0500] "GET /category/business/page/5/ HTTP/1.1" 200 14373 "-" "Mozilla/5.0 (compatible; MJ12bot/v1.4.8; http://mj12bot.com/)"
114.119.148.10 - - [26/Feb/2026:21:46:01 -0500] "GET /uae-president-congratulates-emir-of-qatar-on-start-of-world-cup/ HTTP/1.1" 200 14227 "https://www.thedubaitoday.com/category/international-news/page/2" "Mozilla/5.0 (Linux; Android 7.0;) AppleWebKit/537.36 (KHTML, like Gecko) Mobile Safari/537.36 (compatible; PetalBot;+https://webmaster.petalsearch.com/site/petalbot)"
162.213.253.84 - - [26/Feb/2026:21:46:07 -0500] "POST /wp-cron.php?doing_wp_cron=1772160367.6568009853363037109375 HTTP/1.1" 200 0 "https://www.thedubaitoday.com/wp-cron.php?doing_wp_cron=1772160367.6568009853363037109375" "WordPress/5.5.16; https://www.thedubaitoday.com"
95.217.109.26 - - [26/Feb/2026:21:46:10 -0500] "GET /crown-prince-of-ajman-launches-first-al-murabbaa-arts-festival/ HTTP/1.1" 200 13077 "-" "Mozilla/5.0 (compatible; MJ12bot/v1.4.8; http://mj12bot.com/)"
185.191.171.8 - - [26/Feb/2026:21:46:14 -0500] "GET /arada-kicks-off-construction-at-armani-beach-residences-at-palm-jumeirah-with-award-of-first-contract/ HTTP/1.1" 200 15449 "-" "Mozilla/5.0 (compatible; SemrushBot/7~bl; +http://www.semrush.com/bot.html)"
95.217.109.26 - - [26/Feb/2026:21:46:20 -0500] "GET /dib-rings-market-opening-bell-to-celebrate-listing-us1-billion-at1-sukuk-on-nasdaq-dubai/ HTTP/1.1" 200 13278 "-" "Mozilla/5.0 (compatible; MJ12bot/v1.4.8; http://mj12bot.com/)"
95.217.109.26 - - [26/Feb/2026:21:46:23 -0500] "GET /difc-announces-future-sustainability-forum-in-dubai/ HTTP/1.1" 200 13631 "-" "Mozilla/5.0 (compatible; MJ12bot/v1.4.8; http://mj12bot.com/)"
95.217.109.26 - - [26/Feb/2026:21:46:25 -0500] "GET /difcs-innovation-hub-to-support-dubais-future-economic-growth/ HTTP/1.1" 200 13624 "-" "Mozilla/5.0 (compatible; MJ12bot/v1.4.8; http://mj12bot.com/)"
157.180.113.24 - - [26/Feb/2026:21:46:26 -0500] "GET /robots.txt HTTP/1.1" 200 103 "-" "Mozilla/5.0 AppleWebKit/537.36 (KHTML, like Gecko; compatible; Bravebot/1.0; +https://search.brave.com/help/brave-search-crawler) Chrome/W.X.Y.Z Safari/537.36"
95.217.109.26 - - [26/Feb/2026:21:46:27 -0500] "GET /dubai-culture-announces-dates-for-al-marmoom-film-in-the-desert-festival/ HTTP/1.1" 200 12737 "-" "Mozilla/5.0 (compatible; MJ12bot/v1.4.8; http://mj12bot.com/)"
95.217.109.26 - - [26/Feb/2026:21:46:30 -0500] "GET /dubai-culture-promotes-culture-of-innovation-among-children-and-adults/ HTTP/1.1" 200 12574 "-" "Mozilla/5.0 (compatible; MJ12bot/v1.4.8; http://mj12bot.com/)"
95.217.109.26 - - [26/Feb/2026:21:46:35 -0500] "GET /dubai-customs-wins-three-renowned-ideasuk-2020-awards/ HTTP/1.1" 200 14471 "-" "Mozilla/5.0 (compatible; MJ12bot/v1.4.8; http://mj12bot.com/)"
95.217.109.26 - - [26/Feb/2026:21:46:37 -0500] "GET /dubai-derma-2023-takes-place-march-1-3/feed/ HTTP/1.1" 200 424 "-" "Mozilla/5.0 (compatible; MJ12bot/v1.4.8; http://mj12bot.com/)"
34.194.14.255 - - [26/Feb/2026:21:46:38 -0500] "GET /wp-json/wp/v2/posts/9166 HTTP/1.1" 200 7141 "-" "Mozilla/5.0 AppleWebKit/537.36 (KHTML, like Gecko; compatible; Amazonbot/0.1; +https://developer.amazon.com/support/amazonbot) Chrome/119.0.6045.214 Safari/537.36"
43.153.211.93 - - [26/Feb/2026:21:45:11 -0500] "GET /shamsheer-vayalil-contributes-aed1-million-to-1billion-meals-initiative/ HTTP/1.1" 200 15095 "-" "Sogou web spider/4.0(+http://www.sogou.com/docs/help/webmasters.htm#07)"
85.208.96.209 - - [26/Feb/2026:21:45:29 -0500] "GET /dubai-airports-ups-annual-passenger-forecast-to-64-3m/ HTTP/1.1" 200 15105 "-" "Mozilla/5.0 (compatible; SemrushBot/7~bl; +http://www.semrush.com/bot.html)"
95.217.109.26 - - [26/Feb/2026:21:45:48 -0500] "GET /category/business/page/4/ HTTP/1.1" 200 14215 "-" "Mozilla/5.0 (compatible; MJ12bot/v1.4.8; http://mj12bot.com/)"
85.208.96.197 - - [26/Feb/2026:21:45:52 -0500] "GET /arab-academy-for-science-technology-and-maritime-transport-in-sharjah-concludes-2020-with-quality-achievements/ HTTP/1.1" 200 17253 "-" "Mozilla/5.0 (compatible; SemrushBot/7~bl; +http://www.semrush.com/bot.html)"
43.134.33.232 - - [26/Feb/2026:21:45:53 -0500] "GET /dubai-health-authority-achieves-acgme-i-accreditation/ HTTP/1.1" 200 15389 "-" "Sogou web spider/4.0(+http://www.sogou.com/docs/help/webmasters.htm#07)"
95.217.109.26 - - [26/Feb/2026:21:46:05 -0500] "GET /cbuae-issues-notice-outlining-measures-taken-to-alleviate-burden-of-rising-interest-rates-on-residential-mortgage-loans-for-uae-nationals/ HTTP/1.1" 200 13871 "-" "Mozilla/5.0 (compatible; MJ12bot/v1.4.8; http://mj12bot.com/)"
95.217.109.26 - - [26/Feb/2026:21:46:07 -0500] "GET /cbuaes-gold-reserves-up-to-aed17-413-bn-by-end-of-march/ HTTP/1.1" 200 12889 "-" "Mozilla/5.0 (compatible; MJ12bot/v1.4.8; http://mj12bot.com/)"
95.217.109.26 - - [26/Feb/2026:21:46:12 -0500] "GET /dct-abu-dhabi-anghami-join-forces-to-bring-sounds-of-traditional-emirati-performing-arts-online/ HTTP/1.1" 200 12855 "-" "Mozilla/5.0 (compatible; MJ12bot/v1.4.8; http://mj12bot.com/)"
95.217.109.26 - - [26/Feb/2026:21:46:14 -0500] "GET /dewa-wins-innovative-power-technology-of-the-year-at-asian-power-awards-2020/ HTTP/1.1" 200 12912 "-" "Mozilla/5.0 (compatible; MJ12bot/v1.4.8; http://mj12bot.com/)"
95.217.109.26 - - [26/Feb/2026:21:46:17 -0500] "GET /dgcx-celebrates-15th-anniversary-trades-154-million-lots-at-value-of-usd-4-trillion/ HTTP/1.1" 200 13410 "-" "Mozilla/5.0 (compatible; MJ12bot/v1.4.8; http://mj12bot.com/)"
178.156.233.107 - - [26/Feb/2026:21:46:26 -0500] "GET /category/press-releases/feed/ HTTP/1.1" 200 15888 "-" "Mozilla/5.0 (Windows NT 10.0; Win64; x64) AppleWebKit/537.36 (KHTML, like Gecko) Chrome/84.0.4147.105 Safari/537.36"
95.217.109.26 - - [26/Feb/2026:21:46:32 -0500] "GET /dubai-culture-turns-the-corridors-of-al-jalila-childrens-speciality-hospital-into-an-art-gallery-full-of-beauty/ HTTP/1.1" 200 13607 "-" "Mozilla/5.0 (compatible; MJ12bot/v1.4.8; http://mj12bot.com/)"
52.45.77.169 - - [26/Feb/2026:21:46:35 -0500] "GET /category/international-news/page/5/ HTTP/1.1" 200 16347 "-" "Mozilla/5.0 AppleWebKit/537.36 (KHTML, like Gecko; compatible; Amazonbot/0.1; +https://developer.amazon.com/support/amazonbot) Chrome/119.0.6045.214 Safari/537.36"
95.217.109.26 - - [26/Feb/2026:21:46:39 -0500] "GET /dubai-economy-issues-32158-new-licences-during-first-10-months-of-2020/ HTTP/1.1" 200 12944 "-" "Mozilla/5.0 (compatible; MJ12bot/v1.4.8; http://mj12bot.com/)"
18.215.112.101 - - [26/Feb/2026:21:46:42 -0500] "GET /wp-json/oembed/1.0/embed?url=https://www.thedubaitoday.com/abu-dhabi-heritage-authority-showcases-emirati-culture-at-moroccos-tan-tan-moussem/ HTTP/1.1" 200 2850 "-" "Mozilla/5.0 AppleWebKit/537.36 (KHTML, like Gecko; compatible; Amazonbot/0.1; +https://developer.amazon.com/support/amazonbot) Chrome/119.0.6045.214 Safari/537.36"
