66.249.68.66 - - [26/Feb/2026:16:22:05 -0500] "GET / HTTP/1.1" 200 16907 "-" "Mozilla/5.0 (Linux; Android 6.0.1; Nexus 5X Build/MMB29P) AppleWebKit/537.36 (KHTML, like Gecko) Chrome/144.0.7559.132 Mobile Safari/537.36 (compatible; Googlebot/2.1; +http://www.google.com/bot.html)"
66.249.68.65 - - [26/Feb/2026:16:22:13 -0500] "GET /wp-content/uploads/essential-addons-elementor/cb70d11b8.min.css?ver=1770336000 HTTP/1.1" 200 8195 "https://www.thedubaitoday.com/" "Mozilla/5.0 (Linux; Android 6.0.1; Nexus 5X Build/MMB29P) AppleWebKit/537.36 (KHTML, like Gecko) Chrome/144.0.7559.132 Mobile Safari/537.36 (compatible; Googlebot/2.1; +http://www.google.com/bot.html)"
113.189.60.192 - - [26/Feb/2026:16:22:17 -0500] "GET /construction-of-new-uaq-national-museum-has-started-uaq-tourism-department/ HTTP/1.1" 200 14546 "-" "Mozilla/5.0 (Macintosh; Intel Mac OS X 10_14_5) AppleWebKit/537.36 (KHTML, like Gecko) Chrome/101.0.4951.54 Safari/537.36"
114.119.130.109 - - [26/Feb/2026:16:23:42 -0500] "GET /category/home_side/page/3 HTTP/1.1" 301 0 "https://www.thedubaitoday.com/category/home_side/page/3" "Mozilla/5.0 (Linux; Android 7.0;) AppleWebKit/537.36 (KHTML, like Gecko) Mobile Safari/537.36 (compatible; PetalBot;+https://webmaster.petalsearch.com/site/petalbot)"
143.20.253.104 - - [26/Feb/2026:16:24:21 -0500] "GET /index.php?rest_route=/wp/v2/posts/9646 HTTP/1.1" 200 5850 "-" "Mozilla/5.0 (Macintosh; Intel Mac OS X 10_15_7) AppleWebKit/537.36 (KHTML, like Gecko) Chrome/135.0.0.0 Safari/537.36"
185.191.171.16 - - [26/Feb/2026:16:24:55 -0500] "GET /dubai-sme-extends-aed75-6-million-in-financial-facilities-to-global-village/ HTTP/1.1" 200 15741 "-" "Mozilla/5.0 (compatible; SemrushBot/7~bl; +http://www.semrush.com/bot.html)"
185.191.171.11 - - [26/Feb/2026:16:25:06 -0500] "GET /global-village-lights-up-dubai-skies-to-celebrate-new-year-2021-in-seven-countries-around-the-world/ HTTP/1.1" 200 15379 "-" "Mozilla/5.0 (compatible; SemrushBot/7~bl; +http://www.semrush.com/bot.html)"
178.150.14.250 - - [26/Feb/2026:16:25:16 -0500] "GET /3-pilot-robots-launched-to-deliver-products-in-dubais-sustainable-city/feed/ HTTP/1.1" 200 468 "-" "Mozilla/5.0 (compatible; MJ12bot/v1.4.8; http://mj12bot.com/)"
178.150.14.250 - - [26/Feb/2026:16:25:18 -0500] "GET /40th-sharjah-international-book-fairs-platform-engages-largest-number-of-publishers-agents/ HTTP/1.1" 200 13327 "-" "Mozilla/5.0 (compatible; MJ12bot/v1.4.8; http://mj12bot.com/)"
178.150.14.250 - - [26/Feb/2026:16:25:27 -0500] "GET /5000-visitors-attended-sharjah-entrepreneurial-festival-so-far/ HTTP/1.1" 200 15886 "-" "Mozilla/5.0 (compatible; MJ12bot/v1.4.8; http://mj12bot.com/)"
178.150.14.250 - - [26/Feb/2026:16:25:31 -0500] "GET /a-new-summer-collection-from-oris/feed/ HTTP/1.1" 200 416 "-" "Mozilla/5.0 (compatible; MJ12bot/v1.4.8; http://mj12bot.com/)"
43.173.174.19 - - [26/Feb/2026:16:25:34 -0500] "GET /category/awards/ HTTP/1.1" 200 16573 "-" "Mozilla/5.0 (Windows NT 10.0; Win64; x64) AppleWebKit/537.36 (KHTML, like Gecko) Chrome/124.0.0.0 Safari/537.36"
43.173.175.188 - - [26/Feb/2026:16:25:33 -0500] "GET /category/health-2/ HTTP/1.1" 200 16697 "-" "Mozilla/5.0 (Windows NT 10.0; Win64; x64) AppleWebKit/537.36 (KHTML, like Gecko) Chrome/116.0.0.0 Safari/537.36"
178.150.14.250 - - [26/Feb/2026:16:25:33 -0500] "GET /arabian-travel-market-changes-2022-dates-to-accommodate-new-uae-working-week/ HTTP/1.1" 200 13419 "-" "Mozilla/5.0 (compatible; MJ12bot/v1.4.8; http://mj12bot.com/)"
178.150.14.250 - - [26/Feb/2026:16:25:36 -0500] "GET /arada-launches-w-residences-at-dubai-harbour/ HTTP/1.1" 200 12664 "-" "Mozilla/5.0 (compatible; MJ12bot/v1.4.8; http://mj12bot.com/)"
178.150.14.250 - - [26/Feb/2026:16:25:38 -0500] "GET /asean-committee-in-abu-dhabi-underlines-commitment-to-strengthening-asean-uae-ties/ HTTP/1.1" 200 12510 "-" "Mozilla/5.0 (compatible; MJ12bot/v1.4.8; http://mj12bot.com/)"
185.191.171.16 - - [26/Feb/2026:16:23:42 -0500] "GET /a-night-of-celebration-at-dusit-thani-dubai/ HTTP/1.1" 200 14257 "-" "Mozilla/5.0 (compatible; SemrushBot/7~bl; +http://www.semrush.com/bot.html)"
114.119.130.109 - - [26/Feb/2026:16:23:49 -0500] "GET /category/home_side/page/3/ HTTP/1.1" 200 16906 "https://www.thedubaitoday.com/category/home_side/page/3" "Mozilla/5.0 (Linux; Android 7.0;) AppleWebKit/537.36 (KHTML, like Gecko) Mobile Safari/537.36 (compatible; PetalBot;+https://webmaster.petalsearch.com/site/petalbot)"
114.119.141.83 - - [26/Feb/2026:16:25:06 -0500] "GET /?p=6319 HTTP/1.1" 301 0 "https://www.thedubaitoday.com/?cat=71&paged=6" "Mozilla/5.0 (Linux; Android 7.0;) AppleWebKit/537.36 (KHTML, like Gecko) Mobile Safari/537.36 (compatible; PetalBot;+https://webmaster.petalsearch.com/site/petalbot)"
114.119.141.83 - - [26/Feb/2026:16:25:08 -0500] "GET /air-arabia-to-showcase-latest-a321neo-lr-at-the-dubai-airshow-2021/ HTTP/1.1" 200 14794 "https://www.thedubaitoday.com/?cat=71&paged=6" "Mozilla/5.0 (Linux; Android 7.0;) AppleWebKit/537.36 (KHTML, like Gecko) Mobile Safari/537.36 (compatible; PetalBot;+https://webmaster.petalsearch.com/site/petalbot)"
178.150.14.250 - - [26/Feb/2026:16:25:14 -0500] "GET /robots.txt HTTP/1.1" 200 122 "-" "Mozilla/5.0 (compatible; MJ12bot/v1.4.8; http://mj12bot.com/)"
178.150.14.250 - - [26/Feb/2026:16:25:25 -0500] "GET /5-2-million-to-travel-through-dxb-between-13-31-december/ HTTP/1.1" 200 12641 "-" "Mozilla/5.0 (compatible; MJ12bot/v1.4.8; http://mj12bot.com/)"
178.150.14.250 - - [26/Feb/2026:16:25:29 -0500] "GET /7th-world-green-economy-summit-attracts-prominent-international-speakers/ HTTP/1.1" 200 13105 "-" "Mozilla/5.0 (compatible; MJ12bot/v1.4.8; http://mj12bot.com/)"
43.173.175.234 - - [26/Feb/2026:16:25:32 -0500] "GET /?cat=57 HTTP/1.1" 301 0 "-" "Mozilla/5.0 (Windows NT 10.0; Win64; x64) AppleWebKit/537.36 (KHTML, like Gecko) Chrome/124.0.0.0 Safari/537.36"
43.173.174.21 - - [26/Feb/2026:16:25:37 -0500] "GET /?cat=57 HTTP/1.1" 301 0 "-" "Mozilla/5.0 (Windows NT 10.0; Win64; x64) AppleWebKit/537.36 (KHTML, like Gecko) Chrome/133.0.0.0 Safari/537.36"
43.173.174.21 - - [26/Feb/2026:16:25:38 -0500] "GET /category/awards/ HTTP/1.1" 200 16573 "https://www.thedubaitoday.com/?cat=57" "Mozilla/5.0 (Windows NT 10.0; Win64; x64) AppleWebKit/537.36 (KHTML, like Gecko) Chrome/133.0.0.0 Safari/537.36"
178.150.14.250 - - [26/Feb/2026:16:25:46 -0500] "GET /author/admin/page/176/ HTTP/1.1" 200 14145 "-" "Mozilla/5.0 (compatible; MJ12bot/v1.4.8; http://mj12bot.com/)"
178.150.14.250 - - [26/Feb/2026:16:25:48 -0500] "GET /author/admin/page/2/ HTTP/1.1" 200 14118 "-" "Mozilla/5.0 (compatible; MJ12bot/v1.4.8; http://mj12bot.com/)"
178.150.14.250 - - [26/Feb/2026:16:25:59 -0500] "GET /barraquer-eye-hospital-tips-for-summer-eye-care-and-managing-dry-eyes/ HTTP/1.1" 200 14222 "-" "Mozilla/5.0 (compatible; MJ12bot/v1.4.8; http://mj12bot.com/)"
178.150.14.250 - - [26/Feb/2026:16:26:01 -0500] "GET /beeah-celebrates-uae-national-day-with-regions-first-solar-powered-light-show/ HTTP/1.1" 200 12510 "-" "Mozilla/5.0 (compatible; MJ12bot/v1.4.8; http://mj12bot.com/)"
178.150.14.250 - - [26/Feb/2026:16:26:04 -0500] "GET /bodour-al-qasimi-affirms-importance-of-cultural-diversity-representation-in-publishing/ HTTP/1.1" 200 13645 "-" "Mozilla/5.0 (compatible; MJ12bot/v1.4.8; http://mj12bot.com/)"
178.150.14.250 - - [26/Feb/2026:16:26:06 -0500] "GET /bodour-al-qasimi-inaugurates-aus-global-day-a-carnival-of-culture-and-colour/ HTTP/1.1" 200 15280 "-" "Mozilla/5.0 (compatible; MJ12bot/v1.4.8; http://mj12bot.com/)"
178.150.14.250 - - [26/Feb/2026:16:26:08 -0500] "GET /bohemia-at-beach-by-five/ HTTP/1.1" 200 12482 "-" "Mozilla/5.0 (compatible; MJ12bot/v1.4.8; http://mj12bot.com/)"
178.150.14.250 - - [26/Feb/2026:16:26:10 -0500] "GET /brand-dubai-ferjan-dubai-launch-dubais-best-decorated-ramadan-homes-competition/ HTTP/1.1" 200 13412 "-" "Mozilla/5.0 (compatible; MJ12bot/v1.4.8; http://mj12bot.com/)"
178.150.14.250 - - [26/Feb/2026:16:25:40 -0500] "GET /atm-2025-opens-tomorrow-uniting-travel-professionals-from-over-166-countries/feed/ HTTP/1.1" 200 452 "-" "Mozilla/5.0 (compatible; MJ12bot/v1.4.8; http://mj12bot.com/)"
178.150.14.250 - - [26/Feb/2026:16:25:41 -0500] "GET /atm-on-track-for-record-attendance-as-visitor-registrations-double-year-on-year/feed/ HTTP/1.1" 200 458 "-" "Mozilla/5.0 (compatible; MJ12bot/v1.4.8; http://mj12bot.com/)"
178.150.14.250 - - [26/Feb/2026:16:25:44 -0500] "GET /author/admin/feed/ HTTP/1.1" 200 11053 "-" "Mozilla/5.0 (compatible; MJ12bot/v1.4.8; http://mj12bot.com/)"
178.150.14.250 - - [26/Feb/2026:16:25:50 -0500] "GET /author/admin/page/3/ HTTP/1.1" 200 14121 "-" "Mozilla/5.0 (compatible; MJ12bot/v1.4.8; http://mj12bot.com/)"
178.150.14.250 - - [26/Feb/2026:16:25:53 -0500] "GET /award-winning-ead-nature-documentaries-to-be-aired-on-emirates-airline/ HTTP/1.1" 200 13366 "-" "Mozilla/5.0 (compatible; MJ12bot/v1.4.8; http://mj12bot.com/)"
178.150.14.250 - - [26/Feb/2026:16:25:54 -0500] "GET /barraquer-eye-hospital-awarded-hospital-accreditation-from-joint-commission-international/ HTTP/1.1" 200 13437 "-" "Mozilla/5.0 (compatible; MJ12bot/v1.4.8; http://mj12bot.com/)"
178.150.14.250 - - [26/Feb/2026:16:25:57 -0500] "GET /barraquer-eye-hospital-for-all-your-vision-needs/ HTTP/1.1" 200 13293 "-" "Mozilla/5.0 (compatible; MJ12bot/v1.4.8; http://mj12bot.com/)"
178.150.14.250 - - [26/Feb/2026:16:26:12 -0500] "GET /category/art/feed/ HTTP/1.1" 200 15189 "-" "Mozilla/5.0 (compatible; MJ12bot/v1.4.8; http://mj12bot.com/)"
178.150.14.250 - - [26/Feb/2026:16:26:15 -0500] "GET /category/art/page/2/ HTTP/1.1" 200 14260 "-" "Mozilla/5.0 (compatible; MJ12bot/v1.4.8; http://mj12bot.com/)"
178.150.14.250 - - [26/Feb/2026:16:26:18 -0500] "GET /category/art/page/6/ HTTP/1.1" 200 13644 "-" "Mozilla/5.0 (compatible; MJ12bot/v1.4.8; http://mj12bot.com/)"
178.150.14.250 - - [26/Feb/2026:16:26:21 -0500] "GET /category/articles/feed/ HTTP/1.1" 200 5896 "-" "Mozilla/5.0 (compatible; MJ12bot/v1.4.8; http://mj12bot.com/)"
178.150.14.250 - - [26/Feb/2026:16:26:23 -0500] "GET /category/astrology-tarot/feed/ HTTP/1.1" 200 8989 "-" "Mozilla/5.0 (compatible; MJ12bot/v1.4.8; http://mj12bot.com/)"
114.119.148.10 - - [26/Feb/2026:16:26:29 -0500] "GET /pep-up-your-style-quotient-with-burberry-collection-from-candy-and-lola/ HTTP/1.1" 200 15028 "https://www.thedubaitoday.com/category/lifestyle/page/4" "Mozilla/5.0 (Linux; Android 7.0;) AppleWebKit/537.36 (KHTML, like Gecko) Mobile Safari/537.36 (compatible; PetalBot;+https://webmaster.petalsearch.com/site/petalbot)"
178.150.14.250 - - [26/Feb/2026:16:26:35 -0500] "GET /category/beauty-fashion/feed/ HTTP/1.1" 200 12289 "-" "Mozilla/5.0 (compatible; MJ12bot/v1.4.8; http://mj12bot.com/)"
178.150.14.250 - - [26/Feb/2026:16:26:37 -0500] "GET /category/beauty-fashion/page/10/ HTTP/1.1" 200 12232 "-" "Mozilla/5.0 (compatible; MJ12bot/v1.4.8; http://mj12bot.com/)"
178.150.14.250 - - [26/Feb/2026:16:26:41 -0500] "GET /category/beauty-fashion/page/3/ HTTP/1.1" 200 14084 "-" "Mozilla/5.0 (compatible; MJ12bot/v1.4.8; http://mj12bot.com/)"
178.150.14.250 - - [26/Feb/2026:16:26:45 -0500] "GET /category/business/page/18/ HTTP/1.1" 200 14234 "-" "Mozilla/5.0 (compatible; MJ12bot/v1.4.8; http://mj12bot.com/)"
178.150.14.250 - - [26/Feb/2026:16:26:48 -0500] "GET /category/business/page/2/ HTTP/1.1" 200 14333 "-" "Mozilla/5.0 (compatible; MJ12bot/v1.4.8; http://mj12bot.com/)"
178.150.14.250 - - [26/Feb/2026:16:26:50 -0500] "GET /category/business/page/3/ HTTP/1.1" 200 14442 "-" "Mozilla/5.0 (compatible; MJ12bot/v1.4.8; http://mj12bot.com/)"
178.150.14.250 - - [26/Feb/2026:16:26:54 -0500] "GET /dubai-foodies-invited-to-a-masterclass-of-european-butter-at-the-walk/ HTTP/1.1" 200 12670 "-" "Mozilla/5.0 (compatible; MJ12bot/v1.4.8; http://mj12bot.com/)"
178.150.14.250 - - [26/Feb/2026:16:26:58 -0500] "GET /dubai-hosts-the-15th-international-conference-on-challenges-in-environmental-science-and-engineering-2022-for-the-first-time-in-the-middle-east/ HTTP/1.1" 200 15249 "-" "Mozilla/5.0 (compatible; MJ12bot/v1.4.8; http://mj12bot.com/)"
178.150.14.250 - - [26/Feb/2026:16:27:00 -0500] "GET /dubai-international-named-worlds-busiest-international-airport-for-10th-consecutive-year/ HTTP/1.1" 200 13719 "-" "Mozilla/5.0 (compatible; MJ12bot/v1.4.8; http://mj12bot.com/)"
178.150.14.250 - - [26/Feb/2026:16:27:05 -0500] "GET /dubai-tourist-police-promotes-security-services-to-15-hotels/ HTTP/1.1" 200 12473 "-" "Mozilla/5.0 (compatible; MJ12bot/v1.4.8; http://mj12bot.com/)"
178.150.14.250 - - [26/Feb/2026:16:27:10 -0500] "GET /dubais-heritage-and-vibrant-history-highlighted-in-washington/ HTTP/1.1" 200 13068 "-" "Mozilla/5.0 (compatible; MJ12bot/v1.4.8; http://mj12bot.com/)"
178.150.14.250 - - [26/Feb/2026:16:27:14 -0500] "GET /dxb-live-wins-best-community-event-at-middle-east-event-awards/ HTTP/1.1" 200 12905 "-" "Mozilla/5.0 (compatible; MJ12bot/v1.4.8; http://mj12bot.com/)"
178.150.14.250 - - [26/Feb/2026:16:27:18 -0500] "GET /emirates-wins-worlds-best-airline/ HTTP/1.1" 200 12868 "-" "Mozilla/5.0 (compatible; MJ12bot/v1.4.8; http://mj12bot.com/)"
178.150.14.250 - - [26/Feb/2026:16:27:23 -0500] "GET /enjoy-the-festive-season-at-al-sarab-hotel/ HTTP/1.1" 200 12517 "-" "Mozilla/5.0 (compatible; MJ12bot/v1.4.8; http://mj12bot.com/)"
178.150.14.250 - - [26/Feb/2026:16:27:27 -0500] "GET /etihad-cargos-inaugural-freighter-flight-to-ezhou-huahu-airport-in-china-arrives-on-august-18/ HTTP/1.1" 200 14408 "-" "Mozilla/5.0 (compatible; MJ12bot/v1.4.8; http://mj12bot.com/)"
178.150.14.250 - - [26/Feb/2026:16:27:29 -0500] "GET /etihad-operates-3-flights-to-medan-indonesia/ HTTP/1.1" 200 12106 "-" "Mozilla/5.0 (compatible; MJ12bot/v1.4.8; http://mj12bot.com/)"
178.150.14.250 - - [26/Feb/2026:16:27:33 -0500] "GET /expo-centre-sharjah-concludes-participation-in-ufis-mea-conference/ HTTP/1.1" 200 13124 "-" "Mozilla/5.0 (compatible; MJ12bot/v1.4.8; http://mj12bot.com/)"
85.208.96.210 - - [26/Feb/2026:16:27:34 -0500] "GET /mohamed-bin-zayed-congratulates-uae-president-rulers-emiratis-residents-on-holy-month-of-ramadan/ HTTP/1.1" 200 14325 "-" "Mozilla/5.0 (compatible; SemrushBot/7~bl; +http://www.semrush.com/bot.html)"
178.150.14.250 - - [26/Feb/2026:16:27:41 -0500] "GET /farnek-hotel-management-launches-flexi-guest-at-ahic/ HTTP/1.1" 200 13676 "-" "Mozilla/5.0 (compatible; MJ12bot/v1.4.8; http://mj12bot.com/)"
178.150.14.250 - - [26/Feb/2026:16:27:42 -0500] "GET /fichte-co-eyes-on-uae-legislation-overhaul/ HTTP/1.1" 200 13539 "-" "Mozilla/5.0 (compatible; MJ12bot/v1.4.8; http://mj12bot.com/)"
178.150.14.250 - - [26/Feb/2026:16:26:17 -0500] "GET /category/art/page/3/ HTTP/1.1" 200 14149 "-" "Mozilla/5.0 (compatible; MJ12bot/v1.4.8; http://mj12bot.com/)"
185.191.171.9 - - [26/Feb/2026:16:26:22 -0500] "GET /deliveroo-express-mart-launches-recipe-kit-in-collaboration-with-rinky-pamnani/ HTTP/1.1" 200 14733 "-" "Mozilla/5.0 (compatible; SemrushBot/7~bl; +http://www.semrush.com/bot.html)"
178.150.14.250 - - [26/Feb/2026:16:26:25 -0500] "GET /category/awards/feed/ HTTP/1.1" 200 11282 "-" "Mozilla/5.0 (compatible; MJ12bot/v1.4.8; http://mj12bot.com/)"
178.150.14.250 - - [26/Feb/2026:16:26:32 -0500] "GET /category/awards/page/2/ HTTP/1.1" 200 13859 "-" "Mozilla/5.0 (compatible; MJ12bot/v1.4.8; http://mj12bot.com/)"
178.150.14.250 - - [26/Feb/2026:16:26:39 -0500] "GET /category/beauty-fashion/page/2/ HTTP/1.1" 200 14142 "-" "Mozilla/5.0 (compatible; MJ12bot/v1.4.8; http://mj12bot.com/)"
178.150.14.250 - - [26/Feb/2026:16:26:43 -0500] "GET /category/business/feed/ HTTP/1.1" 200 17667 "-" "Mozilla/5.0 (compatible; MJ12bot/v1.4.8; http://mj12bot.com/)"
178.150.14.250 - - [26/Feb/2026:16:26:52 -0500] "GET /dubai-derma-2023-takes-place-march-1-3/ HTTP/1.1" 200 16665 "-" "Mozilla/5.0 (compatible; MJ12bot/v1.4.8; http://mj12bot.com/)"
178.150.14.250 - - [26/Feb/2026:16:26:56 -0500] "GET /dubai-health-authority-wins-international-data-corporation-award/ HTTP/1.1" 200 14688 "-" "Mozilla/5.0 (compatible; MJ12bot/v1.4.8; http://mj12bot.com/)"
178.150.14.250 - - [26/Feb/2026:16:27:01 -0500] "GET /dubai-opens-nominations-for-5th-taqdeer-award-for-labour-excellence/ HTTP/1.1" 200 13117 "-" "Mozilla/5.0 (compatible; MJ12bot/v1.4.8; http://mj12bot.com/)"
178.150.14.250 - - [26/Feb/2026:16:27:03 -0500] "GET /dubai-opera-hosts-legendary-opera-singer-andrea-bocelli/ HTTP/1.1" 200 13598 "-" "Mozilla/5.0 (compatible; MJ12bot/v1.4.8; http://mj12bot.com/)"
178.150.14.250 - - [26/Feb/2026:16:27:07 -0500] "GET /dubai-will-host-the-international-deluxe-beauty-awards-on-april-15/feed/ HTTP/1.1" 200 455 "-" "Mozilla/5.0 (compatible; MJ12bot/v1.4.8; http://mj12bot.com/)"
178.150.14.250 - - [26/Feb/2026:16:27:09 -0500] "GET /dubai-wins-bids-for-99-events-in-h1-2022/ HTTP/1.1" 200 14061 "-" "Mozilla/5.0 (compatible; MJ12bot/v1.4.8; http://mj12bot.com/)"
178.150.14.250 - - [26/Feb/2026:16:27:12 -0500] "GET /dubais-nakheel-awards-3-construction-contracts-worth-1-4bln-for-palm-jebel-ali-villas/ HTTP/1.1" 200 12593 "-" "Mozilla/5.0 (compatible; MJ12bot/v1.4.8; http://mj12bot.com/)"
178.150.14.250 - - [26/Feb/2026:16:27:16 -0500] "GET /easing-restrictions-will-spice-up-tourism-sector/ HTTP/1.1" 200 12932 "-" "Mozilla/5.0 (compatible; MJ12bot/v1.4.8; http://mj12bot.com/)"
178.150.14.250 - - [26/Feb/2026:16:27:20 -0500] "GET /energy-leaders-set-scene-for-equity-in-education-at-adipec-2021/ HTTP/1.1" 200 13827 "-" "Mozilla/5.0 (compatible; MJ12bot/v1.4.8; http://mj12bot.com/)"
178.150.14.250 - - [26/Feb/2026:16:27:22 -0500] "GET /enjoy-a-free-dessert-this-national-dessert-day/ HTTP/1.1" 200 12158 "-" "Mozilla/5.0 (compatible; MJ12bot/v1.4.8; http://mj12bot.com/)"
178.150.14.250 - - [26/Feb/2026:16:27:26 -0500] "GET /etihad-airways-records-10-4-million-passengers-jan-jul-2024/ HTTP/1.1" 200 12423 "-" "Mozilla/5.0 (compatible; MJ12bot/v1.4.8; http://mj12bot.com/)"
178.150.14.250 - - [26/Feb/2026:16:27:32 -0500] "GET /european-style-pancake-day-at-mondoux/ HTTP/1.1" 200 12626 "-" "Mozilla/5.0 (compatible; MJ12bot/v1.4.8; http://mj12bot.com/)"
185.191.171.6 - - [26/Feb/2026:16:27:50 -0500] "GET /gcc-board-of-directors-institute-to-convene-8th-chairman-summit-in-riyadh/ HTTP/1.1" 200 15484 "-" "Mozilla/5.0 (compatible; SemrushBot/7~bl; +http://www.semrush.com/bot.html)"
178.150.14.250 - - [26/Feb/2026:16:27:50 -0500] "GET /get-set-to-take-on-the-sun-with-summer-survival-kit-from-sesderma/ HTTP/1.1" 200 13184 "-" "Mozilla/5.0 (compatible; MJ12bot/v1.4.8; http://mj12bot.com/)"
178.150.14.250 - - [26/Feb/2026:16:27:52 -0500] "GET /get-to-experience-nlp-coaching-with-deanna-at-mind-and-body-works-dxb/feed/ HTTP/1.1" 200 460 "-" "Mozilla/5.0 (compatible; MJ12bot/v1.4.8; http://mj12bot.com/)"
178.150.14.250 - - [26/Feb/2026:16:27:56 -0500] "GET /hamdan-bin-mohammed-arrives-in-new-delhi-on-official-visit-to-india/ HTTP/1.1" 200 12360 "-" "Mozilla/5.0 (compatible; MJ12bot/v1.4.8; http://mj12bot.com/)"
178.150.14.250 - - [26/Feb/2026:16:27:58 -0500] "GET /hamdan-bin-mohammed-grants-golden-visas-to-nursing-staff-at-dubai-health/ HTTP/1.1" 200 12329 "-" "Mozilla/5.0 (compatible; MJ12bot/v1.4.8; http://mj12bot.com/)"
178.150.14.250 - - [26/Feb/2026:16:28:02 -0500] "GET /healthy-astrology-with-dr-bhambi/feed/ HTTP/1.1" 200 414 "-" "Mozilla/5.0 (compatible; MJ12bot/v1.4.8; http://mj12bot.com/)"
178.150.14.250 - - [26/Feb/2026:16:28:08 -0500] "GET /hussain-al-jassmi-ngham-to-lead-inaugural-concert-at-newly-opened-khorfakkan-amphitheatre/ HTTP/1.1" 200 12973 "-" "Mozilla/5.0 (compatible; MJ12bot/v1.4.8; http://mj12bot.com/)"
178.150.14.250 - - [26/Feb/2026:16:28:10 -0500] "GET /icomia-conference-in-dubai-sees-huge-turnout-on-first-two-days/ HTTP/1.1" 200 13292 "-" "Mozilla/5.0 (compatible; MJ12bot/v1.4.8; http://mj12bot.com/)"
178.150.14.250 - - [26/Feb/2026:16:28:18 -0500] "GET /international-mother-language-day-2023-dubai/ HTTP/1.1" 200 13314 "-" "Mozilla/5.0 (compatible; MJ12bot/v1.4.8; http://mj12bot.com/)"
178.150.14.250 - - [26/Feb/2026:16:28:20 -0500] "GET /irthi-launches-sijada-collection-at-milan-design-week/ HTTP/1.1" 200 13906 "-" "Mozilla/5.0 (compatible; MJ12bot/v1.4.8; http://mj12bot.com/)"
178.150.14.250 - - [26/Feb/2026:16:28:22 -0500] "GET /joby-to-launch-air-taxi-service-in-uae/ HTTP/1.1" 200 13935 "-" "Mozilla/5.0 (compatible; MJ12bot/v1.4.8; http://mj12bot.com/)"
178.150.14.250 - - [26/Feb/2026:16:28:25 -0500] "GET /khawla-art-and-culture-hosts-a-vibrant-land-exhibition/ HTTP/1.1" 200 12638 "-" "Mozilla/5.0 (compatible; MJ12bot/v1.4.8; http://mj12bot.com/)"
178.150.14.250 - - [26/Feb/2026:16:28:28 -0500] "GET /khorfakkan-amphitheatre-reverberating-with-emirati-egyptian-music-on-new-years-eve/ HTTP/1.1" 200 13775 "-" "Mozilla/5.0 (compatible; MJ12bot/v1.4.8; http://mj12bot.com/)"
178.150.14.250 - - [26/Feb/2026:16:28:30 -0500] "GET /kuwaits-amiri-diwan-announces-demise-of-sheikh-nawaf-al-ahmad-al-jaber-al-sabah/ HTTP/1.1" 200 12231 "-" "Mozilla/5.0 (compatible; MJ12bot/v1.4.8; http://mj12bot.com/)"
178.150.14.250 - - [26/Feb/2026:16:28:32 -0500] "GET /limited-edition-aed-8-million-zenvo-hypercar-to-the-middle-east-launched-by-the-elite-cars/ HTTP/1.1" 200 13417 "-" "Mozilla/5.0 (compatible; MJ12bot/v1.4.8; http://mj12bot.com/)"
178.150.14.250 - - [26/Feb/2026:16:28:41 -0500] "GET /mamiya-diamonds-spreading-sparkle-with-their-diamond-collection/ HTTP/1.1" 200 12926 "-" "Mozilla/5.0 (compatible; MJ12bot/v1.4.8; http://mj12bot.com/)"
178.150.14.250 - - [26/Feb/2026:16:28:43 -0500] "GET /mansoor-bin-mohammed-crowns-winners-of-15th-globe-soccer-dubai-awards/feed/ HTTP/1.1" 200 458 "-" "Mozilla/5.0 (compatible; MJ12bot/v1.4.8; http://mj12bot.com/)"
178.150.14.250 - - [26/Feb/2026:16:28:45 -0500] "GET /mansour-bin-zayed-receives-chief-of-mongolian-presidential-court/ HTTP/1.1" 200 12016 "-" "Mozilla/5.0 (compatible; MJ12bot/v1.4.8; http://mj12bot.com/)"
178.150.14.250 - - [26/Feb/2026:16:28:48 -0500] "GET /mena-imports-of-european-apples-increased-in-2019-2020-season/ HTTP/1.1" 200 13524 "-" "Mozilla/5.0 (compatible; MJ12bot/v1.4.8; http://mj12bot.com/)"
178.150.14.250 - - [26/Feb/2026:16:27:44 -0500] "GET /flydubai-adds-two-destinations-in-saudi-arabia/ HTTP/1.1" 200 13062 "-" "Mozilla/5.0 (compatible; MJ12bot/v1.4.8; http://mj12bot.com/)"
178.150.14.250 - - [26/Feb/2026:16:27:46 -0500] "GET /fourth-edition-of-jewels-of-emirates-show-kicks-off-in-sharjah/ HTTP/1.1" 200 16024 "-" "Mozilla/5.0 (compatible; MJ12bot/v1.4.8; http://mj12bot.com/)"
178.150.14.250 - - [26/Feb/2026:16:27:48 -0500] "GET /gcc-secretary-general-reaffirms-gulf-states-support-for-stability-in-lebanon/ HTTP/1.1" 200 12567 "-" "Mozilla/5.0 (compatible; MJ12bot/v1.4.8; http://mj12bot.com/)"
178.150.14.250 - - [26/Feb/2026:16:27:54 -0500] "GET /global-village-breaks-first-of-25-guinness-world-records-titles-as-part-of-silver-jubilee-celebrations/ HTTP/1.1" 200 13300 "-" "Mozilla/5.0 (compatible; MJ12bot/v1.4.8; http://mj12bot.com/)"
114.119.141.83 - - [26/Feb/2026:16:27:56 -0500] "GET /wetex-dubai-solar-show-2022-attracts-1750-companies-from-55-countries/ HTTP/1.1" 200 15848 "https://www.thedubaitoday.com/?p=8275" "Mozilla/5.0 (Linux; Android 7.0;) AppleWebKit/537.36 (KHTML, like Gecko) Mobile Safari/537.36 (compatible; PetalBot;+https://webmaster.petalsearch.com/site/petalbot)"
178.150.14.250 - - [26/Feb/2026:16:28:00 -0500] "GET /hasher-bin-maktoum-officially-opens-cabsat-2023-and-integrate-middle-east-2023/ HTTP/1.1" 200 17429 "-" "Mozilla/5.0 (compatible; MJ12bot/v1.4.8; http://mj12bot.com/)"
178.150.14.250 - - [26/Feb/2026:16:28:04 -0500] "GET /healthy-numerology-with-pandit-bhambi/feed/ HTTP/1.1" 200 416 "-" "Mozilla/5.0 (compatible; MJ12bot/v1.4.8; http://mj12bot.com/)"
178.150.14.250 - - [26/Feb/2026:16:28:06 -0500] "GET /honeywell-aviator-hi-fi-audio-system-that-promises-superior-sound-quality-and-sophistication/feed/ HTTP/1.1" 200 462 "-" "Mozilla/5.0 (compatible; MJ12bot/v1.4.8; http://mj12bot.com/)"
178.150.14.250 - - [26/Feb/2026:16:28:12 -0500] "GET /ihcs-subsidiary-alpha-dhabi-holding-completes-listing-on-adx/ HTTP/1.1" 200 13398 "-" "Mozilla/5.0 (compatible; MJ12bot/v1.4.8; http://mj12bot.com/)"
178.150.14.250 - - [26/Feb/2026:16:28:13 -0500] "GET /incredible-talents-art-exhibition-slated-to-promote-international-talent-in-dubai/ HTTP/1.1" 200 13364 "-" "Mozilla/5.0 (compatible; MJ12bot/v1.4.8; http://mj12bot.com/)"
178.150.14.250 - - [26/Feb/2026:16:28:15 -0500] "GET /indulge-in-7-vegetarian-varieties-this-veganuary/ HTTP/1.1" 200 12237 "-" "Mozilla/5.0 (compatible; MJ12bot/v1.4.8; http://mj12bot.com/)"
182.42.110.255 - - [26/Feb/2026:16:28:15 -0500] "GET / HTTP/1.1" 200 20744 "http://www.thedubaitoday.com" "Mozilla/5.0 (iPhone; CPU iPhone OS 13_2_3 like Mac OS X) AppleWebKit/605.1.15 (KHTML, like Gecko) Version/13.0.3 Mobile/15E148 Safari/604.1"
178.150.14.250 - - [26/Feb/2026:16:28:17 -0500] "GET /intercontinental-ras-al-khaimah-mina-al-arab-resort-and-spa-to-open-by-year-end/ HTTP/1.1" 200 12839 "-" "Mozilla/5.0 (compatible; MJ12bot/v1.4.8; http://mj12bot.com/)"
178.150.14.250 - - [26/Feb/2026:16:28:23 -0500] "GET /khaled-bin-mohamed-bin-zayed-launches-advanced-technology-research-councils-new-ai-company-ai71/ HTTP/1.1" 200 14439 "-" "Mozilla/5.0 (compatible; MJ12bot/v1.4.8; http://mj12bot.com/)"
178.150.14.250 - - [26/Feb/2026:16:28:34 -0500] "GET /magnati-ajman-bank-partner-to-enhance-financial-solutions-for-smes/ HTTP/1.1" 200 12757 "-" "Mozilla/5.0 (compatible; MJ12bot/v1.4.8; http://mj12bot.com/)"
178.150.14.250 - - [26/Feb/2026:16:28:36 -0500] "GET /majid-bin-sultan-al-qasimi-opens-acres-2023/ HTTP/1.1" 200 17941 "-" "Mozilla/5.0 (compatible; MJ12bot/v1.4.8; http://mj12bot.com/)"
178.150.14.250 - - [26/Feb/2026:16:28:39 -0500] "GET /mamiya-diamonds-shines-bright-in-dubais-jewelry-couture-with-bespoke-and-lab-grown-technology/feed/ HTTP/1.1" 200 479 "-" "Mozilla/5.0 (compatible; MJ12bot/v1.4.8; http://mj12bot.com/)"
178.150.14.250 - - [26/Feb/2026:16:28:46 -0500] "GET /mediclinic-abu-dhabi-annual-cancer-conference-concludes-in-abu-dhabi/ HTTP/1.1" 200 13061 "-" "Mozilla/5.0 (compatible; MJ12bot/v1.4.8; http://mj12bot.com/)"
178.150.14.250 - - [26/Feb/2026:16:28:49 -0500] "GET /ministry-of-culture-and-youth-delegation-concludes-visit-to-washington-d-c/ HTTP/1.1" 200 13267 "-" "Mozilla/5.0 (compatible; MJ12bot/v1.4.8; http://mj12bot.com/)"
178.150.14.250 - - [26/Feb/2026:16:28:57 -0500] "GET /mohammed-bin-rashid-aerospace-hub-signs-agreement-to-open-mro-engine-test-facility-at-dubai-south/ HTTP/1.1" 200 12907 "-" "Mozilla/5.0 (compatible; MJ12bot/v1.4.8; http://mj12bot.com/)"
85.208.96.211 - - [26/Feb/2026:16:28:59 -0500] "GET /higher-organising-committee-of-idex-2021-navdex-2021-briefs-diplomats-and-military-attaches-on-upcoming-exhibitions/ HTTP/1.1" 200 16526 "-" "Mozilla/5.0 (compatible; SemrushBot/7~bl; +http://www.semrush.com/bot.html)"
178.150.14.250 - - [26/Feb/2026:16:28:59 -0500] "GET /mohammed-bin-rashid-attends-29th-dubai-world-cup/ HTTP/1.1" 200 13248 "-" "Mozilla/5.0 (compatible; MJ12bot/v1.4.8; http://mj12bot.com/)"
178.150.14.250 - - [26/Feb/2026:16:29:05 -0500] "GET /national-pavilion-uae-wins-golden-lion-award-for-best-national-participation-at-17th-international-architecture-exhibition-at-venice-biennale/ HTTP/1.1" 200 13545 "-" "Mozilla/5.0 (compatible; MJ12bot/v1.4.8; http://mj12bot.com/)"
178.150.14.250 - - [26/Feb/2026:16:29:08 -0500] "GET /noura-al-kaabi-visits-aridly-abundant-exhibition-at-18th-international-architecture-exhibition-at-la-biennale-di-venezia/ HTTP/1.1" 200 14778 "-" "Mozilla/5.0 (compatible; MJ12bot/v1.4.8; http://mj12bot.com/)"
178.150.14.250 - - [26/Feb/2026:16:29:13 -0500] "GET /on-behalf-of-uae-president-khaled-bin-mohamed-bin-zayed-arrives-in-albania-on-working-visit/ HTTP/1.1" 200 12944 "-" "Mozilla/5.0 (compatible; MJ12bot/v1.4.8; http://mj12bot.com/)"
178.150.14.250 - - [26/Feb/2026:16:29:15 -0500] "GET /pay-only-73-this-indian-republic-day-at-jehangirs/ HTTP/1.1" 200 12291 "-" "Mozilla/5.0 (compatible; MJ12bot/v1.4.8; http://mj12bot.com/)"
178.150.14.250 - - [26/Feb/2026:16:29:17 -0500] "GET /president-of-sharjah-institute-for-heritage-receives-ambassador-of-north-macedonia/ HTTP/1.1" 200 12345 "-" "Mozilla/5.0 (compatible; MJ12bot/v1.4.8; http://mj12bot.com/)"
178.150.14.250 - - [26/Feb/2026:16:29:19 -0500] "GET /radio-mirchi-in-uae-rebrands-to-kadak-fm-with-fresh-strong-and-original-content/ HTTP/1.1" 200 13312 "-" "Mozilla/5.0 (compatible; MJ12bot/v1.4.8; http://mj12bot.com/)"
216.73.216.172 - - [26/Feb/2026:16:29:21 -0500] "GET /robots.txt HTTP/1.1" 301 0 "-" "Mozilla/5.0 AppleWebKit/537.36 (KHTML, like Gecko; compatible; ClaudeBot/1.0; [email protected])"
216.73.216.172 - - [26/Feb/2026:16:29:21 -0500] "GET /robots.txt HTTP/1.1" 200 103 "https://thedubaitoday.com/robots.txt" "Mozilla/5.0 AppleWebKit/537.36 (KHTML, like Gecko; compatible; ClaudeBot/1.0; [email protected])"
178.150.14.250 - - [26/Feb/2026:16:29:21 -0500] "GET /raks-tourism-sector-aims-to-increase-number-of-hotel-rooms-to-12747-in-5-years-raktda-ceo/ HTTP/1.1" 200 13155 "-" "Mozilla/5.0 (compatible; MJ12bot/v1.4.8; http://mj12bot.com/)"
178.150.14.250 - - [26/Feb/2026:16:29:23 -0500] "GET /registration-for-first-global-spark-ar-hackathon-challenge-closes-on-june-17/ HTTP/1.1" 200 12577 "-" "Mozilla/5.0 (compatible; MJ12bot/v1.4.8; http://mj12bot.com/)"
178.150.14.250 - - [26/Feb/2026:16:29:25 -0500] "GET /renowned-fashion-designer-neena-sharma-unveils-spectacular-bollywood-jazz-collection-at-gmfl-fashion-week-in-dubai/ HTTP/1.1" 200 12689 "-" "Mozilla/5.0 (compatible; MJ12bot/v1.4.8; http://mj12bot.com/)"
178.150.14.250 - - [26/Feb/2026:16:29:27 -0500] "GET /samsung-launches-98-qled-its-biggest-smart-tv-yet/ HTTP/1.1" 200 12999 "-" "Mozilla/5.0 (compatible; MJ12bot/v1.4.8; http://mj12bot.com/)"
178.150.14.250 - - [26/Feb/2026:16:29:31 -0500] "GET /senior-living-still-coming-of-age-in-india/ HTTP/1.1" 200 16214 "-" "Mozilla/5.0 (compatible; MJ12bot/v1.4.8; http://mj12bot.com/)"
178.150.14.250 - - [26/Feb/2026:16:29:41 -0500] "GET /sharjah-publishing-city-facilitates-participation-of-38-businesses-at-sibf-2021/ HTTP/1.1" 200 12755 "-" "Mozilla/5.0 (compatible; MJ12bot/v1.4.8; http://mj12bot.com/)"
178.150.14.250 - - [26/Feb/2026:16:29:01 -0500] "GET /mohammed-bin-rashid-meets-with-senior-officials-of-emirates-airline-and-group/ HTTP/1.1" 200 13085 "-" "Mozilla/5.0 (compatible; MJ12bot/v1.4.8; http://mj12bot.com/)"
178.150.14.250 - - [26/Feb/2026:16:29:03 -0500] "GET /nahyan-bin-mubarak-honours-255-graduates-of-university-of-dubai/ HTTP/1.1" 200 15782 "-" "Mozilla/5.0 (compatible; MJ12bot/v1.4.8; http://mj12bot.com/)"
178.150.14.250 - - [26/Feb/2026:16:29:10 -0500] "GET /nyu-abu-dhabi-launches-new-arabic-innovative-learning-resource/ HTTP/1.1" 200 12815 "-" "Mozilla/5.0 (compatible; MJ12bot/v1.4.8; http://mj12bot.com/)"
114.119.130.109 - - [26/Feb/2026:16:29:18 -0500] "GET /dubai-emerges-as-global-superyacht-capital-report HTTP/1.1" 301 0 "https://www.thedubaitoday.com/dubai-emerges-as-global-superyacht-capital-report" "Mozilla/5.0 (Linux; Android 7.0;) AppleWebKit/537.36 (KHTML, like Gecko) Mobile Safari/537.36 (compatible; PetalBot;+https://webmaster.petalsearch.com/site/petalbot)"
114.119.130.109 - - [26/Feb/2026:16:29:20 -0500] "GET /dubai-emerges-as-global-superyacht-capital-report/ HTTP/1.1" 200 18630 "https://www.thedubaitoday.com/dubai-emerges-as-global-superyacht-capital-report" "Mozilla/5.0 (Linux; Android 7.0;) AppleWebKit/537.36 (KHTML, like Gecko) Mobile Safari/537.36 (compatible; PetalBot;+https://webmaster.petalsearch.com/site/petalbot)"
216.73.216.172 - - [26/Feb/2026:16:29:21 -0500] "GET / HTTP/1.1" 301 0 "-" "Mozilla/5.0 AppleWebKit/537.36 (KHTML, like Gecko; compatible; ClaudeBot/1.0; [email protected])"
216.73.216.172 - - [26/Feb/2026:16:29:22 -0500] "GET / HTTP/1.1" 200 16907 "https://thedubaitoday.com/" "Mozilla/5.0 AppleWebKit/537.36 (KHTML, like Gecko; compatible; ClaudeBot/1.0; [email protected])"
178.150.14.250 - - [26/Feb/2026:16:29:29 -0500] "GET /scci-opens-registration-for-sharjah-excellence-award-2024/ HTTP/1.1" 200 12658 "-" "Mozilla/5.0 (compatible; MJ12bot/v1.4.8; http://mj12bot.com/)"
178.150.14.250 - - [26/Feb/2026:16:29:33 -0500] "GET /sharjah-heritage-days-kicks-off-in-al-hamriyah/ HTTP/1.1" 200 14706 "-" "Mozilla/5.0 (compatible; MJ12bot/v1.4.8; http://mj12bot.com/)"
178.150.14.250 - - [26/Feb/2026:16:29:35 -0500] "GET /sharjah-illuminates-paris-with-its-unesco-arab-culture-award/ HTTP/1.1" 200 14056 "-" "Mozilla/5.0 (compatible; MJ12bot/v1.4.8; http://mj12bot.com/)"
178.150.14.250 - - [26/Feb/2026:16:29:37 -0500] "GET /sharjah-light-festival-taps-into-local-photography-talent-in-collaboration-with-fotouae/ HTTP/1.1" 200 13517 "-" "Mozilla/5.0 (compatible; MJ12bot/v1.4.8; http://mj12bot.com/)"
178.150.14.250 - - [26/Feb/2026:16:29:39 -0500] "GET /sharjah-marks-49th-national-day-with-rich-musical-tribute-to-uaes-historic-journey/ HTTP/1.1" 200 13009 "-" "Mozilla/5.0 (compatible; MJ12bot/v1.4.8; http://mj12bot.com/)"
178.150.14.250 - - [26/Feb/2026:16:29:44 -0500] "GET /sharjah-ruler-directs-sewa-support-for-sssd-beneficiaries-starting-emiratisation-in-private-schools/ HTTP/1.1" 200 13635 "-" "Mozilla/5.0 (compatible; MJ12bot/v1.4.8; http://mj12bot.com/)"
178.150.14.250 - - [26/Feb/2026:16:29:53 -0500] "GET /tahnoon-bin-zayed-meets-donald-trump-discusses-strategic-partnership-prospects/ HTTP/1.1" 200 13291 "-" "Mozilla/5.0 (compatible; MJ12bot/v1.4.8; http://mj12bot.com/)"
178.150.14.250 - - [26/Feb/2026:16:29:54 -0500] "GET /the-bmw-xm-label-red-with-an-electrified-drive-system-launched/ HTTP/1.1" 200 13665 "-" "Mozilla/5.0 (compatible; MJ12bot/v1.4.8; http://mj12bot.com/)"
178.150.14.250 - - [26/Feb/2026:16:30:03 -0500] "GET /tiger-properties-has-successfully-concluded-the-transfer-of-ownership-for-nobles-tower/ HTTP/1.1" 200 13580 "-" "Mozilla/5.0 (compatible; MJ12bot/v1.4.8; http://mj12bot.com/)"
162.213.253.84 - - [26/Feb/2026:16:30:07 -0500] "POST /wp-cron.php?doing_wp_cron=1772141407.3111701011657714843750 HTTP/1.1" 200 0 "https://www.thedubaitoday.com/wp-cron.php?doing_wp_cron=1772141407.3111701011657714843750" "WordPress/5.5.16; https://www.thedubaitoday.com"
178.150.14.250 - - [26/Feb/2026:16:29:42 -0500] "GET /sharjah-ruler-attends-honouring-ceremony-of-iccrom-award-winners/ HTTP/1.1" 200 13401 "-" "Mozilla/5.0 (compatible; MJ12bot/v1.4.8; http://mj12bot.com/)"
178.150.14.250 - - [26/Feb/2026:16:29:47 -0500] "GET /sharjah-shopping-promotions-kicks-off-2023-edition/ HTTP/1.1" 200 12909 "-" "Mozilla/5.0 (compatible; MJ12bot/v1.4.8; http://mj12bot.com/)"
178.150.14.250 - - [26/Feb/2026:16:29:49 -0500] "GET /statement-from-sheikh-abdullah-bin-zayed-al-nahyan-deputy-prime-minister-and-minister-of-foreign-affairs/ HTTP/1.1" 200 12320 "-" "Mozilla/5.0 (compatible; MJ12bot/v1.4.8; http://mj12bot.com/)"
178.150.14.250 - - [26/Feb/2026:16:29:51 -0500] "GET /supreme-committee-to-oversee-the-development-of-hatta-implements-series-of-projects/ HTTP/1.1" 200 19871 "-" "Mozilla/5.0 (compatible; MJ12bot/v1.4.8; http://mj12bot.com/)"
178.150.14.250 - - [26/Feb/2026:16:29:56 -0500] "GET /theyab-bin-mohamed-bin-zayed-visits-adipec-2023/ HTTP/1.1" 200 13136 "-" "Mozilla/5.0 (compatible; MJ12bot/v1.4.8; http://mj12bot.com/)"
178.150.14.250 - - [26/Feb/2026:16:30:06 -0500] "GET /time-hotels-celebrates-10th-anniversary/ HTTP/1.1" 200 13603 "-" "Mozilla/5.0 (compatible; MJ12bot/v1.4.8; http://mj12bot.com/)"
178.150.14.250 - - [26/Feb/2026:16:30:13 -0500] "GET /uae-and-brics-partnership-seeking-to-enhance-global-development-prosperity/ HTTP/1.1" 200 14689 "-" "Mozilla/5.0 (compatible; MJ12bot/v1.4.8; http://mj12bot.com/)"
178.150.14.250 - - [26/Feb/2026:16:30:17 -0500] "GET /uae-leaders-congratulate-custodian-of-two-holy-mosques-on-success-of-hajj-season/feed/ HTTP/1.1" 200 469 "-" "Mozilla/5.0 (compatible; MJ12bot/v1.4.8; http://mj12bot.com/)"
178.150.14.250 - - [26/Feb/2026:16:30:24 -0500] "GET /uae-president-receives-prince-khalid-bin-salman/ HTTP/1.1" 200 12618 "-" "Mozilla/5.0 (compatible; MJ12bot/v1.4.8; http://mj12bot.com/)"
178.150.14.250 - - [26/Feb/2026:16:30:31 -0500] "GET /uae-russian-presidents-discuss-bilateral-strategic-partnership-in-moscow/feed/ HTTP/1.1" 200 444 "-" "Mozilla/5.0 (compatible; MJ12bot/v1.4.8; http://mj12bot.com/)"
178.150.14.250 - - [26/Feb/2026:16:30:33 -0500] "GET /uae-to-participate-in-25th-edition-of-asian-physics-olympiad-in-saudi-arabia/ HTTP/1.1" 200 12792 "-" "Mozilla/5.0 (compatible; MJ12bot/v1.4.8; http://mj12bot.com/)"
178.150.14.250 - - [26/Feb/2026:16:30:35 -0500] "GET /uaes-3-7-billion-tech-economy-takes-spotlight-in-berlin-at-inaugural-gitex-europe/feed/ HTTP/1.1" 200 485 "-" "Mozilla/5.0 (compatible; MJ12bot/v1.4.8; http://mj12bot.com/)"
178.150.14.250 - - [26/Feb/2026:16:30:37 -0500] "GET /uaes-ministry-of-education-and-wef-to-equip-1-billion-people-for-labour-market-by-2030/ HTTP/1.1" 200 16385 "-" "Mozilla/5.0 (compatible; MJ12bot/v1.4.8; http://mj12bot.com/)"
178.150.14.250 - - [26/Feb/2026:16:30:39 -0500] "GET /uaes-non-oil-economy-expected-to-grow-4-7-in-2024-ubs-global-wealth-management/ HTTP/1.1" 200 12681 "-" "Mozilla/5.0 (compatible; MJ12bot/v1.4.8; http://mj12bot.com/)"
178.150.14.250 - - [26/Feb/2026:16:30:42 -0500] "GET /uaeu-ranks-1st-in-uae-38th-globally-according-to-the-young-university-rankings-2023/ HTTP/1.1" 200 13645 "-" "Mozilla/5.0 (compatible; MJ12bot/v1.4.8; http://mj12bot.com/)"
178.150.14.250 - - [26/Feb/2026:16:30:53 -0500] "GET /venice-prepares-for-opening-of-18th-international-architecture-exhibition-casting-a-light-on-africa/ HTTP/1.1" 200 14040 "-" "Mozilla/5.0 (compatible; MJ12bot/v1.4.8; http://mj12bot.com/)"
185.191.171.8 - - [26/Feb/2026:16:30:55 -0500] "GET /robots.txt HTTP/1.1" 200 117 "-" "Mozilla/5.0 (compatible; SemrushBot/7~bl; +http://www.semrush.com/bot.html)"
85.208.96.208 - - [26/Feb/2026:16:30:55 -0500] "GET /shurooq-announces-eco-retreats-najd-al-meqsar-village-and-the-serai-wing-bait-khalid-bin-ibrahim/ HTTP/1.1" 200 17862 "-" "Mozilla/5.0 (compatible; SemrushBot/7~bl; +http://www.semrush.com/bot.html)"
85.208.96.203 - - [26/Feb/2026:16:31:03 -0500] "GET /uae-mourns-death-of-hamdan-bin-rashid/ HTTP/1.1" 200 15987 "-" "Mozilla/5.0 (compatible; SemrushBot/7~bl; +http://www.semrush.com/bot.html)"
178.150.14.250 - - [26/Feb/2026:16:30:10 -0500] "GET /time-hotels-innovative-csr-2021-plan-right-on-track/ HTTP/1.1" 200 13488 "-" "Mozilla/5.0 (compatible; MJ12bot/v1.4.8; http://mj12bot.com/)"
178.150.14.250 - - [26/Feb/2026:16:30:15 -0500] "GET /uae-delegation-explores-bilateral-opportunities-at-select-usa-investment-summit/ HTTP/1.1" 200 17224 "-" "Mozilla/5.0 (compatible; MJ12bot/v1.4.8; http://mj12bot.com/)"
178.150.14.250 - - [26/Feb/2026:16:30:20 -0500] "GET /uae-president-bids-farewell-as-us-president-concludes-state-visit-to-the-uae/ HTTP/1.1" 200 12488 "-" "Mozilla/5.0 (compatible; MJ12bot/v1.4.8; http://mj12bot.com/)"
178.150.14.250 - - [26/Feb/2026:16:30:21 -0500] "GET /uae-president-offers-condolences-to-indian-prime-minister-over-victims-of-terrorist-attack/ HTTP/1.1" 200 12276 "-" "Mozilla/5.0 (compatible; MJ12bot/v1.4.8; http://mj12bot.com/)"
178.150.14.250 - - [26/Feb/2026:16:30:26 -0500] "GET /uae-president-receives-speaker-of-azerbaijans-milli-majlis/ HTTP/1.1" 200 12603 "-" "Mozilla/5.0 (compatible; MJ12bot/v1.4.8; http://mj12bot.com/)"
178.150.14.250 - - [26/Feb/2026:16:30:28 -0500] "GET /uae-president-welcomes-us-president-trump-upon-arrival-in-abu-dhabi-on-state-visit-to-uae/ HTTP/1.1" 200 12394 "-" "Mozilla/5.0 (compatible; MJ12bot/v1.4.8; http://mj12bot.com/)"
114.119.129.24 - - [26/Feb/2026:16:30:40 -0500] "GET /uae-president-confers-medal-of-independence-on-ambassador-of-korea HTTP/1.1" 301 0 "https://www.thedubaitoday.com/category/national-news/page/30" "Mozilla/5.0 (Linux; Android 7.0;) AppleWebKit/537.36 (KHTML, like Gecko) Mobile Safari/537.36 (compatible; PetalBot;+https://webmaster.petalsearch.com/site/petalbot)"
114.119.129.24 - - [26/Feb/2026:16:30:42 -0500] "GET /uae-president-confers-medal-of-independence-on-ambassador-of-korea/ HTTP/1.1" 200 14457 "https://www.thedubaitoday.com/category/national-news/page/30" "Mozilla/5.0 (Linux; Android 7.0;) AppleWebKit/537.36 (KHTML, like Gecko) Mobile Safari/537.36 (compatible; PetalBot;+https://webmaster.petalsearch.com/site/petalbot)"
178.150.14.250 - - [26/Feb/2026:16:30:43 -0500] "GET /united-arab-emirates-university-achieves-5th-place-in-qs-arab-university-rankings-2025/ HTTP/1.1" 200 12621 "-" "Mozilla/5.0 (compatible; MJ12bot/v1.4.8; http://mj12bot.com/)"
178.150.14.250 - - [26/Feb/2026:16:30:45 -0500] "GET /universal-art-production-a-name-to-reckon-with-in-the-photography-and-video-production-services-across-the-uae/ HTTP/1.1" 200 12704 "-" "Mozilla/5.0 (compatible; MJ12bot/v1.4.8; http://mj12bot.com/)"
178.150.14.250 - - [26/Feb/2026:16:30:47 -0500] "GET /university-of-dubai-luiss-university-sign-mou/ HTTP/1.1" 200 12589 "-" "Mozilla/5.0 (compatible; MJ12bot/v1.4.8; http://mj12bot.com/)"
178.150.14.250 - - [26/Feb/2026:16:30:49 -0500] "GET /unlimited-tandoori-nights-at-dhaba-lane-al-garhoud/ HTTP/1.1" 200 12458 "-" "Mozilla/5.0 (compatible; MJ12bot/v1.4.8; http://mj12bot.com/)"
178.150.14.250 - - [26/Feb/2026:16:30:50 -0500] "GET /vasu-jit-kalia-honored-as-celebrity-media-strategist-at-leadership-excellence-awards/feed/ HTTP/1.1" 200 480 "-" "Mozilla/5.0 (compatible; MJ12bot/v1.4.8; http://mj12bot.com/)"
178.150.14.250 - - [26/Feb/2026:16:30:55 -0500] "GET /verses-analog-announce-smart-city-initiative-in-abu-dhabi/ HTTP/1.1" 200 12913 "-" "Mozilla/5.0 (compatible; MJ12bot/v1.4.8; http://mj12bot.com/)"
178.150.14.250 - - [26/Feb/2026:16:30:57 -0500] "GET /vision-care-by-dr-borja-salvador/ HTTP/1.1" 200 13207 "-" "Mozilla/5.0 (compatible; MJ12bot/v1.4.8; http://mj12bot.com/)"
178.150.14.250 - - [26/Feb/2026:16:30:59 -0500] "GET /visits-from-bait-al-oud-marks-its-seventh-virtual-concert/ HTTP/1.1" 200 12823 "-" "Mozilla/5.0 (compatible; MJ12bot/v1.4.8; http://mj12bot.com/)"
178.150.14.250 - - [26/Feb/2026:16:31:09 -0500] "GET /worlds-first-warner-bros-hotel-to-open-its-doors-in-november-on-yas-island/ HTTP/1.1" 200 13142 "-" "Mozilla/5.0 (compatible; MJ12bot/v1.4.8; http://mj12bot.com/)"
178.150.14.250 - - [26/Feb/2026:16:31:01 -0500] "GET /world-future-energy-summit-opens-tomorrow-in-abu-dhabi/ HTTP/1.1" 200 14292 "-" "Mozilla/5.0 (compatible; MJ12bot/v1.4.8; http://mj12bot.com/)"
178.150.14.250 - - [26/Feb/2026:16:31:10 -0500] "GET /worlds-smallest-injectable-dissolvable-pacemaker-developed-by-scientists/ HTTP/1.1" 200 13326 "-" "Mozilla/5.0 (compatible; MJ12bot/v1.4.8; http://mj12bot.com/)"
222.252.50.118 - - [26/Feb/2026:16:32:04 -0500] "GET /guggenheim-abu-dhabi-set-for-completion-in-2025/ HTTP/1.1" 200 14406 "-" "Mozilla/5.0 (Windows NT 10.0; WOW64) AppleWebKit/537.36 (KHTML, like Gecko) Chrome/89.0.4389.72 Safari/537.36"
114.119.129.24 - - [26/Feb/2026:16:32:07 -0500] "GET /page/79 HTTP/1.1" 301 0 "https://www.thedubaitoday.com/page/79" "Mozilla/5.0 (Linux; Android 7.0;) AppleWebKit/537.36 (KHTML, like Gecko) Mobile Safari/537.36 (compatible; PetalBot;+https://webmaster.petalsearch.com/site/petalbot)"
114.119.129.24 - - [26/Feb/2026:16:32:10 -0500] "GET /page/79/ HTTP/1.1" 200 20773 "https://www.thedubaitoday.com/page/79" "Mozilla/5.0 (Linux; Android 7.0;) AppleWebKit/537.36 (KHTML, like Gecko) Mobile Safari/537.36 (compatible; PetalBot;+https://webmaster.petalsearch.com/site/petalbot)"
114.119.151.155 - - [26/Feb/2026:16:33:27 -0500] "GET /higher-committee-for-development-and-citizens-affairs-approves-immediate-allocation-of-2000-residential-land-plots-at-umm-nahad-fourth/ HTTP/1.1" 200 15432 "https://www.thedubaitoday.com/category/national-news/page/21/" "Mozilla/5.0 (Linux; Android 7.0;) AppleWebKit/537.36 (KHTML, like Gecko) Mobile Safari/537.36 (compatible; PetalBot;+https://webmaster.petalsearch.com/site/petalbot)"
114.119.129.24 - - [26/Feb/2026:16:34:50 -0500] "GET /former-japan-pm-abe-dies-after-being-shot-at-stump-speech-in-nara/ HTTP/1.1" 200 14383 "https://www.thedubaitoday.com/category/international-news/page/4/" "Mozilla/5.0 (Linux; Android 7.0;) AppleWebKit/537.36 (KHTML, like Gecko) Mobile Safari/537.36 (compatible; PetalBot;+https://webmaster.petalsearch.com/site/petalbot)"
185.191.171.13 - - [26/Feb/2026:16:35:30 -0500] "GET /mohamed-bin-zayed-president-of-ghana-review-advancing-bilateral-relations/ HTTP/1.1" 200 14792 "-" "Mozilla/5.0 (compatible; SemrushBot/7~bl; +http://www.semrush.com/bot.html)"
85.208.96.205 - - [26/Feb/2026:16:35:53 -0500] "GET /mohamed-bin-hadi-al-hussaini-visits-pavilion-of-bahrain-at-expo-2020-dubai/ HTTP/1.1" 200 14196 "-" "Mozilla/5.0 (compatible; SemrushBot/7~bl; +http://www.semrush.com/bot.html)"
185.191.171.3 - - [26/Feb/2026:16:35:55 -0500] "GET /president-restructures-social-welfare-progarmme-of-low-income-citizens/ HTTP/1.1" 200 15862 "-" "Mozilla/5.0 (compatible; SemrushBot/7~bl; +http://www.semrush.com/bot.html)"
114.119.148.10 - - [26/Feb/2026:16:36:17 -0500] "GET /uae-leaders-condole-with-emir-of-kuwait-on-death-of-sheikh-nasser-sabah-al-ahmad-al-jaber-al-sabah/ HTTP/1.1" 200 14246 "https://www.thedubaitoday.com/?cat=67&paged=52" "Mozilla/5.0 (Linux; Android 7.0;) AppleWebKit/537.36 (KHTML, like Gecko) Mobile Safari/537.36 (compatible; PetalBot;+https://webmaster.petalsearch.com/site/petalbot)"
185.191.171.13 - - [26/Feb/2026:16:31:16 -0500] "GET /unleashing-the-alpha-meet-seif-el-hakim-the-visionary-behind-a-revolutionary-movement/ HTTP/1.1" 200 15044 "-" "Mozilla/5.0 (compatible; SemrushBot/7~bl; +http://www.semrush.com/bot.html)"
77.75.78.168 - - [26/Feb/2026:16:31:41 -0500] "GET /nahyan-bin-mubarak-opens-14th-edition-of-art-dubai/ HTTP/1.1" 200 15153 "-" "Mozilla/5.0 (compatible; SeznamBot/4.0; +https://o-seznam.cz/napoveda/vyhledavani/en/seznambot-crawler/)"
57.129.139.60 - - [26/Feb/2026:16:33:02 -0500] "GET /nahyan-bin-mubarak-recognised-as-most-creative-personality-by-creators-union-of-arab/ HTTP/1.1" 200 12467 "-" "Mozilla/5.0 (Windows NT 10.0; Win64; x64) AppleWebKit/537.36 (KHTML, like Gecko) Chrome/139.0.0.0 Safari/537.36"
51.75.21.177 - - [26/Feb/2026:16:33:13 -0500] "GET /emirates-transport-conducted-13555-school-trips-to-expo-2020-dubai/ HTTP/1.1" 200 12632 "-" "Mozilla/5.0 (Windows NT 10.0; Win64; x64) AppleWebKit/537.36 (KHTML, like Gecko) Chrome/139.0.0.0 Safari/537.36"
85.208.96.196 - - [26/Feb/2026:16:33:28 -0500] "GET /worldwide-coronavirus-cases-cross-144-94-million/ HTTP/1.1" 200 14022 "-" "Mozilla/5.0 (compatible; SemrushBot/7~bl; +http://www.semrush.com/bot.html)"
185.191.171.12 - - [26/Feb/2026:16:33:46 -0500] "GET /who-releases-new-standard-to-tackle-rising-threat-of-hearing-loss/ HTTP/1.1" 200 15843 "-" "Mozilla/5.0 (compatible; SemrushBot/7~bl; +http://www.semrush.com/bot.html)"
185.191.171.13 - - [26/Feb/2026:16:35:26 -0500] "GET /mohamed-bin-zayed-receives-chairman-of-the-u-s-joint-chiefs-of-staff/ HTTP/1.1" 200 14507 "-" "Mozilla/5.0 (compatible; SemrushBot/7~bl; +http://www.semrush.com/bot.html)"
185.191.171.6 - - [26/Feb/2026:16:35:33 -0500] "GET /mohamed-bin-zayed-in-phone-call-with-el-sisi-welcomes-ceasefire-in-gaza-and-praises-egyptian-efforts/ HTTP/1.1" 200 14453 "-" "Mozilla/5.0 (compatible; SemrushBot/7~bl; +http://www.semrush.com/bot.html)"
185.191.171.17 - - [26/Feb/2026:16:35:40 -0500] "GET /mohamed-bin-zayed-president-of-iraq-review-regional-developments/ HTTP/1.1" 200 15058 "-" "Mozilla/5.0 (compatible; SemrushBot/7~bl; +http://www.semrush.com/bot.html)"
207.180.11.166 - - [26/Feb/2026:16:36:36 -0500] "GET /wp-content/uploads/2021/02/Mohamed-bin-Zayed-President-of-Iraq-review-regional-developments-300x200.jpg%20300w,%20https:/www.thedubaitoday.com/wp-content/uploads/2021/02/Mohamed-bin-Zayed-President-of-Iraq-review-regional-developments-1024x681.jpg%201024w,%20https:/www.thedubaitoday.com/wp-content/uploads/2021/02/Mohamed-bin-Zayed-President-of-Iraq-review-regional-developments-768x511.jpg%20768w,%20https:/www.thedubaitoday.com/wp-content/uploads/2021/02/Mohamed-bin-Zayed-President-of-Iraq-review-regional-developments-1536x1022.jpg%201536w,%20https:/www.thedubaitoday.com/wp-content/uploads/2021/02/Mohamed-bin-Zayed-President-of-Iraq-review-regional-developments-600x398.jpg%20600w,%20https:/www.thedubaitoday.com/wp-content/uploads/2021/02/Mohamed-bin-Zayed-President-of-Iraq-review-regional-developments.jpg%201623w HTTP/1.1" 404 11096 "https://www.thedubaitoday.com/" "Mozilla/5.0 (Windows NT 10.0; Win64; x64) AppleWebKit/537.36 (KHTML, like Gecko) Chrome/116.0.0.0 Safari/537.36"
216.75.132.3 - - [26/Feb/2026:16:36:40 -0500] "GET /wp-content/uploads/2022/05/OPEC-daily-300x185.png HTTP/1.1" 200 55300 "https://www.thedubaitoday.com/" "Mozilla/5.0 (Windows NT 10.0; Win64; x64) AppleWebKit/537.36 (KHTML, like Gecko) Chrome/120.0.0.0 Safari/537.36"
85.208.96.194 - - [26/Feb/2026:16:36:40 -0500] "GET /uae-president-receives-indonesian-minister-of-maritime-affairs/ HTTP/1.1" 200 14762 "-" "Mozilla/5.0 (compatible; SemrushBot/7~bl; +http://www.semrush.com/bot.html)"
207.180.11.170 - - [26/Feb/2026:16:36:35 -0500] "GET /wp-content/uploads/2021/02/Mohamed-bin-Zayed-President-of-Iraq-review-regional-developments-300x200.jpg%20300w,%20https://www.thedubaitoday.com/wp-content/uploads/2021/02/Mohamed-bin-Zayed-President-of-Iraq-review-regional-developments-1024x681.jpg%201024w,%20https://www.thedubaitoday.com/wp-content/uploads/2021/02/Mohamed-bin-Zayed-President-of-Iraq-review-regional-developments-768x511.jpg%20768w,%20https://www.thedubaitoday.com/wp-content/uploads/2021/02/Mohamed-bin-Zayed-President-of-Iraq-review-regional-developments-1536x1022.jpg%201536w,%20https://www.thedubaitoday.com/wp-content/uploads/2021/02/Mohamed-bin-Zayed-President-of-Iraq-review-regional-developments-600x398.jpg%20600w,%20https://www.thedubaitoday.com/wp-content/uploads/2021/02/Mohamed-bin-Zayed-President-of-Iraq-review-regional-developments.jpg%201623w HTTP/1.1" 301 0 "https://www.thedubaitoday.com/" "Mozilla/5.0 (Windows NT 10.0; Win64; x64) AppleWebKit/537.36 (KHTML, like Gecko) Chrome/116.0.0.0 Safari/537.36"
