119.96.17.26 - - [26/Feb/2026:19:36:58 -0500] "GET /wp-content/uploads/elementor/css/global.css?ver=1605806951 HTTP/1.1" 200 3379 "https://www.thedubaitoday.com/redtag-launches-winter-collection-endorsed-by-myriam-fares/" "Mozilla/5.0 (Windows NT 10.0; Win64; x64) AppleWebKit/537.36 (KHTML, like Gecko) Chrome/139.0.0.0 Safari/537.36"
119.96.17.26 - - [26/Feb/2026:19:36:58 -0500] "GET /wp-content/plugins/elementskit-lite/libs/framework/assets/js/frontend-script.js?ver=2.0.9.1 HTTP/1.1" 200 81 "https://www.thedubaitoday.com/redtag-launches-winter-collection-endorsed-by-myriam-fares/" "Mozilla/5.0 (Windows NT 10.0; Win64; x64) AppleWebKit/537.36 (KHTML, like Gecko) Chrome/139.0.0.0 Safari/537.36"
119.96.17.26 - - [26/Feb/2026:19:36:58 -0500] "GET /wp-content/themes/digiqole/assets/js/popper.min.js?ver=1.4.6 HTTP/1.1" 200 6660 "https://www.thedubaitoday.com/redtag-launches-winter-collection-endorsed-by-myriam-fares/" "Mozilla/5.0 (Windows NT 10.0; Win64; x64) AppleWebKit/537.36 (KHTML, like Gecko) Chrome/139.0.0.0 Safari/537.36"
119.96.17.26 - - [26/Feb/2026:19:36:58 -0500] "GET /wp-content/plugins/elementskit-lite/widgets/init/assets/js/widget-scripts.js?ver=2.0.9.1 HTTP/1.1" 200 37588 "https://www.thedubaitoday.com/redtag-launches-winter-collection-endorsed-by-myriam-fares/" "Mozilla/5.0 (Windows NT 10.0; Win64; x64) AppleWebKit/537.36 (KHTML, like Gecko) Chrome/139.0.0.0 Safari/537.36"
119.96.17.26 - - [26/Feb/2026:19:36:58 -0500] "GET /wp-content/themes/digiqole/assets/js/jquery.magnific-popup.min.js?ver=1.4.6 HTTP/1.1" 200 7043 "https://www.thedubaitoday.com/redtag-launches-winter-collection-endorsed-by-myriam-fares/" "Mozilla/5.0 (Windows NT 10.0; Win64; x64) AppleWebKit/537.36 (KHTML, like Gecko) Chrome/139.0.0.0 Safari/537.36"
119.96.17.26 - - [26/Feb/2026:19:36:58 -0500] "GET /wp-content/themes/digiqole/assets/js/jquery.appear.min.js?ver=1.4.6 HTTP/1.1" 200 472 "https://www.thedubaitoday.com/redtag-launches-winter-collection-endorsed-by-myriam-fares/" "Mozilla/5.0 (Windows NT 10.0; Win64; x64) AppleWebKit/537.36 (KHTML, like Gecko) Chrome/139.0.0.0 Safari/537.36"
119.96.17.26 - - [26/Feb/2026:19:36:58 -0500] "GET /wp-content/plugins/elementskit-lite/widgets/init/assets/js/goodshare.min.js?ver=5.5.16 HTTP/1.1" 200 3761 "https://www.thedubaitoday.com/redtag-launches-winter-collection-endorsed-by-myriam-fares/" "Mozilla/5.0 (Windows NT 10.0; Win64; x64) AppleWebKit/537.36 (KHTML, like Gecko) Chrome/139.0.0.0 Safari/537.36"
119.96.17.26 - - [26/Feb/2026:19:36:58 -0500] "GET /wp-content/themes/digiqole/assets/js/jquery.easypiechart.min.js?ver=1.4.6 HTTP/1.1" 200 1586 "https://www.thedubaitoday.com/redtag-launches-winter-collection-endorsed-by-myriam-fares/" "Mozilla/5.0 (Windows NT 10.0; Win64; x64) AppleWebKit/537.36 (KHTML, like Gecko) Chrome/139.0.0.0 Safari/537.36"
119.96.17.26 - - [26/Feb/2026:19:36:58 -0500] "GET /wp-content/themes/digiqole/assets/js/script.js?ver=1.4.6 HTTP/1.1" 200 3692 "https://www.thedubaitoday.com/redtag-launches-winter-collection-endorsed-by-myriam-fares/" "Mozilla/5.0 (Windows NT 10.0; Win64; x64) AppleWebKit/537.36 (KHTML, like Gecko) Chrome/139.0.0.0 Safari/537.36"
119.96.17.26 - - [26/Feb/2026:19:36:58 -0500] "GET /wp-content/plugins/elementor/assets/js/frontend-modules.min.js?ver=3.0.13 HTTP/1.1" 200 17557 "https://www.thedubaitoday.com/redtag-launches-winter-collection-endorsed-by-myriam-fares/" "Mozilla/5.0 (Windows NT 10.0; Win64; x64) AppleWebKit/537.36 (KHTML, like Gecko) Chrome/139.0.0.0 Safari/537.36"
119.96.17.26 - - [26/Feb/2026:19:36:58 -0500] "GET /wp-content/themes/digiqole/assets/js/bootstrap.min.js?ver=1.4.6 HTTP/1.1" 200 12542 "https://www.thedubaitoday.com/redtag-launches-winter-collection-endorsed-by-myriam-fares/" "Mozilla/5.0 (Windows NT 10.0; Win64; x64) AppleWebKit/537.36 (KHTML, like Gecko) Chrome/139.0.0.0 Safari/537.36"
119.96.17.26 - - [26/Feb/2026:19:36:58 -0500] "GET /wp-content/themes/digiqole/assets/js/raphael.min.js?ver=1.4.6 HTTP/1.1" 200 31063 "https://www.thedubaitoday.com/redtag-launches-winter-collection-endorsed-by-myriam-fares/" "Mozilla/5.0 (Windows NT 10.0; Win64; x64) AppleWebKit/537.36 (KHTML, like Gecko) Chrome/139.0.0.0 Safari/537.36"
119.96.17.26 - - [26/Feb/2026:19:36:58 -0500] "GET /wp-content/themes/digiqole/assets/js/owl.carousel.min.js?ver=1.4.6 HTTP/1.1" 200 10649 "https://www.thedubaitoday.com/redtag-launches-winter-collection-endorsed-by-myriam-fares/" "Mozilla/5.0 (Windows NT 10.0; Win64; x64) AppleWebKit/537.36 (KHTML, like Gecko) Chrome/139.0.0.0 Safari/537.36"
119.96.17.26 - - [26/Feb/2026:19:36:58 -0500] "GET /wp-content/themes/digiqole/assets/js/jquery.mCustomScrollbar.concat.min.js?ver=1.4.6 HTTP/1.1" 200 12101 "https://www.thedubaitoday.com/redtag-launches-winter-collection-endorsed-by-myriam-fares/" "Mozilla/5.0 (Windows NT 10.0; Win64; x64) AppleWebKit/537.36 (KHTML, like Gecko) Chrome/139.0.0.0 Safari/537.36"
119.96.17.26 - - [26/Feb/2026:19:36:58 -0500] "GET /wp-includes/js/wp-embed.min.js?ver=5.5.16 HTTP/1.1" 200 702 "https://www.thedubaitoday.com/redtag-launches-winter-collection-endorsed-by-myriam-fares/" "Mozilla/5.0 (Windows NT 10.0; Win64; x64) AppleWebKit/537.36 (KHTML, like Gecko) Chrome/139.0.0.0 Safari/537.36"
119.96.17.26 - - [26/Feb/2026:19:36:58 -0500] "GET /wp-content/plugins/elementor/assets/lib/waypoints/waypoints.min.js?ver=4.0.2 HTTP/1.1" 200 2867 "https://www.thedubaitoday.com/redtag-launches-winter-collection-endorsed-by-myriam-fares/" "Mozilla/5.0 (Windows NT 10.0; Win64; x64) AppleWebKit/537.36 (KHTML, like Gecko) Chrome/139.0.0.0 Safari/537.36"
119.96.17.26 - - [26/Feb/2026:19:36:58 -0500] "GET /wp-includes/js/jquery/ui/position.min.js?ver=1.11.4 HTTP/1.1" 200 2302 "https://www.thedubaitoday.com/redtag-launches-winter-collection-endorsed-by-myriam-fares/" "Mozilla/5.0 (Windows NT 10.0; Win64; x64) AppleWebKit/537.36 (KHTML, like Gecko) Chrome/139.0.0.0 Safari/537.36"
119.96.17.26 - - [26/Feb/2026:19:36:58 -0500] "GET /wp-content/plugins/elementor/assets/lib/dialog/dialog.min.js?ver=4.8.1 HTTP/1.1" 200 3331 "https://www.thedubaitoday.com/redtag-launches-winter-collection-endorsed-by-myriam-fares/" "Mozilla/5.0 (Windows NT 10.0; Win64; x64) AppleWebKit/537.36 (KHTML, like Gecko) Chrome/139.0.0.0 Safari/537.36"
119.96.17.26 - - [26/Feb/2026:19:36:58 -0500] "GET /wp-content/plugins/elementor/assets/lib/share-link/share-link.min.js?ver=3.0.13 HTTP/1.1" 200 1023 "https://www.thedubaitoday.com/redtag-launches-winter-collection-endorsed-by-myriam-fares/" "Mozilla/5.0 (Windows NT 10.0; Win64; x64) AppleWebKit/537.36 (KHTML, like Gecko) Chrome/139.0.0.0 Safari/537.36"
119.96.17.26 - - [26/Feb/2026:19:36:58 -0500] "GET /wp-content/themes/digiqole/assets/js/elementor.js?ver=1.4.6 HTTP/1.1" 200 2479 "https://www.thedubaitoday.com/redtag-launches-winter-collection-endorsed-by-myriam-fares/" "Mozilla/5.0 (Windows NT 10.0; Win64; x64) AppleWebKit/537.36 (KHTML, like Gecko) Chrome/139.0.0.0 Safari/537.36"
119.96.17.26 - - [26/Feb/2026:19:36:58 -0500] "GET /wp-content/plugins/elementskit-lite/widgets/init/assets/js/elementor.js?ver=2.0.9.1 HTTP/1.1" 200 8174 "https://www.thedubaitoday.com/redtag-launches-winter-collection-endorsed-by-myriam-fares/" "Mozilla/5.0 (Windows NT 10.0; Win64; x64) AppleWebKit/537.36 (KHTML, like Gecko) Chrome/139.0.0.0 Safari/537.36"
119.96.17.26 - - [26/Feb/2026:19:36:58 -0500] "GET /wp-content/plugins/elementskit-lite/modules/controls/assets/js/widgetarea-editor.js?ver=2.0.9.1 HTTP/1.1" 200 472 "https://www.thedubaitoday.com/redtag-launches-winter-collection-endorsed-by-myriam-fares/" "Mozilla/5.0 (Windows NT 10.0; Win64; x64) AppleWebKit/537.36 (KHTML, like Gecko) Chrome/139.0.0.0 Safari/537.36"
119.96.17.26 - - [26/Feb/2026:19:36:58 -0500] "GET /wp-content/themes/digiqole/assets/css/print.css?ver=1.4.6 HTTP/1.1" 200 919 "https://www.thedubaitoday.com/redtag-launches-winter-collection-endorsed-by-myriam-fares/" "Mozilla/5.0 (Windows NT 10.0; Win64; x64) AppleWebKit/537.36 (KHTML, like Gecko) Chrome/139.0.0.0 Safari/537.36"
119.96.17.26 - - [26/Feb/2026:19:36:58 -0500] "GET /wp-content/plugins/elementor/assets/lib/font-awesome/webfonts/fa-solid-900.woff2 HTTP/1.1" 200 76084 "https://www.thedubaitoday.com/wp-content/plugins/elementor/assets/lib/font-awesome/css/solid.min.css?ver=5.12.0" "Mozilla/5.0 (Windows NT 10.0; Win64; x64) AppleWebKit/537.36 (KHTML, like Gecko) Chrome/139.0.0.0 Safari/537.36"
119.96.17.26 - - [26/Feb/2026:19:36:58 -0500] "GET /wp-content/themes/digiqole/assets/fonts/iconfont.ttf?cpfcy1 HTTP/1.1" 200 160880 "https://www.thedubaitoday.com/wp-content/themes/digiqole/assets/css/icon-font.css?ver=1.4.6" "Mozilla/5.0 (Windows NT 10.0; Win64; x64) AppleWebKit/537.36 (KHTML, like Gecko) Chrome/139.0.0.0 Safari/537.36"
119.96.17.26 - - [26/Feb/2026:19:36:58 -0500] "GET /wp-content/plugins/elementskit-lite/modules/controls/assets/fonts/elementskit.woff?y24e1e HTTP/1.1" 200 442864 "https://www.thedubaitoday.com/wp-content/plugins/elementskit-lite/modules/controls/assets/css/ekiticons.css?ver=5.9.0" "Mozilla/5.0 (Windows NT 10.0; Win64; x64) AppleWebKit/537.36 (KHTML, like Gecko) Chrome/139.0.0.0 Safari/537.36"
119.96.17.26 - - [26/Feb/2026:19:36:59 -0500] "GET /wp-content/uploads/2020/11/cropped-3-1-32x32.png HTTP/1.1" 200 950 "https://www.thedubaitoday.com/redtag-launches-winter-collection-endorsed-by-myriam-fares/" "Mozilla/5.0 (Windows NT 10.0; Win64; x64) AppleWebKit/537.36 (KHTML, like Gecko) Chrome/139.0.0.0 Safari/537.36"
185.191.171.13 - - [26/Feb/2026:19:37:27 -0500] "GET /dubai-municipality-transforms-old-municipal-street-into-vibrant-pedestrian-tourist-corridor/ HTTP/1.1" 200 15309 "-" "Mozilla/5.0 (compatible; SemrushBot/7~bl; +http://www.semrush.com/bot.html)"
209.87.169.182 - - [26/Feb/2026:19:37:26 -0500] "POST /wp-login.php HTTP/1.1" 200 7838 "-" "Mozilla/5.0"
217.113.196.33 - - [26/Feb/2026:19:37:36 -0500] "GET /category/travel-tourism/eating-out/ HTTP/1.1" 200 16549 "-" "Mozilla/5.0 (compatible; IbouBot/1.0; [email protected]; +https://ibou.io/iboubot.html)"
85.208.96.211 - - [26/Feb/2026:19:38:02 -0500] "GET /mohammed-bin-rashid-president-of-turkey-discuss-future-of-strategic-partnership/ HTTP/1.1" 200 15429 "-" "Mozilla/5.0 (compatible; SemrushBot/7~bl; +http://www.semrush.com/bot.html)"
85.208.96.209 - - [26/Feb/2026:19:38:06 -0500] "GET /digital-school-starts-pilot-stage-in-emirati-jordanian-refugee-camp/ HTTP/1.1" 200 15211 "-" "Mozilla/5.0 (compatible; SemrushBot/7~bl; +http://www.semrush.com/bot.html)"
217.113.196.43 - - [26/Feb/2026:19:38:28 -0500] "GET /category/travel-tourism/destinations/page/3/ HTTP/1.1" 200 16785 "-" "Mozilla/5.0 (compatible; IbouBot/1.0; [email protected]; +https://ibou.io/iboubot.html)"
217.113.196.2 - - [26/Feb/2026:19:39:19 -0500] "GET /category/national-news/page/6/ HTTP/1.1" 200 16518 "-" "Mozilla/5.0 (compatible; IbouBot/1.0; [email protected]; +https://ibou.io/iboubot.html)"
114.119.135.207 - - [26/Feb/2026:19:39:19 -0500] "GET /category/national-news/page/28/ HTTP/1.1" 200 16411 "https://www.thedubaitoday.com/?cat=67&paged=26" "Mozilla/5.0 (Linux; Android 7.0;) AppleWebKit/537.36 (KHTML, like Gecko) Mobile Safari/537.36 (compatible; PetalBot;+https://webmaster.petalsearch.com/site/petalbot)"
119.96.17.26 - - [26/Feb/2026:19:36:58 -0500] "GET /wp-content/plugins/elementor/assets/lib/swiper/swiper.min.js?ver=5.3.6 HTTP/1.1" 200 34004 "https://www.thedubaitoday.com/redtag-launches-winter-collection-endorsed-by-myriam-fares/" "Mozilla/5.0 (Windows NT 10.0; Win64; x64) AppleWebKit/537.36 (KHTML, like Gecko) Chrome/139.0.0.0 Safari/537.36"
119.96.17.26 - - [26/Feb/2026:19:36:58 -0500] "GET /wp-content/plugins/elementor/assets/js/frontend.min.js?ver=3.0.13 HTTP/1.1" 200 30846 "https://www.thedubaitoday.com/redtag-launches-winter-collection-endorsed-by-myriam-fares/" "Mozilla/5.0 (Windows NT 10.0; Win64; x64) AppleWebKit/537.36 (KHTML, like Gecko) Chrome/139.0.0.0 Safari/537.36"
119.96.17.26 - - [26/Feb/2026:19:36:58 -0500] "GET /wp-includes/js/wp-emoji-release.min.js?ver=5.5.16 HTTP/1.1" 200 4316 "https://www.thedubaitoday.com/redtag-launches-winter-collection-endorsed-by-myriam-fares/" "Mozilla/5.0 (Windows NT 10.0; Win64; x64) AppleWebKit/537.36 (KHTML, like Gecko) Chrome/139.0.0.0 Safari/537.36"
85.208.96.206 - - [26/Feb/2026:19:36:59 -0500] "GET /hasher-bin-maktoum-opens-dubai-derma-2022/ HTTP/1.1" 200 15994 "-" "Mozilla/5.0 (compatible; SemrushBot/7~bl; +http://www.semrush.com/bot.html)"
14.191.184.165 - - [26/Feb/2026:19:37:04 -0500] "GET /world-bank-approves-us250-million-in-additional-financing-for-the-education-support-program-in-morocco/ HTTP/1.1" 200 15460 "-" "Mozilla/5.0 (Macintosh; Intel Mac OS X 11_2_2) AppleWebKit/537.36 (KHTML, like Gecko) Brave Chrome/89.0.4389.72 Safari/537.36"
217.113.196.3 - - [26/Feb/2026:19:37:11 -0500] "GET /category/international-news/page/4/ HTTP/1.1" 200 16749 "-" "Mozilla/5.0 (compatible; IbouBot/1.0; [email protected]; +https://ibou.io/iboubot.html)"
114.119.141.83 - - [26/Feb/2026:19:37:58 -0500] "GET /dubai-concludes-world-intellectual-property-day-with-awareness-and-sme-supportive-events/ HTTP/1.1" 200 15558 "https://www.thedubaitoday.com/category/real-estate/page/8" "Mozilla/5.0 (Linux; Android 7.0;) AppleWebKit/537.36 (KHTML, like Gecko) Mobile Safari/537.36 (compatible; PetalBot;+https://webmaster.petalsearch.com/site/petalbot)"
217.113.196.16 - - [26/Feb/2026:19:38:02 -0500] "GET /category/travel-tourism/destinations/page/2/ HTTP/1.1" 200 16776 "-" "Mozilla/5.0 (compatible; IbouBot/1.0; [email protected]; +https://ibou.io/iboubot.html)"
217.113.196.37 - - [26/Feb/2026:19:38:54 -0500] "GET /category/national-news/page/3/ HTTP/1.1" 200 16127 "-" "Mozilla/5.0 (compatible; IbouBot/1.0; [email protected]; +https://ibou.io/iboubot.html)"
185.191.171.1 - - [26/Feb/2026:19:38:55 -0500] "GET /saqr-ghobash-chinese-ambassador-discuss-bilateral-ties/ HTTP/1.1" 200 15635 "-" "Mozilla/5.0 (compatible; SemrushBot/7~bl; +http://www.semrush.com/bot.html)"
185.191.171.13 - - [26/Feb/2026:19:39:16 -0500] "GET /led-by-mohamed-bin-zayed-uae-will-continue-to-scale-greater-heights-over-coming-50-years-mohammed-bin-rashid/ HTTP/1.1" 200 18334 "-" "Mozilla/5.0 (compatible; SemrushBot/7~bl; +http://www.semrush.com/bot.html)"
85.208.96.209 - - [26/Feb/2026:19:39:38 -0500] "GET /poland-to-host-al-wathba-stallions-cup-2/ HTTP/1.1" 200 15403 "-" "Mozilla/5.0 (compatible; SemrushBot/7~bl; +http://www.semrush.com/bot.html)"
217.113.196.58 - - [26/Feb/2026:19:39:45 -0500] "GET /dubai-city-of-iconic-attractions/ HTTP/1.1" 200 14995 "-" "Mozilla/5.0 (compatible; IbouBot/1.0; [email protected]; +https://ibou.io/iboubot.html)"
85.208.96.207 - - [26/Feb/2026:19:40:40 -0500] "GET /uae-president-receives-credentials-from-foreign-ambassadors/ HTTP/1.1" 200 15008 "-" "Mozilla/5.0 (compatible; SemrushBot/7~bl; +http://www.semrush.com/bot.html)"
217.113.196.60 - - [26/Feb/2026:19:41:02 -0500] "GET /category/travel-tourism/airlines/feed/ HTTP/1.1" 200 9896 "-" "Mozilla/5.0 (compatible; IbouBot/1.0; [email protected]; +https://ibou.io/iboubot.html)"
85.208.96.198 - - [26/Feb/2026:19:41:22 -0500] "GET /beeah-group-green-planet-sign-10-year-contract-to-advance-sustainable-waste-management-in-egypt/ HTTP/1.1" 200 16214 "-" "Mozilla/5.0 (compatible; SemrushBot/7~bl; +http://www.semrush.com/bot.html)"
185.191.171.10 - - [26/Feb/2026:19:39:31 -0500] "GET /uzbekistan-to-host-2nd-world-conference-on-early-childhood-care-and-education/ HTTP/1.1" 200 14334 "-" "Mozilla/5.0 (compatible; SemrushBot/7~bl; +http://www.semrush.com/bot.html)"
217.113.196.19 - - [26/Feb/2026:19:40:11 -0500] "GET /category/international-news/page/8/ HTTP/1.1" 200 14789 "-" "Mozilla/5.0 (compatible; IbouBot/1.0; [email protected]; +https://ibou.io/iboubot.html)"
85.208.96.211 - - [26/Feb/2026:19:40:17 -0500] "GET /fourth-edition-of-jewels-of-emirates-show-kicks-off-in-sharjah/ HTTP/1.1" 200 18773 "-" "Mozilla/5.0 (compatible; SemrushBot/7~bl; +http://www.semrush.com/bot.html)"
217.113.196.4 - - [26/Feb/2026:19:40:36 -0500] "GET /category/travel-tourism/eating-out/feed/ HTTP/1.1" 200 9103 "-" "Mozilla/5.0 (compatible; IbouBot/1.0; [email protected]; +https://ibou.io/iboubot.html)"
185.191.171.4 - - [26/Feb/2026:19:40:38 -0500] "GET /al-wathba-stallions-cup-to-kick-off-tomorrow-in-britain/ HTTP/1.1" 200 14133 "-" "Mozilla/5.0 (compatible; SemrushBot/7~bl; +http://www.semrush.com/bot.html)"
114.119.141.83 - - [26/Feb/2026:19:40:42 -0500] "GET /bahraini-crown-prince-receives-abdullah-bin-zayed HTTP/1.1" 301 0 "-" "Mozilla/5.0 (Linux; Android 7.0;) AppleWebKit/537.36 (KHTML, like Gecko) Mobile Safari/537.36 (compatible; PetalBot;+https://webmaster.petalsearch.com/site/petalbot)"
114.119.141.83 - - [26/Feb/2026:19:40:44 -0500] "GET /bahraini-crown-prince-receives-abdullah-bin-zayed/ HTTP/1.1" 200 17293 "-" "Mozilla/5.0 (Linux; Android 7.0;) AppleWebKit/537.36 (KHTML, like Gecko) Mobile Safari/537.36 (compatible; PetalBot;+https://webmaster.petalsearch.com/site/petalbot)"
85.208.96.194 - - [26/Feb/2026:19:41:25 -0500] "GET /world-crossed-tragic-milestone-of-1-million-reported-covid-19-deaths-who/ HTTP/1.1" 200 14611 "-" "Mozilla/5.0 (compatible; SemrushBot/7~bl; +http://www.semrush.com/bot.html)"
217.113.196.7 - - [26/Feb/2026:19:41:54 -0500] "GET /category/travel-tourism/eating-out/page/3/ HTTP/1.1" 200 16728 "-" "Mozilla/5.0 (compatible; IbouBot/1.0; [email protected]; +https://ibou.io/iboubot.html)"
114.119.151.155 - - [26/Feb/2026:19:42:07 -0500] "GET /aldar-partners-with-nobu-hospitality-to-bring-luxury-hotel-and-residences-to-mamsha-beach-on-saadiyat-island/ HTTP/1.1" 200 15394 "https://www.thedubaitoday.com/category/real-estate/page/3" "Mozilla/5.0 (Linux; Android 7.0;) AppleWebKit/537.36 (KHTML, like Gecko) Mobile Safari/537.36 (compatible; PetalBot;+https://webmaster.petalsearch.com/site/petalbot)"
217.113.196.47 - - [26/Feb/2026:19:42:25 -0500] "GET /category/travel-tourism/airlines/page/2/ HTTP/1.1" 200 16426 "-" "Mozilla/5.0 (compatible; IbouBot/1.0; [email protected]; +https://ibou.io/iboubot.html)"
85.208.96.205 - - [26/Feb/2026:19:42:59 -0500] "GET /abdullah-bin-zayed-meets-fms-of-us-israel-announces-two-new-working-groups-on-religious-coexistence-water-energy-issues/ HTTP/1.1" 200 16467 "-" "Mozilla/5.0 (compatible; SemrushBot/7~bl; +http://www.semrush.com/bot.html)"
114.119.136.150 - - [26/Feb/2026:19:43:31 -0500] "GET /abu-dhabi-healthcare-quality-summit-begins-4th-november/ HTTP/1.1" 200 15377 "https://www.thedubaitoday.com/category/health-2/page/6" "Mozilla/5.0 (Linux; Android 7.0;) AppleWebKit/537.36 (KHTML, like Gecko) Mobile Safari/537.36 (compatible; PetalBot;+https://webmaster.petalsearch.com/site/petalbot)"
217.113.196.50 - - [26/Feb/2026:19:43:50 -0500] "GET /emirates-wins-worlds-best-airline/ HTTP/1.1" 200 14961 "-" "Mozilla/5.0 (compatible; IbouBot/1.0; [email protected]; +https://ibou.io/iboubot.html)"
113.190.231.38 - - [26/Feb/2026:19:44:05 -0500] "GET /sharjah-ramadan-majlis-2024-discusses-how-investments-can-maximise-innovation/ HTTP/1.1" 200 18861 "-" "Mozilla/5.0 (Macintosh; Intel Mac OS X 11_2_1) AppleWebKit/537.36 (KHTML, like Gecko) Chrome/88.0.4324.192 Safari/537.36"
185.191.171.10 - - [26/Feb/2026:19:44:15 -0500] "GET /emirates-and-united-activate-codeshare-partnership-to-enhance-connectivity-to-us/ HTTP/1.1" 200 14887 "-" "Mozilla/5.0 (compatible; SemrushBot/7~bl; +http://www.semrush.com/bot.html)"
217.113.196.4 - - [26/Feb/2026:19:41:28 -0500] "GET /category/national-news/page/54/ HTTP/1.1" 200 16358 "-" "Mozilla/5.0 (compatible; IbouBot/1.0; [email protected]; +https://ibou.io/iboubot.html)"
185.191.171.2 - - [26/Feb/2026:19:42:33 -0500] "GET /mohammed-bin-rashid-issues-resolutions-appointing-chairman-ceo-of-expo-city-dubai-authority/ HTTP/1.1" 200 14778 "-" "Mozilla/5.0 (compatible; SemrushBot/7~bl; +http://www.semrush.com/bot.html)"
85.208.96.199 - - [26/Feb/2026:19:42:47 -0500] "GET /saif-bin-zayed-heads-uae-delegation-to-39th-arab-ministers-of-interior-council/ HTTP/1.1" 200 14506 "-" "Mozilla/5.0 (compatible; SemrushBot/7~bl; +http://www.semrush.com/bot.html)"
217.113.196.23 - - [26/Feb/2026:19:42:52 -0500] "GET /category/travel-tourism/airlines/page/4/ HTTP/1.1" 200 16487 "-" "Mozilla/5.0 (compatible; IbouBot/1.0; [email protected]; +https://ibou.io/iboubot.html)"
85.208.96.199 - - [26/Feb/2026:19:42:55 -0500] "GET /in-an-industry-first-sharjah-government-led-tatweer-signs-youth-wellbeing-program-with-empwr/ HTTP/1.1" 200 16091 "-" "Mozilla/5.0 (compatible; SemrushBot/7~bl; +http://www.semrush.com/bot.html)"
217.113.196.38 - - [26/Feb/2026:19:43:18 -0500] "GET /eye-care-for-back-to-school/ HTTP/1.1" 200 15208 "-" "Mozilla/5.0 (compatible; IbouBot/1.0; [email protected]; +https://ibou.io/iboubot.html)"
114.119.136.150 - - [26/Feb/2026:19:43:29 -0500] "GET /abu-dhabi-healthcare-quality-summit-begins-4th-november HTTP/1.1" 301 0 "https://www.thedubaitoday.com/category/health-2/page/6" "Mozilla/5.0 (Linux; Android 7.0;) AppleWebKit/537.36 (KHTML, like Gecko) Mobile Safari/537.36 (compatible; PetalBot;+https://webmaster.petalsearch.com/site/petalbot)"
217.113.196.43 - - [26/Feb/2026:19:44:16 -0500] "GET /category/travel-tourism/airlines/page/8/ HTTP/1.1" 200 16709 "-" "Mozilla/5.0 (compatible; IbouBot/1.0; [email protected]; +https://ibou.io/iboubot.html)"
85.208.96.207 - - [26/Feb/2026:19:44:24 -0500] "GET /uae-leaders-congratulate-governor-general-of-bahamas-on-independence-day/ HTTP/1.1" 200 14130 "-" "Mozilla/5.0 (compatible; SemrushBot/7~bl; +http://www.semrush.com/bot.html)"
85.208.96.203 - - [26/Feb/2026:19:44:29 -0500] "GET /sharjah-ramadan-majlis-2024-discusses-how-investments-can-maximise-innovation/ HTTP/1.1" 200 18861 "-" "Mozilla/5.0 (compatible; SemrushBot/7~bl; +http://www.semrush.com/bot.html)"
145.239.69.44 - - [26/Feb/2026:19:45:22 -0500] "GET /landmark-exhibition-of-dubai-based-artist-trio-opens-at-the-nyuad-art-gallery/ HTTP/1.1" 200 13403 "-" "Mozilla/5.0 (compatible; MJ12bot/v1.4.8; http://mj12bot.com/)"
145.239.69.44 - - [26/Feb/2026:19:45:25 -0500] "GET /louvre-abu-dhabis-dragon-and-phoenix-exhibition-currently-underway/ HTTP/1.1" 200 14961 "-" "Mozilla/5.0 (compatible; MJ12bot/v1.4.8; http://mj12bot.com/)"
145.239.69.44 - - [26/Feb/2026:19:45:27 -0500] "GET /magnati-ajman-bank-partner-to-enhance-financial-solutions-for-smes/feed/ HTTP/1.1" 200 445 "-" "Mozilla/5.0 (compatible; MJ12bot/v1.4.8; http://mj12bot.com/)"
145.239.69.44 - - [26/Feb/2026:19:45:31 -0500] "GET /maktoum-bin-mohammed-meets-with-ceo-of-accenture/ HTTP/1.1" 200 15530 "-" "Mozilla/5.0 (compatible; MJ12bot/v1.4.8; http://mj12bot.com/)"
145.239.69.44 - - [26/Feb/2026:19:45:33 -0500] "GET /mamiya-diamonds-spreading-sparkle-with-their-diamond-collection/feed/ HTTP/1.1" 200 431 "-" "Mozilla/5.0 (compatible; MJ12bot/v1.4.8; http://mj12bot.com/)"
145.239.69.44 - - [26/Feb/2026:19:45:35 -0500] "GET /manarat-al-saadiyat-launches-virtual-reality-exhibition/ HTTP/1.1" 200 13182 "-" "Mozilla/5.0 (compatible; MJ12bot/v1.4.8; http://mj12bot.com/)"
145.239.69.44 - - [26/Feb/2026:19:45:38 -0500] "GET /mansour-bin-zayed-approves-2022-2023-season-programme-of-emirates-international-endurance-village/ HTTP/1.1" 200 12575 "-" "Mozilla/5.0 (compatible; MJ12bot/v1.4.8; http://mj12bot.com/)"
217.113.196.23 - - [26/Feb/2026:19:45:39 -0500] "GET /european-style-pancake-day-at-mondoux/ HTTP/1.1" 200 14687 "-" "Mozilla/5.0 (compatible; IbouBot/1.0; [email protected]; +https://ibou.io/iboubot.html)"
217.113.196.48 - - [26/Feb/2026:19:44:42 -0500] "GET /category/travel-tourism/airlines/page/7/ HTTP/1.1" 200 16523 "-" "Mozilla/5.0 (compatible; IbouBot/1.0; [email protected]; +https://ibou.io/iboubot.html)"
114.119.130.109 - - [26/Feb/2026:19:44:59 -0500] "GET /?p=6599 HTTP/1.1" 301 0 "https://www.thedubaitoday.com/?cat=59&paged=6" "Mozilla/5.0 (Linux; Android 7.0;) AppleWebKit/537.36 (KHTML, like Gecko) Mobile Safari/537.36 (compatible; PetalBot;+https://webmaster.petalsearch.com/site/petalbot)"
114.119.130.109 - - [26/Feb/2026:19:45:01 -0500] "GET /masdar-continues-to-strengthen-its-leading-stature-in-clean-energy-sector/ HTTP/1.1" 200 18281 "https://www.thedubaitoday.com/?cat=59&paged=6" "Mozilla/5.0 (Linux; Android 7.0;) AppleWebKit/537.36 (KHTML, like Gecko) Mobile Safari/537.36 (compatible; PetalBot;+https://webmaster.petalsearch.com/site/petalbot)"
217.113.196.44 - - [26/Feb/2026:19:45:14 -0500] "GET /bohemia-at-beach-by-five/ HTTP/1.1" 200 14519 "-" "Mozilla/5.0 (compatible; IbouBot/1.0; [email protected]; +https://ibou.io/iboubot.html)"
145.239.69.44 - - [26/Feb/2026:19:45:18 -0500] "GET /robots.txt HTTP/1.1" 200 122 "-" "Mozilla/5.0 (compatible; MJ12bot/v1.4.8; http://mj12bot.com/)"
162.213.253.84 - - [26/Feb/2026:19:45:20 -0500] "POST /wp-cron.php?doing_wp_cron=1772153120.2528150081634521484375 HTTP/1.1" 200 0 "https://www.thedubaitoday.com/wp-cron.php?doing_wp_cron=1772153120.2528150081634521484375" "WordPress/5.5.16; https://www.thedubaitoday.com"
145.239.69.44 - - [26/Feb/2026:19:45:19 -0500] "GET /kuwaits-amiri-diwan-announces-demise-of-sheikh-nawaf-al-ahmad-al-jaber-al-sabah/feed/ HTTP/1.1" 200 485 "-" "Mozilla/5.0 (compatible; MJ12bot/v1.4.8; http://mj12bot.com/)"
185.191.171.19 - - [26/Feb/2026:19:45:28 -0500] "GET /uae-ranked-among-top-10-countries-in-28-competitiveness-indexes-related-to-finance-taxes/ HTTP/1.1" 200 15073 "-" "Mozilla/5.0 (compatible; SemrushBot/7~bl; +http://www.semrush.com/bot.html)"
145.239.69.44 - - [26/Feb/2026:19:45:29 -0500] "GET /majid-bin-sultan-al-qasimi-opens-acres-2023/feed/ HTTP/1.1" 200 438 "-" "Mozilla/5.0 (compatible; MJ12bot/v1.4.8; http://mj12bot.com/)"
145.239.69.44 - - [26/Feb/2026:19:45:37 -0500] "GET /mansoor-bin-mohammed-visits-dubai-active-industry-exhibition/ HTTP/1.1" 200 14397 "-" "Mozilla/5.0 (compatible; MJ12bot/v1.4.8; http://mj12bot.com/)"
145.239.69.44 - - [26/Feb/2026:19:45:40 -0500] "GET /mansour-bin-zayed-receives-chief-of-mongolian-presidential-court/feed/ HTTP/1.1" 200 448 "-" "Mozilla/5.0 (compatible; MJ12bot/v1.4.8; http://mj12bot.com/)"
145.239.69.44 - - [26/Feb/2026:19:45:43 -0500] "GET /mediclinic-abu-dhabi-annual-cancer-conference-concludes-in-abu-dhabi/feed/ HTTP/1.1" 200 446 "-" "Mozilla/5.0 (compatible; MJ12bot/v1.4.8; http://mj12bot.com/)"
145.239.69.44 - - [26/Feb/2026:19:45:47 -0500] "GET /ministry-of-culture-and-youth-delegation-concludes-visit-to-washington-d-c/feed/ HTTP/1.1" 200 451 "-" "Mozilla/5.0 (compatible; MJ12bot/v1.4.8; http://mj12bot.com/)"
145.239.69.44 - - [26/Feb/2026:19:45:54 -0500] "GET /mohammed-bin-rashid-meets-with-senior-officials-of-emirates-airline-and-group/feed/ HTTP/1.1" 200 459 "-" "Mozilla/5.0 (compatible; MJ12bot/v1.4.8; http://mj12bot.com/)"
145.239.69.44 - - [26/Feb/2026:19:46:00 -0500] "GET /netherlands-business-council-uae-announces-winners-of-nbc-2020-awards/ HTTP/1.1" 200 13677 "-" "Mozilla/5.0 (compatible; MJ12bot/v1.4.8; http://mj12bot.com/)"
85.208.96.208 - - [26/Feb/2026:19:46:00 -0500] "GET /arada-launches-robinia-third-residential-phase-of-sharjahs-forest-community-masaar/ HTTP/1.1" 200 14666 "-" "Mozilla/5.0 (compatible; SemrushBot/7~bl; +http://www.semrush.com/bot.html)"
145.239.69.44 - - [26/Feb/2026:19:46:01 -0500] "GET /worlds-smallest-injectable-dissolvable-pacemaker-developed-by-scientists/feed/ HTTP/1.1" 200 452 "-" "Mozilla/5.0 (compatible; MJ12bot/v1.4.8; http://mj12bot.com/)"
85.208.96.210 - - [26/Feb/2026:19:46:03 -0500] "GET /emirati-maitha-al-mansoori-performs-unique-fusion-oriental-and-western-melodies-at-dubai-metro-music-festival/ HTTP/1.1" 200 14875 "-" "Mozilla/5.0 (compatible; SemrushBot/7~bl; +http://www.semrush.com/bot.html)"
145.239.69.44 - - [26/Feb/2026:19:46:03 -0500] "GET /xposure-starts-accepting-entries-for-independent-photojournalist-award/ HTTP/1.1" 200 12856 "-" "Mozilla/5.0 (compatible; MJ12bot/v1.4.8; http://mj12bot.com/)"
217.113.196.25 - - [26/Feb/2026:19:46:05 -0500] "GET /vision-care-by-dr-borja-salvador/ HTTP/1.1" 200 15380 "-" "Mozilla/5.0 (compatible; IbouBot/1.0; [email protected]; +https://ibou.io/iboubot.html)"
145.239.69.44 - - [26/Feb/2026:19:46:05 -0500] "GET /zayed-national-museum-establishes-fund-for-research-into-uae-culture-and-history/ HTTP/1.1" 200 15304 "-" "Mozilla/5.0 (compatible; MJ12bot/v1.4.8; http://mj12bot.com/)"
114.119.148.10 - - [26/Feb/2026:19:46:16 -0500] "GET /?p=4541 HTTP/1.1" 301 0 "https://www.thedubaitoday.com/?p=4541" "Mozilla/5.0 (Linux; Android 7.0;) AppleWebKit/537.36 (KHTML, like Gecko) Mobile Safari/537.36 (compatible; PetalBot;+https://webmaster.petalsearch.com/site/petalbot)"
217.113.196.62 - - [26/Feb/2026:19:46:58 -0500] "GET /healthy-astrology-with-dr-bhambi/ HTTP/1.1" 200 16313 "-" "Mozilla/5.0 (compatible; IbouBot/1.0; [email protected]; +https://ibou.io/iboubot.html)"
209.9.200.163 - - [26/Feb/2026:19:47:05 -0500] "GET /robots.txt HTTP/1.1" 200 122 "-" "Mozilla/5.0 (compatible; MJ12bot/v1.4.8; http://mj12bot.com/)"
209.9.200.163 - - [26/Feb/2026:19:47:16 -0500] "GET /abdullah-bin-zayed-participates-in-gcc-ministerial-councils-extraordinary-session-in-muscat/ HTTP/1.1" 200 13873 "-" "Mozilla/5.0 (compatible; MJ12bot/v1.4.8; http://mj12bot.com/)"
209.9.200.163 - - [26/Feb/2026:19:47:18 -0500] "GET /abu-dhabi-heritage-authority-showcases-emirati-culture-at-moroccos-tan-tan-moussem/ HTTP/1.1" 200 13015 "-" "Mozilla/5.0 (compatible; MJ12bot/v1.4.8; http://mj12bot.com/)"
209.9.200.163 - - [26/Feb/2026:19:47:20 -0500] "GET /abu-dhabi-hosts-inaugural-mena-edition-of-bitcoin-conference-in-december/ HTTP/1.1" 200 12843 "-" "Mozilla/5.0 (compatible; MJ12bot/v1.4.8; http://mj12bot.com/)"
209.9.200.163 - - [26/Feb/2026:19:47:28 -0500] "GET /acres-2025-showcases-flagship-real-estate-projects-across-uae/ HTTP/1.1" 200 13389 "-" "Mozilla/5.0 (compatible; MJ12bot/v1.4.8; http://mj12bot.com/)"
217.113.196.23 - - [26/Feb/2026:19:47:23 -0500] "GET /air-arabia-expands-phuket-operations/ HTTP/1.1" 200 14523 "-" "Mozilla/5.0 (compatible; IbouBot/1.0; [email protected]; +https://ibou.io/iboubot.html)"
185.191.171.14 - - [26/Feb/2026:19:47:24 -0500] "GET /first-anniversary-of-loss-of-khalifa-bin-zayed-the-leader-who-championed-empowerment/ HTTP/1.1" 200 17151 "-" "Mozilla/5.0 (compatible; SemrushBot/7~bl; +http://www.semrush.com/bot.html)"
209.9.200.163 - - [26/Feb/2026:19:47:36 -0500] "GET /adnec-acquires-doubletree-by-hilton-london-excel/ HTTP/1.1" 200 12876 "-" "Mozilla/5.0 (compatible; MJ12bot/v1.4.8; http://mj12bot.com/)"
85.208.96.209 - - [26/Feb/2026:19:47:37 -0500] "GET /emirates-ups-a380-deployment-adds-services-to-uk-and-russia/ HTTP/1.1" 200 14674 "-" "Mozilla/5.0 (compatible; SemrushBot/7~bl; +http://www.semrush.com/bot.html)"
209.9.200.163 - - [26/Feb/2026:19:47:40 -0500] "GET /air-arabia-abu-dhabi-launches-inaugural-flights-to-yekaterinburg-in-russia/feed/ HTTP/1.1" 200 455 "-" "Mozilla/5.0 (compatible; MJ12bot/v1.4.8; http://mj12bot.com/)"
114.119.156.60 - - [26/Feb/2026:19:47:41 -0500] "GET /?cat=67&paged=10 HTTP/1.1" 301 0 "https://www.thedubaitoday.com/?cat=67&paged=9" "Mozilla/5.0 (Linux; Android 7.0;) AppleWebKit/537.36 (KHTML, like Gecko) Mobile Safari/537.36 (compatible; PetalBot;+https://webmaster.petalsearch.com/site/petalbot)"
145.239.69.44 - - [26/Feb/2026:19:45:42 -0500] "GET /masdar-infinity-power-hassan-allam-utilities-sign-land-access-agreement-for-10gw-mega-wind-project-with-egyptian-government/ HTTP/1.1" 200 13869 "-" "Mozilla/5.0 (compatible; MJ12bot/v1.4.8; http://mj12bot.com/)"
145.239.69.44 - - [26/Feb/2026:19:45:45 -0500] "GET /mena-imports-of-european-apples-increased-in-2019-2020-season/feed/ HTTP/1.1" 200 447 "-" "Mozilla/5.0 (compatible; MJ12bot/v1.4.8; http://mj12bot.com/)"
145.239.69.44 - - [26/Feb/2026:19:45:49 -0500] "GET /mohammed-bin-rashid-aerospace-hub-signs-agreement-to-open-mro-engine-test-facility-at-dubai-south/feed/ HTTP/1.1" 200 484 "-" "Mozilla/5.0 (compatible; MJ12bot/v1.4.8; http://mj12bot.com/)"
145.239.69.44 - - [26/Feb/2026:19:45:51 -0500] "GET /mohammed-bin-rashid-attends-29th-dubai-world-cup/feed/ HTTP/1.1" 200 435 "-" "Mozilla/5.0 (compatible; MJ12bot/v1.4.8; http://mj12bot.com/)"
145.239.69.44 - - [26/Feb/2026:19:45:56 -0500] "GET /multiple-new-hedge-funds-establish-in-difc/ HTTP/1.1" 200 13161 "-" "Mozilla/5.0 (compatible; MJ12bot/v1.4.8; http://mj12bot.com/)"
145.239.69.44 - - [26/Feb/2026:19:45:58 -0500] "GET /nahyan-bin-mubarak-honours-255-graduates-of-university-of-dubai/feed/ HTTP/1.1" 200 440 "-" "Mozilla/5.0 (compatible; MJ12bot/v1.4.8; http://mj12bot.com/)"
85.208.96.193 - - [26/Feb/2026:19:46:00 -0500] "GET /robots.txt HTTP/1.1" 200 117 "-" "Mozilla/5.0 (compatible; SemrushBot/7~bl; +http://www.semrush.com/bot.html)"
114.119.148.10 - - [26/Feb/2026:19:46:19 -0500] "GET /arab-monetary-fund-holds-virtual-workshop-showcasing-bunas-abilities-to-enhance-and-support-growth-of-global-payment-industry/ HTTP/1.1" 200 15385 "https://www.thedubaitoday.com/?p=4541" "Mozilla/5.0 (Linux; Android 7.0;) AppleWebKit/537.36 (KHTML, like Gecko) Mobile Safari/537.36 (compatible; PetalBot;+https://webmaster.petalsearch.com/site/petalbot)"
217.113.196.28 - - [26/Feb/2026:19:46:31 -0500] "GET /uae-president-receives-king-of-malaysia/ HTTP/1.1" 200 14363 "-" "Mozilla/5.0 (compatible; IbouBot/1.0; [email protected]; +https://ibou.io/iboubot.html)"
223.62.246.100 - - [26/Feb/2026:19:46:46 -0500] "GET /wp-content/uploads/2020/11/Downtown-Dubai-to-celebrate-New-Years-850x560.jpg HTTP/1.1" 200 97620 "-" "Mozilla/5.0 (X11; Ubuntu; Linux x86_64; rv:72.0) Gecko/20100101 Firefox/72.0"
185.191.171.7 - - [26/Feb/2026:19:47:02 -0500] "GET /sharjah-chamber-embassy-of-latvia-explore-future-opportunities-for-investment-partnerships/ HTTP/1.1" 200 14814 "-" "Mozilla/5.0 (compatible; SemrushBot/7~bl; +http://www.semrush.com/bot.html)"
209.9.200.163 - - [26/Feb/2026:19:47:08 -0500] "GET /12th-edition-of-abu-dhabi-art-opens-as-a-virtual-fair/ HTTP/1.1" 200 15437 "-" "Mozilla/5.0 (compatible; MJ12bot/v1.4.8; http://mj12bot.com/)"
209.9.200.163 - - [26/Feb/2026:19:47:10 -0500] "GET /a-night-to-remember-from-muskaan-events-miss-uae-international-2024-and-gulf-achievers-2024/feed/ HTTP/1.1" 200 479 "-" "Mozilla/5.0 (compatible; MJ12bot/v1.4.8; http://mj12bot.com/)"
209.9.200.163 - - [26/Feb/2026:19:47:13 -0500] "GET /a-taste-of-spanish-melodies-this-expo-2020/ HTTP/1.1" 200 13062 "-" "Mozilla/5.0 (compatible; MJ12bot/v1.4.8; http://mj12bot.com/)"
209.9.200.163 - - [26/Feb/2026:19:47:31 -0500] "GET /ad-ports-group-bags-seven-harvard-business-council-international-awards/ HTTP/1.1" 200 15845 "-" "Mozilla/5.0 (compatible; MJ12bot/v1.4.8; http://mj12bot.com/)"
209.9.200.163 - - [26/Feb/2026:19:47:33 -0500] "GET /adek-indias-ministry-of-education-partner-to-establish-first-iit-delhi-international-campus-in-abu-dhabi/ HTTP/1.1" 200 13799 "-" "Mozilla/5.0 (compatible; MJ12bot/v1.4.8; http://mj12bot.com/)"
209.9.200.163 - - [26/Feb/2026:19:47:38 -0500] "GET /aed-1-billion-manta-bay-luxury-project-unveiled-in-ras-al-khaimah/ HTTP/1.1" 200 12722 "-" "Mozilla/5.0 (compatible; MJ12bot/v1.4.8; http://mj12bot.com/)"
209.9.200.163 - - [26/Feb/2026:19:47:43 -0500] "GET /air-arabia-named-most-punctual-airline-in-2021-at-moscow-domodedovo-airport/ HTTP/1.1" 200 12438 "-" "Mozilla/5.0 (compatible; MJ12bot/v1.4.8; http://mj12bot.com/)"
209.9.200.163 - - [26/Feb/2026:19:47:47 -0500] "GET /al-jalila-foundation-positive-zero-inaugurate-rooftop-and-carport-solar-project/ HTTP/1.1" 200 13451 "-" "Mozilla/5.0 (compatible; MJ12bot/v1.4.8; http://mj12bot.com/)"
209.9.200.163 - - [26/Feb/2026:19:47:53 -0500] "GET /alira-to-perform-at-philippine-independence-day-in-dubai/ HTTP/1.1" 200 13398 "-" "Mozilla/5.0 (compatible; MJ12bot/v1.4.8; http://mj12bot.com/)"
209.9.200.163 - - [26/Feb/2026:19:47:56 -0500] "GET /all-28-airlines-now-operating-from-terminal-a-following-completion-of-transition-phase/ HTTP/1.1" 200 12653 "-" "Mozilla/5.0 (compatible; MJ12bot/v1.4.8; http://mj12bot.com/)"
77.75.78.163 - - [26/Feb/2026:19:47:57 -0500] "GET /gargash-meets-with-ukrainian-fm/ HTTP/1.1" 200 14257 "-" "Mozilla/5.0 (compatible; SeznamBot/4.0; +https://o-seznam.cz/napoveda/vyhledavani/en/seznambot-crawler/)"
209.9.200.163 - - [26/Feb/2026:19:48:01 -0500] "GET /arabian-hills-real-estate-debuts-aed22-billion-project/ HTTP/1.1" 200 12693 "-" "Mozilla/5.0 (compatible; MJ12bot/v1.4.8; http://mj12bot.com/)"
209.9.200.163 - - [26/Feb/2026:19:48:04 -0500] "GET /arada-kicks-off-construction-at-armani-beach-residences-at-palm-jumeirah-with-award-of-first-contract/ HTTP/1.1" 200 13302 "-" "Mozilla/5.0 (compatible; MJ12bot/v1.4.8; http://mj12bot.com/)"
209.9.200.163 - - [26/Feb/2026:19:48:07 -0500] "GET /author/admin/page/179/ HTTP/1.1" 200 14154 "-" "Mozilla/5.0 (compatible; MJ12bot/v1.4.8; http://mj12bot.com/)"
209.9.200.163 - - [26/Feb/2026:19:48:13 -0500] "GET /category/conferences/feed/ HTTP/1.1" 200 14814 "-" "Mozilla/5.0 (compatible; MJ12bot/v1.4.8; http://mj12bot.com/)"
85.208.96.201 - - [26/Feb/2026:19:48:17 -0500] "GET /egyptian-president-receives-abdullah-bin-zayed-underscores-uaes-central-role-in-establishing-regional-peace/ HTTP/1.1" 200 15196 "-" "Mozilla/5.0 (compatible; SemrushBot/7~bl; +http://www.semrush.com/bot.html)"
209.9.200.163 - - [26/Feb/2026:19:48:16 -0500] "GET /category/conferences/page/2/ HTTP/1.1" 200 14223 "-" "Mozilla/5.0 (compatible; MJ12bot/v1.4.8; http://mj12bot.com/)"
209.9.200.163 - - [26/Feb/2026:19:48:22 -0500] "GET /category/education/feed/ HTTP/1.1" 200 11834 "-" "Mozilla/5.0 (compatible; MJ12bot/v1.4.8; http://mj12bot.com/)"
209.9.200.163 - - [26/Feb/2026:19:48:25 -0500] "GET /category/education/page/2/ HTTP/1.1" 200 14038 "-" "Mozilla/5.0 (compatible; MJ12bot/v1.4.8; http://mj12bot.com/)"
209.9.200.163 - - [26/Feb/2026:19:48:28 -0500] "GET /category/education/page/3/ HTTP/1.1" 200 14068 "-" "Mozilla/5.0 (compatible; MJ12bot/v1.4.8; http://mj12bot.com/)"
209.9.200.163 - - [26/Feb/2026:19:48:30 -0500] "GET /category/education/page/5/ HTTP/1.1" 200 13896 "-" "Mozilla/5.0 (compatible; MJ12bot/v1.4.8; http://mj12bot.com/)"
209.9.200.163 - - [26/Feb/2026:19:48:32 -0500] "GET /category/entertainment/feed/ HTTP/1.1" 200 8228 "-" "Mozilla/5.0 (compatible; MJ12bot/v1.4.8; http://mj12bot.com/)"
209.9.200.163 - - [26/Feb/2026:19:48:43 -0500] "GET /category/exhibitions/page/2/ HTTP/1.1" 200 13929 "-" "Mozilla/5.0 (compatible; MJ12bot/v1.4.8; http://mj12bot.com/)"
209.9.200.163 - - [26/Feb/2026:19:48:46 -0500] "GET /category/exhibitions/page/3/ HTTP/1.1" 200 14197 "-" "Mozilla/5.0 (compatible; MJ12bot/v1.4.8; http://mj12bot.com/)"
217.113.196.44 - - [26/Feb/2026:19:48:47 -0500] "GET /isnr-abu-dhabi-2022-kicks-off/ HTTP/1.1" 200 14526 "-" "Mozilla/5.0 (compatible; IbouBot/1.0; [email protected]; +https://ibou.io/iboubot.html)"
209.9.200.163 - - [26/Feb/2026:19:49:01 -0500] "GET /category/home_side/ HTTP/1.1" 200 13798 "-" "Mozilla/5.0 (compatible; MJ12bot/v1.4.8; http://mj12bot.com/)"
114.119.156.60 - - [26/Feb/2026:19:49:06 -0500] "GET /dubai-holding-launches-tickit-for-good-to-support-women-and-children-in-ramadan/ HTTP/1.1" 200 15571 "https://www.thedubaitoday.com/category/beauty-fashion/page/5" "Mozilla/5.0 (Linux; Android 7.0;) AppleWebKit/537.36 (KHTML, like Gecko) Mobile Safari/537.36 (compatible; PetalBot;+https://webmaster.petalsearch.com/site/petalbot)"
114.119.156.60 - - [26/Feb/2026:19:47:43 -0500] "GET /category/national-news/page/10/ HTTP/1.1" 200 16190 "https://www.thedubaitoday.com/?cat=67&paged=9" "Mozilla/5.0 (Linux; Android 7.0;) AppleWebKit/537.36 (KHTML, like Gecko) Mobile Safari/537.36 (compatible; PetalBot;+https://webmaster.petalsearch.com/site/petalbot)"
209.9.200.163 - - [26/Feb/2026:19:47:45 -0500] "GET /al-bandar-rotana-to-serve-iftar-with-a-unique-iftar-dining-experience/ HTTP/1.1" 200 12790 "-" "Mozilla/5.0 (compatible; MJ12bot/v1.4.8; http://mj12bot.com/)"
85.208.96.209 - - [26/Feb/2026:19:47:49 -0500] "GET /knacktag-streamlining-marketing-strategies-for-new-busineses-in-uae/ HTTP/1.1" 200 15444 "-" "Mozilla/5.0 (compatible; SemrushBot/7~bl; +http://www.semrush.com/bot.html)"
209.9.200.163 - - [26/Feb/2026:19:47:49 -0500] "GET /al-majaz-amphitheatre-national-arab-orchestra-sign-agreement-to-revive-arab-musicals/ HTTP/1.1" 200 12793 "-" "Mozilla/5.0 (compatible; MJ12bot/v1.4.8; http://mj12bot.com/)"
217.113.196.8 - - [26/Feb/2026:19:47:55 -0500] "GET /enjoy-a-free-dessert-this-national-dessert-day/ HTTP/1.1" 200 14247 "-" "Mozilla/5.0 (compatible; IbouBot/1.0; [email protected]; +https://ibou.io/iboubot.html)"
209.9.200.163 - - [26/Feb/2026:19:47:58 -0500] "GET /amis-awards-construction-contract-for-its-aed-425-million-the-woodland-residences-project-to-dar-al-aayan-contracting/ HTTP/1.1" 200 13104 "-" "Mozilla/5.0 (compatible; MJ12bot/v1.4.8; http://mj12bot.com/)"
209.9.200.163 - - [26/Feb/2026:19:48:10 -0500] "GET /barraquer-eye-hospital-tips-for-summer-eye-care-and-managing-dry-eyes/feed/ HTTP/1.1" 200 462 "-" "Mozilla/5.0 (compatible; MJ12bot/v1.4.8; http://mj12bot.com/)"
209.9.200.163 - - [26/Feb/2026:19:48:20 -0500] "GET /category/dubai-expo/ HTTP/1.1" 200 13938 "-" "Mozilla/5.0 (compatible; MJ12bot/v1.4.8; http://mj12bot.com/)"
217.113.196.10 - - [26/Feb/2026:19:48:22 -0500] "GET /joby-to-launch-air-taxi-service-in-uae/ HTTP/1.1" 200 16177 "-" "Mozilla/5.0 (compatible; IbouBot/1.0; [email protected]; +https://ibou.io/iboubot.html)"
85.208.96.206 - - [26/Feb/2026:19:48:31 -0500] "GET /adnoc-gas-sees-potential-to-advance-ruwais-lng-commercial-start/ HTTP/1.1" 200 15948 "-" "Mozilla/5.0 (compatible; SemrushBot/7~bl; +http://www.semrush.com/bot.html)"
185.191.171.12 - - [26/Feb/2026:19:48:39 -0500] "GET /mohamed-bin-zayed-receives-president-of-iraqs-kurdistan-region/ HTTP/1.1" 200 14903 "-" "Mozilla/5.0 (compatible; SemrushBot/7~bl; +http://www.semrush.com/bot.html)"
209.9.200.163 - - [26/Feb/2026:19:48:40 -0500] "GET /category/exhibitions/feed/ HTTP/1.1" 200 14002 "-" "Mozilla/5.0 (compatible; MJ12bot/v1.4.8; http://mj12bot.com/)"
209.9.200.163 - - [26/Feb/2026:19:48:49 -0500] "GET /category/exhibitions/page/9/ HTTP/1.1" 200 12613 "-" "Mozilla/5.0 (compatible; MJ12bot/v1.4.8; http://mj12bot.com/)"
209.9.200.163 - - [26/Feb/2026:19:48:52 -0500] "GET /category/health-2/feed/ HTTP/1.1" 200 14030 "-" "Mozilla/5.0 (compatible; MJ12bot/v1.4.8; http://mj12bot.com/)"
209.9.200.163 - - [26/Feb/2026:19:48:55 -0500] "GET /category/health-2/page/10/ HTTP/1.1" 200 14005 "-" "Mozilla/5.0 (compatible; MJ12bot/v1.4.8; http://mj12bot.com/)"
209.9.200.163 - - [26/Feb/2026:19:48:57 -0500] "GET /category/health-2/page/2/ HTTP/1.1" 200 14353 "-" "Mozilla/5.0 (compatible; MJ12bot/v1.4.8; http://mj12bot.com/)"
209.9.200.163 - - [26/Feb/2026:19:48:59 -0500] "GET /category/health-2/page/3/ HTTP/1.1" 200 14283 "-" "Mozilla/5.0 (compatible; MJ12bot/v1.4.8; http://mj12bot.com/)"
209.9.200.163 - - [26/Feb/2026:19:49:04 -0500] "GET /category/international-news/feed/ HTTP/1.1" 200 8870 "-" "Mozilla/5.0 (compatible; MJ12bot/v1.4.8; http://mj12bot.com/)"
114.119.156.60 - - [26/Feb/2026:19:49:03 -0500] "GET /dubai-holding-launches-tickit-for-good-to-support-women-and-children-in-ramadan HTTP/1.1" 301 0 "https://www.thedubaitoday.com/category/beauty-fashion/page/5" "Mozilla/5.0 (Linux; Android 7.0;) AppleWebKit/537.36 (KHTML, like Gecko) Mobile Safari/537.36 (compatible; PetalBot;+https://webmaster.petalsearch.com/site/petalbot)"
209.9.200.163 - - [26/Feb/2026:19:49:09 -0500] "GET /category/international-news/page/3/ HTTP/1.1" 200 14194 "-" "Mozilla/5.0 (compatible; MJ12bot/v1.4.8; http://mj12bot.com/)"
209.9.200.163 - - [26/Feb/2026:19:49:14 -0500] "GET /category/lifestyle/ HTTP/1.1" 200 12659 "-" "Mozilla/5.0 (compatible; MJ12bot/v1.4.8; http://mj12bot.com/)"
209.9.200.163 - - [26/Feb/2026:19:49:19 -0500] "GET /category/national-news/feed/ HTTP/1.1" 200 7921 "-" "Mozilla/5.0 (compatible; MJ12bot/v1.4.8; http://mj12bot.com/)"
209.9.200.163 - - [26/Feb/2026:19:49:21 -0500] "GET /category/national-news/page/2/ HTTP/1.1" 200 13583 "-" "Mozilla/5.0 (compatible; MJ12bot/v1.4.8; http://mj12bot.com/)"
138.186.146.146 - - [26/Feb/2026:19:49:23 -0500] "GET /abu-dhabi-grand-kingfish-championship-concludes/ HTTP/1.1" 200 15476 "-" "Mozilla/5.0 (Windows NT 6.1) AppleWebKit/537.36 (KHTML, like Gecko) Chrome/74.0.3729.131 Safari/537.36"
209.9.200.163 - - [26/Feb/2026:19:49:25 -0500] "GET /category/national-news/page/3/ HTTP/1.1" 200 13749 "-" "Mozilla/5.0 (compatible; MJ12bot/v1.4.8; http://mj12bot.com/)"
209.9.200.163 - - [26/Feb/2026:19:49:29 -0500] "GET /category/national-news/page/55/ HTTP/1.1" 200 14034 "-" "Mozilla/5.0 (compatible; MJ12bot/v1.4.8; http://mj12bot.com/)"
85.208.96.210 - - [26/Feb/2026:19:49:32 -0500] "GET /fab-facilitated-over-9-bn-worth-of-sustainable-projects-in-2022-ceo/ HTTP/1.1" 200 18704 "-" "Mozilla/5.0 (compatible; SemrushBot/7~bl; +http://www.semrush.com/bot.html)"
209.9.200.163 - - [26/Feb/2026:19:49:35 -0500] "GET /category/press-releases/feed/ HTTP/1.1" 200 15888 "-" "Mozilla/5.0 (compatible; MJ12bot/v1.4.8; http://mj12bot.com/)"
209.9.200.163 - - [26/Feb/2026:19:49:38 -0500] "GET /category/products/feed/ HTTP/1.1" 200 12275 "-" "Mozilla/5.0 (compatible; MJ12bot/v1.4.8; http://mj12bot.com/)"
217.113.196.10 - - [26/Feb/2026:19:49:40 -0500] "GET /uae-president-meets-ruler-of-ajman/ HTTP/1.1" 200 14905 "-" "Mozilla/5.0 (compatible; IbouBot/1.0; [email protected]; +https://ibou.io/iboubot.html)"
209.9.200.163 - - [26/Feb/2026:19:49:41 -0500] "GET /category/products/page/2/ HTTP/1.1" 200 14353 "-" "Mozilla/5.0 (compatible; MJ12bot/v1.4.8; http://mj12bot.com/)"
209.9.200.163 - - [26/Feb/2026:19:49:47 -0500] "GET /category/products/page/5/ HTTP/1.1" 200 12298 "-" "Mozilla/5.0 (compatible; MJ12bot/v1.4.8; http://mj12bot.com/)"
209.9.200.163 - - [26/Feb/2026:19:49:48 -0500] "GET /category/real-estate/feed/ HTTP/1.1" 200 12667 "-" "Mozilla/5.0 (compatible; MJ12bot/v1.4.8; http://mj12bot.com/)"
209.9.200.163 - - [26/Feb/2026:19:49:50 -0500] "GET /category/real-estate/page/10/ HTTP/1.1" 200 11872 "-" "Mozilla/5.0 (compatible; MJ12bot/v1.4.8; http://mj12bot.com/)"
209.9.200.163 - - [26/Feb/2026:19:50:05 -0500] "GET /category/real-estate/page/9/ HTTP/1.1" 200 14213 "-" "Mozilla/5.0 (compatible; MJ12bot/v1.4.8; http://mj12bot.com/)"
209.9.200.163 - - [26/Feb/2026:19:50:10 -0500] "GET /category/travel-tourism/airlines/page/2/ HTTP/1.1" 200 13988 "-" "Mozilla/5.0 (compatible; MJ12bot/v1.4.8; http://mj12bot.com/)"
209.9.200.163 - - [26/Feb/2026:19:50:16 -0500] "GET /category/travel-tourism/airlines/page/9/ HTTP/1.1" 200 11873 "-" "Mozilla/5.0 (compatible; MJ12bot/v1.4.8; http://mj12bot.com/)"
209.9.200.163 - - [26/Feb/2026:19:50:20 -0500] "GET /category/travel-tourism/destinations/page/2/ HTTP/1.1" 200 14366 "-" "Mozilla/5.0 (compatible; MJ12bot/v1.4.8; http://mj12bot.com/)"
209.9.200.163 - - [26/Feb/2026:19:50:22 -0500] "GET /category/travel-tourism/destinations/page/3/ HTTP/1.1" 200 14299 "-" "Mozilla/5.0 (compatible; MJ12bot/v1.4.8; http://mj12bot.com/)"
209.9.200.163 - - [26/Feb/2026:19:50:25 -0500] "GET /category/travel-tourism/destinations/page/6/ HTTP/1.1" 200 12386 "-" "Mozilla/5.0 (compatible; MJ12bot/v1.4.8; http://mj12bot.com/)"
209.9.200.163 - - [26/Feb/2026:19:50:28 -0500] "GET /category/travel-tourism/eating-out/feed/ HTTP/1.1" 200 8531 "-" "Mozilla/5.0 (compatible; MJ12bot/v1.4.8; http://mj12bot.com/)"
209.9.200.163 - - [26/Feb/2026:19:49:06 -0500] "GET /category/international-news/page/2/ HTTP/1.1" 200 14055 "-" "Mozilla/5.0 (compatible; MJ12bot/v1.4.8; http://mj12bot.com/)"
209.9.200.163 - - [26/Feb/2026:19:49:12 -0500] "GET /category/international-news/page/8/ HTTP/1.1" 200 12619 "-" "Mozilla/5.0 (compatible; MJ12bot/v1.4.8; http://mj12bot.com/)"
217.113.196.57 - - [26/Feb/2026:19:49:13 -0500] "GET /india75-celebrations-launched-in-uae/ HTTP/1.1" 200 14532 "-" "Mozilla/5.0 (compatible; IbouBot/1.0; [email protected]; +https://ibou.io/iboubot.html)"
209.9.200.163 - - [26/Feb/2026:19:49:16 -0500] "GET /category/music-concerts/feed/ HTTP/1.1" 200 11843 "-" "Mozilla/5.0 (compatible; MJ12bot/v1.4.8; http://mj12bot.com/)"
209.9.200.163 - - [26/Feb/2026:19:49:27 -0500] "GET /category/national-news/page/54/ HTTP/1.1" 200 13871 "-" "Mozilla/5.0 (compatible; MJ12bot/v1.4.8; http://mj12bot.com/)"
209.9.200.163 - - [26/Feb/2026:19:49:32 -0500] "GET /category/national-news/page/56/ HTTP/1.1" 200 11625 "-" "Mozilla/5.0 (compatible; MJ12bot/v1.4.8; http://mj12bot.com/)"
185.191.171.11 - - [26/Feb/2026:19:49:40 -0500] "GET /president-of-somalia-arrives-in-uae/ HTTP/1.1" 200 14156 "-" "Mozilla/5.0 (compatible; SemrushBot/7~bl; +http://www.semrush.com/bot.html)"
209.9.200.163 - - [26/Feb/2026:19:49:44 -0500] "GET /category/products/page/3/ HTTP/1.1" 200 13996 "-" "Mozilla/5.0 (compatible; MJ12bot/v1.4.8; http://mj12bot.com/)"
209.9.200.163 - - [26/Feb/2026:19:49:53 -0500] "GET /category/real-estate/page/2/ HTTP/1.1" 200 14138 "-" "Mozilla/5.0 (compatible; MJ12bot/v1.4.8; http://mj12bot.com/)"
209.9.200.163 - - [26/Feb/2026:19:50:02 -0500] "GET /category/real-estate/page/3/ HTTP/1.1" 200 13942 "-" "Mozilla/5.0 (compatible; MJ12bot/v1.4.8; http://mj12bot.com/)"
217.113.196.29 - - [26/Feb/2026:19:50:06 -0500] "GET /dnata-invests-100-million-in-green-operations/ HTTP/1.1" 200 15321 "-" "Mozilla/5.0 (compatible; IbouBot/1.0; [email protected]; +https://ibou.io/iboubot.html)"
209.9.200.163 - - [26/Feb/2026:19:50:08 -0500] "GET /category/travel-tourism/airlines/feed/ HTTP/1.1" 200 8919 "-" "Mozilla/5.0 (compatible; MJ12bot/v1.4.8; http://mj12bot.com/)"
209.9.200.163 - - [26/Feb/2026:19:50:13 -0500] "GET /category/travel-tourism/airlines/page/3/ HTTP/1.1" 200 14071 "-" "Mozilla/5.0 (compatible; MJ12bot/v1.4.8; http://mj12bot.com/)"
209.9.200.163 - - [26/Feb/2026:19:50:18 -0500] "GET /category/travel-tourism/destinations/feed/ HTTP/1.1" 200 16112 "-" "Mozilla/5.0 (compatible; MJ12bot/v1.4.8; http://mj12bot.com/)"
209.9.200.163 - - [26/Feb/2026:19:50:30 -0500] "GET /category/travel-tourism/eating-out/page/2/ HTTP/1.1" 200 14371 "-" "Mozilla/5.0 (compatible; MJ12bot/v1.4.8; http://mj12bot.com/)"
