Path : /home/vishqocm/access-logs/
File Upload :
Current File : /home/vishqocm/access-logs/thedubaitoday.com.vishalwebtech.com

216.244.66.227 - - [26/Feb/2026:07:12:06 -0500] "GET /?feed=rss2&p=5166 HTTP/1.1" 301 0 "-" "Mozilla/5.0 (compatible; DotBot/1.2; +https://opensiteexplorer.org/dotbot; [email protected])"
216.244.66.227 - - [26/Feb/2026:07:12:11 -0500] "GET /?feed=rss2&p=7593 HTTP/1.1" 301 0 "-" "Mozilla/5.0 (compatible; DotBot/1.2; +https://opensiteexplorer.org/dotbot; [email protected])"
51.68.236.91 - - [26/Feb/2026:07:29:39 -0500] "GET / HTTP/1.1" 301 0 "-" "Mozilla/5.0 (compatible; MJ12bot/v2.0.5; http://mj12bot.com/)"
216.244.66.227 - - [26/Feb/2026:07:12:15 -0500] "GET /?feed=rss2&p=7661 HTTP/1.1" 301 0 "-" "Mozilla/5.0 (compatible; DotBot/1.2; +https://opensiteexplorer.org/dotbot; [email protected])"
216.244.66.227 - - [26/Feb/2026:07:12:20 -0500] "GET /?feed=rss2&p=9206 HTTP/1.1" 301 0 "-" "Mozilla/5.0 (compatible; DotBot/1.2; +https://opensiteexplorer.org/dotbot; [email protected])"
216.244.66.227 - - [26/Feb/2026:07:12:23 -0500] "GET /page/129/ HTTP/1.1" 301 0 "-" "Mozilla/5.0 (compatible; DotBot/1.2; +https://opensiteexplorer.org/dotbot; [email protected])"
216.244.66.227 - - [26/Feb/2026:07:12:26 -0500] "GET /page/6/ HTTP/1.1" 301 0 "-" "Mozilla/5.0 (compatible; DotBot/1.2; +https://opensiteexplorer.org/dotbot; [email protected])"
43.157.20.63 - - [26/Feb/2026:07:20:46 -0500] "GET / HTTP/1.1" 301 0 "-" "Mozilla/5.0 (iPhone; CPU iPhone OS 13_2_3 like Mac OS X) AppleWebKit/605.1.15 (KHTML, like Gecko) Version/13.0.3 Mobile/15E148 Safari/604.1"
51.68.236.91 - - [26/Feb/2026:07:29:39 -0500] "GET /robots.txt HTTP/1.1" 200 103 "-" "Mozilla/5.0 (compatible; MJ12bot/v2.0.5; http://mj12bot.com/)"
162.213.253.84 - - [26/Feb/2026:08:16:03 -0500] "POST /wp-cron.php?doing_wp_cron=1772111763.4256319999694824218750 HTTP/1.1" 200 0 "http://www.thedubaitoday.com/wp-cron.php?doing_wp_cron=1772111763.4256319999694824218750" "WordPress/5.5.16; https://www.thedubaitoday.com"
23.247.136.254 - - [26/Feb/2026:08:16:02 -0500] "GET /wp-json/wp/v2/posts HTTP/1.0" 200 51386 "-" "Mozilla/5.0 (Windows NT 10.0; Win64; x64) AppleWebKit/537.36 (KHTML, like Gecko) Chrome/120.0.0.0 Safari/537.36"
216.244.66.227 - - [26/Feb/2026:08:03:31 -0500] "GET /robots.txt HTTP/1.1" 200 122 "-" "Mozilla/5.0 (compatible; DotBot/1.2; +https://opensiteexplorer.org/dotbot; [email protected])"
216.244.66.227 - - [26/Feb/2026:08:08:13 -0500] "GET /?feed=rss2&p=7696 HTTP/1.1" 301 0 "-" "Mozilla/5.0 (compatible; DotBot/1.2; +https://opensiteexplorer.org/dotbot; [email protected])"
216.244.66.227 - - [26/Feb/2026:08:08:25 -0500] "GET /page/88/ HTTP/1.1" 301 0 "-" "Mozilla/5.0 (compatible; DotBot/1.2; +https://opensiteexplorer.org/dotbot; [email protected])"
110.249.202.173 - - [26/Feb/2026:08:48:44 -0500] "GET /robots.txt HTTP/1.1" 301 0 "-" "Mozilla/5.0 (Linux; Android 5.0) AppleWebKit/537.36 (KHTML, like Gecko) Mobile Safari/537.36 (compatible; Bytespider; https://zhanzhang.toutiao.com/)"
216.244.66.227 - - [26/Feb/2026:08:51:06 -0500] "GET /?feed=rss2&p=8019 HTTP/1.1" 301 0 "-" "Mozilla/5.0 (compatible; DotBot/1.2; +https://opensiteexplorer.org/dotbot; [email protected])"
216.244.66.227 - - [26/Feb/2026:08:52:20 -0500] "GET /morocco-make-history-reach-fifa-2022s-quarter-finals/ HTTP/1.1" 200 69270 "-" "Mozilla/5.0 (compatible; DotBot/1.2; +https://opensiteexplorer.org/dotbot; [email protected])"
216.244.66.227 - - [26/Feb/2026:08:46:04 -0500] "GET /robots.txt HTTP/1.1" 200 122 "-" "Mozilla/5.0 (compatible; DotBot/1.2; +https://opensiteexplorer.org/dotbot; [email protected])"
110.249.202.135 - - [26/Feb/2026:08:48:45 -0500] "GET /robots.txt HTTP/1.1" 200 117 "-" "Mozilla/5.0 (Linux; Android 5.0) AppleWebKit/537.36 (KHTML, like Gecko) Mobile Safari/537.36 (compatible; Bytespider; https://zhanzhang.toutiao.com/)"
216.244.66.227 - - [26/Feb/2026:08:51:17 -0500] "GET /page/106/ HTTP/1.1" 301 0 "-" "Mozilla/5.0 (compatible; DotBot/1.2; +https://opensiteexplorer.org/dotbot; [email protected])"
216.244.66.227 - - [26/Feb/2026:09:33:57 -0500] "GET /?feed=rss2&p=4547 HTTP/1.1" 301 0 "-" "Mozilla/5.0 (compatible; DotBot/1.2; +https://opensiteexplorer.org/dotbot; [email protected])"
216.244.66.227 - - [26/Feb/2026:09:34:02 -0500] "GET /?feed=rss2&p=5213 HTTP/1.1" 301 0 "-" "Mozilla/5.0 (compatible; DotBot/1.2; +https://opensiteexplorer.org/dotbot; [email protected])"
216.244.66.227 - - [26/Feb/2026:09:34:06 -0500] "GET /page/157/ HTTP/1.1" 301 0 "-" "Mozilla/5.0 (compatible; DotBot/1.2; +https://opensiteexplorer.org/dotbot; [email protected])"
216.244.66.227 - - [26/Feb/2026:09:34:09 -0500] "GET /page/5/ HTTP/1.1" 301 0 "-" "Mozilla/5.0 (compatible; DotBot/1.2; +https://opensiteexplorer.org/dotbot; [email protected])"
216.244.66.227 - - [26/Feb/2026:09:28:50 -0500] "GET /robots.txt HTTP/1.1" 200 122 "-" "Mozilla/5.0 (compatible; DotBot/1.2; +https://opensiteexplorer.org/dotbot; [email protected])"
149.224.128.99 - - [26/Feb/2026:09:49:52 -0500] "GET /wp-json/wp/v2/posts HTTP/1.1" 200 51386 "-" "Mozilla/5.0 (Windows NT 10.0; Win64; x64) AppleWebKit/537.36 (KHTML, like Gecko) Chrome/120.0.0.0 Safari/537.36"
216.244.66.227 - - [26/Feb/2026:10:12:19 -0500] "GET /robots.txt HTTP/1.1" 200 122 "-" "Mozilla/5.0 (compatible; DotBot/1.2; +https://opensiteexplorer.org/dotbot; [email protected])"
216.244.66.227 - - [26/Feb/2026:10:17:21 -0500] "GET /category/national-news/page/56/ HTTP/1.1" 200 64482 "-" "Mozilla/5.0 (compatible; DotBot/1.2; +https://opensiteexplorer.org/dotbot; [email protected])"
216.244.66.227 - - [26/Feb/2026:10:17:31 -0500] "GET /?feed=rss2&p=7401 HTTP/1.1" 301 0 "-" "Mozilla/5.0 (compatible; DotBot/1.2; +https://opensiteexplorer.org/dotbot; [email protected])"
216.244.66.227 - - [26/Feb/2026:10:17:35 -0500] "GET /page/175/ HTTP/1.1" 301 0 "-" "Mozilla/5.0 (compatible; DotBot/1.2; +https://opensiteexplorer.org/dotbot; [email protected])"
216.244.66.227 - - [26/Feb/2026:10:18:12 -0500] "GET /author/admin/page/60/ HTTP/1.1" 200 84091 "-" "Mozilla/5.0 (compatible; DotBot/1.2; +https://opensiteexplorer.org/dotbot; [email protected])"
216.244.66.227 - - [26/Feb/2026:10:21:01 -0500] "GET /dubai-culture-announces-programme-for-10th-edition-of-sikka-art-and-design-festival/feed/ HTTP/1.1" 200 978 "-" "Mozilla/5.0 (compatible; DotBot/1.2; +https://opensiteexplorer.org/dotbot; [email protected])"
216.244.66.227 - - [26/Feb/2026:10:17:27 -0500] "GET /?feed=rss2&p=6770 HTTP/1.1" 301 0 "-" "Mozilla/5.0 (compatible; DotBot/1.2; +https://opensiteexplorer.org/dotbot; [email protected])"
216.244.66.227 - - [26/Feb/2026:10:17:39 -0500] "GET /page/22/ HTTP/1.1" 301 0 "-" "Mozilla/5.0 (compatible; DotBot/1.2; +https://opensiteexplorer.org/dotbot; [email protected])"
87.121.84.97 - - [26/Feb/2026:10:52:10 -0500] "GET /theme/assets/plugins/jquery-file-upload/server/php/?file=tf2rghf.jpg HTTP/1.1" 404 55220 "-" "ALittle Client"
87.121.84.97 - - [26/Feb/2026:10:51:37 -0500] "GET /theme/assets/plugins/jquery-file-upload/server/php/index.php?file=tf2rghf.jpg HTTP/1.1" 301 0 "-" "ALittle Client"
216.244.66.227 - - [26/Feb/2026:10:55:49 -0500] "GET /robots.txt HTTP/1.1" 200 122 "-" "Mozilla/5.0 (compatible; DotBot/1.2; +https://opensiteexplorer.org/dotbot; [email protected])"
162.213.253.84 - - [26/Feb/2026:11:00:55 -0500] "POST /wp-cron.php?doing_wp_cron=1772121655.3786768913269042968750 HTTP/1.1" 200 0 "http://www.thedubaitoday.com/wp-cron.php?doing_wp_cron=1772121655.3786768913269042968750" "WordPress/5.5.16; https://www.thedubaitoday.com"
216.244.66.227 - - [26/Feb/2026:11:00:54 -0500] "GET /?feed=rss2&p=6591 HTTP/1.1" 301 0 "-" "Mozilla/5.0 (compatible; DotBot/1.2; +https://opensiteexplorer.org/dotbot; [email protected])"
216.244.66.227 - - [26/Feb/2026:11:01:00 -0500] "GET /?feed=rss2&p=7944 HTTP/1.1" 301 0 "-" "Mozilla/5.0 (compatible; DotBot/1.2; +https://opensiteexplorer.org/dotbot; [email protected])"
216.244.66.227 - - [26/Feb/2026:11:01:04 -0500] "GET /?feed=rss2&p=8300 HTTP/1.1" 301 0 "-" "Mozilla/5.0 (compatible; DotBot/1.2; +https://opensiteexplorer.org/dotbot; [email protected])"
216.244.66.227 - - [26/Feb/2026:11:04:14 -0500] "GET /page/84/ HTTP/1.1" 301 0 "-" "Mozilla/5.0 (compatible; DotBot/1.2; +https://opensiteexplorer.org/dotbot; [email protected])"
216.244.66.227 - - [26/Feb/2026:11:09:12 -0500] "GET /?author=1&paged=112 HTTP/1.1" 301 0 "-" "Mozilla/5.0 (compatible; DotBot/1.2; +https://opensiteexplorer.org/dotbot; [email protected])"
216.244.66.227 - - [26/Feb/2026:11:43:10 -0500] "GET /?p=4775 HTTP/1.1" 301 0 "-" "Mozilla/5.0 (compatible; DotBot/1.2; +https://opensiteexplorer.org/dotbot; [email protected])"
216.244.66.227 - - [26/Feb/2026:11:43:15 -0500] "GET /?p=7574 HTTP/1.1" 301 0 "-" "Mozilla/5.0 (compatible; DotBot/1.2; +https://opensiteexplorer.org/dotbot; [email protected])"
216.244.66.227 - - [26/Feb/2026:11:43:18 -0500] "GET /?p=8337 HTTP/1.1" 301 0 "-" "Mozilla/5.0 (compatible; DotBot/1.2; +https://opensiteexplorer.org/dotbot; [email protected])"
216.244.66.227 - - [26/Feb/2026:11:43:56 -0500] "GET /?feed=rss2&p=5768 HTTP/1.1" 301 0 "-" "Mozilla/5.0 (compatible; DotBot/1.2; +https://opensiteexplorer.org/dotbot; [email protected])"
216.244.66.227 - - [26/Feb/2026:11:43:59 -0500] "GET /?feed=rss2&p=5802 HTTP/1.1" 301 0 "-" "Mozilla/5.0 (compatible; DotBot/1.2; +https://opensiteexplorer.org/dotbot; [email protected])"
216.244.66.227 - - [26/Feb/2026:11:44:05 -0500] "GET /page/161/ HTTP/1.1" 301 0 "-" "Mozilla/5.0 (compatible; DotBot/1.2; +https://opensiteexplorer.org/dotbot; [email protected])"
216.244.66.227 - - [26/Feb/2026:11:39:03 -0500] "GET /robots.txt HTTP/1.1" 200 122 "-" "Mozilla/5.0 (compatible; DotBot/1.2; +https://opensiteexplorer.org/dotbot; [email protected])"
216.244.66.227 - - [26/Feb/2026:11:43:05 -0500] "GET /?p=4314 HTTP/1.1" 301 0 "-" "Mozilla/5.0 (compatible; DotBot/1.2; +https://opensiteexplorer.org/dotbot; [email protected])"
216.244.66.227 - - [26/Feb/2026:11:44:07 -0500] "GET /page/30/ HTTP/1.1" 301 0 "-" "Mozilla/5.0 (compatible; DotBot/1.2; +https://opensiteexplorer.org/dotbot; [email protected])"
216.244.66.227 - - [26/Feb/2026:11:44:10 -0500] "GET /page/51/ HTTP/1.1" 301 0 "-" "Mozilla/5.0 (compatible; DotBot/1.2; +https://opensiteexplorer.org/dotbot; [email protected])"
216.244.66.227 - - [26/Feb/2026:11:44:11 -0500] "GET /page/93/ HTTP/1.1" 301 0 "-" "Mozilla/5.0 (compatible; DotBot/1.2; +https://opensiteexplorer.org/dotbot; [email protected])"
216.244.66.227 - - [26/Feb/2026:11:44:44 -0500] "GET /category/home_side/page/10/ HTTP/1.1" 200 87223 "-" "Mozilla/5.0 (compatible; DotBot/1.2; +https://opensiteexplorer.org/dotbot; [email protected])"
216.244.66.227 - - [26/Feb/2026:11:47:21 -0500] "GET /taqa-adnoc-mubadala-enter-binding-agreements-for-acquisition-of-masdar-stake/feed/ HTTP/1.1" 200 959 "-" "Mozilla/5.0 (compatible; DotBot/1.2; +https://opensiteexplorer.org/dotbot; [email protected])"
110.249.202.82 - - [26/Feb/2026:11:50:34 -0500] "GET /robots.txt HTTP/1.1" 301 0 "-" "Mozilla/5.0 (Linux; Android 5.0) AppleWebKit/537.36 (KHTML, like Gecko) Mobile Safari/537.36 (compatible; Bytespider; https://zhanzhang.toutiao.com/)"
110.249.202.186 - - [26/Feb/2026:11:50:36 -0500] "GET /robots.txt HTTP/1.1" 200 117 "-" "Mozilla/5.0 (Linux; Android 5.0) AppleWebKit/537.36 (KHTML, like Gecko) Mobile Safari/537.36 (compatible; Bytespider; https://zhanzhang.toutiao.com/)"
103.118.44.147 - - [26/Feb/2026:12:05:49 -0500] "GET //wp-json/wp/v2/posts HTTP/1.0" 200 51386 "-" "Mozilla/5.0 (Windows NT 10.0; Win64; x64) AppleWebKit/537.36 (KHTML, like Gecko) Chrome/120.0.0.0 Safari/537.36"
216.244.66.227 - - [26/Feb/2026:12:22:46 -0500] "GET /robots.txt HTTP/1.1" 200 122 "-" "Mozilla/5.0 (compatible; DotBot/1.2; +https://opensiteexplorer.org/dotbot; [email protected])"
216.244.66.227 - - [26/Feb/2026:12:27:22 -0500] "GET /?feed=rss2&p=5096 HTTP/1.1" 301 0 "-" "Mozilla/5.0 (compatible; DotBot/1.2; +https://opensiteexplorer.org/dotbot; [email protected])"
216.244.66.227 - - [26/Feb/2026:12:27:38 -0500] "GET /page/50/ HTTP/1.1" 301 0 "-" "Mozilla/5.0 (compatible; DotBot/1.2; +https://opensiteexplorer.org/dotbot; [email protected])"
216.244.66.227 - - [26/Feb/2026:12:28:16 -0500] "GET /author/admin/page/122/ HTTP/1.1" 200 83514 "-" "Mozilla/5.0 (compatible; DotBot/1.2; +https://opensiteexplorer.org/dotbot; [email protected])"
162.213.253.84 - - [26/Feb/2026:12:30:24 -0500] "POST /wp-cron.php?doing_wp_cron=1772127024.7820849418640136718750 HTTP/1.1" 200 0 "http://www.thedubaitoday.com/wp-cron.php?doing_wp_cron=1772127024.7820849418640136718750" "WordPress/5.5.16; https://www.thedubaitoday.com"
216.244.66.227 - - [26/Feb/2026:12:27:27 -0500] "GET /?feed=rss2&p=5861 HTTP/1.1" 301 0 "-" "Mozilla/5.0 (compatible; DotBot/1.2; +https://opensiteexplorer.org/dotbot; [email protected])"
216.244.66.227 - - [26/Feb/2026:12:30:24 -0500] "GET /sharjah-museums-hosts-its-audience-with-a-varied-heritage-package/feed/ HTTP/1.1" 200 924 "-" "Mozilla/5.0 (compatible; DotBot/1.2; +https://opensiteexplorer.org/dotbot; [email protected])"
216.244.66.227 - - [26/Feb/2026:13:05:59 -0500] "GET /robots.txt HTTP/1.1" 200 122 "-" "Mozilla/5.0 (compatible; DotBot/1.2; +https://opensiteexplorer.org/dotbot; [email protected])"
216.244.66.227 - - [26/Feb/2026:13:09:42 -0500] "GET /?p=5928 HTTP/1.1" 301 0 "-" "Mozilla/5.0 (compatible; DotBot/1.2; +https://opensiteexplorer.org/dotbot; [email protected])"
216.244.66.227 - - [26/Feb/2026:13:09:47 -0500] "GET /?p=8216 HTTP/1.1" 301 0 "-" "Mozilla/5.0 (compatible; DotBot/1.2; +https://opensiteexplorer.org/dotbot; [email protected])"
216.244.66.227 - - [26/Feb/2026:13:09:51 -0500] "GET /?p=8498 HTTP/1.1" 301 0 "-" "Mozilla/5.0 (compatible; DotBot/1.2; +https://opensiteexplorer.org/dotbot; [email protected])"
2.58.56.187 - - [26/Feb/2026:13:10:29 -0500] "GET / HTTP/1.1" 301 0 "-" "Mozlila/5.0 (Linux; Android 7.0; SM-G892A Bulid/NRD90M; wv) AppleWebKit/537.36 (KHTML, like Gecko) Version/4.0 Chrome/60.0.3112.107 Moblie Safari/537.36"
2.58.56.187 - - [26/Feb/2026:13:10:29 -0500] "GET /dajxchsp.php?Fox=d3wL7 HTTP/1.1" 404 55220 "www.google.com" "Mozilla/5.0 (Linux; Android 7.0; SM-G892A Bulid/NRD90M; wv) AppleWebKit/537.36 (KHTML, like Gecko) Version/4.0 Chrome/60.0.3112.107 Moblie Safari/537.36"
2.58.56.187 - - [26/Feb/2026:13:10:33 -0500] "POST /alfacgiapi/perl.alfa HTTP/1.1" 404 55152 "www.google.com" "Mozlila/5.0 (Linux; Android 7.0; SM-G892A Bulid/NRD90M; wv) AppleWebKit/537.36 (KHTML, like Gecko) Version/4.0 Chrome/60.0.3112.107 Moblie Safari/537.36"
162.213.253.84 - - [26/Feb/2026:13:15:09 -0500] "POST /wp-cron.php?doing_wp_cron=1772129709.9251670837402343750000 HTTP/1.1" 200 0 "http://www.thedubaitoday.com/wp-cron.php?doing_wp_cron=1772129709.9251670837402343750000" "WordPress/5.5.16; https://www.thedubaitoday.com"
216.244.66.227 - - [26/Feb/2026:13:15:09 -0500] "GET /sharjah-munshid-announces-start-of-auditions-for-14th-edition/feed/ HTTP/1.1" 200 912 "-" "Mozilla/5.0 (compatible; DotBot/1.2; +https://opensiteexplorer.org/dotbot; [email protected])"
93.158.90.53 - - [26/Feb/2026:13:06:48 -0500] "GET / HTTP/1.1" 301 0 "-" "Mozilla/5.0 (Android 14; Mobile; rv:123.0) Gecko/123.0 Firefox/123"
2.58.56.187 - - [26/Feb/2026:13:10:29 -0500] "POST /ALFA_DATA/alfacgiapi/perl.alfa HTTP/1.1" 404 55152 "www.google.com" "Mozlila/5.0 (Linux; Android 7.0; SM-G892A Bulid/NRD90M; wv) AppleWebKit/537.36 (KHTML, like Gecko) Version/4.0 Chrome/60.0.3112.107 Moblie Safari/537.36"
2.58.56.187 - - [26/Feb/2026:13:10:29 -0500] "GET /wp-content/themes/seotheme/db.php?u HTTP/1.1" 404 55220 "www.google.com" "Mozlila/5.0 (Linux; Android 7.0; SM-G892A Bulid/NRD90M; wv) AppleWebKit/537.36 (KHTML, like Gecko) Version/4.0 Chrome/60.0.3112.107 Moblie Safari/537.36"
2.58.56.187 - - [26/Feb/2026:13:10:29 -0500] "GET /wp-content/plugins/fix/up.php HTTP/1.1" 404 55220 "-" "Mozilla/5.0 (Windows NT 10.0; Win64; x64) AppleWebKit/537.36 (KHTML, like Gecko) Chrome/85.0.4183.102 Safari/537.36"
216.244.66.227 - - [26/Feb/2026:13:10:41 -0500] "GET /author/admin/page/123/ HTTP/1.1" 200 83830 "-" "Mozilla/5.0 (compatible; DotBot/1.2; +https://opensiteexplorer.org/dotbot; [email protected])"
216.244.66.227 - - [26/Feb/2026:13:10:45 -0500] "GET /page/49/ HTTP/1.1" 301 0 "-" "Mozilla/5.0 (compatible; DotBot/1.2; +https://opensiteexplorer.org/dotbot; [email protected])"
216.244.66.227 - - [26/Feb/2026:13:13:32 -0500] "GET /category/home_side/page/4/ HTTP/1.1" 200 87090 "-" "Mozilla/5.0 (compatible; DotBot/1.2; +https://opensiteexplorer.org/dotbot; [email protected])"
216.244.66.227 - - [26/Feb/2026:13:15:00 -0500] "GET /uae-grants-golden-visas-to-100000-global-coders/feed/ HTTP/1.1" 200 871 "-" "Mozilla/5.0 (compatible; DotBot/1.2; +https://opensiteexplorer.org/dotbot; [email protected])"
43.153.87.54 - - [26/Feb/2026:13:17:28 -0500] "GET / HTTP/1.1" 301 0 "-" "Mozilla/5.0 (iPhone; CPU iPhone OS 13_2_3 like Mac OS X) AppleWebKit/605.1.15 (KHTML, like Gecko) Version/13.0.3 Mobile/15E148 Safari/604.1"
216.244.66.227 - - [26/Feb/2026:13:48:35 -0500] "GET /robots.txt HTTP/1.1" 200 122 "-" "Mozilla/5.0 (compatible; DotBot/1.2; +https://opensiteexplorer.org/dotbot; [email protected])"
216.244.66.227 - - [26/Feb/2026:13:52:35 -0500] "GET /?p=6945 HTTP/1.1" 301 0 "-" "Mozilla/5.0 (compatible; DotBot/1.2; +https://opensiteexplorer.org/dotbot; [email protected])"
216.244.66.227 - - [26/Feb/2026:13:53:17 -0500] "GET /?feed=rss2&p=4435 HTTP/1.1" 301 0 "-" "Mozilla/5.0 (compatible; DotBot/1.2; +https://opensiteexplorer.org/dotbot; [email protected])"
216.244.66.227 - - [26/Feb/2026:13:53:31 -0500] "GET /page/168/ HTTP/1.1" 301 0 "-" "Mozilla/5.0 (compatible; DotBot/1.2; +https://opensiteexplorer.org/dotbot; [email protected])"
216.244.66.227 - - [26/Feb/2026:13:52:26 -0500] "GET /?p=6303 HTTP/1.1" 301 0 "-" "Mozilla/5.0 (compatible; DotBot/1.2; +https://opensiteexplorer.org/dotbot; [email protected])"
216.244.66.227 - - [26/Feb/2026:13:52:31 -0500] "GET /?p=6797 HTTP/1.1" 301 0 "-" "Mozilla/5.0 (compatible; DotBot/1.2; +https://opensiteexplorer.org/dotbot; [email protected])"
216.244.66.227 - - [26/Feb/2026:13:54:51 -0500] "GET /mohammed-bin-rashid-president-of-turkey-discuss-future-of-strategic-partnership/ HTTP/1.1" 200 69561 "-" "Mozilla/5.0 (compatible; DotBot/1.2; +https://opensiteexplorer.org/dotbot; [email protected])"
216.244.66.227 - - [26/Feb/2026:13:55:19 -0500] "GET /saudi-arabia-celebrates-founding-day-at-expo-2020-dubai/ HTTP/1.1" 200 66711 "-" "Mozilla/5.0 (compatible; DotBot/1.2; +https://opensiteexplorer.org/dotbot; [email protected])"
216.244.66.227 - - [26/Feb/2026:13:57:46 -0500] "GET /category/travel-tourism/destinations/page/4/ HTTP/1.1" 200 87518 "-" "Mozilla/5.0 (compatible; DotBot/1.2; +https://opensiteexplorer.org/dotbot; [email protected])"
162.213.253.84 - - [26/Feb/2026:14:15:33 -0500] "POST /wp-cron.php?doing_wp_cron=1772133333.4347710609436035156250 HTTP/1.1" 200 0 "http://www.thedubaitoday.com/wp-cron.php?doing_wp_cron=1772133333.4347710609436035156250" "WordPress/5.5.16; https://www.thedubaitoday.com"
43.153.135.208 - - [26/Feb/2026:14:15:32 -0500] "GET / HTTP/1.1" 301 0 "-" "Mozilla/5.0 (iPhone; CPU iPhone OS 13_2_3 like Mac OS X) AppleWebKit/605.1.15 (KHTML, like Gecko) Version/13.0.3 Mobile/15E148 Safari/604.1"
74.243.251.125 - - [26/Feb/2026:14:18:05 -0500] "GET /wp-content/plugins/hellopress/wp_filemanager.php HTTP/1.1" 301 0 "-" "-"
4.205.37.160 - - [26/Feb/2026:14:21:21 -0500] "GET /asc.php HTTP/1.1" 404 55220 "-" "-"
4.205.37.160 - - [26/Feb/2026:14:21:08 -0500] "GET /wp-content/plugins/hellopress/wp_filemanager.php HTTP/1.1" 301 0 "-" "-"
4.205.37.160 - - [26/Feb/2026:14:21:12 -0500] "GET /wp-content/plugins/hellopress/wp_filemanager.php HTTP/1.1" 404 55220 "-" "-"
4.205.37.160 - - [26/Feb/2026:14:21:19 -0500] "GET /class3.php HTTP/1.1" 301 0 "-" "-"
4.205.37.160 - - [26/Feb/2026:14:21:20 -0500] "GET /class3.php HTTP/1.1" 404 55220 "-" "-"
4.205.37.160 - - [26/Feb/2026:14:21:20 -0500] "GET /asc.php HTTP/1.1" 301 0 "-" "-"
20.220.165.49 - - [26/Feb/2026:14:39:20 -0500] "GET /wp-content/plugins/hellopress/wp_filemanager.php HTTP/1.1" 301 0 "-" "-"
20.220.165.49 - - [26/Feb/2026:14:39:21 -0500] "GET /wp-content/plugins/hellopress/wp_filemanager.php HTTP/1.1" 404 55220 "-" "-"
20.220.165.49 - - [26/Feb/2026:14:39:22 -0500] "GET /aigcpsba.php HTTP/1.1" 301 0 "-" "-"
20.220.165.49 - - [26/Feb/2026:14:39:25 -0500] "GET /ivnnopon.php HTTP/1.1" 301 0 "-" "-"
20.220.165.49 - - [26/Feb/2026:14:39:27 -0500] "GET /ay.php HTTP/1.1" 301 0 "-" "-"
20.220.165.49 - - [26/Feb/2026:14:39:28 -0500] "GET /baixy.php HTTP/1.1" 301 0 "-" "-"
20.220.165.49 - - [26/Feb/2026:14:39:29 -0500] "GET /update/g.php HTTP/1.1" 301 0 "-" "-"
20.220.165.49 - - [26/Feb/2026:14:39:32 -0500] "GET /g.php HTTP/1.1" 404 55220 "-" "-"
20.220.165.49 - - [26/Feb/2026:14:39:33 -0500] "GET /update/nf.php HTTP/1.1" 404 55220 "-" "-"
20.220.165.49 - - [26/Feb/2026:14:39:34 -0500] "GET /nf.php HTTP/1.1" 301 0 "-" "-"
20.220.165.49 - - [26/Feb/2026:14:39:36 -0500] "GET /sc.php HTTP/1.1" 301 0 "-" "-"
20.220.165.49 - - [26/Feb/2026:14:39:23 -0500] "GET /aigcpsba.php HTTP/1.1" 404 55220 "-" "-"
20.220.165.49 - - [26/Feb/2026:14:39:24 -0500] "GET /aqmpjaid.php HTTP/1.1" 301 0 "-" "-"
20.220.165.49 - - [26/Feb/2026:14:39:24 -0500] "GET /aqmpjaid.php HTTP/1.1" 404 55220 "-" "-"
20.220.165.49 - - [26/Feb/2026:14:39:26 -0500] "GET /ivnnopon.php HTTP/1.1" 404 55220 "-" "-"
20.220.165.49 - - [26/Feb/2026:14:39:27 -0500] "GET /ay.php HTTP/1.1" 404 55220 "-" "-"
20.220.165.49 - - [26/Feb/2026:14:39:29 -0500] "GET /baixy.php HTTP/1.1" 404 55220 "-" "-"
20.220.165.49 - - [26/Feb/2026:14:39:30 -0500] "GET /update/g.php HTTP/1.1" 404 55220 "-" "-"
20.220.165.49 - - [26/Feb/2026:14:39:31 -0500] "GET /g.php HTTP/1.1" 301 0 "-" "-"
20.220.165.49 - - [26/Feb/2026:14:39:33 -0500] "GET /update/nf.php HTTP/1.1" 301 0 "-" "-"
20.220.165.49 - - [26/Feb/2026:14:39:35 -0500] "GET /nf.php HTTP/1.1" 404 55220 "-" "-"
20.220.165.49 - - [26/Feb/2026:14:39:36 -0500] "GET /sc.php HTTP/1.1" 404 55220 "-" "-"
143.244.130.198 - - [26/Feb/2026:15:03:21 -0500] "GET / HTTP/1.1" 301 0 "-" "Mozilla/5.0 (X11; Linux x86_64; rv:142.0) Gecko/20100101 Firefox/142.0"
143.244.130.198 - - [26/Feb/2026:15:03:22 -0500] "GET /favicon.ico HTTP/1.1" 404 1251 "http://thedubaitoday.com/" "Mozilla/5.0 (X11; Linux x86_64; rv:142.0) Gecko/20100101 Firefox/142.0"
216.244.66.227 - - [26/Feb/2026:15:14:50 -0500] "GET /robots.txt HTTP/1.1" 200 122 "-" "Mozilla/5.0 (compatible; DotBot/1.2; +https://opensiteexplorer.org/dotbot; [email protected])"
216.244.66.227 - - [26/Feb/2026:15:19:33 -0500] "GET /?feed=rss2&p=8122 HTTP/1.1" 301 0 "-" "Mozilla/5.0 (compatible; DotBot/1.2; +https://opensiteexplorer.org/dotbot; [email protected])"
216.244.66.227 - - [26/Feb/2026:15:19:44 -0500] "GET /page/114/ HTTP/1.1" 301 0 "-" "Mozilla/5.0 (compatible; DotBot/1.2; +https://opensiteexplorer.org/dotbot; [email protected])"
216.244.66.227 - - [26/Feb/2026:15:19:54 -0500] "GET /page/8/ HTTP/1.1" 301 0 "-" "Mozilla/5.0 (compatible; DotBot/1.2; +https://opensiteexplorer.org/dotbot; [email protected])"
216.244.66.227 - - [26/Feb/2026:15:19:40 -0500] "GET /page/107/ HTTP/1.1" 301 0 "-" "Mozilla/5.0 (compatible; DotBot/1.2; +https://opensiteexplorer.org/dotbot; [email protected])"
216.244.66.227 - - [26/Feb/2026:15:19:48 -0500] "GET /page/128/ HTTP/1.1" 301 0 "-" "Mozilla/5.0 (compatible; DotBot/1.2; +https://opensiteexplorer.org/dotbot; [email protected])"
216.244.66.227 - - [26/Feb/2026:15:19:51 -0500] "GET /page/159/ HTTP/1.1" 301 0 "-" "Mozilla/5.0 (compatible; DotBot/1.2; +https://opensiteexplorer.org/dotbot; [email protected])"
216.244.66.227 - - [26/Feb/2026:15:21:58 -0500] "GET /page/104/ HTTP/1.1" 301 0 "-" "Mozilla/5.0 (compatible; DotBot/1.2; +https://opensiteexplorer.org/dotbot; [email protected])"
192.36.109.214 - - [26/Feb/2026:15:38:10 -0500] "GET / HTTP/1.1" 301 0 "-" "Mozilla/5.0 (Windows NT 10.0; Win64; x64) AppleWebKit/537.36 (KHTML, like Gecko) Chrome/122.0.0.0 Safari/537.3"
20.220.188.158 - - [26/Feb/2026:15:37:20 -0500] "GET //wp-content/plugins/fix/up.php HTTP/1.1" 301 0 "-" "Mozilla/5.0 (Windows NT 10.0; Win64; x64) AppleWebKit/537.36 (KHTML, like Gecko) Chrome/85.0.4183.102 Safari/537.36"
20.220.188.158 - - [26/Feb/2026:15:37:21 -0500] "GET /wp-content/plugins/fix/up.php HTTP/1.1" 404 11108 "-" "Mozilla/5.0 (Windows NT 10.0; Win64; x64) AppleWebKit/537.36 (KHTML, like Gecko) Chrome/85.0.4183.102 Safari/537.36"
216.244.66.227 - - [26/Feb/2026:15:58:26 -0500] "GET /robots.txt HTTP/1.1" 200 122 "-" "Mozilla/5.0 (compatible; DotBot/1.2; +https://opensiteexplorer.org/dotbot; [email protected])"
216.244.66.227 - - [26/Feb/2026:16:02:19 -0500] "GET /?p=6857 HTTP/1.1" 301 0 "-" "Mozilla/5.0 (compatible; DotBot/1.2; +https://opensiteexplorer.org/dotbot; [email protected])"
216.244.66.227 - - [26/Feb/2026:16:03:04 -0500] "GET /?feed=rss2&p=6126 HTTP/1.1" 301 0 "-" "Mozilla/5.0 (compatible; DotBot/1.2; +https://opensiteexplorer.org/dotbot; [email protected])"
216.244.66.227 - - [26/Feb/2026:16:04:12 -0500] "GET /ministry-of-energy-and-infrastructure-inaugurates-khorfakkan-west-ring-road/ HTTP/1.1" 200 67968 "-" "Mozilla/5.0 (compatible; DotBot/1.2; +https://opensiteexplorer.org/dotbot; [email protected])"
216.244.66.227 - - [26/Feb/2026:16:03:13 -0500] "GET /page/66/ HTTP/1.1" 301 0 "-" "Mozilla/5.0 (compatible; DotBot/1.2; +https://opensiteexplorer.org/dotbot; [email protected])"
34.142.251.255 - - [26/Feb/2026:16:08:38 -0500] "GET / HTTP/1.1" 301 0 "-" "Mozilla/5.0 (Windows NT 10.0; Win64; x64) AppleWebKit/537.36 (KHTML, like Gecko) Chrome/58.0.3029.110 Safari/537.3"
27.46.75.20 - - [26/Feb/2026:16:10:53 -0500] "GET /robots.txt HTTP/1.1" 200 117 "-" "Mozilla/5.0 (Windows NT 10.0; WOW64) AppleWebKit/537.36 (KHTML, like Gecko) Chrome/65.0.3178.37 Safari/537.36 QIHU 360SE"
163.223.96.182 - - [26/Feb/2026:16:19:18 -0500] "GET /wp-json/wp/v2/posts HTTP/1.1" 200 0 "-" "Mozilla/5.0 (Windows NT 10.0; Win64; x64) AppleWebKit/537.36 (KHTML, like Gecko) Chrome/120.0.0.0 Safari/537.36"
66.249.68.66 - - [26/Feb/2026:16:22:04 -0500] "GET /robots.txt HTTP/1.1" 200 103 "-" "Mozilla/5.0 (compatible; Googlebot/2.1; +http://www.google.com/bot.html)"
34.61.236.57 - - [26/Feb/2026:16:19:23 -0500] "GET /wp-json/wp/v2/posts HTTP/1.0" 200 51386 "-" "Mozilla/5.0 (Windows NT 10.0; Win64; x64) AppleWebKit/537.36 (KHTML, like Gecko) Chrome/120.0.0.0 Safari/537.36"
66.249.68.65 - - [26/Feb/2026:16:22:04 -0500] "GET / HTTP/1.1" 301 0 "-" "Mozilla/5.0 (Linux; Android 6.0.1; Nexus 5X Build/MMB29P) AppleWebKit/537.36 (KHTML, like Gecko) Chrome/144.0.7559.132 Mobile Safari/537.36 (compatible; Googlebot/2.1; +http://www.google.com/bot.html)"
182.42.110.255 - - [26/Feb/2026:16:28:11 -0500] "GET / HTTP/1.1" 301 0 "-" "Mozilla/5.0 (iPhone; CPU iPhone OS 13_2_3 like Mac OS X) AppleWebKit/605.1.15 (KHTML, like Gecko) Version/13.0.3 Mobile/15E148 Safari/604.1"
145.220.91.19 - - [26/Feb/2026:16:46:44 -0500] "GET / HTTP/1.1" 301 0 "-" "Mozilla/5.0 (Macintosh; Intel Mac OS X 10.15; rv:122.0) Gecko/20100101 Firefox/122.0"
162.213.253.84 - - [26/Feb/2026:17:00:13 -0500] "POST /wp-cron.php?doing_wp_cron=1772143213.1820878982543945312500 HTTP/1.1" 200 0 "http://www.thedubaitoday.com/wp-cron.php?doing_wp_cron=1772143213.1820878982543945312500" "WordPress/5.5.16; https://www.thedubaitoday.com"
216.244.66.227 - - [26/Feb/2026:16:49:57 -0500] "GET /robots.txt HTTP/1.1" 200 122 "-" "Mozilla/5.0 (compatible; DotBot/1.2; +https://opensiteexplorer.org/dotbot; [email protected])"
216.244.66.227 - - [26/Feb/2026:16:57:09 -0500] "GET /uae-president-egyptian-president-inspect-tourist-project-in-al-alamein-city/ HTTP/1.1" 200 69520 "-" "Mozilla/5.0 (compatible; DotBot/1.2; +https://opensiteexplorer.org/dotbot; [email protected])"
106.8.139.12 - - [26/Feb/2026:16:59:32 -0500] "GET /robots.txt HTTP/1.1" 200 117 "-" "YisouSpider"
216.244.66.227 - - [26/Feb/2026:17:00:12 -0500] "GET /dubai-to-host-relocated-ifos-congress-in-2023/feed/ HTTP/1.1" 200 864 "-" "Mozilla/5.0 (compatible; DotBot/1.2; +https://opensiteexplorer.org/dotbot; [email protected])"
216.244.66.227 - - [26/Feb/2026:17:00:38 -0500] "GET /uaes-3-7-billion-tech-economy-takes-spotlight-in-berlin-at-inaugural-gitex-europe/feed/ HTTP/1.1" 200 976 "-" "Mozilla/5.0 (compatible; DotBot/1.2; +https://opensiteexplorer.org/dotbot; [email protected])"
216.244.66.227 - - [26/Feb/2026:17:38:14 -0500] "GET /robots.txt HTTP/1.1" 200 122 "-" "Mozilla/5.0 (compatible; DotBot/1.2; +https://opensiteexplorer.org/dotbot; [email protected])"
216.244.66.227 - - [26/Feb/2026:17:44:08 -0500] "GET /?feed=rss2&p=5372 HTTP/1.1" 301 0 "-" "Mozilla/5.0 (compatible; DotBot/1.2; +https://opensiteexplorer.org/dotbot; [email protected])"
216.244.66.227 - - [26/Feb/2026:17:44:13 -0500] "GET /?feed=rss2&p=5469 HTTP/1.1" 301 0 "-" "Mozilla/5.0 (compatible; DotBot/1.2; +https://opensiteexplorer.org/dotbot; [email protected])"
110.249.202.208 - - [26/Feb/2026:17:56:18 -0500] "GET /robots.txt HTTP/1.1" 200 117 "-" "Mozilla/5.0 (Linux; Android 5.0) AppleWebKit/537.36 (KHTML, like Gecko) Mobile Safari/537.36 (compatible; Bytespider; https://zhanzhang.toutiao.com/)"
4.205.37.160 - - [26/Feb/2026:18:01:12 -0500] "GET /wp-content/plugins/hellopress/wp_filemanager.php HTTP/1.1" 404 55220 "-" "-"
4.205.37.160 - - [26/Feb/2026:18:01:13 -0500] "GET /class3.php HTTP/1.1" 301 0 "-" "-"
4.205.37.160 - - [26/Feb/2026:18:01:14 -0500] "GET /class3.php HTTP/1.1" 404 55220 "-" "-"
4.205.37.160 - - [26/Feb/2026:18:01:15 -0500] "GET /asc.php HTTP/1.1" 404 55220 "-" "-"
110.249.202.59 - - [26/Feb/2026:17:56:16 -0500] "GET /robots.txt HTTP/1.1" 301 0 "-" "Mozilla/5.0 (Linux; Android 5.0) AppleWebKit/537.36 (KHTML, like Gecko) Mobile Safari/537.36 (compatible; Bytespider; https://zhanzhang.toutiao.com/)"
20.220.165.49 - - [26/Feb/2026:17:59:49 -0500] "GET /wp-content/plugins/hellopress/wp_filemanager.php HTTP/1.1" 301 0 "-" "-"
4.205.37.160 - - [26/Feb/2026:18:01:11 -0500] "GET /wp-content/plugins/hellopress/wp_filemanager.php HTTP/1.1" 301 0 "-" "-"
4.205.37.160 - - [26/Feb/2026:18:01:14 -0500] "GET /asc.php HTTP/1.1" 301 0 "-" "-"
216.244.66.227 - - [26/Feb/2026:18:22:51 -0500] "GET /robots.txt HTTP/1.1" 200 122 "-" "Mozilla/5.0 (compatible; DotBot/1.2; +https://opensiteexplorer.org/dotbot; [email protected])"
216.244.66.227 - - [26/Feb/2026:18:28:45 -0500] "GET /?feed=rss2&p=4420 HTTP/1.1" 301 0 "-" "Mozilla/5.0 (compatible; DotBot/1.2; +https://opensiteexplorer.org/dotbot; [email protected])"
216.244.66.227 - - [26/Feb/2026:18:28:58 -0500] "GET /?feed=rss2&p=7154 HTTP/1.1" 301 0 "-" "Mozilla/5.0 (compatible; DotBot/1.2; +https://opensiteexplorer.org/dotbot; [email protected])"
216.244.66.227 - - [26/Feb/2026:18:29:08 -0500] "GET /page/28/ HTTP/1.1" 301 0 "-" "Mozilla/5.0 (compatible; DotBot/1.2; +https://opensiteexplorer.org/dotbot; [email protected])"
216.244.66.227 - - [26/Feb/2026:18:30:48 -0500] "GET /category/home_side/page/8/ HTTP/1.1" 200 86994 "-" "Mozilla/5.0 (compatible; DotBot/1.2; +https://opensiteexplorer.org/dotbot; [email protected])"
45.94.31.254 - - [26/Feb/2026:18:37:20 -0500] "GET /wp-content/themes/seotheme/db.php?u HTTP/1.1" 404 55220 "www.google.com" "Mozlila/5.0 (Linux; Android 7.0; SM-G892A Bulid/NRD90M; wv) AppleWebKit/537.36 (KHTML, like Gecko) Version/4.0 Chrome/60.0.3112.107 Moblie Safari/537.36"
45.94.31.254 - - [26/Feb/2026:18:37:12 -0500] "GET /wp-content/plugins/fix/up.php HTTP/1.1" 200 0 "-" "Mozilla/5.0 (Windows NT 10.0; Win64; x64) AppleWebKit/537.36 (KHTML, like Gecko) Chrome/85.0.4183.102 Safari/537.36"
45.94.31.254 - - [26/Feb/2026:18:37:13 -0500] "GET /kbfolxxl.php?Fox=d3wL7 HTTP/1.1" 200 0 "www.google.com" "Mozilla/5.0 (Linux; Android 7.0; SM-G892A Bulid/NRD90M; wv) AppleWebKit/537.36 (KHTML, like Gecko) Version/4.0 Chrome/60.0.3112.107 Moblie Safari/537.36"
216.244.66.227 - - [26/Feb/2026:18:28:50 -0500] "GET /?feed=rss2&p=6497 HTTP/1.1" 301 0 "-" "Mozilla/5.0 (compatible; DotBot/1.2; +https://opensiteexplorer.org/dotbot; [email protected])"
216.244.66.227 - - [26/Feb/2026:18:28:54 -0500] "GET /?feed=rss2&p=6854 HTTP/1.1" 301 0 "-" "Mozilla/5.0 (compatible; DotBot/1.2; +https://opensiteexplorer.org/dotbot; [email protected])"
216.244.66.227 - - [26/Feb/2026:18:29:01 -0500] "GET /?feed=rss2&p=7918 HTTP/1.1" 301 0 "-" "Mozilla/5.0 (compatible; DotBot/1.2; +https://opensiteexplorer.org/dotbot; [email protected])"
216.244.66.227 - - [26/Feb/2026:18:29:06 -0500] "GET /page/112/ HTTP/1.1" 301 0 "-" "Mozilla/5.0 (compatible; DotBot/1.2; +https://opensiteexplorer.org/dotbot; [email protected])"
45.94.31.254 - - [26/Feb/2026:18:37:12 -0500] "GET / HTTP/1.1" 301 0 "-" "Mozlila/5.0 (Linux; Android 7.0; SM-G892A Bulid/NRD90M; wv) AppleWebKit/537.36 (KHTML, like Gecko) Version/4.0 Chrome/60.0.3112.107 Moblie Safari/537.36"
45.94.31.254 - - [26/Feb/2026:18:37:12 -0500] "GET /wp-content/themes/seotheme/db.php?u HTTP/1.1" 404 55220 "www.google.com" "Mozlila/5.0 (Linux; Android 7.0; SM-G892A Bulid/NRD90M; wv) AppleWebKit/537.36 (KHTML, like Gecko) Version/4.0 Chrome/60.0.3112.107 Moblie Safari/537.36"
45.94.31.254 - - [26/Feb/2026:18:37:12 -0500] "POST /ALFA_DATA/alfacgiapi/perl.alfa HTTP/1.1" 404 55152 "www.google.com" "Mozlila/5.0 (Linux; Android 7.0; SM-G892A Bulid/NRD90M; wv) AppleWebKit/537.36 (KHTML, like Gecko) Version/4.0 Chrome/60.0.3112.107 Moblie Safari/537.36"
45.94.31.254 - - [26/Feb/2026:18:37:21 -0500] "GET /wp-content/plugins/fix/up.php HTTP/1.1" 404 55220 "-" "Mozilla/5.0 (Windows NT 10.0; Win64; x64) AppleWebKit/537.36 (KHTML, like Gecko) Chrome/85.0.4183.102 Safari/537.36"
45.94.31.254 - - [26/Feb/2026:18:37:21 -0500] "GET /kbfolxxl.php?Fox=d3wL7 HTTP/1.1" 404 55220 "www.google.com" "Mozilla/5.0 (Linux; Android 7.0; SM-G892A Bulid/NRD90M; wv) AppleWebKit/537.36 (KHTML, like Gecko) Version/4.0 Chrome/60.0.3112.107 Moblie Safari/537.36"
45.94.31.254 - - [26/Feb/2026:18:37:21 -0500] "POST /alfacgiapi/perl.alfa HTTP/1.1" 404 55152 "www.google.com" "Mozlila/5.0 (Linux; Android 7.0; SM-G892A Bulid/NRD90M; wv) AppleWebKit/537.36 (KHTML, like Gecko) Version/4.0 Chrome/60.0.3112.107 Moblie Safari/537.36"
4.205.37.160 - - [26/Feb/2026:19:05:56 -0500] "GET /wp-content/plugins/hellopress/wp_filemanager.php HTTP/1.1" 301 0 "-" "-"
216.244.66.227 - - [26/Feb/2026:19:06:26 -0500] "GET /robots.txt HTTP/1.1" 200 122 "-" "Mozilla/5.0 (compatible; DotBot/1.2; +https://opensiteexplorer.org/dotbot; [email protected])"
216.244.66.227 - - [26/Feb/2026:19:12:09 -0500] "GET /?feed=rss2&p=4765 HTTP/1.1" 301 0 "-" "Mozilla/5.0 (compatible; DotBot/1.2; +https://opensiteexplorer.org/dotbot; [email protected])"
216.244.66.227 - - [26/Feb/2026:19:12:13 -0500] "GET /?feed=rss2&p=5475 HTTP/1.1" 301 0 "-" "Mozilla/5.0 (compatible; DotBot/1.2; +https://opensiteexplorer.org/dotbot; [email protected])"
216.244.66.227 - - [26/Feb/2026:19:12:17 -0500] "GET /?feed=rss2&p=6741 HTTP/1.1" 301 0 "-" "Mozilla/5.0 (compatible; DotBot/1.2; +https://opensiteexplorer.org/dotbot; [email protected])"
216.244.66.227 - - [26/Feb/2026:19:12:20 -0500] "GET /?feed=rss2&p=8488 HTTP/1.1" 301 0 "-" "Mozilla/5.0 (compatible; DotBot/1.2; +https://opensiteexplorer.org/dotbot; [email protected])"
216.244.66.227 - - [26/Feb/2026:19:15:53 -0500] "GET /nedaa-airbus-sign-new-partnership-at-gitex/feed/ HTTP/1.1" 200 856 "-" "Mozilla/5.0 (compatible; DotBot/1.2; +https://opensiteexplorer.org/dotbot; [email protected])"
216.244.66.227 - - [26/Feb/2026:19:16:13 -0500] "GET /a-new-initiative-to-think-creatively-about-the-future-of-diplomacy-in-dubai/feed/ HTTP/1.1" 200 954 "-" "Mozilla/5.0 (compatible; DotBot/1.2; +https://opensiteexplorer.org/dotbot; [email protected])"
216.244.66.227 - - [26/Feb/2026:19:12:04 -0500] "GET /?feed=rss2&p=4602 HTTP/1.1" 301 0 "-" "Mozilla/5.0 (compatible; DotBot/1.2; +https://opensiteexplorer.org/dotbot; [email protected])"
216.244.66.227 - - [26/Feb/2026:19:13:58 -0500] "GET /hamdan-bin-mohammed-directs-dubai-government-employees-to-work-remotely-private-schools-to-conduct-remote-learning-tomorrow/ HTTP/1.1" 200 67158 "-" "Mozilla/5.0 (compatible; DotBot/1.2; +https://opensiteexplorer.org/dotbot; [email protected])"
165.245.186.120 - - [26/Feb/2026:19:36:41 -0500] "GET /.vscode/sftp.json HTTP/1.1" 404 11101 "-" "Mozilla/5.0 (Macintosh; Intel Mac OS X 10.15; rv:77.0) Gecko/20100101 Firefox/77.0"
165.245.186.120 - - [26/Feb/2026:19:36:44 -0500] "GET /.vscode/ftp-config.json HTTP/1.1" 404 11108 "-" "Mozilla/5.0 (Macintosh; Intel Mac OS X 10.15; rv:77.0) Gecko/20100101 Firefox/77.0"
165.245.186.120 - - [26/Feb/2026:19:36:45 -0500] "GET /.vscode/ftp-sync.json HTTP/1.1" 301 0 "-" "Mozilla/5.0 (Macintosh; Intel Mac OS X 10.15; rv:77.0) Gecko/20100101 Firefox/77.0"
165.245.186.120 - - [26/Feb/2026:19:36:45 -0500] "GET /.vscode/ftp-sync.json HTTP/1.1" 404 11108 "-" "Mozilla/5.0 (Macintosh; Intel Mac OS X 10.15; rv:77.0) Gecko/20100101 Firefox/77.0"
165.245.186.120 - - [26/Feb/2026:19:36:47 -0500] "GET /.sftp-config.json HTTP/1.1" 404 11108 "-" "Mozilla/5.0 (Macintosh; Intel Mac OS X 10.15; rv:77.0) Gecko/20100101 Firefox/77.0"
165.245.186.120 - - [26/Feb/2026:19:36:48 -0500] "GET /ftp-sync.json HTTP/1.1" 301 0 "-" "Mozilla/5.0 (Macintosh; Intel Mac OS X 10.15; rv:77.0) Gecko/20100101 Firefox/77.0"
165.245.186.120 - - [26/Feb/2026:19:36:49 -0500] "GET /ftp-sync.json HTTP/1.1" 404 11107 "-" "Mozilla/5.0 (Macintosh; Intel Mac OS X 10.15; rv:77.0) Gecko/20100101 Firefox/77.0"
216.244.66.227 - - [26/Feb/2026:19:49:02 -0500] "GET /robots.txt HTTP/1.1" 200 122 "-" "Mozilla/5.0 (compatible; DotBot/1.2; +https://opensiteexplorer.org/dotbot; [email protected])"
165.245.186.120 - - [26/Feb/2026:19:36:38 -0500] "GET /sftp-config.json HTTP/1.1" 301 0 "-" "Mozilla/5.0 (Macintosh; Intel Mac OS X 10.15; rv:77.0) Gecko/20100101 Firefox/77.0"
165.245.186.120 - - [26/Feb/2026:19:36:39 -0500] "GET /sftp-config.json HTTP/1.1" 404 11108 "-" "Mozilla/5.0 (Macintosh; Intel Mac OS X 10.15; rv:77.0) Gecko/20100101 Firefox/77.0"
165.245.186.120 - - [26/Feb/2026:19:36:40 -0500] "GET /.vscode/sftp.json HTTP/1.1" 301 0 "-" "Mozilla/5.0 (Macintosh; Intel Mac OS X 10.15; rv:77.0) Gecko/20100101 Firefox/77.0"
165.245.186.120 - - [26/Feb/2026:19:36:43 -0500] "GET /.vscode/ftp-config.json HTTP/1.1" 301 0 "-" "Mozilla/5.0 (Macintosh; Intel Mac OS X 10.15; rv:77.0) Gecko/20100101 Firefox/77.0"
165.245.186.120 - - [26/Feb/2026:19:36:46 -0500] "GET /.sftp-config.json HTTP/1.1" 301 0 "-" "Mozilla/5.0 (Macintosh; Intel Mac OS X 10.15; rv:77.0) Gecko/20100101 Firefox/77.0"
165.245.186.120 - - [26/Feb/2026:19:36:50 -0500] "GET /.ftp-sync.json HTTP/1.1" 301 0 "-" "Mozilla/5.0 (Macintosh; Intel Mac OS X 10.15; rv:77.0) Gecko/20100101 Firefox/77.0"
165.245.186.120 - - [26/Feb/2026:19:36:51 -0500] "GET /.ftp-sync.json HTTP/1.1" 404 11108 "-" "Mozilla/5.0 (Macintosh; Intel Mac OS X 10.15; rv:77.0) Gecko/20100101 Firefox/77.0"
165.245.186.120 - - [26/Feb/2026:19:36:52 -0500] "GET /ftp-config.json HTTP/1.1" 301 0 "-" "Mozilla/5.0 (Macintosh; Intel Mac OS X 10.15; rv:77.0) Gecko/20100101 Firefox/77.0"
165.245.186.120 - - [26/Feb/2026:19:36:53 -0500] "GET /ftp-config.json HTTP/1.1" 404 11108 "-" "Mozilla/5.0 (Macintosh; Intel Mac OS X 10.15; rv:77.0) Gecko/20100101 Firefox/77.0"
165.245.186.120 - - [26/Feb/2026:19:36:54 -0500] "GET /.ftp-config.json HTTP/1.1" 301 0 "-" "Mozilla/5.0 (Macintosh; Intel Mac OS X 10.15; rv:77.0) Gecko/20100101 Firefox/77.0"
165.245.186.120 - - [26/Feb/2026:19:36:55 -0500] "GET /.ftp-config.json HTTP/1.1" 404 11108 "-" "Mozilla/5.0 (Macintosh; Intel Mac OS X 10.15; rv:77.0) Gecko/20100101 Firefox/77.0"
216.244.66.227 - - [26/Feb/2026:19:55:02 -0500] "GET /?feed=rss2&p=7664 HTTP/1.1" 301 0 "-" "Mozilla/5.0 (compatible; DotBot/1.2; +https://opensiteexplorer.org/dotbot; [email protected])"
216.244.66.227 - - [26/Feb/2026:19:56:27 -0500] "GET /uae-president-leads-delegation-at-gcc-asean-summit-inaugurated-by-saudi-crown-prince/ HTTP/1.1" 200 78625 "-" "Mozilla/5.0 (compatible; DotBot/1.2; +https://opensiteexplorer.org/dotbot; [email protected])"
216.244.66.227 - - [26/Feb/2026:19:56:41 -0500] "GET /gulfood-manufacturing-2022-set-to-tackle-global-food-system-challenges/ HTTP/1.1" 200 68885 "-" "Mozilla/5.0 (compatible; DotBot/1.2; +https://opensiteexplorer.org/dotbot; [email protected])"
216.244.66.227 - - [26/Feb/2026:19:58:06 -0500] "GET /mashreq-reports-aed2-6-bn-net-profit-for-q3-22/feed/ HTTP/1.1" 200 867 "-" "Mozilla/5.0 (compatible; DotBot/1.2; +https://opensiteexplorer.org/dotbot; [email protected])"
216.244.66.227 - - [26/Feb/2026:19:58:21 -0500] "GET /etihad-airways-records-10-4-million-passengers-jan-jul-2024/feed/ HTTP/1.1" 200 906 "-" "Mozilla/5.0 (compatible; DotBot/1.2; +https://opensiteexplorer.org/dotbot; [email protected])"
216.244.66.227 - - [26/Feb/2026:19:56:22 -0500] "GET /sharjah-ruler-reorganises-sharjah-research-technology-and-innovation-park/ HTTP/1.1" 200 77379 "-" "Mozilla/5.0 (compatible; DotBot/1.2; +https://opensiteexplorer.org/dotbot; [email protected])"
216.244.66.227 - - [26/Feb/2026:19:58:09 -0500] "GET /saudi-crown-prince-announces-the-line-in-neom/feed/ HTTP/1.1" 200 864 "-" "Mozilla/5.0 (compatible; DotBot/1.2; +https://opensiteexplorer.org/dotbot; [email protected])"
216.244.66.227 - - [26/Feb/2026:19:58:23 -0500] "GET /uae-and-brics-partnership-seeking-to-enhance-global-development-prosperity/feed/ HTTP/1.1" 200 953 "-" "Mozilla/5.0 (compatible; DotBot/1.2; +https://opensiteexplorer.org/dotbot; [email protected])"
34.106.87.241 - - [26/Feb/2026:20:11:42 -0500] "HEAD /backup/ HTTP/1.1" 404 0 "http://thedubaitoday.com/backup/" "Mozilla/5.0 (Macintosh; Intel Mac OS X 15_0) AppleWebKit/537.36 (KHTML, like Gecko) Chrome/125.0.6422.141 Safari/537.36"
34.106.87.241 - - [26/Feb/2026:20:11:42 -0500] "HEAD /new/ HTTP/1.1" 301 0 "-" "Mozilla/5.0 (Linux; Android 11; RMX2195) AppleWebKit/537.36 (KHTML, like Gecko) Chrome/120.0.6099.210 Mobile Safari/537.36 OPR/75.2.3995.72468"
34.106.87.241 - - [26/Feb/2026:20:11:44 -0500] "HEAD /old/ HTTP/1.1" 404 0 "http://thedubaitoday.com/old/" "Mozilla/5.0 (Macintosh; Intel Mac OS X 13_5) AppleWebKit/605.1.15 (KHTML, like Gecko) Version/16.5 Safari/605.1.15"
34.106.87.241 - - [26/Feb/2026:20:11:44 -0500] "HEAD / HTTP/1.1" 301 0 "-" "Mozilla/5.0 (Windows NT 10.0; Win64; x64; rv:127.0) Gecko/20100101 Firefox/127.0"
34.106.87.241 - - [26/Feb/2026:20:11:38 -0500] "HEAD /wp/ HTTP/1.1" 301 0 "-" "Mozilla/5.0 (Linux; Android 11; moto g31) AppleWebKit/537.36 (KHTML, like Gecko) Chrome/122.0.6261.96 Mobile Safari/537.36"
34.106.87.241 - - [26/Feb/2026:20:11:38 -0500] "HEAD /wp/ HTTP/1.1" 404 0 "http://thedubaitoday.com/wp/" "Mozilla/5.0 (Linux; Android 11; moto g31) AppleWebKit/537.36 (KHTML, like Gecko) Chrome/122.0.6261.96 Mobile Safari/537.36"
34.106.87.241 - - [26/Feb/2026:20:11:39 -0500] "HEAD /wordpress/ HTTP/1.1" 301 0 "-" "Mozilla/5.0 (Linux; Android 13; Pixel 7a) AppleWebKit/537.36 (KHTML, like Gecko) Chrome/124.0.6367.82 Mobile Safari/537.36"
34.106.87.241 - - [26/Feb/2026:20:11:39 -0500] "HEAD /wordpress/ HTTP/1.1" 404 0 "http://thedubaitoday.com/wordpress/" "Mozilla/5.0 (Linux; Android 13; Pixel 7a) AppleWebKit/537.36 (KHTML, like Gecko) Chrome/124.0.6367.82 Mobile Safari/537.36"
34.106.87.241 - - [26/Feb/2026:20:11:40 -0500] "HEAD /blog/ HTTP/1.1" 301 0 "-" "Mozilla/5.0 (Windows NT 10.0; Win64; x64) AppleWebKit/537.36 (KHTML, like Gecko) Chrome/126.0.6478.70 Safari/537.36 Vivaldi/6.7.3200.25"
34.106.87.241 - - [26/Feb/2026:20:11:41 -0500] "HEAD /blog/ HTTP/1.1" 404 0 "http://thedubaitoday.com/blog/" "Mozilla/5.0 (Windows NT 10.0; Win64; x64) AppleWebKit/537.36 (KHTML, like Gecko) Chrome/126.0.6478.70 Safari/537.36 Vivaldi/6.7.3200.25"
34.106.87.241 - - [26/Feb/2026:20:11:41 -0500] "HEAD /backup/ HTTP/1.1" 301 0 "-" "Mozilla/5.0 (Macintosh; Intel Mac OS X 15_0) AppleWebKit/537.36 (KHTML, like Gecko) Chrome/125.0.6422.141 Safari/537.36"
34.106.87.241 - - [26/Feb/2026:20:11:44 -0500] "HEAD /old/ HTTP/1.1" 301 0 "-" "Mozilla/5.0 (Macintosh; Intel Mac OS X 13_5) AppleWebKit/605.1.15 (KHTML, like Gecko) Version/16.5 Safari/605.1.15"
109.199.118.129 - - [26/Feb/2026:20:35:04 -0500] "GET / HTTP/1.1" 301 0 "-" "Mozilla/5.0 (Windows NT 10.0; Win64; x64) AppleWebKit/537.36 (KHTML, like Gecko) Chrome/91.0.4472.114 Safari/537.36 Edg/91.0.864.54"
216.244.66.227 - - [26/Feb/2026:20:37:51 -0500] "GET /?feed=rss2&p=5388 HTTP/1.1" 301 0 "-" "Mozilla/5.0 (compatible; DotBot/1.2; +https://opensiteexplorer.org/dotbot; [email protected])"
216.244.66.227 - - [26/Feb/2026:20:40:50 -0500] "GET /emirates-signs-mou-with-sri-lanka-tourism/feed/ HTTP/1.1" 200 852 "-" "Mozilla/5.0 (compatible; DotBot/1.2; +https://opensiteexplorer.org/dotbot; [email protected])"
216.244.66.227 - - [26/Feb/2026:20:32:26 -0500] "GET /robots.txt HTTP/1.1" 200 122 "-" "Mozilla/5.0 (compatible; DotBot/1.2; +https://opensiteexplorer.org/dotbot; [email protected])"
216.244.66.227 - - [26/Feb/2026:20:37:56 -0500] "GET /?feed=rss2&p=7041 HTTP/1.1" 301 0 "-" "Mozilla/5.0 (compatible; DotBot/1.2; +https://opensiteexplorer.org/dotbot; [email protected])"
216.244.66.227 - - [26/Feb/2026:20:38:04 -0500] "GET /page/34/ HTTP/1.1" 301 0 "-" "Mozilla/5.0 (compatible; DotBot/1.2; +https://opensiteexplorer.org/dotbot; [email protected])"
216.244.66.227 - - [26/Feb/2026:20:38:08 -0500] "GET /page/42/ HTTP/1.1" 301 0 "-" "Mozilla/5.0 (compatible; DotBot/1.2; +https://opensiteexplorer.org/dotbot; [email protected])"
216.244.66.227 - - [26/Feb/2026:20:41:02 -0500] "GET /dubais-luxury-home-market-to-continue-its-golden-run-in-2022/feed/ HTTP/1.1" 200 912 "-" "Mozilla/5.0 (compatible; DotBot/1.2; +https://opensiteexplorer.org/dotbot; [email protected])"
216.244.66.227 - - [26/Feb/2026:20:41:05 -0500] "GET /saqr-ghobash-receives-ambassadors-of-china-czech-republic-mongolia/feed/ HTTP/1.1" 200 929 "-" "Mozilla/5.0 (compatible; DotBot/1.2; +https://opensiteexplorer.org/dotbot; [email protected])"
216.244.66.227 - - [26/Feb/2026:20:41:23 -0500] "GET /dubai-welcomes-7-28-million-overnight-visitors-in-2021-setting-momentous-marker-for-global-tourism-recovery/feed/ HTTP/1.1" 200 1051 "-" "Mozilla/5.0 (compatible; DotBot/1.2; +https://opensiteexplorer.org/dotbot; [email protected])"
110.249.202.24 - - [26/Feb/2026:21:01:15 -0500] "GET /robots.txt HTTP/1.1" 301 0 "-" "Mozilla/5.0 (Linux; Android 5.0) AppleWebKit/537.36 (KHTML, like Gecko) Mobile Safari/537.36 (compatible; Bytespider; https://zhanzhang.toutiao.com/)"
110.249.202.54 - - [26/Feb/2026:21:01:16 -0500] "GET /robots.txt HTTP/1.1" 200 117 "-" "Mozilla/5.0 (Linux; Android 5.0) AppleWebKit/537.36 (KHTML, like Gecko) Mobile Safari/537.36 (compatible; Bytespider; https://zhanzhang.toutiao.com/)"
20.104.19.195 - - [26/Feb/2026:21:13:12 -0500] "GET /ok.php HTTP/1.1" 404 55220 "-" "-"
20.104.19.195 - - [26/Feb/2026:21:13:13 -0500] "GET /NewFile.php HTTP/1.1" 301 0 "-" "-"
20.104.19.195 - - [26/Feb/2026:21:13:13 -0500] "GET /NewFile.php HTTP/1.1" 404 55220 "-" "-"
20.104.19.195 - - [26/Feb/2026:21:13:15 -0500] "GET /wp-admin/admin.php HTTP/1.1" 302 0 "-" "-"
20.104.19.195 - - [26/Feb/2026:21:13:18 -0500] "GET /index/function.php HTTP/1.1" 404 55220 "-" "-"
20.104.19.195 - - [26/Feb/2026:21:13:20 -0500] "GET /chosen.php?p= HTTP/1.1" 301 0 "-" "-"
20.104.19.195 - - [26/Feb/2026:21:13:21 -0500] "GET /chosen.php HTTP/1.1" 404 55220 "-" "-"
20.104.19.195 - - [26/Feb/2026:21:13:22 -0500] "GET /lock6.php HTTP/1.1" 301 0 "-" "-"
20.104.19.195 - - [26/Feb/2026:21:13:24 -0500] "GET /past.php HTTP/1.1" 404 55220 "-" "-"
20.104.19.195 - - [26/Feb/2026:21:13:26 -0500] "GET /post.php HTTP/1.1" 404 55220 "-" "-"
20.104.19.195 - - [26/Feb/2026:21:13:27 -0500] "GET /config.php HTTP/1.1" 404 55220 "-" "-"
20.104.19.195 - - [26/Feb/2026:21:13:31 -0500] "GET /contact.php HTTP/1.1" 404 55220 "-" "-"
20.104.19.195 - - [26/Feb/2026:21:13:34 -0500] "GET /css/plugins.php HTTP/1.1" 301 0 "-" "-"
20.104.19.195 - - [26/Feb/2026:21:13:34 -0500] "GET /css/plugins.php HTTP/1.1" 404 55220 "-" "-"
20.104.19.195 - - [26/Feb/2026:21:13:35 -0500] "GET /bs1.php HTTP/1.1" 301 0 "-" "-"
20.104.19.195 - - [26/Feb/2026:21:13:36 -0500] "GET /bs1.php HTTP/1.1" 404 55220 "-" "-"
20.104.19.195 - - [26/Feb/2026:21:13:37 -0500] "GET /wp-admin/wp-conflg.php HTTP/1.1" 301 0 "-" "-"
20.104.19.195 - - [26/Feb/2026:21:13:38 -0500] "GET /wp-admin/wp-conflg.php HTTP/1.1" 404 55220 "-" "-"
20.104.19.195 - - [26/Feb/2026:21:13:39 -0500] "GET /bolt.php HTTP/1.1" 301 0 "-" "-"
20.104.19.195 - - [26/Feb/2026:21:13:39 -0500] "GET /bolt.php HTTP/1.1" 404 55220 "-" "-"
20.104.19.195 - - [26/Feb/2026:21:13:41 -0500] "GET /astab.php HTTP/1.1" 404 55220 "-" "-"
20.104.19.195 - - [26/Feb/2026:21:13:43 -0500] "GET /file11.php HTTP/1.1" 301 0 "-" "-"
20.104.19.195 - - [26/Feb/2026:21:13:45 -0500] "GET /file12.php HTTP/1.1" 404 55220 "-" "-"
20.104.19.195 - - [26/Feb/2026:21:13:46 -0500] "GET /file13.php HTTP/1.1" 301 0 "-" "-"
20.104.19.195 - - [26/Feb/2026:21:13:47 -0500] "GET /file13.php HTTP/1.1" 404 55220 "-" "-"
20.104.19.195 - - [26/Feb/2026:21:13:48 -0500] "GET /file14.php HTTP/1.1" 301 0 "-" "-"
20.104.19.195 - - [26/Feb/2026:21:13:49 -0500] "GET /file15.php HTTP/1.1" 301 0 "-" "-"
20.104.19.195 - - [26/Feb/2026:21:13:51 -0500] "GET /file16.php HTTP/1.1" 301 0 "-" "-"
20.104.19.195 - - [26/Feb/2026:21:13:52 -0500] "GET /file16.php HTTP/1.1" 404 55220 "-" "-"
20.104.19.195 - - [26/Feb/2026:21:13:55 -0500] "GET /file19.php HTTP/1.1" 301 0 "-" "-"
20.104.19.195 - - [26/Feb/2026:21:13:55 -0500] "GET /file19.php HTTP/1.1" 404 55220 "-" "-"
20.104.19.195 - - [26/Feb/2026:21:13:57 -0500] "GET /file21.php HTTP/1.1" 404 55220 "-" "-"
20.104.19.195 - - [26/Feb/2026:21:14:01 -0500] "GET /file24.php HTTP/1.1" 404 55220 "-" "-"
20.104.19.195 - - [26/Feb/2026:21:14:08 -0500] "GET /file25.php HTTP/1.1" 301 0 "-" "-"
20.104.19.195 - - [26/Feb/2026:21:14:10 -0500] "GET /file26.php HTTP/1.1" 404 55220 "-" "-"
20.104.19.195 - - [26/Feb/2026:21:14:13 -0500] "GET /file28.php HTTP/1.1" 301 0 "-" "-"
20.104.19.195 - - [26/Feb/2026:21:14:14 -0500] "GET /file28.php HTTP/1.1" 404 55220 "-" "-"
