106.221.230.117 - - [26/Feb/2026:17:39:59 -0500] "GET /wp-includes/js/jquery/jquery.min.js?ver=3.6.0 HTTP/1.1" 200 30273 "https://tejoversea.com/track-order/" "Mozilla/5.0 (Linux; Android 10; K) AppleWebKit/537.36 (KHTML, like Gecko) Chrome/145.0.0.0 Mobile Safari/537.36"
106.221.230.117 - - [26/Feb/2026:17:39:59 -0500] "GET /wp-includes/js/jquery/jquery-migrate.min.js?ver=3.3.2 HTTP/1.1" 200 3995 "https://tejoversea.com/track-order/" "Mozilla/5.0 (Linux; Android 10; K) AppleWebKit/537.36 (KHTML, like Gecko) Chrome/145.0.0.0 Mobile Safari/537.36"
106.221.230.117 - - [26/Feb/2026:17:40:00 -0500] "GET /wp-includes/js/jquery/ui/core.min.js?ver=1.13.1 HTTP/1.1" 200 6637 "https://tejoversea.com/track-order/" "Mozilla/5.0 (Linux; Android 10; K) AppleWebKit/537.36 (KHTML, like Gecko) Chrome/145.0.0.0 Mobile Safari/537.36"
106.221.230.117 - - [26/Feb/2026:17:40:00 -0500] "GET /wp-content/themes/logistek/assets/js/main.js?ver=6.0.2 HTTP/1.1" 200 2788 "https://tejoversea.com/track-order/" "Mozilla/5.0 (Linux; Android 10; K) AppleWebKit/537.36 (KHTML, like Gecko) Chrome/145.0.0.0 Mobile Safari/537.36"
106.221.230.117 - - [26/Feb/2026:17:40:00 -0500] "GET /wp-content/themes/logistek/assets/js/bootstrap.min.js?ver=6.0.2 HTTP/1.1" 200 13378 "https://tejoversea.com/track-order/" "Mozilla/5.0 (Linux; Android 10; K) AppleWebKit/537.36 (KHTML, like Gecko) Chrome/145.0.0.0 Mobile Safari/537.36"
106.221.230.117 - - [26/Feb/2026:17:40:00 -0500] "GET /wp-includes/js/jquery/ui/datepicker.min.js?ver=1.13.1 HTTP/1.1" 200 10499 "https://tejoversea.com/track-order/" "Mozilla/5.0 (Linux; Android 10; K) AppleWebKit/537.36 (KHTML, like Gecko) Chrome/145.0.0.0 Mobile Safari/537.36"
106.221.230.117 - - [26/Feb/2026:17:40:00 -0500] "GET /wp-content/themes/logistek/assets/revolution/js/jquery.themepunch.tools.min.js?ver=6.0.2 HTTP/1.1" 200 32595 "https://tejoversea.com/track-order/" "Mozilla/5.0 (Linux; Android 10; K) AppleWebKit/537.36 (KHTML, like Gecko) Chrome/145.0.0.0 Mobile Safari/537.36"
106.221.230.117 - - [26/Feb/2026:17:40:01 -0500] "GET /wp-content/themes/logistek/assets/fonts/fontawesome/webfonts/fa-solid-900.woff2 HTTP/1.1" 200 79444 "https://tejoversea.com/wp-content/themes/logistek/assets/fonts/fontawesome/css/all.css?ver=6.0.2" "Mozilla/5.0 (Linux; Android 10; K) AppleWebKit/537.36 (KHTML, like Gecko) Chrome/145.0.0.0 Mobile Safari/537.36"
106.221.230.117 - - [26/Feb/2026:17:40:01 -0500] "GET /wp-content/themes/logistek/assets/revolution/js/extensions/revolution.extension.carousel.min.js?ver=6.0.2 HTTP/1.1" 200 2462 "https://tejoversea.com/track-order/" "Mozilla/5.0 (Linux; Android 10; K) AppleWebKit/537.36 (KHTML, like Gecko) Chrome/145.0.0.0 Mobile Safari/537.36"
106.221.230.117 - - [26/Feb/2026:17:40:01 -0500] "GET /wp-content/themes/logistek/assets/revolution/js/slider_v1.js?ver=6.0.2 HTTP/1.1" 200 939 "https://tejoversea.com/track-order/" "Mozilla/5.0 (Linux; Android 10; K) AppleWebKit/537.36 (KHTML, like Gecko) Chrome/145.0.0.0 Mobile Safari/537.36"
106.221.230.117 - - [26/Feb/2026:17:40:01 -0500] "GET /wp-content/themes/logistek/assets/revolution/js/extensions/revolution.extension.migration.min.js?ver=6.0.2 HTTP/1.1" 200 1593 "https://tejoversea.com/track-order/" "Mozilla/5.0 (Linux; Android 10; K) AppleWebKit/537.36 (KHTML, like Gecko) Chrome/145.0.0.0 Mobile Safari/537.36"
106.221.230.117 - - [26/Feb/2026:17:40:01 -0500] "GET /wp-content/themes/logistek/assets/js/wow.js?ver=6.0.2 HTTP/1.1" 200 2035 "https://tejoversea.com/track-order/" "Mozilla/5.0 (Linux; Android 10; K) AppleWebKit/537.36 (KHTML, like Gecko) Chrome/145.0.0.0 Mobile Safari/537.36"
106.221.230.117 - - [26/Feb/2026:17:40:01 -0500] "GET /wp-content/themes/logistek/assets/js/jquery.counterup.min.js?ver=6.0.2 HTTP/1.1" 200 496 "https://tejoversea.com/track-order/" "Mozilla/5.0 (Linux; Android 10; K) AppleWebKit/537.36 (KHTML, like Gecko) Chrome/145.0.0.0 Mobile Safari/537.36"
106.221.230.117 - - [26/Feb/2026:17:40:01 -0500] "GET /wp-content/plugins/creame-whatsapp-me/public/js/joinchat.min.js?ver=4.5.9 HTTP/1.1" 200 2504 "https://tejoversea.com/track-order/" "Mozilla/5.0 (Linux; Android 10; K) AppleWebKit/537.36 (KHTML, like Gecko) Chrome/145.0.0.0 Mobile Safari/537.36"
106.221.230.117 - - [26/Feb/2026:17:40:01 -0500] "GET /wp-content/plugins/elementor-pro/assets/js/webpack-pro.runtime.min.js?ver=3.7.7 HTTP/1.1" 200 2188 "https://tejoversea.com/track-order/" "Mozilla/5.0 (Linux; Android 10; K) AppleWebKit/537.36 (KHTML, like Gecko) Chrome/145.0.0.0 Mobile Safari/537.36"
106.221.230.117 - - [26/Feb/2026:17:40:01 -0500] "GET /wp-includes/js/dist/vendor/regenerator-runtime.min.js?ver=0.13.9 HTTP/1.1" 200 2354 "https://tejoversea.com/track-order/" "Mozilla/5.0 (Linux; Android 10; K) AppleWebKit/537.36 (KHTML, like Gecko) Chrome/145.0.0.0 Mobile Safari/537.36"
106.221.230.117 - - [26/Feb/2026:17:40:01 -0500] "GET /wp-content/themes/logistek/assets/js/jquery.magnific-popup.min.js?ver=6.0.2 HTTP/1.1" 200 7043 "https://tejoversea.com/track-order/" "Mozilla/5.0 (Linux; Android 10; K) AppleWebKit/537.36 (KHTML, like Gecko) Chrome/145.0.0.0 Mobile Safari/537.36"
106.221.230.117 - - [26/Feb/2026:17:40:01 -0500] "GET /wp-includes/js/dist/vendor/wp-polyfill.min.js?ver=3.15.0 HTTP/1.1" 200 6872 "https://tejoversea.com/track-order/" "Mozilla/5.0 (Linux; Android 10; K) AppleWebKit/537.36 (KHTML, like Gecko) Chrome/145.0.0.0 Mobile Safari/537.36"
106.221.230.117 - - [26/Feb/2026:17:40:01 -0500] "GET /wp-content/plugins/elementor/assets/js/frontend.min.js?ver=3.7.7 HTTP/1.1" 200 11703 "https://tejoversea.com/track-order/" "Mozilla/5.0 (Linux; Android 10; K) AppleWebKit/537.36 (KHTML, like Gecko) Chrome/145.0.0.0 Mobile Safari/537.36"
106.221.230.117 - - [26/Feb/2026:17:40:01 -0500] "GET /wp-includes/js/wp-emoji-release.min.js?ver=6.0.2 HTTP/1.1" 200 4619 "https://tejoversea.com/track-order/" "Mozilla/5.0 (Linux; Android 10; K) AppleWebKit/537.36 (KHTML, like Gecko) Chrome/145.0.0.0 Mobile Safari/537.36"
106.221.230.117 - - [26/Feb/2026:17:40:00 -0500] "GET /wp-content/plugins/order-tracking/js/ewd-otp-js.js?ver=2.11.9 HTTP/1.1" 200 1103 "https://tejoversea.com/track-order/" "Mozilla/5.0 (Linux; Android 10; K) AppleWebKit/537.36 (KHTML, like Gecko) Chrome/145.0.0.0 Mobile Safari/537.36"
106.221.230.117 - - [26/Feb/2026:17:40:00 -0500] "GET /wp-content/uploads/2022/10/logo-black-e1664945148632.png HTTP/1.1" 200 18396 "https://tejoversea.com/track-order/" "Mozilla/5.0 (Linux; Android 10; K) AppleWebKit/537.36 (KHTML, like Gecko) Chrome/145.0.0.0 Mobile Safari/537.36"
106.221.230.117 - - [26/Feb/2026:17:40:00 -0500] "GET /wp-content/uploads/2022/10/Tej-Oversea-Logistic-e1664610081961.png HTTP/1.1" 200 14639 "https://tejoversea.com/track-order/" "Mozilla/5.0 (Linux; Android 10; K) AppleWebKit/537.36 (KHTML, like Gecko) Chrome/145.0.0.0 Mobile Safari/537.36"
106.221.230.117 - - [26/Feb/2026:17:40:00 -0500] "GET /wp-content/plugins/contact-form-7/includes/swv/js/index.js?ver=5.6.3 HTTP/1.1" 200 2799 "https://tejoversea.com/track-order/" "Mozilla/5.0 (Linux; Android 10; K) AppleWebKit/537.36 (KHTML, like Gecko) Chrome/145.0.0.0 Mobile Safari/537.36"
106.221.230.117 - - [26/Feb/2026:17:40:00 -0500] "GET /wp-content/plugins/contact-form-7/includes/js/index.js?ver=5.6.3 HTTP/1.1" 200 3689 "https://tejoversea.com/track-order/" "Mozilla/5.0 (Linux; Android 10; K) AppleWebKit/537.36 (KHTML, like Gecko) Chrome/145.0.0.0 Mobile Safari/537.36"
106.221.230.117 - - [26/Feb/2026:17:40:00 -0500] "GET /wp-content/themes/logistek/assets/js/jquery.v1.12.4.min.js?ver=6.0.2 HTTP/1.1" 200 32850 "https://tejoversea.com/track-order/" "Mozilla/5.0 (Linux; Android 10; K) AppleWebKit/537.36 (KHTML, like Gecko) Chrome/145.0.0.0 Mobile Safari/537.36"
106.221.230.117 - - [26/Feb/2026:17:40:01 -0500] "GET /wp-content/themes/logistek/assets/fonts/webexicon/fonts/webexicon.ttf?aeef8j HTTP/1.1" 200 218068 "https://tejoversea.com/wp-content/themes/logistek/assets/fonts/webexicon/style.css?ver=6.0.2" "Mozilla/5.0 (Linux; Android 10; K) AppleWebKit/537.36 (KHTML, like Gecko) Chrome/145.0.0.0 Mobile Safari/537.36"
106.221.230.117 - - [26/Feb/2026:17:40:01 -0500] "GET /wp-content/themes/logistek/assets/fonts/fontawesome/webfonts/fa-brands-400.woff2 HTTP/1.1" 200 76612 "https://tejoversea.com/wp-content/themes/logistek/assets/fonts/fontawesome/css/all.css?ver=6.0.2" "Mozilla/5.0 (Linux; Android 10; K) AppleWebKit/537.36 (KHTML, like Gecko) Chrome/145.0.0.0 Mobile Safari/537.36"
106.221.230.117 - - [26/Feb/2026:17:40:01 -0500] "GET /wp-content/themes/logistek/assets/revolution/js/extensions/revolution.extension.actions.min.js?ver=6.0.2 HTTP/1.1" 200 2526 "https://tejoversea.com/track-order/" "Mozilla/5.0 (Linux; Android 10; K) AppleWebKit/537.36 (KHTML, like Gecko) Chrome/145.0.0.0 Mobile Safari/537.36"
106.221.230.117 - - [26/Feb/2026:17:40:01 -0500] "GET /wp-content/themes/logistek/assets/revolution/js/extensions/revolution.extension.kenburn.min.js?ver=6.0.2 HTTP/1.1" 200 1294 "https://tejoversea.com/track-order/" "Mozilla/5.0 (Linux; Android 10; K) AppleWebKit/537.36 (KHTML, like Gecko) Chrome/145.0.0.0 Mobile Safari/537.36"
106.221.230.117 - - [26/Feb/2026:17:40:01 -0500] "GET /wp-content/themes/logistek/assets/revolution/js/jquery.themepunch.revolution.min.js?ver=6.0.2 HTTP/1.1" 200 16650 "https://tejoversea.com/track-order/" "Mozilla/5.0 (Linux; Android 10; K) AppleWebKit/537.36 (KHTML, like Gecko) Chrome/145.0.0.0 Mobile Safari/537.36"
106.221.230.117 - - [26/Feb/2026:17:40:01 -0500] "GET /wp-content/themes/logistek/assets/revolution/js/extensions/revolution.extension.layeranimation.min.js?ver=6.0.2 HTTP/1.1" 200 12341 "https://tejoversea.com/track-order/" "Mozilla/5.0 (Linux; Android 10; K) AppleWebKit/537.36 (KHTML, like Gecko) Chrome/145.0.0.0 Mobile Safari/537.36"
106.221.230.117 - - [26/Feb/2026:17:40:01 -0500] "GET /wp-content/themes/logistek/assets/revolution/js/extensions/revolution.extension.parallax.min.js?ver=6.0.2 HTTP/1.1" 200 2917 "https://tejoversea.com/track-order/" "Mozilla/5.0 (Linux; Android 10; K) AppleWebKit/537.36 (KHTML, like Gecko) Chrome/145.0.0.0 Mobile Safari/537.36"
106.221.230.117 - - [26/Feb/2026:17:40:01 -0500] "GET /wp-content/themes/logistek/assets/js/jquery.meanmenu.min.js?ver=6.0.2 HTTP/1.1" 200 1303 "https://tejoversea.com/track-order/" "Mozilla/5.0 (Linux; Android 10; K) AppleWebKit/537.36 (KHTML, like Gecko) Chrome/145.0.0.0 Mobile Safari/537.36"
106.221.230.117 - - [26/Feb/2026:17:40:01 -0500] "GET /wp-content/themes/logistek/assets/js/jquery.scrollUp.min.js?ver=6.0.2 HTTP/1.1" 200 853 "https://tejoversea.com/track-order/" "Mozilla/5.0 (Linux; Android 10; K) AppleWebKit/537.36 (KHTML, like Gecko) Chrome/145.0.0.0 Mobile Safari/537.36"
106.221.230.117 - - [26/Feb/2026:17:40:01 -0500] "GET /wp-content/themes/logistek/assets/js/imagesloaded.pkgd.min.js?ver=6.0.2 HTTP/1.1" 200 1712 "https://tejoversea.com/track-order/" "Mozilla/5.0 (Linux; Android 10; K) AppleWebKit/537.36 (KHTML, like Gecko) Chrome/145.0.0.0 Mobile Safari/537.36"
106.221.230.117 - - [26/Feb/2026:17:40:01 -0500] "GET /wp-content/themes/logistek/assets/js/waypoints.min.js?ver=6.0.2 HTTP/1.1" 200 2461 "https://tejoversea.com/track-order/" "Mozilla/5.0 (Linux; Android 10; K) AppleWebKit/537.36 (KHTML, like Gecko) Chrome/145.0.0.0 Mobile Safari/537.36"
106.221.230.117 - - [26/Feb/2026:17:40:01 -0500] "GET /wp-content/themes/logistek/assets/js/appear.js?ver=6.0.2 HTTP/1.1" 200 1226 "https://tejoversea.com/track-order/" "Mozilla/5.0 (Linux; Android 10; K) AppleWebKit/537.36 (KHTML, like Gecko) Chrome/145.0.0.0 Mobile Safari/537.36"
106.221.230.117 - - [26/Feb/2026:17:40:01 -0500] "GET /wp-content/plugins/elementor/assets/js/webpack.runtime.min.js?ver=3.7.7 HTTP/1.1" 200 2044 "https://tejoversea.com/track-order/" "Mozilla/5.0 (Linux; Android 10; K) AppleWebKit/537.36 (KHTML, like Gecko) Chrome/145.0.0.0 Mobile Safari/537.36"
106.221.230.117 - - [26/Feb/2026:17:40:01 -0500] "GET /wp-content/plugins/connect-contact-form-7-to-social-apps/assets/js/cf7cw-front-script.js?ver=1.5 HTTP/1.1" 200 500 "https://tejoversea.com/track-order/" "Mozilla/5.0 (Linux; Android 10; K) AppleWebKit/537.36 (KHTML, like Gecko) Chrome/145.0.0.0 Mobile Safari/537.36"
106.221.230.117 - - [26/Feb/2026:17:40:01 -0500] "GET /wp-content/plugins/logistek-elementor/assets/js/bdevs-elementor.js?ver=1.0.0 HTTP/1.1" 200 263 "https://tejoversea.com/track-order/" "Mozilla/5.0 (Linux; Android 10; K) AppleWebKit/537.36 (KHTML, like Gecko) Chrome/145.0.0.0 Mobile Safari/537.36"
106.221.230.117 - - [26/Feb/2026:17:40:01 -0500] "GET /wp-includes/js/dist/hooks.min.js?ver=c6d64f2cb8f5c6bb49caca37f8828ce3 HTTP/1.1" 200 1575 "https://tejoversea.com/track-order/" "Mozilla/5.0 (Linux; Android 10; K) AppleWebKit/537.36 (KHTML, like Gecko) Chrome/145.0.0.0 Mobile Safari/537.36"
106.221.230.117 - - [26/Feb/2026:17:40:01 -0500] "GET /wp-content/themes/logistek/assets/revolution/js/extensions/revolution.extension.slideanims.min.js?ver=6.0.2 HTTP/1.1" 200 6396 "https://tejoversea.com/track-order/" "Mozilla/5.0 (Linux; Android 10; K) AppleWebKit/537.36 (KHTML, like Gecko) Chrome/145.0.0.0 Mobile Safari/537.36"
106.221.230.117 - - [26/Feb/2026:17:40:01 -0500] "GET /wp-content/themes/logistek/assets/js/owl.carousel.min.js?ver=6.0.2 HTTP/1.1" 200 11139 "https://tejoversea.com/track-order/" "Mozilla/5.0 (Linux; Android 10; K) AppleWebKit/537.36 (KHTML, like Gecko) Chrome/145.0.0.0 Mobile Safari/537.36"
106.221.230.117 - - [26/Feb/2026:17:40:01 -0500] "GET /wp-content/themes/logistek/assets/revolution/js/extensions/revolution.extension.navigation.min.js?ver=6.0.2 HTTP/1.1" 200 6714 "https://tejoversea.com/track-order/" "Mozilla/5.0 (Linux; Android 10; K) AppleWebKit/537.36 (KHTML, like Gecko) Chrome/145.0.0.0 Mobile Safari/537.36"
106.221.230.117 - - [26/Feb/2026:17:40:01 -0500] "GET /wp-content/themes/logistek/assets/js/isotope.pkgd.min.js?ver=6.0.2 HTTP/1.1" 200 9601 "https://tejoversea.com/track-order/" "Mozilla/5.0 (Linux; Android 10; K) AppleWebKit/537.36 (KHTML, like Gecko) Chrome/145.0.0.0 Mobile Safari/537.36"
106.221.230.117 - - [26/Feb/2026:17:40:01 -0500] "GET /wp-content/themes/logistek/assets/revolution/js/extensions/revolution.extension.video.min.js?ver=6.0.2 HTTP/1.1" 200 5971 "https://tejoversea.com/track-order/" "Mozilla/5.0 (Linux; Android 10; K) AppleWebKit/537.36 (KHTML, like Gecko) Chrome/145.0.0.0 Mobile Safari/537.36"
106.221.230.117 - - [26/Feb/2026:17:40:01 -0500] "GET /wp-content/plugins/elementor-pro/assets/js/frontend.min.js?ver=3.7.7 HTTP/1.1" 200 5506 "https://tejoversea.com/track-order/" "Mozilla/5.0 (Linux; Android 10; K) AppleWebKit/537.36 (KHTML, like Gecko) Chrome/145.0.0.0 Mobile Safari/537.36"
106.221.230.117 - - [26/Feb/2026:17:40:01 -0500] "GET /wp-content/plugins/elementor/assets/js/frontend-modules.min.js?ver=3.7.7 HTTP/1.1" 200 10420 "https://tejoversea.com/track-order/" "Mozilla/5.0 (Linux; Android 10; K) AppleWebKit/537.36 (KHTML, like Gecko) Chrome/145.0.0.0 Mobile Safari/537.36"
106.221.230.117 - - [26/Feb/2026:17:40:01 -0500] "GET /wp-content/plugins/elementor/assets/lib/waypoints/waypoints.min.js?ver=4.0.2 HTTP/1.1" 200 2867 "https://tejoversea.com/track-order/" "Mozilla/5.0 (Linux; Android 10; K) AppleWebKit/537.36 (KHTML, like Gecko) Chrome/145.0.0.0 Mobile Safari/537.36"
106.221.230.117 - - [26/Feb/2026:17:40:01 -0500] "GET /wp-content/themes/logistek/assets/images/preloader.svg HTTP/1.1" 200 546 "https://tejoversea.com/wp-content/themes/logistek/assets/css/style.css?ver=6.0.2" "Mozilla/5.0 (Linux; Android 10; K) AppleWebKit/537.36 (KHTML, like Gecko) Chrome/145.0.0.0 Mobile Safari/537.36"
106.221.230.117 - - [26/Feb/2026:17:40:01 -0500] "GET /wp-content/plugins/elementor-pro/assets/js/elements-handlers.min.js?ver=3.7.7 HTTP/1.1" 200 5290 "https://tejoversea.com/track-order/" "Mozilla/5.0 (Linux; Android 10; K) AppleWebKit/537.36 (KHTML, like Gecko) Chrome/145.0.0.0 Mobile Safari/537.36"
106.221.230.117 - - [26/Feb/2026:17:40:00 -0500] "GET /wp-content/themes/logistek/assets/img/side-panel/2.jpg HTTP/1.1" 404 6974 "https://tejoversea.com/track-order/" "Mozilla/5.0 (Linux; Android 10; K) AppleWebKit/537.36 (KHTML, like Gecko) Chrome/145.0.0.0 Mobile Safari/537.36"
162.213.253.84 - - [26/Feb/2026:17:40:02 -0500] "POST /wp-cron.php?doing_wp_cron=1772145602.8007950782775878906250 HTTP/1.1" 200 0 "https://tejoversea.com/wp-cron.php?doing_wp_cron=1772145602.8007950782775878906250" "WordPress/6.0.2; https://tejoversea.com"
106.221.230.117 - - [26/Feb/2026:17:40:01 -0500] "GET /wp-content/themes/logistek/assets/img/side-panel/4.jpg HTTP/1.1" 404 6973 "https://tejoversea.com/track-order/" "Mozilla/5.0 (Linux; Android 10; K) AppleWebKit/537.36 (KHTML, like Gecko) Chrome/145.0.0.0 Mobile Safari/537.36"
162.213.253.84 - - [26/Feb/2026:17:40:04 -0500] "POST /wp-admin/admin-ajax.php?action=async_litespeed&nonce=5e129aa1e5&litespeed_type=imgoptm HTTP/1.1" 200 0 "https://tejoversea.com/wp-admin/admin-ajax.php?action=async_litespeed&nonce=5e129aa1e5&litespeed_type=imgoptm" "WordPress/6.0.2; https://tejoversea.com"
185.223.152.95 - - [26/Feb/2026:17:44:41 -0500] "POST /wp-login.php HTTP/1.1" 200 6682 "-" "Mozilla/5.0"
106.221.230.117 - - [26/Feb/2026:17:40:01 -0500] "GET /wp-content/uploads/2022/10/logo-white-e1664945180549.png HTTP/1.1" 200 17044 "https://tejoversea.com/track-order/" "Mozilla/5.0 (Linux; Android 10; K) AppleWebKit/537.36 (KHTML, like Gecko) Chrome/145.0.0.0 Mobile Safari/537.36"
106.221.230.117 - - [26/Feb/2026:17:40:01 -0500] "GET /wp-includes/js/dist/i18n.min.js?ver=ebee46757c6a411e38fd079a7ac71d94 HTTP/1.1" 200 3717 "https://tejoversea.com/track-order/" "Mozilla/5.0 (Linux; Android 10; K) AppleWebKit/537.36 (KHTML, like Gecko) Chrome/145.0.0.0 Mobile Safari/537.36"
106.221.230.117 - - [26/Feb/2026:17:40:00 -0500] "GET /wp-content/themes/logistek/assets/img/side-panel/1.jpg HTTP/1.1" 404 6974 "https://tejoversea.com/track-order/" "Mozilla/5.0 (Linux; Android 10; K) AppleWebKit/537.36 (KHTML, like Gecko) Chrome/145.0.0.0 Mobile Safari/537.36"
106.221.230.117 - - [26/Feb/2026:17:40:01 -0500] "GET /wp-content/themes/logistek/assets/img/side-panel/6.jpg HTTP/1.1" 404 6974 "https://tejoversea.com/track-order/" "Mozilla/5.0 (Linux; Android 10; K) AppleWebKit/537.36 (KHTML, like Gecko) Chrome/145.0.0.0 Mobile Safari/537.36"
106.221.230.117 - - [26/Feb/2026:17:40:01 -0500] "GET /wp-content/themes/logistek/assets/img/side-panel/5.jpg HTTP/1.1" 404 6974 "https://tejoversea.com/track-order/" "Mozilla/5.0 (Linux; Android 10; K) AppleWebKit/537.36 (KHTML, like Gecko) Chrome/145.0.0.0 Mobile Safari/537.36"
106.221.230.117 - - [26/Feb/2026:17:40:00 -0500] "GET /wp-content/themes/logistek/assets/img/side-panel/3.jpg HTTP/1.1" 404 6976 "https://tejoversea.com/track-order/" "Mozilla/5.0 (Linux; Android 10; K) AppleWebKit/537.36 (KHTML, like Gecko) Chrome/145.0.0.0 Mobile Safari/537.36"
106.221.230.117 - - [26/Feb/2026:17:40:08 -0500] "POST /wp-admin/admin-ajax.php HTTP/1.1" 200 249 "https://tejoversea.com/track-order/" "Mozilla/5.0 (Linux; Android 10; K) AppleWebKit/537.36 (KHTML, like Gecko) Chrome/145.0.0.0 Mobile Safari/537.36"
162.213.253.84 - - [26/Feb/2026:17:44:41 -0500] "POST /wp-cron.php?doing_wp_cron=1772145881.9078810214996337890625 HTTP/1.1" 200 0 "https://tejoversea.com/wp-cron.php?doing_wp_cron=1772145881.9078810214996337890625" "WordPress/6.0.2; https://tejoversea.com"
162.213.253.84 - - [26/Feb/2026:17:44:43 -0500] "POST /wp-admin/admin-ajax.php?action=async_litespeed&nonce=5e129aa1e5&litespeed_type=imgoptm HTTP/1.1" 200 0 "https://tejoversea.com/wp-admin/admin-ajax.php?action=async_litespeed&nonce=5e129aa1e5&litespeed_type=imgoptm" "WordPress/6.0.2; https://tejoversea.com"
185.223.152.94 - - [26/Feb/2026:17:57:45 -0500] "POST /wp-login.php HTTP/1.1" 200 6682 "-" "Mozilla/5.0"
162.213.253.84 - - [26/Feb/2026:17:57:46 -0500] "POST /wp-cron.php?doing_wp_cron=1772146666.2575240135192871093750 HTTP/1.1" 200 0 "https://tejoversea.com/wp-cron.php?doing_wp_cron=1772146666.2575240135192871093750" "WordPress/6.0.2; https://tejoversea.com"
162.213.253.84 - - [26/Feb/2026:17:57:46 -0500] "POST /wp-admin/admin-ajax.php?action=async_litespeed&nonce=5e129aa1e5&litespeed_type=imgoptm HTTP/1.1" 200 21 "https://tejoversea.com/wp-admin/admin-ajax.php?action=async_litespeed&nonce=5e129aa1e5&litespeed_type=imgoptm" "WordPress/6.0.2; https://tejoversea.com"
162.213.253.84 - - [26/Feb/2026:18:10:51 -0500] "POST /wp-cron.php?doing_wp_cron=1772147451.1323471069335937500000 HTTP/1.1" 200 0 "https://tejoversea.com/wp-cron.php?doing_wp_cron=1772147451.1323471069335937500000" "WordPress/6.0.2; https://tejoversea.com"
185.223.152.118 - - [26/Feb/2026:18:10:50 -0500] "POST /wp-login.php HTTP/1.1" 200 6682 "-" "Mozilla/5.0"
162.213.253.84 - - [26/Feb/2026:18:10:51 -0500] "POST /wp-admin/admin-ajax.php?action=async_litespeed&nonce=5e129aa1e5&litespeed_type=imgoptm HTTP/1.1" 200 21 "https://tejoversea.com/wp-admin/admin-ajax.php?action=async_litespeed&nonce=5e129aa1e5&litespeed_type=imgoptm" "WordPress/6.0.2; https://tejoversea.com"
162.213.253.84 - - [26/Feb/2026:18:23:25 -0500] "POST /wp-cron.php?doing_wp_cron=1772148205.9298090934753417968750 HTTP/1.1" 200 0 "https://tejoversea.com/wp-cron.php?doing_wp_cron=1772148205.9298090934753417968750" "WordPress/6.0.2; https://tejoversea.com"
185.223.152.103 - - [26/Feb/2026:18:23:24 -0500] "POST /wp-login.php HTTP/1.1" 200 6682 "-" "Mozilla/5.0"
162.213.253.84 - - [26/Feb/2026:18:23:26 -0500] "POST /wp-admin/admin-ajax.php?action=async_litespeed&nonce=5e129aa1e5&litespeed_type=imgoptm HTTP/1.1" 200 0 "https://tejoversea.com/wp-admin/admin-ajax.php?action=async_litespeed&nonce=5e129aa1e5&litespeed_type=imgoptm" "WordPress/6.0.2; https://tejoversea.com"
74.7.241.166 - - [26/Feb/2026:18:44:26 -0500] "GET /robots.txt HTTP/1.1" 200 246 "-" "Mozilla/5.0 (Macintosh; Intel Mac OS X 10_15_7) AppleWebKit/537.36 (KHTML, like Gecko) Chrome/131.0.0.0 Safari/537.36; compatible; OAI-SearchBot/1.3; robots.txt; +https://openai.com/searchbot"
162.213.253.84 - - [26/Feb/2026:18:35:58 -0500] "POST /wp-cron.php?doing_wp_cron=1772148958.5597119331359863281250 HTTP/1.1" 200 0 "https://tejoversea.com/wp-cron.php?doing_wp_cron=1772148958.5597119331359863281250" "WordPress/6.0.2; https://tejoversea.com"
185.223.152.119 - - [26/Feb/2026:18:35:57 -0500] "POST /wp-login.php HTTP/1.1" 200 6682 "-" "Mozilla/5.0"
162.213.253.84 - - [26/Feb/2026:18:35:59 -0500] "POST /wp-admin/admin-ajax.php?action=async_litespeed&nonce=5e129aa1e5&litespeed_type=imgoptm HTTP/1.1" 200 0 "https://tejoversea.com/wp-admin/admin-ajax.php?action=async_litespeed&nonce=5e129aa1e5&litespeed_type=imgoptm" "WordPress/6.0.2; https://tejoversea.com"
74.7.241.63 - - [26/Feb/2026:18:44:55 -0500] "GET / HTTP/1.1" 200 16674 "https://www.pudhe.com" "Mozilla/5.0 AppleWebKit/537.36 (KHTML, like Gecko; compatible; GPTBot/1.3; +https://openai.com/gptbot)"
74.7.241.63 - - [26/Feb/2026:18:44:59 -0500] "GET /our-services/ HTTP/1.1" 200 12914 "https://tejoversea.com/?page_id=91" "Mozilla/5.0 AppleWebKit/537.36 (KHTML, like Gecko; compatible; GPTBot/1.3; +https://openai.com/gptbot)"
74.7.241.63 - - [26/Feb/2026:18:45:03 -0500] "GET /?page_id=120 HTTP/1.1" 301 0 "https://tejoversea.com/" "Mozilla/5.0 AppleWebKit/537.36 (KHTML, like Gecko; compatible; GPTBot/1.3; +https://openai.com/gptbot)"
74.7.241.63 - - [26/Feb/2026:18:45:04 -0500] "GET /about-us/ HTTP/1.1" 200 13229 "https://tejoversea.com/?page_id=120" "Mozilla/5.0 AppleWebKit/537.36 (KHTML, like Gecko; compatible; GPTBot/1.3; +https://openai.com/gptbot)"
74.7.241.63 - - [26/Feb/2026:18:45:05 -0500] "GET /?page_id=126 HTTP/1.1" 301 0 "https://tejoversea.com/" "Mozilla/5.0 AppleWebKit/537.36 (KHTML, like Gecko; compatible; GPTBot/1.3; +https://openai.com/gptbot)"
74.7.241.63 - - [26/Feb/2026:18:45:06 -0500] "GET /contact-us/ HTTP/1.1" 200 12972 "https://tejoversea.com/?page_id=126" "Mozilla/5.0 AppleWebKit/537.36 (KHTML, like Gecko; compatible; GPTBot/1.3; +https://openai.com/gptbot)"
74.7.241.63 - - [26/Feb/2026:18:45:09 -0500] "GET /?p=91 HTTP/1.1" 301 0 "https://tejoversea.com/?page_id=91" "Mozilla/5.0 AppleWebKit/537.36 (KHTML, like Gecko; compatible; GPTBot/1.3; +https://openai.com/gptbot)"
74.7.241.63 - - [26/Feb/2026:18:45:10 -0500] "GET /our-services/ HTTP/1.1" 200 12914 "https://tejoversea.com/?p=91" "Mozilla/5.0 AppleWebKit/537.36 (KHTML, like Gecko; compatible; GPTBot/1.3; +https://openai.com/gptbot)"
162.213.253.84 - - [26/Feb/2026:18:45:12 -0500] "POST /wp-cron.php?doing_wp_cron=1772149512.1493089199066162109375 HTTP/1.1" 200 0 "https://tejoversea.com/wp-cron.php?doing_wp_cron=1772149512.1493089199066162109375" "WordPress/6.0.2; https://tejoversea.com"
74.7.241.63 - - [26/Feb/2026:18:45:13 -0500] "GET /about-us/ HTTP/1.1" 200 13229 "https://tejoversea.com/?p=120" "Mozilla/5.0 AppleWebKit/537.36 (KHTML, like Gecko; compatible; GPTBot/1.3; +https://openai.com/gptbot)"
74.7.241.63 - - [26/Feb/2026:18:45:13 -0500] "GET /?p=126 HTTP/1.1" 301 0 "https://tejoversea.com/?page_id=126" "Mozilla/5.0 AppleWebKit/537.36 (KHTML, like Gecko; compatible; GPTBot/1.3; +https://openai.com/gptbot)"
162.213.253.84 - - [26/Feb/2026:18:48:16 -0500] "POST /wp-admin/admin-ajax.php?action=async_litespeed&nonce=5e129aa1e5&litespeed_type=imgoptm HTTP/1.1" 200 0 "https://tejoversea.com/wp-admin/admin-ajax.php?action=async_litespeed&nonce=5e129aa1e5&litespeed_type=imgoptm" "WordPress/6.0.2; https://tejoversea.com"
209.141.33.220 - - [26/Feb/2026:18:55:17 -0500] "POST /wp-login.php HTTP/1.1" 200 6700 "-" "Mozilla/5.0 (Windows NT 6.3; WOW64) AppleWebKit/537.36 (KHTML, like Gecko) Chrome/36.0.1985.125 Safari/537.36"
162.213.253.84 - - [26/Feb/2026:18:55:18 -0500] "POST /wp-admin/admin-ajax.php?action=async_litespeed&nonce=5e129aa1e5&litespeed_type=imgoptm HTTP/1.1" 200 0 "https://tejoversea.com/wp-admin/admin-ajax.php?action=async_litespeed&nonce=5e129aa1e5&litespeed_type=imgoptm" "WordPress/6.0.2; https://tejoversea.com"
162.213.253.84 - - [26/Feb/2026:18:56:15 -0500] "POST /wp-cron.php?doing_wp_cron=1772150175.8865718841552734375000 HTTP/1.1" 200 0 "https://tejoversea.com/wp-cron.php?doing_wp_cron=1772150175.8865718841552734375000" "WordPress/6.0.2; https://tejoversea.com"
162.213.253.84 - - [26/Feb/2026:18:56:22 -0500] "POST /wp-cron.php?doing_wp_cron=1772150182.2260689735412597656250 HTTP/1.1" 200 0 "https://tejoversea.com/wp-cron.php?doing_wp_cron=1772150182.2260689735412597656250" "WordPress/6.0.2; https://tejoversea.com"
162.213.253.84 - - [26/Feb/2026:18:59:09 -0500] "POST /wp-cron.php?doing_wp_cron=1772150349.1876370906829833984375 HTTP/1.1" 200 0 "https://tejoversea.com/wp-cron.php?doing_wp_cron=1772150349.1876370906829833984375" "WordPress/6.0.2; https://tejoversea.com"
50.16.248.61 - - [26/Feb/2026:18:59:08 -0500] "GET /wp-json/oembed/1.0/embed?format=xml&url=https://tejoversea.com/our-services/ HTTP/1.1" 200 1514 "-" "Mozilla/5.0 AppleWebKit/537.36 (KHTML, like Gecko; compatible; Amazonbot/0.1; +https://developer.amazon.com/support/amazonbot) Chrome/119.0.6045.214 Safari/537.36"
162.213.253.84 - - [26/Feb/2026:18:59:09 -0500] "POST /wp-admin/admin-ajax.php?action=async_litespeed&nonce=5e129aa1e5&litespeed_type=imgoptm HTTP/1.1" 200 21 "https://tejoversea.com/wp-admin/admin-ajax.php?action=async_litespeed&nonce=5e129aa1e5&litespeed_type=imgoptm" "WordPress/6.0.2; https://tejoversea.com"
162.213.253.84 - - [26/Feb/2026:19:00:34 -0500] "POST /wp-admin/admin-ajax.php?action=async_litespeed&nonce=aa6694b328&litespeed_type=imgoptm HTTP/1.1" 200 0 "https://tejoversea.com/wp-admin/admin-ajax.php?action=async_litespeed&nonce=aa6694b328&litespeed_type=imgoptm" "WordPress/6.0.2; https://tejoversea.com"
162.213.253.84 - - [26/Feb/2026:18:44:58 -0500] "POST /wp-cron.php?doing_wp_cron=1772149498.6206829547882080078125 HTTP/1.1" 200 0 "https://tejoversea.com/wp-cron.php?doing_wp_cron=1772149498.6206829547882080078125" "WordPress/6.0.2; https://tejoversea.com"
74.7.241.63 - - [26/Feb/2026:18:44:58 -0500] "GET /?page_id=91 HTTP/1.1" 301 0 "https://tejoversea.com/" "Mozilla/5.0 AppleWebKit/537.36 (KHTML, like Gecko; compatible; GPTBot/1.3; +https://openai.com/gptbot)"
162.213.253.84 - - [26/Feb/2026:18:44:59 -0500] "POST /wp-admin/admin-ajax.php?action=async_litespeed&nonce=5e129aa1e5&litespeed_type=imgoptm HTTP/1.1" 200 0 "https://tejoversea.com/wp-admin/admin-ajax.php?action=async_litespeed&nonce=5e129aa1e5&litespeed_type=imgoptm" "WordPress/6.0.2; https://tejoversea.com"
74.7.241.63 - - [26/Feb/2026:18:45:00 -0500] "GET /?page_id=107 HTTP/1.1" 404 6964 "https://tejoversea.com/" "Mozilla/5.0 AppleWebKit/537.36 (KHTML, like Gecko; compatible; GPTBot/1.3; +https://openai.com/gptbot)"
74.7.241.63 - - [26/Feb/2026:18:45:11 -0500] "GET /?p=120 HTTP/1.1" 301 0 "https://tejoversea.com/?page_id=120" "Mozilla/5.0 AppleWebKit/537.36 (KHTML, like Gecko; compatible; GPTBot/1.3; +https://openai.com/gptbot)"
74.7.241.63 - - [26/Feb/2026:18:45:14 -0500] "GET /contact-us/ HTTP/1.1" 200 12972 "https://tejoversea.com/?p=126" "Mozilla/5.0 AppleWebKit/537.36 (KHTML, like Gecko; compatible; GPTBot/1.3; +https://openai.com/gptbot)"
162.213.253.84 - - [26/Feb/2026:18:48:15 -0500] "POST /wp-cron.php?doing_wp_cron=1772149695.9791400432586669921875 HTTP/1.1" 200 0 "https://tejoversea.com/wp-cron.php?doing_wp_cron=1772149695.9791400432586669921875" "WordPress/6.0.2; https://tejoversea.com"
185.223.152.102 - - [26/Feb/2026:18:48:15 -0500] "POST /wp-login.php HTTP/1.1" 200 6682 "-" "Mozilla/5.0"
209.141.33.220 - - [26/Feb/2026:18:55:11 -0500] "GET /wp-login.php HTTP/1.1" 200 6507 "-" "Mozilla/5.0 (Windows NT 6.3; WOW64) AppleWebKit/537.36 (KHTML, like Gecko) Chrome/36.0.1985.125 Safari/537.36"
162.213.253.84 - - [26/Feb/2026:18:55:18 -0500] "POST /wp-cron.php?doing_wp_cron=1772150118.0305259227752685546875 HTTP/1.1" 200 0 "https://tejoversea.com/wp-cron.php?doing_wp_cron=1772150118.0305259227752685546875" "WordPress/6.0.2; https://tejoversea.com"
213.177.179.61 - - [26/Feb/2026:18:56:15 -0500] "POST / HTTP/1.1" 200 19147 "-" "Mozilla/5.0 (X11; Linux x86_64; rv:139.0) Gecko/20100101 Firefox/139.0"
213.177.179.61 - - [26/Feb/2026:18:56:21 -0500] "POST / HTTP/1.1" 200 19147 "-" "Mozilla/5.0 (X11; Linux x86_64; rv:139.0) Gecko/20100101 Firefox/139.0"
162.213.253.84 - - [26/Feb/2026:18:56:22 -0500] "POST /wp-admin/admin-ajax.php?action=async_litespeed&nonce=5e129aa1e5&litespeed_type=imgoptm HTTP/1.1" 200 21 "https://tejoversea.com/wp-admin/admin-ajax.php?action=async_litespeed&nonce=5e129aa1e5&litespeed_type=imgoptm" "WordPress/6.0.2; https://tejoversea.com"
162.213.253.84 - - [26/Feb/2026:19:00:33 -0500] "POST /wp-cron.php?doing_wp_cron=1772150433.6235229969024658203125 HTTP/1.1" 200 0 "https://tejoversea.com/wp-cron.php?doing_wp_cron=1772150433.6235229969024658203125" "WordPress/6.0.2; https://tejoversea.com"
185.223.152.107 - - [26/Feb/2026:19:00:33 -0500] "POST /wp-login.php HTTP/1.1" 200 6682 "-" "Mozilla/5.0"
185.223.152.113 - - [26/Feb/2026:19:13:16 -0500] "POST /wp-login.php HTTP/1.1" 200 6682 "-" "Mozilla/5.0"
162.213.253.84 - - [26/Feb/2026:19:13:17 -0500] "POST /wp-admin/admin-ajax.php?action=async_litespeed&nonce=aa6694b328&litespeed_type=imgoptm HTTP/1.1" 200 0 "https://tejoversea.com/wp-admin/admin-ajax.php?action=async_litespeed&nonce=aa6694b328&litespeed_type=imgoptm" "WordPress/6.0.2; https://tejoversea.com"
162.213.253.84 - - [26/Feb/2026:19:13:17 -0500] "POST /wp-cron.php?doing_wp_cron=1772151197.2787098884582519531250 HTTP/1.1" 200 0 "https://tejoversea.com/wp-cron.php?doing_wp_cron=1772151197.2787098884582519531250" "WordPress/6.0.2; https://tejoversea.com"
185.223.152.97 - - [26/Feb/2026:19:26:07 -0500] "POST /wp-login.php HTTP/1.1" 200 6682 "-" "Mozilla/5.0"
162.213.253.84 - - [26/Feb/2026:19:26:08 -0500] "POST /wp-cron.php?doing_wp_cron=1772151968.4311850070953369140625 HTTP/1.1" 200 0 "https://tejoversea.com/wp-cron.php?doing_wp_cron=1772151968.4311850070953369140625" "WordPress/6.0.2; https://tejoversea.com"
162.213.253.84 - - [26/Feb/2026:19:26:09 -0500] "POST /wp-admin/admin-ajax.php?action=async_litespeed&nonce=aa6694b328&litespeed_type=imgoptm HTTP/1.1" 200 0 "https://tejoversea.com/wp-admin/admin-ajax.php?action=async_litespeed&nonce=aa6694b328&litespeed_type=imgoptm" "WordPress/6.0.2; https://tejoversea.com"
162.213.253.84 - - [26/Feb/2026:19:38:39 -0500] "POST /wp-cron.php?doing_wp_cron=1772152719.0180330276489257812500 HTTP/1.1" 200 0 "https://tejoversea.com/wp-cron.php?doing_wp_cron=1772152719.0180330276489257812500" "WordPress/6.0.2; https://tejoversea.com"
162.213.253.84 - - [26/Feb/2026:19:38:39 -0500] "POST /wp-admin/admin-ajax.php?action=async_litespeed&nonce=aa6694b328&litespeed_type=imgoptm HTTP/1.1" 200 0 "https://tejoversea.com/wp-admin/admin-ajax.php?action=async_litespeed&nonce=aa6694b328&litespeed_type=imgoptm" "WordPress/6.0.2; https://tejoversea.com"
205.185.114.145 - - [26/Feb/2026:19:43:21 -0500] "GET /wp-login.php HTTP/1.1" 200 6507 "-" "Mozilla/5.0 (X11; Linux x86_64) AppleWebKit/537.36 (KHTML, like Gecko) Chrome/36.0.1985.143 Safari/537.36"
162.213.253.84 - - [26/Feb/2026:19:43:23 -0500] "POST /wp-cron.php?doing_wp_cron=1772153003.0734109878540039062500 HTTP/1.1" 200 0 "https://tejoversea.com/wp-cron.php?doing_wp_cron=1772153003.0734109878540039062500" "WordPress/6.0.2; https://tejoversea.com"
205.185.114.145 - - [26/Feb/2026:19:43:21 -0500] "POST /wp-login.php HTTP/1.1" 200 6700 "-" "Mozilla/5.0 (X11; Linux x86_64) AppleWebKit/537.36 (KHTML, like Gecko) Chrome/36.0.1985.143 Safari/537.36"
162.213.253.84 - - [26/Feb/2026:19:50:55 -0500] "POST /wp-cron.php?doing_wp_cron=1772153455.5992019176483154296875 HTTP/1.1" 200 0 "https://tejoversea.com/wp-cron.php?doing_wp_cron=1772153455.5992019176483154296875" "WordPress/6.0.2; https://tejoversea.com"
185.223.152.117 - - [26/Feb/2026:19:50:54 -0500] "POST /wp-login.php HTTP/1.1" 200 6682 "-" "Mozilla/5.0"
162.213.253.84 - - [26/Feb/2026:19:50:56 -0500] "POST /wp-admin/admin-ajax.php?action=async_litespeed&nonce=aa6694b328&litespeed_type=imgoptm HTTP/1.1" 200 0 "https://tejoversea.com/wp-admin/admin-ajax.php?action=async_litespeed&nonce=aa6694b328&litespeed_type=imgoptm" "WordPress/6.0.2; https://tejoversea.com"
185.223.152.105 - - [26/Feb/2026:19:38:38 -0500] "POST /wp-login.php HTTP/1.1" 200 6682 "-" "Mozilla/5.0"
162.213.253.84 - - [26/Feb/2026:19:43:23 -0500] "POST /wp-admin/admin-ajax.php?action=async_litespeed&nonce=aa6694b328&litespeed_type=imgoptm HTTP/1.1" 200 21 "https://tejoversea.com/wp-admin/admin-ajax.php?action=async_litespeed&nonce=aa6694b328&litespeed_type=imgoptm" "WordPress/6.0.2; https://tejoversea.com"
162.213.253.84 - - [26/Feb/2026:20:03:20 -0500] "POST /wp-cron.php?doing_wp_cron=1772154200.7531759738922119140625 HTTP/1.1" 200 0 "https://tejoversea.com/wp-cron.php?doing_wp_cron=1772154200.7531759738922119140625" "WordPress/6.0.2; https://tejoversea.com"
185.223.152.118 - - [26/Feb/2026:20:03:20 -0500] "POST /wp-login.php HTTP/1.1" 200 6682 "-" "Mozilla/5.0"
162.213.253.84 - - [26/Feb/2026:20:03:21 -0500] "POST /wp-admin/admin-ajax.php?action=async_litespeed&nonce=aa6694b328&litespeed_type=imgoptm HTTP/1.1" 200 0 "https://tejoversea.com/wp-admin/admin-ajax.php?action=async_litespeed&nonce=aa6694b328&litespeed_type=imgoptm" "WordPress/6.0.2; https://tejoversea.com"
106.221.230.117 - - [26/Feb/2026:20:08:48 -0500] "GET /track-order/ HTTP/1.1" 200 12552 "-" "Mozilla/5.0 (Linux; Android 10; K) AppleWebKit/537.36 (KHTML, like Gecko) Chrome/145.0.0.0 Mobile Safari/537.36"
106.221.230.117 - - [26/Feb/2026:20:08:49 -0500] "GET /wp-includes/css/dist/block-library/style.min.css?ver=6.0.2 HTTP/1.1" 200 10946 "https://tejoversea.com/track-order/" "Mozilla/5.0 (Linux; Android 10; K) AppleWebKit/537.36 (KHTML, like Gecko) Chrome/145.0.0.0 Mobile Safari/537.36"
106.221.230.117 - - [26/Feb/2026:20:08:49 -0500] "GET /wp-content/plugins/order-tracking/css/otp-styles.css?ver=2.11.9 HTTP/1.1" 200 1684 "https://tejoversea.com/track-order/" "Mozilla/5.0 (Linux; Android 10; K) AppleWebKit/537.36 (KHTML, like Gecko) Chrome/145.0.0.0 Mobile Safari/537.36"
106.221.230.117 - - [26/Feb/2026:20:08:49 -0500] "GET /wp-content/plugins/order-tracking/css/pure-forms.css?ver=2.11.9 HTTP/1.1" 200 1457 "https://tejoversea.com/track-order/" "Mozilla/5.0 (Linux; Android 10; K) AppleWebKit/537.36 (KHTML, like Gecko) Chrome/145.0.0.0 Mobile Safari/537.36"
106.221.230.117 - - [26/Feb/2026:20:08:49 -0500] "GET /wp-content/plugins/order-tracking/css/pure-grids-nr.css?ver=2.11.9 HTTP/1.1" 200 476 "https://tejoversea.com/track-order/" "Mozilla/5.0 (Linux; Android 10; K) AppleWebKit/537.36 (KHTML, like Gecko) Chrome/145.0.0.0 Mobile Safari/537.36"
106.221.230.117 - - [26/Feb/2026:20:08:49 -0500] "GET /wp-content/themes/logistek/assets/css/custom-animation.css?ver=6.0.2 HTTP/1.1" 200 676 "https://tejoversea.com/track-order/" "Mozilla/5.0 (Linux; Android 10; K) AppleWebKit/537.36 (KHTML, like Gecko) Chrome/145.0.0.0 Mobile Safari/537.36"
106.221.230.117 - - [26/Feb/2026:20:08:49 -0500] "GET /wp-content/themes/logistek/assets/fonts/fontawesome/css/all.css?ver=6.0.2 HTTP/1.1" 200 12558 "https://tejoversea.com/track-order/" "Mozilla/5.0 (Linux; Android 10; K) AppleWebKit/537.36 (KHTML, like Gecko) Chrome/145.0.0.0 Mobile Safari/537.36"
106.221.230.117 - - [26/Feb/2026:20:08:49 -0500] "GET /wp-content/themes/logistek/assets/fonts/webexicon/style.css?ver=6.0.2 HTTP/1.1" 200 6167 "https://tejoversea.com/track-order/" "Mozilla/5.0 (Linux; Android 10; K) AppleWebKit/537.36 (KHTML, like Gecko) Chrome/145.0.0.0 Mobile Safari/537.36"
106.221.230.117 - - [26/Feb/2026:20:08:49 -0500] "GET /wp-content/themes/logistek/assets/css/meanmenu.min.css?ver=6.0.2 HTTP/1.1" 200 941 "https://tejoversea.com/track-order/" "Mozilla/5.0 (Linux; Android 10; K) AppleWebKit/537.36 (KHTML, like Gecko) Chrome/145.0.0.0 Mobile Safari/537.36"
106.221.230.117 - - [26/Feb/2026:20:08:49 -0500] "GET /wp-content/uploads/elementor/css/post-24.css?ver=1664536342 HTTP/1.1" 200 329 "https://tejoversea.com/track-order/" "Mozilla/5.0 (Linux; Android 10; K) AppleWebKit/537.36 (KHTML, like Gecko) Chrome/145.0.0.0 Mobile Safari/537.36"
106.221.230.117 - - [26/Feb/2026:20:08:49 -0500] "GET /wp-content/uploads/elementor/css/global.css?ver=1664536355 HTTP/1.1" 200 2637 "https://tejoversea.com/track-order/" "Mozilla/5.0 (Linux; Android 10; K) AppleWebKit/537.36 (KHTML, like Gecko) Chrome/145.0.0.0 Mobile Safari/537.36"
106.221.230.117 - - [26/Feb/2026:20:08:49 -0500] "GET /wp-content/plugins/elementor/assets/css/frontend-lite.min.css?ver=3.7.7 HTTP/1.1" 200 12986 "https://tejoversea.com/track-order/" "Mozilla/5.0 (Linux; Android 10; K) AppleWebKit/537.36 (KHTML, like Gecko) Chrome/145.0.0.0 Mobile Safari/537.36"
106.221.230.117 - - [26/Feb/2026:20:08:49 -0500] "GET /wp-content/themes/logistek/assets/css/style.css?ver=6.0.2 HTTP/1.1" 200 15285 "https://tejoversea.com/track-order/" "Mozilla/5.0 (Linux; Android 10; K) AppleWebKit/537.36 (KHTML, like Gecko) Chrome/145.0.0.0 Mobile Safari/537.36"
106.221.230.117 - - [26/Feb/2026:20:08:49 -0500] "GET /wp-content/themes/logistek/style.css?ver=2021-04-14 HTTP/1.1" 200 4684 "https://tejoversea.com/track-order/" "Mozilla/5.0 (Linux; Android 10; K) AppleWebKit/537.36 (KHTML, like Gecko) Chrome/145.0.0.0 Mobile Safari/537.36"
106.221.230.117 - - [26/Feb/2026:20:08:49 -0500] "GET /wp-content/plugins/wp-call-button/assets/block/build/index.css?ver=a1dbfd3fcfcfb0740ca8c4771bbdc4c3 HTTP/1.1" 200 259 "https://tejoversea.com/track-order/" "Mozilla/5.0 (Linux; Android 10; K) AppleWebKit/537.36 (KHTML, like Gecko) Chrome/145.0.0.0 Mobile Safari/537.36"
106.221.230.117 - - [26/Feb/2026:20:08:49 -0500] "GET /wp-content/plugins/contact-form-7/includes/css/styles.css?ver=5.6.3 HTTP/1.1" 200 848 "https://tejoversea.com/track-order/" "Mozilla/5.0 (Linux; Android 10; K) AppleWebKit/537.36 (KHTML, like Gecko) Chrome/145.0.0.0 Mobile Safari/537.36"
106.221.230.117 - - [26/Feb/2026:20:08:49 -0500] "GET /wp-content/plugins/order-tracking/css/jquery-ui.min.css?ver=6.0.2 HTTP/1.1" 200 7327 "https://tejoversea.com/track-order/" "Mozilla/5.0 (Linux; Android 10; K) AppleWebKit/537.36 (KHTML, like Gecko) Chrome/145.0.0.0 Mobile Safari/537.36"
106.221.230.117 - - [26/Feb/2026:20:08:49 -0500] "GET /wp-content/plugins/order-tracking/css/pure-buttons.css?ver=2.11.9 HTTP/1.1" 200 659 "https://tejoversea.com/track-order/" "Mozilla/5.0 (Linux; Android 10; K) AppleWebKit/537.36 (KHTML, like Gecko) Chrome/145.0.0.0 Mobile Safari/537.36"
106.221.230.117 - - [26/Feb/2026:20:08:49 -0500] "GET /wp-content/plugins/order-tracking/css/pure-forms-nr.css?ver=2.11.9 HTTP/1.1" 200 1471 "https://tejoversea.com/track-order/" "Mozilla/5.0 (Linux; Android 10; K) AppleWebKit/537.36 (KHTML, like Gecko) Chrome/145.0.0.0 Mobile Safari/537.36"
106.221.230.117 - - [26/Feb/2026:20:08:49 -0500] "GET /wp-content/plugins/order-tracking/css/pure-grids.css?ver=2.11.9 HTTP/1.1" 200 259 "https://tejoversea.com/track-order/" "Mozilla/5.0 (Linux; Android 10; K) AppleWebKit/537.36 (KHTML, like Gecko) Chrome/145.0.0.0 Mobile Safari/537.36"
106.221.230.117 - - [26/Feb/2026:20:08:49 -0500] "GET /wp-content/themes/logistek/assets/css/magnific-popup.css?ver=6.0.2 HTTP/1.1" 200 1660 "https://tejoversea.com/track-order/" "Mozilla/5.0 (Linux; Android 10; K) AppleWebKit/537.36 (KHTML, like Gecko) Chrome/145.0.0.0 Mobile Safari/537.36"
106.221.230.117 - - [26/Feb/2026:20:08:49 -0500] "GET /wp-content/themes/logistek/assets/css/responsive.css?ver=6.0.2 HTTP/1.1" 200 1645 "https://tejoversea.com/track-order/" "Mozilla/5.0 (Linux; Android 10; K) AppleWebKit/537.36 (KHTML, like Gecko) Chrome/145.0.0.0 Mobile Safari/537.36"
106.221.230.117 - - [26/Feb/2026:20:08:49 -0500] "GET /wp-content/plugins/creame-whatsapp-me/public/css/joinchat-btn.min.css?ver=4.5.9 HTTP/1.1" 200 1951 "https://tejoversea.com/track-order/" "Mozilla/5.0 (Linux; Android 10; K) AppleWebKit/537.36 (KHTML, like Gecko) Chrome/145.0.0.0 Mobile Safari/537.36"
106.221.230.117 - - [26/Feb/2026:20:08:49 -0500] "GET /wp-content/themes/logistek/assets/fonts/webexflaticon/flaticon.css?ver=6.0.2 HTTP/1.1" 200 1514 "https://tejoversea.com/track-order/" "Mozilla/5.0 (Linux; Android 10; K) AppleWebKit/537.36 (KHTML, like Gecko) Chrome/145.0.0.0 Mobile Safari/537.36"
106.221.230.117 - - [26/Feb/2026:20:08:49 -0500] "GET /wp-content/plugins/elementor/assets/lib/eicons/css/elementor-icons.min.css?ver=5.16.0 HTTP/1.1" 200 3629 "https://tejoversea.com/track-order/" "Mozilla/5.0 (Linux; Android 10; K) AppleWebKit/537.36 (KHTML, like Gecko) Chrome/145.0.0.0 Mobile Safari/537.36"
106.221.230.117 - - [26/Feb/2026:20:08:49 -0500] "GET /wp-content/themes/logistek/assets/css/owl.carousel.min.css?ver=6.0.2 HTTP/1.1" 200 915 "https://tejoversea.com/track-order/" "Mozilla/5.0 (Linux; Android 10; K) AppleWebKit/537.36 (KHTML, like Gecko) Chrome/145.0.0.0 Mobile Safari/537.36"
106.221.230.117 - - [26/Feb/2026:20:08:49 -0500] "GET /wp-content/uploads/elementor/css/post-464.css?ver=1747180140 HTTP/1.1" 200 250 "https://tejoversea.com/track-order/" "Mozilla/5.0 (Linux; Android 10; K) AppleWebKit/537.36 (KHTML, like Gecko) Chrome/145.0.0.0 Mobile Safari/537.36"
106.221.230.117 - - [26/Feb/2026:20:08:49 -0500] "GET /wp-includes/js/jquery/jquery-migrate.min.js?ver=3.3.2 HTTP/1.1" 200 3995 "https://tejoversea.com/track-order/" "Mozilla/5.0 (Linux; Android 10; K) AppleWebKit/537.36 (KHTML, like Gecko) Chrome/145.0.0.0 Mobile Safari/537.36"
106.221.230.117 - - [26/Feb/2026:20:08:49 -0500] "GET /wp-includes/js/jquery/jquery.min.js?ver=3.6.0 HTTP/1.1" 200 30273 "https://tejoversea.com/track-order/" "Mozilla/5.0 (Linux; Android 10; K) AppleWebKit/537.36 (KHTML, like Gecko) Chrome/145.0.0.0 Mobile Safari/537.36"
106.221.230.117 - - [26/Feb/2026:20:08:51 -0500] "GET /wp-content/plugins/contact-form-7/includes/swv/js/index.js?ver=5.6.3 HTTP/1.1" 200 2799 "https://tejoversea.com/track-order/" "Mozilla/5.0 (Linux; Android 10; K) AppleWebKit/537.36 (KHTML, like Gecko) Chrome/145.0.0.0 Mobile Safari/537.36"
106.221.230.117 - - [26/Feb/2026:20:08:51 -0500] "GET /wp-content/themes/logistek/assets/js/jquery.v1.12.4.min.js?ver=6.0.2 HTTP/1.1" 200 32850 "https://tejoversea.com/track-order/" "Mozilla/5.0 (Linux; Android 10; K) AppleWebKit/537.36 (KHTML, like Gecko) Chrome/145.0.0.0 Mobile Safari/537.36"
106.221.230.117 - - [26/Feb/2026:20:08:51 -0500] "GET /wp-content/themes/logistek/assets/revolution/js/slider_v1.js?ver=6.0.2 HTTP/1.1" 200 939 "https://tejoversea.com/track-order/" "Mozilla/5.0 (Linux; Android 10; K) AppleWebKit/537.36 (KHTML, like Gecko) Chrome/145.0.0.0 Mobile Safari/537.36"
106.221.230.117 - - [26/Feb/2026:20:08:51 -0500] "GET /wp-content/themes/logistek/assets/revolution/js/extensions/revolution.extension.carousel.min.js?ver=6.0.2 HTTP/1.1" 200 2462 "https://tejoversea.com/track-order/" "Mozilla/5.0 (Linux; Android 10; K) AppleWebKit/537.36 (KHTML, like Gecko) Chrome/145.0.0.0 Mobile Safari/537.36"
106.221.230.117 - - [26/Feb/2026:20:08:51 -0500] "GET /wp-content/themes/logistek/assets/revolution/js/extensions/revolution.extension.actions.min.js?ver=6.0.2 HTTP/1.1" 200 2526 "https://tejoversea.com/track-order/" "Mozilla/5.0 (Linux; Android 10; K) AppleWebKit/537.36 (KHTML, like Gecko) Chrome/145.0.0.0 Mobile Safari/537.36"
106.221.230.117 - - [26/Feb/2026:20:08:51 -0500] "GET /wp-content/themes/logistek/assets/js/bootstrap.min.js?ver=6.0.2 HTTP/1.1" 200 13378 "https://tejoversea.com/track-order/" "Mozilla/5.0 (Linux; Android 10; K) AppleWebKit/537.36 (KHTML, like Gecko) Chrome/145.0.0.0 Mobile Safari/537.36"
106.221.230.117 - - [26/Feb/2026:20:08:51 -0500] "GET /wp-content/themes/logistek/assets/revolution/js/jquery.themepunch.revolution.min.js?ver=6.0.2 HTTP/1.1" 200 16650 "https://tejoversea.com/track-order/" "Mozilla/5.0 (Linux; Android 10; K) AppleWebKit/537.36 (KHTML, like Gecko) Chrome/145.0.0.0 Mobile Safari/537.36"
106.221.230.117 - - [26/Feb/2026:20:08:51 -0500] "GET /wp-content/themes/logistek/assets/revolution/js/extensions/revolution.extension.kenburn.min.js?ver=6.0.2 HTTP/1.1" 200 1294 "https://tejoversea.com/track-order/" "Mozilla/5.0 (Linux; Android 10; K) AppleWebKit/537.36 (KHTML, like Gecko) Chrome/145.0.0.0 Mobile Safari/537.36"
106.221.230.117 - - [26/Feb/2026:20:08:52 -0500] "GET /wp-content/themes/logistek/assets/revolution/js/extensions/revolution.extension.migration.min.js?ver=6.0.2 HTTP/1.1" 200 1593 "https://tejoversea.com/track-order/" "Mozilla/5.0 (Linux; Android 10; K) AppleWebKit/537.36 (KHTML, like Gecko) Chrome/145.0.0.0 Mobile Safari/537.36"
106.221.230.117 - - [26/Feb/2026:20:08:52 -0500] "GET /wp-content/themes/logistek/assets/js/appear.js?ver=6.0.2 HTTP/1.1" 200 1226 "https://tejoversea.com/track-order/" "Mozilla/5.0 (Linux; Android 10; K) AppleWebKit/537.36 (KHTML, like Gecko) Chrome/145.0.0.0 Mobile Safari/537.36"
106.221.230.117 - - [26/Feb/2026:20:08:52 -0500] "GET /wp-content/themes/logistek/assets/fonts/webexicon/fonts/webexicon.ttf?aeef8j HTTP/1.1" 200 218068 "https://tejoversea.com/wp-content/themes/logistek/assets/fonts/webexicon/style.css?ver=6.0.2" "Mozilla/5.0 (Linux; Android 10; K) AppleWebKit/537.36 (KHTML, like Gecko) Chrome/145.0.0.0 Mobile Safari/537.36"
106.221.230.117 - - [26/Feb/2026:20:08:49 -0500] "GET /wp-content/plugins/elementor-pro/assets/css/frontend-lite.min.css?ver=3.7.7 HTTP/1.1" 200 1533 "https://tejoversea.com/track-order/" "Mozilla/5.0 (Linux; Android 10; K) AppleWebKit/537.36 (KHTML, like Gecko) Chrome/145.0.0.0 Mobile Safari/537.36"
106.221.230.117 - - [26/Feb/2026:20:08:49 -0500] "GET /wp-content/themes/logistek/assets/css/bootstrap.min.css?ver=6.0.2 HTTP/1.1" 200 19105 "https://tejoversea.com/track-order/" "Mozilla/5.0 (Linux; Android 10; K) AppleWebKit/537.36 (KHTML, like Gecko) Chrome/145.0.0.0 Mobile Safari/537.36"
106.221.230.117 - - [26/Feb/2026:20:08:49 -0500] "GET /wp-content/themes/logistek/assets/css/animate.css?ver=6.0.2 HTTP/1.1" 200 4452 "https://tejoversea.com/track-order/" "Mozilla/5.0 (Linux; Android 10; K) AppleWebKit/537.36 (KHTML, like Gecko) Chrome/145.0.0.0 Mobile Safari/537.36"
106.221.230.117 - - [26/Feb/2026:20:08:49 -0500] "GET /wp-content/plugins/order-tracking/js/ewd-otp-js.js?ver=2.11.9 HTTP/1.1" 200 1103 "https://tejoversea.com/track-order/" "Mozilla/5.0 (Linux; Android 10; K) AppleWebKit/537.36 (KHTML, like Gecko) Chrome/145.0.0.0 Mobile Safari/537.36"
106.221.230.117 - - [26/Feb/2026:20:08:50 -0500] "GET /wp-content/uploads/2022/10/Tej-Oversea-Logistic-e1664610081961.png HTTP/1.1" 200 14639 "https://tejoversea.com/track-order/" "Mozilla/5.0 (Linux; Android 10; K) AppleWebKit/537.36 (KHTML, like Gecko) Chrome/145.0.0.0 Mobile Safari/537.36"
106.221.230.117 - - [26/Feb/2026:20:08:50 -0500] "GET /wp-content/uploads/2022/10/logo-black-e1664945148632.png HTTP/1.1" 200 18396 "https://tejoversea.com/track-order/" "Mozilla/5.0 (Linux; Android 10; K) AppleWebKit/537.36 (KHTML, like Gecko) Chrome/145.0.0.0 Mobile Safari/537.36"
106.221.230.117 - - [26/Feb/2026:20:08:51 -0500] "GET /wp-content/plugins/contact-form-7/includes/js/index.js?ver=5.6.3 HTTP/1.1" 200 3689 "https://tejoversea.com/track-order/" "Mozilla/5.0 (Linux; Android 10; K) AppleWebKit/537.36 (KHTML, like Gecko) Chrome/145.0.0.0 Mobile Safari/537.36"
106.221.230.117 - - [26/Feb/2026:20:08:51 -0500] "GET /wp-includes/js/jquery/ui/datepicker.min.js?ver=1.13.1 HTTP/1.1" 200 10499 "https://tejoversea.com/track-order/" "Mozilla/5.0 (Linux; Android 10; K) AppleWebKit/537.36 (KHTML, like Gecko) Chrome/145.0.0.0 Mobile Safari/537.36"
106.221.230.117 - - [26/Feb/2026:20:08:51 -0500] "GET /wp-includes/js/jquery/ui/core.min.js?ver=1.13.1 HTTP/1.1" 200 6637 "https://tejoversea.com/track-order/" "Mozilla/5.0 (Linux; Android 10; K) AppleWebKit/537.36 (KHTML, like Gecko) Chrome/145.0.0.0 Mobile Safari/537.36"
106.221.230.117 - - [26/Feb/2026:20:08:51 -0500] "GET /wp-content/themes/logistek/assets/js/main.js?ver=6.0.2 HTTP/1.1" 200 2788 "https://tejoversea.com/track-order/" "Mozilla/5.0 (Linux; Android 10; K) AppleWebKit/537.36 (KHTML, like Gecko) Chrome/145.0.0.0 Mobile Safari/537.36"
