45.61.186.130 - - [26/Feb/2026:07:11:37 -0500] "GET /wp-login.php HTTP/1.1" 200 6507 "-" "Mozilla/5.0 (Windows NT 6.1) AppleWebKit/537.36 (KHTML, like Gecko) Chrome/35.0.1916.153 Safari/537.36"
162.213.253.84 - - [26/Feb/2026:07:25:34 -0500] "POST /wp-cron.php?doing_wp_cron=1772108734.2130150794982910156250 HTTP/1.1" 200 0 "https://tejoversea.com/wp-cron.php?doing_wp_cron=1772108734.2130150794982910156250" "WordPress/6.0.2; https://tejoversea.com"
136.144.35.196 - - [26/Feb/2026:07:25:33 -0500] "POST /wp-login.php HTTP/1.1" 200 6682 "-" "Mozilla/5.0"
162.213.253.84 - - [26/Feb/2026:07:11:39 -0500] "POST /wp-cron.php?doing_wp_cron=1772107899.5194230079650878906250 HTTP/1.1" 200 0 "https://tejoversea.com/wp-cron.php?doing_wp_cron=1772107899.5194230079650878906250" "WordPress/6.0.2; https://tejoversea.com"
45.61.186.130 - - [26/Feb/2026:07:11:38 -0500] "POST /wp-login.php HTTP/1.1" 200 6682 "-" "Mozilla/5.0 (Windows NT 6.1) AppleWebKit/537.36 (KHTML, like Gecko) Chrome/35.0.1916.153 Safari/537.36"
162.213.253.84 - - [26/Feb/2026:07:11:40 -0500] "POST /wp-admin/admin-ajax.php?action=async_litespeed&nonce=5e129aa1e5&litespeed_type=imgoptm HTTP/1.1" 200 0 "https://tejoversea.com/wp-admin/admin-ajax.php?action=async_litespeed&nonce=5e129aa1e5&litespeed_type=imgoptm" "WordPress/6.0.2; https://tejoversea.com"
162.213.253.84 - - [26/Feb/2026:07:25:34 -0500] "POST /wp-admin/admin-ajax.php?action=async_litespeed&nonce=5e129aa1e5&litespeed_type=imgoptm HTTP/1.1" 200 21 "https://tejoversea.com/wp-admin/admin-ajax.php?action=async_litespeed&nonce=5e129aa1e5&litespeed_type=imgoptm" "WordPress/6.0.2; https://tejoversea.com"
162.213.253.84 - - [26/Feb/2026:07:43:36 -0500] "POST /wp-admin/admin-ajax.php?action=async_litespeed&nonce=5e129aa1e5&litespeed_type=imgoptm HTTP/1.1" 200 21 "https://tejoversea.com/wp-admin/admin-ajax.php?action=async_litespeed&nonce=5e129aa1e5&litespeed_type=imgoptm" "WordPress/6.0.2; https://tejoversea.com"
181.214.165.187 - - [26/Feb/2026:07:48:43 -0500] "GET / HTTP/1.1" 200 19178 "-" "Mozilla/5.0 (X11; Linux x86_64; rv:103.0) Gecko/20100101 Firefox/103.0"
162.213.253.84 - - [26/Feb/2026:07:48:45 -0500] "POST /wp-admin/admin-ajax.php?action=async_litespeed&nonce=5e129aa1e5&litespeed_type=imgoptm HTTP/1.1" 200 0 "https://tejoversea.com/wp-admin/admin-ajax.php?action=async_litespeed&nonce=5e129aa1e5&litespeed_type=imgoptm" "WordPress/6.0.2; https://tejoversea.com"
162.213.253.84 - - [26/Feb/2026:07:49:46 -0500] "POST /wp-cron.php?doing_wp_cron=1772110186.5051269531250000000000 HTTP/1.1" 200 0 "https://tejoversea.com/wp-cron.php?doing_wp_cron=1772110186.5051269531250000000000" "WordPress/6.0.2; https://tejoversea.com"
162.213.253.84 - - [26/Feb/2026:07:49:47 -0500] "POST /wp-admin/admin-ajax.php?action=async_litespeed&nonce=5e129aa1e5&litespeed_type=imgoptm HTTP/1.1" 200 0 "https://tejoversea.com/wp-admin/admin-ajax.php?action=async_litespeed&nonce=5e129aa1e5&litespeed_type=imgoptm" "WordPress/6.0.2; https://tejoversea.com"
34.236.135.14 - - [26/Feb/2026:08:04:47 -0500] "GET /wp-json/oembed/1.0/embed?url=https://tejoversea.com/service/packing/ HTTP/1.1" 200 3016 "-" "Mozilla/5.0 AppleWebKit/537.36 (KHTML, like Gecko; compatible; Amazonbot/0.1; +https://developer.amazon.com/support/amazonbot) Chrome/119.0.6045.214 Safari/537.36"
162.213.253.84 - - [26/Feb/2026:08:14:08 -0500] "POST /wp-admin/admin-ajax.php?action=async_litespeed&nonce=5e129aa1e5&litespeed_type=imgoptm HTTP/1.1" 200 0 "https://tejoversea.com/wp-admin/admin-ajax.php?action=async_litespeed&nonce=5e129aa1e5&litespeed_type=imgoptm" "WordPress/6.0.2; https://tejoversea.com"
162.213.253.84 - - [26/Feb/2026:07:43:36 -0500] "POST /wp-cron.php?doing_wp_cron=1772109816.2035551071166992187500 HTTP/1.1" 200 0 "https://tejoversea.com/wp-cron.php?doing_wp_cron=1772109816.2035551071166992187500" "WordPress/6.0.2; https://tejoversea.com"
15.204.14.110 - - [26/Feb/2026:07:43:35 -0500] "GET /blog-verify HTTP/1.1" 404 28775 "-" "Mozilla/5.0 (Windows NT 10.0; Win64; x64) AppleWebKit/537.36 (KHTML, like Gecko) Chrome/127.0.0.0 Safari/537.36"
162.213.253.84 - - [26/Feb/2026:07:48:44 -0500] "POST /wp-cron.php?doing_wp_cron=1772110124.4638168811798095703125 HTTP/1.1" 200 0 "https://tejoversea.com/wp-cron.php?doing_wp_cron=1772110124.4638168811798095703125" "WordPress/6.0.2; https://tejoversea.com"
136.144.35.214 - - [26/Feb/2026:07:49:45 -0500] "POST /wp-login.php HTTP/1.1" 200 6682 "-" "Mozilla/5.0"
162.213.253.84 - - [26/Feb/2026:08:14:08 -0500] "POST /wp-cron.php?doing_wp_cron=1772111648.1463620662689208984375 HTTP/1.1" 200 0 "https://tejoversea.com/wp-cron.php?doing_wp_cron=1772111648.1463620662689208984375" "WordPress/6.0.2; https://tejoversea.com"
136.144.35.196 - - [26/Feb/2026:08:14:07 -0500] "POST /wp-login.php HTTP/1.1" 200 6682 "-" "Mozilla/5.0"
162.213.253.84 - - [26/Feb/2026:08:38:41 -0500] "POST /wp-cron.php?doing_wp_cron=1772113121.4541449546813964843750 HTTP/1.1" 200 0 "https://tejoversea.com/wp-cron.php?doing_wp_cron=1772113121.4541449546813964843750" "WordPress/6.0.2; https://tejoversea.com"
162.213.253.84 - - [26/Feb/2026:08:38:42 -0500] "POST /wp-admin/admin-ajax.php?action=async_litespeed&nonce=5e129aa1e5&litespeed_type=imgoptm HTTP/1.1" 200 0 "https://tejoversea.com/wp-admin/admin-ajax.php?action=async_litespeed&nonce=5e129aa1e5&litespeed_type=imgoptm" "WordPress/6.0.2; https://tejoversea.com"
136.144.35.192 - - [26/Feb/2026:08:38:40 -0500] "POST /wp-login.php HTTP/1.1" 200 6682 "-" "Mozilla/5.0"
136.144.35.211 - - [26/Feb/2026:09:02:59 -0500] "POST /wp-login.php HTTP/1.1" 200 6682 "-" "Mozilla/5.0"
162.213.253.84 - - [26/Feb/2026:09:15:29 -0500] "POST /wp-cron.php?doing_wp_cron=1772115329.1476531028747558593750 HTTP/1.1" 200 0 "https://tejoversea.com/wp-cron.php?doing_wp_cron=1772115329.1476531028747558593750" "WordPress/6.0.2; https://tejoversea.com"
20.171.9.142 - - [26/Feb/2026:09:15:28 -0500] "GET /ws77.php HTTP/1.1" 404 7618 "-" "Mozilla/5.0 (Windows NT 10.0; Win64; x64; rv:77.0) Gecko/20100101 Firefox/77.0"
162.213.253.84 - - [26/Feb/2026:09:15:29 -0500] "POST /wp-admin/admin-ajax.php?action=async_litespeed&nonce=5e129aa1e5&litespeed_type=imgoptm HTTP/1.1" 200 0 "https://tejoversea.com/wp-admin/admin-ajax.php?action=async_litespeed&nonce=5e129aa1e5&litespeed_type=imgoptm" "WordPress/6.0.2; https://tejoversea.com"
162.213.253.84 - - [26/Feb/2026:09:02:59 -0500] "POST /wp-cron.php?doing_wp_cron=1772114579.9188768863677978515625 HTTP/1.1" 200 0 "https://tejoversea.com/wp-cron.php?doing_wp_cron=1772114579.9188768863677978515625" "WordPress/6.0.2; https://tejoversea.com"
162.213.253.84 - - [26/Feb/2026:09:03:00 -0500] "POST /wp-admin/admin-ajax.php?action=async_litespeed&nonce=5e129aa1e5&litespeed_type=imgoptm HTTP/1.1" 200 0 "https://tejoversea.com/wp-admin/admin-ajax.php?action=async_litespeed&nonce=5e129aa1e5&litespeed_type=imgoptm" "WordPress/6.0.2; https://tejoversea.com"
162.213.253.84 - - [26/Feb/2026:09:32:44 -0500] "POST /wp-admin/admin-ajax.php?action=async_litespeed&nonce=5e129aa1e5&litespeed_type=imgoptm HTTP/1.1" 200 21 "https://tejoversea.com/wp-admin/admin-ajax.php?action=async_litespeed&nonce=5e129aa1e5&litespeed_type=imgoptm" "WordPress/6.0.2; https://tejoversea.com"
162.213.253.84 - - [26/Feb/2026:09:27:34 -0500] "POST /wp-cron.php?doing_wp_cron=1772116054.2275791168212890625000 HTTP/1.1" 200 0 "https://tejoversea.com/wp-cron.php?doing_wp_cron=1772116054.2275791168212890625000" "WordPress/6.0.2; https://tejoversea.com"
136.144.35.194 - - [26/Feb/2026:09:27:33 -0500] "POST /wp-login.php HTTP/1.1" 200 6682 "-" "Mozilla/5.0"
162.213.253.84 - - [26/Feb/2026:09:27:34 -0500] "POST /wp-admin/admin-ajax.php?action=async_litespeed&nonce=5e129aa1e5&litespeed_type=imgoptm HTTP/1.1" 200 0 "https://tejoversea.com/wp-admin/admin-ajax.php?action=async_litespeed&nonce=5e129aa1e5&litespeed_type=imgoptm" "WordPress/6.0.2; https://tejoversea.com"
162.213.253.84 - - [26/Feb/2026:09:32:43 -0500] "POST /wp-cron.php?doing_wp_cron=1772116363.8298521041870117187500 HTTP/1.1" 200 0 "https://tejoversea.com/wp-cron.php?doing_wp_cron=1772116363.8298521041870117187500" "WordPress/6.0.2; https://tejoversea.com"
35.153.86.200 - - [26/Feb/2026:09:32:43 -0500] "GET /wp-json/oembed/1.0/embed?url=https://tejoversea.com/gallery/ HTTP/1.1" 200 2726 "-" "Mozilla/5.0 AppleWebKit/537.36 (KHTML, like Gecko; compatible; Amazonbot/0.1; +https://developer.amazon.com/support/amazonbot) Chrome/119.0.6045.214 Safari/537.36"
162.213.253.84 - - [26/Feb/2026:09:46:28 -0500] "POST /wp-cron.php?doing_wp_cron=1772117188.4566509723663330078125 HTTP/1.1" 200 0 "https://tejoversea.com/wp-cron.php?doing_wp_cron=1772117188.4566509723663330078125" "WordPress/6.0.2; https://tejoversea.com"
20.41.98.49 - - [26/Feb/2026:09:46:27 -0500] "GET /wp-trackback.php HTTP/1.1" 404 91 "-" "Mozilla/5.0 (Windows NT 10.0; Win64; x64) AppleWebKit/537.36 (KHTML, like Gecko) Chrome/120.0.0.0 Safari/537.36"
162.213.253.84 - - [26/Feb/2026:09:46:29 -0500] "POST /wp-admin/admin-ajax.php?action=async_litespeed&nonce=5e129aa1e5&litespeed_type=imgoptm HTTP/1.1" 200 0 "https://tejoversea.com/wp-admin/admin-ajax.php?action=async_litespeed&nonce=5e129aa1e5&litespeed_type=imgoptm" "WordPress/6.0.2; https://tejoversea.com"
20.41.98.49 - - [26/Feb/2026:09:46:29 -0500] "GET /about.php HTTP/1.1" 404 6974 "-" "Mozilla/5.0 (Windows NT 10.0; Win64; x64) AppleWebKit/537.36 (KHTML, like Gecko) Chrome/120.0.0.0 Safari/537.36"
20.41.98.49 - - [26/Feb/2026:09:46:30 -0500] "GET /file.php HTTP/1.1" 404 6982 "-" "Mozilla/5.0 (Windows NT 10.0; Win64; x64) AppleWebKit/537.36 (KHTML, like Gecko) Chrome/120.0.0.0 Safari/537.36"
20.41.98.49 - - [26/Feb/2026:09:46:31 -0500] "GET /wp-good.php HTTP/1.1" 404 6980 "-" "Mozilla/5.0 (Windows NT 10.0; Win64; x64) AppleWebKit/537.36 (KHTML, like Gecko) Chrome/120.0.0.0 Safari/537.36"
20.41.98.49 - - [26/Feb/2026:09:46:31 -0500] "GET /xmlrpc.php HTTP/1.1" 405 46 "-" "Mozilla/5.0 (Windows NT 10.0; Win64; x64) AppleWebKit/537.36 (KHTML, like Gecko) Chrome/120.0.0.0 Safari/537.36"
20.41.98.49 - - [26/Feb/2026:09:46:33 -0500] "GET /ioxi-o.php HTTP/1.1" 404 6978 "-" "Mozilla/5.0 (Windows NT 10.0; Win64; x64) AppleWebKit/537.36 (KHTML, like Gecko) Chrome/120.0.0.0 Safari/537.36"
20.41.98.49 - - [26/Feb/2026:09:46:34 -0500] "GET /class-t.api.php HTTP/1.1" 404 6980 "-" "Mozilla/5.0 (Windows NT 10.0; Win64; x64) AppleWebKit/537.36 (KHTML, like Gecko) Chrome/120.0.0.0 Safari/537.36"
20.41.98.49 - - [26/Feb/2026:09:46:34 -0500] "GET /admin.php HTTP/1.1" 404 6976 "-" "Mozilla/5.0 (Windows NT 10.0; Win64; x64) AppleWebKit/537.36 (KHTML, like Gecko) Chrome/120.0.0.0 Safari/537.36"
20.41.98.49 - - [26/Feb/2026:09:46:35 -0500] "GET /sf.php HTTP/1.1" 404 6981 "-" "Mozilla/5.0 (Windows NT 10.0; Win64; x64) AppleWebKit/537.36 (KHTML, like Gecko) Chrome/120.0.0.0 Safari/537.36"
20.41.98.49 - - [26/Feb/2026:09:46:39 -0500] "GET /defaults.php HTTP/1.1" 404 6983 "-" "Mozilla/5.0 (Windows NT 10.0; Win64; x64) AppleWebKit/537.36 (KHTML, like Gecko) Chrome/120.0.0.0 Safari/537.36"
20.41.98.49 - - [26/Feb/2026:09:46:41 -0500] "GET /wp-includes/ HTTP/1.1" 403 1242 "-" "Mozilla/5.0 (Windows NT 10.0; Win64; x64) AppleWebKit/537.36 (KHTML, like Gecko) Chrome/120.0.0.0 Safari/537.36"
20.41.98.49 - - [26/Feb/2026:09:46:41 -0500] "GET /info.php HTTP/1.1" 404 6982 "-" "Mozilla/5.0 (Windows NT 10.0; Win64; x64) AppleWebKit/537.36 (KHTML, like Gecko) Chrome/120.0.0.0 Safari/537.36"
20.41.98.49 - - [26/Feb/2026:09:46:42 -0500] "GET /uploads/ HTTP/1.1" 404 6970 "-" "Mozilla/5.0 (Windows NT 10.0; Win64; x64) AppleWebKit/537.36 (KHTML, like Gecko) Chrome/120.0.0.0 Safari/537.36"
20.41.98.49 - - [26/Feb/2026:09:46:43 -0500] "GET /wp-includes/Requests/src/Response/about.php HTTP/1.1" 404 6990 "-" "Mozilla/5.0 (Windows NT 10.0; Win64; x64) AppleWebKit/537.36 (KHTML, like Gecko) Chrome/120.0.0.0 Safari/537.36"
20.41.98.49 - - [26/Feb/2026:09:46:44 -0500] "GET /wp-includes/html-api/ HTTP/1.1" 404 6980 "-" "Mozilla/5.0 (Windows NT 10.0; Win64; x64) AppleWebKit/537.36 (KHTML, like Gecko) Chrome/120.0.0.0 Safari/537.36"
20.41.98.49 - - [26/Feb/2026:09:46:45 -0500] "GET /adminfuns.php HTTP/1.1" 404 6987 "-" "Mozilla/5.0 (Windows NT 10.0; Win64; x64) AppleWebKit/537.36 (KHTML, like Gecko) Chrome/120.0.0.0 Safari/537.36"
20.41.98.49 - - [26/Feb/2026:09:46:46 -0500] "GET /wp-admin/css/colors/ectoplasm/ HTTP/1.1" 403 1242 "-" "Mozilla/5.0 (Windows NT 10.0; Win64; x64) AppleWebKit/537.36 (KHTML, like Gecko) Chrome/120.0.0.0 Safari/537.36"
20.41.98.49 - - [26/Feb/2026:09:46:46 -0500] "GET /wp-content/uploads/ HTTP/1.1" 403 1242 "-" "Mozilla/5.0 (Windows NT 10.0; Win64; x64) AppleWebKit/537.36 (KHTML, like Gecko) Chrome/120.0.0.0 Safari/537.36"
20.41.98.49 - - [26/Feb/2026:09:46:46 -0500] "GET /wp-content/themes/admin.php HTTP/1.1" 404 6977 "-" "Mozilla/5.0 (Windows NT 10.0; Win64; x64) AppleWebKit/537.36 (KHTML, like Gecko) Chrome/120.0.0.0 Safari/537.36"
20.41.98.49 - - [26/Feb/2026:09:46:47 -0500] "GET /wp-includes/PHPMailer/ HTTP/1.1" 403 1242 "-" "Mozilla/5.0 (Windows NT 10.0; Win64; x64) AppleWebKit/537.36 (KHTML, like Gecko) Chrome/120.0.0.0 Safari/537.36"
20.41.98.49 - - [26/Feb/2026:09:46:47 -0500] "GET /wp-includes/images/ HTTP/1.1" 403 1242 "-" "Mozilla/5.0 (Windows NT 10.0; Win64; x64) AppleWebKit/537.36 (KHTML, like Gecko) Chrome/120.0.0.0 Safari/537.36"
20.41.98.49 - - [26/Feb/2026:09:46:32 -0500] "GET /goods.php HTTP/1.1" 404 6984 "-" "Mozilla/5.0 (Windows NT 10.0; Win64; x64) AppleWebKit/537.36 (KHTML, like Gecko) Chrome/120.0.0.0 Safari/537.36"
20.41.98.49 - - [26/Feb/2026:09:46:36 -0500] "GET /rip.php HTTP/1.1" 404 6981 "-" "Mozilla/5.0 (Windows NT 10.0; Win64; x64) AppleWebKit/537.36 (KHTML, like Gecko) Chrome/120.0.0.0 Safari/537.36"
20.41.98.49 - - [26/Feb/2026:09:46:36 -0500] "GET /autoload_classmap.php HTTP/1.1" 404 6983 "-" "Mozilla/5.0 (Windows NT 10.0; Win64; x64) AppleWebKit/537.36 (KHTML, like Gecko) Chrome/120.0.0.0 Safari/537.36"
20.41.98.49 - - [26/Feb/2026:09:46:37 -0500] "GET /chosen.php?p= HTTP/1.1" 301 0 "-" "Mozilla/5.0 (Windows NT 10.0; Win64; x64) AppleWebKit/537.36 (KHTML, like Gecko) Chrome/120.0.0.0 Safari/537.36"
20.41.98.49 - - [26/Feb/2026:09:46:38 -0500] "GET /classwithtostring.php HTTP/1.1" 404 6990 "-" "Mozilla/5.0 (Windows NT 10.0; Win64; x64) AppleWebKit/537.36 (KHTML, like Gecko) Chrome/120.0.0.0 Safari/537.36"
20.41.98.49 - - [26/Feb/2026:09:46:39 -0500] "GET /index/function.php HTTP/1.1" 404 6979 "-" "Mozilla/5.0 (Windows NT 10.0; Win64; x64) AppleWebKit/537.36 (KHTML, like Gecko) Chrome/120.0.0.0 Safari/537.36"
20.41.98.49 - - [26/Feb/2026:09:46:40 -0500] "GET /wk/index.php HTTP/1.1" 301 0 "-" "Mozilla/5.0 (Windows NT 10.0; Win64; x64) AppleWebKit/537.36 (KHTML, like Gecko) Chrome/120.0.0.0 Safari/537.36"
20.41.98.49 - - [26/Feb/2026:09:46:41 -0500] "GET /.well-known/ HTTP/1.1" 404 6982 "-" "Mozilla/5.0 (Windows NT 10.0; Win64; x64) AppleWebKit/537.36 (KHTML, like Gecko) Chrome/120.0.0.0 Safari/537.36"
20.41.98.49 - - [26/Feb/2026:09:46:42 -0500] "GET /cgi-bin/ HTTP/1.1" 403 1242 "-" "Mozilla/5.0 (Windows NT 10.0; Win64; x64) AppleWebKit/537.36 (KHTML, like Gecko) Chrome/120.0.0.0 Safari/537.36"
20.41.98.49 - - [26/Feb/2026:09:46:43 -0500] "GET /wp-admin/images/ HTTP/1.1" 403 1242 "-" "Mozilla/5.0 (Windows NT 10.0; Win64; x64) AppleWebKit/537.36 (KHTML, like Gecko) Chrome/120.0.0.0 Safari/537.36"
20.41.98.49 - - [26/Feb/2026:09:46:44 -0500] "GET /wp-content/admin.php HTTP/1.1" 404 6972 "-" "Mozilla/5.0 (Windows NT 10.0; Win64; x64) AppleWebKit/537.36 (KHTML, like Gecko) Chrome/120.0.0.0 Safari/537.36"
20.41.98.49 - - [26/Feb/2026:09:46:47 -0500] "GET /wp-content/themes/index.php HTTP/1.1" 200 0 "-" "Mozilla/5.0 (Windows NT 10.0; Win64; x64) AppleWebKit/537.36 (KHTML, like Gecko) Chrome/120.0.0.0 Safari/537.36"
20.41.98.49 - - [26/Feb/2026:09:46:47 -0500] "GET /wp-content/plugins/index.php HTTP/1.1" 200 0 "-" "Mozilla/5.0 (Windows NT 10.0; Win64; x64) AppleWebKit/537.36 (KHTML, like Gecko) Chrome/120.0.0.0 Safari/537.36"
20.41.98.49 - - [26/Feb/2026:09:46:48 -0500] "GET /wp-content/plugins/WordPressCore/ HTTP/1.1" 404 6972 "-" "Mozilla/5.0 (Windows NT 10.0; Win64; x64) AppleWebKit/537.36 (KHTML, like Gecko) Chrome/120.0.0.0 Safari/537.36"
136.144.35.207 - - [26/Feb/2026:09:52:14 -0500] "POST /wp-login.php HTTP/1.1" 200 6682 "-" "Mozilla/5.0"
162.213.253.84 - - [26/Feb/2026:09:52:15 -0500] "POST /wp-cron.php?doing_wp_cron=1772117535.2784628868103027343750 HTTP/1.1" 200 0 "https://tejoversea.com/wp-cron.php?doing_wp_cron=1772117535.2784628868103027343750" "WordPress/6.0.2; https://tejoversea.com"
162.213.253.84 - - [26/Feb/2026:09:52:15 -0500] "POST /wp-admin/admin-ajax.php?action=async_litespeed&nonce=5e129aa1e5&litespeed_type=imgoptm HTTP/1.1" 200 0 "https://tejoversea.com/wp-admin/admin-ajax.php?action=async_litespeed&nonce=5e129aa1e5&litespeed_type=imgoptm" "WordPress/6.0.2; https://tejoversea.com"
162.213.253.84 - - [26/Feb/2026:10:17:13 -0500] "POST /wp-admin/admin-ajax.php?action=async_litespeed&nonce=5e129aa1e5&litespeed_type=imgoptm HTTP/1.1" 200 0 "https://tejoversea.com/wp-admin/admin-ajax.php?action=async_litespeed&nonce=5e129aa1e5&litespeed_type=imgoptm" "WordPress/6.0.2; https://tejoversea.com"
162.213.253.84 - - [26/Feb/2026:10:17:12 -0500] "POST /wp-cron.php?doing_wp_cron=1772119032.4828639030456542968750 HTTP/1.1" 200 0 "https://tejoversea.com/wp-cron.php?doing_wp_cron=1772119032.4828639030456542968750" "WordPress/6.0.2; https://tejoversea.com"
136.144.35.189 - - [26/Feb/2026:10:17:11 -0500] "POST /wp-login.php HTTP/1.1" 200 6682 "-" "Mozilla/5.0"
66.249.79.133 - - [26/Feb/2026:10:17:54 -0500] "GET /robots.txt HTTP/1.1" 200 246 "-" "Mozilla/5.0 (compatible; Googlebot/2.1; +http://www.google.com/bot.html)"
110.249.201.199 - - [26/Feb/2026:10:38:52 -0500] "GET /robots.txt HTTP/1.1" 200 281 "-" "Mozilla/5.0 (Linux; Android 5.0) AppleWebKit/537.36 (KHTML, like Gecko) Mobile Safari/537.36 (compatible; Bytespider; https://zhanzhang.toutiao.com/)"
162.213.253.84 - - [26/Feb/2026:10:41:15 -0500] "POST /wp-admin/admin-ajax.php?action=async_litespeed&nonce=5e129aa1e5&litespeed_type=imgoptm HTTP/1.1" 200 21 "https://tejoversea.com/wp-admin/admin-ajax.php?action=async_litespeed&nonce=5e129aa1e5&litespeed_type=imgoptm" "WordPress/6.0.2; https://tejoversea.com"
110.249.201.110 - - [26/Feb/2026:10:42:47 -0500] "GET / HTTP/1.1" 200 16727 "-" "Mozilla/5.0 (Linux; Android 5.0) AppleWebKit/537.36 (KHTML, like Gecko) Mobile Safari/537.36 (compatible; Bytespider; https://zhanzhang.toutiao.com/)"
110.249.201.110 - - [26/Feb/2026:10:42:53 -0500] "GET /wp-json/contact-form-7/v1/contact-forms/130/feedback/schema HTTP/1.1" 200 549 "https://tejoversea.com/" "Mozilla/5.0 (Linux; Android 5.0) AppleWebKit/537.36 (KHTML, like Gecko) Mobile Safari/537.36 (compatible; Bytespider; https://zhanzhang.toutiao.com/)"
110.249.201.110 - - [26/Feb/2026:10:42:54 -0500] "GET /wp-json/contact-form-7/v1/contact-forms/130/refill HTTP/1.1" 200 2 "https://tejoversea.com/" "Mozilla/5.0 (Linux; Android 5.0) AppleWebKit/537.36 (KHTML, like Gecko) Mobile Safari/537.36 (compatible; Bytespider; https://zhanzhang.toutiao.com/)"
162.213.253.84 - - [26/Feb/2026:10:41:15 -0500] "POST /wp-cron.php?doing_wp_cron=1772120475.1703369617462158203125 HTTP/1.1" 200 0 "https://tejoversea.com/wp-cron.php?doing_wp_cron=1772120475.1703369617462158203125" "WordPress/6.0.2; https://tejoversea.com"
136.144.35.202 - - [26/Feb/2026:10:41:14 -0500] "POST /wp-login.php HTTP/1.1" 200 6682 "-" "Mozilla/5.0"
162.213.253.84 - - [26/Feb/2026:10:42:48 -0500] "POST /wp-cron.php?doing_wp_cron=1772120568.2042579650878906250000 HTTP/1.1" 200 0 "https://tejoversea.com/wp-cron.php?doing_wp_cron=1772120568.2042579650878906250000" "WordPress/6.0.2; https://tejoversea.com"
162.213.253.84 - - [26/Feb/2026:10:42:48 -0500] "POST /wp-admin/admin-ajax.php?action=async_litespeed&nonce=5e129aa1e5&litespeed_type=imgoptm HTTP/1.1" 200 21 "https://tejoversea.com/wp-admin/admin-ajax.php?action=async_litespeed&nonce=5e129aa1e5&litespeed_type=imgoptm" "WordPress/6.0.2; https://tejoversea.com"
110.249.201.110 - - [26/Feb/2026:10:42:50 -0500] "GET /wp-content/themes/logistek/assets/img/side-panel/1.jpg HTTP/1.1" 404 28818 "https://tejoversea.com/" "Mozilla/5.0 (Linux; Android 5.0) AppleWebKit/537.36 (KHTML, like Gecko) Mobile Safari/537.36 (compatible; Bytespider; https://zhanzhang.toutiao.com/)"
110.249.201.110 - - [26/Feb/2026:10:42:50 -0500] "GET /wp-content/themes/logistek/assets/img/side-panel/2.jpg HTTP/1.1" 404 28818 "https://tejoversea.com/" "Mozilla/5.0 (Linux; Android 5.0) AppleWebKit/537.36 (KHTML, like Gecko) Mobile Safari/537.36 (compatible; Bytespider; https://zhanzhang.toutiao.com/)"
110.249.201.110 - - [26/Feb/2026:10:42:50 -0500] "GET /wp-content/themes/logistek/assets/img/side-panel/3.jpg HTTP/1.1" 404 28818 "https://tejoversea.com/" "Mozilla/5.0 (Linux; Android 5.0) AppleWebKit/537.36 (KHTML, like Gecko) Mobile Safari/537.36 (compatible; Bytespider; https://zhanzhang.toutiao.com/)"
110.249.201.110 - - [26/Feb/2026:10:42:52 -0500] "GET /wp-content/themes/logistek/assets/img/side-panel/6.jpg HTTP/1.1" 404 28818 "https://tejoversea.com/" "Mozilla/5.0 (Linux; Android 5.0) AppleWebKit/537.36 (KHTML, like Gecko) Mobile Safari/537.36 (compatible; Bytespider; https://zhanzhang.toutiao.com/)"
110.249.201.110 - - [26/Feb/2026:10:42:52 -0500] "GET /wp-content/themes/logistek/assets/img/side-panel/4.jpg HTTP/1.1" 404 28818 "https://tejoversea.com/" "Mozilla/5.0 (Linux; Android 5.0) AppleWebKit/537.36 (KHTML, like Gecko) Mobile Safari/537.36 (compatible; Bytespider; https://zhanzhang.toutiao.com/)"
110.249.201.110 - - [26/Feb/2026:10:42:52 -0500] "GET /wp-content/themes/logistek/assets/img/side-panel/5.jpg HTTP/1.1" 404 28818 "https://tejoversea.com/" "Mozilla/5.0 (Linux; Android 5.0) AppleWebKit/537.36 (KHTML, like Gecko) Mobile Safari/537.36 (compatible; Bytespider; https://zhanzhang.toutiao.com/)"
162.213.253.84 - - [26/Feb/2026:11:05:26 -0500] "POST /wp-admin/admin-ajax.php?action=async_litespeed&nonce=5e129aa1e5&litespeed_type=imgoptm HTTP/1.1" 200 21 "https://tejoversea.com/wp-admin/admin-ajax.php?action=async_litespeed&nonce=5e129aa1e5&litespeed_type=imgoptm" "WordPress/6.0.2; https://tejoversea.com"
162.213.253.84 - - [26/Feb/2026:11:05:26 -0500] "POST /wp-cron.php?doing_wp_cron=1772121926.2943630218505859375000 HTTP/1.1" 200 0 "https://tejoversea.com/wp-cron.php?doing_wp_cron=1772121926.2943630218505859375000" "WordPress/6.0.2; https://tejoversea.com"
136.144.35.210 - - [26/Feb/2026:11:05:25 -0500] "POST /wp-login.php HTTP/1.1" 200 6682 "-" "Mozilla/5.0"
162.213.253.84 - - [26/Feb/2026:11:32:14 -0500] "POST /wp-cron.php?doing_wp_cron=1772123534.2373659610748291015625 HTTP/1.1" 200 0 "https://tejoversea.com/wp-cron.php?doing_wp_cron=1772123534.2373659610748291015625" "WordPress/6.0.2; https://tejoversea.com"
136.144.35.193 - - [26/Feb/2026:11:32:13 -0500] "POST /wp-login.php HTTP/1.1" 200 6682 "-" "Mozilla/5.0"
162.213.253.84 - - [26/Feb/2026:11:32:14 -0500] "POST /wp-admin/admin-ajax.php?action=async_litespeed&nonce=5e129aa1e5&litespeed_type=imgoptm HTTP/1.1" 200 0 "https://tejoversea.com/wp-admin/admin-ajax.php?action=async_litespeed&nonce=5e129aa1e5&litespeed_type=imgoptm" "WordPress/6.0.2; https://tejoversea.com"
136.144.35.209 - - [26/Feb/2026:11:57:23 -0500] "POST /wp-login.php HTTP/1.1" 200 6682 "-" "Mozilla/5.0"
185.223.152.96 - - [26/Feb/2026:12:02:28 -0500] "GET /?author=1 HTTP/1.1" 404 7613 "-" "Mozilla/5.0"
185.223.152.96 - - [26/Feb/2026:12:02:31 -0500] "GET /?rest_route=/wp/v2/users HTTP/1.1" 200 7340 "-" "Mozilla/5.0"
162.213.253.84 - - [26/Feb/2026:11:57:23 -0500] "POST /wp-cron.php?doing_wp_cron=1772125043.7758879661560058593750 HTTP/1.1" 200 0 "https://tejoversea.com/wp-cron.php?doing_wp_cron=1772125043.7758879661560058593750" "WordPress/6.0.2; https://tejoversea.com"
162.213.253.84 - - [26/Feb/2026:11:57:25 -0500] "POST /wp-admin/admin-ajax.php?action=async_litespeed&nonce=5e129aa1e5&litespeed_type=imgoptm HTTP/1.1" 200 0 "https://tejoversea.com/wp-admin/admin-ajax.php?action=async_litespeed&nonce=5e129aa1e5&litespeed_type=imgoptm" "WordPress/6.0.2; https://tejoversea.com"
185.223.152.96 - - [26/Feb/2026:12:02:28 -0500] "GET /wp-login.php HTTP/1.1" 200 2261 "-" "Mozilla/5.0"
162.213.253.84 - - [26/Feb/2026:12:02:29 -0500] "POST /wp-cron.php?doing_wp_cron=1772125349.5587370395660400390625 HTTP/1.1" 200 0 "https://tejoversea.com/wp-cron.php?doing_wp_cron=1772125349.5587370395660400390625" "WordPress/6.0.2; https://tejoversea.com"
162.213.253.84 - - [26/Feb/2026:12:02:30 -0500] "POST /wp-admin/admin-ajax.php?action=async_litespeed&nonce=5e129aa1e5&litespeed_type=imgoptm HTTP/1.1" 200 0 "https://tejoversea.com/wp-admin/admin-ajax.php?action=async_litespeed&nonce=5e129aa1e5&litespeed_type=imgoptm" "WordPress/6.0.2; https://tejoversea.com"
185.223.152.96 - - [26/Feb/2026:12:02:32 -0500] "GET /feed HTTP/1.1" 301 0 "-" "Mozilla/5.0"
185.223.152.96 - - [26/Feb/2026:12:02:32 -0500] "GET /feed/ HTTP/1.1" 200 627 "-" "Mozilla/5.0"
136.144.35.192 - - [26/Feb/2026:12:23:39 -0500] "POST /wp-login.php HTTP/1.1" 200 6682 "-" "Mozilla/5.0"
162.213.253.84 - - [26/Feb/2026:12:23:40 -0500] "POST /wp-admin/admin-ajax.php?action=async_litespeed&nonce=5e129aa1e5&litespeed_type=imgoptm HTTP/1.1" 200 0 "https://tejoversea.com/wp-admin/admin-ajax.php?action=async_litespeed&nonce=5e129aa1e5&litespeed_type=imgoptm" "WordPress/6.0.2; https://tejoversea.com"
162.213.253.84 - - [26/Feb/2026:12:23:39 -0500] "POST /wp-cron.php?doing_wp_cron=1772126619.7376279830932617187500 HTTP/1.1" 200 0 "https://tejoversea.com/wp-cron.php?doing_wp_cron=1772126619.7376279830932617187500" "WordPress/6.0.2; https://tejoversea.com"
162.213.253.84 - - [26/Feb/2026:12:47:55 -0500] "POST /wp-cron.php?doing_wp_cron=1772128075.6064050197601318359375 HTTP/1.1" 200 0 "https://tejoversea.com/wp-cron.php?doing_wp_cron=1772128075.6064050197601318359375" "WordPress/6.0.2; https://tejoversea.com"
162.213.253.84 - - [26/Feb/2026:12:47:56 -0500] "POST /wp-admin/admin-ajax.php?action=async_litespeed&nonce=5e129aa1e5&litespeed_type=imgoptm HTTP/1.1" 200 0 "https://tejoversea.com/wp-admin/admin-ajax.php?action=async_litespeed&nonce=5e129aa1e5&litespeed_type=imgoptm" "WordPress/6.0.2; https://tejoversea.com"
136.144.35.211 - - [26/Feb/2026:12:47:54 -0500] "POST /wp-login.php HTTP/1.1" 200 6682 "-" "Mozilla/5.0"
136.144.35.190 - - [26/Feb/2026:13:11:58 -0500] "POST /wp-login.php HTTP/1.1" 200 6682 "-" "Mozilla/5.0"
162.213.253.84 - - [26/Feb/2026:13:11:59 -0500] "POST /wp-cron.php?doing_wp_cron=1772129519.0694959163665771484375 HTTP/1.1" 200 0 "https://tejoversea.com/wp-cron.php?doing_wp_cron=1772129519.0694959163665771484375" "WordPress/6.0.2; https://tejoversea.com"
162.213.253.84 - - [26/Feb/2026:13:11:59 -0500] "POST /wp-admin/admin-ajax.php?action=async_litespeed&nonce=5e129aa1e5&litespeed_type=imgoptm HTTP/1.1" 200 0 "https://tejoversea.com/wp-admin/admin-ajax.php?action=async_litespeed&nonce=5e129aa1e5&litespeed_type=imgoptm" "WordPress/6.0.2; https://tejoversea.com"
45.61.185.116 - - [26/Feb/2026:13:48:09 -0500] "GET /wp-login.php HTTP/1.1" 200 6507 "-" "Mozilla/5.0 (Windows NT 6.3; WOW64) AppleWebKit/537.36 (KHTML, like Gecko) Chrome/36.0.1985.143 Safari/537.36"
45.61.185.116 - - [26/Feb/2026:13:48:09 -0500] "POST /wp-login.php HTTP/1.1" 200 6700 "-" "Mozilla/5.0 (Windows NT 6.3; WOW64) AppleWebKit/537.36 (KHTML, like Gecko) Chrome/36.0.1985.143 Safari/537.36"
162.213.253.84 - - [26/Feb/2026:13:35:57 -0500] "POST /wp-cron.php?doing_wp_cron=1772130957.0924429893493652343750 HTTP/1.1" 200 0 "https://tejoversea.com/wp-cron.php?doing_wp_cron=1772130957.0924429893493652343750" "WordPress/6.0.2; https://tejoversea.com"
136.144.35.210 - - [26/Feb/2026:13:35:56 -0500] "POST /wp-login.php HTTP/1.1" 200 6682 "-" "Mozilla/5.0"
162.213.253.84 - - [26/Feb/2026:13:35:57 -0500] "POST /wp-admin/admin-ajax.php?action=async_litespeed&nonce=5e129aa1e5&litespeed_type=imgoptm HTTP/1.1" 200 0 "https://tejoversea.com/wp-admin/admin-ajax.php?action=async_litespeed&nonce=5e129aa1e5&litespeed_type=imgoptm" "WordPress/6.0.2; https://tejoversea.com"
162.213.253.84 - - [26/Feb/2026:13:35:58 -0500] "GET / HTTP/1.1" 200 19178 "https://tejoversea.com/" "WordPress/6.0.2; https://tejoversea.com"
162.213.253.84 - - [26/Feb/2026:13:48:10 -0500] "POST /wp-cron.php?doing_wp_cron=1772131690.5031409263610839843750 HTTP/1.1" 200 0 "https://tejoversea.com/wp-cron.php?doing_wp_cron=1772131690.5031409263610839843750" "WordPress/6.0.2; https://tejoversea.com"
162.213.253.84 - - [26/Feb/2026:13:48:11 -0500] "POST /wp-admin/admin-ajax.php?action=async_litespeed&nonce=5e129aa1e5&litespeed_type=imgoptm HTTP/1.1" 200 0 "https://tejoversea.com/wp-admin/admin-ajax.php?action=async_litespeed&nonce=5e129aa1e5&litespeed_type=imgoptm" "WordPress/6.0.2; https://tejoversea.com"
106.221.235.108 - - [26/Feb/2026:13:57:47 -0500] "GET /wp-includes/css/dist/block-library/style.min.css?ver=6.0.2 HTTP/1.1" 200 10946 "https://tejoversea.com/track-order/" "Mozilla/5.0 (Linux; Android 10; K) AppleWebKit/537.36 (KHTML, like Gecko) Chrome/145.0.0.0 Mobile Safari/537.36"
106.221.235.108 - - [26/Feb/2026:13:57:47 -0500] "GET /wp-content/plugins/wp-call-button/assets/block/build/index.css?ver=a1dbfd3fcfcfb0740ca8c4771bbdc4c3 HTTP/1.1" 200 259 "https://tejoversea.com/track-order/" "Mozilla/5.0 (Linux; Android 10; K) AppleWebKit/537.36 (KHTML, like Gecko) Chrome/145.0.0.0 Mobile Safari/537.36"
106.221.235.108 - - [26/Feb/2026:13:57:47 -0500] "GET /wp-content/themes/logistek/assets/css/bootstrap.min.css?ver=6.0.2 HTTP/1.1" 200 19105 "https://tejoversea.com/track-order/" "Mozilla/5.0 (Linux; Android 10; K) AppleWebKit/537.36 (KHTML, like Gecko) Chrome/145.0.0.0 Mobile Safari/537.36"
106.221.235.108 - - [26/Feb/2026:13:57:47 -0500] "GET /wp-content/plugins/order-tracking/css/pure-grids-nr.css?ver=2.11.9 HTTP/1.1" 200 476 "https://tejoversea.com/track-order/" "Mozilla/5.0 (Linux; Android 10; K) AppleWebKit/537.36 (KHTML, like Gecko) Chrome/145.0.0.0 Mobile Safari/537.36"
106.221.235.108 - - [26/Feb/2026:13:57:47 -0500] "GET /wp-content/themes/logistek/assets/fonts/webexflaticon/flaticon.css?ver=6.0.2 HTTP/1.1" 200 1514 "https://tejoversea.com/track-order/" "Mozilla/5.0 (Linux; Android 10; K) AppleWebKit/537.36 (KHTML, like Gecko) Chrome/145.0.0.0 Mobile Safari/537.36"
106.221.235.108 - - [26/Feb/2026:13:57:47 -0500] "GET /wp-content/themes/logistek/assets/fonts/webexicon/style.css?ver=6.0.2 HTTP/1.1" 200 6167 "https://tejoversea.com/track-order/" "Mozilla/5.0 (Linux; Android 10; K) AppleWebKit/537.36 (KHTML, like Gecko) Chrome/145.0.0.0 Mobile Safari/537.36"
106.221.235.108 - - [26/Feb/2026:13:57:47 -0500] "GET /wp-content/themes/logistek/assets/fonts/fontawesome/css/all.css?ver=6.0.2 HTTP/1.1" 200 12558 "https://tejoversea.com/track-order/" "Mozilla/5.0 (Linux; Android 10; K) AppleWebKit/537.36 (KHTML, like Gecko) Chrome/145.0.0.0 Mobile Safari/537.36"
106.221.235.108 - - [26/Feb/2026:13:57:48 -0500] "GET /wp-content/themes/logistek/assets/css/animate.css?ver=6.0.2 HTTP/1.1" 200 4452 "https://tejoversea.com/track-order/" "Mozilla/5.0 (Linux; Android 10; K) AppleWebKit/537.36 (KHTML, like Gecko) Chrome/145.0.0.0 Mobile Safari/537.36"
106.221.235.108 - - [26/Feb/2026:13:57:48 -0500] "GET /wp-content/themes/logistek/assets/css/magnific-popup.css?ver=6.0.2 HTTP/1.1" 200 1660 "https://tejoversea.com/track-order/" "Mozilla/5.0 (Linux; Android 10; K) AppleWebKit/537.36 (KHTML, like Gecko) Chrome/145.0.0.0 Mobile Safari/537.36"
106.221.235.108 - - [26/Feb/2026:13:57:48 -0500] "GET /wp-content/plugins/creame-whatsapp-me/public/css/joinchat-btn.min.css?ver=4.5.9 HTTP/1.1" 200 1951 "https://tejoversea.com/track-order/" "Mozilla/5.0 (Linux; Android 10; K) AppleWebKit/537.36 (KHTML, like Gecko) Chrome/145.0.0.0 Mobile Safari/537.36"
106.221.235.108 - - [26/Feb/2026:13:57:48 -0500] "GET /wp-content/uploads/elementor/css/post-464.css?ver=1747180140 HTTP/1.1" 200 250 "https://tejoversea.com/track-order/" "Mozilla/5.0 (Linux; Android 10; K) AppleWebKit/537.36 (KHTML, like Gecko) Chrome/145.0.0.0 Mobile Safari/537.36"
106.221.235.108 - - [26/Feb/2026:13:57:48 -0500] "GET /wp-includes/js/jquery/jquery-migrate.min.js?ver=3.3.2 HTTP/1.1" 200 3995 "https://tejoversea.com/track-order/" "Mozilla/5.0 (Linux; Android 10; K) AppleWebKit/537.36 (KHTML, like Gecko) Chrome/145.0.0.0 Mobile Safari/537.36"
106.221.235.108 - - [26/Feb/2026:13:57:48 -0500] "GET /wp-content/themes/logistek/assets/css/meanmenu.min.css?ver=6.0.2 HTTP/1.1" 200 941 "https://tejoversea.com/track-order/" "Mozilla/5.0 (Linux; Android 10; K) AppleWebKit/537.36 (KHTML, like Gecko) Chrome/145.0.0.0 Mobile Safari/537.36"
106.221.235.108 - - [26/Feb/2026:13:57:46 -0500] "GET /track-order/ HTTP/1.1" 200 12552 "-" "Mozilla/5.0 (Linux; Android 10; K) AppleWebKit/537.36 (KHTML, like Gecko) Chrome/145.0.0.0 Mobile Safari/537.36"
106.221.235.108 - - [26/Feb/2026:13:57:47 -0500] "GET /wp-content/plugins/order-tracking/css/pure-grids.css?ver=2.11.9 HTTP/1.1" 200 259 "https://tejoversea.com/track-order/" "Mozilla/5.0 (Linux; Android 10; K) AppleWebKit/537.36 (KHTML, like Gecko) Chrome/145.0.0.0 Mobile Safari/537.36"
106.221.235.108 - - [26/Feb/2026:13:57:47 -0500] "GET /wp-content/themes/logistek/assets/css/owl.carousel.min.css?ver=6.0.2 HTTP/1.1" 200 915 "https://tejoversea.com/track-order/" "Mozilla/5.0 (Linux; Android 10; K) AppleWebKit/537.36 (KHTML, like Gecko) Chrome/145.0.0.0 Mobile Safari/537.36"
106.221.235.108 - - [26/Feb/2026:13:57:47 -0500] "GET /wp-content/plugins/contact-form-7/includes/css/styles.css?ver=5.6.3 HTTP/1.1" 200 848 "https://tejoversea.com/track-order/" "Mozilla/5.0 (Linux; Android 10; K) AppleWebKit/537.36 (KHTML, like Gecko) Chrome/145.0.0.0 Mobile Safari/537.36"
106.221.235.108 - - [26/Feb/2026:13:57:47 -0500] "GET /wp-content/plugins/order-tracking/css/jquery-ui.min.css?ver=6.0.2 HTTP/1.1" 200 7327 "https://tejoversea.com/track-order/" "Mozilla/5.0 (Linux; Android 10; K) AppleWebKit/537.36 (KHTML, like Gecko) Chrome/145.0.0.0 Mobile Safari/537.36"
106.221.235.108 - - [26/Feb/2026:13:57:47 -0500] "GET /wp-content/plugins/order-tracking/css/pure-forms.css?ver=2.11.9 HTTP/1.1" 200 1457 "https://tejoversea.com/track-order/" "Mozilla/5.0 (Linux; Android 10; K) AppleWebKit/537.36 (KHTML, like Gecko) Chrome/145.0.0.0 Mobile Safari/537.36"
106.221.235.108 - - [26/Feb/2026:13:57:47 -0500] "GET /wp-content/plugins/order-tracking/css/otp-styles.css?ver=2.11.9 HTTP/1.1" 200 1684 "https://tejoversea.com/track-order/" "Mozilla/5.0 (Linux; Android 10; K) AppleWebKit/537.36 (KHTML, like Gecko) Chrome/145.0.0.0 Mobile Safari/537.36"
106.221.235.108 - - [26/Feb/2026:13:57:47 -0500] "GET /wp-content/plugins/order-tracking/css/pure-buttons.css?ver=2.11.9 HTTP/1.1" 200 659 "https://tejoversea.com/track-order/" "Mozilla/5.0 (Linux; Android 10; K) AppleWebKit/537.36 (KHTML, like Gecko) Chrome/145.0.0.0 Mobile Safari/537.36"
106.221.235.108 - - [26/Feb/2026:13:57:47 -0500] "GET /wp-content/plugins/order-tracking/css/pure-forms-nr.css?ver=2.11.9 HTTP/1.1" 200 1471 "https://tejoversea.com/track-order/" "Mozilla/5.0 (Linux; Android 10; K) AppleWebKit/537.36 (KHTML, like Gecko) Chrome/145.0.0.0 Mobile Safari/537.36"
106.221.235.108 - - [26/Feb/2026:13:57:48 -0500] "GET /wp-content/themes/logistek/assets/css/custom-animation.css?ver=6.0.2 HTTP/1.1" 200 676 "https://tejoversea.com/track-order/" "Mozilla/5.0 (Linux; Android 10; K) AppleWebKit/537.36 (KHTML, like Gecko) Chrome/145.0.0.0 Mobile Safari/537.36"
106.221.235.108 - - [26/Feb/2026:13:57:48 -0500] "GET /wp-content/themes/logistek/assets/css/responsive.css?ver=6.0.2 HTTP/1.1" 200 1645 "https://tejoversea.com/track-order/" "Mozilla/5.0 (Linux; Android 10; K) AppleWebKit/537.36 (KHTML, like Gecko) Chrome/145.0.0.0 Mobile Safari/537.36"
106.221.235.108 - - [26/Feb/2026:13:57:48 -0500] "GET /wp-content/themes/logistek/style.css?ver=2021-04-14 HTTP/1.1" 200 4684 "https://tejoversea.com/track-order/" "Mozilla/5.0 (Linux; Android 10; K) AppleWebKit/537.36 (KHTML, like Gecko) Chrome/145.0.0.0 Mobile Safari/537.36"
106.221.235.108 - - [26/Feb/2026:13:57:48 -0500] "GET /wp-content/themes/logistek/assets/css/style.css?ver=6.0.2 HTTP/1.1" 200 15285 "https://tejoversea.com/track-order/" "Mozilla/5.0 (Linux; Android 10; K) AppleWebKit/537.36 (KHTML, like Gecko) Chrome/145.0.0.0 Mobile Safari/537.36"
106.221.235.108 - - [26/Feb/2026:13:57:48 -0500] "GET /wp-content/plugins/elementor/assets/lib/eicons/css/elementor-icons.min.css?ver=5.16.0 HTTP/1.1" 200 3629 "https://tejoversea.com/track-order/" "Mozilla/5.0 (Linux; Android 10; K) AppleWebKit/537.36 (KHTML, like Gecko) Chrome/145.0.0.0 Mobile Safari/537.36"
106.221.235.108 - - [26/Feb/2026:13:57:48 -0500] "GET /wp-content/plugins/elementor/assets/css/frontend-lite.min.css?ver=3.7.7 HTTP/1.1" 200 12986 "https://tejoversea.com/track-order/" "Mozilla/5.0 (Linux; Android 10; K) AppleWebKit/537.36 (KHTML, like Gecko) Chrome/145.0.0.0 Mobile Safari/537.36"
106.221.235.108 - - [26/Feb/2026:13:57:48 -0500] "GET /wp-content/uploads/elementor/css/post-24.css?ver=1664536342 HTTP/1.1" 200 329 "https://tejoversea.com/track-order/" "Mozilla/5.0 (Linux; Android 10; K) AppleWebKit/537.36 (KHTML, like Gecko) Chrome/145.0.0.0 Mobile Safari/537.36"
106.221.235.108 - - [26/Feb/2026:13:57:48 -0500] "GET /wp-content/plugins/elementor-pro/assets/css/frontend-lite.min.css?ver=3.7.7 HTTP/1.1" 200 1533 "https://tejoversea.com/track-order/" "Mozilla/5.0 (Linux; Android 10; K) AppleWebKit/537.36 (KHTML, like Gecko) Chrome/145.0.0.0 Mobile Safari/537.36"
106.221.235.108 - - [26/Feb/2026:13:57:48 -0500] "GET /wp-content/uploads/elementor/css/global.css?ver=1664536355 HTTP/1.1" 200 2637 "https://tejoversea.com/track-order/" "Mozilla/5.0 (Linux; Android 10; K) AppleWebKit/537.36 (KHTML, like Gecko) Chrome/145.0.0.0 Mobile Safari/537.36"
106.221.235.108 - - [26/Feb/2026:13:57:48 -0500] "GET /wp-includes/js/jquery/jquery.min.js?ver=3.6.0 HTTP/1.1" 200 30273 "https://tejoversea.com/track-order/" "Mozilla/5.0 (Linux; Android 10; K) AppleWebKit/537.36 (KHTML, like Gecko) Chrome/145.0.0.0 Mobile Safari/537.36"
106.221.235.108 - - [26/Feb/2026:13:57:48 -0500] "GET /wp-content/uploads/2022/10/Tej-Oversea-Logistic-e1664610081961.png HTTP/1.1" 200 14639 "https://tejoversea.com/track-order/" "Mozilla/5.0 (Linux; Android 10; K) AppleWebKit/537.36 (KHTML, like Gecko) Chrome/145.0.0.0 Mobile Safari/537.36"
106.221.235.108 - - [26/Feb/2026:13:57:50 -0500] "GET /wp-content/plugins/contact-form-7/includes/swv/js/index.js?ver=5.6.3 HTTP/1.1" 200 2799 "https://tejoversea.com/track-order/" "Mozilla/5.0 (Linux; Android 10; K) AppleWebKit/537.36 (KHTML, like Gecko) Chrome/145.0.0.0 Mobile Safari/537.36"
106.221.235.108 - - [26/Feb/2026:13:57:50 -0500] "GET /wp-content/plugins/contact-form-7/includes/js/index.js?ver=5.6.3 HTTP/1.1" 200 3689 "https://tejoversea.com/track-order/" "Mozilla/5.0 (Linux; Android 10; K) AppleWebKit/537.36 (KHTML, like Gecko) Chrome/145.0.0.0 Mobile Safari/537.36"
106.221.235.108 - - [26/Feb/2026:13:57:50 -0500] "GET /wp-content/themes/logistek/assets/js/jquery.v1.12.4.min.js?ver=6.0.2 HTTP/1.1" 200 32850 "https://tejoversea.com/track-order/" "Mozilla/5.0 (Linux; Android 10; K) AppleWebKit/537.36 (KHTML, like Gecko) Chrome/145.0.0.0 Mobile Safari/537.36"
106.221.235.108 - - [26/Feb/2026:13:57:50 -0500] "GET /wp-content/themes/logistek/assets/js/main.js?ver=6.0.2 HTTP/1.1" 200 2788 "https://tejoversea.com/track-order/" "Mozilla/5.0 (Linux; Android 10; K) AppleWebKit/537.36 (KHTML, like Gecko) Chrome/145.0.0.0 Mobile Safari/537.36"
106.221.235.108 - - [26/Feb/2026:13:57:50 -0500] "GET /wp-includes/js/jquery/ui/datepicker.min.js?ver=1.13.1 HTTP/1.1" 200 10499 "https://tejoversea.com/track-order/" "Mozilla/5.0 (Linux; Android 10; K) AppleWebKit/537.36 (KHTML, like Gecko) Chrome/145.0.0.0 Mobile Safari/537.36"
106.221.235.108 - - [26/Feb/2026:13:57:50 -0500] "GET /wp-content/themes/logistek/assets/revolution/js/jquery.themepunch.revolution.min.js?ver=6.0.2 HTTP/1.1" 200 16650 "https://tejoversea.com/track-order/" "Mozilla/5.0 (Linux; Android 10; K) AppleWebKit/537.36 (KHTML, like Gecko) Chrome/145.0.0.0 Mobile Safari/537.36"
106.221.235.108 - - [26/Feb/2026:13:57:50 -0500] "GET /wp-content/themes/logistek/assets/revolution/js/slider_v1.js?ver=6.0.2 HTTP/1.1" 200 939 "https://tejoversea.com/track-order/" "Mozilla/5.0 (Linux; Android 10; K) AppleWebKit/537.36 (KHTML, like Gecko) Chrome/145.0.0.0 Mobile Safari/537.36"
106.221.235.108 - - [26/Feb/2026:13:57:48 -0500] "GET /wp-content/plugins/order-tracking/js/ewd-otp-js.js?ver=2.11.9 HTTP/1.1" 200 1103 "https://tejoversea.com/track-order/" "Mozilla/5.0 (Linux; Android 10; K) AppleWebKit/537.36 (KHTML, like Gecko) Chrome/145.0.0.0 Mobile Safari/537.36"
106.221.235.108 - - [26/Feb/2026:13:57:48 -0500] "GET /wp-content/uploads/2022/10/logo-black-e1664945148632.png HTTP/1.1" 200 18396 "https://tejoversea.com/track-order/" "Mozilla/5.0 (Linux; Android 10; K) AppleWebKit/537.36 (KHTML, like Gecko) Chrome/145.0.0.0 Mobile Safari/537.36"
106.221.235.108 - - [26/Feb/2026:13:57:50 -0500] "GET /wp-includes/js/jquery/ui/core.min.js?ver=1.13.1 HTTP/1.1" 200 6637 "https://tejoversea.com/track-order/" "Mozilla/5.0 (Linux; Android 10; K) AppleWebKit/537.36 (KHTML, like Gecko) Chrome/145.0.0.0 Mobile Safari/537.36"
106.221.235.108 - - [26/Feb/2026:13:57:50 -0500] "GET /wp-content/themes/logistek/assets/js/bootstrap.min.js?ver=6.0.2 HTTP/1.1" 200 13378 "https://tejoversea.com/track-order/" "Mozilla/5.0 (Linux; Android 10; K) AppleWebKit/537.36 (KHTML, like Gecko) Chrome/145.0.0.0 Mobile Safari/537.36"
106.221.235.108 - - [26/Feb/2026:13:57:50 -0500] "GET /wp-content/themes/logistek/assets/revolution/js/extensions/revolution.extension.actions.min.js?ver=6.0.2 HTTP/1.1" 200 2526 "https://tejoversea.com/track-order/" "Mozilla/5.0 (Linux; Android 10; K) AppleWebKit/537.36 (KHTML, like Gecko) Chrome/145.0.0.0 Mobile Safari/537.36"
106.221.235.108 - - [26/Feb/2026:13:57:50 -0500] "GET /wp-content/themes/logistek/assets/revolution/js/jquery.themepunch.tools.min.js?ver=6.0.2 HTTP/1.1" 200 32595 "https://tejoversea.com/track-order/" "Mozilla/5.0 (Linux; Android 10; K) AppleWebKit/537.36 (KHTML, like Gecko) Chrome/145.0.0.0 Mobile Safari/537.36"
106.221.235.108 - - [26/Feb/2026:13:57:50 -0500] "GET /wp-content/themes/logistek/assets/revolution/js/extensions/revolution.extension.kenburn.min.js?ver=6.0.2 HTTP/1.1" 200 1294 "https://tejoversea.com/track-order/" "Mozilla/5.0 (Linux; Android 10; K) AppleWebKit/537.36 (KHTML, like Gecko) Chrome/145.0.0.0 Mobile Safari/537.36"
106.221.235.108 - - [26/Feb/2026:13:57:50 -0500] "GET /wp-content/themes/logistek/assets/revolution/js/extensions/revolution.extension.navigation.min.js?ver=6.0.2 HTTP/1.1" 200 6714 "https://tejoversea.com/track-order/" "Mozilla/5.0 (Linux; Android 10; K) AppleWebKit/537.36 (KHTML, like Gecko) Chrome/145.0.0.0 Mobile Safari/537.36"
106.221.235.108 - - [26/Feb/2026:13:57:50 -0500] "GET /wp-content/themes/logistek/assets/revolution/js/extensions/revolution.extension.migration.min.js?ver=6.0.2 HTTP/1.1" 200 1593 "https://tejoversea.com/track-order/" "Mozilla/5.0 (Linux; Android 10; K) AppleWebKit/537.36 (KHTML, like Gecko) Chrome/145.0.0.0 Mobile Safari/537.36"
106.221.235.108 - - [26/Feb/2026:13:57:50 -0500] "GET /wp-content/plugins/creame-whatsapp-me/public/js/joinchat.min.js?ver=4.5.9 HTTP/1.1" 200 2504 "https://tejoversea.com/track-order/" "Mozilla/5.0 (Linux; Android 10; K) AppleWebKit/537.36 (KHTML, like Gecko) Chrome/145.0.0.0 Mobile Safari/537.36"
106.221.235.108 - - [26/Feb/2026:13:57:50 -0500] "GET /wp-content/themes/logistek/assets/js/waypoints.min.js?ver=6.0.2 HTTP/1.1" 200 2461 "https://tejoversea.com/track-order/" "Mozilla/5.0 (Linux; Android 10; K) AppleWebKit/537.36 (KHTML, like Gecko) Chrome/145.0.0.0 Mobile Safari/537.36"
106.221.235.108 - - [26/Feb/2026:13:57:50 -0500] "GET /wp-content/plugins/connect-contact-form-7-to-social-apps/assets/js/cf7cw-front-script.js?ver=1.5 HTTP/1.1" 200 500 "https://tejoversea.com/track-order/" "Mozilla/5.0 (Linux; Android 10; K) AppleWebKit/537.36 (KHTML, like Gecko) Chrome/145.0.0.0 Mobile Safari/537.36"
106.221.235.108 - - [26/Feb/2026:13:57:50 -0500] "GET /wp-content/themes/logistek/assets/js/jquery.counterup.min.js?ver=6.0.2 HTTP/1.1" 200 496 "https://tejoversea.com/track-order/" "Mozilla/5.0 (Linux; Android 10; K) AppleWebKit/537.36 (KHTML, like Gecko) Chrome/145.0.0.0 Mobile Safari/537.36"
106.221.235.108 - - [26/Feb/2026:13:57:50 -0500] "GET /wp-content/themes/logistek/assets/revolution/js/extensions/revolution.extension.carousel.min.js?ver=6.0.2 HTTP/1.1" 200 2462 "https://tejoversea.com/track-order/" "Mozilla/5.0 (Linux; Android 10; K) AppleWebKit/537.36 (KHTML, like Gecko) Chrome/145.0.0.0 Mobile Safari/537.36"
106.221.235.108 - - [26/Feb/2026:13:57:49 -0500] "GET /wp-content/themes/logistek/assets/img/side-panel/2.jpg HTTP/1.1" 404 6987 "https://tejoversea.com/track-order/" "Mozilla/5.0 (Linux; Android 10; K) AppleWebKit/537.36 (KHTML, like Gecko) Chrome/145.0.0.0 Mobile Safari/537.36"
106.221.235.108 - - [26/Feb/2026:13:57:50 -0500] "GET /wp-content/themes/logistek/assets/js/jquery.meanmenu.min.js?ver=6.0.2 HTTP/1.1" 200 1303 "https://tejoversea.com/track-order/" "Mozilla/5.0 (Linux; Android 10; K) AppleWebKit/537.36 (KHTML, like Gecko) Chrome/145.0.0.0 Mobile Safari/537.36"
106.221.235.108 - - [26/Feb/2026:13:57:50 -0500] "GET /wp-content/themes/logistek/assets/revolution/js/extensions/revolution.extension.video.min.js?ver=6.0.2 HTTP/1.1" 200 5971 "https://tejoversea.com/track-order/" "Mozilla/5.0 (Linux; Android 10; K) AppleWebKit/537.36 (KHTML, like Gecko) Chrome/145.0.0.0 Mobile Safari/537.36"
106.221.235.108 - - [26/Feb/2026:13:57:50 -0500] "GET /wp-content/themes/logistek/assets/js/owl.carousel.min.js?ver=6.0.2 HTTP/1.1" 200 11139 "https://tejoversea.com/track-order/" "Mozilla/5.0 (Linux; Android 10; K) AppleWebKit/537.36 (KHTML, like Gecko) Chrome/145.0.0.0 Mobile Safari/537.36"
106.221.235.108 - - [26/Feb/2026:13:57:50 -0500] "GET /wp-content/themes/logistek/assets/revolution/js/extensions/revolution.extension.layeranimation.min.js?ver=6.0.2 HTTP/1.1" 200 12341 "https://tejoversea.com/track-order/" "Mozilla/5.0 (Linux; Android 10; K) AppleWebKit/537.36 (KHTML, like Gecko) Chrome/145.0.0.0 Mobile Safari/537.36"
106.221.235.108 - - [26/Feb/2026:13:57:50 -0500] "GET /wp-content/themes/logistek/assets/js/jquery.scrollUp.min.js?ver=6.0.2 HTTP/1.1" 200 853 "https://tejoversea.com/track-order/" "Mozilla/5.0 (Linux; Android 10; K) AppleWebKit/537.36 (KHTML, like Gecko) Chrome/145.0.0.0 Mobile Safari/537.36"
106.221.235.108 - - [26/Feb/2026:13:57:50 -0500] "GET /wp-content/themes/logistek/assets/revolution/js/extensions/revolution.extension.slideanims.min.js?ver=6.0.2 HTTP/1.1" 200 6396 "https://tejoversea.com/track-order/" "Mozilla/5.0 (Linux; Android 10; K) AppleWebKit/537.36 (KHTML, like Gecko) Chrome/145.0.0.0 Mobile Safari/537.36"
106.221.235.108 - - [26/Feb/2026:13:57:50 -0500] "GET /wp-content/themes/logistek/assets/js/jquery.magnific-popup.min.js?ver=6.0.2 HTTP/1.1" 200 7043 "https://tejoversea.com/track-order/" "Mozilla/5.0 (Linux; Android 10; K) AppleWebKit/537.36 (KHTML, like Gecko) Chrome/145.0.0.0 Mobile Safari/537.36"
106.221.235.108 - - [26/Feb/2026:13:57:50 -0500] "GET /wp-content/themes/logistek/assets/revolution/js/extensions/revolution.extension.parallax.min.js?ver=6.0.2 HTTP/1.1" 200 2917 "https://tejoversea.com/track-order/" "Mozilla/5.0 (Linux; Android 10; K) AppleWebKit/537.36 (KHTML, like Gecko) Chrome/145.0.0.0 Mobile Safari/537.36"
106.221.235.108 - - [26/Feb/2026:13:57:50 -0500] "GET /wp-content/themes/logistek/assets/js/isotope.pkgd.min.js?ver=6.0.2 HTTP/1.1" 200 9601 "https://tejoversea.com/track-order/" "Mozilla/5.0 (Linux; Android 10; K) AppleWebKit/537.36 (KHTML, like Gecko) Chrome/145.0.0.0 Mobile Safari/537.36"
106.221.235.108 - - [26/Feb/2026:13:57:50 -0500] "GET /wp-content/themes/logistek/assets/js/wow.js?ver=6.0.2 HTTP/1.1" 200 2035 "https://tejoversea.com/track-order/" "Mozilla/5.0 (Linux; Android 10; K) AppleWebKit/537.36 (KHTML, like Gecko) Chrome/145.0.0.0 Mobile Safari/537.36"
106.221.235.108 - - [26/Feb/2026:13:57:50 -0500] "GET /wp-content/plugins/elementor-pro/assets/js/webpack-pro.runtime.min.js?ver=3.7.7 HTTP/1.1" 200 2188 "https://tejoversea.com/track-order/" "Mozilla/5.0 (Linux; Android 10; K) AppleWebKit/537.36 (KHTML, like Gecko) Chrome/145.0.0.0 Mobile Safari/537.36"
106.221.235.108 - - [26/Feb/2026:13:57:50 -0500] "GET /wp-content/plugins/logistek-elementor/assets/js/bdevs-elementor.js?ver=1.0.0 HTTP/1.1" 200 263 "https://tejoversea.com/track-order/" "Mozilla/5.0 (Linux; Android 10; K) AppleWebKit/537.36 (KHTML, like Gecko) Chrome/145.0.0.0 Mobile Safari/537.36"
106.221.235.108 - - [26/Feb/2026:13:57:50 -0500] "GET /wp-content/themes/logistek/assets/js/imagesloaded.pkgd.min.js?ver=6.0.2 HTTP/1.1" 200 1712 "https://tejoversea.com/track-order/" "Mozilla/5.0 (Linux; Android 10; K) AppleWebKit/537.36 (KHTML, like Gecko) Chrome/145.0.0.0 Mobile Safari/537.36"
106.221.235.108 - - [26/Feb/2026:13:57:50 -0500] "GET /wp-content/themes/logistek/assets/js/appear.js?ver=6.0.2 HTTP/1.1" 200 1226 "https://tejoversea.com/track-order/" "Mozilla/5.0 (Linux; Android 10; K) AppleWebKit/537.36 (KHTML, like Gecko) Chrome/145.0.0.0 Mobile Safari/537.36"
106.221.235.108 - - [26/Feb/2026:13:57:50 -0500] "GET /wp-content/plugins/elementor/assets/js/frontend-modules.min.js?ver=3.7.7 HTTP/1.1" 200 10420 "https://tejoversea.com/track-order/" "Mozilla/5.0 (Linux; Android 10; K) AppleWebKit/537.36 (KHTML, like Gecko) Chrome/145.0.0.0 Mobile Safari/537.36"
106.221.235.108 - - [26/Feb/2026:13:57:50 -0500] "GET /wp-content/plugins/elementor-pro/assets/js/frontend.min.js?ver=3.7.7 HTTP/1.1" 200 5506 "https://tejoversea.com/track-order/" "Mozilla/5.0 (Linux; Android 10; K) AppleWebKit/537.36 (KHTML, like Gecko) Chrome/145.0.0.0 Mobile Safari/537.36"
