152.59.146.14 - - [27/Feb/2026:00:12:20 -0500] "GET /wp-content/themes/logistek/assets/fonts/webexflaticon/Flaticon.woff2 HTTP/1.1" 200 49320 "https://tejoversea.com/wp-content/themes/logistek/assets/fonts/webexflaticon/flaticon.css?ver=6.0.2" "Mozilla/5.0 (Linux; U; Android 15; en-gb; RMX3867 Build/AP3A.240617.008) AppleWebKit/537.36 (KHTML, like Gecko) Chrome/125.0.6422.72 Mobile Safari/537.36 HeyTapBrowser/45.13.8.1"
152.59.146.14 - - [27/Feb/2026:00:12:20 -0500] "GET /wp-content/themes/logistek/assets/fonts/webexicon/fonts/webexicon.ttf?aeef8j HTTP/1.1" 200 218068 "https://tejoversea.com/wp-content/themes/logistek/assets/fonts/webexicon/style.css?ver=6.0.2" "Mozilla/5.0 (Linux; U; Android 15; en-gb; RMX3867 Build/AP3A.240617.008) AppleWebKit/537.36 (KHTML, like Gecko) Chrome/125.0.6422.72 Mobile Safari/537.36 HeyTapBrowser/45.13.8.1"
152.59.146.14 - - [27/Feb/2026:00:12:23 -0500] "GET /wp-json/contact-form-7/v1/contact-forms/130/feedback/schema HTTP/1.1" 200 549 "https://tejoversea.com/" "Mozilla/5.0 (Linux; U; Android 15; en-gb; RMX3867 Build/AP3A.240617.008) AppleWebKit/537.36 (KHTML, like Gecko) Chrome/125.0.6422.72 Mobile Safari/537.36 HeyTapBrowser/45.13.8.1"
152.59.146.14 - - [27/Feb/2026:00:12:29 -0500] "GET /wp-json/contact-form-7/v1/contact-forms/130/refill HTTP/1.1" 200 2 "https://tejoversea.com/" "Mozilla/5.0 (Linux; U; Android 15; en-gb; RMX3867 Build/AP3A.240617.008) AppleWebKit/537.36 (KHTML, like Gecko) Chrome/125.0.6422.72 Mobile Safari/537.36 HeyTapBrowser/45.13.8.1"
152.59.146.14 - - [27/Feb/2026:00:12:47 -0500] "GET /wp-content/themes/logistek/assets/img/side-panel/1.jpg HTTP/1.1" 404 6977 "https://tejoversea.com/track-order/" "Mozilla/5.0 (Linux; U; Android 15; en-gb; RMX3867 Build/AP3A.240617.008) AppleWebKit/537.36 (KHTML, like Gecko) Chrome/125.0.6422.72 Mobile Safari/537.36 HeyTapBrowser/45.13.8.1"
152.59.146.14 - - [27/Feb/2026:00:12:47 -0500] "GET /wp-content/uploads/elementor/css/post-464.css?ver=1747180140 HTTP/1.1" 200 250 "https://tejoversea.com/track-order/" "Mozilla/5.0 (Linux; U; Android 15; en-gb; RMX3867 Build/AP3A.240617.008) AppleWebKit/537.36 (KHTML, like Gecko) Chrome/125.0.6422.72 Mobile Safari/537.36 HeyTapBrowser/45.13.8.1"
162.213.253.84 - - [27/Feb/2026:00:12:47 -0500] "POST /wp-cron.php?doing_wp_cron=1772169167.0235970020294189453125 HTTP/1.1" 200 0 "https://tejoversea.com/wp-cron.php?doing_wp_cron=1772169167.0235970020294189453125" "WordPress/6.0.2; https://tejoversea.com"
152.59.146.14 - - [27/Feb/2026:00:12:48 -0500] "GET /wp-content/themes/logistek/assets/img/side-panel/4.jpg HTTP/1.1" 404 6973 "https://tejoversea.com/track-order/" "Mozilla/5.0 (Linux; U; Android 15; en-gb; RMX3867 Build/AP3A.240617.008) AppleWebKit/537.36 (KHTML, like Gecko) Chrome/125.0.6422.72 Mobile Safari/537.36 HeyTapBrowser/45.13.8.1"
152.59.146.14 - - [27/Feb/2026:00:12:48 -0500] "GET /wp-content/themes/logistek/assets/img/side-panel/6.jpg HTTP/1.1" 404 6977 "https://tejoversea.com/track-order/" "Mozilla/5.0 (Linux; U; Android 15; en-gb; RMX3867 Build/AP3A.240617.008) AppleWebKit/537.36 (KHTML, like Gecko) Chrome/125.0.6422.72 Mobile Safari/537.36 HeyTapBrowser/45.13.8.1"
152.59.146.14 - - [27/Feb/2026:00:12:48 -0500] "GET /wp-content/uploads/2022/10/logo-white-e1664945180549.png HTTP/1.1" 200 17044 "https://tejoversea.com/track-order/" "Mozilla/5.0 (Linux; U; Android 15; en-gb; RMX3867 Build/AP3A.240617.008) AppleWebKit/537.36 (KHTML, like Gecko) Chrome/125.0.6422.72 Mobile Safari/537.36 HeyTapBrowser/45.13.8.1"
106.221.234.173 - - [27/Feb/2026:00:12:51 -0500] "GET /contact-us/ HTTP/1.1" 200 12972 "-" "Mozilla/5.0 (Linux; Android 10; K) AppleWebKit/537.36 (KHTML, like Gecko) Chrome/145.0.0.0 Mobile Safari/537.36"
106.221.234.173 - - [27/Feb/2026:00:12:52 -0500] "GET /wp-content/plugins/order-tracking/css/pure-forms.css?ver=2.11.9 HTTP/1.1" 200 1457 "https://tejoversea.com/contact-us/" "Mozilla/5.0 (Linux; Android 10; K) AppleWebKit/537.36 (KHTML, like Gecko) Chrome/145.0.0.0 Mobile Safari/537.36"
152.59.146.14 - - [27/Feb/2026:00:12:46 -0500] "GET /track-order/ HTTP/1.1" 200 12552 "https://tejoversea.com/" "Mozilla/5.0 (Linux; U; Android 15; en-gb; RMX3867 Build/AP3A.240617.008) AppleWebKit/537.36 (KHTML, like Gecko) Chrome/125.0.6422.72 Mobile Safari/537.36 HeyTapBrowser/45.13.8.1"
152.59.146.14 - - [27/Feb/2026:00:12:47 -0500] "GET /wp-content/themes/logistek/assets/img/side-panel/2.jpg HTTP/1.1" 404 6977 "https://tejoversea.com/track-order/" "Mozilla/5.0 (Linux; U; Android 15; en-gb; RMX3867 Build/AP3A.240617.008) AppleWebKit/537.36 (KHTML, like Gecko) Chrome/125.0.6422.72 Mobile Safari/537.36 HeyTapBrowser/45.13.8.1"
152.59.146.14 - - [27/Feb/2026:00:12:48 -0500] "GET /wp-content/themes/logistek/assets/img/side-panel/3.jpg HTTP/1.1" 404 6977 "https://tejoversea.com/track-order/" "Mozilla/5.0 (Linux; U; Android 15; en-gb; RMX3867 Build/AP3A.240617.008) AppleWebKit/537.36 (KHTML, like Gecko) Chrome/125.0.6422.72 Mobile Safari/537.36 HeyTapBrowser/45.13.8.1"
152.59.146.14 - - [27/Feb/2026:00:12:48 -0500] "GET /wp-content/themes/logistek/assets/img/side-panel/5.jpg HTTP/1.1" 404 6977 "https://tejoversea.com/track-order/" "Mozilla/5.0 (Linux; U; Android 15; en-gb; RMX3867 Build/AP3A.240617.008) AppleWebKit/537.36 (KHTML, like Gecko) Chrome/125.0.6422.72 Mobile Safari/537.36 HeyTapBrowser/45.13.8.1"
162.213.253.84 - - [27/Feb/2026:00:12:47 -0500] "POST /wp-admin/admin-ajax.php?action=async_litespeed&nonce=aa6694b328&litespeed_type=imgoptm HTTP/1.1" 200 0 "https://tejoversea.com/wp-admin/admin-ajax.php?action=async_litespeed&nonce=aa6694b328&litespeed_type=imgoptm" "WordPress/6.0.2; https://tejoversea.com"
106.221.234.173 - - [27/Feb/2026:00:12:52 -0500] "GET /wp-content/plugins/wp-call-button/assets/block/build/index.css?ver=a1dbfd3fcfcfb0740ca8c4771bbdc4c3 HTTP/1.1" 200 259 "https://tejoversea.com/contact-us/" "Mozilla/5.0 (Linux; Android 10; K) AppleWebKit/537.36 (KHTML, like Gecko) Chrome/145.0.0.0 Mobile Safari/537.36"
106.221.234.173 - - [27/Feb/2026:00:12:52 -0500] "GET /wp-content/plugins/contact-form-7/includes/css/styles.css?ver=5.6.3 HTTP/1.1" 200 848 "https://tejoversea.com/contact-us/" "Mozilla/5.0 (Linux; Android 10; K) AppleWebKit/537.36 (KHTML, like Gecko) Chrome/145.0.0.0 Mobile Safari/537.36"
106.221.234.173 - - [27/Feb/2026:00:12:52 -0500] "GET /wp-content/plugins/order-tracking/css/pure-grids.css?ver=2.11.9 HTTP/1.1" 200 259 "https://tejoversea.com/contact-us/" "Mozilla/5.0 (Linux; Android 10; K) AppleWebKit/537.36 (KHTML, like Gecko) Chrome/145.0.0.0 Mobile Safari/537.36"
106.221.234.173 - - [27/Feb/2026:00:12:52 -0500] "GET /wp-content/plugins/order-tracking/css/pure-grids-nr.css?ver=2.11.9 HTTP/1.1" 200 476 "https://tejoversea.com/contact-us/" "Mozilla/5.0 (Linux; Android 10; K) AppleWebKit/537.36 (KHTML, like Gecko) Chrome/145.0.0.0 Mobile Safari/537.36"
106.221.234.173 - - [27/Feb/2026:00:12:52 -0500] "GET /wp-content/plugins/order-tracking/css/pure-forms-nr.css?ver=2.11.9 HTTP/1.1" 200 1471 "https://tejoversea.com/contact-us/" "Mozilla/5.0 (Linux; Android 10; K) AppleWebKit/537.36 (KHTML, like Gecko) Chrome/145.0.0.0 Mobile Safari/537.36"
106.221.234.173 - - [27/Feb/2026:00:12:52 -0500] "GET /wp-content/plugins/order-tracking/css/otp-styles.css?ver=2.11.9 HTTP/1.1" 200 1684 "https://tejoversea.com/contact-us/" "Mozilla/5.0 (Linux; Android 10; K) AppleWebKit/537.36 (KHTML, like Gecko) Chrome/145.0.0.0 Mobile Safari/537.36"
106.221.234.173 - - [27/Feb/2026:00:12:52 -0500] "GET /wp-content/themes/logistek/assets/css/bootstrap.min.css?ver=6.0.2 HTTP/1.1" 200 19105 "https://tejoversea.com/contact-us/" "Mozilla/5.0 (Linux; Android 10; K) AppleWebKit/537.36 (KHTML, like Gecko) Chrome/145.0.0.0 Mobile Safari/537.36"
106.221.234.173 - - [27/Feb/2026:00:12:52 -0500] "GET /wp-includes/css/dist/block-library/style.min.css?ver=6.0.2 HTTP/1.1" 200 10946 "https://tejoversea.com/contact-us/" "Mozilla/5.0 (Linux; Android 10; K) AppleWebKit/537.36 (KHTML, like Gecko) Chrome/145.0.0.0 Mobile Safari/537.36"
106.221.234.173 - - [27/Feb/2026:00:12:52 -0500] "GET /wp-content/themes/logistek/assets/fonts/fontawesome/css/all.css?ver=6.0.2 HTTP/1.1" 200 12558 "https://tejoversea.com/contact-us/" "Mozilla/5.0 (Linux; Android 10; K) AppleWebKit/537.36 (KHTML, like Gecko) Chrome/145.0.0.0 Mobile Safari/537.36"
106.221.234.173 - - [27/Feb/2026:00:12:52 -0500] "GET /wp-content/themes/logistek/assets/css/custom-animation.css?ver=6.0.2 HTTP/1.1" 200 676 "https://tejoversea.com/contact-us/" "Mozilla/5.0 (Linux; Android 10; K) AppleWebKit/537.36 (KHTML, like Gecko) Chrome/145.0.0.0 Mobile Safari/537.36"
106.221.234.173 - - [27/Feb/2026:00:12:52 -0500] "GET /wp-content/themes/logistek/assets/css/style.css?ver=6.0.2 HTTP/1.1" 200 15285 "https://tejoversea.com/contact-us/" "Mozilla/5.0 (Linux; Android 10; K) AppleWebKit/537.36 (KHTML, like Gecko) Chrome/145.0.0.0 Mobile Safari/537.36"
106.221.234.173 - - [27/Feb/2026:00:12:52 -0500] "GET /wp-content/themes/logistek/style.css?ver=2021-04-14 HTTP/1.1" 200 4684 "https://tejoversea.com/contact-us/" "Mozilla/5.0 (Linux; Android 10; K) AppleWebKit/537.36 (KHTML, like Gecko) Chrome/145.0.0.0 Mobile Safari/537.36"
106.221.234.173 - - [27/Feb/2026:00:12:52 -0500] "GET /wp-content/plugins/creame-whatsapp-me/public/css/joinchat-btn.min.css?ver=4.5.9 HTTP/1.1" 200 1951 "https://tejoversea.com/contact-us/" "Mozilla/5.0 (Linux; Android 10; K) AppleWebKit/537.36 (KHTML, like Gecko) Chrome/145.0.0.0 Mobile Safari/537.36"
106.221.234.173 - - [27/Feb/2026:00:12:52 -0500] "GET /wp-content/themes/logistek/assets/css/magnific-popup.css?ver=6.0.2 HTTP/1.1" 200 1660 "https://tejoversea.com/contact-us/" "Mozilla/5.0 (Linux; Android 10; K) AppleWebKit/537.36 (KHTML, like Gecko) Chrome/145.0.0.0 Mobile Safari/537.36"
106.221.234.173 - - [27/Feb/2026:00:12:52 -0500] "GET /wp-content/themes/logistek/assets/fonts/webexicon/style.css?ver=6.0.2 HTTP/1.1" 200 6167 "https://tejoversea.com/contact-us/" "Mozilla/5.0 (Linux; Android 10; K) AppleWebKit/537.36 (KHTML, like Gecko) Chrome/145.0.0.0 Mobile Safari/537.36"
106.221.234.173 - - [27/Feb/2026:00:12:52 -0500] "GET /wp-content/themes/logistek/assets/css/responsive.css?ver=6.0.2 HTTP/1.1" 200 1645 "https://tejoversea.com/contact-us/" "Mozilla/5.0 (Linux; Android 10; K) AppleWebKit/537.36 (KHTML, like Gecko) Chrome/145.0.0.0 Mobile Safari/537.36"
106.221.234.173 - - [27/Feb/2026:00:12:52 -0500] "GET /wp-content/themes/logistek/assets/css/animate.css?ver=6.0.2 HTTP/1.1" 200 4452 "https://tejoversea.com/contact-us/" "Mozilla/5.0 (Linux; Android 10; K) AppleWebKit/537.36 (KHTML, like Gecko) Chrome/145.0.0.0 Mobile Safari/537.36"
106.221.234.173 - - [27/Feb/2026:00:12:52 -0500] "GET /wp-content/themes/logistek/assets/css/owl.carousel.min.css?ver=6.0.2 HTTP/1.1" 200 915 "https://tejoversea.com/contact-us/" "Mozilla/5.0 (Linux; Android 10; K) AppleWebKit/537.36 (KHTML, like Gecko) Chrome/145.0.0.0 Mobile Safari/537.36"
106.221.234.173 - - [27/Feb/2026:00:12:52 -0500] "GET /wp-content/plugins/elementor/assets/css/frontend-lite.min.css?ver=3.7.7 HTTP/1.1" 200 12986 "https://tejoversea.com/contact-us/" "Mozilla/5.0 (Linux; Android 10; K) AppleWebKit/537.36 (KHTML, like Gecko) Chrome/145.0.0.0 Mobile Safari/537.36"
106.221.234.173 - - [27/Feb/2026:00:12:52 -0500] "GET /wp-content/uploads/elementor/css/post-24.css?ver=1664536342 HTTP/1.1" 200 329 "https://tejoversea.com/contact-us/" "Mozilla/5.0 (Linux; Android 10; K) AppleWebKit/537.36 (KHTML, like Gecko) Chrome/145.0.0.0 Mobile Safari/537.36"
106.221.234.173 - - [27/Feb/2026:00:12:52 -0500] "GET /wp-content/uploads/elementor/css/global.css?ver=1664536355 HTTP/1.1" 200 2637 "https://tejoversea.com/contact-us/" "Mozilla/5.0 (Linux; Android 10; K) AppleWebKit/537.36 (KHTML, like Gecko) Chrome/145.0.0.0 Mobile Safari/537.36"
106.221.234.173 - - [27/Feb/2026:00:12:52 -0500] "GET /wp-content/plugins/order-tracking/js/ewd-otp-js.js?ver=2.11.9 HTTP/1.1" 200 1103 "https://tejoversea.com/contact-us/" "Mozilla/5.0 (Linux; Android 10; K) AppleWebKit/537.36 (KHTML, like Gecko) Chrome/145.0.0.0 Mobile Safari/537.36"
106.221.234.173 - - [27/Feb/2026:00:12:52 -0500] "GET /wp-content/plugins/order-tracking/css/jquery-ui.min.css?ver=6.0.2 HTTP/1.1" 200 7327 "https://tejoversea.com/contact-us/" "Mozilla/5.0 (Linux; Android 10; K) AppleWebKit/537.36 (KHTML, like Gecko) Chrome/145.0.0.0 Mobile Safari/537.36"
106.221.234.173 - - [27/Feb/2026:00:12:52 -0500] "GET /wp-content/plugins/order-tracking/css/pure-buttons.css?ver=2.11.9 HTTP/1.1" 200 659 "https://tejoversea.com/contact-us/" "Mozilla/5.0 (Linux; Android 10; K) AppleWebKit/537.36 (KHTML, like Gecko) Chrome/145.0.0.0 Mobile Safari/537.36"
106.221.234.173 - - [27/Feb/2026:00:12:52 -0500] "GET /wp-content/themes/logistek/assets/fonts/webexflaticon/flaticon.css?ver=6.0.2 HTTP/1.1" 200 1514 "https://tejoversea.com/contact-us/" "Mozilla/5.0 (Linux; Android 10; K) AppleWebKit/537.36 (KHTML, like Gecko) Chrome/145.0.0.0 Mobile Safari/537.36"
106.221.234.173 - - [27/Feb/2026:00:12:52 -0500] "GET /wp-content/themes/logistek/assets/css/meanmenu.min.css?ver=6.0.2 HTTP/1.1" 200 941 "https://tejoversea.com/contact-us/" "Mozilla/5.0 (Linux; Android 10; K) AppleWebKit/537.36 (KHTML, like Gecko) Chrome/145.0.0.0 Mobile Safari/537.36"
106.221.234.173 - - [27/Feb/2026:00:12:52 -0500] "GET /wp-content/plugins/elementor/assets/lib/eicons/css/elementor-icons.min.css?ver=5.16.0 HTTP/1.1" 200 3629 "https://tejoversea.com/contact-us/" "Mozilla/5.0 (Linux; Android 10; K) AppleWebKit/537.36 (KHTML, like Gecko) Chrome/145.0.0.0 Mobile Safari/537.36"
106.221.234.173 - - [27/Feb/2026:00:12:52 -0500] "GET /wp-includes/js/jquery/jquery.min.js?ver=3.6.0 HTTP/1.1" 200 30273 "https://tejoversea.com/contact-us/" "Mozilla/5.0 (Linux; Android 10; K) AppleWebKit/537.36 (KHTML, like Gecko) Chrome/145.0.0.0 Mobile Safari/537.36"
106.221.234.173 - - [27/Feb/2026:00:12:52 -0500] "GET /wp-includes/js/jquery/jquery-migrate.min.js?ver=3.3.2 HTTP/1.1" 200 3995 "https://tejoversea.com/contact-us/" "Mozilla/5.0 (Linux; Android 10; K) AppleWebKit/537.36 (KHTML, like Gecko) Chrome/145.0.0.0 Mobile Safari/537.36"
106.221.234.173 - - [27/Feb/2026:00:12:54 -0500] "GET /wp-content/themes/logistek/assets/img/side-panel/1.jpg HTTP/1.1" 404 6977 "https://tejoversea.com/contact-us/" "Mozilla/5.0 (Linux; Android 10; K) AppleWebKit/537.36 (KHTML, like Gecko) Chrome/145.0.0.0 Mobile Safari/537.36"
106.221.234.173 - - [27/Feb/2026:00:12:54 -0500] "GET /wp-content/themes/logistek/assets/img/side-panel/2.jpg HTTP/1.1" 404 6977 "https://tejoversea.com/contact-us/" "Mozilla/5.0 (Linux; Android 10; K) AppleWebKit/537.36 (KHTML, like Gecko) Chrome/145.0.0.0 Mobile Safari/537.36"
106.221.234.173 - - [27/Feb/2026:00:12:54 -0500] "GET /wp-content/themes/logistek/assets/img/side-panel/3.jpg HTTP/1.1" 404 6977 "https://tejoversea.com/contact-us/" "Mozilla/5.0 (Linux; Android 10; K) AppleWebKit/537.36 (KHTML, like Gecko) Chrome/145.0.0.0 Mobile Safari/537.36"
106.221.234.173 - - [27/Feb/2026:00:12:54 -0500] "GET /wp-content/plugins/contact-form-7/includes/swv/js/index.js?ver=5.6.3 HTTP/1.1" 200 2799 "https://tejoversea.com/contact-us/" "Mozilla/5.0 (Linux; Android 10; K) AppleWebKit/537.36 (KHTML, like Gecko) Chrome/145.0.0.0 Mobile Safari/537.36"
106.221.234.173 - - [27/Feb/2026:00:12:54 -0500] "GET /wp-content/plugins/contact-form-7/includes/js/index.js?ver=5.6.3 HTTP/1.1" 200 3689 "https://tejoversea.com/contact-us/" "Mozilla/5.0 (Linux; Android 10; K) AppleWebKit/537.36 (KHTML, like Gecko) Chrome/145.0.0.0 Mobile Safari/537.36"
106.221.234.173 - - [27/Feb/2026:00:12:54 -0500] "GET /wp-content/themes/logistek/assets/fonts/webexicon/fonts/webexicon.ttf?aeef8j HTTP/1.1" 200 218068 "https://tejoversea.com/wp-content/themes/logistek/assets/fonts/webexicon/style.css?ver=6.0.2" "Mozilla/5.0 (Linux; Android 10; K) AppleWebKit/537.36 (KHTML, like Gecko) Chrome/145.0.0.0 Mobile Safari/537.36"
106.221.234.173 - - [27/Feb/2026:00:12:52 -0500] "GET /wp-content/plugins/elementor-pro/assets/css/frontend-lite.min.css?ver=3.7.7 HTTP/1.1" 200 1533 "https://tejoversea.com/contact-us/" "Mozilla/5.0 (Linux; Android 10; K) AppleWebKit/537.36 (KHTML, like Gecko) Chrome/145.0.0.0 Mobile Safari/537.36"
106.221.234.173 - - [27/Feb/2026:00:12:54 -0500] "GET /wp-content/uploads/2022/10/logo-black-e1664945148632.png HTTP/1.1" 200 18396 "https://tejoversea.com/contact-us/" "Mozilla/5.0 (Linux; Android 10; K) AppleWebKit/537.36 (KHTML, like Gecko) Chrome/145.0.0.0 Mobile Safari/537.36"
106.221.234.173 - - [27/Feb/2026:00:12:54 -0500] "GET /wp-content/uploads/2022/10/Tej-Oversea-Logistic-e1664610081961.png HTTP/1.1" 200 14639 "https://tejoversea.com/contact-us/" "Mozilla/5.0 (Linux; Android 10; K) AppleWebKit/537.36 (KHTML, like Gecko) Chrome/145.0.0.0 Mobile Safari/537.36"
106.221.234.173 - - [27/Feb/2026:00:12:54 -0500] "GET /wp-includes/js/jquery/ui/core.min.js?ver=1.13.1 HTTP/1.1" 200 6637 "https://tejoversea.com/contact-us/" "Mozilla/5.0 (Linux; Android 10; K) AppleWebKit/537.36 (KHTML, like Gecko) Chrome/145.0.0.0 Mobile Safari/537.36"
106.221.234.173 - - [27/Feb/2026:00:12:54 -0500] "GET /wp-content/themes/logistek/assets/fonts/fontawesome/webfonts/fa-solid-900.woff2 HTTP/1.1" 200 79444 "https://tejoversea.com/wp-content/themes/logistek/assets/fonts/fontawesome/css/all.css?ver=6.0.2" "Mozilla/5.0 (Linux; Android 10; K) AppleWebKit/537.36 (KHTML, like Gecko) Chrome/145.0.0.0 Mobile Safari/537.36"
106.221.234.173 - - [27/Feb/2026:00:12:54 -0500] "GET /wp-content/themes/logistek/assets/fonts/fontawesome/webfonts/fa-brands-400.woff2 HTTP/1.1" 200 76612 "https://tejoversea.com/wp-content/themes/logistek/assets/fonts/fontawesome/css/all.css?ver=6.0.2" "Mozilla/5.0 (Linux; Android 10; K) AppleWebKit/537.36 (KHTML, like Gecko) Chrome/145.0.0.0 Mobile Safari/537.36"
106.221.234.173 - - [27/Feb/2026:00:12:54 -0500] "GET /wp-content/themes/logistek/assets/images/preloader.svg HTTP/1.1" 200 546 "https://tejoversea.com/wp-content/themes/logistek/assets/css/style.css?ver=6.0.2" "Mozilla/5.0 (Linux; Android 10; K) AppleWebKit/537.36 (KHTML, like Gecko) Chrome/145.0.0.0 Mobile Safari/537.36"
106.221.234.173 - - [27/Feb/2026:00:12:54 -0500] "GET /wp-content/themes/logistek/assets/img/side-panel/4.jpg HTTP/1.1" 404 6973 "https://tejoversea.com/contact-us/" "Mozilla/5.0 (Linux; Android 10; K) AppleWebKit/537.36 (KHTML, like Gecko) Chrome/145.0.0.0 Mobile Safari/537.36"
106.221.234.173 - - [27/Feb/2026:00:12:54 -0500] "GET /wp-content/themes/logistek/assets/img/side-panel/6.jpg HTTP/1.1" 404 6977 "https://tejoversea.com/contact-us/" "Mozilla/5.0 (Linux; Android 10; K) AppleWebKit/537.36 (KHTML, like Gecko) Chrome/145.0.0.0 Mobile Safari/537.36"
106.221.234.173 - - [27/Feb/2026:00:12:54 -0500] "GET /wp-includes/js/jquery/ui/datepicker.min.js?ver=1.13.1 HTTP/1.1" 200 10499 "https://tejoversea.com/contact-us/" "Mozilla/5.0 (Linux; Android 10; K) AppleWebKit/537.36 (KHTML, like Gecko) Chrome/145.0.0.0 Mobile Safari/537.36"
106.221.234.173 - - [27/Feb/2026:00:12:57 -0500] "GET /wp-content/themes/logistek/assets/revolution/js/extensions/revolution.extension.actions.min.js?ver=6.0.2 HTTP/1.1" 200 2526 "https://tejoversea.com/contact-us/" "Mozilla/5.0 (Linux; Android 10; K) AppleWebKit/537.36 (KHTML, like Gecko) Chrome/145.0.0.0 Mobile Safari/537.36"
106.221.234.173 - - [27/Feb/2026:00:12:57 -0500] "GET /wp-content/themes/logistek/assets/revolution/js/slider_v1.js?ver=6.0.2 HTTP/1.1" 200 939 "https://tejoversea.com/contact-us/" "Mozilla/5.0 (Linux; Android 10; K) AppleWebKit/537.36 (KHTML, like Gecko) Chrome/145.0.0.0 Mobile Safari/537.36"
106.221.234.173 - - [27/Feb/2026:00:12:57 -0500] "GET /wp-content/themes/logistek/assets/revolution/js/extensions/revolution.extension.kenburn.min.js?ver=6.0.2 HTTP/1.1" 200 1294 "https://tejoversea.com/contact-us/" "Mozilla/5.0 (Linux; Android 10; K) AppleWebKit/537.36 (KHTML, like Gecko) Chrome/145.0.0.0 Mobile Safari/537.36"
106.221.234.173 - - [27/Feb/2026:00:12:54 -0500] "GET /wp-content/themes/logistek/assets/img/side-panel/5.jpg HTTP/1.1" 404 6977 "https://tejoversea.com/contact-us/" "Mozilla/5.0 (Linux; Android 10; K) AppleWebKit/537.36 (KHTML, like Gecko) Chrome/145.0.0.0 Mobile Safari/537.36"
106.221.234.173 - - [27/Feb/2026:00:12:56 -0500] "GET /wp-content/themes/logistek/assets/js/jquery.v1.12.4.min.js?ver=6.0.2 HTTP/1.1" 200 32850 "https://tejoversea.com/contact-us/" "Mozilla/5.0 (Linux; Android 10; K) AppleWebKit/537.36 (KHTML, like Gecko) Chrome/145.0.0.0 Mobile Safari/537.36"
106.221.234.173 - - [27/Feb/2026:00:12:56 -0500] "GET /wp-content/themes/logistek/assets/revolution/js/jquery.themepunch.revolution.min.js?ver=6.0.2 HTTP/1.1" 200 16650 "https://tejoversea.com/contact-us/" "Mozilla/5.0 (Linux; Android 10; K) AppleWebKit/537.36 (KHTML, like Gecko) Chrome/145.0.0.0 Mobile Safari/537.36"
106.221.234.173 - - [27/Feb/2026:00:12:56 -0500] "GET /wp-content/themes/logistek/assets/js/bootstrap.min.js?ver=6.0.2 HTTP/1.1" 200 13378 "https://tejoversea.com/contact-us/" "Mozilla/5.0 (Linux; Android 10; K) AppleWebKit/537.36 (KHTML, like Gecko) Chrome/145.0.0.0 Mobile Safari/537.36"
106.221.234.173 - - [27/Feb/2026:00:12:56 -0500] "GET /wp-content/themes/logistek/assets/js/main.js?ver=6.0.2 HTTP/1.1" 200 2788 "https://tejoversea.com/contact-us/" "Mozilla/5.0 (Linux; Android 10; K) AppleWebKit/537.36 (KHTML, like Gecko) Chrome/145.0.0.0 Mobile Safari/537.36"
106.221.234.173 - - [27/Feb/2026:00:12:56 -0500] "GET /wp-content/themes/logistek/assets/revolution/js/jquery.themepunch.tools.min.js?ver=6.0.2 HTTP/1.1" 200 32595 "https://tejoversea.com/contact-us/" "Mozilla/5.0 (Linux; Android 10; K) AppleWebKit/537.36 (KHTML, like Gecko) Chrome/145.0.0.0 Mobile Safari/537.36"
106.221.234.173 - - [27/Feb/2026:00:12:57 -0500] "GET /wp-content/themes/logistek/assets/revolution/js/extensions/revolution.extension.layeranimation.min.js?ver=6.0.2 HTTP/1.1" 200 12341 "https://tejoversea.com/contact-us/" "Mozilla/5.0 (Linux; Android 10; K) AppleWebKit/537.36 (KHTML, like Gecko) Chrome/145.0.0.0 Mobile Safari/537.36"
106.221.234.173 - - [27/Feb/2026:00:12:57 -0500] "GET /wp-content/themes/logistek/assets/revolution/js/extensions/revolution.extension.carousel.min.js?ver=6.0.2 HTTP/1.1" 200 2462 "https://tejoversea.com/contact-us/" "Mozilla/5.0 (Linux; Android 10; K) AppleWebKit/537.36 (KHTML, like Gecko) Chrome/145.0.0.0 Mobile Safari/537.36"
106.221.234.173 - - [27/Feb/2026:00:12:58 -0500] "GET /wp-content/themes/logistek/assets/revolution/js/extensions/revolution.extension.migration.min.js?ver=6.0.2 HTTP/1.1" 200 1593 "https://tejoversea.com/contact-us/" "Mozilla/5.0 (Linux; Android 10; K) AppleWebKit/537.36 (KHTML, like Gecko) Chrome/145.0.0.0 Mobile Safari/537.36"
106.221.234.173 - - [27/Feb/2026:00:12:58 -0500] "GET /wp-content/themes/logistek/assets/revolution/js/extensions/revolution.extension.navigation.min.js?ver=6.0.2 HTTP/1.1" 200 6714 "https://tejoversea.com/contact-us/" "Mozilla/5.0 (Linux; Android 10; K) AppleWebKit/537.36 (KHTML, like Gecko) Chrome/145.0.0.0 Mobile Safari/537.36"
106.221.234.173 - - [27/Feb/2026:00:12:58 -0500] "GET /wp-content/themes/logistek/assets/revolution/js/extensions/revolution.extension.slideanims.min.js?ver=6.0.2 HTTP/1.1" 200 6396 "https://tejoversea.com/contact-us/" "Mozilla/5.0 (Linux; Android 10; K) AppleWebKit/537.36 (KHTML, like Gecko) Chrome/145.0.0.0 Mobile Safari/537.36"
106.221.234.173 - - [27/Feb/2026:00:12:58 -0500] "GET /wp-content/themes/logistek/assets/revolution/js/extensions/revolution.extension.video.min.js?ver=6.0.2 HTTP/1.1" 200 5971 "https://tejoversea.com/contact-us/" "Mozilla/5.0 (Linux; Android 10; K) AppleWebKit/537.36 (KHTML, like Gecko) Chrome/145.0.0.0 Mobile Safari/537.36"
106.221.234.173 - - [27/Feb/2026:00:12:58 -0500] "GET /wp-content/themes/logistek/assets/js/jquery.magnific-popup.min.js?ver=6.0.2 HTTP/1.1" 200 7043 "https://tejoversea.com/contact-us/" "Mozilla/5.0 (Linux; Android 10; K) AppleWebKit/537.36 (KHTML, like Gecko) Chrome/145.0.0.0 Mobile Safari/537.36"
106.221.234.173 - - [27/Feb/2026:00:12:58 -0500] "GET /wp-content/themes/logistek/assets/js/imagesloaded.pkgd.min.js?ver=6.0.2 HTTP/1.1" 200 1712 "https://tejoversea.com/contact-us/" "Mozilla/5.0 (Linux; Android 10; K) AppleWebKit/537.36 (KHTML, like Gecko) Chrome/145.0.0.0 Mobile Safari/537.36"
106.221.234.173 - - [27/Feb/2026:00:12:58 -0500] "GET /wp-content/themes/logistek/assets/js/jquery.meanmenu.min.js?ver=6.0.2 HTTP/1.1" 200 1303 "https://tejoversea.com/contact-us/" "Mozilla/5.0 (Linux; Android 10; K) AppleWebKit/537.36 (KHTML, like Gecko) Chrome/145.0.0.0 Mobile Safari/537.36"
106.221.234.173 - - [27/Feb/2026:00:12:58 -0500] "GET /wp-content/themes/logistek/assets/js/jquery.scrollUp.min.js?ver=6.0.2 HTTP/1.1" 200 853 "https://tejoversea.com/contact-us/" "Mozilla/5.0 (Linux; Android 10; K) AppleWebKit/537.36 (KHTML, like Gecko) Chrome/145.0.0.0 Mobile Safari/537.36"
106.221.234.173 - - [27/Feb/2026:00:12:58 -0500] "GET /wp-content/themes/logistek/assets/js/owl.carousel.min.js?ver=6.0.2 HTTP/1.1" 200 11139 "https://tejoversea.com/contact-us/" "Mozilla/5.0 (Linux; Android 10; K) AppleWebKit/537.36 (KHTML, like Gecko) Chrome/145.0.0.0 Mobile Safari/537.36"
106.221.234.173 - - [27/Feb/2026:00:12:59 -0500] "GET /wp-content/themes/logistek/assets/js/appear.js?ver=6.0.2 HTTP/1.1" 200 1226 "https://tejoversea.com/contact-us/" "Mozilla/5.0 (Linux; Android 10; K) AppleWebKit/537.36 (KHTML, like Gecko) Chrome/145.0.0.0 Mobile Safari/537.36"
106.221.234.173 - - [27/Feb/2026:00:12:59 -0500] "GET /wp-content/plugins/elementor-pro/assets/js/webpack-pro.runtime.min.js?ver=3.7.7 HTTP/1.1" 200 2188 "https://tejoversea.com/contact-us/" "Mozilla/5.0 (Linux; Android 10; K) AppleWebKit/537.36 (KHTML, like Gecko) Chrome/145.0.0.0 Mobile Safari/537.36"
106.221.234.173 - - [27/Feb/2026:00:12:59 -0500] "GET /wp-content/plugins/connect-contact-form-7-to-social-apps/assets/js/cf7cw-front-script.js?ver=1.5 HTTP/1.1" 200 500 "https://tejoversea.com/contact-us/" "Mozilla/5.0 (Linux; Android 10; K) AppleWebKit/537.36 (KHTML, like Gecko) Chrome/145.0.0.0 Mobile Safari/537.36"
106.221.234.173 - - [27/Feb/2026:00:12:59 -0500] "GET /wp-content/plugins/elementor/assets/js/webpack.runtime.min.js?ver=3.7.7 HTTP/1.1" 200 2044 "https://tejoversea.com/contact-us/" "Mozilla/5.0 (Linux; Android 10; K) AppleWebKit/537.36 (KHTML, like Gecko) Chrome/145.0.0.0 Mobile Safari/537.36"
106.221.234.173 - - [27/Feb/2026:00:12:59 -0500] "GET /wp-includes/js/dist/vendor/wp-polyfill.min.js?ver=3.15.0 HTTP/1.1" 200 6872 "https://tejoversea.com/contact-us/" "Mozilla/5.0 (Linux; Android 10; K) AppleWebKit/537.36 (KHTML, like Gecko) Chrome/145.0.0.0 Mobile Safari/537.36"
106.221.234.173 - - [27/Feb/2026:00:12:59 -0500] "GET /wp-includes/js/dist/hooks.min.js?ver=c6d64f2cb8f5c6bb49caca37f8828ce3 HTTP/1.1" 200 1575 "https://tejoversea.com/contact-us/" "Mozilla/5.0 (Linux; Android 10; K) AppleWebKit/537.36 (KHTML, like Gecko) Chrome/145.0.0.0 Mobile Safari/537.36"
106.221.234.173 - - [27/Feb/2026:00:13:00 -0500] "GET /wp-includes/js/dist/i18n.min.js?ver=ebee46757c6a411e38fd079a7ac71d94 HTTP/1.1" 200 3717 "https://tejoversea.com/contact-us/" "Mozilla/5.0 (Linux; Android 10; K) AppleWebKit/537.36 (KHTML, like Gecko) Chrome/145.0.0.0 Mobile Safari/537.36"
106.221.234.173 - - [27/Feb/2026:00:13:00 -0500] "GET /wp-content/plugins/elementor/assets/lib/waypoints/waypoints.min.js?ver=4.0.2 HTTP/1.1" 200 2867 "https://tejoversea.com/contact-us/" "Mozilla/5.0 (Linux; Android 10; K) AppleWebKit/537.36 (KHTML, like Gecko) Chrome/145.0.0.0 Mobile Safari/537.36"
106.221.234.173 - - [27/Feb/2026:00:13:00 -0500] "GET /wp-content/plugins/elementor/assets/js/frontend.min.js?ver=3.7.7 HTTP/1.1" 200 11703 "https://tejoversea.com/contact-us/" "Mozilla/5.0 (Linux; Android 10; K) AppleWebKit/537.36 (KHTML, like Gecko) Chrome/145.0.0.0 Mobile Safari/537.36"
106.221.234.173 - - [27/Feb/2026:00:12:58 -0500] "GET /wp-content/themes/logistek/assets/revolution/js/extensions/revolution.extension.parallax.min.js?ver=6.0.2 HTTP/1.1" 200 2917 "https://tejoversea.com/contact-us/" "Mozilla/5.0 (Linux; Android 10; K) AppleWebKit/537.36 (KHTML, like Gecko) Chrome/145.0.0.0 Mobile Safari/537.36"
106.221.234.173 - - [27/Feb/2026:00:12:59 -0500] "GET /wp-content/themes/logistek/assets/js/jquery.counterup.min.js?ver=6.0.2 HTTP/1.1" 200 496 "https://tejoversea.com/contact-us/" "Mozilla/5.0 (Linux; Android 10; K) AppleWebKit/537.36 (KHTML, like Gecko) Chrome/145.0.0.0 Mobile Safari/537.36"
106.221.234.173 - - [27/Feb/2026:00:12:59 -0500] "GET /wp-content/themes/logistek/assets/js/waypoints.min.js?ver=6.0.2 HTTP/1.1" 200 2461 "https://tejoversea.com/contact-us/" "Mozilla/5.0 (Linux; Android 10; K) AppleWebKit/537.36 (KHTML, like Gecko) Chrome/145.0.0.0 Mobile Safari/537.36"
106.221.234.173 - - [27/Feb/2026:00:12:59 -0500] "GET /wp-content/themes/logistek/assets/js/wow.js?ver=6.0.2 HTTP/1.1" 200 2035 "https://tejoversea.com/contact-us/" "Mozilla/5.0 (Linux; Android 10; K) AppleWebKit/537.36 (KHTML, like Gecko) Chrome/145.0.0.0 Mobile Safari/537.36"
106.221.234.173 - - [27/Feb/2026:00:12:59 -0500] "GET /wp-content/themes/logistek/assets/js/isotope.pkgd.min.js?ver=6.0.2 HTTP/1.1" 200 9601 "https://tejoversea.com/contact-us/" "Mozilla/5.0 (Linux; Android 10; K) AppleWebKit/537.36 (KHTML, like Gecko) Chrome/145.0.0.0 Mobile Safari/537.36"
106.221.234.173 - - [27/Feb/2026:00:12:59 -0500] "GET /wp-content/plugins/creame-whatsapp-me/public/js/joinchat.min.js?ver=4.5.9 HTTP/1.1" 200 2504 "https://tejoversea.com/contact-us/" "Mozilla/5.0 (Linux; Android 10; K) AppleWebKit/537.36 (KHTML, like Gecko) Chrome/145.0.0.0 Mobile Safari/537.36"
106.221.234.173 - - [27/Feb/2026:00:13:00 -0500] "GET /wp-content/plugins/logistek-elementor/assets/js/bdevs-elementor.js?ver=1.0.0 HTTP/1.1" 200 263 "https://tejoversea.com/contact-us/" "Mozilla/5.0 (Linux; Android 10; K) AppleWebKit/537.36 (KHTML, like Gecko) Chrome/145.0.0.0 Mobile Safari/537.36"
106.221.234.173 - - [27/Feb/2026:00:13:00 -0500] "GET /wp-content/plugins/elementor/assets/js/frontend-modules.min.js?ver=3.7.7 HTTP/1.1" 200 10420 "https://tejoversea.com/contact-us/" "Mozilla/5.0 (Linux; Android 10; K) AppleWebKit/537.36 (KHTML, like Gecko) Chrome/145.0.0.0 Mobile Safari/537.36"
106.221.234.173 - - [27/Feb/2026:00:13:00 -0500] "GET /wp-includes/js/dist/vendor/regenerator-runtime.min.js?ver=0.13.9 HTTP/1.1" 200 2354 "https://tejoversea.com/contact-us/" "Mozilla/5.0 (Linux; Android 10; K) AppleWebKit/537.36 (KHTML, like Gecko) Chrome/145.0.0.0 Mobile Safari/537.36"
106.221.234.173 - - [27/Feb/2026:00:13:00 -0500] "GET /wp-content/plugins/elementor-pro/assets/js/frontend.min.js?ver=3.7.7 HTTP/1.1" 200 5506 "https://tejoversea.com/contact-us/" "Mozilla/5.0 (Linux; Android 10; K) AppleWebKit/537.36 (KHTML, like Gecko) Chrome/145.0.0.0 Mobile Safari/537.36"
106.221.234.173 - - [27/Feb/2026:00:13:00 -0500] "GET /wp-content/plugins/elementor-pro/assets/js/elements-handlers.min.js?ver=3.7.7 HTTP/1.1" 200 5290 "https://tejoversea.com/contact-us/" "Mozilla/5.0 (Linux; Android 10; K) AppleWebKit/537.36 (KHTML, like Gecko) Chrome/145.0.0.0 Mobile Safari/537.36"
106.221.234.173 - - [27/Feb/2026:00:13:01 -0500] "GET /wp-json/contact-form-7/v1/contact-forms/342/feedback/schema HTTP/1.1" 200 235 "https://tejoversea.com/contact-us/" "Mozilla/5.0 (Linux; Android 10; K) AppleWebKit/537.36 (KHTML, like Gecko) Chrome/145.0.0.0 Mobile Safari/537.36"
152.59.146.14 - - [27/Feb/2026:00:13:06 -0500] "POST /wp-admin/admin-ajax.php HTTP/1.1" 200 83 "https://tejoversea.com/track-order/" "Mozilla/5.0 (Linux; U; Android 15; en-gb; RMX3867 Build/AP3A.240617.008) AppleWebKit/537.36 (KHTML, like Gecko) Chrome/125.0.6422.72 Mobile Safari/537.36 HeyTapBrowser/45.13.8.1"
106.221.234.173 - - [27/Feb/2026:00:13:01 -0500] "GET /wp-includes/js/wp-emoji-release.min.js?ver=6.0.2 HTTP/1.1" 200 4619 "https://tejoversea.com/contact-us/" "Mozilla/5.0 (Linux; Android 10; K) AppleWebKit/537.36 (KHTML, like Gecko) Chrome/145.0.0.0 Mobile Safari/537.36"
106.221.234.173 - - [27/Feb/2026:00:13:01 -0500] "GET /wp-content/uploads/2022/10/logo-white-e1664945180549.png HTTP/1.1" 200 17044 "https://tejoversea.com/contact-us/" "Mozilla/5.0 (Linux; Android 10; K) AppleWebKit/537.36 (KHTML, like Gecko) Chrome/145.0.0.0 Mobile Safari/537.36"
106.221.234.173 - - [27/Feb/2026:00:13:02 -0500] "GET /wp-json/contact-form-7/v1/contact-forms/342/refill HTTP/1.1" 200 2 "https://tejoversea.com/contact-us/" "Mozilla/5.0 (Linux; Android 10; K) AppleWebKit/537.36 (KHTML, like Gecko) Chrome/145.0.0.0 Mobile Safari/537.36"
152.59.146.14 - - [27/Feb/2026:00:13:05 -0500] "POST /wp-admin/admin-ajax.php HTTP/1.1" 200 83 "https://tejoversea.com/track-order/" "Mozilla/5.0 (Linux; U; Android 15; en-gb; RMX3867 Build/AP3A.240617.008) AppleWebKit/537.36 (KHTML, like Gecko) Chrome/125.0.6422.72 Mobile Safari/537.36 HeyTapBrowser/45.13.8.1"
106.221.234.173 - - [27/Feb/2026:00:13:08 -0500] "GET /track-order/ HTTP/1.1" 200 12552 "-" "Mozilla/5.0 (Linux; Android 10; K) AppleWebKit/537.36 (KHTML, like Gecko) Chrome/145.0.0.0 Mobile Safari/537.36"
152.59.146.14 - - [27/Feb/2026:00:13:08 -0500] "POST /wp-admin/admin-ajax.php HTTP/1.1" 200 83 "https://tejoversea.com/track-order/" "Mozilla/5.0 (Linux; U; Android 15; en-gb; RMX3867 Build/AP3A.240617.008) AppleWebKit/537.36 (KHTML, like Gecko) Chrome/125.0.6422.72 Mobile Safari/537.36 HeyTapBrowser/45.13.8.1"
106.221.234.173 - - [27/Feb/2026:00:13:09 -0500] "GET /wp-content/themes/logistek/assets/img/side-panel/1.jpg HTTP/1.1" 404 6977 "https://tejoversea.com/track-order/" "Mozilla/5.0 (Linux; Android 10; K) AppleWebKit/537.36 (KHTML, like Gecko) Chrome/145.0.0.0 Mobile Safari/537.36"
106.221.234.173 - - [27/Feb/2026:00:13:09 -0500] "GET /wp-content/themes/logistek/assets/img/side-panel/2.jpg HTTP/1.1" 404 6977 "https://tejoversea.com/track-order/" "Mozilla/5.0 (Linux; Android 10; K) AppleWebKit/537.36 (KHTML, like Gecko) Chrome/145.0.0.0 Mobile Safari/537.36"
152.59.146.14 - - [27/Feb/2026:00:13:08 -0500] "POST /wp-admin/admin-ajax.php HTTP/1.1" 200 83 "https://tejoversea.com/track-order/" "Mozilla/5.0 (Linux; U; Android 15; en-gb; RMX3867 Build/AP3A.240617.008) AppleWebKit/537.36 (KHTML, like Gecko) Chrome/125.0.6422.72 Mobile Safari/537.36 HeyTapBrowser/45.13.8.1"
106.221.234.173 - - [27/Feb/2026:00:13:10 -0500] "GET /wp-content/themes/logistek/assets/img/side-panel/3.jpg HTTP/1.1" 404 6977 "https://tejoversea.com/track-order/" "Mozilla/5.0 (Linux; Android 10; K) AppleWebKit/537.36 (KHTML, like Gecko) Chrome/145.0.0.0 Mobile Safari/537.36"
106.221.234.173 - - [27/Feb/2026:00:13:10 -0500] "GET /wp-content/themes/logistek/assets/img/side-panel/5.jpg HTTP/1.1" 404 6977 "https://tejoversea.com/track-order/" "Mozilla/5.0 (Linux; Android 10; K) AppleWebKit/537.36 (KHTML, like Gecko) Chrome/145.0.0.0 Mobile Safari/537.36"
162.213.253.84 - - [27/Feb/2026:00:13:11 -0500] "POST /wp-cron.php?doing_wp_cron=1772169191.1508390903472900390625 HTTP/1.1" 200 0 "https://tejoversea.com/wp-cron.php?doing_wp_cron=1772169191.1508390903472900390625" "WordPress/6.0.2; https://tejoversea.com"
152.59.146.14 - - [27/Feb/2026:00:13:14 -0500] "POST /wp-admin/admin-ajax.php HTTP/1.1" 200 83 "https://tejoversea.com/track-order/" "Mozilla/5.0 (Linux; U; Android 15; en-gb; RMX3867 Build/AP3A.240617.008) AppleWebKit/537.36 (KHTML, like Gecko) Chrome/125.0.6422.72 Mobile Safari/537.36 HeyTapBrowser/45.13.8.1"
106.221.234.173 - - [27/Feb/2026:00:13:15 -0500] "POST /wp-admin/admin-ajax.php HTTP/1.1" 200 249 "https://tejoversea.com/track-order/" "Mozilla/5.0 (Linux; Android 10; K) AppleWebKit/537.36 (KHTML, like Gecko) Chrome/145.0.0.0 Mobile Safari/537.36"
152.59.146.14 - - [27/Feb/2026:00:13:06 -0500] "POST /wp-admin/admin-ajax.php HTTP/1.1" 200 83 "https://tejoversea.com/track-order/" "Mozilla/5.0 (Linux; U; Android 15; en-gb; RMX3867 Build/AP3A.240617.008) AppleWebKit/537.36 (KHTML, like Gecko) Chrome/125.0.6422.72 Mobile Safari/537.36 HeyTapBrowser/45.13.8.1"
152.59.146.14 - - [27/Feb/2026:00:13:07 -0500] "POST /wp-admin/admin-ajax.php HTTP/1.1" 200 83 "https://tejoversea.com/track-order/" "Mozilla/5.0 (Linux; U; Android 15; en-gb; RMX3867 Build/AP3A.240617.008) AppleWebKit/537.36 (KHTML, like Gecko) Chrome/125.0.6422.72 Mobile Safari/537.36 HeyTapBrowser/45.13.8.1"
106.221.234.173 - - [27/Feb/2026:00:13:09 -0500] "GET /wp-content/uploads/elementor/css/post-464.css?ver=1747180140 HTTP/1.1" 200 250 "https://tejoversea.com/track-order/" "Mozilla/5.0 (Linux; Android 10; K) AppleWebKit/537.36 (KHTML, like Gecko) Chrome/145.0.0.0 Mobile Safari/537.36"
106.221.234.173 - - [27/Feb/2026:00:13:10 -0500] "GET /wp-content/themes/logistek/assets/img/side-panel/4.jpg HTTP/1.1" 404 6973 "https://tejoversea.com/track-order/" "Mozilla/5.0 (Linux; Android 10; K) AppleWebKit/537.36 (KHTML, like Gecko) Chrome/145.0.0.0 Mobile Safari/537.36"
106.221.234.173 - - [27/Feb/2026:00:13:10 -0500] "GET /wp-content/themes/logistek/assets/img/side-panel/6.jpg HTTP/1.1" 404 6977 "https://tejoversea.com/track-order/" "Mozilla/5.0 (Linux; Android 10; K) AppleWebKit/537.36 (KHTML, like Gecko) Chrome/145.0.0.0 Mobile Safari/537.36"
152.59.146.14 - - [27/Feb/2026:00:13:09 -0500] "POST /wp-admin/admin-ajax.php HTTP/1.1" 200 83 "https://tejoversea.com/track-order/" "Mozilla/5.0 (Linux; U; Android 15; en-gb; RMX3867 Build/AP3A.240617.008) AppleWebKit/537.36 (KHTML, like Gecko) Chrome/125.0.6422.72 Mobile Safari/537.36 HeyTapBrowser/45.13.8.1"
152.59.146.14 - - [27/Feb/2026:00:13:10 -0500] "POST /wp-admin/admin-ajax.php HTTP/1.1" 200 83 "https://tejoversea.com/track-order/" "Mozilla/5.0 (Linux; U; Android 15; en-gb; RMX3867 Build/AP3A.240617.008) AppleWebKit/537.36 (KHTML, like Gecko) Chrome/125.0.6422.72 Mobile Safari/537.36 HeyTapBrowser/45.13.8.1"
106.221.234.173 - - [27/Feb/2026:00:13:16 -0500] "POST /wp-admin/admin-ajax.php HTTP/1.1" 200 249 "https://tejoversea.com/track-order/" "Mozilla/5.0 (Linux; Android 10; K) AppleWebKit/537.36 (KHTML, like Gecko) Chrome/145.0.0.0 Mobile Safari/537.36"
162.213.253.84 - - [27/Feb/2026:00:13:21 -0500] "POST /wp-cron.php?doing_wp_cron=1772169201.2580409049987792968750 HTTP/1.1" 200 0 "https://tejoversea.com/wp-cron.php?doing_wp_cron=1772169201.2580409049987792968750" "WordPress/6.0.2; https://tejoversea.com"
162.213.253.84 - - [27/Feb/2026:00:13:21 -0500] "POST /wp-admin/admin-ajax.php?action=async_litespeed&nonce=aa6694b328&litespeed_type=imgoptm HTTP/1.1" 200 0 "https://tejoversea.com/wp-admin/admin-ajax.php?action=async_litespeed&nonce=aa6694b328&litespeed_type=imgoptm" "WordPress/6.0.2; https://tejoversea.com"
152.59.146.14 - - [27/Feb/2026:00:13:20 -0500] "POST /wp-admin/admin-ajax.php HTTP/1.1" 200 249 "https://tejoversea.com/track-order/" "Mozilla/5.0 (Linux; U; Android 15; en-gb; RMX3867 Build/AP3A.240617.008) AppleWebKit/537.36 (KHTML, like Gecko) Chrome/125.0.6422.72 Mobile Safari/537.36 HeyTapBrowser/45.13.8.1"
152.59.146.14 - - [27/Feb/2026:00:13:22 -0500] "POST /wp-admin/admin-ajax.php HTTP/1.1" 200 249 "https://tejoversea.com/track-order/" "Mozilla/5.0 (Linux; U; Android 15; en-gb; RMX3867 Build/AP3A.240617.008) AppleWebKit/537.36 (KHTML, like Gecko) Chrome/125.0.6422.72 Mobile Safari/537.36 HeyTapBrowser/45.13.8.1"
152.59.146.14 - - [27/Feb/2026:00:13:22 -0500] "POST /wp-admin/admin-ajax.php HTTP/1.1" 200 249 "https://tejoversea.com/track-order/" "Mozilla/5.0 (Linux; U; Android 15; en-gb; RMX3867 Build/AP3A.240617.008) AppleWebKit/537.36 (KHTML, like Gecko) Chrome/125.0.6422.72 Mobile Safari/537.36 HeyTapBrowser/45.13.8.1"
152.59.146.14 - - [27/Feb/2026:00:13:16 -0500] "POST /wp-admin/admin-ajax.php HTTP/1.1" 200 83 "https://tejoversea.com/track-order/" "Mozilla/5.0 (Linux; U; Android 15; en-gb; RMX3867 Build/AP3A.240617.008) AppleWebKit/537.36 (KHTML, like Gecko) Chrome/125.0.6422.72 Mobile Safari/537.36 HeyTapBrowser/45.13.8.1"
152.59.146.14 - - [27/Feb/2026:00:13:21 -0500] "POST /wp-admin/admin-ajax.php HTTP/1.1" 200 249 "https://tejoversea.com/track-order/" "Mozilla/5.0 (Linux; U; Android 15; en-gb; RMX3867 Build/AP3A.240617.008) AppleWebKit/537.36 (KHTML, like Gecko) Chrome/125.0.6422.72 Mobile Safari/537.36 HeyTapBrowser/45.13.8.1"
152.59.146.14 - - [27/Feb/2026:00:13:21 -0500] "POST /wp-admin/admin-ajax.php HTTP/1.1" 200 249 "https://tejoversea.com/track-order/" "Mozilla/5.0 (Linux; U; Android 15; en-gb; RMX3867 Build/AP3A.240617.008) AppleWebKit/537.36 (KHTML, like Gecko) Chrome/125.0.6422.72 Mobile Safari/537.36 HeyTapBrowser/45.13.8.1"
152.59.146.14 - - [27/Feb/2026:00:13:22 -0500] "POST /wp-admin/admin-ajax.php HTTP/1.1" 200 249 "https://tejoversea.com/track-order/" "Mozilla/5.0 (Linux; U; Android 15; en-gb; RMX3867 Build/AP3A.240617.008) AppleWebKit/537.36 (KHTML, like Gecko) Chrome/125.0.6422.72 Mobile Safari/537.36 HeyTapBrowser/45.13.8.1"
152.59.146.14 - - [27/Feb/2026:00:13:22 -0500] "POST /wp-admin/admin-ajax.php HTTP/1.1" 200 249 "https://tejoversea.com/track-order/" "Mozilla/5.0 (Linux; U; Android 15; en-gb; RMX3867 Build/AP3A.240617.008) AppleWebKit/537.36 (KHTML, like Gecko) Chrome/125.0.6422.72 Mobile Safari/537.36 HeyTapBrowser/45.13.8.1"
152.59.146.14 - - [27/Feb/2026:00:13:58 -0500] "POST /wp-admin/admin-ajax.php HTTP/1.1" 200 241 "https://tejoversea.com/track-order/" "Mozilla/5.0 (Linux; U; Android 15; en-gb; RMX3867 Build/AP3A.240617.008) AppleWebKit/537.36 (KHTML, like Gecko) Chrome/125.0.6422.72 Mobile Safari/537.36 HeyTapBrowser/45.13.8.1"
162.213.253.84 - - [27/Feb/2026:00:14:36 -0500] "POST /wp-cron.php?doing_wp_cron=1772169276.7768840789794921875000 HTTP/1.1" 200 0 "https://tejoversea.com/wp-cron.php?doing_wp_cron=1772169276.7768840789794921875000" "WordPress/6.0.2; https://tejoversea.com"
162.213.253.84 - - [27/Feb/2026:00:14:37 -0500] "POST /wp-admin/admin-ajax.php?action=async_litespeed&nonce=aa6694b328&litespeed_type=imgoptm HTTP/1.1" 200 0 "https://tejoversea.com/wp-admin/admin-ajax.php?action=async_litespeed&nonce=aa6694b328&litespeed_type=imgoptm" "WordPress/6.0.2; https://tejoversea.com"
162.213.253.84 - - [27/Feb/2026:00:15:13 -0500] "POST /wp-cron.php?doing_wp_cron=1772169313.3563001155853271484375 HTTP/1.1" 200 0 "https://tejoversea.com/wp-cron.php?doing_wp_cron=1772169313.3563001155853271484375" "WordPress/6.0.2; https://tejoversea.com"
152.59.146.14 - - [27/Feb/2026:00:15:12 -0500] "POST /wp-admin/admin-ajax.php HTTP/1.1" 200 241 "https://tejoversea.com/track-order/" "Mozilla/5.0 (Linux; U; Android 15; en-gb; RMX3867 Build/AP3A.240617.008) AppleWebKit/537.36 (KHTML, like Gecko) Chrome/125.0.6422.72 Mobile Safari/537.36 HeyTapBrowser/45.13.8.1"
162.213.253.84 - - [27/Feb/2026:00:15:18 -0500] "POST /wp-cron.php?doing_wp_cron=1772169318.3241479396820068359375 HTTP/1.1" 200 0 "https://tejoversea.com/wp-cron.php?doing_wp_cron=1772169318.3241479396820068359375" "WordPress/6.0.2; https://tejoversea.com"
152.59.146.14 - - [27/Feb/2026:00:15:17 -0500] "POST /wp-admin/admin-ajax.php HTTP/1.1" 200 241 "https://tejoversea.com/track-order/" "Mozilla/5.0 (Linux; U; Android 15; en-gb; RMX3867 Build/AP3A.240617.008) AppleWebKit/537.36 (KHTML, like Gecko) Chrome/125.0.6422.72 Mobile Safari/537.36 HeyTapBrowser/45.13.8.1"
162.213.253.84 - - [27/Feb/2026:00:15:18 -0500] "POST /wp-admin/admin-ajax.php?action=async_litespeed&nonce=aa6694b328&litespeed_type=imgoptm HTTP/1.1" 200 0 "https://tejoversea.com/wp-admin/admin-ajax.php?action=async_litespeed&nonce=aa6694b328&litespeed_type=imgoptm" "WordPress/6.0.2; https://tejoversea.com"
152.59.146.14 - - [27/Feb/2026:00:13:23 -0500] "POST /wp-admin/admin-ajax.php HTTP/1.1" 200 249 "https://tejoversea.com/track-order/" "Mozilla/5.0 (Linux; U; Android 15; en-gb; RMX3867 Build/AP3A.240617.008) AppleWebKit/537.36 (KHTML, like Gecko) Chrome/125.0.6422.72 Mobile Safari/537.36 HeyTapBrowser/45.13.8.1"
152.59.146.14 - - [27/Feb/2026:00:14:35 -0500] "POST /wp-admin/admin-ajax.php HTTP/1.1" 200 82 "https://tejoversea.com/track-order/" "Mozilla/5.0 (Linux; U; Android 15; en-gb; RMX3867 Build/AP3A.240617.008) AppleWebKit/537.36 (KHTML, like Gecko) Chrome/125.0.6422.72 Mobile Safari/537.36 HeyTapBrowser/45.13.8.1"
152.59.146.14 - - [27/Feb/2026:00:14:37 -0500] "POST /wp-admin/admin-ajax.php HTTP/1.1" 200 82 "https://tejoversea.com/track-order/" "Mozilla/5.0 (Linux; U; Android 15; en-gb; RMX3867 Build/AP3A.240617.008) AppleWebKit/537.36 (KHTML, like Gecko) Chrome/125.0.6422.72 Mobile Safari/537.36 HeyTapBrowser/45.13.8.1"
152.59.146.14 - - [27/Feb/2026:00:14:37 -0500] "POST /wp-admin/admin-ajax.php HTTP/1.1" 200 82 "https://tejoversea.com/track-order/" "Mozilla/5.0 (Linux; U; Android 15; en-gb; RMX3867 Build/AP3A.240617.008) AppleWebKit/537.36 (KHTML, like Gecko) Chrome/125.0.6422.72 Mobile Safari/537.36 HeyTapBrowser/45.13.8.1"
152.59.146.14 - - [27/Feb/2026:00:14:38 -0500] "POST /wp-admin/admin-ajax.php HTTP/1.1" 200 82 "https://tejoversea.com/track-order/" "Mozilla/5.0 (Linux; U; Android 15; en-gb; RMX3867 Build/AP3A.240617.008) AppleWebKit/537.36 (KHTML, like Gecko) Chrome/125.0.6422.72 Mobile Safari/537.36 HeyTapBrowser/45.13.8.1"
152.59.146.14 - - [27/Feb/2026:00:14:45 -0500] "POST /wp-admin/admin-ajax.php HTTP/1.1" 200 249 "https://tejoversea.com/track-order/" "Mozilla/5.0 (Linux; U; Android 15; en-gb; RMX3867 Build/AP3A.240617.008) AppleWebKit/537.36 (KHTML, like Gecko) Chrome/125.0.6422.72 Mobile Safari/537.36 HeyTapBrowser/45.13.8.1"
185.223.152.108 - - [27/Feb/2026:00:16:26 -0500] "POST /wp-login.php HTTP/1.1" 200 6682 "-" "Mozilla/5.0"
162.213.253.84 - - [27/Feb/2026:00:16:27 -0500] "POST /wp-cron.php?doing_wp_cron=1772169387.2304570674896240234375 HTTP/1.1" 200 0 "https://tejoversea.com/wp-cron.php?doing_wp_cron=1772169387.2304570674896240234375" "WordPress/6.0.2; https://tejoversea.com"
162.213.253.84 - - [27/Feb/2026:00:16:27 -0500] "POST /wp-admin/admin-ajax.php?action=async_litespeed&nonce=aa6694b328&litespeed_type=imgoptm HTTP/1.1" 200 0 "https://tejoversea.com/wp-admin/admin-ajax.php?action=async_litespeed&nonce=aa6694b328&litespeed_type=imgoptm" "WordPress/6.0.2; https://tejoversea.com"
162.213.253.84 - - [27/Feb/2026:00:29:01 -0500] "POST /wp-cron.php?doing_wp_cron=1772170141.8247010707855224609375 HTTP/1.1" 200 0 "https://tejoversea.com/wp-cron.php?doing_wp_cron=1772170141.8247010707855224609375" "WordPress/6.0.2; https://tejoversea.com"
162.213.253.84 - - [27/Feb/2026:00:29:02 -0500] "POST /wp-admin/admin-ajax.php?action=async_litespeed&nonce=aa6694b328&litespeed_type=imgoptm HTTP/1.1" 200 0 "https://tejoversea.com/wp-admin/admin-ajax.php?action=async_litespeed&nonce=aa6694b328&litespeed_type=imgoptm" "WordPress/6.0.2; https://tejoversea.com"
162.213.253.84 - - [27/Feb/2026:00:42:01 -0500] "POST /wp-cron.php?doing_wp_cron=1772170921.3376688957214355468750 HTTP/1.1" 200 0 "https://tejoversea.com/wp-cron.php?doing_wp_cron=1772170921.3376688957214355468750" "WordPress/6.0.2; https://tejoversea.com"
185.223.152.108 - - [27/Feb/2026:00:29:01 -0500] "POST /wp-login.php HTTP/1.1" 200 6682 "-" "Mozilla/5.0"
185.223.152.119 - - [27/Feb/2026:00:42:00 -0500] "POST /wp-login.php HTTP/1.1" 200 6682 "-" "Mozilla/5.0"
162.213.253.84 - - [27/Feb/2026:00:42:01 -0500] "POST /wp-admin/admin-ajax.php?action=async_litespeed&nonce=aa6694b328&litespeed_type=imgoptm HTTP/1.1" 200 0 "https://tejoversea.com/wp-admin/admin-ajax.php?action=async_litespeed&nonce=aa6694b328&litespeed_type=imgoptm" "WordPress/6.0.2; https://tejoversea.com"
162.213.253.84 - - [27/Feb/2026:00:55:14 -0500] "POST /wp-cron.php?doing_wp_cron=1772171714.7820250988006591796875 HTTP/1.1" 200 0 "https://tejoversea.com/wp-cron.php?doing_wp_cron=1772171714.7820250988006591796875" "WordPress/6.0.2; https://tejoversea.com"
185.223.152.117 - - [27/Feb/2026:00:55:14 -0500] "POST /wp-login.php HTTP/1.1" 200 6682 "-" "Mozilla/5.0"
162.213.253.84 - - [27/Feb/2026:00:55:15 -0500] "POST /wp-admin/admin-ajax.php?action=async_litespeed&nonce=aa6694b328&litespeed_type=imgoptm HTTP/1.1" 200 0 "https://tejoversea.com/wp-admin/admin-ajax.php?action=async_litespeed&nonce=aa6694b328&litespeed_type=imgoptm" "WordPress/6.0.2; https://tejoversea.com"
162.213.253.84 - - [27/Feb/2026:01:08:37 -0500] "POST /wp-cron.php?doing_wp_cron=1772172517.1549389362335205078125 HTTP/1.1" 200 0 "https://tejoversea.com/wp-cron.php?doing_wp_cron=1772172517.1549389362335205078125" "WordPress/6.0.2; https://tejoversea.com"
162.213.253.84 - - [27/Feb/2026:01:08:37 -0500] "POST /wp-admin/admin-ajax.php?action=async_litespeed&nonce=aa6694b328&litespeed_type=imgoptm HTTP/1.1" 200 0 "https://tejoversea.com/wp-admin/admin-ajax.php?action=async_litespeed&nonce=aa6694b328&litespeed_type=imgoptm" "WordPress/6.0.2; https://tejoversea.com"
157.245.78.131 - - [27/Feb/2026:01:10:25 -0500] "GET / HTTP/1.1" 200 19189 "-" "Mozilla/5.0 (X11; Linux x86_64) AppleWebKit/537.36 (KHTML, like Gecko) Chrome/142.0.0.0 Safari/537.36"
185.223.152.107 - - [27/Feb/2026:01:08:36 -0500] "POST /wp-login.php HTTP/1.1" 200 6682 "-" "Mozilla/5.0"
185.223.152.104 - - [27/Feb/2026:01:22:16 -0500] "POST /wp-login.php HTTP/1.1" 200 6682 "-" "Mozilla/5.0"
162.213.253.84 - - [27/Feb/2026:01:22:19 -0500] "GET / HTTP/1.1" 200 19178 "https://tejoversea.com/" "WordPress/6.0.2; https://tejoversea.com"
162.213.253.84 - - [27/Feb/2026:01:22:17 -0500] "POST /wp-cron.php?doing_wp_cron=1772173337.4060370922088623046875 HTTP/1.1" 200 0 "https://tejoversea.com/wp-cron.php?doing_wp_cron=1772173337.4060370922088623046875" "WordPress/6.0.2; https://tejoversea.com"
162.213.253.84 - - [27/Feb/2026:01:22:18 -0500] "POST /wp-admin/admin-ajax.php?action=async_litespeed&nonce=aa6694b328&litespeed_type=imgoptm HTTP/1.1" 200 0 "https://tejoversea.com/wp-admin/admin-ajax.php?action=async_litespeed&nonce=aa6694b328&litespeed_type=imgoptm" "WordPress/6.0.2; https://tejoversea.com"
162.213.253.84 - - [27/Feb/2026:01:35:49 -0500] "POST /wp-admin/admin-ajax.php?action=async_litespeed&nonce=3ddc5fcf72&litespeed_type=imgoptm HTTP/1.1" 200 0 "https://tejoversea.com/wp-admin/admin-ajax.php?action=async_litespeed&nonce=3ddc5fcf72&litespeed_type=imgoptm" "WordPress/6.0.2; https://tejoversea.com"
