106.221.235.108 - - [26/Feb/2026:13:57:50 -0500] "GET /wp-includes/js/dist/hooks.min.js?ver=c6d64f2cb8f5c6bb49caca37f8828ce3 HTTP/1.1" 200 1575 "https://tejoversea.com/track-order/" "Mozilla/5.0 (Linux; Android 10; K) AppleWebKit/537.36 (KHTML, like Gecko) Chrome/145.0.0.0 Mobile Safari/537.36"
106.221.235.108 - - [26/Feb/2026:13:57:50 -0500] "GET /wp-content/plugins/elementor-pro/assets/js/elements-handlers.min.js?ver=3.7.7 HTTP/1.1" 200 5290 "https://tejoversea.com/track-order/" "Mozilla/5.0 (Linux; Android 10; K) AppleWebKit/537.36 (KHTML, like Gecko) Chrome/145.0.0.0 Mobile Safari/537.36"
106.221.235.108 - - [26/Feb/2026:13:57:50 -0500] "GET /wp-includes/js/wp-emoji-release.min.js?ver=6.0.2 HTTP/1.1" 200 4619 "https://tejoversea.com/track-order/" "Mozilla/5.0 (Linux; Android 10; K) AppleWebKit/537.36 (KHTML, like Gecko) Chrome/145.0.0.0 Mobile Safari/537.36"
106.221.235.108 - - [26/Feb/2026:13:57:50 -0500] "GET /wp-content/plugins/elementor/assets/js/webpack.runtime.min.js?ver=3.7.7 HTTP/1.1" 200 2044 "https://tejoversea.com/track-order/" "Mozilla/5.0 (Linux; Android 10; K) AppleWebKit/537.36 (KHTML, like Gecko) Chrome/145.0.0.0 Mobile Safari/537.36"
106.221.235.108 - - [26/Feb/2026:13:57:50 -0500] "GET /wp-content/themes/logistek/assets/images/preloader.svg HTTP/1.1" 200 546 "https://tejoversea.com/wp-content/themes/logistek/assets/css/style.css?ver=6.0.2" "Mozilla/5.0 (Linux; Android 10; K) AppleWebKit/537.36 (KHTML, like Gecko) Chrome/145.0.0.0 Mobile Safari/537.36"
106.221.235.108 - - [26/Feb/2026:13:57:50 -0500] "GET /wp-content/plugins/elementor/assets/js/frontend.min.js?ver=3.7.7 HTTP/1.1" 200 11703 "https://tejoversea.com/track-order/" "Mozilla/5.0 (Linux; Android 10; K) AppleWebKit/537.36 (KHTML, like Gecko) Chrome/145.0.0.0 Mobile Safari/537.36"
106.221.235.108 - - [26/Feb/2026:13:57:50 -0500] "GET /wp-content/themes/logistek/assets/img/side-panel/3.jpg HTTP/1.1" 404 6987 "https://tejoversea.com/track-order/" "Mozilla/5.0 (Linux; Android 10; K) AppleWebKit/537.36 (KHTML, like Gecko) Chrome/145.0.0.0 Mobile Safari/537.36"
106.221.235.108 - - [26/Feb/2026:13:57:50 -0500] "GET /wp-content/themes/logistek/assets/img/side-panel/6.jpg HTTP/1.1" 404 6987 "https://tejoversea.com/track-order/" "Mozilla/5.0 (Linux; Android 10; K) AppleWebKit/537.36 (KHTML, like Gecko) Chrome/145.0.0.0 Mobile Safari/537.36"
106.221.235.108 - - [26/Feb/2026:13:57:50 -0500] "GET /wp-includes/js/dist/i18n.min.js?ver=ebee46757c6a411e38fd079a7ac71d94 HTTP/1.1" 200 3717 "https://tejoversea.com/track-order/" "Mozilla/5.0 (Linux; Android 10; K) AppleWebKit/537.36 (KHTML, like Gecko) Chrome/145.0.0.0 Mobile Safari/537.36"
106.221.235.108 - - [26/Feb/2026:13:57:50 -0500] "GET /wp-includes/js/dist/vendor/wp-polyfill.min.js?ver=3.15.0 HTTP/1.1" 200 6872 "https://tejoversea.com/track-order/" "Mozilla/5.0 (Linux; Android 10; K) AppleWebKit/537.36 (KHTML, like Gecko) Chrome/145.0.0.0 Mobile Safari/537.36"
106.221.235.108 - - [26/Feb/2026:13:57:50 -0500] "GET /wp-includes/js/dist/vendor/regenerator-runtime.min.js?ver=0.13.9 HTTP/1.1" 200 2354 "https://tejoversea.com/track-order/" "Mozilla/5.0 (Linux; Android 10; K) AppleWebKit/537.36 (KHTML, like Gecko) Chrome/145.0.0.0 Mobile Safari/537.36"
106.221.235.108 - - [26/Feb/2026:13:57:50 -0500] "GET /wp-content/plugins/elementor/assets/lib/waypoints/waypoints.min.js?ver=4.0.2 HTTP/1.1" 200 2867 "https://tejoversea.com/track-order/" "Mozilla/5.0 (Linux; Android 10; K) AppleWebKit/537.36 (KHTML, like Gecko) Chrome/145.0.0.0 Mobile Safari/537.36"
106.221.235.108 - - [26/Feb/2026:13:57:50 -0500] "GET /wp-content/themes/logistek/assets/fonts/webexicon/fonts/webexicon.ttf?aeef8j HTTP/1.1" 200 218068 "https://tejoversea.com/wp-content/themes/logistek/assets/fonts/webexicon/style.css?ver=6.0.2" "Mozilla/5.0 (Linux; Android 10; K) AppleWebKit/537.36 (KHTML, like Gecko) Chrome/145.0.0.0 Mobile Safari/537.36"
106.221.235.108 - - [26/Feb/2026:13:57:50 -0500] "GET /wp-content/themes/logistek/assets/fonts/fontawesome/webfonts/fa-brands-400.woff2 HTTP/1.1" 200 76612 "https://tejoversea.com/wp-content/themes/logistek/assets/fonts/fontawesome/css/all.css?ver=6.0.2" "Mozilla/5.0 (Linux; Android 10; K) AppleWebKit/537.36 (KHTML, like Gecko) Chrome/145.0.0.0 Mobile Safari/537.36"
106.221.235.108 - - [26/Feb/2026:13:57:50 -0500] "GET /wp-content/themes/logistek/assets/fonts/fontawesome/webfonts/fa-solid-900.woff2 HTTP/1.1" 200 79444 "https://tejoversea.com/wp-content/themes/logistek/assets/fonts/fontawesome/css/all.css?ver=6.0.2" "Mozilla/5.0 (Linux; Android 10; K) AppleWebKit/537.36 (KHTML, like Gecko) Chrome/145.0.0.0 Mobile Safari/537.36"
106.221.235.108 - - [26/Feb/2026:13:57:50 -0500] "GET /wp-content/uploads/2022/10/logo-white-e1664945180549.png HTTP/1.1" 200 17044 "https://tejoversea.com/track-order/" "Mozilla/5.0 (Linux; Android 10; K) AppleWebKit/537.36 (KHTML, like Gecko) Chrome/145.0.0.0 Mobile Safari/537.36"
162.213.253.84 - - [26/Feb/2026:13:57:50 -0500] "POST /wp-cron.php?doing_wp_cron=1772132270.0861129760742187500000 HTTP/1.1" 200 0 "https://tejoversea.com/wp-cron.php?doing_wp_cron=1772132270.0861129760742187500000" "WordPress/6.0.2; https://tejoversea.com"
106.221.235.108 - - [26/Feb/2026:13:57:49 -0500] "GET /wp-content/themes/logistek/assets/img/side-panel/1.jpg HTTP/1.1" 404 6979 "https://tejoversea.com/track-order/" "Mozilla/5.0 (Linux; Android 10; K) AppleWebKit/537.36 (KHTML, like Gecko) Chrome/145.0.0.0 Mobile Safari/537.36"
162.213.253.84 - - [26/Feb/2026:13:57:50 -0500] "POST /wp-admin/admin-ajax.php?action=async_litespeed&nonce=5e129aa1e5&litespeed_type=imgoptm HTTP/1.1" 200 0 "https://tejoversea.com/wp-admin/admin-ajax.php?action=async_litespeed&nonce=5e129aa1e5&litespeed_type=imgoptm" "WordPress/6.0.2; https://tejoversea.com"
106.221.235.108 - - [26/Feb/2026:13:57:58 -0500] "POST /wp-admin/admin-ajax.php HTTP/1.1" 200 249 "https://tejoversea.com/track-order/" "Mozilla/5.0 (Linux; Android 10; K) AppleWebKit/537.36 (KHTML, like Gecko) Chrome/145.0.0.0 Mobile Safari/537.36"
106.221.235.108 - - [26/Feb/2026:13:58:03 -0500] "POST /wp-admin/admin-ajax.php HTTP/1.1" 200 249 "https://tejoversea.com/track-order/" "Mozilla/5.0 (Linux; Android 10; K) AppleWebKit/537.36 (KHTML, like Gecko) Chrome/145.0.0.0 Mobile Safari/537.36"
106.221.235.108 - - [26/Feb/2026:13:58:04 -0500] "POST /wp-admin/admin-ajax.php HTTP/1.1" 200 249 "https://tejoversea.com/track-order/" "Mozilla/5.0 (Linux; Android 10; K) AppleWebKit/537.36 (KHTML, like Gecko) Chrome/145.0.0.0 Mobile Safari/537.36"
162.213.253.84 - - [26/Feb/2026:13:58:14 -0500] "POST /wp-cron.php?doing_wp_cron=1772132294.2375440597534179687500 HTTP/1.1" 200 0 "https://tejoversea.com/wp-cron.php?doing_wp_cron=1772132294.2375440597534179687500" "WordPress/6.0.2; https://tejoversea.com"
106.221.235.108 - - [26/Feb/2026:13:58:13 -0500] "POST /wp-admin/admin-ajax.php HTTP/1.1" 200 249 "https://tejoversea.com/track-order/" "Mozilla/5.0 (Linux; Android 10; K) AppleWebKit/537.36 (KHTML, like Gecko) Chrome/145.0.0.0 Mobile Safari/537.36"
162.213.253.84 - - [26/Feb/2026:13:59:51 -0500] "POST /wp-cron.php?doing_wp_cron=1772132391.0386009216308593750000 HTTP/1.1" 200 0 "https://tejoversea.com/wp-cron.php?doing_wp_cron=1772132391.0386009216308593750000" "WordPress/6.0.2; https://tejoversea.com"
136.144.35.194 - - [26/Feb/2026:13:59:50 -0500] "POST /wp-login.php HTTP/1.1" 200 6682 "-" "Mozilla/5.0"
162.213.253.84 - - [26/Feb/2026:13:59:51 -0500] "POST /wp-admin/admin-ajax.php?action=async_litespeed&nonce=5e129aa1e5&litespeed_type=imgoptm HTTP/1.1" 200 21 "https://tejoversea.com/wp-admin/admin-ajax.php?action=async_litespeed&nonce=5e129aa1e5&litespeed_type=imgoptm" "WordPress/6.0.2; https://tejoversea.com"
100.30.5.6 - - [26/Feb/2026:14:06:23 -0500] "GET /robots.txt HTTP/1.1" 200 281 "-" "Mozilla/5.0 (Macintosh; Intel Mac OS X 10_10_1) AppleWebKit/600.2.5 (KHTML, like Gecko) Version/8.0.2 Safari/600.2.5 (Gort)"
106.221.235.108 - - [26/Feb/2026:13:57:50 -0500] "GET /wp-content/themes/logistek/assets/img/side-panel/5.jpg HTTP/1.1" 404 6987 "https://tejoversea.com/track-order/" "Mozilla/5.0 (Linux; Android 10; K) AppleWebKit/537.36 (KHTML, like Gecko) Chrome/145.0.0.0 Mobile Safari/537.36"
106.221.235.108 - - [26/Feb/2026:13:57:50 -0500] "GET /wp-content/themes/logistek/assets/img/side-panel/4.jpg HTTP/1.1" 404 6974 "https://tejoversea.com/track-order/" "Mozilla/5.0 (Linux; Android 10; K) AppleWebKit/537.36 (KHTML, like Gecko) Chrome/145.0.0.0 Mobile Safari/537.36"
106.221.235.108 - - [26/Feb/2026:13:57:56 -0500] "POST /wp-admin/admin-ajax.php HTTP/1.1" 200 249 "https://tejoversea.com/track-order/" "Mozilla/5.0 (Linux; Android 10; K) AppleWebKit/537.36 (KHTML, like Gecko) Chrome/145.0.0.0 Mobile Safari/537.36"
106.221.235.108 - - [26/Feb/2026:13:57:59 -0500] "POST /wp-admin/admin-ajax.php HTTP/1.1" 200 249 "https://tejoversea.com/track-order/" "Mozilla/5.0 (Linux; Android 10; K) AppleWebKit/537.36 (KHTML, like Gecko) Chrome/145.0.0.0 Mobile Safari/537.36"
106.221.235.108 - - [26/Feb/2026:13:58:04 -0500] "POST /wp-admin/admin-ajax.php HTTP/1.1" 200 249 "https://tejoversea.com/track-order/" "Mozilla/5.0 (Linux; Android 10; K) AppleWebKit/537.36 (KHTML, like Gecko) Chrome/145.0.0.0 Mobile Safari/537.36"
106.221.235.108 - - [26/Feb/2026:13:58:04 -0500] "POST /wp-admin/admin-ajax.php HTTP/1.1" 200 249 "https://tejoversea.com/track-order/" "Mozilla/5.0 (Linux; Android 10; K) AppleWebKit/537.36 (KHTML, like Gecko) Chrome/145.0.0.0 Mobile Safari/537.36"
106.221.235.108 - - [26/Feb/2026:13:58:04 -0500] "POST /wp-admin/admin-ajax.php HTTP/1.1" 200 249 "https://tejoversea.com/track-order/" "Mozilla/5.0 (Linux; Android 10; K) AppleWebKit/537.36 (KHTML, like Gecko) Chrome/145.0.0.0 Mobile Safari/537.36"
106.221.235.108 - - [26/Feb/2026:13:58:13 -0500] "POST /wp-admin/admin-ajax.php HTTP/1.1" 200 249 "https://tejoversea.com/track-order/" "Mozilla/5.0 (Linux; Android 10; K) AppleWebKit/537.36 (KHTML, like Gecko) Chrome/145.0.0.0 Mobile Safari/537.36"
106.221.235.108 - - [26/Feb/2026:13:58:13 -0500] "POST /wp-admin/admin-ajax.php HTTP/1.1" 200 249 "https://tejoversea.com/track-order/" "Mozilla/5.0 (Linux; Android 10; K) AppleWebKit/537.36 (KHTML, like Gecko) Chrome/145.0.0.0 Mobile Safari/537.36"
162.213.253.84 - - [26/Feb/2026:14:22:17 -0500] "POST /wp-admin/admin-ajax.php?action=async_litespeed&nonce=5e129aa1e5&litespeed_type=imgoptm HTTP/1.1" 200 0 "https://tejoversea.com/wp-admin/admin-ajax.php?action=async_litespeed&nonce=5e129aa1e5&litespeed_type=imgoptm" "WordPress/6.0.2; https://tejoversea.com"
162.213.253.84 - - [26/Feb/2026:14:23:57 -0500] "POST /wp-cron.php?doing_wp_cron=1772133837.4197399616241455078125 HTTP/1.1" 200 0 "https://tejoversea.com/wp-cron.php?doing_wp_cron=1772133837.4197399616241455078125" "WordPress/6.0.2; https://tejoversea.com"
162.213.253.84 - - [26/Feb/2026:14:24:37 -0500] "POST /wp-cron.php?doing_wp_cron=1772133877.7703220844268798828125 HTTP/1.1" 200 0 "https://tejoversea.com/wp-cron.php?doing_wp_cron=1772133877.7703220844268798828125" "WordPress/6.0.2; https://tejoversea.com"
162.213.253.84 - - [26/Feb/2026:14:24:38 -0500] "POST /wp-admin/admin-ajax.php?action=async_litespeed&nonce=5e129aa1e5&litespeed_type=imgoptm HTTP/1.1" 200 0 "https://tejoversea.com/wp-admin/admin-ajax.php?action=async_litespeed&nonce=5e129aa1e5&litespeed_type=imgoptm" "WordPress/6.0.2; https://tejoversea.com"
45.61.185.101 - - [26/Feb/2026:14:22:10 -0500] "GET /wp-login.php HTTP/1.1" 200 6507 "-" "Mozilla/5.0 (Macintosh; Intel Mac OS X 10_9_3) AppleWebKit/537.36 (KHTML, like Gecko) Chrome/35.0.1916.153 Safari/537.36"
162.213.253.84 - - [26/Feb/2026:14:22:17 -0500] "POST /wp-cron.php?doing_wp_cron=1772133737.3606550693511962890625 HTTP/1.1" 200 0 "https://tejoversea.com/wp-cron.php?doing_wp_cron=1772133737.3606550693511962890625" "WordPress/6.0.2; https://tejoversea.com"
45.61.185.101 - - [26/Feb/2026:14:22:16 -0500] "POST /wp-login.php HTTP/1.1" 200 6700 "-" "Mozilla/5.0 (Macintosh; Intel Mac OS X 10_9_3) AppleWebKit/537.36 (KHTML, like Gecko) Chrome/35.0.1916.153 Safari/537.36"
136.144.35.208 - - [26/Feb/2026:14:23:56 -0500] "POST /wp-login.php HTTP/1.1" 200 6682 "-" "Mozilla/5.0"
162.213.253.84 - - [26/Feb/2026:14:23:57 -0500] "POST /wp-admin/admin-ajax.php?action=async_litespeed&nonce=5e129aa1e5&litespeed_type=imgoptm HTTP/1.1" 200 0 "https://tejoversea.com/wp-admin/admin-ajax.php?action=async_litespeed&nonce=5e129aa1e5&litespeed_type=imgoptm" "WordPress/6.0.2; https://tejoversea.com"
54.87.62.248 - - [26/Feb/2026:14:24:37 -0500] "GET /wp-json/wp/v2/pages/679 HTTP/1.1" 200 17504 "-" "Mozilla/5.0 AppleWebKit/537.36 (KHTML, like Gecko; compatible; Amazonbot/0.1; +https://developer.amazon.com/support/amazonbot) Chrome/119.0.6045.214 Safari/537.36"
138.246.253.24 - - [26/Feb/2026:14:25:08 -0500] "GET /robots.txt HTTP/1.1" 200 595 "-" "Mozilla/5.0 (Windows NT 10.0; Win64; x64) AppleWebKit/537.36 (KHTML, like Gecko) Chrome/103.0.5060.134 Safari/537.36"
162.213.253.84 - - [26/Feb/2026:14:47:55 -0500] "POST /wp-cron.php?doing_wp_cron=1772135275.9678239822387695312500 HTTP/1.1" 200 0 "https://tejoversea.com/wp-cron.php?doing_wp_cron=1772135275.9678239822387695312500" "WordPress/6.0.2; https://tejoversea.com"
162.213.253.84 - - [26/Feb/2026:14:49:14 -0500] "POST /wp-cron.php?doing_wp_cron=1772135354.8496899604797363281250 HTTP/1.1" 200 0 "https://tejoversea.com/wp-cron.php?doing_wp_cron=1772135354.8496899604797363281250" "WordPress/6.0.2; https://tejoversea.com"
45.61.186.19 - - [26/Feb/2026:14:49:14 -0500] "POST /wp-login.php HTTP/1.1" 200 6700 "-" "Mozilla/5.0 (Macintosh; Intel Mac OS X 10_8_5) AppleWebKit/537.77.4 (KHTML, like Gecko) Version/6.1.5 Safari/537.77.4"
162.213.253.84 - - [26/Feb/2026:14:49:15 -0500] "POST /wp-admin/admin-ajax.php?action=async_litespeed&nonce=5e129aa1e5&litespeed_type=imgoptm HTTP/1.1" 200 0 "https://tejoversea.com/wp-admin/admin-ajax.php?action=async_litespeed&nonce=5e129aa1e5&litespeed_type=imgoptm" "WordPress/6.0.2; https://tejoversea.com"
136.144.35.209 - - [26/Feb/2026:14:47:55 -0500] "POST /wp-login.php HTTP/1.1" 200 6682 "-" "Mozilla/5.0"
162.213.253.84 - - [26/Feb/2026:14:47:56 -0500] "POST /wp-admin/admin-ajax.php?action=async_litespeed&nonce=5e129aa1e5&litespeed_type=imgoptm HTTP/1.1" 200 0 "https://tejoversea.com/wp-admin/admin-ajax.php?action=async_litespeed&nonce=5e129aa1e5&litespeed_type=imgoptm" "WordPress/6.0.2; https://tejoversea.com"
45.61.186.19 - - [26/Feb/2026:14:49:12 -0500] "GET /wp-login.php HTTP/1.1" 200 6507 "-" "Mozilla/5.0 (Macintosh; Intel Mac OS X 10_8_5) AppleWebKit/537.77.4 (KHTML, like Gecko) Version/6.1.5 Safari/537.77.4"
162.240.14.171 - - [26/Feb/2026:15:07:47 -0500] "GET /.env.production HTTP/1.1" 301 0 "-" "Mozilla/5.0 (X11; Linux x86_64)"
162.240.14.171 - - [26/Feb/2026:15:07:47 -0500] "GET /api/.env HTTP/1.1" 404 28772 "-" "Mozilla/5.0 (X11; Linux x86_64)"
162.240.14.171 - - [26/Feb/2026:15:07:51 -0500] "GET /.env.save HTTP/1.1" 404 28773 "https://www.tejoversea.com/.env.save" "Mozilla/5.0 (X11; Linux x86_64)"
162.240.14.171 - - [26/Feb/2026:15:07:47 -0500] "GET /api/.env HTTP/1.1" 301 0 "-" "Mozilla/5.0 (X11; Linux x86_64)"
162.240.14.171 - - [26/Feb/2026:15:07:47 -0500] "GET /app/.env HTTP/1.1" 301 0 "-" "Mozilla/5.0 (X11; Linux x86_64)"
162.240.14.171 - - [26/Feb/2026:15:07:47 -0500] "GET /.env.local HTTP/1.1" 301 0 "-" "Mozilla/5.0 (X11; Linux x86_64)"
162.240.14.171 - - [26/Feb/2026:15:07:51 -0500] "GET /api/.env HTTP/1.1" 404 28772 "https://www.tejoversea.com/api/.env" "Mozilla/5.0 (X11; Linux x86_64)"
162.240.14.171 - - [26/Feb/2026:15:07:51 -0500] "GET /.env.production HTTP/1.1" 404 28779 "https://www.tejoversea.com/.env.production" "Mozilla/5.0 (X11; Linux x86_64)"
136.144.35.196 - - [26/Feb/2026:15:11:53 -0500] "POST /wp-login.php HTTP/1.1" 200 6682 "-" "Mozilla/5.0"
162.213.253.84 - - [26/Feb/2026:15:07:47 -0500] "POST /wp-cron.php?doing_wp_cron=1772136466.9855799674987792968750 HTTP/1.1" 200 0 "https://tejoversea.com/wp-cron.php?doing_wp_cron=1772136466.9855799674987792968750" "WordPress/6.0.2; https://tejoversea.com"
162.240.14.171 - - [26/Feb/2026:15:07:46 -0500] "GET /.env HTTP/1.1" 404 28768 "-" "Mozilla/5.0 (X11; Linux x86_64)"
162.213.253.84 - - [26/Feb/2026:15:07:48 -0500] "POST /wp-admin/admin-ajax.php?action=async_litespeed&nonce=5e129aa1e5&litespeed_type=imgoptm HTTP/1.1" 200 0 "https://tejoversea.com/wp-admin/admin-ajax.php?action=async_litespeed&nonce=5e129aa1e5&litespeed_type=imgoptm" "WordPress/6.0.2; https://tejoversea.com"
162.240.14.171 - - [26/Feb/2026:15:07:47 -0500] "GET /app/.env HTTP/1.1" 404 28772 "-" "Mozilla/5.0 (X11; Linux x86_64)"
162.240.14.171 - - [26/Feb/2026:15:07:47 -0500] "GET /.env HTTP/1.1" 301 0 "-" "Mozilla/5.0 (X11; Linux x86_64)"
162.240.14.171 - - [26/Feb/2026:15:07:47 -0500] "GET /.env.save HTTP/1.1" 301 0 "-" "Mozilla/5.0 (X11; Linux x86_64)"
162.240.14.171 - - [26/Feb/2026:15:07:47 -0500] "GET /.env.local HTTP/1.1" 404 28774 "-" "Mozilla/5.0 (X11; Linux x86_64)"
162.240.14.171 - - [26/Feb/2026:15:07:47 -0500] "GET /.env.save HTTP/1.1" 404 28773 "-" "Mozilla/5.0 (X11; Linux x86_64)"
162.240.14.171 - - [26/Feb/2026:15:07:51 -0500] "GET /.env HTTP/1.1" 404 28768 "https://www.tejoversea.com/.env" "Mozilla/5.0 (X11; Linux x86_64)"
162.240.14.171 - - [26/Feb/2026:15:07:47 -0500] "GET /.env.production HTTP/1.1" 404 28779 "-" "Mozilla/5.0 (X11; Linux x86_64)"
162.240.14.171 - - [26/Feb/2026:15:07:51 -0500] "GET /.env.local HTTP/1.1" 404 28774 "https://www.tejoversea.com/.env.local" "Mozilla/5.0 (X11; Linux x86_64)"
162.240.14.171 - - [26/Feb/2026:15:07:51 -0500] "GET /app/.env HTTP/1.1" 404 28772 "https://www.tejoversea.com/app/.env" "Mozilla/5.0 (X11; Linux x86_64)"
162.213.253.84 - - [26/Feb/2026:15:11:54 -0500] "POST /wp-cron.php?doing_wp_cron=1772136714.8543820381164550781250 HTTP/1.1" 200 0 "https://tejoversea.com/wp-cron.php?doing_wp_cron=1772136714.8543820381164550781250" "WordPress/6.0.2; https://tejoversea.com"
162.213.253.84 - - [26/Feb/2026:15:11:55 -0500] "POST /wp-admin/admin-ajax.php?action=async_litespeed&nonce=5e129aa1e5&litespeed_type=imgoptm HTTP/1.1" 200 0 "https://tejoversea.com/wp-admin/admin-ajax.php?action=async_litespeed&nonce=5e129aa1e5&litespeed_type=imgoptm" "WordPress/6.0.2; https://tejoversea.com"
18.209.201.119 - - [26/Feb/2026:15:46:11 -0500] "GET /service/warehousing/ HTTP/1.1" 200 12089 "-" "Mozilla/5.0 AppleWebKit/537.36 (KHTML, like Gecko; compatible; Amazonbot/0.1; +https://developer.amazon.com/support/amazonbot) Chrome/119.0.6045.214 Safari/537.36"
162.213.253.84 - - [26/Feb/2026:15:35:53 -0500] "POST /wp-cron.php?doing_wp_cron=1772138153.3296010494232177734375 HTTP/1.1" 200 0 "https://tejoversea.com/wp-cron.php?doing_wp_cron=1772138153.3296010494232177734375" "WordPress/6.0.2; https://tejoversea.com"
136.144.35.209 - - [26/Feb/2026:15:35:52 -0500] "POST /wp-login.php HTTP/1.1" 200 6682 "-" "Mozilla/5.0"
162.213.253.84 - - [26/Feb/2026:15:35:53 -0500] "POST /wp-admin/admin-ajax.php?action=async_litespeed&nonce=5e129aa1e5&litespeed_type=imgoptm HTTP/1.1" 200 0 "https://tejoversea.com/wp-admin/admin-ajax.php?action=async_litespeed&nonce=5e129aa1e5&litespeed_type=imgoptm" "WordPress/6.0.2; https://tejoversea.com"
136.144.35.190 - - [26/Feb/2026:15:59:43 -0500] "POST /wp-login.php HTTP/1.1" 200 6682 "-" "Mozilla/5.0"
162.213.253.84 - - [26/Feb/2026:15:59:44 -0500] "POST /wp-admin/admin-ajax.php?action=async_litespeed&nonce=5e129aa1e5&litespeed_type=imgoptm HTTP/1.1" 200 0 "https://tejoversea.com/wp-admin/admin-ajax.php?action=async_litespeed&nonce=5e129aa1e5&litespeed_type=imgoptm" "WordPress/6.0.2; https://tejoversea.com"
162.213.253.84 - - [26/Feb/2026:15:59:44 -0500] "POST /wp-cron.php?doing_wp_cron=1772139584.2717521190643310546875 HTTP/1.1" 200 0 "https://tejoversea.com/wp-cron.php?doing_wp_cron=1772139584.2717521190643310546875" "WordPress/6.0.2; https://tejoversea.com"
162.213.253.84 - - [26/Feb/2026:16:06:11 -0500] "POST /wp-cron.php?doing_wp_cron=1772139971.9126789569854736328125 HTTP/1.1" 200 0 "https://tejoversea.com/wp-cron.php?doing_wp_cron=1772139971.9126789569854736328125" "WordPress/6.0.2; https://tejoversea.com"
185.223.152.93 - - [26/Feb/2026:16:06:11 -0500] "POST /wp-login.php HTTP/1.1" 200 6682 "-" "Mozilla/5.0"
162.213.253.84 - - [26/Feb/2026:16:06:12 -0500] "POST /wp-admin/admin-ajax.php?action=async_litespeed&nonce=5e129aa1e5&litespeed_type=imgoptm HTTP/1.1" 200 0 "https://tejoversea.com/wp-admin/admin-ajax.php?action=async_litespeed&nonce=5e129aa1e5&litespeed_type=imgoptm" "WordPress/6.0.2; https://tejoversea.com"
98.82.59.253 - - [26/Feb/2026:16:08:22 -0500] "GET /wp-json/wp/v2/pages/91 HTTP/1.1" 200 20769 "-" "Mozilla/5.0 AppleWebKit/537.36 (KHTML, like Gecko; compatible; Amazonbot/0.1; +https://developer.amazon.com/support/amazonbot) Chrome/119.0.6045.214 Safari/537.36"
162.213.253.84 - - [26/Feb/2026:16:08:23 -0500] "POST /wp-cron.php?doing_wp_cron=1772140103.3366448879241943359375 HTTP/1.1" 200 0 "https://tejoversea.com/wp-cron.php?doing_wp_cron=1772140103.3366448879241943359375" "WordPress/6.0.2; https://tejoversea.com"
162.213.253.84 - - [26/Feb/2026:16:08:23 -0500] "POST /wp-admin/admin-ajax.php?action=async_litespeed&nonce=5e129aa1e5&litespeed_type=imgoptm HTTP/1.1" 200 0 "https://tejoversea.com/wp-admin/admin-ajax.php?action=async_litespeed&nonce=5e129aa1e5&litespeed_type=imgoptm" "WordPress/6.0.2; https://tejoversea.com"
185.223.152.100 - - [26/Feb/2026:16:18:33 -0500] "POST /wp-login.php HTTP/1.1" 200 6682 "-" "Mozilla/5.0"
162.213.253.84 - - [26/Feb/2026:16:23:37 -0500] "POST /wp-admin/admin-ajax.php?action=async_litespeed&nonce=5e129aa1e5&litespeed_type=imgoptm HTTP/1.1" 200 0 "https://tejoversea.com/wp-admin/admin-ajax.php?action=async_litespeed&nonce=5e129aa1e5&litespeed_type=imgoptm" "WordPress/6.0.2; https://tejoversea.com"
162.213.253.84 - - [26/Feb/2026:16:18:34 -0500] "POST /wp-cron.php?doing_wp_cron=1772140714.3778939247131347656250 HTTP/1.1" 200 0 "https://tejoversea.com/wp-cron.php?doing_wp_cron=1772140714.3778939247131347656250" "WordPress/6.0.2; https://tejoversea.com"
162.213.253.84 - - [26/Feb/2026:16:18:35 -0500] "POST /wp-admin/admin-ajax.php?action=async_litespeed&nonce=5e129aa1e5&litespeed_type=imgoptm HTTP/1.1" 200 0 "https://tejoversea.com/wp-admin/admin-ajax.php?action=async_litespeed&nonce=5e129aa1e5&litespeed_type=imgoptm" "WordPress/6.0.2; https://tejoversea.com"
162.213.253.84 - - [26/Feb/2026:16:23:37 -0500] "POST /wp-cron.php?doing_wp_cron=1772141017.0690410137176513671875 HTTP/1.1" 200 0 "https://tejoversea.com/wp-cron.php?doing_wp_cron=1772141017.0690410137176513671875" "WordPress/6.0.2; https://tejoversea.com"
136.144.35.195 - - [26/Feb/2026:16:23:36 -0500] "POST /wp-login.php HTTP/1.1" 200 6682 "-" "Mozilla/5.0"
185.223.152.96 - - [26/Feb/2026:16:43:02 -0500] "POST /wp-login.php HTTP/1.1" 200 6682 "-" "Mozilla/5.0"
162.213.253.84 - - [26/Feb/2026:16:43:04 -0500] "POST /wp-admin/admin-ajax.php?action=async_litespeed&nonce=5e129aa1e5&litespeed_type=imgoptm HTTP/1.1" 200 0 "https://tejoversea.com/wp-admin/admin-ajax.php?action=async_litespeed&nonce=5e129aa1e5&litespeed_type=imgoptm" "WordPress/6.0.2; https://tejoversea.com"
162.213.253.84 - - [26/Feb/2026:16:30:48 -0500] "POST /wp-cron.php?doing_wp_cron=1772141448.2845149040222167968750 HTTP/1.1" 200 0 "https://tejoversea.com/wp-cron.php?doing_wp_cron=1772141448.2845149040222167968750" "WordPress/6.0.2; https://tejoversea.com"
185.223.152.104 - - [26/Feb/2026:16:30:47 -0500] "POST /wp-login.php HTTP/1.1" 200 6682 "-" "Mozilla/5.0"
162.213.253.84 - - [26/Feb/2026:16:30:48 -0500] "POST /wp-admin/admin-ajax.php?action=async_litespeed&nonce=5e129aa1e5&litespeed_type=imgoptm HTTP/1.1" 200 0 "https://tejoversea.com/wp-admin/admin-ajax.php?action=async_litespeed&nonce=5e129aa1e5&litespeed_type=imgoptm" "WordPress/6.0.2; https://tejoversea.com"
162.213.253.84 - - [26/Feb/2026:16:43:03 -0500] "POST /wp-cron.php?doing_wp_cron=1772142183.3105669021606445312500 HTTP/1.1" 200 0 "https://tejoversea.com/wp-cron.php?doing_wp_cron=1772142183.3105669021606445312500" "WordPress/6.0.2; https://tejoversea.com"
162.213.253.84 - - [26/Feb/2026:16:47:25 -0500] "POST /wp-cron.php?doing_wp_cron=1772142445.4205029010772705078125 HTTP/1.1" 200 0 "https://tejoversea.com/wp-cron.php?doing_wp_cron=1772142445.4205029010772705078125" "WordPress/6.0.2; https://tejoversea.com"
136.144.35.192 - - [26/Feb/2026:16:47:24 -0500] "POST /wp-login.php HTTP/1.1" 200 6682 "-" "Mozilla/5.0"
162.213.253.84 - - [26/Feb/2026:16:47:26 -0500] "POST /wp-admin/admin-ajax.php?action=async_litespeed&nonce=5e129aa1e5&litespeed_type=imgoptm HTTP/1.1" 200 0 "https://tejoversea.com/wp-admin/admin-ajax.php?action=async_litespeed&nonce=5e129aa1e5&litespeed_type=imgoptm" "WordPress/6.0.2; https://tejoversea.com"
162.213.253.84 - - [26/Feb/2026:16:55:14 -0500] "POST /wp-cron.php?doing_wp_cron=1772142914.0669670104980468750000 HTTP/1.1" 200 0 "https://tejoversea.com/wp-cron.php?doing_wp_cron=1772142914.0669670104980468750000" "WordPress/6.0.2; https://tejoversea.com"
185.223.152.95 - - [26/Feb/2026:16:55:13 -0500] "POST /wp-login.php HTTP/1.1" 200 6682 "-" "Mozilla/5.0"
162.213.253.84 - - [26/Feb/2026:16:55:14 -0500] "POST /wp-admin/admin-ajax.php?action=async_litespeed&nonce=5e129aa1e5&litespeed_type=imgoptm HTTP/1.1" 200 0 "https://tejoversea.com/wp-admin/admin-ajax.php?action=async_litespeed&nonce=5e129aa1e5&litespeed_type=imgoptm" "WordPress/6.0.2; https://tejoversea.com"
43.173.181.138 - - [26/Feb/2026:17:07:20 -0500] "GET / HTTP/1.1" 200 19189 "-" "Mozilla/5.0 (Windows NT 10.0; Win64; x64) AppleWebKit/537.36 (KHTML, like Gecko) Chrome/117.0.0.0 Safari/537.36"
43.173.182.33 - - [26/Feb/2026:17:07:30 -0500] "GET /wp-json/contact-form-7/v1/contact-forms/130/refill HTTP/1.1" 200 2 "https://tejoversea.com/" "Mozilla/5.0 (Windows NT 10.0; Win64; x64) AppleWebKit/537.36 (KHTML, like Gecko) Chrome/117.0.0.0 Safari/537.36"
162.213.253.84 - - [26/Feb/2026:17:07:41 -0500] "POST /wp-cron.php?doing_wp_cron=1772143661.0942389965057373046875 HTTP/1.1" 200 0 "https://tejoversea.com/wp-cron.php?doing_wp_cron=1772143661.0942389965057373046875" "WordPress/6.0.2; https://tejoversea.com"
43.173.176.254 - - [26/Feb/2026:17:07:29 -0500] "GET /wp-json/contact-form-7/v1/contact-forms/130/feedback/schema HTTP/1.1" 200 549 "https://tejoversea.com/" "Mozilla/5.0 (Windows NT 10.0; Win64; x64) AppleWebKit/537.36 (KHTML, like Gecko) Chrome/117.0.0.0 Safari/537.36"
185.223.152.108 - - [26/Feb/2026:17:07:40 -0500] "POST /wp-login.php HTTP/1.1" 200 6682 "-" "Mozilla/5.0"
162.213.253.84 - - [26/Feb/2026:17:07:41 -0500] "POST /wp-admin/admin-ajax.php?action=async_litespeed&nonce=5e129aa1e5&litespeed_type=imgoptm HTTP/1.1" 200 0 "https://tejoversea.com/wp-admin/admin-ajax.php?action=async_litespeed&nonce=5e129aa1e5&litespeed_type=imgoptm" "WordPress/6.0.2; https://tejoversea.com"
162.213.253.84 - - [26/Feb/2026:17:13:11 -0500] "POST /wp-cron.php?doing_wp_cron=1772143991.4719688892364501953125 HTTP/1.1" 200 0 "https://tejoversea.com/wp-cron.php?doing_wp_cron=1772143991.4719688892364501953125" "WordPress/6.0.2; https://tejoversea.com"
136.144.35.194 - - [26/Feb/2026:17:13:10 -0500] "POST /wp-login.php HTTP/1.1" 200 6682 "-" "Mozilla/5.0"
162.213.253.84 - - [26/Feb/2026:17:13:12 -0500] "POST /wp-admin/admin-ajax.php?action=async_litespeed&nonce=5e129aa1e5&litespeed_type=imgoptm HTTP/1.1" 200 0 "https://tejoversea.com/wp-admin/admin-ajax.php?action=async_litespeed&nonce=5e129aa1e5&litespeed_type=imgoptm" "WordPress/6.0.2; https://tejoversea.com"
162.213.253.84 - - [26/Feb/2026:17:20:02 -0500] "POST /wp-cron.php?doing_wp_cron=1772144402.5297169685363769531250 HTTP/1.1" 200 0 "https://tejoversea.com/wp-cron.php?doing_wp_cron=1772144402.5297169685363769531250" "WordPress/6.0.2; https://tejoversea.com"
185.223.152.110 - - [26/Feb/2026:17:20:01 -0500] "POST /wp-login.php HTTP/1.1" 200 6682 "-" "Mozilla/5.0"
162.213.253.84 - - [26/Feb/2026:17:20:03 -0500] "POST /wp-admin/admin-ajax.php?action=async_litespeed&nonce=5e129aa1e5&litespeed_type=imgoptm HTTP/1.1" 200 0 "https://tejoversea.com/wp-admin/admin-ajax.php?action=async_litespeed&nonce=5e129aa1e5&litespeed_type=imgoptm" "WordPress/6.0.2; https://tejoversea.com"
185.223.152.95 - - [26/Feb/2026:17:32:10 -0500] "POST /wp-login.php HTTP/1.1" 200 6682 "-" "Mozilla/5.0"
162.213.253.84 - - [26/Feb/2026:17:32:12 -0500] "POST /wp-admin/admin-ajax.php?action=async_litespeed&nonce=5e129aa1e5&litespeed_type=imgoptm HTTP/1.1" 200 0 "https://tejoversea.com/wp-admin/admin-ajax.php?action=async_litespeed&nonce=5e129aa1e5&litespeed_type=imgoptm" "WordPress/6.0.2; https://tejoversea.com"
162.213.253.84 - - [26/Feb/2026:17:33:31 -0500] "POST /wp-cron.php?doing_wp_cron=1772145211.5495290756225585937500 HTTP/1.1" 200 0 "https://tejoversea.com/wp-cron.php?doing_wp_cron=1772145211.5495290756225585937500" "WordPress/6.0.2; https://tejoversea.com"
20.41.98.49 - - [26/Feb/2026:17:33:31 -0500] "GET /wk/index.php HTTP/1.1" 301 0 "-" "Mozilla/5.0 (Windows NT 10.0; Win64; x64) AppleWebKit/537.36 (KHTML, like Gecko) Chrome/120.0.0.0 Safari/537.36"
162.213.253.84 - - [26/Feb/2026:17:33:32 -0500] "POST /wp-admin/admin-ajax.php?action=async_litespeed&nonce=5e129aa1e5&litespeed_type=imgoptm HTTP/1.1" 200 0 "https://tejoversea.com/wp-admin/admin-ajax.php?action=async_litespeed&nonce=5e129aa1e5&litespeed_type=imgoptm" "WordPress/6.0.2; https://tejoversea.com"
20.41.98.49 - - [26/Feb/2026:17:33:32 -0500] "GET /inputs.php HTTP/1.1" 404 6970 "-" "Mozilla/5.0 (Windows NT 10.0; Win64; x64) AppleWebKit/537.36 (KHTML, like Gecko) Chrome/120.0.0.0 Safari/537.36"
20.41.98.49 - - [26/Feb/2026:17:33:34 -0500] "GET /function/function.php HTTP/1.1" 404 6975 "-" "Mozilla/5.0 (Windows NT 10.0; Win64; x64) AppleWebKit/537.36 (KHTML, like Gecko) Chrome/120.0.0.0 Safari/537.36"
20.41.98.49 - - [26/Feb/2026:17:33:35 -0500] "GET /admin.php HTTP/1.1" 404 6987 "-" "Mozilla/5.0 (Windows NT 10.0; Win64; x64) AppleWebKit/537.36 (KHTML, like Gecko) Chrome/120.0.0.0 Safari/537.36"
20.41.98.49 - - [26/Feb/2026:17:33:36 -0500] "GET /wp-content/uploads/index.php HTTP/1.1" 301 0 "-" "Mozilla/5.0 (Windows NT 10.0; Win64; x64) AppleWebKit/537.36 (KHTML, like Gecko) Chrome/120.0.0.0 Safari/537.36"
20.41.98.49 - - [26/Feb/2026:17:33:37 -0500] "GET /cache.php HTTP/1.1" 404 6984 "-" "Mozilla/5.0 (Windows NT 10.0; Win64; x64) AppleWebKit/537.36 (KHTML, like Gecko) Chrome/120.0.0.0 Safari/537.36"
20.41.98.49 - - [26/Feb/2026:17:33:37 -0500] "GET /themes.php HTTP/1.1" 404 6978 "-" "Mozilla/5.0 (Windows NT 10.0; Win64; x64) AppleWebKit/537.36 (KHTML, like Gecko) Chrome/120.0.0.0 Safari/537.36"
20.41.98.49 - - [26/Feb/2026:17:33:39 -0500] "GET /index/function.php HTTP/1.1" 404 6980 "-" "Mozilla/5.0 (Windows NT 10.0; Win64; x64) AppleWebKit/537.36 (KHTML, like Gecko) Chrome/120.0.0.0 Safari/537.36"
20.41.98.49 - - [26/Feb/2026:17:33:41 -0500] "GET /404.php HTTP/1.1" 404 6979 "-" "Mozilla/5.0 (Windows NT 10.0; Win64; x64) AppleWebKit/537.36 (KHTML, like Gecko) Chrome/120.0.0.0 Safari/537.36"
20.41.98.49 - - [26/Feb/2026:17:33:42 -0500] "GET /wp-admin/user/index.php HTTP/1.1" 302 0 "-" "Mozilla/5.0 (Windows NT 10.0; Win64; x64) AppleWebKit/537.36 (KHTML, like Gecko) Chrome/120.0.0.0 Safari/537.36"
20.41.98.49 - - [26/Feb/2026:17:33:44 -0500] "GET /wp-content/themes/hideo/network.php HTTP/1.1" 404 6982 "-" "Mozilla/5.0 (Windows NT 10.0; Win64; x64) AppleWebKit/537.36 (KHTML, like Gecko) Chrome/120.0.0.0 Safari/537.36"
162.213.253.84 - - [26/Feb/2026:17:32:11 -0500] "POST /wp-cron.php?doing_wp_cron=1772145131.4608149528503417968750 HTTP/1.1" 200 0 "https://tejoversea.com/wp-cron.php?doing_wp_cron=1772145131.4608149528503417968750" "WordPress/6.0.2; https://tejoversea.com"
20.41.98.49 - - [26/Feb/2026:17:33:33 -0500] "GET /ioxi-o.php HTTP/1.1" 404 6977 "-" "Mozilla/5.0 (Windows NT 10.0; Win64; x64) AppleWebKit/537.36 (KHTML, like Gecko) Chrome/120.0.0.0 Safari/537.36"
20.41.98.49 - - [26/Feb/2026:17:33:35 -0500] "GET /rip.php HTTP/1.1" 404 6971 "-" "Mozilla/5.0 (Windows NT 10.0; Win64; x64) AppleWebKit/537.36 (KHTML, like Gecko) Chrome/120.0.0.0 Safari/537.36"
20.41.98.49 - - [26/Feb/2026:17:33:38 -0500] "GET /an.php HTTP/1.1" 404 6971 "-" "Mozilla/5.0 (Windows NT 10.0; Win64; x64) AppleWebKit/537.36 (KHTML, like Gecko) Chrome/120.0.0.0 Safari/537.36"
20.41.98.49 - - [26/Feb/2026:17:33:40 -0500] "GET /randkeyword.PhP7 HTTP/1.1" 404 6980 "-" "Mozilla/5.0 (Windows NT 10.0; Win64; x64) AppleWebKit/537.36 (KHTML, like Gecko) Chrome/120.0.0.0 Safari/537.36"
20.41.98.49 - - [26/Feb/2026:17:33:40 -0500] "GET /ws.php HTTP/1.1" 404 6970 "-" "Mozilla/5.0 (Windows NT 10.0; Win64; x64) AppleWebKit/537.36 (KHTML, like Gecko) Chrome/120.0.0.0 Safari/537.36"
20.41.98.49 - - [26/Feb/2026:17:33:43 -0500] "GET /wp-conf.php HTTP/1.1" 404 6971 "-" "Mozilla/5.0 (Windows NT 10.0; Win64; x64) AppleWebKit/537.36 (KHTML, like Gecko) Chrome/120.0.0.0 Safari/537.36"
162.213.253.84 - - [26/Feb/2026:17:33:44 -0500] "POST /wp-cron.php?doing_wp_cron=1772145224.6377179622650146484375 HTTP/1.1" 200 0 "https://tejoversea.com/wp-cron.php?doing_wp_cron=1772145224.6377179622650146484375" "WordPress/6.0.2; https://tejoversea.com"
20.41.98.49 - - [26/Feb/2026:17:33:47 -0500] "GET /as.php HTTP/1.1" 404 6982 "-" "Mozilla/5.0 (Windows NT 10.0; Win64; x64) AppleWebKit/537.36 (KHTML, like Gecko) Chrome/120.0.0.0 Safari/537.36"
20.41.98.49 - - [26/Feb/2026:17:33:49 -0500] "GET /file.php HTTP/1.1" 404 6974 "-" "Mozilla/5.0 (Windows NT 10.0; Win64; x64) AppleWebKit/537.36 (KHTML, like Gecko) Chrome/120.0.0.0 Safari/537.36"
20.41.98.49 - - [26/Feb/2026:17:33:49 -0500] "GET /adminfuns.php HTTP/1.1" 404 6985 "-" "Mozilla/5.0 (Windows NT 10.0; Win64; x64) AppleWebKit/537.36 (KHTML, like Gecko) Chrome/120.0.0.0 Safari/537.36"
20.41.98.49 - - [26/Feb/2026:17:33:50 -0500] "GET /wp-good.php HTTP/1.1" 404 6982 "-" "Mozilla/5.0 (Windows NT 10.0; Win64; x64) AppleWebKit/537.36 (KHTML, like Gecko) Chrome/120.0.0.0 Safari/537.36"
20.41.98.49 - - [26/Feb/2026:17:33:53 -0500] "GET /sf.php HTTP/1.1" 404 6983 "-" "Mozilla/5.0 (Windows NT 10.0; Win64; x64) AppleWebKit/537.36 (KHTML, like Gecko) Chrome/120.0.0.0 Safari/537.36"
20.41.98.49 - - [26/Feb/2026:17:33:54 -0500] "GET /kbfr.php HTTP/1.1" 404 6983 "-" "Mozilla/5.0 (Windows NT 10.0; Win64; x64) AppleWebKit/537.36 (KHTML, like Gecko) Chrome/120.0.0.0 Safari/537.36"
20.41.98.49 - - [26/Feb/2026:17:33:54 -0500] "GET /autoload_classmap.php HTTP/1.1" 404 6981 "-" "Mozilla/5.0 (Windows NT 10.0; Win64; x64) AppleWebKit/537.36 (KHTML, like Gecko) Chrome/120.0.0.0 Safari/537.36"
20.41.98.49 - - [26/Feb/2026:17:33:57 -0500] "GET /wp-includes/ HTTP/1.1" 403 1242 "-" "Mozilla/5.0 (Windows NT 10.0; Win64; x64) AppleWebKit/537.36 (KHTML, like Gecko) Chrome/120.0.0.0 Safari/537.36"
20.41.98.49 - - [26/Feb/2026:17:33:57 -0500] "GET /.well-known/ HTTP/1.1" 404 6984 "-" "Mozilla/5.0 (Windows NT 10.0; Win64; x64) AppleWebKit/537.36 (KHTML, like Gecko) Chrome/120.0.0.0 Safari/537.36"
20.41.98.49 - - [26/Feb/2026:17:33:58 -0500] "GET /info.php HTTP/1.1" 404 6983 "-" "Mozilla/5.0 (Windows NT 10.0; Win64; x64) AppleWebKit/537.36 (KHTML, like Gecko) Chrome/120.0.0.0 Safari/537.36"
20.41.98.49 - - [26/Feb/2026:17:33:59 -0500] "GET /cgi-bin/ HTTP/1.1" 403 1242 "-" "Mozilla/5.0 (Windows NT 10.0; Win64; x64) AppleWebKit/537.36 (KHTML, like Gecko) Chrome/120.0.0.0 Safari/537.36"
20.41.98.49 - - [26/Feb/2026:17:33:59 -0500] "GET /uploads/ HTTP/1.1" 404 6966 "-" "Mozilla/5.0 (Windows NT 10.0; Win64; x64) AppleWebKit/537.36 (KHTML, like Gecko) Chrome/120.0.0.0 Safari/537.36"
20.41.98.49 - - [26/Feb/2026:17:34:00 -0500] "GET /wp-admin/images/ HTTP/1.1" 403 1242 "-" "Mozilla/5.0 (Windows NT 10.0; Win64; x64) AppleWebKit/537.36 (KHTML, like Gecko) Chrome/120.0.0.0 Safari/537.36"
20.41.98.49 - - [26/Feb/2026:17:34:00 -0500] "GET /wp-includes/Requests/src/Response/about.php HTTP/1.1" 404 6988 "-" "Mozilla/5.0 (Windows NT 10.0; Win64; x64) AppleWebKit/537.36 (KHTML, like Gecko) Chrome/120.0.0.0 Safari/537.36"
20.41.98.49 - - [26/Feb/2026:17:34:02 -0500] "GET /wp-content/admin.php HTTP/1.1" 404 6972 "-" "Mozilla/5.0 (Windows NT 10.0; Win64; x64) AppleWebKit/537.36 (KHTML, like Gecko) Chrome/120.0.0.0 Safari/537.36"
20.41.98.49 - - [26/Feb/2026:17:34:03 -0500] "GET /wp-content/uploads/ HTTP/1.1" 403 1242 "-" "Mozilla/5.0 (Windows NT 10.0; Win64; x64) AppleWebKit/537.36 (KHTML, like Gecko) Chrome/120.0.0.0 Safari/537.36"
20.41.98.49 - - [26/Feb/2026:17:34:03 -0500] "GET /wp-content/themes/admin.php HTTP/1.1" 404 6970 "-" "Mozilla/5.0 (Windows NT 10.0; Win64; x64) AppleWebKit/537.36 (KHTML, like Gecko) Chrome/120.0.0.0 Safari/537.36"
20.41.98.49 - - [26/Feb/2026:17:34:04 -0500] "GET /wp-content/plugins/index.php HTTP/1.1" 200 0 "-" "Mozilla/5.0 (Windows NT 10.0; Win64; x64) AppleWebKit/537.36 (KHTML, like Gecko) Chrome/120.0.0.0 Safari/537.36"
20.41.98.49 - - [26/Feb/2026:17:34:04 -0500] "GET /wp-includes/PHPMailer/ HTTP/1.1" 403 1242 "-" "Mozilla/5.0 (Windows NT 10.0; Win64; x64) AppleWebKit/537.36 (KHTML, like Gecko) Chrome/120.0.0.0 Safari/537.36"
20.41.98.49 - - [26/Feb/2026:17:34:04 -0500] "GET /wp-includes/images/ HTTP/1.1" 403 1242 "-" "Mozilla/5.0 (Windows NT 10.0; Win64; x64) AppleWebKit/537.36 (KHTML, like Gecko) Chrome/120.0.0.0 Safari/537.36"
20.41.98.49 - - [26/Feb/2026:17:34:04 -0500] "GET /wp-content/plugins/WordPressCore/ HTTP/1.1" 404 6969 "-" "Mozilla/5.0 (Windows NT 10.0; Win64; x64) AppleWebKit/537.36 (KHTML, like Gecko) Chrome/120.0.0.0 Safari/537.36"
20.41.98.49 - - [26/Feb/2026:17:33:45 -0500] "GET /wp-login.php HTTP/1.1" 200 2029 "-" "Mozilla/5.0 (Windows NT 10.0; Win64; x64) AppleWebKit/537.36 (KHTML, like Gecko) Chrome/120.0.0.0 Safari/537.36"
20.41.98.49 - - [26/Feb/2026:17:33:45 -0500] "GET /abc.php HTTP/1.1" 404 6969 "-" "Mozilla/5.0 (Windows NT 10.0; Win64; x64) AppleWebKit/537.36 (KHTML, like Gecko) Chrome/120.0.0.0 Safari/537.36"
20.41.98.49 - - [26/Feb/2026:17:33:46 -0500] "GET /abcd.php HTTP/1.1" 404 6984 "-" "Mozilla/5.0 (Windows NT 10.0; Win64; x64) AppleWebKit/537.36 (KHTML, like Gecko) Chrome/120.0.0.0 Safari/537.36"
20.41.98.49 - - [26/Feb/2026:17:33:47 -0500] "GET /wp-trackback.php HTTP/1.1" 404 91 "-" "Mozilla/5.0 (Windows NT 10.0; Win64; x64) AppleWebKit/537.36 (KHTML, like Gecko) Chrome/120.0.0.0 Safari/537.36"
20.41.98.49 - - [26/Feb/2026:17:33:48 -0500] "GET /about.php HTTP/1.1" 404 6973 "-" "Mozilla/5.0 (Windows NT 10.0; Win64; x64) AppleWebKit/537.36 (KHTML, like Gecko) Chrome/120.0.0.0 Safari/537.36"
20.41.98.49 - - [26/Feb/2026:17:33:51 -0500] "GET /xmlrpc.php HTTP/1.1" 405 46 "-" "Mozilla/5.0 (Windows NT 10.0; Win64; x64) AppleWebKit/537.36 (KHTML, like Gecko) Chrome/120.0.0.0 Safari/537.36"
20.41.98.49 - - [26/Feb/2026:17:33:52 -0500] "GET /goods.php HTTP/1.1" 404 6982 "-" "Mozilla/5.0 (Windows NT 10.0; Win64; x64) AppleWebKit/537.36 (KHTML, like Gecko) Chrome/120.0.0.0 Safari/537.36"
20.41.98.49 - - [26/Feb/2026:17:33:52 -0500] "GET /class-t.api.php HTTP/1.1" 404 6977 "-" "Mozilla/5.0 (Windows NT 10.0; Win64; x64) AppleWebKit/537.36 (KHTML, like Gecko) Chrome/120.0.0.0 Safari/537.36"
20.41.98.49 - - [26/Feb/2026:17:33:55 -0500] "GET /chosen.php?p= HTTP/1.1" 301 0 "-" "Mozilla/5.0 (Windows NT 10.0; Win64; x64) AppleWebKit/537.36 (KHTML, like Gecko) Chrome/120.0.0.0 Safari/537.36"
20.41.98.49 - - [26/Feb/2026:17:33:56 -0500] "GET /classwithtostring.php HTTP/1.1" 404 6989 "-" "Mozilla/5.0 (Windows NT 10.0; Win64; x64) AppleWebKit/537.36 (KHTML, like Gecko) Chrome/120.0.0.0 Safari/537.36"
20.41.98.49 - - [26/Feb/2026:17:33:57 -0500] "GET /defaults.php HTTP/1.1" 404 6981 "-" "Mozilla/5.0 (Windows NT 10.0; Win64; x64) AppleWebKit/537.36 (KHTML, like Gecko) Chrome/120.0.0.0 Safari/537.36"
20.41.98.49 - - [26/Feb/2026:17:34:01 -0500] "GET /wp-includes/html-api/ HTTP/1.1" 404 6979 "-" "Mozilla/5.0 (Windows NT 10.0; Win64; x64) AppleWebKit/537.36 (KHTML, like Gecko) Chrome/120.0.0.0 Safari/537.36"
20.41.98.49 - - [26/Feb/2026:17:34:03 -0500] "GET /wp-admin/css/colors/ectoplasm/ HTTP/1.1" 403 1242 "-" "Mozilla/5.0 (Windows NT 10.0; Win64; x64) AppleWebKit/537.36 (KHTML, like Gecko) Chrome/120.0.0.0 Safari/537.36"
20.41.98.49 - - [26/Feb/2026:17:34:03 -0500] "GET /wp-content/themes/index.php HTTP/1.1" 200 0 "-" "Mozilla/5.0 (Windows NT 10.0; Win64; x64) AppleWebKit/537.36 (KHTML, like Gecko) Chrome/120.0.0.0 Safari/537.36"
209.141.57.163 - - [26/Feb/2026:17:35:51 -0500] "GET /wp-login.php HTTP/1.1" 200 6507 "-" "Mozilla/5.0 (Macintosh; Intel Mac OS X 10_9_0) AppleWebKit/537.36 (KHTML, like Gecko) Chrome/36.0.1985.125 Safari/537.36"
162.213.253.84 - - [26/Feb/2026:17:35:54 -0500] "POST /wp-cron.php?doing_wp_cron=1772145354.3977820873260498046875 HTTP/1.1" 200 0 "https://tejoversea.com/wp-cron.php?doing_wp_cron=1772145354.3977820873260498046875" "WordPress/6.0.2; https://tejoversea.com"
209.141.57.163 - - [26/Feb/2026:17:35:53 -0500] "POST /wp-login.php HTTP/1.1" 200 6700 "-" "Mozilla/5.0 (Macintosh; Intel Mac OS X 10_9_0) AppleWebKit/537.36 (KHTML, like Gecko) Chrome/36.0.1985.125 Safari/537.36"
106.221.230.117 - - [26/Feb/2026:17:39:58 -0500] "GET /track-order/ HTTP/1.1" 200 12552 "-" "Mozilla/5.0 (Linux; Android 10; K) AppleWebKit/537.36 (KHTML, like Gecko) Chrome/145.0.0.0 Mobile Safari/537.36"
106.221.230.117 - - [26/Feb/2026:17:39:59 -0500] "GET /wp-includes/css/dist/block-library/style.min.css?ver=6.0.2 HTTP/1.1" 200 10946 "https://tejoversea.com/track-order/" "Mozilla/5.0 (Linux; Android 10; K) AppleWebKit/537.36 (KHTML, like Gecko) Chrome/145.0.0.0 Mobile Safari/537.36"
106.221.230.117 - - [26/Feb/2026:17:39:59 -0500] "GET /wp-content/plugins/contact-form-7/includes/css/styles.css?ver=5.6.3 HTTP/1.1" 200 848 "https://tejoversea.com/track-order/" "Mozilla/5.0 (Linux; Android 10; K) AppleWebKit/537.36 (KHTML, like Gecko) Chrome/145.0.0.0 Mobile Safari/537.36"
106.221.230.117 - - [26/Feb/2026:17:39:59 -0500] "GET /wp-content/plugins/order-tracking/css/pure-buttons.css?ver=2.11.9 HTTP/1.1" 200 659 "https://tejoversea.com/track-order/" "Mozilla/5.0 (Linux; Android 10; K) AppleWebKit/537.36 (KHTML, like Gecko) Chrome/145.0.0.0 Mobile Safari/537.36"
106.221.230.117 - - [26/Feb/2026:17:39:59 -0500] "GET /wp-content/plugins/order-tracking/css/pure-forms-nr.css?ver=2.11.9 HTTP/1.1" 200 1471 "https://tejoversea.com/track-order/" "Mozilla/5.0 (Linux; Android 10; K) AppleWebKit/537.36 (KHTML, like Gecko) Chrome/145.0.0.0 Mobile Safari/537.36"
106.221.230.117 - - [26/Feb/2026:17:39:59 -0500] "GET /wp-content/plugins/order-tracking/css/pure-grids-nr.css?ver=2.11.9 HTTP/1.1" 200 476 "https://tejoversea.com/track-order/" "Mozilla/5.0 (Linux; Android 10; K) AppleWebKit/537.36 (KHTML, like Gecko) Chrome/145.0.0.0 Mobile Safari/537.36"
106.221.230.117 - - [26/Feb/2026:17:39:59 -0500] "GET /wp-content/themes/logistek/assets/fonts/webexflaticon/flaticon.css?ver=6.0.2 HTTP/1.1" 200 1514 "https://tejoversea.com/track-order/" "Mozilla/5.0 (Linux; Android 10; K) AppleWebKit/537.36 (KHTML, like Gecko) Chrome/145.0.0.0 Mobile Safari/537.36"
106.221.230.117 - - [26/Feb/2026:17:39:59 -0500] "GET /wp-content/themes/logistek/assets/css/bootstrap.min.css?ver=6.0.2 HTTP/1.1" 200 19105 "https://tejoversea.com/track-order/" "Mozilla/5.0 (Linux; Android 10; K) AppleWebKit/537.36 (KHTML, like Gecko) Chrome/145.0.0.0 Mobile Safari/537.36"
106.221.230.117 - - [26/Feb/2026:17:39:59 -0500] "GET /wp-content/themes/logistek/assets/css/owl.carousel.min.css?ver=6.0.2 HTTP/1.1" 200 915 "https://tejoversea.com/track-order/" "Mozilla/5.0 (Linux; Android 10; K) AppleWebKit/537.36 (KHTML, like Gecko) Chrome/145.0.0.0 Mobile Safari/537.36"
106.221.230.117 - - [26/Feb/2026:17:39:59 -0500] "GET /wp-content/plugins/order-tracking/css/jquery-ui.min.css?ver=6.0.2 HTTP/1.1" 200 7327 "https://tejoversea.com/track-order/" "Mozilla/5.0 (Linux; Android 10; K) AppleWebKit/537.36 (KHTML, like Gecko) Chrome/145.0.0.0 Mobile Safari/537.36"
106.221.230.117 - - [26/Feb/2026:17:39:59 -0500] "GET /wp-content/themes/logistek/assets/fonts/webexicon/style.css?ver=6.0.2 HTTP/1.1" 200 6167 "https://tejoversea.com/track-order/" "Mozilla/5.0 (Linux; Android 10; K) AppleWebKit/537.36 (KHTML, like Gecko) Chrome/145.0.0.0 Mobile Safari/537.36"
162.213.253.84 - - [26/Feb/2026:17:35:55 -0500] "POST /wp-admin/admin-ajax.php?action=async_litespeed&nonce=5e129aa1e5&litespeed_type=imgoptm HTTP/1.1" 200 0 "https://tejoversea.com/wp-admin/admin-ajax.php?action=async_litespeed&nonce=5e129aa1e5&litespeed_type=imgoptm" "WordPress/6.0.2; https://tejoversea.com"
106.221.230.117 - - [26/Feb/2026:17:39:59 -0500] "GET /wp-content/plugins/wp-call-button/assets/block/build/index.css?ver=a1dbfd3fcfcfb0740ca8c4771bbdc4c3 HTTP/1.1" 200 259 "https://tejoversea.com/track-order/" "Mozilla/5.0 (Linux; Android 10; K) AppleWebKit/537.36 (KHTML, like Gecko) Chrome/145.0.0.0 Mobile Safari/537.36"
106.221.230.117 - - [26/Feb/2026:17:39:59 -0500] "GET /wp-content/plugins/order-tracking/css/pure-forms.css?ver=2.11.9 HTTP/1.1" 200 1457 "https://tejoversea.com/track-order/" "Mozilla/5.0 (Linux; Android 10; K) AppleWebKit/537.36 (KHTML, like Gecko) Chrome/145.0.0.0 Mobile Safari/537.36"
106.221.230.117 - - [26/Feb/2026:17:39:59 -0500] "GET /wp-content/plugins/order-tracking/css/otp-styles.css?ver=2.11.9 HTTP/1.1" 200 1684 "https://tejoversea.com/track-order/" "Mozilla/5.0 (Linux; Android 10; K) AppleWebKit/537.36 (KHTML, like Gecko) Chrome/145.0.0.0 Mobile Safari/537.36"
106.221.230.117 - - [26/Feb/2026:17:39:59 -0500] "GET /wp-content/themes/logistek/assets/fonts/fontawesome/css/all.css?ver=6.0.2 HTTP/1.1" 200 12558 "https://tejoversea.com/track-order/" "Mozilla/5.0 (Linux; Android 10; K) AppleWebKit/537.36 (KHTML, like Gecko) Chrome/145.0.0.0 Mobile Safari/537.36"
106.221.230.117 - - [26/Feb/2026:17:39:59 -0500] "GET /wp-content/themes/logistek/assets/css/custom-animation.css?ver=6.0.2 HTTP/1.1" 200 676 "https://tejoversea.com/track-order/" "Mozilla/5.0 (Linux; Android 10; K) AppleWebKit/537.36 (KHTML, like Gecko) Chrome/145.0.0.0 Mobile Safari/537.36"
106.221.230.117 - - [26/Feb/2026:17:39:59 -0500] "GET /wp-content/themes/logistek/assets/css/animate.css?ver=6.0.2 HTTP/1.1" 200 4452 "https://tejoversea.com/track-order/" "Mozilla/5.0 (Linux; Android 10; K) AppleWebKit/537.36 (KHTML, like Gecko) Chrome/145.0.0.0 Mobile Safari/537.36"
106.221.230.117 - - [26/Feb/2026:17:39:59 -0500] "GET /wp-content/themes/logistek/assets/css/style.css?ver=6.0.2 HTTP/1.1" 200 15285 "https://tejoversea.com/track-order/" "Mozilla/5.0 (Linux; Android 10; K) AppleWebKit/537.36 (KHTML, like Gecko) Chrome/145.0.0.0 Mobile Safari/537.36"
106.221.230.117 - - [26/Feb/2026:17:39:59 -0500] "GET /wp-content/themes/logistek/assets/css/meanmenu.min.css?ver=6.0.2 HTTP/1.1" 200 941 "https://tejoversea.com/track-order/" "Mozilla/5.0 (Linux; Android 10; K) AppleWebKit/537.36 (KHTML, like Gecko) Chrome/145.0.0.0 Mobile Safari/537.36"
106.221.230.117 - - [26/Feb/2026:17:39:59 -0500] "GET /wp-content/plugins/elementor/assets/lib/eicons/css/elementor-icons.min.css?ver=5.16.0 HTTP/1.1" 200 3629 "https://tejoversea.com/track-order/" "Mozilla/5.0 (Linux; Android 10; K) AppleWebKit/537.36 (KHTML, like Gecko) Chrome/145.0.0.0 Mobile Safari/537.36"
106.221.230.117 - - [26/Feb/2026:17:39:59 -0500] "GET /wp-content/uploads/elementor/css/post-24.css?ver=1664536342 HTTP/1.1" 200 329 "https://tejoversea.com/track-order/" "Mozilla/5.0 (Linux; Android 10; K) AppleWebKit/537.36 (KHTML, like Gecko) Chrome/145.0.0.0 Mobile Safari/537.36"
106.221.230.117 - - [26/Feb/2026:17:39:59 -0500] "GET /wp-content/uploads/elementor/css/post-464.css?ver=1747180140 HTTP/1.1" 200 250 "https://tejoversea.com/track-order/" "Mozilla/5.0 (Linux; Android 10; K) AppleWebKit/537.36 (KHTML, like Gecko) Chrome/145.0.0.0 Mobile Safari/537.36"
106.221.230.117 - - [26/Feb/2026:17:39:59 -0500] "GET /wp-content/plugins/elementor/assets/css/frontend-lite.min.css?ver=3.7.7 HTTP/1.1" 200 12986 "https://tejoversea.com/track-order/" "Mozilla/5.0 (Linux; Android 10; K) AppleWebKit/537.36 (KHTML, like Gecko) Chrome/145.0.0.0 Mobile Safari/537.36"
106.221.230.117 - - [26/Feb/2026:17:39:59 -0500] "GET /wp-content/plugins/order-tracking/css/pure-grids.css?ver=2.11.9 HTTP/1.1" 200 259 "https://tejoversea.com/track-order/" "Mozilla/5.0 (Linux; Android 10; K) AppleWebKit/537.36 (KHTML, like Gecko) Chrome/145.0.0.0 Mobile Safari/537.36"
106.221.230.117 - - [26/Feb/2026:17:39:59 -0500] "GET /wp-content/themes/logistek/assets/css/magnific-popup.css?ver=6.0.2 HTTP/1.1" 200 1660 "https://tejoversea.com/track-order/" "Mozilla/5.0 (Linux; Android 10; K) AppleWebKit/537.36 (KHTML, like Gecko) Chrome/145.0.0.0 Mobile Safari/537.36"
106.221.230.117 - - [26/Feb/2026:17:39:59 -0500] "GET /wp-content/plugins/creame-whatsapp-me/public/css/joinchat-btn.min.css?ver=4.5.9 HTTP/1.1" 200 1951 "https://tejoversea.com/track-order/" "Mozilla/5.0 (Linux; Android 10; K) AppleWebKit/537.36 (KHTML, like Gecko) Chrome/145.0.0.0 Mobile Safari/537.36"
106.221.230.117 - - [26/Feb/2026:17:39:59 -0500] "GET /wp-content/themes/logistek/style.css?ver=2021-04-14 HTTP/1.1" 200 4684 "https://tejoversea.com/track-order/" "Mozilla/5.0 (Linux; Android 10; K) AppleWebKit/537.36 (KHTML, like Gecko) Chrome/145.0.0.0 Mobile Safari/537.36"
106.221.230.117 - - [26/Feb/2026:17:39:59 -0500] "GET /wp-content/plugins/elementor-pro/assets/css/frontend-lite.min.css?ver=3.7.7 HTTP/1.1" 200 1533 "https://tejoversea.com/track-order/" "Mozilla/5.0 (Linux; Android 10; K) AppleWebKit/537.36 (KHTML, like Gecko) Chrome/145.0.0.0 Mobile Safari/537.36"
106.221.230.117 - - [26/Feb/2026:17:39:59 -0500] "GET /wp-content/uploads/elementor/css/global.css?ver=1664536355 HTTP/1.1" 200 2637 "https://tejoversea.com/track-order/" "Mozilla/5.0 (Linux; Android 10; K) AppleWebKit/537.36 (KHTML, like Gecko) Chrome/145.0.0.0 Mobile Safari/537.36"
106.221.230.117 - - [26/Feb/2026:17:39:59 -0500] "GET /wp-content/themes/logistek/assets/css/responsive.css?ver=6.0.2 HTTP/1.1" 200 1645 "https://tejoversea.com/track-order/" "Mozilla/5.0 (Linux; Android 10; K) AppleWebKit/537.36 (KHTML, like Gecko) Chrome/145.0.0.0 Mobile Safari/537.36"
