106.219.234.209 - - [26/Feb/2026:21:06:06 -0500] "GET /wp-content/themes/logistek/assets/img/side-panel/2.jpg HTTP/1.1" 404 7621 "http://tejoversea.com/" "Mozilla/5.0 (Linux; Android 10; K) AppleWebKit/537.36 (KHTML, like Gecko) Chrome/145.0.0.0 Mobile Safari/537.36"
106.219.234.209 - - [26/Feb/2026:21:06:07 -0500] "GET /wp-content/themes/logistek/assets/img/side-panel/3.jpg HTTP/1.1" 404 7621 "http://tejoversea.com/" "Mozilla/5.0 (Linux; Android 10; K) AppleWebKit/537.36 (KHTML, like Gecko) Chrome/145.0.0.0 Mobile Safari/537.36"
106.219.234.209 - - [26/Feb/2026:21:06:09 -0500] "GET /wp-json/contact-form-7/v1/contact-forms/130/feedback/schema HTTP/1.1" 304 0 "http://tejoversea.com/" "Mozilla/5.0 (Linux; Android 10; K) AppleWebKit/537.36 (KHTML, like Gecko) Chrome/145.0.0.0 Mobile Safari/537.36"
162.213.253.84 - - [26/Feb/2026:21:06:09 -0500] "POST /wp-admin/admin-ajax.php?action=async_litespeed&nonce=aa6694b328&litespeed_type=imgoptm HTTP/1.1" 200 0 "http://tejoversea.com/wp-admin/admin-ajax.php?action=async_litespeed&nonce=aa6694b328&litespeed_type=imgoptm" "WordPress/6.0.2; http://tejoversea.com"
106.219.234.209 - - [26/Feb/2026:21:06:50 -0500] "GET /wp-content/themes/logistek/assets/img/side-panel/1.jpg HTTP/1.1" 404 7620 "http://tejoversea.com/track-order/" "Mozilla/5.0 (Linux; Android 10; K) AppleWebKit/537.36 (KHTML, like Gecko) Chrome/145.0.0.0 Mobile Safari/537.36"
106.219.234.209 - - [26/Feb/2026:21:06:50 -0500] "GET /wp-content/themes/logistek/assets/img/side-panel/3.jpg HTTP/1.1" 404 7621 "http://tejoversea.com/track-order/" "Mozilla/5.0 (Linux; Android 10; K) AppleWebKit/537.36 (KHTML, like Gecko) Chrome/145.0.0.0 Mobile Safari/537.36"
106.219.234.209 - - [26/Feb/2026:21:06:50 -0500] "GET /wp-content/themes/logistek/assets/img/side-panel/5.jpg HTTP/1.1" 404 7620 "http://tejoversea.com/track-order/" "Mozilla/5.0 (Linux; Android 10; K) AppleWebKit/537.36 (KHTML, like Gecko) Chrome/145.0.0.0 Mobile Safari/537.36"
4.205.37.160 - - [26/Feb/2026:21:31:43 -0500] "GET /aigcpsba.php HTTP/1.1" 404 28707 "-" "-"
4.205.37.160 - - [26/Feb/2026:21:31:44 -0500] "GET /aqmpjaid.php HTTP/1.1" 404 28707 "-" "-"
4.205.37.160 - - [26/Feb/2026:21:31:49 -0500] "GET /g.php HTTP/1.1" 404 28700 "-" "-"
4.205.37.160 - - [26/Feb/2026:21:31:51 -0500] "GET /nf.php HTTP/1.1" 404 28701 "-" "-"
162.213.253.84 - - [26/Feb/2026:21:31:42 -0500] "POST /wp-cron.php?doing_wp_cron=1772159502.5241920948028564453125 HTTP/1.1" 200 0 "http://tejoversea.com/wp-cron.php?doing_wp_cron=1772159502.5241920948028564453125" "WordPress/6.0.2; http://tejoversea.com"
4.205.37.160 - - [26/Feb/2026:21:31:41 -0500] "GET /wp-content/plugins/hellopress/wp_filemanager.php HTTP/1.1" 404 28743 "-" "-"
162.213.253.84 - - [26/Feb/2026:21:31:43 -0500] "POST /wp-admin/admin-ajax.php?action=async_litespeed&nonce=aa6694b328&litespeed_type=imgoptm HTTP/1.1" 200 0 "http://tejoversea.com/wp-admin/admin-ajax.php?action=async_litespeed&nonce=aa6694b328&litespeed_type=imgoptm" "WordPress/6.0.2; http://tejoversea.com"
4.205.37.160 - - [26/Feb/2026:21:31:45 -0500] "GET /ivnnopon.php HTTP/1.1" 404 28707 "-" "-"
4.205.37.160 - - [26/Feb/2026:21:31:46 -0500] "GET /ay.php HTTP/1.1" 404 28701 "-" "-"
4.205.37.160 - - [26/Feb/2026:21:31:47 -0500] "GET /baixy.php HTTP/1.1" 404 28704 "-" "-"
4.205.37.160 - - [26/Feb/2026:21:31:48 -0500] "GET /update/g.php HTTP/1.1" 404 28707 "-" "-"
4.205.37.160 - - [26/Feb/2026:21:31:50 -0500] "GET /update/nf.php HTTP/1.1" 404 28708 "-" "-"
4.205.37.160 - - [26/Feb/2026:21:31:52 -0500] "GET /sc.php HTTP/1.1" 404 28701 "-" "-"
167.99.131.44 - - [26/Feb/2026:22:01:34 -0500] "GET /wp-content/uploads/2022/10/Tej-Oversea-Logistic-e1664610081961.png HTTP/1.1" 200 14639 "http://tejoversea.com/" "Mozilla/5.0 (X11; Linux x86_64) AppleWebKit/537.36 (KHTML, like Gecko) Chrome/142.0.0.0 Safari/537.36"
167.99.131.44 - - [26/Feb/2026:22:01:34 -0500] "GET / HTTP/1.1" 200 19139 "-" "Mozilla/5.0 (X11; Linux x86_64) AppleWebKit/537.36 (KHTML, like Gecko) Chrome/142.0.0.0 Safari/537.36"
162.213.253.84 - - [26/Feb/2026:23:06:44 -0500] "POST /wp-admin/admin-ajax.php?action=async_litespeed&nonce=aa6694b328&litespeed_type=imgoptm HTTP/1.1" 200 0 "http://tejoversea.com/wp-admin/admin-ajax.php?action=async_litespeed&nonce=aa6694b328&litespeed_type=imgoptm" "WordPress/6.0.2; http://tejoversea.com"
162.213.253.84 - - [26/Feb/2026:23:06:44 -0500] "POST /wp-cron.php?doing_wp_cron=1772165204.2477469444274902343750 HTTP/1.1" 200 0 "http://tejoversea.com/wp-cron.php?doing_wp_cron=1772165204.2477469444274902343750" "WordPress/6.0.2; http://tejoversea.com"
181.215.182.167 - - [26/Feb/2026:23:06:43 -0500] "GET /.env HTTP/1.1" 404 7607 "-" "Mozilla/5.0 (Macintosh; Intel Mac OS X 10.15; rv:77.0) Gecko/20100101 Firefox/77.0"
106.219.239.209 - - [26/Feb/2026:23:20:45 -0500] "GET / HTTP/1.1" 304 0 "-" "Mozilla/5.0 (Linux; Android 10; K) AppleWebKit/537.36 (KHTML, like Gecko) Chrome/145.0.0.0 Mobile Safari/537.36"
106.219.239.209 - - [26/Feb/2026:23:20:46 -0500] "GET /wp-content/themes/logistek/assets/img/side-panel/2.jpg HTTP/1.1" 404 7620 "http://tejoversea.com/" "Mozilla/5.0 (Linux; Android 10; K) AppleWebKit/537.36 (KHTML, like Gecko) Chrome/145.0.0.0 Mobile Safari/537.36"
106.219.239.209 - - [26/Feb/2026:23:20:46 -0500] "GET /wp-content/themes/logistek/assets/img/side-panel/1.jpg HTTP/1.1" 404 7621 "http://tejoversea.com/" "Mozilla/5.0 (Linux; Android 10; K) AppleWebKit/537.36 (KHTML, like Gecko) Chrome/145.0.0.0 Mobile Safari/537.36"
162.213.253.84 - - [26/Feb/2026:23:20:48 -0500] "POST /wp-admin/admin-ajax.php?action=async_litespeed&nonce=aa6694b328&litespeed_type=imgoptm HTTP/1.1" 200 0 "http://tejoversea.com/wp-admin/admin-ajax.php?action=async_litespeed&nonce=aa6694b328&litespeed_type=imgoptm" "WordPress/6.0.2; http://tejoversea.com"
106.219.239.209 - - [26/Feb/2026:23:20:52 -0500] "GET /wp-content/themes/logistek/assets/img/side-panel/1.jpg HTTP/1.1" 404 7621 "http://tejoversea.com/track-order/" "Mozilla/5.0 (Linux; Android 10; K) AppleWebKit/537.36 (KHTML, like Gecko) Chrome/145.0.0.0 Mobile Safari/537.36"
106.219.239.209 - - [26/Feb/2026:23:20:52 -0500] "GET /wp-content/themes/logistek/assets/img/side-panel/2.jpg HTTP/1.1" 404 7620 "http://tejoversea.com/track-order/" "Mozilla/5.0 (Linux; Android 10; K) AppleWebKit/537.36 (KHTML, like Gecko) Chrome/145.0.0.0 Mobile Safari/537.36"
106.219.239.209 - - [26/Feb/2026:23:20:46 -0500] "GET /wp-json/contact-form-7/v1/contact-forms/130/feedback/schema HTTP/1.1" 304 0 "http://tejoversea.com/" "Mozilla/5.0 (Linux; Android 10; K) AppleWebKit/537.36 (KHTML, like Gecko) Chrome/145.0.0.0 Mobile Safari/537.36"
106.219.239.209 - - [26/Feb/2026:23:20:46 -0500] "GET /wp-content/themes/logistek/assets/img/side-panel/3.jpg HTTP/1.1" 404 7621 "http://tejoversea.com/" "Mozilla/5.0 (Linux; Android 10; K) AppleWebKit/537.36 (KHTML, like Gecko) Chrome/145.0.0.0 Mobile Safari/537.36"
106.219.239.209 - - [26/Feb/2026:23:20:46 -0500] "GET /wp-content/themes/logistek/assets/img/side-panel/5.jpg HTTP/1.1" 404 7621 "http://tejoversea.com/" "Mozilla/5.0 (Linux; Android 10; K) AppleWebKit/537.36 (KHTML, like Gecko) Chrome/145.0.0.0 Mobile Safari/537.36"
106.219.239.209 - - [26/Feb/2026:23:20:46 -0500] "GET /wp-content/themes/logistek/assets/img/side-panel/4.jpg HTTP/1.1" 404 7620 "http://tejoversea.com/" "Mozilla/5.0 (Linux; Android 10; K) AppleWebKit/537.36 (KHTML, like Gecko) Chrome/145.0.0.0 Mobile Safari/537.36"
106.219.239.209 - - [26/Feb/2026:23:20:47 -0500] "GET /wp-content/themes/logistek/assets/img/side-panel/6.jpg HTTP/1.1" 404 7621 "http://tejoversea.com/" "Mozilla/5.0 (Linux; Android 10; K) AppleWebKit/537.36 (KHTML, like Gecko) Chrome/145.0.0.0 Mobile Safari/537.36"
162.213.253.84 - - [26/Feb/2026:23:20:48 -0500] "POST /wp-cron.php?doing_wp_cron=1772166048.0041420459747314453125 HTTP/1.1" 200 0 "http://tejoversea.com/wp-cron.php?doing_wp_cron=1772166048.0041420459747314453125" "WordPress/6.0.2; http://tejoversea.com"
106.219.239.209 - - [26/Feb/2026:23:20:49 -0500] "GET /wp-json/contact-form-7/v1/contact-forms/130/refill HTTP/1.1" 304 0 "http://tejoversea.com/" "Mozilla/5.0 (Linux; Android 10; K) AppleWebKit/537.36 (KHTML, like Gecko) Chrome/145.0.0.0 Mobile Safari/537.36"
106.219.239.209 - - [26/Feb/2026:23:20:51 -0500] "GET /track-order/ HTTP/1.1" 304 0 "http://tejoversea.com/" "Mozilla/5.0 (Linux; Android 10; K) AppleWebKit/537.36 (KHTML, like Gecko) Chrome/145.0.0.0 Mobile Safari/537.36"
106.219.239.209 - - [26/Feb/2026:23:20:52 -0500] "GET /wp-content/themes/logistek/assets/img/side-panel/3.jpg HTTP/1.1" 404 7621 "http://tejoversea.com/track-order/" "Mozilla/5.0 (Linux; Android 10; K) AppleWebKit/537.36 (KHTML, like Gecko) Chrome/145.0.0.0 Mobile Safari/537.36"
106.219.239.209 - - [26/Feb/2026:23:20:52 -0500] "GET /wp-content/themes/logistek/assets/img/side-panel/5.jpg HTTP/1.1" 404 7621 "http://tejoversea.com/track-order/" "Mozilla/5.0 (Linux; Android 10; K) AppleWebKit/537.36 (KHTML, like Gecko) Chrome/145.0.0.0 Mobile Safari/537.36"
106.219.239.209 - - [26/Feb/2026:23:20:52 -0500] "GET /wp-content/themes/logistek/assets/img/side-panel/4.jpg HTTP/1.1" 404 7620 "http://tejoversea.com/track-order/" "Mozilla/5.0 (Linux; Android 10; K) AppleWebKit/537.36 (KHTML, like Gecko) Chrome/145.0.0.0 Mobile Safari/537.36"
106.219.239.209 - - [26/Feb/2026:23:20:52 -0500] "GET /wp-content/themes/logistek/assets/img/side-panel/6.jpg HTTP/1.1" 404 7621 "http://tejoversea.com/track-order/" "Mozilla/5.0 (Linux; Android 10; K) AppleWebKit/537.36 (KHTML, like Gecko) Chrome/145.0.0.0 Mobile Safari/537.36"
106.219.239.209 - - [26/Feb/2026:23:20:58 -0500] "POST /wp-admin/admin-ajax.php HTTP/1.1" 200 263 "http://tejoversea.com/track-order/" "Mozilla/5.0 (Linux; Android 10; K) AppleWebKit/537.36 (KHTML, like Gecko) Chrome/145.0.0.0 Mobile Safari/537.36"
152.58.186.164 - - [26/Feb/2026:23:36:27 -0500] "GET /wp-content/uploads/2022/10/Tej-Oversea-Logistic-e1664610081961.png HTTP/1.1" 200 14639 "-" "Mozilla/5.0 (Linux; U; Android 15; en-gb; RMX3867 Build/AP3A.240617.008) AppleWebKit/537.36 (KHTML, like Gecko) Chrome/125.0.6422.72 Mobile Safari/537.36 HeyTapBrowser/45.13.8.1"
162.213.253.84 - - [27/Feb/2026:00:57:31 -0500] "POST /wp-cron.php?doing_wp_cron=1772171851.6777780055999755859375 HTTP/1.1" 200 0 "http://tejoversea.com/wp-cron.php?doing_wp_cron=1772171851.6777780055999755859375" "WordPress/6.0.2; http://tejoversea.com"
23.21.179.120 - - [27/Feb/2026:00:57:30 -0500] "GET /wp-json/oembed/1.0/embed?url=http://tejoversea.com/service/packing/ HTTP/1.1" 200 3012 "-" "Mozilla/5.0 AppleWebKit/537.36 (KHTML, like Gecko; compatible; Amazonbot/0.1; +https://developer.amazon.com/support/amazonbot) Chrome/119.0.6045.214 Safari/537.36"
34.194.165.45 - - [27/Feb/2026:00:52:45 -0500] "GET /robots.txt HTTP/1.1" 200 281 "-" "Mozilla/5.0 AppleWebKit/537.36 (KHTML, like Gecko; compatible; Amazonbot/0.1; +https://developer.amazon.com/support/amazonbot) Chrome/119.0.6045.214 Safari/537.36"
162.213.253.84 - - [27/Feb/2026:00:57:32 -0500] "POST /wp-admin/admin-ajax.php?action=async_litespeed&nonce=aa6694b328&litespeed_type=imgoptm HTTP/1.1" 200 21 "http://tejoversea.com/wp-admin/admin-ajax.php?action=async_litespeed&nonce=aa6694b328&litespeed_type=imgoptm" "WordPress/6.0.2; http://tejoversea.com"
157.245.78.131 - - [27/Feb/2026:01:10:25 -0500] "GET /wp-content/uploads/2022/10/Tej-Oversea-Logistic-e1664610081961.png HTTP/1.1" 200 14639 "http://tejoversea.com/" "Mozilla/5.0 (X11; Linux x86_64) AppleWebKit/537.36 (KHTML, like Gecko) Chrome/142.0.0.0 Safari/537.36"
162.213.253.84 - - [27/Feb/2026:01:01:42 -0500] "POST /wp-cron.php?doing_wp_cron=1772172102.1454489231109619140625 HTTP/1.1" 200 0 "http://tejoversea.com/wp-cron.php?doing_wp_cron=1772172102.1454489231109619140625" "WordPress/6.0.2; http://tejoversea.com"
52.22.64.232 - - [27/Feb/2026:01:01:41 -0500] "GET /wp-json/wp/v2/pages/857 HTTP/1.1" 200 17710 "-" "Mozilla/5.0 AppleWebKit/537.36 (KHTML, like Gecko; compatible; Amazonbot/0.1; +https://developer.amazon.com/support/amazonbot) Chrome/119.0.6045.214 Safari/537.36"
162.213.253.84 - - [27/Feb/2026:01:01:42 -0500] "POST /wp-admin/admin-ajax.php?action=async_litespeed&nonce=aa6694b328&litespeed_type=imgoptm HTTP/1.1" 200 0 "http://tejoversea.com/wp-admin/admin-ajax.php?action=async_litespeed&nonce=aa6694b328&litespeed_type=imgoptm" "WordPress/6.0.2; http://tejoversea.com"
209.141.58.17 - - [27/Feb/2026:01:03:40 -0500] "GET /wp-login.php HTTP/1.1" 200 6486 "-" "Mozilla/5.0 (Windows NT 6.1; rv:30.0) Gecko/20100101 Firefox/30.0"
157.245.78.131 - - [27/Feb/2026:01:10:24 -0500] "GET / HTTP/1.1" 200 19139 "-" "Mozilla/5.0 (X11; Linux x86_64) AppleWebKit/537.36 (KHTML, like Gecko) Chrome/142.0.0.0 Safari/537.36"
162.213.253.84 - - [27/Feb/2026:01:27:21 -0500] "POST /wp-cron.php?doing_wp_cron=1772173641.7143149375915527343750 HTTP/1.1" 200 0 "http://tejoversea.com/wp-cron.php?doing_wp_cron=1772173641.7143149375915527343750" "WordPress/6.0.2; http://tejoversea.com"
1.15.52.154 - - [27/Feb/2026:01:27:21 -0500] "GET / HTTP/1.1" 301 0 "-" "Mozilla/5.0 (iPhone; CPU iPhone OS 13_2_3 like Mac OS X) AppleWebKit/605.1.15 (KHTML, like Gecko) Version/13.0.3 Mobile/15E148 Safari/604.1"
1.15.52.154 - - [27/Feb/2026:01:27:24 -0500] "GET / HTTP/1.1" 200 19139 "http://www.tejoversea.com" "Mozilla/5.0 (iPhone; CPU iPhone OS 13_2_3 like Mac OS X) AppleWebKit/605.1.15 (KHTML, like Gecko) Version/13.0.3 Mobile/15E148 Safari/604.1"
162.213.253.84 - - [27/Feb/2026:01:27:22 -0500] "POST /wp-admin/admin-ajax.php?action=async_litespeed&nonce=aa6694b328&litespeed_type=imgoptm HTTP/1.1" 200 0 "http://tejoversea.com/wp-admin/admin-ajax.php?action=async_litespeed&nonce=aa6694b328&litespeed_type=imgoptm" "WordPress/6.0.2; http://tejoversea.com"
162.213.253.84 - - [27/Feb/2026:01:39:17 -0500] "POST /wp-cron.php?doing_wp_cron=1772174357.9247899055480957031250 HTTP/1.1" 200 0 "http://tejoversea.com/wp-cron.php?doing_wp_cron=1772174357.9247899055480957031250" "WordPress/6.0.2; http://tejoversea.com"
4.204.192.31 - - [27/Feb/2026:01:39:17 -0500] "GET /wp-content/plugins/hellopress/wp_filemanager.php HTTP/1.1" 404 28743 "-" "-"
162.213.253.84 - - [27/Feb/2026:01:39:18 -0500] "POST /wp-admin/admin-ajax.php?action=async_litespeed&nonce=3ddc5fcf72&litespeed_type=imgoptm HTTP/1.1" 200 21 "http://tejoversea.com/wp-admin/admin-ajax.php?action=async_litespeed&nonce=3ddc5fcf72&litespeed_type=imgoptm" "WordPress/6.0.2; http://tejoversea.com"
45.15.72.218 - - [27/Feb/2026:01:46:23 -0500] "GET / HTTP/1.0" 200 83431 "http://tejoversea.com/" "Mozilla/5.0 (Windows NT 10.0; Win64; x64) AppleWebKit/537.36 (KHTML, like Gecko) Chrome/131.0.0.0 Safari/537.36 Avast/131.0.0.0"
4.204.192.31 - - [27/Feb/2026:01:39:19 -0500] "GET /asc.php HTTP/1.1" 404 28702 "-" "-"
43.153.12.58 - - [27/Feb/2026:01:45:30 -0500] "GET / HTTP/1.1" 200 19139 "-" "Mozilla/5.0 (iPhone; CPU iPhone OS 13_2_3 like Mac OS X) AppleWebKit/605.1.15 (KHTML, like Gecko) Version/13.0.3 Mobile/15E148 Safari/604.1"
162.213.253.84 - - [27/Feb/2026:01:54:07 -0500] "POST /wp-cron.php?doing_wp_cron=1772175247.9048519134521484375000 HTTP/1.1" 200 0 "http://tejoversea.com/wp-cron.php?doing_wp_cron=1772175247.9048519134521484375000" "WordPress/6.0.2; http://tejoversea.com"
162.213.253.84 - - [27/Feb/2026:01:54:08 -0500] "POST /wp-admin/admin-ajax.php?action=async_litespeed&nonce=3ddc5fcf72&litespeed_type=imgoptm HTTP/1.1" 200 0 "http://tejoversea.com/wp-admin/admin-ajax.php?action=async_litespeed&nonce=3ddc5fcf72&litespeed_type=imgoptm" "WordPress/6.0.2; http://tejoversea.com"
47.30.251.182 - - [27/Feb/2026:01:58:15 -0500] "GET /wp-content/uploads/2022/10/Tej-Oversea-Logistic-e1664610081961.png HTTP/1.1" 200 14639 "-" "Mozilla/5.0 (Linux; U; Android 15; en-gb; RMX3867 Build/AP3A.240617.008) AppleWebKit/537.36 (KHTML, like Gecko) Chrome/125.0.6422.72 Mobile Safari/537.36 HeyTapBrowser/45.13.8.1"
40.77.167.41 - - [27/Feb/2026:01:54:07 -0500] "GET /wp-content/themes/logistek/assets/img/side-panel/4.jpg HTTP/1.1" 404 6955 "-" "Mozilla/5.0 AppleWebKit/537.36 (KHTML, like Gecko; compatible; bingbot/2.0; +http://www.bing.com/bingbot.htm) Chrome/116.0.1938.76 Safari/537.36"
162.213.253.84 - - [27/Feb/2026:02:12:49 -0500] "POST /wp-cron.php?doing_wp_cron=1772176369.5216970443725585937500 HTTP/1.1" 200 0 "http://tejoversea.com/wp-cron.php?doing_wp_cron=1772176369.5216970443725585937500" "WordPress/6.0.2; http://tejoversea.com"
34.225.87.80 - - [27/Feb/2026:02:12:48 -0500] "GET /wp-json/oembed/1.0/embed?format=xml&url=http://tejoversea.com/service/packing/ HTTP/1.1" 200 1504 "-" "Mozilla/5.0 AppleWebKit/537.36 (KHTML, like Gecko; compatible; Amazonbot/0.1; +https://developer.amazon.com/support/amazonbot) Chrome/119.0.6045.214 Safari/537.36"
162.213.253.84 - - [27/Feb/2026:02:12:50 -0500] "POST /wp-admin/admin-ajax.php?action=async_litespeed&nonce=3ddc5fcf72&litespeed_type=imgoptm HTTP/1.1" 200 0 "http://tejoversea.com/wp-admin/admin-ajax.php?action=async_litespeed&nonce=3ddc5fcf72&litespeed_type=imgoptm" "WordPress/6.0.2; http://tejoversea.com"
162.213.253.84 - - [27/Feb/2026:02:46:57 -0500] "POST /wp-cron.php?doing_wp_cron=1772178417.6327989101409912109375 HTTP/1.1" 200 0 "http://tejoversea.com/wp-cron.php?doing_wp_cron=1772178417.6327989101409912109375" "WordPress/6.0.2; http://tejoversea.com"
52.3.102.51 - - [27/Feb/2026:02:46:57 -0500] "GET /wp-json/oembed/1.0/embed?url=http://tejoversea.com/movers-packers-in-delhi/ HTTP/1.1" 200 3077 "-" "Mozilla/5.0 AppleWebKit/537.36 (KHTML, like Gecko; compatible; Amazonbot/0.1; +https://developer.amazon.com/support/amazonbot) Chrome/119.0.6045.214 Safari/537.36"
162.213.253.84 - - [27/Feb/2026:02:46:58 -0500] "POST /wp-admin/admin-ajax.php?action=async_litespeed&nonce=3ddc5fcf72&litespeed_type=imgoptm HTTP/1.1" 200 0 "http://tejoversea.com/wp-admin/admin-ajax.php?action=async_litespeed&nonce=3ddc5fcf72&litespeed_type=imgoptm" "WordPress/6.0.2; http://tejoversea.com"
43.154.127.188 - - [27/Feb/2026:03:17:50 -0500] "GET / HTTP/1.1" 301 0 "-" "Mozilla/5.0 (iPhone; CPU iPhone OS 13_2_3 like Mac OS X) AppleWebKit/605.1.15 (KHTML, like Gecko) Version/13.0.3 Mobile/15E148 Safari/604.1"
162.213.253.84 - - [27/Feb/2026:03:17:51 -0500] "POST /wp-admin/admin-ajax.php?action=async_litespeed&nonce=3ddc5fcf72&litespeed_type=imgoptm HTTP/1.1" 200 0 "http://tejoversea.com/wp-admin/admin-ajax.php?action=async_litespeed&nonce=3ddc5fcf72&litespeed_type=imgoptm" "WordPress/6.0.2; http://tejoversea.com"
162.213.253.84 - - [27/Feb/2026:03:17:50 -0500] "POST /wp-cron.php?doing_wp_cron=1772180270.8583428859710693359375 HTTP/1.1" 200 0 "http://tejoversea.com/wp-cron.php?doing_wp_cron=1772180270.8583428859710693359375" "WordPress/6.0.2; http://tejoversea.com"
43.154.127.188 - - [27/Feb/2026:03:17:52 -0500] "GET / HTTP/1.1" 200 19139 "http://www.tejoversea.com" "Mozilla/5.0 (iPhone; CPU iPhone OS 13_2_3 like Mac OS X) AppleWebKit/605.1.15 (KHTML, like Gecko) Version/13.0.3 Mobile/15E148 Safari/604.1"
106.219.236.180 - - [27/Feb/2026:03:45:47 -0500] "GET / HTTP/1.1" 304 0 "-" "Mozilla/5.0 (Linux; Android 10; K) AppleWebKit/537.36 (KHTML, like Gecko) Chrome/145.0.0.0 Mobile Safari/537.36"
106.219.236.180 - - [27/Feb/2026:03:45:49 -0500] "GET /wp-content/themes/logistek/assets/img/side-panel/6.jpg HTTP/1.1" 404 7621 "http://tejoversea.com/" "Mozilla/5.0 (Linux; Android 10; K) AppleWebKit/537.36 (KHTML, like Gecko) Chrome/145.0.0.0 Mobile Safari/537.36"
106.219.236.180 - - [27/Feb/2026:03:45:49 -0500] "GET /wp-content/themes/logistek/assets/img/side-panel/4.jpg HTTP/1.1" 404 7620 "http://tejoversea.com/" "Mozilla/5.0 (Linux; Android 10; K) AppleWebKit/537.36 (KHTML, like Gecko) Chrome/145.0.0.0 Mobile Safari/537.36"
106.219.236.180 - - [27/Feb/2026:03:45:49 -0500] "GET /wp-content/themes/logistek/assets/img/side-panel/1.jpg HTTP/1.1" 404 7621 "http://tejoversea.com/" "Mozilla/5.0 (Linux; Android 10; K) AppleWebKit/537.36 (KHTML, like Gecko) Chrome/145.0.0.0 Mobile Safari/537.36"
162.213.253.84 - - [27/Feb/2026:03:45:50 -0500] "POST /wp-cron.php?doing_wp_cron=1772181950.5958020687103271484375 HTTP/1.1" 200 0 "http://tejoversea.com/wp-cron.php?doing_wp_cron=1772181950.5958020687103271484375" "WordPress/6.0.2; http://tejoversea.com"
162.213.253.84 - - [27/Feb/2026:03:45:51 -0500] "POST /wp-admin/admin-ajax.php?action=async_litespeed&nonce=3ddc5fcf72&litespeed_type=imgoptm HTTP/1.1" 200 0 "http://tejoversea.com/wp-admin/admin-ajax.php?action=async_litespeed&nonce=3ddc5fcf72&litespeed_type=imgoptm" "WordPress/6.0.2; http://tejoversea.com"
106.219.236.180 - - [27/Feb/2026:03:46:13 -0500] "GET /track-order/ HTTP/1.1" 304 0 "http://tejoversea.com/" "Mozilla/5.0 (Linux; Android 10; K) AppleWebKit/537.36 (KHTML, like Gecko) Chrome/145.0.0.0 Mobile Safari/537.36"
106.219.236.180 - - [27/Feb/2026:03:46:14 -0500] "GET /wp-content/themes/logistek/assets/img/side-panel/1.jpg HTTP/1.1" 404 7621 "http://tejoversea.com/track-order/" "Mozilla/5.0 (Linux; Android 10; K) AppleWebKit/537.36 (KHTML, like Gecko) Chrome/145.0.0.0 Mobile Safari/537.36"
106.219.236.180 - - [27/Feb/2026:03:46:14 -0500] "GET /wp-content/themes/logistek/assets/img/side-panel/2.jpg HTTP/1.1" 404 7621 "http://tejoversea.com/track-order/" "Mozilla/5.0 (Linux; Android 10; K) AppleWebKit/537.36 (KHTML, like Gecko) Chrome/145.0.0.0 Mobile Safari/537.36"
106.219.236.180 - - [27/Feb/2026:03:46:14 -0500] "GET /wp-content/themes/logistek/assets/img/side-panel/3.jpg HTTP/1.1" 404 7621 "http://tejoversea.com/track-order/" "Mozilla/5.0 (Linux; Android 10; K) AppleWebKit/537.36 (KHTML, like Gecko) Chrome/145.0.0.0 Mobile Safari/537.36"
106.219.236.180 - - [27/Feb/2026:03:46:14 -0500] "GET /wp-content/themes/logistek/assets/img/side-panel/6.jpg HTTP/1.1" 404 7621 "http://tejoversea.com/track-order/" "Mozilla/5.0 (Linux; Android 10; K) AppleWebKit/537.36 (KHTML, like Gecko) Chrome/145.0.0.0 Mobile Safari/537.36"
162.213.253.84 - - [27/Feb/2026:03:46:25 -0500] "POST /wp-admin/admin-ajax.php?action=async_litespeed&nonce=3ddc5fcf72&litespeed_type=imgoptm HTTP/1.1" 200 0 "http://tejoversea.com/wp-admin/admin-ajax.php?action=async_litespeed&nonce=3ddc5fcf72&litespeed_type=imgoptm" "WordPress/6.0.2; http://tejoversea.com"
106.219.236.180 - - [27/Feb/2026:03:45:49 -0500] "GET /wp-content/themes/logistek/assets/img/side-panel/3.jpg HTTP/1.1" 404 7621 "http://tejoversea.com/" "Mozilla/5.0 (Linux; Android 10; K) AppleWebKit/537.36 (KHTML, like Gecko) Chrome/145.0.0.0 Mobile Safari/537.36"
106.219.236.180 - - [27/Feb/2026:03:45:49 -0500] "GET /wp-content/themes/logistek/assets/img/side-panel/2.jpg HTTP/1.1" 404 7621 "http://tejoversea.com/" "Mozilla/5.0 (Linux; Android 10; K) AppleWebKit/537.36 (KHTML, like Gecko) Chrome/145.0.0.0 Mobile Safari/537.36"
106.219.236.180 - - [27/Feb/2026:03:45:51 -0500] "GET /wp-json/contact-form-7/v1/contact-forms/130/feedback/schema HTTP/1.1" 304 0 "http://tejoversea.com/" "Mozilla/5.0 (Linux; Android 10; K) AppleWebKit/537.36 (KHTML, like Gecko) Chrome/145.0.0.0 Mobile Safari/537.36"
106.219.236.180 - - [27/Feb/2026:03:45:49 -0500] "GET /wp-content/themes/logistek/assets/img/side-panel/5.jpg HTTP/1.1" 404 7621 "http://tejoversea.com/" "Mozilla/5.0 (Linux; Android 10; K) AppleWebKit/537.36 (KHTML, like Gecko) Chrome/145.0.0.0 Mobile Safari/537.36"
106.219.236.180 - - [27/Feb/2026:03:46:10 -0500] "GET /wp-json/contact-form-7/v1/contact-forms/130/refill HTTP/1.1" 304 0 "http://tejoversea.com/" "Mozilla/5.0 (Linux; Android 10; K) AppleWebKit/537.36 (KHTML, like Gecko) Chrome/145.0.0.0 Mobile Safari/537.36"
106.219.236.180 - - [27/Feb/2026:03:46:14 -0500] "GET /wp-content/themes/logistek/assets/img/side-panel/4.jpg HTTP/1.1" 404 7620 "http://tejoversea.com/track-order/" "Mozilla/5.0 (Linux; Android 10; K) AppleWebKit/537.36 (KHTML, like Gecko) Chrome/145.0.0.0 Mobile Safari/537.36"
106.219.236.180 - - [27/Feb/2026:03:46:14 -0500] "GET /wp-content/themes/logistek/assets/img/side-panel/5.jpg HTTP/1.1" 404 7621 "http://tejoversea.com/track-order/" "Mozilla/5.0 (Linux; Android 10; K) AppleWebKit/537.36 (KHTML, like Gecko) Chrome/145.0.0.0 Mobile Safari/537.36"
162.213.253.84 - - [27/Feb/2026:03:46:24 -0500] "POST /wp-cron.php?doing_wp_cron=1772181984.4595439434051513671875 HTTP/1.1" 200 0 "http://tejoversea.com/wp-cron.php?doing_wp_cron=1772181984.4595439434051513671875" "WordPress/6.0.2; http://tejoversea.com"
106.219.236.180 - - [27/Feb/2026:03:46:23 -0500] "POST /wp-admin/admin-ajax.php HTTP/1.1" 200 263 "http://tejoversea.com/track-order/" "Mozilla/5.0 (Linux; Android 10; K) AppleWebKit/537.36 (KHTML, like Gecko) Chrome/145.0.0.0 Mobile Safari/537.36"
47.30.251.245 - - [27/Feb/2026:04:09:04 -0500] "GET /wp-content/uploads/2022/10/Tej-Oversea-Logistic-e1664610081961.png HTTP/1.1" 200 14639 "-" "Mozilla/5.0 (Linux; U; Android 15; en-gb; RMX3867 Build/AP3A.240617.008) AppleWebKit/537.36 (KHTML, like Gecko) Chrome/125.0.6422.72 Mobile Safari/537.36 HeyTapBrowser/45.13.8.1"
106.219.236.180 - - [27/Feb/2026:04:14:59 -0500] "GET /wp-content/themes/logistek/assets/img/side-panel/1.jpg HTTP/1.1" 404 7621 "http://tejoversea.com/" "Mozilla/5.0 (Linux; Android 10; K) AppleWebKit/537.36 (KHTML, like Gecko) Chrome/145.0.0.0 Mobile Safari/537.36"
106.219.236.180 - - [27/Feb/2026:04:14:59 -0500] "GET /wp-content/themes/logistek/assets/img/side-panel/3.jpg HTTP/1.1" 404 7621 "http://tejoversea.com/" "Mozilla/5.0 (Linux; Android 10; K) AppleWebKit/537.36 (KHTML, like Gecko) Chrome/145.0.0.0 Mobile Safari/537.36"
106.219.236.180 - - [27/Feb/2026:04:15:27 -0500] "GET /wp-content/themes/logistek/assets/img/side-panel/1.jpg HTTP/1.1" 404 7621 "http://tejoversea.com/track-order/" "Mozilla/5.0 (Linux; Android 10; K) AppleWebKit/537.36 (KHTML, like Gecko) Chrome/145.0.0.0 Mobile Safari/537.36"
106.219.236.180 - - [27/Feb/2026:04:15:27 -0500] "GET /wp-content/themes/logistek/assets/img/side-panel/2.jpg HTTP/1.1" 404 7621 "http://tejoversea.com/track-order/" "Mozilla/5.0 (Linux; Android 10; K) AppleWebKit/537.36 (KHTML, like Gecko) Chrome/145.0.0.0 Mobile Safari/537.36"
106.219.236.180 - - [27/Feb/2026:04:15:27 -0500] "GET /wp-content/themes/logistek/assets/img/side-panel/6.jpg HTTP/1.1" 404 7621 "http://tejoversea.com/track-order/" "Mozilla/5.0 (Linux; Android 10; K) AppleWebKit/537.36 (KHTML, like Gecko) Chrome/145.0.0.0 Mobile Safari/537.36"
106.219.236.180 - - [27/Feb/2026:04:15:42 -0500] "POST /wp-admin/admin-ajax.php HTTP/1.1" 200 263 "http://tejoversea.com/track-order/" "Mozilla/5.0 (Linux; Android 10; K) AppleWebKit/537.36 (KHTML, like Gecko) Chrome/145.0.0.0 Mobile Safari/537.36"
106.219.236.180 - - [27/Feb/2026:04:14:54 -0500] "GET / HTTP/1.1" 304 0 "-" "Mozilla/5.0 (Linux; Android 10; K) AppleWebKit/537.36 (KHTML, like Gecko) Chrome/145.0.0.0 Mobile Safari/537.36"
106.219.236.180 - - [27/Feb/2026:04:14:58 -0500] "GET / HTTP/1.1" 304 0 "-" "Mozilla/5.0 (Linux; Android 10; K) AppleWebKit/537.36 (KHTML, like Gecko) Chrome/145.0.0.0 Mobile Safari/537.36"
106.219.236.180 - - [27/Feb/2026:04:14:59 -0500] "GET /wp-content/themes/logistek/assets/img/side-panel/2.jpg HTTP/1.1" 404 7621 "http://tejoversea.com/" "Mozilla/5.0 (Linux; Android 10; K) AppleWebKit/537.36 (KHTML, like Gecko) Chrome/145.0.0.0 Mobile Safari/537.36"
106.219.236.180 - - [27/Feb/2026:04:14:59 -0500] "GET /wp-content/themes/logistek/assets/img/side-panel/6.jpg HTTP/1.1" 404 7621 "http://tejoversea.com/" "Mozilla/5.0 (Linux; Android 10; K) AppleWebKit/537.36 (KHTML, like Gecko) Chrome/145.0.0.0 Mobile Safari/537.36"
106.219.236.180 - - [27/Feb/2026:04:14:59 -0500] "GET /wp-content/themes/logistek/assets/img/side-panel/5.jpg HTTP/1.1" 404 7621 "http://tejoversea.com/" "Mozilla/5.0 (Linux; Android 10; K) AppleWebKit/537.36 (KHTML, like Gecko) Chrome/145.0.0.0 Mobile Safari/537.36"
106.219.236.180 - - [27/Feb/2026:04:14:59 -0500] "GET /wp-content/themes/logistek/assets/img/side-panel/4.jpg HTTP/1.1" 404 7620 "http://tejoversea.com/" "Mozilla/5.0 (Linux; Android 10; K) AppleWebKit/537.36 (KHTML, like Gecko) Chrome/145.0.0.0 Mobile Safari/537.36"
106.219.236.180 - - [27/Feb/2026:04:14:59 -0500] "GET /wp-json/contact-form-7/v1/contact-forms/130/feedback/schema HTTP/1.1" 304 0 "http://tejoversea.com/" "Mozilla/5.0 (Linux; Android 10; K) AppleWebKit/537.36 (KHTML, like Gecko) Chrome/145.0.0.0 Mobile Safari/537.36"
106.219.236.180 - - [27/Feb/2026:04:15:18 -0500] "GET /wp-json/contact-form-7/v1/contact-forms/130/refill HTTP/1.1" 304 0 "http://tejoversea.com/" "Mozilla/5.0 (Linux; Android 10; K) AppleWebKit/537.36 (KHTML, like Gecko) Chrome/145.0.0.0 Mobile Safari/537.36"
106.219.236.180 - - [27/Feb/2026:04:15:26 -0500] "GET /track-order/ HTTP/1.1" 304 0 "http://tejoversea.com/" "Mozilla/5.0 (Linux; Android 10; K) AppleWebKit/537.36 (KHTML, like Gecko) Chrome/145.0.0.0 Mobile Safari/537.36"
106.219.236.180 - - [27/Feb/2026:04:15:27 -0500] "GET /wp-content/themes/logistek/assets/img/side-panel/3.jpg HTTP/1.1" 404 7621 "http://tejoversea.com/track-order/" "Mozilla/5.0 (Linux; Android 10; K) AppleWebKit/537.36 (KHTML, like Gecko) Chrome/145.0.0.0 Mobile Safari/537.36"
106.219.236.180 - - [27/Feb/2026:04:15:27 -0500] "GET /wp-content/themes/logistek/assets/img/side-panel/4.jpg HTTP/1.1" 404 7620 "http://tejoversea.com/track-order/" "Mozilla/5.0 (Linux; Android 10; K) AppleWebKit/537.36 (KHTML, like Gecko) Chrome/145.0.0.0 Mobile Safari/537.36"
106.219.236.180 - - [27/Feb/2026:04:15:27 -0500] "GET /wp-content/themes/logistek/assets/img/side-panel/5.jpg HTTP/1.1" 404 7621 "http://tejoversea.com/track-order/" "Mozilla/5.0 (Linux; Android 10; K) AppleWebKit/537.36 (KHTML, like Gecko) Chrome/145.0.0.0 Mobile Safari/537.36"
162.213.253.84 - - [27/Feb/2026:04:15:43 -0500] "POST /wp-cron.php?doing_wp_cron=1772183743.0560069084167480468750 HTTP/1.1" 200 0 "http://tejoversea.com/wp-cron.php?doing_wp_cron=1772183743.0560069084167480468750" "WordPress/6.0.2; http://tejoversea.com"
162.213.253.84 - - [27/Feb/2026:04:15:43 -0500] "POST /wp-admin/admin-ajax.php?action=async_litespeed&nonce=3ddc5fcf72&litespeed_type=imgoptm HTTP/1.1" 200 0 "http://tejoversea.com/wp-admin/admin-ajax.php?action=async_litespeed&nonce=3ddc5fcf72&litespeed_type=imgoptm" "WordPress/6.0.2; http://tejoversea.com"
162.213.253.84 - - [27/Feb/2026:05:09:54 -0500] "POST /wp-cron.php?doing_wp_cron=1772186994.3345720767974853515625 HTTP/1.1" 200 0 "http://tejoversea.com/wp-cron.php?doing_wp_cron=1772186994.3345720767974853515625" "WordPress/6.0.2; http://tejoversea.com"
157.15.40.88 - - [27/Feb/2026:05:09:53 -0500] "GET /txets.php HTTP/1.1" 404 7611 "-" "Go-http-client/1.1"
162.213.253.84 - - [27/Feb/2026:05:09:55 -0500] "POST /wp-admin/admin-ajax.php?action=async_litespeed&nonce=3ddc5fcf72&litespeed_type=imgoptm HTTP/1.1" 200 0 "http://tejoversea.com/wp-admin/admin-ajax.php?action=async_litespeed&nonce=3ddc5fcf72&litespeed_type=imgoptm" "WordPress/6.0.2; http://tejoversea.com"
157.15.40.88 - - [27/Feb/2026:05:09:55 -0500] "GET /wp-content/txets.php HTTP/1.1" 404 7611 "-" "Go-http-client/1.1"
157.15.40.88 - - [27/Feb/2026:05:09:56 -0500] "GET /wp-admin/txets.php HTTP/1.1" 404 7613 "-" "Go-http-client/1.1"
157.15.40.88 - - [27/Feb/2026:05:09:58 -0500] "GET /schallfuns.php HTTP/1.1" 404 7609 "-" "Go-http-client/1.1"
157.15.40.88 - - [27/Feb/2026:05:09:59 -0500] "GET /postnews.php HTTP/1.1" 404 7613 "-" "Go-http-client/1.1"
157.15.40.88 - - [27/Feb/2026:05:10:00 -0500] "GET /wp-content/postnews.php HTTP/1.1" 404 7613 "-" "Go-http-client/1.1"
157.15.40.88 - - [27/Feb/2026:05:09:57 -0500] "GET /wp-includes/txets.php HTTP/1.1" 404 7613 "-" "Go-http-client/1.1"
157.15.40.88 - - [27/Feb/2026:05:10:00 -0500] "GET /wp-admin/postnews.php HTTP/1.1" 404 7615 "-" "Go-http-client/1.1"
157.15.40.88 - - [27/Feb/2026:05:10:01 -0500] "GET /wp-includes/postnews.php HTTP/1.1" 404 7608 "-" "Go-http-client/1.1"
157.49.10.23 - - [27/Feb/2026:05:38:55 -0500] "GET /wp-login.php?redirect_to=http%3A%2F%2Ftejoversea.com%2Fwp-admin%2Fpost.php%3Fpost%3D3122%26action%3Dedit&reauth=1 HTTP/1.1" 200 2281 "-" "Mozilla/5.0 (Linux; Android 10; K) AppleWebKit/537.36 (KHTML, like Gecko) Chrome/144.0.0.0 Mobile Safari/537.36"
157.49.10.23 - - [27/Feb/2026:05:38:56 -0500] "GET /wp-includes/js/jquery/jquery.min.js?ver=3.6.0 HTTP/1.1" 200 34819 "http://tejoversea.com/wp-login.php?redirect_to=http%3A%2F%2Ftejoversea.com%2Fwp-admin%2Fpost.php%3Fpost%3D3122%26action%3Dedit&reauth=1" "Mozilla/5.0 (Linux; Android 10; K) AppleWebKit/537.36 (KHTML, like Gecko) Chrome/144.0.0.0 Mobile Safari/537.36"
157.49.10.23 - - [27/Feb/2026:05:38:57 -0500] "GET /wp-includes/js/jquery/jquery-migrate.min.js?ver=3.3.2 HTTP/1.1" 200 4461 "http://tejoversea.com/wp-login.php?redirect_to=http%3A%2F%2Ftejoversea.com%2Fwp-admin%2Fpost.php%3Fpost%3D3122%26action%3Dedit&reauth=1" "Mozilla/5.0 (Linux; Android 10; K) AppleWebKit/537.36 (KHTML, like Gecko) Chrome/144.0.0.0 Mobile Safari/537.36"
157.49.10.23 - - [27/Feb/2026:05:38:57 -0500] "GET /wp-includes/css/dashicons.min.css?ver=6.0.2 HTTP/1.1" 200 36064 "http://tejoversea.com/wp-login.php?redirect_to=http%3A%2F%2Ftejoversea.com%2Fwp-admin%2Fpost.php%3Fpost%3D3122%26action%3Dedit&reauth=1" "Mozilla/5.0 (Linux; Android 10; K) AppleWebKit/537.36 (KHTML, like Gecko) Chrome/144.0.0.0 Mobile Safari/537.36"
157.49.10.23 - - [27/Feb/2026:05:38:57 -0500] "GET /wp-admin/css/login.min.css?ver=6.0.2 HTTP/1.1" 200 2363 "http://tejoversea.com/wp-login.php?redirect_to=http%3A%2F%2Ftejoversea.com%2Fwp-admin%2Fpost.php%3Fpost%3D3122%26action%3Dedit&reauth=1" "Mozilla/5.0 (Linux; Android 10; K) AppleWebKit/537.36 (KHTML, like Gecko) Chrome/144.0.0.0 Mobile Safari/537.36"
157.49.10.23 - - [27/Feb/2026:05:38:57 -0500] "GET /wp-includes/css/buttons.min.css?ver=6.0.2 HTTP/1.1" 200 1618 "http://tejoversea.com/wp-login.php?redirect_to=http%3A%2F%2Ftejoversea.com%2Fwp-admin%2Fpost.php%3Fpost%3D3122%26action%3Dedit&reauth=1" "Mozilla/5.0 (Linux; Android 10; K) AppleWebKit/537.36 (KHTML, like Gecko) Chrome/144.0.0.0 Mobile Safari/537.36"
157.49.10.23 - - [27/Feb/2026:05:38:58 -0500] "GET /wp-admin/css/forms.min.css?ver=6.0.2 HTTP/1.1" 200 7334 "http://tejoversea.com/wp-login.php?redirect_to=http%3A%2F%2Ftejoversea.com%2Fwp-admin%2Fpost.php%3Fpost%3D3122%26action%3Dedit&reauth=1" "Mozilla/5.0 (Linux; Android 10; K) AppleWebKit/537.36 (KHTML, like Gecko) Chrome/144.0.0.0 Mobile Safari/537.36"
157.49.10.23 - - [27/Feb/2026:05:38:58 -0500] "GET /wp-includes/js/dist/vendor/regenerator-runtime.min.js?ver=0.13.9 HTTP/1.1" 200 2585 "http://tejoversea.com/wp-login.php?redirect_to=http%3A%2F%2Ftejoversea.com%2Fwp-admin%2Fpost.php%3Fpost%3D3122%26action%3Dedit&reauth=1" "Mozilla/5.0 (Linux; Android 10; K) AppleWebKit/537.36 (KHTML, like Gecko) Chrome/144.0.0.0 Mobile Safari/537.36"
157.49.10.23 - - [27/Feb/2026:05:38:58 -0500] "GET /wp-includes/js/dist/vendor/wp-polyfill.min.js?ver=3.15.0 HTTP/1.1" 200 7769 "http://tejoversea.com/wp-login.php?redirect_to=http%3A%2F%2Ftejoversea.com%2Fwp-admin%2Fpost.php%3Fpost%3D3122%26action%3Dedit&reauth=1" "Mozilla/5.0 (Linux; Android 10; K) AppleWebKit/537.36 (KHTML, like Gecko) Chrome/144.0.0.0 Mobile Safari/537.36"
157.49.10.23 - - [27/Feb/2026:05:38:58 -0500] "GET /wp-includes/js/dist/hooks.min.js?ver=c6d64f2cb8f5c6bb49caca37f8828ce3 HTTP/1.1" 200 1747 "http://tejoversea.com/wp-login.php?redirect_to=http%3A%2F%2Ftejoversea.com%2Fwp-admin%2Fpost.php%3Fpost%3D3122%26action%3Dedit&reauth=1" "Mozilla/5.0 (Linux; Android 10; K) AppleWebKit/537.36 (KHTML, like Gecko) Chrome/144.0.0.0 Mobile Safari/537.36"
157.49.10.23 - - [27/Feb/2026:05:38:58 -0500] "GET /wp-includes/js/underscore.min.js?ver=1.13.3 HTTP/1.1" 200 7878 "http://tejoversea.com/wp-login.php?redirect_to=http%3A%2F%2Ftejoversea.com%2Fwp-admin%2Fpost.php%3Fpost%3D3122%26action%3Dedit&reauth=1" "Mozilla/5.0 (Linux; Android 10; K) AppleWebKit/537.36 (KHTML, like Gecko) Chrome/144.0.0.0 Mobile Safari/537.36"
157.49.10.23 - - [27/Feb/2026:05:38:54 -0500] "GET /wp-admin/post.php?post=3122&action=edit HTTP/1.1" 302 0 "-" "Mozilla/5.0 (Linux; Android 10; K) AppleWebKit/537.36 (KHTML, like Gecko) Chrome/144.0.0.0 Mobile Safari/537.36"
157.49.10.23 - - [27/Feb/2026:05:38:58 -0500] "GET /wp-admin/css/l10n.min.css?ver=6.0.2 HTTP/1.1" 200 735 "http://tejoversea.com/wp-login.php?redirect_to=http%3A%2F%2Ftejoversea.com%2Fwp-admin%2Fpost.php%3Fpost%3D3122%26action%3Dedit&reauth=1" "Mozilla/5.0 (Linux; Android 10; K) AppleWebKit/537.36 (KHTML, like Gecko) Chrome/144.0.0.0 Mobile Safari/537.36"
157.49.10.23 - - [27/Feb/2026:05:38:58 -0500] "GET /wp-includes/js/zxcvbn-async.min.js?ver=1.0 HTTP/1.1" 200 257 "http://tejoversea.com/wp-login.php?redirect_to=http%3A%2F%2Ftejoversea.com%2Fwp-admin%2Fpost.php%3Fpost%3D3122%26action%3Dedit&reauth=1" "Mozilla/5.0 (Linux; Android 10; K) AppleWebKit/537.36 (KHTML, like Gecko) Chrome/144.0.0.0 Mobile Safari/537.36"
157.49.10.23 - - [27/Feb/2026:05:38:58 -0500] "GET /wp-includes/js/dist/i18n.min.js?ver=ebee46757c6a411e38fd079a7ac71d94 HTTP/1.1" 200 4064 "http://tejoversea.com/wp-login.php?redirect_to=http%3A%2F%2Ftejoversea.com%2Fwp-admin%2Fpost.php%3Fpost%3D3122%26action%3Dedit&reauth=1" "Mozilla/5.0 (Linux; Android 10; K) AppleWebKit/537.36 (KHTML, like Gecko) Chrome/144.0.0.0 Mobile Safari/537.36"
157.49.10.23 - - [27/Feb/2026:05:38:58 -0500] "GET /wp-includes/js/wp-util.min.js?ver=6.0.2 HTTP/1.1" 200 718 "http://tejoversea.com/wp-login.php?redirect_to=http%3A%2F%2Ftejoversea.com%2Fwp-admin%2Fpost.php%3Fpost%3D3122%26action%3Dedit&reauth=1" "Mozilla/5.0 (Linux; Android 10; K) AppleWebKit/537.36 (KHTML, like Gecko) Chrome/144.0.0.0 Mobile Safari/537.36"
157.49.10.23 - - [27/Feb/2026:05:38:58 -0500] "GET /wp-admin/js/user-profile.min.js?ver=6.0.2 HTTP/1.1" 200 2445 "http://tejoversea.com/wp-login.php?redirect_to=http%3A%2F%2Ftejoversea.com%2Fwp-admin%2Fpost.php%3Fpost%3D3122%26action%3Dedit&reauth=1" "Mozilla/5.0 (Linux; Android 10; K) AppleWebKit/537.36 (KHTML, like Gecko) Chrome/144.0.0.0 Mobile Safari/537.36"
157.49.10.23 - - [27/Feb/2026:05:38:59 -0500] "GET /favicon.ico HTTP/1.1" 404 1251 "http://tejoversea.com/wp-login.php?redirect_to=http%3A%2F%2Ftejoversea.com%2Fwp-admin%2Fpost.php%3Fpost%3D3122%26action%3Dedit&reauth=1" "Mozilla/5.0 (Linux; Android 10; K) AppleWebKit/537.36 (KHTML, like Gecko) Chrome/144.0.0.0 Mobile Safari/537.36"
157.49.10.23 - - [27/Feb/2026:05:38:59 -0500] "GET /wp-includes/js/zxcvbn.min.js HTTP/1.1" 200 417329 "http://tejoversea.com/wp-login.php?redirect_to=http%3A%2F%2Ftejoversea.com%2Fwp-admin%2Fpost.php%3Fpost%3D3122%26action%3Dedit&reauth=1" "Mozilla/5.0 (Linux; Android 10; K) AppleWebKit/537.36 (KHTML, like Gecko) Chrome/144.0.0.0 Mobile Safari/537.36"
157.49.10.23 - - [27/Feb/2026:05:39:03 -0500] "GET /wp-admin/post.php?post=3122&action=edit HTTP/1.1" 200 0 "http://tejoversea.com/wp-login.php?redirect_to=http%3A%2F%2Ftejoversea.com%2Fwp-admin%2Fpost.php%3Fpost%3D3122%26action%3Dedit&reauth=1" "Mozilla/5.0 (Linux; Android 10; K) AppleWebKit/537.36 (KHTML, like Gecko) Chrome/144.0.0.0 Mobile Safari/537.36"
157.49.10.23 - - [27/Feb/2026:05:39:09 -0500] "GET /wp-content/plugins/connect-contact-form-7-to-social-apps/assets/css/cf7cw-admin-style.css?ver=1.5 HTTP/1.1" 200 774 "http://tejoversea.com/wp-admin/post.php?post=3122&action=edit" "Mozilla/5.0 (Linux; Android 10; K) AppleWebKit/537.36 (KHTML, like Gecko) Chrome/144.0.0.0 Mobile Safari/537.36"
157.49.10.23 - - [27/Feb/2026:05:39:09 -0500] "GET /wp-content/plugins/sliced-invoices/admin/css/admin.css?ver=3.9.1 HTTP/1.1" 200 7113 "http://tejoversea.com/wp-admin/post.php?post=3122&action=edit" "Mozilla/5.0 (Linux; Android 10; K) AppleWebKit/537.36 (KHTML, like Gecko) Chrome/144.0.0.0 Mobile Safari/537.36"
157.49.10.23 - - [27/Feb/2026:05:39:09 -0500] "GET /wp-content/plugins/wordpress-seo/css/dist/admin-global-1980.css HTTP/1.1" 200 6999 "http://tejoversea.com/wp-admin/post.php?post=3122&action=edit" "Mozilla/5.0 (Linux; Android 10; K) AppleWebKit/537.36 (KHTML, like Gecko) Chrome/144.0.0.0 Mobile Safari/537.36"
157.49.10.23 - - [27/Feb/2026:05:38:58 -0500] "GET /wp-admin/js/password-strength-meter.min.js?ver=6.0.2 HTTP/1.1" 200 629 "http://tejoversea.com/wp-login.php?redirect_to=http%3A%2F%2Ftejoversea.com%2Fwp-admin%2Fpost.php%3Fpost%3D3122%26action%3Dedit&reauth=1" "Mozilla/5.0 (Linux; Android 10; K) AppleWebKit/537.36 (KHTML, like Gecko) Chrome/144.0.0.0 Mobile Safari/537.36"
157.49.10.23 - - [27/Feb/2026:05:38:59 -0500] "GET /wp-admin/images/wordpress-logo.svg?ver=20131107 HTTP/1.1" 200 818 "http://tejoversea.com/wp-admin/css/login.min.css?ver=6.0.2" "Mozilla/5.0 (Linux; Android 10; K) AppleWebKit/537.36 (KHTML, like Gecko) Chrome/144.0.0.0 Mobile Safari/537.36"
157.49.10.23 - - [27/Feb/2026:05:39:02 -0500] "POST /wp-login.php HTTP/1.1" 302 0 "http://tejoversea.com/wp-login.php?redirect_to=http%3A%2F%2Ftejoversea.com%2Fwp-admin%2Fpost.php%3Fpost%3D3122%26action%3Dedit&reauth=1" "Mozilla/5.0 (Linux; Android 10; K) AppleWebKit/537.36 (KHTML, like Gecko) Chrome/144.0.0.0 Mobile Safari/537.36"
157.49.10.23 - - [27/Feb/2026:05:39:03 -0500] "POST /wp-login.php HTTP/1.1" 302 0 "http://tejoversea.com/wp-login.php?redirect_to=http%3A%2F%2Ftejoversea.com%2Fwp-admin%2Fpost.php%3Fpost%3D3122%26action%3Dedit&reauth=1" "Mozilla/5.0 (Linux; Android 10; K) AppleWebKit/537.36 (KHTML, like Gecko) Chrome/144.0.0.0 Mobile Safari/537.36"
157.49.10.23 - - [27/Feb/2026:05:39:04 -0500] "GET /wp-admin/post.php?post=3122&action=edit HTTP/1.1" 200 85335 "http://tejoversea.com/wp-login.php?redirect_to=http%3A%2F%2Ftejoversea.com%2Fwp-admin%2Fpost.php%3Fpost%3D3122%26action%3Dedit&reauth=1" "Mozilla/5.0 (Linux; Android 10; K) AppleWebKit/537.36 (KHTML, like Gecko) Chrome/144.0.0.0 Mobile Safari/537.36"
157.49.10.23 - - [27/Feb/2026:05:39:09 -0500] "GET /wp-admin/css/colors/sunrise/colors.min.css?ver=6.0.2 HTTP/1.1" 200 3865 "http://tejoversea.com/wp-admin/post.php?post=3122&action=edit" "Mozilla/5.0 (Linux; Android 10; K) AppleWebKit/537.36 (KHTML, like Gecko) Chrome/144.0.0.0 Mobile Safari/537.36"
157.49.10.23 - - [27/Feb/2026:05:39:09 -0500] "GET /wp-content/plugins/elementor-pro/assets/css/admin.min.css?ver=3.7.7 HTTP/1.1" 200 3556 "http://tejoversea.com/wp-admin/post.php?post=3122&action=edit" "Mozilla/5.0 (Linux; Android 10; K) AppleWebKit/537.36 (KHTML, like Gecko) Chrome/144.0.0.0 Mobile Safari/537.36"
157.49.10.23 - - [27/Feb/2026:05:39:09 -0500] "GET /wp-admin/load-styles.php?c=1&dir=ltr&load%5Bchunk_0%5D=dashicons,admin-bar,common,forms,admin-menu,dashboard,list-tables,edit,revisions,media,themes,about,nav-menus,wp-pointer,widgets&load%5Bchunk_1%5D=,site-icon,l10n,buttons,wp-auth-check&ver=6.0.2 HTTP/1.1" 200 117777 "http://tejoversea.com/wp-admin/post.php?post=3122&action=edit" "Mozilla/5.0 (Linux; Android 10; K) AppleWebKit/537.36 (KHTML, like Gecko) Chrome/144.0.0.0 Mobile Safari/537.36"
157.49.10.23 - - [27/Feb/2026:05:39:09 -0500] "GET /wp-includes/js/thickbox/thickbox.css?ver=6.0.2 HTTP/1.1" 200 1016 "http://tejoversea.com/wp-admin/post.php?post=3122&action=edit" "Mozilla/5.0 (Linux; Android 10; K) AppleWebKit/537.36 (KHTML, like Gecko) Chrome/144.0.0.0 Mobile Safari/537.36"
157.49.10.23 - - [27/Feb/2026:05:39:10 -0500] "GET /wp-content/plugins/sliced-invoices/admin/css/selectWoo.min.css?ver=3.9.1 HTTP/1.1" 200 2475 "http://tejoversea.com/wp-admin/post.php?post=3122&action=edit" "Mozilla/5.0 (Linux; Android 10; K) AppleWebKit/537.36 (KHTML, like Gecko) Chrome/144.0.0.0 Mobile Safari/537.36"
157.49.10.23 - - [27/Feb/2026:05:39:10 -0500] "GET /wp-content/plugins/elementor/assets/css/admin-top-bar.min.css?ver=3.7.7 HTTP/1.1" 200 1154 "http://tejoversea.com/wp-admin/post.php?post=3122&action=edit" "Mozilla/5.0 (Linux; Android 10; K) AppleWebKit/537.36 (KHTML, like Gecko) Chrome/144.0.0.0 Mobile Safari/537.36"
157.49.10.23 - - [27/Feb/2026:05:39:10 -0500] "GET /wp-content/plugins/litespeed-cache/assets/css/litespeed.css?ver=6.0.0.1 HTTP/1.1" 200 16388 "http://tejoversea.com/wp-admin/post.php?post=3122&action=edit" "Mozilla/5.0 (Linux; Android 10; K) AppleWebKit/537.36 (KHTML, like Gecko) Chrome/144.0.0.0 Mobile Safari/537.36"
157.49.10.23 - - [27/Feb/2026:05:39:10 -0500] "GET /wp-content/plugins/wordpress-seo/css/dist/metabox-primary-category-1980.css HTTP/1.1" 200 283 "http://tejoversea.com/wp-admin/post.php?post=3122&action=edit" "Mozilla/5.0 (Linux; Android 10; K) AppleWebKit/537.36 (KHTML, like Gecko) Chrome/144.0.0.0 Mobile Safari/537.36"
157.49.10.23 - - [27/Feb/2026:05:39:10 -0500] "GET /wp-content/plugins/elementor/assets/lib/eicons/css/elementor-icons.min.css?ver=5.16.0 HTTP/1.1" 200 4225 "http://tejoversea.com/wp-admin/post.php?post=3122&action=edit" "Mozilla/5.0 (Linux; Android 10; K) AppleWebKit/537.36 (KHTML, like Gecko) Chrome/144.0.0.0 Mobile Safari/537.36"
157.49.10.23 - - [27/Feb/2026:05:39:10 -0500] "GET /wp-content/plugins/wordpress-seo/css/dist/wpseo-dismissible-1980.css HTTP/1.1" 200 367 "http://tejoversea.com/wp-admin/post.php?post=3122&action=edit" "Mozilla/5.0 (Linux; Android 10; K) AppleWebKit/537.36 (KHTML, like Gecko) Chrome/144.0.0.0 Mobile Safari/537.36"
157.49.10.23 - - [27/Feb/2026:05:39:10 -0500] "GET /wp-content/plugins/elementor/assets/css/common.min.css?ver=3.7.7 HTTP/1.1" 200 3247 "http://tejoversea.com/wp-admin/post.php?post=3122&action=edit" "Mozilla/5.0 (Linux; Android 10; K) AppleWebKit/537.36 (KHTML, like Gecko) Chrome/144.0.0.0 Mobile Safari/537.36"
157.49.10.23 - - [27/Feb/2026:05:39:10 -0500] "GET /wp-content/plugins/wordpress-seo/css/dist/adminbar-1980.css HTTP/1.1" 200 1428 "http://tejoversea.com/wp-admin/post.php?post=3122&action=edit" "Mozilla/5.0 (Linux; Android 10; K) AppleWebKit/537.36 (KHTML, like Gecko) Chrome/144.0.0.0 Mobile Safari/537.36"
157.49.10.23 - - [27/Feb/2026:05:39:10 -0500] "GET /wp-content/plugins/sliced-invoices/includes/vendor/cmb2/css/cmb2.min.css?ver=6.0.2 HTTP/1.1" 200 6656 "http://tejoversea.com/wp-admin/post.php?post=3122&action=edit" "Mozilla/5.0 (Linux; Android 10; K) AppleWebKit/537.36 (KHTML, like Gecko) Chrome/144.0.0.0 Mobile Safari/537.36"
157.49.10.23 - - [27/Feb/2026:05:39:11 -0500] "GET /wp-content/plugins/connect-contact-form-7-to-social-apps/assets/js/cf7cw-admin-scripts.js?ver=1.5 HTTP/1.1" 200 194 "http://tejoversea.com/wp-admin/post.php?post=3122&action=edit" "Mozilla/5.0 (Linux; Android 10; K) AppleWebKit/537.36 (KHTML, like Gecko) Chrome/144.0.0.0 Mobile Safari/537.36"
157.49.10.23 - - [27/Feb/2026:05:39:11 -0500] "GET /wp-content/plugins/sliced-invoices/admin/js/admin.js?ver=3.9.1 HTTP/1.1" 200 6696 "http://tejoversea.com/wp-admin/post.php?post=3122&action=edit" "Mozilla/5.0 (Linux; Android 10; K) AppleWebKit/537.36 (KHTML, like Gecko) Chrome/144.0.0.0 Mobile Safari/537.36"
157.49.10.23 - - [27/Feb/2026:05:39:11 -0500] "GET /wp-content/plugins/order-tracking/js/ewd-otp-dashboard-review-ask.js?ver=6.0.2 HTTP/1.1" 200 614 "http://tejoversea.com/wp-admin/post.php?post=3122&action=edit" "Mozilla/5.0 (Linux; Android 10; K) AppleWebKit/537.36 (KHTML, like Gecko) Chrome/144.0.0.0 Mobile Safari/537.36"
157.49.10.23 - - [27/Feb/2026:05:39:11 -0500] "GET /wp-content/plugins/sliced-invoices/admin/js/selectWoo.full.min.js?ver=3.9.1 HTTP/1.1" 200 25196 "http://tejoversea.com/wp-admin/post.php?post=3122&action=edit" "Mozilla/5.0 (Linux; Android 10; K) AppleWebKit/537.36 (KHTML, like Gecko) Chrome/144.0.0.0 Mobile Safari/537.36"
157.49.10.23 - - [27/Feb/2026:05:39:14 -0500] "GET /wp-includes/js/mediaelement/mediaelementplayer-legacy.min.css?ver=4.2.16 HTTP/1.1" 200 2967 "http://tejoversea.com/wp-admin/post.php?post=3122&action=edit" "Mozilla/5.0 (Linux; Android 10; K) AppleWebKit/537.36 (KHTML, like Gecko) Chrome/144.0.0.0 Mobile Safari/537.36"
157.49.10.23 - - [27/Feb/2026:05:39:14 -0500] "GET /wp-includes/js/mediaelement/wp-mediaelement.min.css?ver=6.0.2 HTTP/1.1" 200 1288 "http://tejoversea.com/wp-admin/post.php?post=3122&action=edit" "Mozilla/5.0 (Linux; Android 10; K) AppleWebKit/537.36 (KHTML, like Gecko) Chrome/144.0.0.0 Mobile Safari/537.36"
157.49.10.23 - - [27/Feb/2026:05:39:10 -0500] "GET /wp-content/plugins/elementor/assets/css/admin.min.css?ver=3.7.7 HTTP/1.1" 200 8799 "http://tejoversea.com/wp-admin/post.php?post=3122&action=edit" "Mozilla/5.0 (Linux; Android 10; K) AppleWebKit/537.36 (KHTML, like Gecko) Chrome/144.0.0.0 Mobile Safari/537.36"
157.49.10.23 - - [27/Feb/2026:05:39:11 -0500] "GET /wp-includes/css/editor.min.css?ver=6.0.2 HTTP/1.1" 200 7180 "http://tejoversea.com/wp-admin/post.php?post=3122&action=edit" "Mozilla/5.0 (Linux; Android 10; K) AppleWebKit/537.36 (KHTML, like Gecko) Chrome/144.0.0.0 Mobile Safari/537.36"
157.49.10.23 - - [27/Feb/2026:05:39:11 -0500] "GET /wp-includes/js/utils.min.js?ver=6.0.2 HTTP/1.1" 200 855 "http://tejoversea.com/wp-admin/post.php?post=3122&action=edit" "Mozilla/5.0 (Linux; Android 10; K) AppleWebKit/537.36 (KHTML, like Gecko) Chrome/144.0.0.0 Mobile Safari/537.36"
157.49.10.23 - - [27/Feb/2026:05:39:11 -0500] "GET /wp-content/plugins/salt-shaker/_inc/gui/js/salt_shaker_admin.js?ver=6.0.2 HTTP/1.1" 200 493 "http://tejoversea.com/wp-admin/post.php?post=3122&action=edit" "Mozilla/5.0 (Linux; Android 10; K) AppleWebKit/537.36 (KHTML, like Gecko) Chrome/144.0.0.0 Mobile Safari/537.36"
157.49.10.23 - - [27/Feb/2026:05:39:11 -0500] "GET /wp-content/plugins/sliced-invoices/admin/js/decimal.min.js?ver=3.9.1 HTTP/1.1" 200 13828 "http://tejoversea.com/wp-admin/post.php?post=3122&action=edit" "Mozilla/5.0 (Linux; Android 10; K) AppleWebKit/537.36 (KHTML, like Gecko) Chrome/144.0.0.0 Mobile Safari/537.36"
157.49.10.23 - - [27/Feb/2026:05:39:11 -0500] "GET /wp-content/plugins/litespeed-cache/assets/js/litespeed-cache-admin.js?ver=6.0.0.1 HTTP/1.1" 200 5695 "http://tejoversea.com/wp-admin/post.php?post=3122&action=edit" "Mozilla/5.0 (Linux; Android 10; K) AppleWebKit/537.36 (KHTML, like Gecko) Chrome/144.0.0.0 Mobile Safari/537.36"
157.49.10.23 - - [27/Feb/2026:05:39:11 -0500] "GET /wp-content/plugins/order-tracking/css/Admin.css?ver=2.11.9 HTTP/1.1" 200 16462 "http://tejoversea.com/wp-admin/post.php?post=3122&action=edit" "Mozilla/5.0 (Linux; Android 10; K) AppleWebKit/537.36 (KHTML, like Gecko) Chrome/144.0.0.0 Mobile Safari/537.36"
