162.213.253.84 - - [26/Feb/2026:07:18:19 -0500] "POST /wp-admin/admin-ajax.php?action=async_litespeed&nonce=5e129aa1e5&litespeed_type=imgoptm HTTP/1.1" 200 21 "http://tejoversea.com/wp-admin/admin-ajax.php?action=async_litespeed&nonce=5e129aa1e5&litespeed_type=imgoptm" "WordPress/6.0.2; http://tejoversea.com"
162.213.253.84 - - [26/Feb/2026:07:27:45 -0500] "POST /wp-cron.php?doing_wp_cron=1772108865.9565949440002441406250 HTTP/1.1" 200 0 "http://tejoversea.com/wp-cron.php?doing_wp_cron=1772108865.9565949440002441406250" "WordPress/6.0.2; http://tejoversea.com"
103.208.168.202 - - [26/Feb/2026:07:27:45 -0500] "GET / HTTP/1.1" 200 19139 "https://www.google.com/" "Mozilla/5.0 (Windows NT 10.0; Win64; x64) AppleWebKit/537.36 (KHTML, like Gecko) Chrome/145.0.0.0 Safari/537.36"
162.213.253.84 - - [26/Feb/2026:07:27:46 -0500] "POST /wp-admin/admin-ajax.php?action=async_litespeed&nonce=5e129aa1e5&litespeed_type=imgoptm HTTP/1.1" 200 21 "http://tejoversea.com/wp-admin/admin-ajax.php?action=async_litespeed&nonce=5e129aa1e5&litespeed_type=imgoptm" "WordPress/6.0.2; http://tejoversea.com"
103.208.168.202 - - [26/Feb/2026:07:27:47 -0500] "GET /wp-content/themes/logistek/assets/img/side-panel/4.jpg HTTP/1.1" 404 7620 "http://tejoversea.com/" "Mozilla/5.0 (Windows NT 10.0; Win64; x64) AppleWebKit/537.36 (KHTML, like Gecko) Chrome/145.0.0.0 Safari/537.36"
103.208.168.202 - - [26/Feb/2026:07:27:47 -0500] "GET /wp-content/themes/logistek/assets/img/side-panel/6.jpg HTTP/1.1" 404 7621 "http://tejoversea.com/" "Mozilla/5.0 (Windows NT 10.0; Win64; x64) AppleWebKit/537.36 (KHTML, like Gecko) Chrome/145.0.0.0 Safari/537.36"
103.208.168.202 - - [26/Feb/2026:07:27:47 -0500] "GET /wp-content/themes/logistek/assets/img/side-panel/5.jpg HTTP/1.1" 404 7621 "http://tejoversea.com/" "Mozilla/5.0 (Windows NT 10.0; Win64; x64) AppleWebKit/537.36 (KHTML, like Gecko) Chrome/145.0.0.0 Safari/537.36"
103.208.168.202 - - [26/Feb/2026:07:27:49 -0500] "GET /wp-json/contact-form-7/v1/contact-forms/130/feedback/schema HTTP/1.1" 200 549 "http://tejoversea.com/" "Mozilla/5.0 (Windows NT 10.0; Win64; x64) AppleWebKit/537.36 (KHTML, like Gecko) Chrome/145.0.0.0 Safari/537.36"
103.208.168.202 - - [26/Feb/2026:07:27:49 -0500] "GET /wp-json/contact-form-7/v1/contact-forms/130/refill HTTP/1.1" 200 2 "http://tejoversea.com/" "Mozilla/5.0 (Windows NT 10.0; Win64; x64) AppleWebKit/537.36 (KHTML, like Gecko) Chrome/145.0.0.0 Safari/537.36"
162.213.253.84 - - [26/Feb/2026:07:28:22 -0500] "POST /wp-cron.php?doing_wp_cron=1772108902.1630990505218505859375 HTTP/1.1" 200 0 "http://tejoversea.com/wp-cron.php?doing_wp_cron=1772108902.1630990505218505859375" "WordPress/6.0.2; http://tejoversea.com"
103.208.168.202 - - [26/Feb/2026:07:28:24 -0500] "GET /wp-content/themes/logistek/assets/img/side-panel/5.jpg HTTP/1.1" 404 7621 "http://tejoversea.com/track-order/" "Mozilla/5.0 (Windows NT 10.0; Win64; x64) AppleWebKit/537.36 (KHTML, like Gecko) Chrome/145.0.0.0 Safari/537.36"
103.208.168.202 - - [26/Feb/2026:07:28:30 -0500] "POST /wp-admin/admin-ajax.php HTTP/1.1" 200 263 "http://tejoversea.com/track-order/" "Mozilla/5.0 (Windows NT 10.0; Win64; x64) AppleWebKit/537.36 (KHTML, like Gecko) Chrome/145.0.0.0 Safari/537.36"
162.213.253.84 - - [26/Feb/2026:07:18:18 -0500] "POST /wp-cron.php?doing_wp_cron=1772108298.9558780193328857421875 HTTP/1.1" 200 0 "http://tejoversea.com/wp-cron.php?doing_wp_cron=1772108298.9558780193328857421875" "WordPress/6.0.2; http://tejoversea.com"
74.7.241.63 - - [26/Feb/2026:07:18:18 -0500] "GET /sitemap_index.xml HTTP/1.1" 200 278 "-" "Mozilla/5.0 AppleWebKit/537.36 (KHTML, like Gecko; compatible; GPTBot/1.3; +https://openai.com/gptbot)"
103.208.168.202 - - [26/Feb/2026:07:27:47 -0500] "GET /wp-content/themes/logistek/assets/img/side-panel/1.jpg HTTP/1.1" 404 7615 "http://tejoversea.com/" "Mozilla/5.0 (Windows NT 10.0; Win64; x64) AppleWebKit/537.36 (KHTML, like Gecko) Chrome/145.0.0.0 Safari/537.36"
103.208.168.202 - - [26/Feb/2026:07:27:47 -0500] "GET /wp-content/themes/logistek/assets/img/side-panel/2.jpg HTTP/1.1" 404 7615 "http://tejoversea.com/" "Mozilla/5.0 (Windows NT 10.0; Win64; x64) AppleWebKit/537.36 (KHTML, like Gecko) Chrome/145.0.0.0 Safari/537.36"
103.208.168.202 - - [26/Feb/2026:07:27:47 -0500] "GET /wp-content/themes/logistek/assets/img/side-panel/3.jpg HTTP/1.1" 404 7621 "http://tejoversea.com/" "Mozilla/5.0 (Windows NT 10.0; Win64; x64) AppleWebKit/537.36 (KHTML, like Gecko) Chrome/145.0.0.0 Safari/537.36"
103.208.168.202 - - [26/Feb/2026:07:28:21 -0500] "GET /track-order/ HTTP/1.1" 200 14098 "http://tejoversea.com/" "Mozilla/5.0 (Windows NT 10.0; Win64; x64) AppleWebKit/537.36 (KHTML, like Gecko) Chrome/145.0.0.0 Safari/537.36"
162.213.253.84 - - [26/Feb/2026:07:28:22 -0500] "POST /wp-admin/admin-ajax.php?action=async_litespeed&nonce=5e129aa1e5&litespeed_type=imgoptm HTTP/1.1" 200 0 "http://tejoversea.com/wp-admin/admin-ajax.php?action=async_litespeed&nonce=5e129aa1e5&litespeed_type=imgoptm" "WordPress/6.0.2; http://tejoversea.com"
103.208.168.202 - - [26/Feb/2026:07:28:24 -0500] "GET /wp-content/themes/logistek/assets/img/side-panel/1.jpg HTTP/1.1" 404 7615 "http://tejoversea.com/track-order/" "Mozilla/5.0 (Windows NT 10.0; Win64; x64) AppleWebKit/537.36 (KHTML, like Gecko) Chrome/145.0.0.0 Safari/537.36"
103.208.168.202 - - [26/Feb/2026:07:28:24 -0500] "GET /wp-content/themes/logistek/assets/img/side-panel/2.jpg HTTP/1.1" 404 7615 "http://tejoversea.com/track-order/" "Mozilla/5.0 (Windows NT 10.0; Win64; x64) AppleWebKit/537.36 (KHTML, like Gecko) Chrome/145.0.0.0 Safari/537.36"
103.208.168.202 - - [26/Feb/2026:07:28:24 -0500] "GET /wp-content/themes/logistek/assets/img/side-panel/3.jpg HTTP/1.1" 404 7621 "http://tejoversea.com/track-order/" "Mozilla/5.0 (Windows NT 10.0; Win64; x64) AppleWebKit/537.36 (KHTML, like Gecko) Chrome/145.0.0.0 Safari/537.36"
103.208.168.202 - - [26/Feb/2026:07:28:24 -0500] "GET /wp-content/themes/logistek/assets/img/side-panel/6.jpg HTTP/1.1" 404 7621 "http://tejoversea.com/track-order/" "Mozilla/5.0 (Windows NT 10.0; Win64; x64) AppleWebKit/537.36 (KHTML, like Gecko) Chrome/145.0.0.0 Safari/537.36"
103.208.168.202 - - [26/Feb/2026:07:28:24 -0500] "GET /wp-content/themes/logistek/assets/img/side-panel/4.jpg HTTP/1.1" 404 7620 "http://tejoversea.com/track-order/" "Mozilla/5.0 (Windows NT 10.0; Win64; x64) AppleWebKit/537.36 (KHTML, like Gecko) Chrome/145.0.0.0 Safari/537.36"
112.93.118.61 - - [26/Feb/2026:07:41:51 -0500] "GET /wp-json/wp/v2/posts HTTP/1.0" 200 2 "-" "Mozilla/5.0 (Windows NT 10.0; Win64; x64) AppleWebKit/537.36 (KHTML, like Gecko) Chrome/120.0.0.0 Safari/537.36"
162.213.253.84 - - [26/Feb/2026:08:04:17 -0500] "POST /wp-cron.php?doing_wp_cron=1772111057.7580831050872802734375 HTTP/1.1" 200 0 "http://tejoversea.com/wp-cron.php?doing_wp_cron=1772111057.7580831050872802734375" "WordPress/6.0.2; http://tejoversea.com"
162.55.244.37 - - [26/Feb/2026:08:04:17 -0500] "GET /contact-us/ HTTP/1.0" 200 59459 "http://tejoversea.com/contact-us/" "Mozilla/5.0 (Windows NT 10.0; Win64; x64) AppleWebKit/537.36 (KHTML, like Gecko) Chrome/129.0.0.0 Safari/537.36"
162.213.253.84 - - [26/Feb/2026:08:04:18 -0500] "POST /wp-admin/admin-ajax.php?action=async_litespeed&nonce=5e129aa1e5&litespeed_type=imgoptm HTTP/1.1" 200 21 "http://tejoversea.com/wp-admin/admin-ajax.php?action=async_litespeed&nonce=5e129aa1e5&litespeed_type=imgoptm" "WordPress/6.0.2; http://tejoversea.com"
20.171.9.142 - - [26/Feb/2026:09:15:30 -0500] "GET /ws77.php HTTP/1.1" 404 7610 "-" "Mozilla/5.0 (Windows NT 10.0; Win64; x64; rv:77.0) Gecko/20100101 Firefox/77.0"
80.94.95.173 - - [26/Feb/2026:09:21:27 -0500] "GET / HTTP/1.0" 200 83431 "http://tejoversea.com/" "Mozilla/5.0 (Windows NT 10.0; Win64; x64) AppleWebKit/537.36 (KHTML, like Gecko) Chrome/130.0.0.0 Safari/537.36"
80.94.95.173 - - [26/Feb/2026:09:21:29 -0500] "POST /wp-json/contact-form-7/v1/contact-forms/342/feedback HTTP/1.0" 200 205 "http://tejoversea.com/contact-us/" "Mozilla/5.0 (Windows NT 10.0; Win64; x64) AppleWebKit/537.36 (KHTML, like Gecko) Chrome/130.0.0.0 Safari/537.36"
162.213.253.84 - - [26/Feb/2026:09:21:30 -0500] "POST /wp-admin/admin-ajax.php?action=async_litespeed&nonce=5e129aa1e5&litespeed_type=imgoptm HTTP/1.1" 200 0 "http://tejoversea.com/wp-admin/admin-ajax.php?action=async_litespeed&nonce=5e129aa1e5&litespeed_type=imgoptm" "WordPress/6.0.2; http://tejoversea.com"
54.37.118.83 - - [26/Feb/2026:09:25:05 -0500] "GET /robots.txt HTTP/1.1" 200 246 "-" "Mozilla/5.0 (compatible; AhrefsBot/7.0; +http://ahrefs.com/robot/)"
167.114.139.100 - - [26/Feb/2026:09:25:28 -0500] "GET /service-sitemap.xml HTTP/1.1" 200 594 "-" "Mozilla/5.0 (compatible; AhrefsBot/7.0; +http://ahrefs.com/robot/)"
80.94.95.173 - - [26/Feb/2026:09:21:28 -0500] "GET /contact-us/ HTTP/1.0" 200 59459 "http://tejoversea.com/contact-us/" "Mozilla/5.0 (Windows NT 10.0; Win64; x64) AppleWebKit/537.36 (KHTML, like Gecko) Chrome/130.0.0.0 Safari/537.36"
162.213.253.84 - - [26/Feb/2026:09:21:29 -0500] "POST /wp-cron.php?doing_wp_cron=1772115689.7062389850616455078125 HTTP/1.1" 200 0 "http://tejoversea.com/wp-cron.php?doing_wp_cron=1772115689.7062389850616455078125" "WordPress/6.0.2; http://tejoversea.com"
162.213.253.84 - - [26/Feb/2026:09:25:12 -0500] "POST /wp-cron.php?doing_wp_cron=1772115912.7757599353790283203125 HTTP/1.1" 200 0 "http://tejoversea.com/wp-cron.php?doing_wp_cron=1772115912.7757599353790283203125" "WordPress/6.0.2; http://tejoversea.com"
142.44.220.138 - - [26/Feb/2026:09:25:11 -0500] "GET /sitemap_index.xml HTTP/1.1" 200 278 "-" "Mozilla/5.0 (compatible; AhrefsBot/7.0; +http://ahrefs.com/robot/)"
162.213.253.84 - - [26/Feb/2026:09:25:13 -0500] "POST /wp-admin/admin-ajax.php?action=async_litespeed&nonce=5e129aa1e5&litespeed_type=imgoptm HTTP/1.1" 200 0 "http://tejoversea.com/wp-admin/admin-ajax.php?action=async_litespeed&nonce=5e129aa1e5&litespeed_type=imgoptm" "WordPress/6.0.2; http://tejoversea.com"
162.213.253.84 - - [26/Feb/2026:09:25:20 -0500] "POST /wp-cron.php?doing_wp_cron=1772115920.8744969367980957031250 HTTP/1.1" 200 0 "http://tejoversea.com/wp-cron.php?doing_wp_cron=1772115920.8744969367980957031250" "WordPress/6.0.2; http://tejoversea.com"
51.161.65.37 - - [26/Feb/2026:09:25:20 -0500] "GET /page-sitemap.xml HTTP/1.1" 200 873 "-" "Mozilla/5.0 (compatible; AhrefsBot/7.0; +http://ahrefs.com/robot/)"
162.213.253.84 - - [26/Feb/2026:09:25:21 -0500] "POST /wp-admin/admin-ajax.php?action=async_litespeed&nonce=5e129aa1e5&litespeed_type=imgoptm HTTP/1.1" 200 0 "http://tejoversea.com/wp-admin/admin-ajax.php?action=async_litespeed&nonce=5e129aa1e5&litespeed_type=imgoptm" "WordPress/6.0.2; http://tejoversea.com"
162.213.253.84 - - [26/Feb/2026:09:37:37 -0500] "POST /wp-admin/admin-ajax.php?action=async_litespeed&nonce=5e129aa1e5&litespeed_type=imgoptm HTTP/1.1" 200 0 "http://tejoversea.com/wp-admin/admin-ajax.php?action=async_litespeed&nonce=5e129aa1e5&litespeed_type=imgoptm" "WordPress/6.0.2; http://tejoversea.com"
162.213.253.84 - - [26/Feb/2026:09:37:37 -0500] "POST /wp-cron.php?doing_wp_cron=1772116657.0425460338592529296875 HTTP/1.1" 200 0 "http://tejoversea.com/wp-cron.php?doing_wp_cron=1772116657.0425460338592529296875" "WordPress/6.0.2; http://tejoversea.com"
34.231.118.144 - - [26/Feb/2026:09:37:36 -0500] "GET /wp-json/oembed/1.0/embed?format=xml&url=http://tejoversea.com/movers-packers-in-delhi/ HTTP/1.1" 200 1548 "-" "Mozilla/5.0 AppleWebKit/537.36 (KHTML, like Gecko; compatible; Amazonbot/0.1; +https://developer.amazon.com/support/amazonbot) Chrome/119.0.6045.214 Safari/537.36"
43.166.130.123 - - [26/Feb/2026:09:58:40 -0500] "GET / HTTP/1.1" 200 19139 "-" "Mozilla/5.0 (iPhone; CPU iPhone OS 13_2_3 like Mac OS X) AppleWebKit/605.1.15 (KHTML, like Gecko) Version/13.0.3 Mobile/15E148 Safari/604.1"
125.128.12.234 - - [26/Feb/2026:10:20:32 -0500] "GET /wp-json/wp/v2/posts HTTP/1.1" 200 2 "-" "Mozilla/5.0 (Windows NT 10.0; Win64; x64) AppleWebKit/537.36 (KHTML, like Gecko) Chrome/120.0.0.0 Safari/537.36"
106.219.236.113 - - [26/Feb/2026:10:26:41 -0500] "GET /wp-content/themes/logistek/assets/img/side-panel/2.jpg HTTP/1.1" 404 7621 "http://tejoversea.com/" "Mozilla/5.0 (Linux; Android 10; K) AppleWebKit/537.36 (KHTML, like Gecko) Chrome/145.0.0.0 Mobile Safari/537.36"
106.219.236.113 - - [26/Feb/2026:10:26:41 -0500] "GET /wp-content/themes/logistek/assets/img/side-panel/5.jpg HTTP/1.1" 404 7621 "http://tejoversea.com/" "Mozilla/5.0 (Linux; Android 10; K) AppleWebKit/537.36 (KHTML, like Gecko) Chrome/145.0.0.0 Mobile Safari/537.36"
106.219.236.113 - - [26/Feb/2026:10:26:41 -0500] "GET /wp-content/themes/logistek/assets/img/side-panel/4.jpg HTTP/1.1" 404 7620 "http://tejoversea.com/" "Mozilla/5.0 (Linux; Android 10; K) AppleWebKit/537.36 (KHTML, like Gecko) Chrome/145.0.0.0 Mobile Safari/537.36"
106.219.236.113 - - [26/Feb/2026:10:26:41 -0500] "GET /wp-content/themes/logistek/assets/img/side-panel/1.jpg HTTP/1.1" 404 7621 "http://tejoversea.com/" "Mozilla/5.0 (Linux; Android 10; K) AppleWebKit/537.36 (KHTML, like Gecko) Chrome/145.0.0.0 Mobile Safari/537.36"
162.213.253.84 - - [26/Feb/2026:10:26:44 -0500] "POST /wp-admin/admin-ajax.php?action=async_litespeed&nonce=5e129aa1e5&litespeed_type=imgoptm HTTP/1.1" 200 21 "http://tejoversea.com/wp-admin/admin-ajax.php?action=async_litespeed&nonce=5e129aa1e5&litespeed_type=imgoptm" "WordPress/6.0.2; http://tejoversea.com"
106.219.236.113 - - [26/Feb/2026:10:26:55 -0500] "GET /track-order/ HTTP/1.1" 200 14098 "http://tejoversea.com/" "Mozilla/5.0 (Linux; Android 10; K) AppleWebKit/537.36 (KHTML, like Gecko) Chrome/145.0.0.0 Mobile Safari/537.36"
106.219.236.113 - - [26/Feb/2026:10:26:56 -0500] "GET /wp-content/themes/logistek/assets/img/side-panel/1.jpg HTTP/1.1" 404 7621 "http://tejoversea.com/track-order/" "Mozilla/5.0 (Linux; Android 10; K) AppleWebKit/537.36 (KHTML, like Gecko) Chrome/145.0.0.0 Mobile Safari/537.36"
106.219.236.113 - - [26/Feb/2026:10:26:56 -0500] "GET /wp-content/themes/logistek/assets/img/side-panel/4.jpg HTTP/1.1" 404 7620 "http://tejoversea.com/track-order/" "Mozilla/5.0 (Linux; Android 10; K) AppleWebKit/537.36 (KHTML, like Gecko) Chrome/145.0.0.0 Mobile Safari/537.36"
106.219.236.113 - - [26/Feb/2026:10:26:56 -0500] "GET /wp-content/themes/logistek/assets/img/side-panel/5.jpg HTTP/1.1" 404 7621 "http://tejoversea.com/track-order/" "Mozilla/5.0 (Linux; Android 10; K) AppleWebKit/537.36 (KHTML, like Gecko) Chrome/145.0.0.0 Mobile Safari/537.36"
106.219.236.113 - - [26/Feb/2026:10:27:03 -0500] "POST /wp-admin/admin-ajax.php HTTP/1.1" 200 263 "http://tejoversea.com/track-order/" "Mozilla/5.0 (Linux; Android 10; K) AppleWebKit/537.36 (KHTML, like Gecko) Chrome/145.0.0.0 Mobile Safari/537.36"
106.219.236.113 - - [26/Feb/2026:10:26:40 -0500] "GET / HTTP/1.1" 200 19139 "https://www.google.com/" "Mozilla/5.0 (Linux; Android 10; K) AppleWebKit/537.36 (KHTML, like Gecko) Chrome/145.0.0.0 Mobile Safari/537.36"
106.219.236.113 - - [26/Feb/2026:10:26:41 -0500] "GET /wp-content/themes/logistek/assets/img/side-panel/3.jpg HTTP/1.1" 404 7621 "http://tejoversea.com/" "Mozilla/5.0 (Linux; Android 10; K) AppleWebKit/537.36 (KHTML, like Gecko) Chrome/145.0.0.0 Mobile Safari/537.36"
106.219.236.113 - - [26/Feb/2026:10:26:41 -0500] "GET /wp-content/themes/logistek/assets/img/side-panel/6.jpg HTTP/1.1" 404 7621 "http://tejoversea.com/" "Mozilla/5.0 (Linux; Android 10; K) AppleWebKit/537.36 (KHTML, like Gecko) Chrome/145.0.0.0 Mobile Safari/537.36"
106.219.236.113 - - [26/Feb/2026:10:26:44 -0500] "GET /wp-json/contact-form-7/v1/contact-forms/130/feedback/schema HTTP/1.1" 200 549 "http://tejoversea.com/" "Mozilla/5.0 (Linux; Android 10; K) AppleWebKit/537.36 (KHTML, like Gecko) Chrome/145.0.0.0 Mobile Safari/537.36"
162.213.253.84 - - [26/Feb/2026:10:26:43 -0500] "POST /wp-cron.php?doing_wp_cron=1772119603.0191171169281005859375 HTTP/1.1" 200 0 "http://tejoversea.com/wp-cron.php?doing_wp_cron=1772119603.0191171169281005859375" "WordPress/6.0.2; http://tejoversea.com"
106.219.236.113 - - [26/Feb/2026:10:26:51 -0500] "GET /wp-json/contact-form-7/v1/contact-forms/130/refill HTTP/1.1" 200 2 "http://tejoversea.com/" "Mozilla/5.0 (Linux; Android 10; K) AppleWebKit/537.36 (KHTML, like Gecko) Chrome/145.0.0.0 Mobile Safari/537.36"
106.219.236.113 - - [26/Feb/2026:10:26:56 -0500] "GET /wp-content/themes/logistek/assets/img/side-panel/2.jpg HTTP/1.1" 404 7621 "http://tejoversea.com/track-order/" "Mozilla/5.0 (Linux; Android 10; K) AppleWebKit/537.36 (KHTML, like Gecko) Chrome/145.0.0.0 Mobile Safari/537.36"
106.219.236.113 - - [26/Feb/2026:10:26:56 -0500] "GET /wp-content/themes/logistek/assets/img/side-panel/3.jpg HTTP/1.1" 404 7621 "http://tejoversea.com/track-order/" "Mozilla/5.0 (Linux; Android 10; K) AppleWebKit/537.36 (KHTML, like Gecko) Chrome/145.0.0.0 Mobile Safari/537.36"
106.219.236.113 - - [26/Feb/2026:10:26:56 -0500] "GET /wp-content/themes/logistek/assets/img/side-panel/6.jpg HTTP/1.1" 404 7621 "http://tejoversea.com/track-order/" "Mozilla/5.0 (Linux; Android 10; K) AppleWebKit/537.36 (KHTML, like Gecko) Chrome/145.0.0.0 Mobile Safari/537.36"
162.213.253.84 - - [26/Feb/2026:10:50:42 -0500] "POST /wp-cron.php?doing_wp_cron=1772121042.8459880352020263671875 HTTP/1.1" 200 0 "http://tejoversea.com/wp-cron.php?doing_wp_cron=1772121042.8459880352020263671875" "WordPress/6.0.2; http://tejoversea.com"
162.213.253.84 - - [26/Feb/2026:10:50:43 -0500] "POST /wp-admin/admin-ajax.php?action=async_litespeed&nonce=5e129aa1e5&litespeed_type=imgoptm HTTP/1.1" 200 21 "http://tejoversea.com/wp-admin/admin-ajax.php?action=async_litespeed&nonce=5e129aa1e5&litespeed_type=imgoptm" "WordPress/6.0.2; http://tejoversea.com"
20.220.189.106 - - [26/Feb/2026:10:50:44 -0500] "GET /wp-content/uploads/mfw-activity-logger/csv-uploads/TitaniumEx.php?Titanium=Ex HTTP/1.1" 404 28760 "-" "-"
20.220.189.106 - - [26/Feb/2026:10:50:45 -0500] "GET /wp-content/uploads/wp-bldy.php HTTP/1.1" 404 28725 "-" "-"
20.220.189.106 - - [26/Feb/2026:10:50:47 -0500] "GET /mari.php HTTP/1.1" 404 28703 "-" "-"
20.220.189.106 - - [26/Feb/2026:10:50:48 -0500] "GET /kodox.php HTTP/1.1" 404 28704 "-" "-"
20.220.189.106 - - [26/Feb/2026:10:50:53 -0500] "GET /assets/onkoabak.php HTTP/1.1" 404 28714 "-" "-"
20.220.189.106 - - [26/Feb/2026:10:50:53 -0500] "GET /alfa-rex.php56 HTTP/1.1" 404 28709 "-" "-"
20.220.189.106 - - [26/Feb/2026:10:50:54 -0500] "GET /.tmb/asp.php HTTP/1.1" 404 28707 "-" "-"
20.220.189.106 - - [26/Feb/2026:10:50:55 -0500] "GET /wp-includes/class-http.php HTTP/1.1" 403 1242 "-" "-"
20.220.189.106 - - [26/Feb/2026:10:50:56 -0500] "GET /ALFA_DATA/alfacgiapi/function.php HTTP/1.1" 404 28728 "-" "-"
20.220.189.106 - - [26/Feb/2026:10:50:57 -0500] "GET /discount_rules.php HTTP/1.1" 404 28713 "-" "-"
20.220.189.106 - - [26/Feb/2026:10:50:58 -0500] "GET /pki-validation/about.php HTTP/1.1" 404 28719 "-" "-"
20.220.189.106 - - [26/Feb/2026:10:50:59 -0500] "GET /wp-includes/class-wp-block-editor-context-cookie.php HTTP/1.1" 404 28747 "-" "-"
20.220.189.106 - - [26/Feb/2026:10:50:59 -0500] "GET /empty.php HTTP/1.1" 404 28704 "-" "-"
20.220.189.106 - - [26/Feb/2026:10:51:00 -0500] "GET /assets/library.php HTTP/1.1" 404 28713 "-" "-"
20.220.189.106 - - [26/Feb/2026:10:51:04 -0500] "GET /confag.php HTTP/1.1" 404 28705 "-" "-"
20.220.189.106 - - [26/Feb/2026:10:51:05 -0500] "GET /wp-content/plugins/ern/alfa-rex.php HTTP/1.1" 404 28730 "-" "-"
20.220.189.106 - - [26/Feb/2026:10:51:07 -0500] "GET /ok.php HTTP/1.1" 404 28701 "-" "-"
162.213.253.84 - - [26/Feb/2026:10:51:11 -0500] "POST /wp-cron.php?doing_wp_cron=1772121071.3048970699310302734375 HTTP/1.1" 200 0 "http://tejoversea.com/wp-cron.php?doing_wp_cron=1772121071.3048970699310302734375" "WordPress/6.0.2; http://tejoversea.com"
20.220.189.106 - - [26/Feb/2026:10:51:13 -0500] "GET /wp-includes/class-wp-taxonomy-sample.php HTTP/1.1" 404 28735 "-" "-"
20.220.189.106 - - [26/Feb/2026:10:51:15 -0500] "GET /Alex-Cross.php HTTP/1.1" 404 28709 "-" "-"
162.213.253.84 - - [26/Feb/2026:10:51:18 -0500] "POST /wp-admin/admin-ajax.php?action=async_litespeed&nonce=5e129aa1e5&litespeed_type=imgoptm HTTP/1.1" 200 21 "http://tejoversea.com/wp-admin/admin-ajax.php?action=async_litespeed&nonce=5e129aa1e5&litespeed_type=imgoptm" "WordPress/6.0.2; http://tejoversea.com"
20.220.189.106 - - [26/Feb/2026:10:51:19 -0500] "GET /db/phpmyadmin3/index.php?lang=en HTTP/1.1" 301 0 "-" "-"
20.220.189.106 - - [26/Feb/2026:10:51:23 -0500] "GET /wp-content/uploads/shell20211028.php HTTP/1.1" 404 28731 "-" "-"
20.220.189.106 - - [26/Feb/2026:10:51:25 -0500] "GET /site/admin.php HTTP/1.1" 404 28709 "-" "-"
20.220.189.106 - - [26/Feb/2026:10:51:26 -0500] "GET /wp-content/20211028.php HTTP/1.1" 404 28718 "-" "-"
20.220.189.106 - - [26/Feb/2026:10:51:27 -0500] "GET /content.php HTTP/1.1" 404 28706 "-" "-"
20.220.189.106 - - [26/Feb/2026:10:51:27 -0500] "GET /images/adminshell.php HTTP/1.1" 404 28716 "-" "-"
20.220.189.106 - - [26/Feb/2026:10:51:28 -0500] "GET /crypted.php HTTP/1.1" 404 28706 "-" "-"
20.220.189.106 - - [26/Feb/2026:10:51:29 -0500] "GET /wp-content/plugins/not/includes/about.php HTTP/1.1" 404 28736 "-" "-"
20.220.189.106 - - [26/Feb/2026:10:50:42 -0500] "GET /wp-content/plugins/hellopress/wp_filemanager.php HTTP/1.1" 404 28743 "-" "-"
20.220.189.106 - - [26/Feb/2026:10:50:46 -0500] "GET /combined.php HTTP/1.1" 404 28707 "-" "-"
20.220.189.106 - - [26/Feb/2026:10:50:49 -0500] "GET /wp-includes/SimplePie/HTTP/class.api.php HTTP/1.1" 404 28735 "-" "-"
20.220.189.106 - - [26/Feb/2026:10:50:50 -0500] "GET /bs1.php/ HTTP/1.1" 404 28702 "-" "-"
20.220.189.106 - - [26/Feb/2026:10:50:55 -0500] "GET /ovaudglve.php HTTP/1.1" 404 28708 "-" "-"
20.220.189.106 - - [26/Feb/2026:10:50:57 -0500] "GET /wp-content/themes/6x0dtmdc/fooster1337.php HTTP/1.1" 404 28737 "-" "-"
20.220.189.106 - - [26/Feb/2026:10:51:01 -0500] "GET /-admin/includes/thumbs.php HTTP/1.1" 404 28721 "-" "-"
20.220.189.106 - - [26/Feb/2026:10:51:02 -0500] "GET /BbPmyEI/luuf.php HTTP/1.1" 404 28711 "-" "-"
20.220.189.106 - - [26/Feb/2026:10:51:03 -0500] "GET /wp-includes/certificates/wp.php HTTP/1.1" 404 28726 "-" "-"
20.220.189.106 - - [26/Feb/2026:10:51:03 -0500] "GET /wp-includes/sodium_compat/src/Core32/Poly1305/post.php HTTP/1.1" 404 28749 "-" "-"
20.220.189.106 - - [26/Feb/2026:10:51:06 -0500] "GET /ak47shell.php HTTP/1.1" 404 28708 "-" "-"
20.220.189.106 - - [26/Feb/2026:10:51:06 -0500] "GET /ok.php?p= HTTP/1.1" 301 0 "-" "-"
20.220.189.106 - - [26/Feb/2026:10:51:08 -0500] "GET /acme-challenge/xl2023.php HTTP/1.1" 404 28720 "-" "-"
20.220.189.106 - - [26/Feb/2026:10:51:08 -0500] "GET /wp-includes/Requests/Cookie/theme.php__123 HTTP/1.1" 404 28737 "-" "-"
20.220.189.106 - - [26/Feb/2026:10:51:10 -0500] "GET /log404.php HTTP/1.1" 404 28705 "-" "-"
20.220.189.106 - - [26/Feb/2026:10:51:10 -0500] "GET /wp-content/updraft HTTP/1.1" 404 28713 "-" "-"
20.220.189.106 - - [26/Feb/2026:10:51:11 -0500] "GET /.tmb/item.php HTTP/1.1" 404 28708 "-" "-"
20.220.189.106 - - [26/Feb/2026:10:51:12 -0500] "GET /wp-admin/network/db.php HTTP/1.1" 404 28718 "-" "-"
20.220.189.106 - - [26/Feb/2026:10:51:13 -0500] "GET /wp-includes/css/dist/preferences/buy.php HTTP/1.1" 404 28735 "-" "-"
20.220.189.106 - - [26/Feb/2026:10:51:14 -0500] "GET /upgrade/fx.php HTTP/1.1" 404 28709 "-" "-"
20.220.189.106 - - [26/Feb/2026:10:51:15 -0500] "GET /phocsqfz.php HTTP/1.1" 404 28707 "-" "-"
20.220.189.106 - - [26/Feb/2026:10:51:16 -0500] "GET /wp-content/sx.php HTTP/1.1" 404 28712 "-" "-"
20.220.189.106 - - [26/Feb/2026:10:51:16 -0500] "GET /wp-content/languages/themes/atomlib.php HTTP/1.1" 404 28734 "-" "-"
162.213.253.84 - - [26/Feb/2026:10:51:18 -0500] "POST /wp-cron.php?doing_wp_cron=1772121078.4654641151428222656250 HTTP/1.1" 200 0 "http://tejoversea.com/wp-cron.php?doing_wp_cron=1772121078.4654641151428222656250" "WordPress/6.0.2; http://tejoversea.com"
20.220.189.106 - - [26/Feb/2026:10:51:17 -0500] "GET /bkncxqju.php HTTP/1.1" 404 28707 "-" "-"
20.220.189.106 - - [26/Feb/2026:10:51:20 -0500] "GET /db/phpmyadmin3/?lang=en HTTP/1.1" 404 28709 "-" "-"
20.220.189.106 - - [26/Feb/2026:10:51:21 -0500] "GET /assets/contao/js/unix.php HTTP/1.1" 404 28720 "-" "-"
20.220.189.106 - - [26/Feb/2026:10:51:22 -0500] "GET /fw.php/text.php/images.php HTTP/1.1" 404 28721 "-" "-"
20.220.189.106 - - [26/Feb/2026:10:51:24 -0500] "GET /portal/kcwepiaw.php HTTP/1.1" 404 28714 "-" "-"
20.220.189.106 - - [26/Feb/2026:10:51:26 -0500] "GET /content.php?p= HTTP/1.1" 301 0 "-" "-"
20.220.189.106 - - [26/Feb/2026:10:51:29 -0500] "GET /css/colors/blue/moon.php HTTP/1.1" 404 28719 "-" "-"
20.220.189.106 - - [26/Feb/2026:10:51:30 -0500] "GET /wp-includes/CasperSecurity.php HTTP/1.1" 404 28725 "-" "-"
20.220.189.106 - - [26/Feb/2026:10:51:31 -0500] "GET /wh.php HTTP/1.1" 404 28701 "-" "-"
20.220.189.106 - - [26/Feb/2026:10:51:33 -0500] "GET /ketiadfw.php HTTP/1.1" 404 28707 "-" "-"
20.220.189.106 - - [26/Feb/2026:10:51:35 -0500] "GET /rex/l/ HTTP/1.1" 404 28700 "-" "-"
20.220.189.106 - - [26/Feb/2026:10:51:36 -0500] "GET /network/checkbex.php HTTP/1.1" 404 28715 "-" "-"
20.220.189.106 - - [26/Feb/2026:10:51:37 -0500] "GET /plugins/3rdPartyServers/ox3rdPartyServers/luuf.php HTTP/1.1" 404 28745 "-" "-"
20.220.189.106 - - [26/Feb/2026:10:51:32 -0500] "GET /zxhfwqyt.php HTTP/1.1" 404 28707 "-" "-"
20.220.189.106 - - [26/Feb/2026:10:51:34 -0500] "GET /rex/l/index.php HTTP/1.1" 301 0 "-" "-"
20.220.189.106 - - [26/Feb/2026:10:51:35 -0500] "GET /wp-admin/includes/png.php HTTP/1.1" 404 28720 "-" "-"
20.220.189.106 - - [26/Feb/2026:10:51:37 -0500] "GET /wp-content/ans.php HTTP/1.1" 404 28713 "-" "-"
20.220.189.106 - - [26/Feb/2026:10:51:41 -0500] "GET /wp-content/themes/hello-elementor/ HTTP/1.1" 404 28728 "-" "-"
20.220.189.106 - - [26/Feb/2026:10:51:42 -0500] "GET /templatesdex.php HTTP/1.1" 404 28711 "-" "-"
20.220.189.106 - - [26/Feb/2026:10:51:49 -0500] "GET /wp-includes/Requests/Text/admin.php HTTP/1.1" 404 28730 "-" "-"
20.220.189.106 - - [26/Feb/2026:10:51:50 -0500] "GET /wp-content/plugins/plugin/allez.php HTTP/1.1" 404 28730 "-" "-"
20.220.189.106 - - [26/Feb/2026:10:51:52 -0500] "GET /assets/network.php HTTP/1.1" 404 28713 "-" "-"
20.220.189.106 - - [26/Feb/2026:10:51:38 -0500] "GET /wp-content/plugins/three-column-screen-layout/db.php?u HTTP/1.1" 404 28747 "-" "-"
20.220.189.106 - - [26/Feb/2026:10:51:39 -0500] "GET /luf.php HTTP/1.1" 404 28702 "-" "-"
20.220.189.106 - - [26/Feb/2026:10:51:40 -0500] "GET /hvoxejcn.php HTTP/1.1" 404 28707 "-" "-"
20.220.189.106 - - [26/Feb/2026:10:51:42 -0500] "GET /plugins/TOPXOH/wDR.php HTTP/1.1" 404 28717 "-" "-"
20.220.189.106 - - [26/Feb/2026:10:51:43 -0500] "GET /vftjzsbm.php HTTP/1.1" 404 28707 "-" "-"
20.220.189.106 - - [26/Feb/2026:10:51:44 -0500] "GET /uploads/index.php HTTP/1.1" 301 0 "-" "-"
20.220.189.106 - - [26/Feb/2026:10:51:45 -0500] "GET /uploads/ HTTP/1.1" 404 28702 "-" "-"
20.220.189.106 - - [26/Feb/2026:10:51:45 -0500] "GET /wp-admin/network/theme.php HTTP/1.1" 404 28721 "-" "-"
20.220.189.106 - - [26/Feb/2026:10:51:46 -0500] "GET /wp-content/themes/konzept/includes/uploadify/upload.php HTTP/1.1" 404 28750 "-" "-"
20.220.189.106 - - [26/Feb/2026:10:51:47 -0500] "GET /wp-includes/blocks/embed/admin.php HTTP/1.1" 404 28729 "-" "-"
20.220.189.106 - - [26/Feb/2026:10:51:48 -0500] "GET /template-ajax.php HTTP/1.1" 404 28712 "-" "-"
20.220.189.106 - - [26/Feb/2026:10:51:48 -0500] "GET /wp-includes/css/litespeed.php HTTP/1.1" 404 28724 "-" "-"
20.220.189.106 - - [26/Feb/2026:10:51:51 -0500] "GET /wp-includes/blocks/freeform/admin.php HTTP/1.1" 404 28732 "-" "-"
20.220.189.106 - - [26/Feb/2026:10:51:51 -0500] "GET /wp-content/11.php HTTP/1.1" 404 28712 "-" "-"
43.130.154.56 - - [26/Feb/2026:11:14:14 -0500] "GET / HTTP/1.1" 301 0 "-" "Mozilla/5.0 (iPhone; CPU iPhone OS 13_2_3 like Mac OS X) AppleWebKit/605.1.15 (KHTML, like Gecko) Version/13.0.3 Mobile/15E148 Safari/604.1"
162.213.253.84 - - [26/Feb/2026:11:14:16 -0500] "POST /wp-admin/admin-ajax.php?action=async_litespeed&nonce=5e129aa1e5&litespeed_type=imgoptm HTTP/1.1" 200 0 "http://tejoversea.com/wp-admin/admin-ajax.php?action=async_litespeed&nonce=5e129aa1e5&litespeed_type=imgoptm" "WordPress/6.0.2; http://tejoversea.com"
43.130.154.56 - - [26/Feb/2026:11:14:17 -0500] "GET / HTTP/1.1" 200 19139 "http://www.tejoversea.com" "Mozilla/5.0 (iPhone; CPU iPhone OS 13_2_3 like Mac OS X) AppleWebKit/605.1.15 (KHTML, like Gecko) Version/13.0.3 Mobile/15E148 Safari/604.1"
162.213.253.84 - - [26/Feb/2026:11:14:15 -0500] "POST /wp-cron.php?doing_wp_cron=1772122455.5089840888977050781250 HTTP/1.1" 200 0 "http://tejoversea.com/wp-cron.php?doing_wp_cron=1772122455.5089840888977050781250" "WordPress/6.0.2; http://tejoversea.com"
93.158.91.235 - - [26/Feb/2026:11:27:39 -0500] "GET / HTTP/1.1" 200 19131 "-" "Mozilla/5.0 (Linux; Android 12; SAMSUNG SM-A415F) AppleWebKit/537.36 (KHTML, like Gecko) SamsungBrowser/23.0 Chrome/115.0.0.0 Mobile Safari/537.3"
93.158.91.239 - - [26/Feb/2026:11:27:40 -0500] "GET /service/office-moving-shifting/ HTTP/1.1" 200 12568 "-" "Mozilla/5.0 (Linux; Android 12; SAMSUNG SM-A415F) AppleWebKit/537.36 (KHTML, like Gecko) SamsungBrowser/23.0 Chrome/115.0.0.0 Mobile Safari/537.3"
162.213.253.84 - - [26/Feb/2026:11:27:41 -0500] "POST /wp-cron.php?doing_wp_cron=1772123261.2024340629577636718750 HTTP/1.1" 200 0 "http://tejoversea.com/wp-cron.php?doing_wp_cron=1772123261.2024340629577636718750" "WordPress/6.0.2; http://tejoversea.com"
93.158.91.243 - - [26/Feb/2026:11:27:40 -0500] "GET /service/bike-scooty-shifting/ HTTP/1.1" 200 12195 "-" "Mozilla/5.0 (Linux; Android 12; SAMSUNG SM-A415F) AppleWebKit/537.36 (KHTML, like Gecko) SamsungBrowser/23.0 Chrome/115.0.0.0 Mobile Safari/537.3"
162.213.253.84 - - [26/Feb/2026:11:27:41 -0500] "POST /wp-admin/admin-ajax.php?action=async_litespeed&nonce=5e129aa1e5&litespeed_type=imgoptm HTTP/1.1" 200 0 "http://tejoversea.com/wp-admin/admin-ajax.php?action=async_litespeed&nonce=5e129aa1e5&litespeed_type=imgoptm" "WordPress/6.0.2; http://tejoversea.com"
93.158.91.250 - - [26/Feb/2026:11:27:42 -0500] "GET /service/car-shifting/ HTTP/1.1" 200 12711 "-" "Mozilla/5.0 (Linux; Android 12; SAMSUNG SM-A415F) AppleWebKit/537.36 (KHTML, like Gecko) SamsungBrowser/23.0 Chrome/115.0.0.0 Mobile Safari/537.3"
162.213.253.84 - - [26/Feb/2026:12:04:45 -0500] "POST /wp-cron.php?doing_wp_cron=1772125485.2105290889739990234375 HTTP/1.1" 200 0 "http://tejoversea.com/wp-cron.php?doing_wp_cron=1772125485.2105290889739990234375" "WordPress/6.0.2; http://tejoversea.com"
162.213.253.84 - - [26/Feb/2026:12:04:45 -0500] "POST /wp-admin/admin-ajax.php?action=async_litespeed&nonce=5e129aa1e5&litespeed_type=imgoptm HTTP/1.1" 200 0 "http://tejoversea.com/wp-admin/admin-ajax.php?action=async_litespeed&nonce=5e129aa1e5&litespeed_type=imgoptm" "WordPress/6.0.2; http://tejoversea.com"
52.169.119.118 - - [26/Feb/2026:12:04:46 -0500] "GET /asc.php HTTP/1.1" 404 28702 "-" "-"
52.169.119.118 - - [26/Feb/2026:12:04:44 -0500] "GET /wp-content/plugins/hellopress/wp_filemanager.php HTTP/1.1" 404 28743 "-" "-"
44.195.201.244 - - [26/Feb/2026:12:19:38 -0500] "GET /robots.txt HTTP/1.1" 200 281 "-" "Mozilla/5.0 (Macintosh; Intel Mac OS X 10_10_1) AppleWebKit/600.2.5 (KHTML, like Gecko) Version/8.0.2 Safari/600.2.5 (Gort)"
43.225.189.58 - - [26/Feb/2026:13:00:07 -0500] "GET /contact-us/ HTTP/1.1" 200 12950 "-" "Mozilla/5.0 (Macintosh; Intel Mac OS X 12_5) AppleWebKit/605.1.15 (KHTML, like Gecko) Version/15.4 Safari/605.1.15"
43.225.189.58 - - [26/Feb/2026:13:00:08 -0500] "GET /wp-content/plugins/contact-form-7/includes/js/index.js?ver=5.6.3 HTTP/1.1" 200 3689 "http://tejoversea.com/contact-us/" "Mozilla/5.0 (Macintosh; Intel Mac OS X 12_5) AppleWebKit/605.1.15 (KHTML, like Gecko) Version/15.4 Safari/605.1.15"
162.213.253.84 - - [26/Feb/2026:13:00:13 -0500] "POST /wp-admin/admin-ajax.php?action=async_litespeed&nonce=5e129aa1e5&litespeed_type=imgoptm HTTP/1.1" 200 0 "http://tejoversea.com/wp-admin/admin-ajax.php?action=async_litespeed&nonce=5e129aa1e5&litespeed_type=imgoptm" "WordPress/6.0.2; http://tejoversea.com"
162.213.253.84 - - [26/Feb/2026:13:00:12 -0500] "POST /wp-cron.php?doing_wp_cron=1772128812.7621409893035888671875 HTTP/1.1" 200 0 "http://tejoversea.com/wp-cron.php?doing_wp_cron=1772128812.7621409893035888671875" "WordPress/6.0.2; http://tejoversea.com"
43.225.189.58 - - [26/Feb/2026:13:00:11 -0500] "POST /wp-json/contact-form-7/v1/contact-forms/342/feedback HTTP/1.1" 200 205 "http://tejoversea.com/contact-us/" "Mozilla/5.0 (Macintosh; Intel Mac OS X 12_5) AppleWebKit/605.1.15 (KHTML, like Gecko) Version/15.4 Safari/605.1.15"
45.196.125.153 - - [26/Feb/2026:13:27:17 -0500] "GET /wp-json/wp/v2/posts HTTP/1.1" 200 2 "-" "Mozilla/5.0 (Windows NT 10.0; Win64; x64) AppleWebKit/537.36 (KHTML, like Gecko) Chrome/120.0.0.0 Safari/537.36"
162.213.253.84 - - [26/Feb/2026:13:41:26 -0500] "POST /wp-admin/admin-ajax.php?action=async_litespeed&nonce=5e129aa1e5&litespeed_type=imgoptm HTTP/1.1" 200 0 "http://tejoversea.com/wp-admin/admin-ajax.php?action=async_litespeed&nonce=5e129aa1e5&litespeed_type=imgoptm" "WordPress/6.0.2; http://tejoversea.com"
162.213.253.84 - - [26/Feb/2026:13:41:26 -0500] "POST /wp-cron.php?doing_wp_cron=1772131286.2665519714355468750000 HTTP/1.1" 200 0 "http://tejoversea.com/wp-cron.php?doing_wp_cron=1772131286.2665519714355468750000" "WordPress/6.0.2; http://tejoversea.com"
158.94.208.230 - - [26/Feb/2026:13:41:25 -0500] "GET /.env HTTP/1.1" 404 28699 "-" "Mozilla/5.0 (Windows NT 10.0; Win64; x64) AppleWebKit/537.36"
51.222.95.126 - - [26/Feb/2026:14:25:03 -0500] "GET /sitemap_index.xml HTTP/1.1" 200 278 "-" "Mozilla/5.0 (compatible; AhrefsBot/7.0; +http://ahrefs.com/robot/)"
162.213.253.84 - - [26/Feb/2026:14:25:11 -0500] "POST /wp-cron.php?doing_wp_cron=1772133911.1642410755157470703125 HTTP/1.1" 200 0 "http://tejoversea.com/wp-cron.php?doing_wp_cron=1772133911.1642410755157470703125" "WordPress/6.0.2; http://tejoversea.com"
51.161.37.203 - - [26/Feb/2026:14:25:10 -0500] "GET /page-sitemap.xml HTTP/1.1" 200 873 "-" "Mozilla/5.0 (compatible; AhrefsBot/7.0; +http://ahrefs.com/robot/)"
142.44.225.153 - - [26/Feb/2026:14:25:18 -0500] "GET /service-sitemap.xml HTTP/1.1" 200 594 "-" "Mozilla/5.0 (compatible; AhrefsBot/7.0; +http://ahrefs.com/robot/)"
130.12.182.151 - - [26/Feb/2026:14:22:16 -0500] "GET / HTTP/1.1" 200 19131 "-" "Mozilla/5.0"
162.213.253.84 - - [26/Feb/2026:14:25:19 -0500] "POST /wp-cron.php?doing_wp_cron=1772133919.2931969165802001953125 HTTP/1.1" 200 0 "http://tejoversea.com/wp-cron.php?doing_wp_cron=1772133919.2931969165802001953125" "WordPress/6.0.2; http://tejoversea.com"
162.213.253.84 - - [26/Feb/2026:14:25:19 -0500] "POST /wp-admin/admin-ajax.php?action=async_litespeed&nonce=5e129aa1e5&litespeed_type=imgoptm HTTP/1.1" 200 0 "http://tejoversea.com/wp-admin/admin-ajax.php?action=async_litespeed&nonce=5e129aa1e5&litespeed_type=imgoptm" "WordPress/6.0.2; http://tejoversea.com"
162.213.253.84 - - [26/Feb/2026:14:28:05 -0500] "POST /wp-cron.php?doing_wp_cron=1772134085.1634058952331542968750 HTTP/1.1" 200 0 "http://tejoversea.com/wp-cron.php?doing_wp_cron=1772134085.1634058952331542968750" "WordPress/6.0.2; http://tejoversea.com"
4.205.37.160 - - [26/Feb/2026:14:28:07 -0500] "GET /asc.php HTTP/1.1" 404 28702 "-" "-"
4.205.37.160 - - [26/Feb/2026:14:28:04 -0500] "GET /wp-content/plugins/hellopress/wp_filemanager.php HTTP/1.1" 404 28743 "-" "-"
162.213.253.84 - - [26/Feb/2026:14:28:05 -0500] "POST /wp-admin/admin-ajax.php?action=async_litespeed&nonce=5e129aa1e5&litespeed_type=imgoptm HTTP/1.1" 200 0 "http://tejoversea.com/wp-admin/admin-ajax.php?action=async_litespeed&nonce=5e129aa1e5&litespeed_type=imgoptm" "WordPress/6.0.2; http://tejoversea.com"
4.205.37.160 - - [26/Feb/2026:14:28:06 -0500] "GET /class3.php HTTP/1.1" 404 28705 "-" "-"
20.220.165.49 - - [26/Feb/2026:14:45:24 -0500] "GET /wp-content/plugins/hellopress/wp_filemanager.php HTTP/1.1" 404 28743 "-" "-"
20.220.165.49 - - [26/Feb/2026:14:45:25 -0500] "GET /asc.php HTTP/1.1" 404 28702 "-" "-"
106.219.237.113 - - [26/Feb/2026:15:06:18 -0500] "GET / HTTP/1.1" 200 19139 "-" "Mozilla/5.0 (Linux; Android 10; K) AppleWebKit/537.36 (KHTML, like Gecko) Chrome/145.0.0.0 Mobile Safari/537.36"
106.219.237.113 - - [26/Feb/2026:15:06:19 -0500] "GET /wp-content/themes/logistek/assets/img/side-panel/3.jpg HTTP/1.1" 404 7621 "http://tejoversea.com/" "Mozilla/5.0 (Linux; Android 10; K) AppleWebKit/537.36 (KHTML, like Gecko) Chrome/145.0.0.0 Mobile Safari/537.36"
106.219.237.113 - - [26/Feb/2026:15:06:19 -0500] "GET /wp-content/themes/logistek/assets/img/side-panel/2.jpg HTTP/1.1" 404 7614 "http://tejoversea.com/" "Mozilla/5.0 (Linux; Android 10; K) AppleWebKit/537.36 (KHTML, like Gecko) Chrome/145.0.0.0 Mobile Safari/537.36"
106.219.237.113 - - [26/Feb/2026:15:06:19 -0500] "GET /wp-content/themes/logistek/assets/img/side-panel/5.jpg HTTP/1.1" 404 7621 "http://tejoversea.com/" "Mozilla/5.0 (Linux; Android 10; K) AppleWebKit/537.36 (KHTML, like Gecko) Chrome/145.0.0.0 Mobile Safari/537.36"
106.219.237.113 - - [26/Feb/2026:15:06:19 -0500] "GET /wp-content/themes/logistek/assets/img/side-panel/6.jpg HTTP/1.1" 404 7621 "http://tejoversea.com/" "Mozilla/5.0 (Linux; Android 10; K) AppleWebKit/537.36 (KHTML, like Gecko) Chrome/145.0.0.0 Mobile Safari/537.36"
106.219.237.113 - - [26/Feb/2026:15:06:19 -0500] "GET /wp-content/themes/logistek/assets/img/side-panel/1.jpg HTTP/1.1" 404 7621 "http://tejoversea.com/" "Mozilla/5.0 (Linux; Android 10; K) AppleWebKit/537.36 (KHTML, like Gecko) Chrome/145.0.0.0 Mobile Safari/537.36"
106.219.237.113 - - [26/Feb/2026:15:06:22 -0500] "GET /wp-json/contact-form-7/v1/contact-forms/130/refill HTTP/1.1" 200 2 "http://tejoversea.com/" "Mozilla/5.0 (Linux; Android 10; K) AppleWebKit/537.36 (KHTML, like Gecko) Chrome/145.0.0.0 Mobile Safari/537.36"
162.213.253.84 - - [26/Feb/2026:15:06:21 -0500] "POST /wp-admin/admin-ajax.php?action=async_litespeed&nonce=5e129aa1e5&litespeed_type=imgoptm HTTP/1.1" 200 0 "http://tejoversea.com/wp-admin/admin-ajax.php?action=async_litespeed&nonce=5e129aa1e5&litespeed_type=imgoptm" "WordPress/6.0.2; http://tejoversea.com"
106.219.237.113 - - [26/Feb/2026:15:06:41 -0500] "POST /wp-admin/admin-ajax.php HTTP/1.1" 200 102 "http://tejoversea.com/track-order/" "Mozilla/5.0 (Linux; Android 10; K) AppleWebKit/537.36 (KHTML, like Gecko) Chrome/145.0.0.0 Mobile Safari/537.36"
106.219.237.113 - - [26/Feb/2026:15:06:48 -0500] "POST /wp-admin/admin-ajax.php HTTP/1.1" 200 270 "http://tejoversea.com/track-order/" "Mozilla/5.0 (Linux; Android 10; K) AppleWebKit/537.36 (KHTML, like Gecko) Chrome/145.0.0.0 Mobile Safari/537.36"
106.219.237.113 - - [26/Feb/2026:15:06:49 -0500] "POST /wp-admin/admin-ajax.php HTTP/1.1" 200 270 "http://tejoversea.com/track-order/" "Mozilla/5.0 (Linux; Android 10; K) AppleWebKit/537.36 (KHTML, like Gecko) Chrome/145.0.0.0 Mobile Safari/537.36"
106.219.237.113 - - [26/Feb/2026:15:06:21 -0500] "GET /wp-json/contact-form-7/v1/contact-forms/130/feedback/schema HTTP/1.1" 200 549 "http://tejoversea.com/" "Mozilla/5.0 (Linux; Android 10; K) AppleWebKit/537.36 (KHTML, like Gecko) Chrome/145.0.0.0 Mobile Safari/537.36"
106.219.237.113 - - [26/Feb/2026:15:06:19 -0500] "GET /wp-content/themes/logistek/assets/img/side-panel/4.jpg HTTP/1.1" 404 7620 "http://tejoversea.com/" "Mozilla/5.0 (Linux; Android 10; K) AppleWebKit/537.36 (KHTML, like Gecko) Chrome/145.0.0.0 Mobile Safari/537.36"
162.213.253.84 - - [26/Feb/2026:15:06:20 -0500] "POST /wp-cron.php?doing_wp_cron=1772136380.6113750934600830078125 HTTP/1.1" 200 0 "http://tejoversea.com/wp-cron.php?doing_wp_cron=1772136380.6113750934600830078125" "WordPress/6.0.2; http://tejoversea.com"
106.219.237.113 - - [26/Feb/2026:15:06:27 -0500] "GET /track-order/ HTTP/1.1" 200 14098 "http://tejoversea.com/" "Mozilla/5.0 (Linux; Android 10; K) AppleWebKit/537.36 (KHTML, like Gecko) Chrome/145.0.0.0 Mobile Safari/537.36"
106.219.237.113 - - [26/Feb/2026:15:06:27 -0500] "GET /wp-content/themes/logistek/assets/img/side-panel/2.jpg HTTP/1.1" 404 7614 "http://tejoversea.com/track-order/" "Mozilla/5.0 (Linux; Android 10; K) AppleWebKit/537.36 (KHTML, like Gecko) Chrome/145.0.0.0 Mobile Safari/537.36"
106.219.237.113 - - [26/Feb/2026:15:06:27 -0500] "GET /wp-content/themes/logistek/assets/img/side-panel/1.jpg HTTP/1.1" 404 7621 "http://tejoversea.com/track-order/" "Mozilla/5.0 (Linux; Android 10; K) AppleWebKit/537.36 (KHTML, like Gecko) Chrome/145.0.0.0 Mobile Safari/537.36"
106.219.237.113 - - [26/Feb/2026:15:06:28 -0500] "GET /wp-content/themes/logistek/assets/img/side-panel/3.jpg HTTP/1.1" 404 7621 "http://tejoversea.com/track-order/" "Mozilla/5.0 (Linux; Android 10; K) AppleWebKit/537.36 (KHTML, like Gecko) Chrome/145.0.0.0 Mobile Safari/537.36"
106.219.237.113 - - [26/Feb/2026:15:06:28 -0500] "GET /wp-content/themes/logistek/assets/img/side-panel/5.jpg HTTP/1.1" 404 7621 "http://tejoversea.com/track-order/" "Mozilla/5.0 (Linux; Android 10; K) AppleWebKit/537.36 (KHTML, like Gecko) Chrome/145.0.0.0 Mobile Safari/537.36"
106.219.237.113 - - [26/Feb/2026:15:06:28 -0500] "GET /wp-content/themes/logistek/assets/img/side-panel/4.jpg HTTP/1.1" 404 7620 "http://tejoversea.com/track-order/" "Mozilla/5.0 (Linux; Android 10; K) AppleWebKit/537.36 (KHTML, like Gecko) Chrome/145.0.0.0 Mobile Safari/537.36"
106.219.237.113 - - [26/Feb/2026:15:06:28 -0500] "GET /wp-content/themes/logistek/assets/img/side-panel/6.jpg HTTP/1.1" 404 7621 "http://tejoversea.com/track-order/" "Mozilla/5.0 (Linux; Android 10; K) AppleWebKit/537.36 (KHTML, like Gecko) Chrome/145.0.0.0 Mobile Safari/537.36"
106.219.237.113 - - [26/Feb/2026:15:06:32 -0500] "POST /wp-admin/admin-ajax.php HTTP/1.1" 200 263 "http://tejoversea.com/track-order/" "Mozilla/5.0 (Linux; Android 10; K) AppleWebKit/537.36 (KHTML, like Gecko) Chrome/145.0.0.0 Mobile Safari/537.36"
106.219.237.113 - - [26/Feb/2026:15:06:38 -0500] "POST /wp-admin/admin-ajax.php HTTP/1.1" 200 102 "http://tejoversea.com/track-order/" "Mozilla/5.0 (Linux; Android 10; K) AppleWebKit/537.36 (KHTML, like Gecko) Chrome/145.0.0.0 Mobile Safari/537.36"
20.220.188.158 - - [26/Feb/2026:15:30:04 -0500] "GET /wp-content/plugins/fix/up.php HTTP/1.1" 404 7608 "-" "Mozilla/5.0 (Windows NT 10.0; Win64; x64) AppleWebKit/537.36 (KHTML, like Gecko) Chrome/85.0.4183.102 Safari/537.36"
162.213.253.84 - - [26/Feb/2026:15:30:03 -0500] "POST /wp-cron.php?doing_wp_cron=1772137803.5921719074249267578125 HTTP/1.1" 200 0 "http://tejoversea.com/wp-cron.php?doing_wp_cron=1772137803.5921719074249267578125" "WordPress/6.0.2; http://tejoversea.com"
20.220.188.158 - - [26/Feb/2026:15:30:02 -0500] "GET //wp-content/plugins/fix/up.php HTTP/1.1" 301 0 "-" "Mozilla/5.0 (Windows NT 10.0; Win64; x64) AppleWebKit/537.36 (KHTML, like Gecko) Chrome/85.0.4183.102 Safari/537.36"
162.213.253.84 - - [26/Feb/2026:15:30:04 -0500] "POST /wp-admin/admin-ajax.php?action=async_litespeed&nonce=5e129aa1e5&litespeed_type=imgoptm HTTP/1.1" 200 0 "http://tejoversea.com/wp-admin/admin-ajax.php?action=async_litespeed&nonce=5e129aa1e5&litespeed_type=imgoptm" "WordPress/6.0.2; http://tejoversea.com"
185.88.177.40 - - [26/Feb/2026:16:01:21 -0500] "GET /wp-json/wp/v2/posts HTTP/1.0" 200 2 "-" "Mozilla/5.0 (Windows NT 10.0; Win64; x64) AppleWebKit/537.36 (KHTML, like Gecko) Chrome/120.0.0.0 Safari/537.36"
162.213.253.84 - - [26/Feb/2026:16:40:11 -0500] "POST /wp-cron.php?doing_wp_cron=1772142011.8248889446258544921875 HTTP/1.1" 200 0 "http://tejoversea.com/wp-cron.php?doing_wp_cron=1772142011.8248889446258544921875" "WordPress/6.0.2; http://tejoversea.com"
52.167.144.188 - - [26/Feb/2026:16:40:11 -0500] "GET /wp-content/themes/logistek/assets/img/side-panel/5.jpg HTTP/1.1" 404 6957 "-" "Mozilla/5.0 AppleWebKit/537.36 (KHTML, like Gecko; compatible; bingbot/2.0; +http://www.bing.com/bingbot.htm) Chrome/116.0.1938.76 Safari/537.36"
162.213.253.84 - - [26/Feb/2026:16:40:12 -0500] "POST /wp-admin/admin-ajax.php?action=async_litespeed&nonce=5e129aa1e5&litespeed_type=imgoptm HTTP/1.1" 200 0 "http://tejoversea.com/wp-admin/admin-ajax.php?action=async_litespeed&nonce=5e129aa1e5&litespeed_type=imgoptm" "WordPress/6.0.2; http://tejoversea.com"
77.246.109.244 - - [26/Feb/2026:16:56:40 -0500] "POST /wp-json/contact-form-7/v1/contact-forms/342/feedback HTTP/1.0" 200 205 "http://tejoversea.com/contact-us/" "Mozilla/5.0 (Windows NT 10.0; Win64; x64) AppleWebKit/537.36 (KHTML, like Gecko) Chrome/103.0.5060.53 Safari/537.36"
77.246.109.244 - - [26/Feb/2026:16:56:39 -0500] "GET /contact-us/ HTTP/1.0" 200 59459 "http://tejoversea.com/contact-us/" "Mozilla/5.0 (Windows NT 10.0; Win64; x64) AppleWebKit/537.36 (KHTML, like Gecko) Chrome/103.0.5060.53 Safari/537.36"
162.213.253.84 - - [26/Feb/2026:16:56:41 -0500] "POST /wp-cron.php?doing_wp_cron=1772143001.2770090103149414062500 HTTP/1.1" 200 0 "http://tejoversea.com/wp-cron.php?doing_wp_cron=1772143001.2770090103149414062500" "WordPress/6.0.2; http://tejoversea.com"
162.213.253.84 - - [26/Feb/2026:16:56:41 -0500] "POST /wp-admin/admin-ajax.php?action=async_litespeed&nonce=5e129aa1e5&litespeed_type=imgoptm HTTP/1.1" 200 0 "http://tejoversea.com/wp-admin/admin-ajax.php?action=async_litespeed&nonce=5e129aa1e5&litespeed_type=imgoptm" "WordPress/6.0.2; http://tejoversea.com"
52.167.144.215 - - [26/Feb/2026:17:15:49 -0500] "GET /wp-content/themes/logistek/assets/img/side-panel/6.jpg HTTP/1.1" 404 6957 "-" "Mozilla/5.0 AppleWebKit/537.36 (KHTML, like Gecko; compatible; bingbot/2.0; +http://www.bing.com/bingbot.htm) Chrome/116.0.1938.76 Safari/537.36"
162.213.253.84 - - [26/Feb/2026:17:15:49 -0500] "POST /wp-cron.php?doing_wp_cron=1772144149.8676540851593017578125 HTTP/1.1" 200 0 "http://tejoversea.com/wp-cron.php?doing_wp_cron=1772144149.8676540851593017578125" "WordPress/6.0.2; http://tejoversea.com"
162.213.253.84 - - [26/Feb/2026:17:15:50 -0500] "POST /wp-admin/admin-ajax.php?action=async_litespeed&nonce=5e129aa1e5&litespeed_type=imgoptm HTTP/1.1" 200 0 "http://tejoversea.com/wp-admin/admin-ajax.php?action=async_litespeed&nonce=5e129aa1e5&litespeed_type=imgoptm" "WordPress/6.0.2; http://tejoversea.com"
185.12.250.104 - - [26/Feb/2026:17:20:03 -0500] "GET /service/bike-scooty-shifting/ HTTP/1.1" 200 12195 "-" "Mozilla/5.0 (iPhone; CPU iPhone OS 17_3_1 like Mac OS X) AppleWebKit/605.1.15 (KHTML, like Gecko) Version/17.3.1 Mobile/15E148 Safari/604"
5.133.192.192 - - [26/Feb/2026:17:20:02 -0500] "GET / HTTP/1.1" 200 19139 "-" "Mozilla/5.0 (iPhone; CPU iPhone OS 17_3_1 like Mac OS X) AppleWebKit/605.1.15 (KHTML, like Gecko) Version/17.3.1 Mobile/15E148 Safari/604"
5.133.192.192 - - [26/Feb/2026:17:20:03 -0500] "GET /service/office-moving-shifting/ HTTP/1.1" 200 12568 "-" "Mozilla/5.0 (iPhone; CPU iPhone OS 17_3_1 like Mac OS X) AppleWebKit/605.1.15 (KHTML, like Gecko) Version/17.3.1 Mobile/15E148 Safari/604"
185.13.98.57 - - [26/Feb/2026:17:20:04 -0500] "GET /service/car-shifting/ HTTP/1.1" 200 12711 "-" "Mozilla/5.0 (iPhone; CPU iPhone OS 17_3_1 like Mac OS X) AppleWebKit/605.1.15 (KHTML, like Gecko) Version/17.3.1 Mobile/15E148 Safari/604"
43.152.72.244 - - [26/Feb/2026:17:39:04 -0500] "GET / HTTP/1.1" 200 19139 "-" "Mozilla/5.0 (iPhone; CPU iPhone OS 13_2_3 like Mac OS X) AppleWebKit/605.1.15 (KHTML, like Gecko) Version/13.0.3 Mobile/15E148 Safari/604.1"
120.71.59.24 - - [26/Feb/2026:18:32:05 -0500] "GET / HTTP/1.1" 200 19139 "-" "Mozilla/5.0 (iPhone; CPU iPhone OS 13_2_3 like Mac OS X) AppleWebKit/605.1.15 (KHTML, like Gecko) Version/13.0.3 Mobile/15E148 Safari/604.1"
173.252.70.26 - - [26/Feb/2026:18:34:16 -0500] "GET /robots.txt HTTP/1.1" 200 595 "-" "facebookexternalhit/1.1 (+http://www.facebook.com/externalhit_uatext.php)"
74.7.241.166 - - [26/Feb/2026:18:44:55 -0500] "GET /robots.txt HTTP/1.1" 200 246 "-" "Mozilla/5.0 (Macintosh; Intel Mac OS X 10_15_7) AppleWebKit/537.36 (KHTML, like Gecko) Chrome/131.0.0.0 Safari/537.36; compatible; OAI-SearchBot/1.3; robots.txt; +https://openai.com/searchbot"
209.141.49.144 - - [26/Feb/2026:18:56:23 -0500] "POST /wp-login.php HTTP/1.1" 200 6679 "-" "Mozilla/5.0 (X11; Linux x86_64) AppleWebKit/537.36 (KHTML, like Gecko) Ubuntu Chromium/36.0.1985.125 Chrome/36.0.1985.125 Safari/537.36"
49.51.47.100 - - [26/Feb/2026:18:59:48 -0500] "GET / HTTP/1.1" 301 0 "-" "Mozilla/5.0 (iPhone; CPU iPhone OS 13_2_3 like Mac OS X) AppleWebKit/605.1.15 (KHTML, like Gecko) Version/13.0.3 Mobile/15E148 Safari/604.1"
162.213.253.84 - - [26/Feb/2026:18:59:49 -0500] "POST /wp-admin/admin-ajax.php?action=async_litespeed&nonce=5e129aa1e5&litespeed_type=imgoptm HTTP/1.1" 200 21 "http://tejoversea.com/wp-admin/admin-ajax.php?action=async_litespeed&nonce=5e129aa1e5&litespeed_type=imgoptm" "WordPress/6.0.2; http://tejoversea.com"
49.51.47.100 - - [26/Feb/2026:18:59:50 -0500] "GET / HTTP/1.1" 200 19139 "http://www.tejoversea.com" "Mozilla/5.0 (iPhone; CPU iPhone OS 13_2_3 like Mac OS X) AppleWebKit/605.1.15 (KHTML, like Gecko) Version/13.0.3 Mobile/15E148 Safari/604.1"
209.141.49.144 - - [26/Feb/2026:18:56:23 -0500] "GET /wp-login.php HTTP/1.1" 200 6486 "-" "Mozilla/5.0 (X11; Linux x86_64) AppleWebKit/537.36 (KHTML, like Gecko) Ubuntu Chromium/36.0.1985.125 Chrome/36.0.1985.125 Safari/537.36"
162.213.253.84 - - [26/Feb/2026:18:59:48 -0500] "POST /wp-cron.php?doing_wp_cron=1772150388.9557209014892578125000 HTTP/1.1" 200 0 "http://tejoversea.com/wp-cron.php?doing_wp_cron=1772150388.9557209014892578125000" "WordPress/6.0.2; http://tejoversea.com"
162.213.253.84 - - [26/Feb/2026:19:31:41 -0500] "POST /wp-admin/admin-ajax.php?action=async_litespeed&nonce=aa6694b328&litespeed_type=imgoptm HTTP/1.1" 200 0 "http://tejoversea.com/wp-admin/admin-ajax.php?action=async_litespeed&nonce=aa6694b328&litespeed_type=imgoptm" "WordPress/6.0.2; http://tejoversea.com"
34.94.42.214 - - [26/Feb/2026:19:31:43 -0500] "HEAD /backup/ HTTP/1.1" 404 0 "-" "Mozilla/5.0 (Linux; Android 14; Samsung SM-A546B) AppleWebKit/537.36 (KHTML, like Gecko) Chrome/126.0.6478.14 Mobile Safari/537.36"
