114.119.130.91 - - [26/Feb/2026:14:43:58 -0500] "GET /assets/revolution/js/extensions/mini.php?path=/home/vishqocm/vishalwebtech.in/blog/wp-content/plugins/mailchimp-for-wp/integrations/easy-digital-downloads HTTP/1.1" 200 907 "https://www.pscaluminium.com/assets/revolution/js/extensions/mini.php?path=/home/vishqocm/vishalwebtech.in/blog/wp-content/plugins/mailchimp-for-wp/integrations/easy-digital-downloads" "Mozilla/5.0 (Linux; Android 7.0;) AppleWebKit/537.36 (KHTML, like Gecko) Mobile Safari/537.36 (compatible; PetalBot;+https://webmaster.petalsearch.com/site/petalbot)"
114.119.148.14 - - [26/Feb/2026:14:41:11 -0500] "GET /assets/revolution/js/extensions/mini.php?path=/home/vishqocm/vishalwebtech.in/blog/wp-content/plugins/one-click-demo-import/vendor/doctrine/instantiator HTTP/1.1" 200 1073 "https://www.pscaluminium.com/assets/revolution/js/extensions/mini.php?path=/home/vishqocm/vishalwebtech.in/blog/wp-content/plugins/one-click-demo-import/vendor/doctrine/instantiator/src/Doctrine/Instantiator" "Mozilla/5.0 (Linux; Android 7.0;) AppleWebKit/537.36 (KHTML, like Gecko) Mobile Safari/537.36 (compatible; PetalBot;+https://webmaster.petalsearch.com/site/petalbot)"
114.119.146.220 - - [26/Feb/2026:14:46:45 -0500] "GET /assets/revolution/js/extensions/mini.php?path=/home/vishqocm/vishalwebtech.in/blog/wp-content/plugins/loginizer/lib/hybridauth/Data HTTP/1.1" 200 935 "https://www.pscaluminium.com/assets/revolution/js/extensions/mini.php?path=/home/vishqocm/vishalwebtech.in/blog/wp-content/plugins/loginizer/lib/hybridauth/Data" "Mozilla/5.0 (Linux; Android 7.0;) AppleWebKit/537.36 (KHTML, like Gecko) Mobile Safari/537.36 (compatible; PetalBot;+https://webmaster.petalsearch.com/site/petalbot)"
114.119.130.91 - - [26/Feb/2026:14:48:11 -0500] "GET /assets/revolution/js/extensions/mini.php?path=/home/vishqocm/vishalwebtech.in/blog/wp-content/plugins/loginizer/assets/js HTTP/1.1" 200 952 "https://www.pscaluminium.com/assets/revolution/js/extensions/mini.php?path=/home/vishqocm/vishalwebtech.in/blog/wp-content/plugins/loginizer/assets" "Mozilla/5.0 (Linux; Android 7.0;) AppleWebKit/537.36 (KHTML, like Gecko) Mobile Safari/537.36 (compatible; PetalBot;+https://webmaster.petalsearch.com/site/petalbot)"
114.119.140.85 - - [26/Feb/2026:14:49:32 -0500] "GET /assets/revolution/js/extensions/mini.php?path=/home/vishqocm/vishalwebtech.in/blog/wp-content/plugins/loginizer-security/lib/hybridauth/Provider HTTP/1.1" 200 1092 "https://www.pscaluminium.com/assets/revolution/js/extensions/mini.php?path=/home/vishqocm/vishalwebtech.in/blog/wp-content/plugins/loginizer-security/lib/hybridauth/Provider" "Mozilla/5.0 (Linux; Android 7.0;) AppleWebKit/537.36 (KHTML, like Gecko) Mobile Safari/537.36 (compatible; PetalBot;+https://webmaster.petalsearch.com/site/petalbot)"
114.119.140.85 - - [26/Feb/2026:14:50:55 -0500] "GET /assets/revolution/js/extensions/mini.php?path=/home/vishqocm/vishalwebtech.in/blog/wp-content/plugins/loginizer-security/assets/js HTTP/1.1" 200 967 "https://www.pscaluminium.com/assets/revolution/js/extensions/mini.php?path=/home/vishqocm/vishalwebtech.in/blog/wp-content/plugins/loginizer-security/assets" "Mozilla/5.0 (Linux; Android 7.0;) AppleWebKit/537.36 (KHTML, like Gecko) Mobile Safari/537.36 (compatible; PetalBot;+https://webmaster.petalsearch.com/site/petalbot)"
114.119.150.22 - - [26/Feb/2026:14:53:42 -0500] "GET /assets/revolution/js/extensions/mini.php?path=/home/vishqocm/vishalwebtech.in/blog/wp-content/plugins/katerio-core/framework/redux-core/core HTTP/1.1" 200 1057 "https://www.pscaluminium.com/assets/revolution/js/extensions/mini.php?path=/home/vishqocm/vishalwebtech.in/blog/wp-content/plugins/katerio-core/framework/redux-core" "Mozilla/5.0 (Linux; Android 7.0;) AppleWebKit/537.36 (KHTML, like Gecko) Mobile Safari/537.36 (compatible; PetalBot;+https://webmaster.petalsearch.com/site/petalbot)"
110.249.201.168 - - [26/Feb/2026:14:56:04 -0500] "GET /robots.txt HTTP/1.1" 404 1251 "-" "Mozilla/5.0 (Linux; Android 5.0) AppleWebKit/537.36 (KHTML, like Gecko) Mobile Safari/537.36 (compatible; Bytespider; https://zhanzhang.toutiao.com/)"
114.119.146.220 - - [26/Feb/2026:14:56:30 -0500] "GET /assets/revolution/js/extensions/mini.php?path=/home/vishqocm/vishalwebtech.in/blog/wp-content/plugins/katerio-core/elementor/assets/js HTTP/1.1" 200 898 "https://www.pscaluminium.com/assets/revolution/js/extensions/mini.php?path=/home/vishqocm/vishalwebtech.in/blog/wp-content/plugins/katerio-core/elementor/assets" "Mozilla/5.0 (Linux; Android 7.0;) AppleWebKit/537.36 (KHTML, like Gecko) Mobile Safari/537.36 (compatible; PetalBot;+https://webmaster.petalsearch.com/site/petalbot)"
2a03:2880:f800:3:: - - [26/Feb/2026:14:58:07 -0500] "GET /aluminium-door-partition-system.html HTTP/1.1" 200 3786 "-" "meta-externalagent/1.1 (+https://developers.facebook.com/docs/sharing/webmasters/crawler)"
114.119.141.34 - - [26/Feb/2026:14:45:21 -0500] "GET /assets/revolution/js/extensions/mini.php?path=/home/vishqocm/vishalwebtech.in/blog/wp-content/plugins/loginizer/lib/hybridauth/Logger HTTP/1.1" 200 971 "https://www.pscaluminium.com/assets/revolution/js/extensions/mini.php?path=/home/vishqocm/vishalwebtech.in/blog/wp-content/plugins/loginizer/lib/hybridauth/Logger" "Mozilla/5.0 (Linux; Android 7.0;) AppleWebKit/537.36 (KHTML, like Gecko) Mobile Safari/537.36 (compatible; PetalBot;+https://webmaster.petalsearch.com/site/petalbot)"
114.119.146.220 - - [26/Feb/2026:14:52:18 -0500] "GET /assets/revolution/js/extensions/mini.php?path=/home/vishqocm/vishalwebtech.in/blog/wp-content/plugins/katerio-core/functions/acf HTTP/1.1" 200 922 "https://www.pscaluminium.com/assets/revolution/js/extensions/mini.php?path=/home/vishqocm/vishalwebtech.in/blog/wp-content/plugins/katerio-core/functions" "Mozilla/5.0 (Linux; Android 7.0;) AppleWebKit/537.36 (KHTML, like Gecko) Mobile Safari/537.36 (compatible; PetalBot;+https://webmaster.petalsearch.com/site/petalbot)"
114.119.140.85 - - [26/Feb/2026:14:55:06 -0500] "GET /assets/revolution/js/extensions/mini.php?path=/home/vishqocm/vishalwebtech.in/blog/wp-content/plugins/katerio-core/framework/acf-pro/pro-assets/js HTTP/1.1" 200 984 "https://www.pscaluminium.com/assets/revolution/js/extensions/mini.php?path=/home/vishqocm/vishalwebtech.in/blog/wp-content/plugins/katerio-core/framework/acf-pro/pro-assets" "Mozilla/5.0 (Linux; Android 7.0;) AppleWebKit/537.36 (KHTML, like Gecko) Mobile Safari/537.36 (compatible; PetalBot;+https://webmaster.petalsearch.com/site/petalbot)"
114.119.130.91 - - [26/Feb/2026:14:57:57 -0500] "GET /assets/revolution/js/extensions/mini.php?path=/home/vishqocm/vishalwebtech.in/blog/wp-content/plugins/katerio-core HTTP/1.1" 200 980 "https://www.pscaluminium.com/assets/revolution/js/extensions/mini.php?path=/home/vishqocm/vishalwebtech.in/blog/wp-content/plugins/katerio-core/framework/redux-core/assets/scss/vendor/select2" "Mozilla/5.0 (Linux; Android 7.0;) AppleWebKit/537.36 (KHTML, like Gecko) Mobile Safari/537.36 (compatible; PetalBot;+https://webmaster.petalsearch.com/site/petalbot)"
114.119.150.22 - - [26/Feb/2026:14:59:17 -0500] "GET /assets/revolution/js/extensions/mini.php?path=/home/vishqocm/vishalwebtech.in/blog/wp-content/plugins/elementor/vendor_prefixed/twig/src/TokenParser HTTP/1.1" 200 1477 "https://www.pscaluminium.com/assets/revolution/js/extensions/mini.php?path=/home/vishqocm/vishalwebtech.in/blog/wp-content/plugins/elementor/vendor_prefixed/twig/src" "Mozilla/5.0 (Linux; Android 7.0;) AppleWebKit/537.36 (KHTML, like Gecko) Mobile Safari/537.36 (compatible; PetalBot;+https://webmaster.petalsearch.com/site/petalbot)"
114.119.146.220 - - [26/Feb/2026:15:00:41 -0500] "GET /assets/revolution/js/extensions/mini.php?path=/home/vishqocm/vishalwebtech.in/blog/wp-content/plugins/elementor/vendor_prefixed/twig/src/Error HTTP/1.1" 200 1011 "https://www.pscaluminium.com/assets/revolution/js/extensions/mini.php?path=/home/vishqocm/vishalwebtech.in/blog/wp-content/plugins/elementor/vendor_prefixed/twig/src" "Mozilla/5.0 (Linux; Android 7.0;) AppleWebKit/537.36 (KHTML, like Gecko) Mobile Safari/537.36 (compatible; PetalBot;+https://webmaster.petalsearch.com/site/petalbot)"
114.119.148.14 - - [26/Feb/2026:15:02:07 -0500] "GET /assets/revolution/js/extensions/mini.php?path=/home/vishqocm/vishalwebtech.in/blog/wp-content/plugins/elementor/vendor_prefixed/dependency-injection/php-di/php-di/src/Proxy HTTP/1.1" 200 939 "https://www.pscaluminium.com/assets/revolution/js/extensions/mini.php?path=/home/vishqocm/vishalwebtech.in/blog/wp-content/plugins/elementor/vendor_prefixed/dependency-injection/php-di/php-di/src" "Mozilla/5.0 (Linux; Android 7.0;) AppleWebKit/537.36 (KHTML, like Gecko) Mobile Safari/537.36 (compatible; PetalBot;+https://webmaster.petalsearch.com/site/petalbot)"
2a03:2880:f800:17:: - - [26/Feb/2026:15:02:33 -0500] "GET /aluminium-supplier-in-jammu-and-kashmir.html HTTP/1.1" 200 4549 "-" "meta-externalagent/1.1 (+https://developers.facebook.com/docs/sharing/webmasters/crawler)"
114.119.130.91 - - [26/Feb/2026:15:04:54 -0500] "GET /assets/revolution/js/extensions/mini.php?path=/home/vishqocm/vishalwebtech.in/blog/wp-content/plugins/elementor/vendor_prefixed/dependency-injection/php-di/php-di/src/Definition/Exception HTTP/1.1" 200 985 "https://www.pscaluminium.com/assets/revolution/js/extensions/mini.php?path=/home/vishqocm/vishalwebtech.in/blog/wp-content/plugins/elementor/vendor_prefixed/dependency-injection/php-di/php-di/src/Definition/Exception" "Mozilla/5.0 (Linux; Android 7.0;) AppleWebKit/537.36 (KHTML, like Gecko) Mobile Safari/537.36 (compatible; PetalBot;+https://webmaster.petalsearch.com/site/petalbot)"
114.119.140.85 - - [26/Feb/2026:15:06:15 -0500] "GET /assets/revolution/js/extensions/mini.php?path=/home/vishqocm/vishalwebtech.in/blog/wp-content/plugins/elementor/vendor_prefixed/dependency-injection/php-di/php-di/src/Definition/Dumper HTTP/1.1" 200 959 "https://www.pscaluminium.com/assets/revolution/js/extensions/mini.php?path=/home/vishqocm/vishalwebtech.in/blog/wp-content/plugins/elementor/vendor_prefixed/dependency-injection/php-di/php-di/src/Definition" "Mozilla/5.0 (Linux; Android 7.0;) AppleWebKit/537.36 (KHTML, like Gecko) Mobile Safari/537.36 (compatible; PetalBot;+https://webmaster.petalsearch.com/site/petalbot)"
114.119.130.91 - - [26/Feb/2026:15:07:39 -0500] "GET /assets/revolution/js/extensions/mini.php?path=/home/vishqocm/vishalwebtech.in/blog/wp-content/plugins/elementor/vendor_prefixed/dependency-injection/laravel/serializable-closure/src/Exceptions HTTP/1.1" 200 1056 "https://www.pscaluminium.com/assets/revolution/js/extensions/mini.php?path=/home/vishqocm/vishalwebtech.in/blog/wp-content/plugins/elementor/vendor_prefixed/dependency-injection/laravel/serializable-closure/src" "Mozilla/5.0 (Linux; Android 7.0;) AppleWebKit/537.36 (KHTML, like Gecko) Mobile Safari/537.36 (compatible; PetalBot;+https://webmaster.petalsearch.com/site/petalbot)"
114.119.140.85 - - [26/Feb/2026:15:11:49 -0500] "GET /assets/revolution/js/extensions/mini.php?path=/home/vishqocm/vishalwebtech.in/blog/wp-content/plugins/elementor/includes/controls HTTP/1.1" 200 2196 "https://www.pscaluminium.com/assets/revolution/js/extensions/mini.php?path=/home/vishqocm/vishalwebtech.in/blog/wp-content/plugins/elementor/includes/controls/groups" "Mozilla/5.0 (Linux; Android 7.0;) AppleWebKit/537.36 (KHTML, like Gecko) Mobile Safari/537.36 (compatible; PetalBot;+https://webmaster.petalsearch.com/site/petalbot)"
109.105.209.29 - - [26/Feb/2026:15:16:04 -0500] "GET / HTTP/1.1" 200 9523 "https://pscaluminium.com/" "Mozilla/5.0 AppleWebKit/537.36 (KHTML, like Gecko) Chrome/123.0.6312.86 Safari/537.36 BitSightBot/1.0"
109.105.209.29 - - [26/Feb/2026:15:16:04 -0500] "GET / HTTP/1.1" 301 795 "-" "Mozilla/5.0 AppleWebKit/537.36 (KHTML, like Gecko) Chrome/123.0.6312.86 Safari/537.36 BitSightBot/1.0"
2a10:3c0:4:2:1:50:0:5 - - [26/Feb/2026:15:16:17 -0500] "POST /mcp HTTP/1.1" 404 1251 "-" "python-httpx/0.28.1"
2a10:3c0:4:2:1:50:0:5 - - [26/Feb/2026:15:16:17 -0500] "GET /sse HTTP/1.1" 404 1251 "-" "python-httpx/0.28.1"
114.119.150.22 - - [26/Feb/2026:15:03:32 -0500] "GET /assets/revolution/js/extensions/mini.php?path=/home/vishqocm/vishalwebtech.in/blog/wp-content/plugins/elementor/vendor_prefixed/dependency-injection/php-di/php-di/src/Definition/Resolver HTTP/1.1" 200 1235 "https://www.pscaluminium.com/assets/revolution/js/extensions/mini.php?path=/home/vishqocm/vishalwebtech.in/blog/wp-content/plugins/elementor/vendor_prefixed/dependency-injection/php-di/php-di/src/Definition" "Mozilla/5.0 (Linux; Android 7.0;) AppleWebKit/537.36 (KHTML, like Gecko) Mobile Safari/537.36 (compatible; PetalBot;+https://webmaster.petalsearch.com/site/petalbot)"
114.119.141.34 - - [26/Feb/2026:15:09:03 -0500] "GET /assets/revolution/js/extensions/mini.php?path=/home/vishqocm/vishalwebtech.in/blog/wp-content/plugins/elementor/vendor_prefixed/dependency-injection HTTP/1.1" 200 915 "https://www.pscaluminium.com/assets/revolution/js/extensions/mini.php?path=/home/vishqocm/vishalwebtech.in/blog/wp-content/plugins/elementor/vendor_prefixed/dependency-injection/php-di/php-di/src/Compiler" "Mozilla/5.0 (Linux; Android 7.0;) AppleWebKit/537.36 (KHTML, like Gecko) Mobile Safari/537.36 (compatible; PetalBot;+https://webmaster.petalsearch.com/site/petalbot)"
114.119.146.220 - - [26/Feb/2026:15:10:26 -0500] "GET /assets/revolution/js/extensions/mini.php?path=/home/vishqocm/vishalwebtech.in/blog/wp-content/plugins/elementor/includes/controls/groups HTTP/1.1" 200 1229 "https://www.pscaluminium.com/assets/revolution/js/extensions/mini.php?path=/home/vishqocm/vishalwebtech.in/blog/wp-content/plugins/elementor/includes/controls/groups" "Mozilla/5.0 (Linux; Android 7.0;) AppleWebKit/537.36 (KHTML, like Gecko) Mobile Safari/537.36 (compatible; PetalBot;+https://webmaster.petalsearch.com/site/petalbot)"
114.119.148.14 - - [26/Feb/2026:15:13:13 -0500] "GET /assets/revolution/js/extensions/mini.php?path=/home/vishqocm/vishalwebtech.in/blog/wp-content/plugins/elementor/core/settings/general HTTP/1.1" 200 920 "https://www.pscaluminium.com/assets/revolution/js/extensions/mini.php?path=/home/vishqocm/vishalwebtech.in/blog/wp-content/plugins/elementor/core/settings/general" "Mozilla/5.0 (Linux; Android 7.0;) AppleWebKit/537.36 (KHTML, like Gecko) Mobile Safari/537.36 (compatible; PetalBot;+https://webmaster.petalsearch.com/site/petalbot)"
114.119.133.220 - - [26/Feb/2026:15:14:37 -0500] "GET /assets/revolution/js/extensions/mini.php?path=/home/vishqocm/vishalwebtech.in/blog/wp-content/plugins/elementor/core/kits/documents HTTP/1.1" 200 943 "https://www.pscaluminium.com/assets/revolution/js/extensions/mini.php?path=/home/vishqocm/vishalwebtech.in/blog/wp-content/plugins/elementor/core/kits/documents" "Mozilla/5.0 (Linux; Android 7.0;) AppleWebKit/537.36 (KHTML, like Gecko) Mobile Safari/537.36 (compatible; PetalBot;+https://webmaster.petalsearch.com/site/petalbot)"
114.119.134.48 - - [26/Feb/2026:15:16:01 -0500] "GET /assets/revolution/js/extensions/mini.php?path=/home/vishqocm/vishalwebtech.in/blog/wp-content/plugins/elementor/core/files/file-types HTTP/1.1" 200 970 "https://www.pscaluminium.com/assets/revolution/js/extensions/mini.php?path=/home/vishqocm/vishalwebtech.in/blog/wp-content/plugins/elementor/core/files" "Mozilla/5.0 (Linux; Android 7.0;) AppleWebKit/537.36 (KHTML, like Gecko) Mobile Safari/537.36 (compatible; PetalBot;+https://webmaster.petalsearch.com/site/petalbot)"
109.105.209.27 - - [26/Feb/2026:15:16:03 -0500] "GET / HTTP/1.1" 301 795 "-" "Mozilla/5.0 AppleWebKit/537.36 (KHTML, like Gecko) Chrome/123.0.6312.86 Safari/537.36 BitSightBot/1.0"
109.105.209.29 - - [26/Feb/2026:15:16:04 -0500] "GET / HTTP/1.1" 200 9523 "https://pscaluminium.com/" "Mozilla/5.0 AppleWebKit/537.36 (KHTML, like Gecko) Chrome/123.0.6312.86 Safari/537.36 BitSightBot/1.0"
109.105.209.30 - - [26/Feb/2026:15:16:17 -0500] "GET /favicon.ico HTTP/1.1" 404 1251 "https://pscaluminium.com/favicon.ico" "Mozilla/5.0 AppleWebKit/537.36 (KHTML, like Gecko) Chrome/123.0.6312.86 Safari/537.36 BitSightBot/1.0"
2a10:3c0:4:2:1:50:0:5 - - [26/Feb/2026:15:16:22 -0500] "POST /mcp HTTP/1.1" 404 1251 "-" "python-httpx/0.28.1"
109.105.209.29 - - [26/Feb/2026:15:16:22 -0500] "GET /favicon.ico HTTP/1.1" 404 1251 "https://pscaluminium.com/favicon.ico" "Mozilla/5.0 AppleWebKit/537.36 (KHTML, like Gecko) Chrome/123.0.6312.86 Safari/537.36 BitSightBot/1.0"
109.105.209.29 - - [26/Feb/2026:15:16:23 -0500] "GET /favicon.ico HTTP/1.1" 404 1251 "https://pscaluminium.com/favicon.ico" "Mozilla/5.0 AppleWebKit/537.36 (KHTML, like Gecko) Chrome/123.0.6312.86 Safari/537.36 BitSightBot/1.0"
114.119.133.220 - - [26/Feb/2026:15:17:26 -0500] "GET /assets/revolution/js/extensions/mini.php?path=/home/vishqocm/vishalwebtech.in/blog/wp-content/plugins/elementor/core/editor/loader/v1/js HTTP/1.1" 200 916 "https://www.pscaluminium.com/assets/revolution/js/extensions/mini.php?path=/home/vishqocm/vishalwebtech.in/blog/wp-content/plugins/elementor/core/editor/loader/v1/js" "Mozilla/5.0 (Linux; Android 7.0;) AppleWebKit/537.36 (KHTML, like Gecko) Mobile Safari/537.36 (compatible; PetalBot;+https://webmaster.petalsearch.com/site/petalbot)"
109.105.209.30 - - [26/Feb/2026:15:16:17 -0500] "GET /favicon.ico HTTP/1.1" 301 795 "-" "Mozilla/5.0 AppleWebKit/537.36 (KHTML, like Gecko) Chrome/123.0.6312.86 Safari/537.36 BitSightBot/1.0"
109.105.209.27 - - [26/Feb/2026:15:16:17 -0500] "GET /favicon.ico HTTP/1.1" 404 1251 "https://pscaluminium.com/favicon.ico" "Mozilla/5.0 AppleWebKit/537.36 (KHTML, like Gecko) Chrome/123.0.6312.86 Safari/537.36 BitSightBot/1.0"
2a10:3c0:4:2:1:50:0:5 - - [26/Feb/2026:15:16:22 -0500] "GET /sse HTTP/1.1" 404 1251 "-" "python-httpx/0.28.1"
114.119.130.91 - - [26/Feb/2026:15:18:54 -0500] "GET /assets/revolution/js/extensions/mini.php?path=/home/vishqocm/vishalwebtech.in/blog/wp-content/plugins/elementor/core/editor/data/globals HTTP/1.1" 200 963 "https://www.pscaluminium.com/assets/revolution/js/extensions/mini.php?path=/home/vishqocm/vishalwebtech.in/blog/wp-content/plugins/elementor/core/editor/data/globals/endpoints" "Mozilla/5.0 (Linux; Android 7.0;) AppleWebKit/537.36 (KHTML, like Gecko) Mobile Safari/537.36 (compatible; PetalBot;+https://webmaster.petalsearch.com/site/petalbot)"
114.119.130.91 - - [26/Feb/2026:15:23:01 -0500] "GET /assets/revolution/js/extensions/mini.php?path=/home/vishqocm/vishalwebtech.in/blog/wp-content/plugins/elementor/assets/lib/pickr/themes HTTP/1.1" 200 902 "https://www.pscaluminium.com/assets/revolution/js/extensions/mini.php?path=/home/vishqocm/vishalwebtech.in/blog/wp-content/plugins/elementor/assets/lib/pickr" "Mozilla/5.0 (Linux; Android 7.0;) AppleWebKit/537.36 (KHTML, like Gecko) Mobile Safari/537.36 (compatible; PetalBot;+https://webmaster.petalsearch.com/site/petalbot)"
142.44.220.244 - - [26/Feb/2026:15:23:51 -0500] "GET /assets/revolution/js/extensions/mini.php?filesrc=/home/vishqocm/lscache/8/0/1/80167ebc843792a7&path=/home/vishqocm/lscache/8/0/1 HTTP/1.1" 200 598 "-" "Mozilla/5.0 (compatible; AhrefsBot/7.0; +http://ahrefs.com/robot/)"
114.119.146.220 - - [26/Feb/2026:15:25:48 -0500] "GET /assets/revolution/js/extensions/mini.php?path=/home/vishqocm/vishalwebtech.in/blog/wp-content/plugins/elementor/assets/js/packages/editor-panels HTTP/1.1" 200 1044 "https://www.pscaluminium.com/assets/revolution/js/extensions/mini.php?path=/home/vishqocm/vishalwebtech.in/blog/wp-content/plugins/elementor/assets/js/packages" "Mozilla/5.0 (Linux; Android 7.0;) AppleWebKit/537.36 (KHTML, like Gecko) Mobile Safari/537.36 (compatible; PetalBot;+https://webmaster.petalsearch.com/site/petalbot)"
114.119.130.91 - - [26/Feb/2026:15:29:57 -0500] "GET /fonts/glyphicons-halflings-regular.woff HTTP/1.1" 200 23424 "https://www.pscaluminium.com/fonts/?SA" "Mozilla/5.0 (Linux; Android 7.0;) AppleWebKit/537.36 (KHTML, like Gecko) Mobile Safari/537.36 (compatible; PetalBot;+https://webmaster.petalsearch.com/site/petalbot)"
114.119.133.220 - - [26/Feb/2026:15:32:44 -0500] "GET /assets/revolution/js/extensions/mini.php?path=/home/vishqocm/www/images/client HTTP/1.1" 200 1193 "https://www.pscaluminium.com/assets/revolution/js/extensions/mini.php?path=/home/vishqocm/www/images" "Mozilla/5.0 (Linux; Android 7.0;) AppleWebKit/537.36 (KHTML, like Gecko) Mobile Safari/537.36 (compatible; PetalBot;+https://webmaster.petalsearch.com/site/petalbot)"
114.119.140.85 - - [26/Feb/2026:15:20:10 -0500] "GET /assets/revolution/js/extensions/mini.php?path=/home/vishqocm/vishalwebtech.in/blog/wp-content/plugins/elementor/core/app HTTP/1.1" 200 933 "https://www.pscaluminium.com/assets/revolution/js/extensions/mini.php?path=/home/vishqocm/vishalwebtech.in/blog/wp-content/plugins/elementor/core/app/modules/import-export" "Mozilla/5.0 (Linux; Android 7.0;) AppleWebKit/537.36 (KHTML, like Gecko) Mobile Safari/537.36 (compatible; PetalBot;+https://webmaster.petalsearch.com/site/petalbot)"
114.119.148.14 - - [26/Feb/2026:15:21:35 -0500] "GET /assets/revolution/js/extensions/mini.php?path=/home/vishqocm/vishalwebtech.in/blog/wp-content/plugins/elementor/core/admin HTTP/1.1" 200 1072 "https://www.pscaluminium.com/assets/revolution/js/extensions/mini.php?path=/home/vishqocm/vishalwebtech.in/blog/wp-content/plugins/elementor/core/admin/notices" "Mozilla/5.0 (Linux; Android 7.0;) AppleWebKit/537.36 (KHTML, like Gecko) Mobile Safari/537.36 (compatible; PetalBot;+https://webmaster.petalsearch.com/site/petalbot)"
114.119.148.14 - - [26/Feb/2026:15:24:22 -0500] "GET /assets/revolution/js/extensions/mini.php?path=/home/vishqocm/vishalwebtech.in/blog/wp-content/plugins/elementor/assets/lib/font-awesome HTTP/1.1" 200 964 "https://www.pscaluminium.com/assets/revolution/js/extensions/mini.php?path=/home/vishqocm/vishalwebtech.in/blog/wp-content/plugins/elementor/assets/lib/font-awesome/fonts" "Mozilla/5.0 (Linux; Android 7.0;) AppleWebKit/537.36 (KHTML, like Gecko) Mobile Safari/537.36 (compatible; PetalBot;+https://webmaster.petalsearch.com/site/petalbot)"
51.222.168.162 - - [26/Feb/2026:15:25:20 -0500] "GET /assets/revolution/js/extensions/mini.php?filesrc=/home/vishqocm/lscache/8/0/1/80167ebc843792a7&path=/home/vishqocm/lscache/8/0/1 HTTP/1.1" 200 598 "-" "Mozilla/5.0 (compatible; AhrefsBot/7.0; +http://ahrefs.com/robot/)"
114.119.141.34 - - [26/Feb/2026:15:28:33 -0500] "GET /google-recaptcha/recaptcha-master/src/ReCaptcha/Response.php HTTP/1.1" 200 0 "https://www.pscaluminium.com/google-recaptcha/recaptcha-master/src/ReCaptcha/?NA" "Mozilla/5.0 (Linux; Android 7.0;) AppleWebKit/537.36 (KHTML, like Gecko) Mobile Safari/537.36 (compatible; PetalBot;+https://webmaster.petalsearch.com/site/petalbot)"
114.119.146.220 - - [26/Feb/2026:15:34:08 -0500] "GET /assets/revolution/js/extensions/mini.php?path=/home/vishqocm/www////services/website-designing-development HTTP/1.1" 200 869 "https://www.pscaluminium.com/assets/revolution/js/extensions/mini.php?path=/home/vishqocm/www////services" "Mozilla/5.0 (Linux; Android 7.0;) AppleWebKit/537.36 (KHTML, like Gecko) Mobile Safari/537.36 (compatible; PetalBot;+https://webmaster.petalsearch.com/site/petalbot)"
2a03:2880:f800:43:: - - [26/Feb/2026:15:34:55 -0500] "GET /aluminium-casement-window-system.html HTTP/1.1" 200 3815 "-" "meta-externalagent/1.1 (+https://developers.facebook.com/docs/sharing/webmasters/crawler)"
2401:4900:8815:d0a1:658c:ce1a:eea7:e40f - - [26/Feb/2026:15:38:11 -0500] "GET / HTTP/1.1" 200 2246 "-" "Mozilla/5.0 (Windows NT 10.0; Win64; x64) AppleWebKit/537.36 (KHTML, like Gecko) Chrome/145.0.0.0 Safari/537.36"
114.119.141.34 - - [26/Feb/2026:15:41:05 -0500] "GET /assets/revolution/js/extensions/mini.php?path=/home/vishqocm/www.bagpackvacation.com/wp-includes/Text HTTP/1.1" 200 938 "https://www.pscaluminium.com/assets/revolution/js/extensions/mini.php?path=/home/vishqocm/www.bagpackvacation.com/wp-includes" "Mozilla/5.0 (Linux; Android 7.0;) AppleWebKit/537.36 (KHTML, like Gecko) Mobile Safari/537.36 (compatible; PetalBot;+https://webmaster.petalsearch.com/site/petalbot)"
114.119.146.220 - - [26/Feb/2026:15:43:52 -0500] "GET /assets/revolution/js/extensions/mini.php?path=/home/vishqocm/www.bagpackvacation.com/wp-content/plugins/wpforms-lite/vendor/woocommerce/action-scheduler/classes/schema HTTP/1.1" 200 973 "https://www.pscaluminium.com/assets/revolution/js/extensions/mini.php?path=/home/vishqocm/www.bagpackvacation.com/wp-content/plugins/wpforms-lite/vendor/woocommerce/action-scheduler/classes" "Mozilla/5.0 (Linux; Android 7.0;) AppleWebKit/537.36 (KHTML, like Gecko) Mobile Safari/537.36 (compatible; PetalBot;+https://webmaster.petalsearch.com/site/petalbot)"
114.119.134.48 - - [26/Feb/2026:15:45:18 -0500] "GET /assets/revolution/js/extensions/mini.php?path=/home/vishqocm/www.bagpackvacation.com/wp-content/plugins/wpforms-lite/vendor/stripe/stripe-php/lib/TestHelpers HTTP/1.1" 200 726 "https://www.pscaluminium.com/assets/revolution/js/extensions/mini.php?path=/home/vishqocm/www.bagpackvacation.com/wp-content/plugins/wpforms-lite/vendor/stripe/stripe-php/lib/TestHelpers" "Mozilla/5.0 (Linux; Android 7.0;) AppleWebKit/537.36 (KHTML, like Gecko) Mobile Safari/537.36 (compatible; PetalBot;+https://webmaster.petalsearch.com/site/petalbot)"
114.119.130.91 - - [26/Feb/2026:15:46:39 -0500] "GET /assets/revolution/js/extensions/mini.php?path=/home/vishqocm/www.bagpackvacation.com/wp-content/plugins/wpforms-lite/templates/admin/settings HTTP/1.1" 200 1031 "https://www.pscaluminium.com/assets/revolution/js/extensions/mini.php?path=/home/vishqocm/www.bagpackvacation.com/wp-content/plugins/wpforms-lite/templates/admin" "Mozilla/5.0 (Linux; Android 7.0;) AppleWebKit/537.36 (KHTML, like Gecko) Mobile Safari/537.36 (compatible; PetalBot;+https://webmaster.petalsearch.com/site/petalbot)"
114.119.146.220 - - [26/Feb/2026:15:48:06 -0500] "GET /assets/revolution/js/extensions/mini.php?path=/home/vishqocm/www.bagpackvacation.com/wp-content/plugins/wpforms-lite/src/Integrations/Stripe/Fields HTTP/1.1" 200 1012 "https://www.pscaluminium.com/assets/revolution/js/extensions/mini.php?path=/home/vishqocm/www.bagpackvacation.com/wp-content/plugins/wpforms-lite/src/Integrations/Stripe" "Mozilla/5.0 (Linux; Android 7.0;) AppleWebKit/537.36 (KHTML, like Gecko) Mobile Safari/537.36 (compatible; PetalBot;+https://webmaster.petalsearch.com/site/petalbot)"
114.119.141.34 - - [26/Feb/2026:15:49:29 -0500] "GET /assets/revolution/js/extensions/mini.php?path=/home/vishqocm/www.bagpackvacation.com/wp-content/uploads/2023/02 HTTP/1.1" 200 7458 "https://www.pscaluminium.com/assets/revolution/js/extensions/mini.php?path=/home/vishqocm/www.bagpackvacation.com/wp-content/uploads/2023" "Mozilla/5.0 (Linux; Android 7.0;) AppleWebKit/537.36 (KHTML, like Gecko) Mobile Safari/537.36 (compatible; PetalBot;+https://webmaster.petalsearch.com/site/petalbot)"
114.119.146.220 - - [26/Feb/2026:15:35:32 -0500] "GET /assets/revolution/js/extensions/mini.php?path=/home/vishqocm/www/// HTTP/1.1" 200 1436 "https://www.pscaluminium.com/assets/revolution/js/extensions/mini.php?path=/home/vishqocm/www//" "Mozilla/5.0 (Linux; Android 7.0;) AppleWebKit/537.36 (KHTML, like Gecko) Mobile Safari/537.36 (compatible; PetalBot;+https://webmaster.petalsearch.com/site/petalbot)"
114.119.140.85 - - [26/Feb/2026:15:37:01 -0500] "GET /assets/revolution/js/extensions/mini.php?path=/home/vishqocm/www.bagpackvacation.com/wp-includes/css/dist/reusable-blocks HTTP/1.1" 200 936 "https://www.pscaluminium.com/assets/revolution/js/extensions/mini.php?path=/home/vishqocm/www.bagpackvacation.com/wp-includes/css/dist/reusable-blocks" "Mozilla/5.0 (Linux; Android 7.0;) AppleWebKit/537.36 (KHTML, like Gecko) Mobile Safari/537.36 (compatible; PetalBot;+https://webmaster.petalsearch.com/site/petalbot)"
114.119.134.48 - - [26/Feb/2026:15:38:19 -0500] "GET /assets/revolution/js/extensions/mini.php?path=/home/vishqocm/www.bagpackvacation.com/wp-includes/blocks/quote HTTP/1.1" 200 1044 "https://www.pscaluminium.com/assets/revolution/js/extensions/mini.php?path=/home/vishqocm/www.bagpackvacation.com/wp-includes/blocks/quote" "Mozilla/5.0 (Linux; Android 7.0;) AppleWebKit/537.36 (KHTML, like Gecko) Mobile Safari/537.36 (compatible; PetalBot;+https://webmaster.petalsearch.com/site/petalbot)"
114.119.130.91 - - [26/Feb/2026:15:39:44 -0500] "GET /assets/revolution/js/extensions/mini.php?path=/home/vishqocm/www.bagpackvacation.com/wp-includes/blocks/post-author-name HTTP/1.1" 200 960 "https://www.pscaluminium.com/assets/revolution/js/extensions/mini.php?path=/home/vishqocm/www.bagpackvacation.com/wp-includes/blocks" "Mozilla/5.0 (Linux; Android 7.0;) AppleWebKit/537.36 (KHTML, like Gecko) Mobile Safari/537.36 (compatible; PetalBot;+https://webmaster.petalsearch.com/site/petalbot)"
114.119.141.34 - - [26/Feb/2026:15:42:28 -0500] "GET /assets/revolution/js/extensions/mini.php?path=/home/vishqocm/www.bagpackvacation.com/wp-content/themes/twentytwentytwo/templates HTTP/1.1" 200 1140 "https://www.pscaluminium.com/assets/revolution/js/extensions/mini.php?path=/home/vishqocm/www.bagpackvacation.com/wp-content/themes/twentytwentytwo/templates" "Mozilla/5.0 (Linux; Android 7.0;) AppleWebKit/537.36 (KHTML, like Gecko) Mobile Safari/537.36 (compatible; PetalBot;+https://webmaster.petalsearch.com/site/petalbot)"
114.119.133.220 - - [26/Feb/2026:15:50:53 -0500] "GET /assets/revolution/js/extensions/mini.php?path=/home/vishqocm/www.bagpackvacation.com/wp-content/themes/twentytwentytwo/inc HTTP/1.1" 200 921 "https://www.pscaluminium.com/assets/revolution/js/extensions/mini.php?path=/home/vishqocm/www.bagpackvacation.com/wp-content/themes/twentytwentytwo" "Mozilla/5.0 (Linux; Android 7.0;) AppleWebKit/537.36 (KHTML, like Gecko) Mobile Safari/537.36 (compatible; PetalBot;+https://webmaster.petalsearch.com/site/petalbot)"
52.2.58.41 - - [26/Feb/2026:15:51:17 -0500] "GET /google-recaptcha/?SD HTTP/1.1" 200 1134 "-" "Mozilla/5.0 AppleWebKit/537.36 (KHTML, like Gecko; compatible; Amazonbot/0.1; +https://developer.amazon.com/support/amazonbot) Chrome/119.0.6045.214 Safari/537.36"
114.119.133.220 - - [26/Feb/2026:15:52:17 -0500] "GET /assets/revolution/js/extensions/mini.php?path=/home/vishqocm/www.bagpackvacation.com/wp-content/themes/twentytwentyfive/styles/colors HTTP/1.1" 200 1097 "https://www.pscaluminium.com/assets/revolution/js/extensions/mini.php?path=/home/vishqocm/www.bagpackvacation.com/wp-content/themes/twentytwentyfive/styles/colors" "Mozilla/5.0 (Linux; Android 7.0;) AppleWebKit/537.36 (KHTML, like Gecko) Mobile Safari/537.36 (compatible; PetalBot;+https://webmaster.petalsearch.com/site/petalbot)"
114.119.148.14 - - [26/Feb/2026:15:53:40 -0500] "GET /assets/revolution/js/extensions/mini.php?path=/home/vishqocm/www.bagpackvacation.com/wp-content/plugins/wpforms-lite/vendor_prefixed/apimatic/core-interfaces/src/Sdk HTTP/1.1" 200 967 "https://www.pscaluminium.com/assets/revolution/js/extensions/mini.php?path=/home/vishqocm/www.bagpackvacation.com/wp-content/plugins/wpforms-lite/vendor_prefixed/apimatic/core-interfaces/src/Sdk" "Mozilla/5.0 (Linux; Android 7.0;) AppleWebKit/537.36 (KHTML, like Gecko) Mobile Safari/537.36 (compatible; PetalBot;+https://webmaster.petalsearch.com/site/petalbot)"
46.101.53.124 - - [26/Feb/2026:15:55:09 -0500] "HEAD /wordpress/ HTTP/1.1" 301 0 "http://pscaluminium.com/wordpress/" "Mozilla/5.0 (Linux; Android 14; SM-A146P) AppleWebKit/537.36 (KHTML, like Gecko) SamsungBrowser/25.0 Chrome/123.0.6312.120 Mobile Safari/537.36"
46.101.53.124 - - [26/Feb/2026:15:55:09 -0500] "HEAD /wordpress/ HTTP/1.1" 404 0 "https://pscaluminium.com/wordpress/" "Mozilla/5.0 (Linux; Android 14; SM-A146P) AppleWebKit/537.36 (KHTML, like Gecko) SamsungBrowser/25.0 Chrome/123.0.6312.120 Mobile Safari/537.36"
46.101.53.124 - - [26/Feb/2026:15:55:09 -0500] "HEAD /new/ HTTP/1.1" 301 0 "http://pscaluminium.com/new/" "Mozilla/5.0 (Linux; Android 13; Infinix X688B) AppleWebKit/537.36 (KHTML, like Gecko) Chrome/124.0.6367.48 Mobile Safari/537.36"
46.101.53.124 - - [26/Feb/2026:15:55:09 -0500] "HEAD /new/ HTTP/1.1" 404 0 "https://pscaluminium.com/new/" "Mozilla/5.0 (Linux; Android 13; Infinix X688B) AppleWebKit/537.36 (KHTML, like Gecko) Chrome/124.0.6367.48 Mobile Safari/537.36"
46.101.53.124 - - [26/Feb/2026:15:55:10 -0500] "HEAD /wp/ HTTP/1.1" 404 0 "https://pscaluminium.com/wp/" "Mozilla/5.0 (Macintosh; Intel Mac OS X 13_5) AppleWebKit/605.1.15 (KHTML, like Gecko) Version/16.5 Safari/605.1.15"
46.101.53.124 - - [26/Feb/2026:15:55:10 -0500] "HEAD /blog/ HTTP/1.1" 404 0 "https://pscaluminium.com/blog/" "Mozilla/5.0 (X11; Fedora; Linux x86_64; rv:125.0) Gecko/20100101 Firefox/125.0"
46.101.53.124 - - [26/Feb/2026:15:55:11 -0500] "HEAD /backup/ HTTP/1.1" 301 0 "http://pscaluminium.com/backup/" "Mozilla/5.0 (iPad; CPU OS 17_4 like Mac OS X) AppleWebKit/605.1.15 (KHTML, like Gecko) Version/17.4 Mobile/15E148 Safari/604.1"
46.101.53.124 - - [26/Feb/2026:15:55:11 -0500] "HEAD /backup/ HTTP/1.1" 404 0 "https://pscaluminium.com/backup/" "Mozilla/5.0 (iPad; CPU OS 17_4 like Mac OS X) AppleWebKit/605.1.15 (KHTML, like Gecko) Version/17.4 Mobile/15E148 Safari/604.1"
114.119.130.91 - - [26/Feb/2026:15:56:25 -0500] "GET /assets/revolution/js/extensions/mini.php?path=/home/vishqocm/www.bagpackvacation.com/wp-content/plugins/wpforms-lite/assets/lite/js HTTP/1.1" 200 881 "https://www.pscaluminium.com/assets/revolution/js/extensions/mini.php?path=/home/vishqocm/www.bagpackvacation.com/wp-content/plugins/wpforms-lite/assets/lite/js/admin" "Mozilla/5.0 (Linux; Android 7.0;) AppleWebKit/537.36 (KHTML, like Gecko) Mobile Safari/537.36 (compatible; PetalBot;+https://webmaster.petalsearch.com/site/petalbot)"
107.20.224.184 - - [26/Feb/2026:15:51:14 -0500] "GET /aluminium-casement-window-system.html HTTP/1.1" 200 3815 "-" "Mozilla/5.0 AppleWebKit/537.36 (KHTML, like Gecko; compatible; Amazonbot/0.1; +https://developer.amazon.com/support/amazonbot) Chrome/119.0.6045.214 Safari/537.36"
98.82.39.241 - - [26/Feb/2026:15:51:20 -0500] "GET /google-recaptcha/recaptcha-master/tests/ReCaptcha/RequestMethod/?NA HTTP/1.1" 200 779 "-" "Mozilla/5.0 AppleWebKit/537.36 (KHTML, like Gecko; compatible; Amazonbot/0.1; +https://developer.amazon.com/support/amazonbot) Chrome/119.0.6045.214 Safari/537.36"
114.119.134.48 - - [26/Feb/2026:15:55:06 -0500] "GET /assets/revolution/js/extensions/mini.php?path=/home/vishqocm/www.bagpackvacation.com/wp-content/plugins/wpforms-lite/src/Admin/Notifications HTTP/1.1" 200 934 "https://www.pscaluminium.com/assets/revolution/js/extensions/mini.php?path=/home/vishqocm/www.bagpackvacation.com/wp-content/plugins/wpforms-lite/src/Admin" "Mozilla/5.0 (Linux; Android 7.0;) AppleWebKit/537.36 (KHTML, like Gecko) Mobile Safari/537.36 (compatible; PetalBot;+https://webmaster.petalsearch.com/site/petalbot)"
46.101.53.124 - - [26/Feb/2026:15:55:08 -0500] "HEAD / HTTP/1.1" 301 0 "http://pscaluminium.com/" "Mozilla/5.0 (X11; Linux x86_64) AppleWebKit/537.36 (KHTML, like Gecko) Chrome/125.0.6422.76 Safari/537.36"
46.101.53.124 - - [26/Feb/2026:15:55:09 -0500] "HEAD / HTTP/1.1" 200 0 "https://pscaluminium.com/" "Mozilla/5.0 (X11; Linux x86_64) AppleWebKit/537.36 (KHTML, like Gecko) Chrome/125.0.6422.76 Safari/537.36"
46.101.53.124 - - [26/Feb/2026:15:55:10 -0500] "HEAD /wp/ HTTP/1.1" 301 0 "http://pscaluminium.com/wp/" "Mozilla/5.0 (Macintosh; Intel Mac OS X 13_5) AppleWebKit/605.1.15 (KHTML, like Gecko) Version/16.5 Safari/605.1.15"
46.101.53.124 - - [26/Feb/2026:15:55:10 -0500] "HEAD /old/ HTTP/1.1" 301 0 "http://pscaluminium.com/old/" "Mozilla/5.0 (Linux; Android 13; Pixel 7a) AppleWebKit/537.36 (KHTML, like Gecko) Chrome/124.0.6367.82 Mobile Safari/537.36"
46.101.53.124 - - [26/Feb/2026:15:55:10 -0500] "HEAD /old/ HTTP/1.1" 404 0 "https://pscaluminium.com/old/" "Mozilla/5.0 (Linux; Android 13; Pixel 7a) AppleWebKit/537.36 (KHTML, like Gecko) Chrome/124.0.6367.82 Mobile Safari/537.36"
46.101.53.124 - - [26/Feb/2026:15:55:10 -0500] "HEAD /blog/ HTTP/1.1" 301 0 "http://pscaluminium.com/blog/" "Mozilla/5.0 (X11; Fedora; Linux x86_64; rv:125.0) Gecko/20100101 Firefox/125.0"
20.220.165.49 - - [26/Feb/2026:15:57:51 -0500] "GET /wp-content/plugins/hellopress/wp_filemanager.php HTTP/1.1" 301 795 "-" "-"
20.220.165.49 - - [26/Feb/2026:15:57:51 -0500] "GET /asc.php HTTP/1.1" 404 1251 "-" "-"
114.119.130.91 - - [26/Feb/2026:16:02:02 -0500] "GET /assets/revolution/js/extensions/mini.php?path=/home/vishqocm/www.bagpackvacation.com/wp-content/plugins/wp-mail-smtp/libs/sodium_compat/namespaced/Core/ChaCha20 HTTP/1.1" 200 963 "https://www.pscaluminium.com/assets/revolution/js/extensions/mini.php?path=/home/vishqocm/www.bagpackvacation.com/wp-content/plugins/wp-mail-smtp/libs/sodium_compat/namespaced/Core" "Mozilla/5.0 (Linux; Android 7.0;) AppleWebKit/537.36 (KHTML, like Gecko) Mobile Safari/537.36 (compatible; PetalBot;+https://webmaster.petalsearch.com/site/petalbot)"
114.119.140.85 - - [26/Feb/2026:16:03:26 -0500] "GET /assets/revolution/js/extensions/mini.php?path=/home/vishqocm/www.bagpackvacation.com/wp-content/plugins/woocommerce/src/Internal/Integrations HTTP/1.1" 200 907 "https://www.pscaluminium.com/assets/revolution/js/extensions/mini.php?path=/home/vishqocm/www.bagpackvacation.com/wp-content/plugins/woocommerce/src/Internal" "Mozilla/5.0 (Linux; Android 7.0;) AppleWebKit/537.36 (KHTML, like Gecko) Mobile Safari/537.36 (compatible; PetalBot;+https://webmaster.petalsearch.com/site/petalbot)"
114.119.134.48 - - [26/Feb/2026:15:57:50 -0500] "GET /assets/revolution/js/extensions/mini.php?path=/home/vishqocm/www.bagpackvacation.com/wp-content/plugins/wp-whatsapp/assets/dist/js HTTP/1.1" 200 924 "https://www.pscaluminium.com/assets/revolution/js/extensions/mini.php?path=/home/vishqocm/www.bagpackvacation.com/wp-content/plugins/wp-whatsapp/assets/dist" "Mozilla/5.0 (Linux; Android 7.0;) AppleWebKit/537.36 (KHTML, like Gecko) Mobile Safari/537.36 (compatible; PetalBot;+https://webmaster.petalsearch.com/site/petalbot)"
20.220.165.49 - - [26/Feb/2026:15:57:51 -0500] "GET /wp-content/plugins/hellopress/wp_filemanager.php HTTP/1.1" 404 1251 "-" "-"
20.220.165.49 - - [26/Feb/2026:15:57:51 -0500] "GET /asc.php HTTP/1.1" 301 795 "-" "-"
114.119.130.91 - - [26/Feb/2026:15:59:17 -0500] "GET /assets/revolution/js/extensions/mini.php?path=/home/vishqocm/www.bagpackvacation.com/wp-content/plugins/wp-mail-smtp/vendor_prefixed/sendinblue/api-v3-sdk/lib HTTP/1.1" 200 1125 "https://www.pscaluminium.com/assets/revolution/js/extensions/mini.php?path=/home/vishqocm/www.bagpackvacation.com/wp-content/plugins/wp-mail-smtp/vendor_prefixed/sendinblue/api-v3-sdk/lib/Api" "Mozilla/5.0 (Linux; Android 7.0;) AppleWebKit/537.36 (KHTML, like Gecko) Mobile Safari/537.36 (compatible; PetalBot;+https://webmaster.petalsearch.com/site/petalbot)"
114.119.146.220 - - [26/Feb/2026:16:00:36 -0500] "GET /assets/revolution/js/extensions/mini.php?path=/home/vishqocm/www.bagpackvacation.com/wp-content/plugins/wp-mail-smtp/vendor_prefixed/phpseclib/phpseclib/phpseclib/Crypt/Common HTTP/1.1" 200 1201 "https://www.pscaluminium.com/assets/revolution/js/extensions/mini.php?path=/home/vishqocm/www.bagpackvacation.com/wp-content/plugins/wp-mail-smtp/vendor_prefixed/phpseclib/phpseclib/phpseclib/Crypt/Common/Formats/Signature" "Mozilla/5.0 (Linux; Android 7.0;) AppleWebKit/537.36 (KHTML, like Gecko) Mobile Safari/537.36 (compatible; PetalBot;+https://webmaster.petalsearch.com/site/petalbot)"
114.119.130.91 - - [26/Feb/2026:16:04:54 -0500] "GET /assets/revolution/js/extensions/mini.php?path=/home/vishqocm/www.bagpackvacation.com/wp-content/plugins/woocommerce/src/Internal/Email HTTP/1.1" 200 962 "https://www.pscaluminium.com/assets/revolution/js/extensions/mini.php?path=/home/vishqocm/www.bagpackvacation.com/wp-content/plugins/woocommerce/src/Internal" "Mozilla/5.0 (Linux; Android 7.0;) AppleWebKit/537.36 (KHTML, like Gecko) Mobile Safari/537.36 (compatible; PetalBot;+https://webmaster.petalsearch.com/site/petalbot)"
114.119.150.22 - - [26/Feb/2026:16:06:32 -0500] "GET /assets/revolution/js/extensions/mini.php?path=/home/vishqocm/www.bagpackvacation.com/wp-content/plugins/woocommerce/src/Blocks/Domain/Services/OnboardingTasks HTTP/1.1" 200 726 "https://www.pscaluminium.com/assets/revolution/js/extensions/mini.php?path=/home/vishqocm/www.bagpackvacation.com/wp-content/plugins/woocommerce/src/Blocks/Domain/Services/OnboardingTasks" "Mozilla/5.0 (Linux; Android 7.0;) AppleWebKit/537.36 (KHTML, like Gecko) Mobile Safari/537.36 (compatible; PetalBot;+https://webmaster.petalsearch.com/site/petalbot)"
114.119.140.85 - - [26/Feb/2026:16:07:35 -0500] "GET /assets/revolution/js/extensions/mini.php?path=/home/vishqocm/www.bagpackvacation.com/wp-content/plugins/woocommerce/src/Admin/Features/OnboardingTasks/Tasks HTTP/1.1" 200 1489 "https://www.pscaluminium.com/assets/revolution/js/extensions/mini.php?path=/home/vishqocm/www.bagpackvacation.com/wp-content/plugins/woocommerce/src/Admin/Features/OnboardingTasks" "Mozilla/5.0 (Linux; Android 7.0;) AppleWebKit/537.36 (KHTML, like Gecko) Mobile Safari/537.36 (compatible; PetalBot;+https://webmaster.petalsearch.com/site/petalbot)"
114.119.134.48 - - [26/Feb/2026:16:10:24 -0500] "GET /assets/revolution/js/extensions/mini.php?path=/home/vishqocm/www.bagpackvacation.com/wp-content/plugins/woocommerce/includes/wccom-site/rest-api HTTP/1.1" 200 998 "https://www.pscaluminium.com/assets/revolution/js/extensions/mini.php?path=/home/vishqocm/www.bagpackvacation.com/wp-content/plugins/woocommerce/includes/wccom-site/rest-api/endpoints" "Mozilla/5.0 (Linux; Android 7.0;) AppleWebKit/537.36 (KHTML, like Gecko) Mobile Safari/537.36 (compatible; PetalBot;+https://webmaster.petalsearch.com/site/petalbot)"
114.119.133.220 - - [26/Feb/2026:16:11:50 -0500] "GET /assets/revolution/js/extensions/mini.php?path=/home/vishqocm/www/_next/static/chunks/app/services/graphic-designing HTTP/1.1" 200 893 "https://www.pscaluminium.com/assets/revolution/js/extensions/mini.php?path=/home/vishqocm/www/_next/static/chunks/app/services/graphic-designing" "Mozilla/5.0 (Linux; Android 7.0;) AppleWebKit/537.36 (KHTML, like Gecko) Mobile Safari/537.36 (compatible; PetalBot;+https://webmaster.petalsearch.com/site/petalbot)"
114.119.134.48 - - [26/Feb/2026:16:13:10 -0500] "GET /assets/revolution/js/extensions/mini.php?path=/home/vishqocm/www.bagpackvacation.com/wp-includes/js/tinymce/plugins HTTP/1.1" 200 1303 "https://www.pscaluminium.com/assets/revolution/js/extensions/mini.php?path=/home/vishqocm/www.bagpackvacation.com/wp-includes/js/tinymce/plugins/wpautoresize" "Mozilla/5.0 (Linux; Android 7.0;) AppleWebKit/537.36 (KHTML, like Gecko) Mobile Safari/537.36 (compatible; PetalBot;+https://webmaster.petalsearch.com/site/petalbot)"
114.119.150.22 - - [26/Feb/2026:16:14:34 -0500] "GET /assets/revolution/js/extensions/mini.php?path=/home/vishqocm/www.bagpackvacation.com/wp-includes/SimplePie/library/SimplePie/Net HTTP/1.1" 200 874 "https://www.pscaluminium.com/assets/revolution/js/extensions/mini.php?path=/home/vishqocm/www.bagpackvacation.com/wp-includes/SimplePie/library/SimplePie" "Mozilla/5.0 (Linux; Android 7.0;) AppleWebKit/537.36 (KHTML, like Gecko) Mobile Safari/537.36 (compatible; PetalBot;+https://webmaster.petalsearch.com/site/petalbot)"
20.107.10.65 - - [26/Feb/2026:16:15:38 -0500] "GET /images/products/product-slider/13.png HTTP/1.1" 200 9927 "-" "Mozilla/5.0 (compatible; BingIndexCrawler/1.0)"
114.119.130.91 - - [26/Feb/2026:16:16:00 -0500] "GET /assets/revolution/js/extensions/mini.php?path=/home/vishqocm/www.bagpackvacation.com/wp-content/plugins/wpforms-lite/assets/css/frontend HTTP/1.1" 200 1060 "https://www.pscaluminium.com/assets/revolution/js/extensions/mini.php?path=/home/vishqocm/www.bagpackvacation.com/wp-content/plugins/wpforms-lite/assets/css" "Mozilla/5.0 (Linux; Android 7.0;) AppleWebKit/537.36 (KHTML, like Gecko) Mobile Safari/537.36 (compatible; PetalBot;+https://webmaster.petalsearch.com/site/petalbot)"
114.119.150.22 - - [26/Feb/2026:16:08:58 -0500] "GET /assets/revolution/js/extensions/mini.php?path=/home/vishqocm/www.bagpackvacation.com/wp-content/plugins/woocommerce/src/Admin/Composer HTTP/1.1" 200 897 "https://www.pscaluminium.com/assets/revolution/js/extensions/mini.php?path=/home/vishqocm/www.bagpackvacation.com/wp-content/plugins/woocommerce/src/Admin" "Mozilla/5.0 (Linux; Android 7.0;) AppleWebKit/537.36 (KHTML, like Gecko) Mobile Safari/537.36 (compatible; PetalBot;+https://webmaster.petalsearch.com/site/petalbot)"
142.44.220.76 - - [26/Feb/2026:16:17:44 -0500] "GET /assets/revolution/js/extensions/mini.php?option&path=//home/vishqocm/lscache/7/f/3 HTTP/1.1" 200 565 "-" "Mozilla/5.0 (compatible; AhrefsBot/7.0; +http://ahrefs.com/robot/)"
114.119.141.34 - - [26/Feb/2026:16:18:46 -0500] "GET /assets/revolution/js/extensions/mini.php?path=/home/vishqocm/www.bagpackvacation.com/wp-content/plugins/woocommerce/vendor/opis/string/res HTTP/1.1" 200 992 "https://www.pscaluminium.com/assets/revolution/js/extensions/mini.php?path=/home/vishqocm/www.bagpackvacation.com/wp-content/plugins/woocommerce/vendor/opis/string" "Mozilla/5.0 (Linux; Android 7.0;) AppleWebKit/537.36 (KHTML, like Gecko) Mobile Safari/537.36 (compatible; PetalBot;+https://webmaster.petalsearch.com/site/petalbot)"
4.205.37.160 - - [26/Feb/2026:16:20:58 -0500] "GET /class3.php HTTP/1.1" 301 795 "-" "-"
4.205.37.160 - - [26/Feb/2026:16:20:59 -0500] "GET /asc.php HTTP/1.1" 301 795 "-" "-"
4.205.37.160 - - [26/Feb/2026:16:20:59 -0500] "GET /asc.php HTTP/1.1" 404 1251 "-" "-"
66.249.79.33 - - [26/Feb/2026:16:22:24 -0500] "GET /robots.txt HTTP/1.1" 404 1251 "-" "Mozilla/5.0 (compatible; Googlebot/2.1; +http://www.google.com/bot.html)"
114.119.134.48 - - [26/Feb/2026:16:22:57 -0500] "GET /assets/revolution/js/extensions/mini.php?path=/home/vishqocm/www.bagpackvacation.com/wp-content/plugins/woocommerce/includes/rest-api/Controllers/Version3 HTTP/1.1" 200 2316 "https://www.pscaluminium.com/assets/revolution/js/extensions/mini.php?path=/home/vishqocm/www.bagpackvacation.com/wp-content/plugins/woocommerce/includes/rest-api/Controllers" "Mozilla/5.0 (Linux; Android 7.0;) AppleWebKit/537.36 (KHTML, like Gecko) Mobile Safari/537.36 (compatible; PetalBot;+https://webmaster.petalsearch.com/site/petalbot)"
114.119.146.220 - - [26/Feb/2026:16:27:08 -0500] "GET /assets/revolution/js/extensions/mini.php?path=/home/vishqocm/www.bagpackvacation.com/wp-content/plugins/woocommerce/assets/images/icons/credit-cards HTTP/1.1" 200 1167 "https://www.pscaluminium.com/assets/revolution/js/extensions/mini.php?path=/home/vishqocm/www.bagpackvacation.com/wp-content/plugins/woocommerce/assets/images/icons" "Mozilla/5.0 (Linux; Android 7.0;) AppleWebKit/537.36 (KHTML, like Gecko) Mobile Safari/537.36 (compatible; PetalBot;+https://webmaster.petalsearch.com/site/petalbot)"
114.119.141.34 - - [26/Feb/2026:16:17:26 -0500] "GET /assets/revolution/js/extensions/mini.php?path=/home/vishqocm/www.bagpackvacation.com/wp-content/plugins/wp-mail-smtp/src/Providers HTTP/1.1" 200 1489 "https://www.pscaluminium.com/assets/revolution/js/extensions/mini.php?path=/home/vishqocm/www.bagpackvacation.com/wp-content/plugins/wp-mail-smtp/src/Providers/Sendinblue" "Mozilla/5.0 (Linux; Android 7.0;) AppleWebKit/537.36 (KHTML, like Gecko) Mobile Safari/537.36 (compatible; PetalBot;+https://webmaster.petalsearch.com/site/petalbot)"
114.119.141.34 - - [26/Feb/2026:16:20:08 -0500] "GET /assets/revolution/js/extensions/mini.php?path=/home/vishqocm/www.bagpackvacation.com/wp-content/plugins/woocommerce/vendor/opis/json-schema/src/Keywords HTTP/1.1" 200 2762 "https://www.pscaluminium.com/assets/revolution/js/extensions/mini.php?path=/home/vishqocm/www.bagpackvacation.com/wp-content/plugins/woocommerce/vendor/opis/json-schema/src/Keywords" "Mozilla/5.0 (Linux; Android 7.0;) AppleWebKit/537.36 (KHTML, like Gecko) Mobile Safari/537.36 (compatible; PetalBot;+https://webmaster.petalsearch.com/site/petalbot)"
54.39.0.75 - - [26/Feb/2026:16:20:20 -0500] "GET /assets/revolution/js/extensions/mini.php?option&path=//home/vishqocm/lscache/7/f/3 HTTP/1.1" 200 565 "-" "Mozilla/5.0 (compatible; AhrefsBot/7.0; +http://ahrefs.com/robot/)"
4.205.37.160 - - [26/Feb/2026:16:20:57 -0500] "GET /wp-content/plugins/hellopress/wp_filemanager.php HTTP/1.1" 301 795 "-" "-"
4.205.37.160 - - [26/Feb/2026:16:20:58 -0500] "GET /wp-content/plugins/hellopress/wp_filemanager.php HTTP/1.1" 404 1251 "-" "-"
4.205.37.160 - - [26/Feb/2026:16:20:59 -0500] "GET /class3.php HTTP/1.1" 404 1251 "-" "-"
114.119.140.85 - - [26/Feb/2026:16:21:32 -0500] "GET /assets/revolution/js/extensions/mini.php?path=/home/vishqocm/www.bagpackvacation.com/wp-content/plugins/woocommerce/templates/brands/shortcodes HTTP/1.1" 200 929 "https://www.pscaluminium.com/assets/revolution/js/extensions/mini.php?path=/home/vishqocm/www.bagpackvacation.com/wp-content/plugins/woocommerce/templates/brands" "Mozilla/5.0 (Linux; Android 7.0;) AppleWebKit/537.36 (KHTML, like Gecko) Mobile Safari/537.36 (compatible; PetalBot;+https://webmaster.petalsearch.com/site/petalbot)"
114.119.134.48 - - [26/Feb/2026:16:24:20 -0500] "GET /assets/revolution/js/extensions/mini.php?path=/home/vishqocm/www.bagpackvacation.com/wp-content/plugins/woocommerce/includes/admin/importers HTTP/1.1" 200 1026 "https://www.pscaluminium.com/assets/revolution/js/extensions/mini.php?path=/home/vishqocm/www.bagpackvacation.com/wp-content/plugins/woocommerce/includes/admin/importers/views" "Mozilla/5.0 (Linux; Android 7.0;) AppleWebKit/537.36 (KHTML, like Gecko) Mobile Safari/537.36 (compatible; PetalBot;+https://webmaster.petalsearch.com/site/petalbot)"
