85.208.96.207 - - [26/Feb/2026:21:53:09 -0500] "GET /mohammed-bin-rashid-meets-with-king-charles-iii-on-sidelines-of-cop28-in-dubai/ HTTP/1.1" 200 23261 "-" "Mozilla/5.0 (compatible; SemrushBot/7~bl; +http://www.semrush.com/bot.html)"
162.213.253.84 - - [26/Feb/2026:21:53:26 -0500] "POST /wp-cron.php?doing_wp_cron=1772160806.7918939590454101562500 HTTP/1.1" 200 0 "-" "WordPress/6.8.1; https://www.middleeastoday.com"
45.172.58.65 - - [26/Feb/2026:21:53:26 -0500] "POST /xmlrpc.php HTTP/1.1" 200 403 "-" "Mozilla/5.0 (Macintosh; Intel Mac OS X 10_15_7; arm64) AppleWebKit/537.36 (KHTML, like Gecko) Chrome/82.0.0.0 Safari/537.36"
162.213.253.84 - - [26/Feb/2026:21:53:27 -0500] "POST /wp-admin/admin-ajax.php?action=async_litespeed&nonce=jCehcGr3wikYj96DjMqUWKaeHSuyo1fZ&litespeed_type=imgoptm HTTP/1.1" 200 21 "-" "WordPress/6.8.1; https://www.middleeastoday.com"
162.213.253.84 - - [26/Feb/2026:21:53:36 -0500] "POST /wp-cron.php?doing_wp_cron=1772160816.2831120491027832031250 HTTP/1.1" 200 0 "-" "WordPress/6.8.1; https://www.middleeastoday.com"
46.4.193.145 - - [26/Feb/2026:21:53:35 -0500] "POST /xmlrpc.php HTTP/1.1" 200 205 "-" "Mozilla/5.0 (Windows NT 10.0; Win64; x64; Trident/7.0; rv:11.0) like Gecko"
72.167.37.48 - - [26/Feb/2026:21:53:48 -0500] "POST /xmlrpc.php HTTP/1.1" 200 205 "-" "Mozilla/4.0 (compatible; MSIE 7.0; Windows NT 6.2; WOW64; Trident/7.0; .NET4.0E; .NET4.0C; Tablet PC 2.0; .NET CLR 3.5.30729; .NET CLR 2.0.50727; .NET CLR 3.0.30729; WebMoney Advisor)"
162.213.253.84 - - [26/Feb/2026:21:54:23 -0500] "POST /wp-admin/admin-ajax.php?action=async_litespeed&nonce=jvU6HFP625meYYJ7mVD8sOlCnCDD3gXI&litespeed_type=imgoptm HTTP/1.1" 200 21 "-" "WordPress/6.8.1; https://www.middleeastoday.com"
50.6.7.129 - - [26/Feb/2026:21:55:03 -0500] "GET /wp-login.php HTTP/1.1" 200 1792 "-" "Mozilla/5.0+(Windows+NT+6.3;+WOW64;+Trident/7.0;+rv:11.0)+like+Gecko"
162.213.253.84 - - [26/Feb/2026:21:55:09 -0500] "POST /wp-cron.php?doing_wp_cron=1772160909.0591850280761718750000 HTTP/1.1" 200 0 "-" "WordPress/6.8.1; https://www.middleeastoday.com"
162.213.253.84 - - [26/Feb/2026:21:55:22 -0500] "POST /wp-admin/admin-ajax.php?action=async_litespeed&nonce=bYAVBimKLbqltPbjqgZ1WDwx9iutFVWZ&litespeed_type=imgoptm HTTP/1.1" 200 21 "-" "WordPress/6.8.1; https://www.middleeastoday.com"
162.213.253.84 - - [26/Feb/2026:21:56:22 -0500] "POST /wp-cron.php?doing_wp_cron=1772160982.1768040657043457031250 HTTP/1.1" 200 0 "-" "WordPress/6.8.1; https://www.middleeastoday.com"
47.246.164.137 - - [26/Feb/2026:21:56:47 -0500] "GET https://www.middleeastoday.com/wp-content/plugins/elementor-pro/assets/css/widget-nav-menu.min.css HTTP/1.1" 200 3279 "http://www.middleeastoday.com/" "Mozilla/5.0 (Windows NT 5.1; rv:5.0) Gecko/20100101 Firefox/5.0"
114.119.137.98 - - [26/Feb/2026:21:56:53 -0500] "GET /category/national-news/page/4/ HTTP/1.1" 200 23887 "https://www.middleeastoday.com/category/national-news/page/2" "Mozilla/5.0 (Linux; Android 7.0;) AppleWebKit/537.36 (KHTML, like Gecko) Mobile Safari/537.36 (compatible; PetalBot;+https://webmaster.petalsearch.com/site/petalbot)"
40.77.167.43 - - [26/Feb/2026:21:57:30 -0500] "GET /wp-content/uploads/2022/05/Yas-Island-455x300.jpg HTTP/1.1" 200 42883 "-" "Mozilla/5.0 AppleWebKit/537.36 (KHTML, like Gecko; compatible; bingbot/2.0; +http://www.bing.com/bingbot.htm) Chrome/116.0.1938.76 Safari/537.36"
162.213.253.84 - - [26/Feb/2026:21:58:14 -0500] "POST /wp-cron.php?doing_wp_cron=1772161094.3771810531616210937500 HTTP/1.1" 200 0 "-" "WordPress/6.8.1; https://www.middleeastoday.com"
45.172.58.65 - - [26/Feb/2026:21:58:26 -0500] "POST /xmlrpc.php HTTP/1.1" 200 403 "-" "Mozilla/5.0 (X11; Ubuntu; Linux x86_64; x86) AppleWebKit/537.36 (KHTML, like Gecko) Firefox/98.0.0.0 Safari/537.36"
162.213.253.84 - - [26/Feb/2026:21:58:27 -0500] "POST /wp-admin/admin-ajax.php?action=async_litespeed&nonce=WBuqVe1q0jV5tbvQ2rXFuJUF88R8SAZg&litespeed_type=imgoptm HTTP/1.1" 200 21 "-" "WordPress/6.8.1; https://www.middleeastoday.com"
114.119.137.98 - - [26/Feb/2026:21:56:51 -0500] "GET /category/national-news/page/4 HTTP/1.1" 301 0 "https://www.middleeastoday.com/category/national-news/page/2" "Mozilla/5.0 (Linux; Android 7.0;) AppleWebKit/537.36 (KHTML, like Gecko) Mobile Safari/537.36 (compatible; PetalBot;+https://webmaster.petalsearch.com/site/petalbot)"
46.202.110.227 - - [26/Feb/2026:21:56:54 -0500] "GET /wp-content/uploads/2022/06/DXB-LIVE-850x560.jpg HTTP/1.1" 200 99292 "-" "Mozilla/5.0 (compatible; crawler)"
45.172.58.65 - - [26/Feb/2026:21:57:22 -0500] "POST /xmlrpc.php HTTP/1.1" 200 403 "-" "Mozilla/5.0 (Macintosh; Intel Mac OS X 10_15_7; arm64) AppleWebKit/537.36 (KHTML, like Gecko) Edge/84.0.0.0 Safari/537.36"
162.213.253.84 - - [26/Feb/2026:21:57:51 -0500] "POST /wp-cron.php?doing_wp_cron=1772161071.8619201183319091796875 HTTP/1.1" 200 0 "-" "WordPress/6.8.1; https://www.middleeastoday.com"
54.39.210.211 - - [26/Feb/2026:21:57:51 -0500] "GET /darb-3-launched-by-alef-group-in-al-mamsha-raseel/ HTTP/1.1" 200 21944 "-" "Mozilla/5.0 (compatible; AhrefsBot/7.0; +http://ahrefs.com/robot/)"
162.213.253.84 - - [26/Feb/2026:21:57:52 -0500] "POST /wp-admin/admin-ajax.php?action=async_litespeed&nonce=EArcwiCtITi7ftFNlZvd99zMBicxaylh&litespeed_type=imgoptm HTTP/1.1" 200 21 "-" "WordPress/6.8.1; https://www.middleeastoday.com"
114.119.154.115 - - [26/Feb/2026:21:58:13 -0500] "GET /author/admin/page/56/ HTTP/1.1" 200 23853 "https://www.middleeastoday.com/author/admin/page/57" "Mozilla/5.0 (Linux; Android 7.0;) AppleWebKit/537.36 (KHTML, like Gecko) Mobile Safari/537.36 (compatible; PetalBot;+https://webmaster.petalsearch.com/site/petalbot)"
162.213.253.84 - - [26/Feb/2026:21:58:26 -0500] "POST /wp-cron.php?doing_wp_cron=1772161106.5987629890441894531250 HTTP/1.1" 200 0 "-" "WordPress/6.8.1; https://www.middleeastoday.com"
82.66.190.50 - - [26/Feb/2026:21:59:06 -0500] "GET /wp-login.php HTTP/1.1" 200 1792 "-" "Mozilla/5.0 (Macintosh; Intel Mac OS X 10_13_1) AppleWebKit/537.36 (KHTML, like Gecko) Chrome/66.0.3359.181 Safari/537.36"
162.213.253.84 - - [26/Feb/2026:21:59:07 -0500] "POST /wp-cron.php?doing_wp_cron=1772161147.4603610038757324218750 HTTP/1.1" 200 0 "-" "WordPress/6.8.1; https://www.middleeastoday.com"
162.213.253.84 - - [26/Feb/2026:21:59:29 -0500] "POST /wp-cron.php?doing_wp_cron=1772161169.3579459190368652343750 HTTP/1.1" 200 0 "-" "WordPress/6.8.1; https://www.middleeastoday.com"
198.20.177.178 - - [26/Feb/2026:21:59:28 -0500] "POST /xmlrpc.php HTTP/1.1" 200 205 "-" "Mozilla/5.0 (Windows NT 6.0; Win64; x64) AppleWebKit/537.36 (KHTML, like Gecko) Chrome/66.0.3359.117 Safari/537.36"
162.213.253.84 - - [26/Feb/2026:21:59:29 -0500] "POST /wp-admin/admin-ajax.php?action=async_litespeed&nonce=kzP8zmNJ8TCVOooVG2gtWtmNbzGO0bka&litespeed_type=imgoptm HTTP/1.1" 200 21 "-" "WordPress/6.8.1; https://www.middleeastoday.com"
114.119.154.115 - - [26/Feb/2026:21:59:37 -0500] "GET /?cat=61&paged=5 HTTP/1.1" 301 0 "https://www.middleeastoday.com/?cat=61&paged=2" "Mozilla/5.0 (Linux; Android 7.0;) AppleWebKit/537.36 (KHTML, like Gecko) Mobile Safari/537.36 (compatible; PetalBot;+https://webmaster.petalsearch.com/site/petalbot)"
162.213.253.84 - - [26/Feb/2026:22:00:39 -0500] "POST /wp-cron.php?doing_wp_cron=1772161239.7265720367431640625000 HTTP/1.1" 200 0 "-" "WordPress/6.8.1; https://www.middleeastoday.com"
45.172.58.65 - - [26/Feb/2026:22:00:39 -0500] "POST /xmlrpc.php HTTP/1.1" 200 403 "-" "Mozilla/5.0 (Windows NT 6.3; x86) AppleWebKit/537.36 (KHTML, like Gecko) Safari/10.0.0.0 Safari/537.36"
162.213.253.84 - - [26/Feb/2026:22:00:40 -0500] "POST /wp-admin/admin-ajax.php?action=async_litespeed&nonce=KueNS4hqmNZTawBKimWbTty0sxKxm9N8&litespeed_type=imgoptm HTTP/1.1" 200 21 "-" "WordPress/6.8.1; https://www.middleeastoday.com"
162.213.253.84 - - [26/Feb/2026:22:01:02 -0500] "POST /wp-cron.php?doing_wp_cron=1772161261.6149508953094482421875 HTTP/1.1" 200 0 "-" "WordPress/6.8.1; https://www.middleeastoday.com"
82.66.190.50 - - [26/Feb/2026:21:59:06 -0500] "POST /wp-login.php HTTP/1.1" 200 1889 "https://middleeastoday.com/wp-login.php" "Mozilla/5.0 (Macintosh; Intel Mac OS X 10_13_1) AppleWebKit/537.36 (KHTML, like Gecko) Chrome/66.0.3359.181 Safari/537.36"
45.172.58.65 - - [26/Feb/2026:21:59:29 -0500] "POST /xmlrpc.php HTTP/1.1" 200 403 "-" "Mozilla/5.0 (Windows NT 6.2; x86) AppleWebKit/537.36 (KHTML, like Gecko) Opera/70.0.0.0 Safari/537.36"
162.213.253.84 - - [26/Feb/2026:21:59:38 -0500] "POST /wp-cron.php?doing_wp_cron=1772161178.4961349964141845703125 HTTP/1.1" 200 0 "-" "WordPress/6.8.1; https://www.middleeastoday.com"
114.119.154.115 - - [26/Feb/2026:21:59:40 -0500] "GET /category/international-news/page/5/ HTTP/1.1" 200 23961 "https://www.middleeastoday.com/?cat=61&paged=2" "Mozilla/5.0 (Linux; Android 7.0;) AppleWebKit/537.36 (KHTML, like Gecko) Mobile Safari/537.36 (compatible; PetalBot;+https://webmaster.petalsearch.com/site/petalbot)"
103.56.161.126 - - [26/Feb/2026:22:00:14 -0500] "POST /xmlrpc.php HTTP/1.1" 200 205 "-" "Mozilla/5.0 (Windows NT 10.0; Win64; x64) AppleWebKit/537.36 (KHTML, like Gecko) Chrome/66.0.3359.117 Safari/537.36"
114.119.137.98 - - [26/Feb/2026:22:01:00 -0500] "GET /mohamed-bin-zayed-congratulates-president-of-france-on-re-election HTTP/1.1" 301 0 "https://www.middleeastoday.com/a-record-breaking-first-quarter-for-lamborghini-the-best-ever" "Mozilla/5.0 (Linux; Android 7.0;) AppleWebKit/537.36 (KHTML, like Gecko) Mobile Safari/537.36 (compatible; PetalBot;+https://webmaster.petalsearch.com/site/petalbot)"
114.119.137.98 - - [26/Feb/2026:22:01:03 -0500] "GET /mohamed-bin-zayed-congratulates-president-of-france-on-re-election/ HTTP/1.1" 200 23102 "https://www.middleeastoday.com/a-record-breaking-first-quarter-for-lamborghini-the-best-ever" "Mozilla/5.0 (Linux; Android 7.0;) AppleWebKit/537.36 (KHTML, like Gecko) Mobile Safari/537.36 (compatible; PetalBot;+https://webmaster.petalsearch.com/site/petalbot)"
162.213.253.84 - - [26/Feb/2026:22:01:33 -0500] "POST /wp-cron.php?doing_wp_cron=1772161293.9482049942016601562500 HTTP/1.1" 200 0 "-" "WordPress/6.8.1; https://www.middleeastoday.com"
170.249.239.145 - - [26/Feb/2026:22:01:33 -0500] "POST /xmlrpc.php HTTP/1.1" 200 205 "-" "Mozilla/4.0 (compatible; MSIE 7.0; Windows NT 6.3; WOW64; Trident/7.0; .NET4.0E; .NET4.0C; .NET CLR 3.5.30729; .NET CLR 2.0.50727; .NET CLR 3.0.30729; InfoPath.3)"
162.213.253.84 - - [26/Feb/2026:22:01:34 -0500] "POST /wp-admin/admin-ajax.php?action=async_litespeed&nonce=VE9zvXS7voRAoStfm6khRiQYK2GunATQ&litespeed_type=imgoptm HTTP/1.1" 200 21 "-" "WordPress/6.8.1; https://www.middleeastoday.com"
162.213.253.84 - - [26/Feb/2026:22:01:37 -0500] "POST /wp-cron.php?doing_wp_cron=1772161297.6310799121856689453125 HTTP/1.1" 200 0 "-" "WordPress/6.8.1; https://www.middleeastoday.com"
37.187.75.30 - - [26/Feb/2026:22:01:56 -0500] "POST /xmlrpc.php HTTP/1.1" 200 205 "-" "Mozilla/5.0 (compatible; MSIE 9.0; Windows NT 6.2; WOW64; Trident/7.0)"
162.213.253.84 - - [26/Feb/2026:22:02:36 -0500] "POST /wp-cron.php?doing_wp_cron=1772161356.8325779438018798828125 HTTP/1.1" 200 0 "-" "WordPress/6.8.1; https://www.middleeastoday.com"
162.213.253.84 - - [26/Feb/2026:22:02:37 -0500] "POST /wp-admin/admin-ajax.php?action=async_litespeed&nonce=5hdcB5oRpy0y8THwEoBXDmeIwRfhlw65&litespeed_type=imgoptm HTTP/1.1" 200 21 "-" "WordPress/6.8.1; https://www.middleeastoday.com"
85.208.96.206 - - [26/Feb/2026:22:03:27 -0500] "GET /robots.txt HTTP/1.1" 200 117 "-" "Mozilla/5.0 (compatible; SemrushBot/7~bl; +http://www.semrush.com/bot.html)"
185.191.171.11 - - [26/Feb/2026:22:03:28 -0500] "GET /saudi-arabia-marks-spectacular-expo-2020-national-day-with-music-culture-and-more/ HTTP/1.1" 200 24980 "-" "Mozilla/5.0 (compatible; SemrushBot/7~bl; +http://www.semrush.com/bot.html)"
162.213.253.84 - - [26/Feb/2026:22:03:35 -0500] "POST /wp-cron.php?doing_wp_cron=1772161415.3998188972473144531250 HTTP/1.1" 200 0 "-" "WordPress/6.8.1; https://www.middleeastoday.com"
45.172.58.65 - - [26/Feb/2026:22:03:34 -0500] "POST /xmlrpc.php HTTP/1.1" 200 403 "-" "Mozilla/5.0 (X11; Ubuntu; Linux x86_64; x86) AppleWebKit/537.36 (KHTML, like Gecko) Opera/75.0.0.0 Safari/537.36"
162.213.253.84 - - [26/Feb/2026:22:03:36 -0500] "POST /wp-admin/admin-ajax.php?action=async_litespeed&nonce=kjQ2Es99YZ33W2S133vWtp5eneYi5oIa&litespeed_type=imgoptm HTTP/1.1" 200 21 "-" "WordPress/6.8.1; https://www.middleeastoday.com"
162.213.253.84 - - [26/Feb/2026:22:04:39 -0500] "POST /wp-cron.php?doing_wp_cron=1772161478.9934499263763427734375 HTTP/1.1" 200 0 "-" "WordPress/6.8.1; https://www.middleeastoday.com"
108.70.240.197 - - [26/Feb/2026:22:04:38 -0500] "GET /dubai-corporation-for-ambulance-services-unveils-worlds-fastest-and-most-expensive-ambulance-responder-at-expo-2020-dubai/ HTTP/1.1" 200 23711 "-" "Mozilla/5.0 (Macintosh; Intel Mac OS X 10_15_7) AppleWebKit/537.36 (KHTML, like Gecko) Chrome/119.0.0.0 Safari/537.36"
52.167.144.174 - - [26/Feb/2026:22:04:42 -0500] "GET /wp-content/uploads/2023/03/WJMES-455x300.jpg HTTP/1.1" 200 35303 "-" "Mozilla/5.0 AppleWebKit/537.36 (KHTML, like Gecko; compatible; bingbot/2.0; +http://www.bing.com/bingbot.htm) Chrome/116.0.1938.76 Safari/537.36"
162.213.253.84 - - [26/Feb/2026:22:04:42 -0500] "POST /wp-cron.php?doing_wp_cron=1772161482.4581959247589111328125 HTTP/1.1" 200 0 "-" "WordPress/6.8.1; https://www.middleeastoday.com"
162.213.253.84 - - [26/Feb/2026:22:05:41 -0500] "POST /wp-cron.php?doing_wp_cron=1772161541.3010718822479248046875 HTTP/1.1" 200 0 "-" "WordPress/6.8.1; https://www.middleeastoday.com"
162.213.253.84 - - [26/Feb/2026:22:05:47 -0500] "POST /wp-cron.php?doing_wp_cron=1772161547.8603971004486083984375 HTTP/1.1" 200 0 "-" "WordPress/6.8.1; https://www.middleeastoday.com"
51.195.41.174 - - [26/Feb/2026:22:06:48 -0500] "POST /xmlrpc.php HTTP/1.1" 200 205 "-" "Mozilla/5.0 (Macintosh; Intel Mac OS X 10_11_6) AppleWebKit/604.4.7 (KHTML, like Gecko) Version/11.0.2 Safari/604.4.7"
43.173.174.51 - - [26/Feb/2026:22:07:22 -0500] "GET /category/news/ HTTP/1.1" 200 21793 "-" "Mozilla/5.0 (Windows NT 10.0; Win64; x64) AppleWebKit/537.36 (KHTML, like Gecko) Chrome/107.0.0.0 Safari/537.36"
162.213.253.84 - - [26/Feb/2026:22:07:22 -0500] "POST /wp-cron.php?doing_wp_cron=1772161642.9118399620056152343750 HTTP/1.1" 200 0 "-" "WordPress/6.8.1; https://www.middleeastoday.com"
43.173.178.143 - - [26/Feb/2026:22:07:23 -0500] "GET /expo-2020-passes-half-way-mark-with-just-87-days-left/ HTTP/1.1" 200 24587 "https://www.middleeastoday.com/expo-2020-passes-half-way-mark-with-just-87-days-left" "Mozilla/5.0 (Windows NT 10.0; Win64; x64) AppleWebKit/537.36 (KHTML, like Gecko) Chrome/133.0.0.0 Safari/537.36"
162.213.253.84 - - [26/Feb/2026:22:07:23 -0500] "POST /wp-admin/admin-ajax.php?action=async_litespeed&nonce=CyvzBirflm956hOWZPcLVJ3DZZIHQ7T1&litespeed_type=imgoptm HTTP/1.1" 200 21 "-" "WordPress/6.8.1; https://www.middleeastoday.com"
41.108.226.144 - - [26/Feb/2026:22:07:46 -0500] "GET /opec-daily-basket-price-stands-at-us100-12-a-barrel-thursday/ HTTP/1.1" 200 22903 "-" "Mozilla/5.0 (Windows NT 6.1; Win64; x64) AppleWebKit/537.36 (KHTML, like Gecko) Chrome/72.0.3626.109 Safari/537.36"
54.206.20.150 - - [26/Feb/2026:22:01:04 -0500] "POST /xmlrpc.php HTTP/1.1" 200 205 "-" "Mozilla/5.0 (Macintosh; Intel Mac OS X 10_11_6) AppleWebKit/604.4.7 (KHTML, like Gecko) Version/11.0.2 Safari/604.4.7"
45.172.58.65 - - [26/Feb/2026:22:01:37 -0500] "POST /xmlrpc.php HTTP/1.1" 200 403 "-" "Mozilla/5.0 (Windows NT 6.2; x86) AppleWebKit/537.36 (KHTML, like Gecko) Opera/79.0.0.0 Safari/537.36"
45.172.58.65 - - [26/Feb/2026:22:02:36 -0500] "POST /xmlrpc.php HTTP/1.1" 200 403 "-" "Mozilla/5.0 (Windows NT 10.0; x86) AppleWebKit/537.36 (KHTML, like Gecko) Safari/13.0.0.0 Safari/537.36"
67.207.86.6 - - [26/Feb/2026:22:04:38 -0500] "POST /xmlrpc.php HTTP/1.1" 200 205 "-" "Mozilla/5.0 (X11; Linux x86_64) AppleWebKit/537.36 (KHTML, like Gecko) Chrome/65.0.3325.109 Safari/537.36"
162.213.253.84 - - [26/Feb/2026:22:04:39 -0500] "POST /wp-admin/admin-ajax.php?action=async_litespeed&nonce=Q3i5a0c5LSFSM488RnxVErqLVXdY7stY&litespeed_type=imgoptm HTTP/1.1" 200 21 "-" "WordPress/6.8.1; https://www.middleeastoday.com"
45.172.58.65 - - [26/Feb/2026:22:04:41 -0500] "POST /xmlrpc.php HTTP/1.1" 200 403 "-" "Mozilla/5.0 (Macintosh; Intel Mac OS X 10_15_7; arm64) AppleWebKit/537.36 (KHTML, like Gecko) Safari/12.0.0.0 Safari/537.36"
157.230.226.169 - - [26/Feb/2026:22:04:59 -0500] "POST /xmlrpc.php HTTP/1.1" 200 205 "-" "Mozilla/5.0 (Windows NT 10.0; Win64; x64; Trident/7.0; rv:11.0) like Gecko"
103.56.161.126 - - [26/Feb/2026:22:05:02 -0500] "POST /xmlrpc.php HTTP/1.1" 200 205 "-" "Mozilla/5.0 (Windows NT 6.1) AppleWebKit/537.36 (KHTML, like Gecko) Chrome/65.0.3325.181 Safari/537.36 OPR/52.0.2871.64"
77.120.115.23 - - [26/Feb/2026:22:05:19 -0500] "POST /xmlrpc.php HTTP/1.1" 200 205 "-" "Mozilla/4.0 (compatible; MSIE 7.0; Windows NT 6.3; WOW64; Trident/7.0; .NET4.0E; .NET4.0C; .NET CLR 3.5.30729; .NET CLR 2.0.50727; .NET CLR 3.0.30729; InfoPath.3)"
45.172.58.65 - - [26/Feb/2026:22:05:40 -0500] "POST /xmlrpc.php HTTP/1.1" 200 403 "-" "Mozilla/5.0 (X11; Ubuntu; Linux x86_64; x64) AppleWebKit/537.36 (KHTML, like Gecko) Firefox/83.0.0.0 Safari/537.36"
162.213.253.84 - - [26/Feb/2026:22:05:41 -0500] "POST /wp-admin/admin-ajax.php?action=async_litespeed&nonce=00jeilcC9CpVPpznDBcSFJG6YCkKH8TL&litespeed_type=imgoptm HTTP/1.1" 200 21 "-" "WordPress/6.8.1; https://www.middleeastoday.com"
57.141.2.28 - - [26/Feb/2026:22:05:47 -0500] "GET /mohammed-bin-rashid-approves-dubai-governments-general-budget-for-2022-2024-with-aed181-billion-expenditure/ HTTP/1.1" 200 112966 "-" "meta-externalagent/1.1 (+https://developers.facebook.com/docs/sharing/webmasters/crawler)"
117.18.124.211 - - [26/Feb/2026:22:05:57 -0500] "POST /xmlrpc.php HTTP/1.1" 200 205 "-" "Mozilla/5.0 (X11; Linux x86_64) AppleWebKit/537.36 (KHTML, like Gecko) Chrome/65.0.3325.109 Safari/537.36"
162.213.253.84 - - [26/Feb/2026:22:06:45 -0500] "POST /wp-cron.php?doing_wp_cron=1772161605.2661559581756591796875 HTTP/1.1" 200 0 "-" "WordPress/6.8.1; https://www.middleeastoday.com"
45.172.58.65 - - [26/Feb/2026:22:06:44 -0500] "POST /xmlrpc.php HTTP/1.1" 200 403 "-" "Mozilla/5.0 (Windows NT 6.3; arm64) AppleWebKit/537.36 (KHTML, like Gecko) Edge/95.0.0.0 Safari/537.36"
54.206.20.150 - - [26/Feb/2026:22:06:48 -0500] "POST /xmlrpc.php HTTP/1.1" 200 205 "-" "Mozilla/4.0 (compatible; MSIE 7.0; Windows NT 6.2; WOW64; Trident/7.0; .NET4.0E; .NET4.0C; Tablet PC 2.0; .NET CLR 3.5.30729; .NET CLR 2.0.50727; .NET CLR 3.0.30729; WebMoney Advisor)"
43.173.178.143 - - [26/Feb/2026:22:07:22 -0500] "GET /expo-2020-passes-half-way-mark-with-just-87-days-left HTTP/1.1" 301 0 "-" "Mozilla/5.0 (Windows NT 10.0; Win64; x64) AppleWebKit/537.36 (KHTML, like Gecko) Chrome/133.0.0.0 Safari/537.36"
51.161.37.126 - - [26/Feb/2026:22:07:31 -0500] "GET /watch-jewellery-middle-east-show-2022-kicks-off-tomorrow-at-expo-centre-sharjah-2/ HTTP/1.1" 200 20672 "-" "Mozilla/5.0 (compatible; AhrefsBot/7.0; +http://ahrefs.com/robot/)"
45.131.194.122 - - [26/Feb/2026:22:08:21 -0500] "POST /wp-login.php HTTP/1.1" 200 6424 "-" "Mozilla/5.0"
162.213.253.84 - - [26/Feb/2026:22:08:33 -0500] "POST /wp-cron.php?doing_wp_cron=1772161713.1901810169219970703125 HTTP/1.1" 200 0 "-" "WordPress/6.8.1; https://www.middleeastoday.com"
43.173.175.173 - - [26/Feb/2026:22:08:32 -0500] "GET /fourth-edition-of-jewels-of-emirates-show-kicks-off-in-sharjah HTTP/1.1" 301 0 "-" "Mozilla/5.0 (Windows NT 10.0; Win64; x64) AppleWebKit/537.36 (KHTML, like Gecko) Chrome/116.0.0.0 Safari/537.36"
63.143.44.106 - - [26/Feb/2026:22:08:52 -0500] "POST /xmlrpc.php HTTP/1.1" 200 205 "-" "Mozilla/5.0 (Windows NT 6.3; WOW64; Trident/7.0; rv:11.0; i-Macros-Web-Automation) like Gecko"
162.213.253.84 - - [26/Feb/2026:22:09:26 -0500] "POST /wp-cron.php?doing_wp_cron=1772161766.5477468967437744140625 HTTP/1.1" 200 0 "-" "WordPress/6.8.1; https://www.middleeastoday.com"
103.56.161.126 - - [26/Feb/2026:22:09:25 -0500] "POST /xmlrpc.php HTTP/1.1" 200 205 "-" "Mozilla/5.0 (Windows NT 6.3; WOW64; Trident/7.0; rv:11.0; i-Macros-Web-Automation) like Gecko"
162.213.253.84 - - [26/Feb/2026:22:09:27 -0500] "POST /wp-admin/admin-ajax.php?action=async_litespeed&nonce=LJP8KE0bCwXS797Y7VsripOVLLbGfYt0&litespeed_type=imgoptm HTTP/1.1" 200 21 "-" "WordPress/6.8.1; https://www.middleeastoday.com"
63.143.44.106 - - [26/Feb/2026:22:10:29 -0500] "GET /wp-login.php HTTP/1.1" 200 1792 "-" "Mozilla/4.0 (compatible; MSIE 7.0; Windows NT 6.1; Trident/7.0; SLCC2; .NET CLR 2.0.50727; .NET CLR 3.5.30729; .NET CLR 3.0.30729; .NET4.0C; .NET4.0E; Tablet PC 2.0; Creative AutoUpdate v1.40.01)"
162.213.253.84 - - [26/Feb/2026:22:10:31 -0500] "POST /wp-cron.php?doing_wp_cron=1772161831.0318999290466308593750 HTTP/1.1" 200 0 "-" "WordPress/6.8.1; https://www.middleeastoday.com"
63.143.44.106 - - [26/Feb/2026:22:10:30 -0500] "POST /wp-login.php HTTP/1.1" 200 1884 "https://middleeastoday.com/wp-login.php" "Mozilla/4.0 (compatible; MSIE 7.0; Windows NT 6.1; Trident/7.0; SLCC2; .NET CLR 2.0.50727; .NET CLR 3.5.30729; .NET CLR 3.0.30729; .NET4.0C; .NET4.0E; Tablet PC 2.0; Creative AutoUpdate v1.40.01)"
162.213.253.84 - - [26/Feb/2026:22:10:54 -0500] "POST /wp-cron.php?doing_wp_cron=1772161854.2245469093322753906250 HTTP/1.1" 200 0 "-" "WordPress/6.8.1; https://www.middleeastoday.com"
66.116.207.123 - - [26/Feb/2026:22:10:53 -0500] "POST /xmlrpc.php HTTP/1.1" 200 205 "-" "Mozilla/5.0 (Macintosh; Intel Mac OS X 10_11_6) AppleWebKit/604.4.7 (KHTML, like Gecko) Version/11.0.2 Safari/604.4.7"
217.113.196.252 - - [26/Feb/2026:22:11:16 -0500] "GET /robots.txt HTTP/1.1" 200 117 "-" "Mozilla/5.0 (compatible; IbouBot/1.0; [email protected]; +https://ibou.io/iboubot.html)"
162.213.253.84 - - [26/Feb/2026:22:12:07 -0500] "POST /wp-cron.php?doing_wp_cron=1772161927.6325678825378417968750 HTTP/1.1" 200 0 "-" "WordPress/6.8.1; https://www.middleeastoday.com"
142.93.120.13 - - [26/Feb/2026:22:12:06 -0500] "POST /xmlrpc.php HTTP/1.1" 200 205 "-" "Mozilla/5.0 (Windows NT 10.0; WOW64; Trident/7.0; MANM; rv:11.0) like Gecko"
217.113.196.192 - - [26/Feb/2026:22:12:35 -0500] "GET /comments/feed/ HTTP/1.1" 200 425 "-" "Mozilla/5.0 (compatible; IbouBot/1.0; [email protected]; +https://ibou.io/iboubot.html)"
162.213.253.84 - - [26/Feb/2026:22:12:49 -0500] "POST /wp-cron.php?doing_wp_cron=1772161969.7788529396057128906250 HTTP/1.1" 200 0 "-" "WordPress/6.8.1; https://www.middleeastoday.com"
103.145.51.107 - - [26/Feb/2026:22:12:49 -0500] "POST /xmlrpc.php HTTP/1.1" 200 205 "-" "Mozilla/4.0 (compatible; MSIE 7.0; Windows NT 6.3; WOW64; Trident/7.0; .NET4.0E; .NET4.0C; .NET CLR 3.5.30729; .NET CLR 2.0.50727; .NET CLR 3.0.30729; InfoPath.3)"
176.31.224.40 - - [26/Feb/2026:22:12:50 -0500] "POST /xmlrpc.php HTTP/1.1" 200 205 "-" "Mozilla/5.0 (Windows NT 6.1) AppleWebKit/537.36 (KHTML, like Gecko) Chrome/65.0.3325.181 Safari/537.36 OPR/52.0.2871.64"
162.213.253.84 - - [26/Feb/2026:22:08:22 -0500] "POST /wp-cron.php?doing_wp_cron=1772161702.3075809478759765625000 HTTP/1.1" 200 0 "-" "WordPress/6.8.1; https://www.middleeastoday.com"
162.213.253.84 - - [26/Feb/2026:22:08:24 -0500] "POST /wp-admin/admin-ajax.php?action=async_litespeed&nonce=mmMUGCgOxLq4znpFUMdWaMsv9AF6DSGd&litespeed_type=imgoptm HTTP/1.1" 200 0 "-" "WordPress/6.8.1; https://www.middleeastoday.com"
43.173.175.173 - - [26/Feb/2026:22:08:33 -0500] "GET /fourth-edition-of-jewels-of-emirates-show-kicks-off-in-sharjah/ HTTP/1.1" 200 27496 "https://www.middleeastoday.com/fourth-edition-of-jewels-of-emirates-show-kicks-off-in-sharjah" "Mozilla/5.0 (Windows NT 10.0; Win64; x64) AppleWebKit/537.36 (KHTML, like Gecko) Chrome/116.0.0.0 Safari/537.36"
23.229.6.242 - - [26/Feb/2026:22:09:06 -0500] "POST /xmlrpc.php HTTP/1.1" 200 205 "-" "Mozilla/5.0 (Macintosh; Intel Mac OS X 10_11_6) AppleWebKit/604.4.7 (KHTML, like Gecko) Version/11.0.2 Safari/604.4.7"
66.116.207.123 - - [26/Feb/2026:22:09:12 -0500] "POST /xmlrpc.php HTTP/1.1" 200 205 "-" "Mozilla/4.0 (compatible; MSIE 7.0; Windows NT 6.2; WOW64; Trident/7.0; .NET4.0E; .NET4.0C; Tablet PC 2.0; .NET CLR 3.5.30729; .NET CLR 2.0.50727; .NET CLR 3.0.30729; WebMoney Advisor)"
157.20.105.176 - - [26/Feb/2026:22:09:17 -0500] "POST /xmlrpc.php HTTP/1.1" 200 205 "-" "Mozilla/5.0 (Windows NT 6.3; WOW64; Trident/7.0; Touch; MASEJS; rv:11.0) like Gecko"
162.213.253.84 - - [26/Feb/2026:22:09:49 -0500] "POST /wp-cron.php?doing_wp_cron=1772161789.4889600276947021484375 HTTP/1.1" 200 0 "-" "WordPress/6.8.1; https://www.middleeastoday.com"
66.116.207.123 - - [26/Feb/2026:22:09:48 -0500] "POST /xmlrpc.php HTTP/1.1" 200 205 "-" "Mozilla/5.0 (compatible; MSIE 9.0; Windows NT 6.2; WOW64; Trident/7.0)"
162.213.253.84 - - [26/Feb/2026:22:10:31 -0500] "POST /wp-admin/admin-ajax.php?action=async_litespeed&nonce=S0CP8VETNP6bGFJTlxA7fCFPzd2MUSGL&litespeed_type=imgoptm HTTP/1.1" 200 21 "-" "WordPress/6.8.1; https://www.middleeastoday.com"
217.113.196.226 - - [26/Feb/2026:22:11:43 -0500] "GET / HTTP/1.1" 200 38646 "-" "Mozilla/5.0 (compatible; IbouBot/1.0; [email protected]; +https://ibou.io/iboubot.html)"
217.113.196.198 - - [26/Feb/2026:22:12:09 -0500] "GET /feed/ HTTP/1.1" 200 12229 "-" "Mozilla/5.0 (compatible; IbouBot/1.0; [email protected]; +https://ibou.io/iboubot.html)"
162.213.253.84 - - [26/Feb/2026:22:12:37 -0500] "POST /wp-cron.php?doing_wp_cron=1772161957.1590709686279296875000 HTTP/1.1" 200 0 "-" "WordPress/6.8.1; https://www.middleeastoday.com"
173.239.214.239 - - [26/Feb/2026:22:12:36 -0500] "POST /wp-login.php HTTP/1.1" 200 6420 "-" "Mozilla/5.0"
162.213.253.84 - - [26/Feb/2026:22:12:37 -0500] "POST /wp-admin/admin-ajax.php?action=async_litespeed&nonce=ZNcEgQgBaSv8xCgu665WORBNgqNWSYAD&litespeed_type=imgoptm HTTP/1.1" 200 21 "-" "WordPress/6.8.1; https://www.middleeastoday.com"
114.119.132.207 - - [26/Feb/2026:22:12:58 -0500] "GET /uae-president-receives-president-of-rwanda HTTP/1.1" 301 0 "https://www.middleeastoday.com/?p=8670" "Mozilla/5.0 (Linux; Android 7.0;) AppleWebKit/537.36 (KHTML, like Gecko) Mobile Safari/537.36 (compatible; PetalBot;+https://webmaster.petalsearch.com/site/petalbot)"
185.115.33.212 - - [26/Feb/2026:22:13:07 -0500] "POST /xmlrpc.php HTTP/1.1" 200 205 "-" "Mozilla/5.0 (Macintosh; Intel Mac OS X 10_11_6) AppleWebKit/604.4.7 (KHTML, like Gecko) Version/11.0.2 Safari/604.4.7"
217.113.196.191 - - [26/Feb/2026:22:13:55 -0500] "GET /category/products/feed/ HTTP/1.1" 200 14450 "-" "Mozilla/5.0 (compatible; IbouBot/1.0; [email protected]; +https://ibou.io/iboubot.html)"
209.126.12.65 - - [26/Feb/2026:22:14:17 -0500] "POST /xmlrpc.php HTTP/1.1" 200 205 "-" "Mozilla/5.0 (Macintosh; Intel Mac OS X 10_13_1) AppleWebKit/537.36 (KHTML, like Gecko) Chrome/65.0.3325.181 Safari/537.36"
162.213.253.84 - - [26/Feb/2026:22:14:22 -0500] "POST /wp-cron.php?doing_wp_cron=1772162062.6909549236297607421875 HTTP/1.1" 200 0 "-" "WordPress/6.8.1; https://www.middleeastoday.com"
114.119.154.115 - - [26/Feb/2026:22:14:23 -0500] "GET /uae-president-arrives-in-moscow-on-official-visit/ HTTP/1.1" 200 23203 "https://www.middleeastoday.com/united-arab-emirates-university-achieves-5th-place-in-qs-arab-university-rankings-2025" "Mozilla/5.0 (Linux; Android 7.0;) AppleWebKit/537.36 (KHTML, like Gecko) Mobile Safari/537.36 (compatible; PetalBot;+https://webmaster.petalsearch.com/site/petalbot)"
162.213.253.84 - - [26/Feb/2026:22:14:23 -0500] "POST /wp-admin/admin-ajax.php?action=async_litespeed&nonce=CCxzM2HEcGTNUz2pOhfHnQ79BSrvv8w7&litespeed_type=imgoptm HTTP/1.1" 200 21 "-" "WordPress/6.8.1; https://www.middleeastoday.com"
111.23.5.34 - - [26/Feb/2026:22:14:30 -0500] "GET /wp-includes/css/dist/block-library/style.min.css?ver=6.8.1 HTTP/1.1" 200 14358 "https://www.middleeastoday.com/integrated-transport-centre-launches-emirates-1st-trial-operation-for-autonomous-delivery-vehicles/" "Mozilla/5.0 (Windows NT 10.0; Win64; x64) AppleWebKit/537.36 (KHTML, like Gecko) Chrome/139.0.0.0 Safari/537.36"
111.23.5.34 - - [26/Feb/2026:22:14:30 -0500] "GET /wp-content/plugins/elementor-1/assets/css/frontend-lite.min.css?ver=3.21.1 HTTP/1.1" 200 13067 "https://www.middleeastoday.com/integrated-transport-centre-launches-emirates-1st-trial-operation-for-autonomous-delivery-vehicles/" "Mozilla/5.0 (Windows NT 10.0; Win64; x64) AppleWebKit/537.36 (KHTML, like Gecko) Chrome/139.0.0.0 Safari/537.36"
111.23.5.34 - - [26/Feb/2026:22:14:30 -0500] "GET /wp-content/plugins/contact-form-7/includes/css/styles.css?ver=6.0.6 HTTP/1.1" 200 890 "https://www.middleeastoday.com/integrated-transport-centre-launches-emirates-1st-trial-operation-for-autonomous-delivery-vehicles/" "Mozilla/5.0 (Windows NT 10.0; Win64; x64) AppleWebKit/537.36 (KHTML, like Gecko) Chrome/139.0.0.0 Safari/537.36"
111.23.5.34 - - [26/Feb/2026:22:14:30 -0500] "GET /wp-content/themes/digiqole/assets/css/all.css?ver=2.1.1 HTTP/1.1" 200 7048 "https://www.middleeastoday.com/integrated-transport-centre-launches-emirates-1st-trial-operation-for-autonomous-delivery-vehicles/" "Mozilla/5.0 (Windows NT 10.0; Win64; x64) AppleWebKit/537.36 (KHTML, like Gecko) Chrome/139.0.0.0 Safari/537.36"
111.23.5.34 - - [26/Feb/2026:22:14:30 -0500] "GET /wp-content/themes/digiqole/assets/css/master.css?ver=2.1.1 HTTP/1.1" 200 43295 "https://www.middleeastoday.com/integrated-transport-centre-launches-emirates-1st-trial-operation-for-autonomous-delivery-vehicles/" "Mozilla/5.0 (Windows NT 10.0; Win64; x64) AppleWebKit/537.36 (KHTML, like Gecko) Chrome/139.0.0.0 Safari/537.36"
111.23.5.34 - - [26/Feb/2026:22:14:30 -0500] "GET /wp-content/plugins/elementskit-lite/widgets/init/assets/css/responsive.css?ver=3.5.0 HTTP/1.1" 200 2859 "https://www.middleeastoday.com/integrated-transport-centre-launches-emirates-1st-trial-operation-for-autonomous-delivery-vehicles/" "Mozilla/5.0 (Windows NT 10.0; Win64; x64) AppleWebKit/537.36 (KHTML, like Gecko) Chrome/139.0.0.0 Safari/537.36"
111.23.5.34 - - [26/Feb/2026:22:14:30 -0500] "GET /wp-content/plugins/elementor-1/assets/lib/font-awesome/css/fontawesome.min.css?ver=5.15.3 HTTP/1.1" 200 12164 "https://www.middleeastoday.com/integrated-transport-centre-launches-emirates-1st-trial-operation-for-autonomous-delivery-vehicles/" "Mozilla/5.0 (Windows NT 10.0; Win64; x64) AppleWebKit/537.36 (KHTML, like Gecko) Chrome/139.0.0.0 Safari/537.36"
111.23.5.34 - - [26/Feb/2026:22:14:30 -0500] "GET /wp-includes/js/jquery/jquery-migrate.min.js?ver=3.4.1 HTTP/1.1" 200 4678 "https://www.middleeastoday.com/integrated-transport-centre-launches-emirates-1st-trial-operation-for-autonomous-delivery-vehicles/" "Mozilla/5.0 (Windows NT 10.0; Win64; x64) AppleWebKit/537.36 (KHTML, like Gecko) Chrome/139.0.0.0 Safari/537.36"
114.119.132.207 - - [26/Feb/2026:22:13:01 -0500] "GET /uae-president-receives-president-of-rwanda/ HTTP/1.1" 200 23249 "https://www.middleeastoday.com/?p=8670" "Mozilla/5.0 (Linux; Android 7.0;) AppleWebKit/537.36 (KHTML, like Gecko) Mobile Safari/537.36 (compatible; PetalBot;+https://webmaster.petalsearch.com/site/petalbot)"
217.113.196.243 - - [26/Feb/2026:22:13:01 -0500] "GET /category/events/feed/ HTTP/1.1" 200 4519 "-" "Mozilla/5.0 (compatible; IbouBot/1.0; [email protected]; +https://ibou.io/iboubot.html)"
162.240.233.32 - - [26/Feb/2026:22:13:17 -0500] "POST /xmlrpc.php HTTP/1.1" 200 205 "-" "Mozilla/4.0 (compatible; MSIE 7.0; Windows NT 6.1; WOW64; Trident/7.0; SLCC2; .NET CLR 2.0.50727; .NET CLR 3.5.30729; .NET CLR 3.0.30729; Media Center PC 6.0; InfoPath.2; .NET4.0C; .NET4.0E)"
217.113.196.213 - - [26/Feb/2026:22:13:28 -0500] "GET /category/articles/ HTTP/1.1" 200 21841 "-" "Mozilla/5.0 (compatible; IbouBot/1.0; [email protected]; +https://ibou.io/iboubot.html)"
137.184.130.12 - - [26/Feb/2026:22:13:51 -0500] "GET /wp-content/uploads/2022/01/Air-Arabia-scaled-1-850x560.jpg HTTP/1.1" 200 33995 "https://www.middleeastoday.com/" "Mozilla/5.0 (Windows NT 10.0; Win64; x64) AppleWebKit/537.36 (KHTML, like Gecko) Chrome/105.0.0.0 Safari/537.3"
162.213.253.84 - - [26/Feb/2026:22:13:56 -0500] "POST /wp-cron.php?doing_wp_cron=1772162036.5611219406127929687500 HTTP/1.1" 200 0 "-" "WordPress/6.8.1; https://www.middleeastoday.com"
114.119.154.115 - - [26/Feb/2026:22:14:22 -0500] "GET /uae-president-arrives-in-moscow-on-official-visit HTTP/1.1" 301 0 "https://www.middleeastoday.com/united-arab-emirates-university-achieves-5th-place-in-qs-arab-university-rankings-2025" "Mozilla/5.0 (Linux; Android 7.0;) AppleWebKit/537.36 (KHTML, like Gecko) Mobile Safari/537.36 (compatible; PetalBot;+https://webmaster.petalsearch.com/site/petalbot)"
217.113.196.203 - - [26/Feb/2026:22:14:22 -0500] "GET /category/art/feed/ HTTP/1.1" 200 16712 "-" "Mozilla/5.0 (compatible; IbouBot/1.0; [email protected]; +https://ibou.io/iboubot.html)"
111.23.5.34 - - [26/Feb/2026:22:14:29 -0500] "GET /integrated-transport-centre-launches-emirates-1st-trial-operation-for-autonomous-delivery-vehicles/ HTTP/1.1" 200 21420 "-" "Mozilla/5.0 (Windows NT 10.0; Win64; x64) AppleWebKit/537.36 (KHTML, like Gecko) Chrome/139.0.0.0 Safari/537.36"
111.23.5.34 - - [26/Feb/2026:22:14:30 -0500] "GET /wp-content/uploads/elementor/css/post-3932.css?ver=1762520240 HTTP/1.1" 200 1066 "https://www.middleeastoday.com/integrated-transport-centre-launches-emirates-1st-trial-operation-for-autonomous-delivery-vehicles/" "Mozilla/5.0 (Windows NT 10.0; Win64; x64) AppleWebKit/537.36 (KHTML, like Gecko) Chrome/139.0.0.0 Safari/537.36"
111.23.5.34 - - [26/Feb/2026:22:14:30 -0500] "GET /wp-content/plugins/accesspress-social-counter/css/fontawesome-all.css?ver=1.9.2 HTTP/1.1" 200 8084 "https://www.middleeastoday.com/integrated-transport-centre-launches-emirates-1st-trial-operation-for-autonomous-delivery-vehicles/" "Mozilla/5.0 (Windows NT 10.0; Win64; x64) AppleWebKit/537.36 (KHTML, like Gecko) Chrome/139.0.0.0 Safari/537.36"
111.23.5.34 - - [26/Feb/2026:22:14:30 -0500] "GET /wp-content/themes/digiqole/assets/css/bootstrap.min.css?ver=2.1.1 HTTP/1.1" 200 18543 "https://www.middleeastoday.com/integrated-transport-centre-launches-emirates-1st-trial-operation-for-autonomous-delivery-vehicles/" "Mozilla/5.0 (Windows NT 10.0; Win64; x64) AppleWebKit/537.36 (KHTML, like Gecko) Chrome/139.0.0.0 Safari/537.36"
111.23.5.34 - - [26/Feb/2026:22:14:30 -0500] "GET /wp-content/themes/digiqole/assets/css/icon-font.css?ver=2.1.1 HTTP/1.1" 200 1106 "https://www.middleeastoday.com/integrated-transport-centre-launches-emirates-1st-trial-operation-for-autonomous-delivery-vehicles/" "Mozilla/5.0 (Windows NT 10.0; Win64; x64) AppleWebKit/537.36 (KHTML, like Gecko) Chrome/139.0.0.0 Safari/537.36"
111.23.5.34 - - [26/Feb/2026:22:14:30 -0500] "GET /wp-content/plugins/elementskit-lite/modules/elementskit-icon-pack/assets/css/ekiticons.css?ver=3.5.0 HTTP/1.1" 200 11776 "https://www.middleeastoday.com/integrated-transport-centre-launches-emirates-1st-trial-operation-for-autonomous-delivery-vehicles/" "Mozilla/5.0 (Windows NT 10.0; Win64; x64) AppleWebKit/537.36 (KHTML, like Gecko) Chrome/139.0.0.0 Safari/537.36"
111.23.5.34 - - [26/Feb/2026:22:14:30 -0500] "GET /wp-content/plugins/elementor-1/assets/lib/font-awesome/css/solid.min.css?ver=5.15.3 HTTP/1.1" 200 286 "https://www.middleeastoday.com/integrated-transport-centre-launches-emirates-1st-trial-operation-for-autonomous-delivery-vehicles/" "Mozilla/5.0 (Windows NT 10.0; Win64; x64) AppleWebKit/537.36 (KHTML, like Gecko) Chrome/139.0.0.0 Safari/537.36"
111.23.5.34 - - [26/Feb/2026:22:14:30 -0500] "GET /wp-content/plugins/elementor-pro/assets/css/widget-nav-menu.min.css HTTP/1.1" 200 3279 "https://www.middleeastoday.com/integrated-transport-centre-launches-emirates-1st-trial-operation-for-autonomous-delivery-vehicles/" "Mozilla/5.0 (Windows NT 10.0; Win64; x64) AppleWebKit/537.36 (KHTML, like Gecko) Chrome/139.0.0.0 Safari/537.36"
111.23.5.34 - - [26/Feb/2026:22:14:30 -0500] "GET /wp-content/plugins/elementskit-lite/widgets/init/assets/css/widget-styles.css?ver=3.5.0 HTTP/1.1" 200 48223 "https://www.middleeastoday.com/integrated-transport-centre-launches-emirates-1st-trial-operation-for-autonomous-delivery-vehicles/" "Mozilla/5.0 (Windows NT 10.0; Win64; x64) AppleWebKit/537.36 (KHTML, like Gecko) Chrome/139.0.0.0 Safari/537.36"
111.23.5.34 - - [26/Feb/2026:22:14:30 -0500] "GET /wp-content/plugins/accesspress-social-counter/css/frontend.css?ver=1.9.2 HTTP/1.1" 200 2295 "https://www.middleeastoday.com/integrated-transport-centre-launches-emirates-1st-trial-operation-for-autonomous-delivery-vehicles/" "Mozilla/5.0 (Windows NT 10.0; Win64; x64) AppleWebKit/537.36 (KHTML, like Gecko) Chrome/139.0.0.0 Safari/537.36"
111.23.5.34 - - [26/Feb/2026:22:14:36 -0500] "GET /wp-content/uploads/elementor/css/post-9.css?ver=1747657839 HTTP/1.1" 200 334 "https://www.middleeastoday.com/integrated-transport-centre-launches-emirates-1st-trial-operation-for-autonomous-delivery-vehicles/" "Mozilla/5.0 (Windows NT 10.0; Win64; x64) AppleWebKit/537.36 (KHTML, like Gecko) Chrome/139.0.0.0 Safari/537.36"
111.23.5.34 - - [26/Feb/2026:22:14:36 -0500] "GET /wp-content/plugins/elementor-1/assets/lib/animations/animations.min.css?ver=3.21.1 HTTP/1.1" 200 2442 "https://www.middleeastoday.com/integrated-transport-centre-launches-emirates-1st-trial-operation-for-autonomous-delivery-vehicles/" "Mozilla/5.0 (Windows NT 10.0; Win64; x64) AppleWebKit/537.36 (KHTML, like Gecko) Chrome/139.0.0.0 Safari/537.36"
111.23.5.34 - - [26/Feb/2026:22:14:37 -0500] "GET /wp-includes/js/dist/hooks.min.js?ver=4d63a3d491d11ffd8ac6 HTTP/1.1" 200 1571 "https://www.middleeastoday.com/integrated-transport-centre-launches-emirates-1st-trial-operation-for-autonomous-delivery-vehicles/" "Mozilla/5.0 (Windows NT 10.0; Win64; x64) AppleWebKit/537.36 (KHTML, like Gecko) Chrome/139.0.0.0 Safari/537.36"
111.23.5.34 - - [26/Feb/2026:22:14:37 -0500] "GET /wp-includes/js/dist/i18n.min.js?ver=5e580eb46a90c2b997e6 HTTP/1.1" 200 3542 "https://www.middleeastoday.com/integrated-transport-centre-launches-emirates-1st-trial-operation-for-autonomous-delivery-vehicles/" "Mozilla/5.0 (Windows NT 10.0; Win64; x64) AppleWebKit/537.36 (KHTML, like Gecko) Chrome/139.0.0.0 Safari/537.36"
111.23.5.34 - - [26/Feb/2026:22:14:37 -0500] "GET /wp-content/plugins/elementskit-lite/widgets/init/assets/js/widget-scripts.js?ver=3.5.0 HTTP/1.1" 200 40425 "https://www.middleeastoday.com/integrated-transport-centre-launches-emirates-1st-trial-operation-for-autonomous-delivery-vehicles/" "Mozilla/5.0 (Windows NT 10.0; Win64; x64) AppleWebKit/537.36 (KHTML, like Gecko) Chrome/139.0.0.0 Safari/537.36"
111.23.5.34 - - [26/Feb/2026:22:14:30 -0500] "GET /wp-includes/js/jquery/jquery.min.js?ver=3.7.1 HTTP/1.1" 200 29744 "https://www.middleeastoday.com/integrated-transport-centre-launches-emirates-1st-trial-operation-for-autonomous-delivery-vehicles/" "Mozilla/5.0 (Windows NT 10.0; Win64; x64) AppleWebKit/537.36 (KHTML, like Gecko) Chrome/139.0.0.0 Safari/537.36"
111.23.5.34 - - [26/Feb/2026:22:14:30 -0500] "GET /wp-content/plugins/elementor-1/assets/lib/eicons/css/elementor-icons.min.css?ver=5.29.0 HTTP/1.1" 200 3724 "https://www.middleeastoday.com/integrated-transport-centre-launches-emirates-1st-trial-operation-for-autonomous-delivery-vehicles/" "Mozilla/5.0 (Windows NT 10.0; Win64; x64) AppleWebKit/537.36 (KHTML, like Gecko) Chrome/139.0.0.0 Safari/537.36"
111.23.5.34 - - [26/Feb/2026:22:14:34 -0500] "GET /wp-content/plugins/elementor-1/assets/lib/swiper/v8/css/swiper.min.css?ver=8.4.5 HTTP/1.1" 200 4248 "https://www.middleeastoday.com/integrated-transport-centre-launches-emirates-1st-trial-operation-for-autonomous-delivery-vehicles/" "Mozilla/5.0 (Windows NT 10.0; Win64; x64) AppleWebKit/537.36 (KHTML, like Gecko) Chrome/139.0.0.0 Safari/537.36"
111.23.5.34 - - [26/Feb/2026:22:14:36 -0500] "GET /wp-content/plugins/elementor-pro/assets/css/frontend-lite.min.css?ver=3.6.5 HTTP/1.1" 200 1505 "https://www.middleeastoday.com/integrated-transport-centre-launches-emirates-1st-trial-operation-for-autonomous-delivery-vehicles/" "Mozilla/5.0 (Windows NT 10.0; Win64; x64) AppleWebKit/537.36 (KHTML, like Gecko) Chrome/139.0.0.0 Safari/537.36"
111.23.5.34 - - [26/Feb/2026:22:14:36 -0500] "GET /wp-content/uploads/elementor/css/global.css?ver=1747657840 HTTP/1.1" 200 3340 "https://www.middleeastoday.com/integrated-transport-centre-launches-emirates-1st-trial-operation-for-autonomous-delivery-vehicles/" "Mozilla/5.0 (Windows NT 10.0; Win64; x64) AppleWebKit/537.36 (KHTML, like Gecko) Chrome/139.0.0.0 Safari/537.36"
111.23.5.34 - - [26/Feb/2026:22:14:37 -0500] "GET /wp-content/plugins/contact-form-7/includes/swv/js/index.js?ver=6.0.6 HTTP/1.1" 200 3369 "https://www.middleeastoday.com/integrated-transport-centre-launches-emirates-1st-trial-operation-for-autonomous-delivery-vehicles/" "Mozilla/5.0 (Windows NT 10.0; Win64; x64) AppleWebKit/537.36 (KHTML, like Gecko) Chrome/139.0.0.0 Safari/537.36"
111.23.5.34 - - [26/Feb/2026:22:14:37 -0500] "GET /wp-content/plugins/contact-form-7/includes/js/index.js?ver=6.0.6 HTTP/1.1" 200 4008 "https://www.middleeastoday.com/integrated-transport-centre-launches-emirates-1st-trial-operation-for-autonomous-delivery-vehicles/" "Mozilla/5.0 (Windows NT 10.0; Win64; x64) AppleWebKit/537.36 (KHTML, like Gecko) Chrome/139.0.0.0 Safari/537.36"
111.23.5.34 - - [26/Feb/2026:22:14:37 -0500] "GET /wp-content/plugins/elementskit-lite/libs/framework/assets/js/frontend-script.js?ver=3.5.0 HTTP/1.1" 200 40 "https://www.middleeastoday.com/integrated-transport-centre-launches-emirates-1st-trial-operation-for-autonomous-delivery-vehicles/" "Mozilla/5.0 (Windows NT 10.0; Win64; x64) AppleWebKit/537.36 (KHTML, like Gecko) Chrome/139.0.0.0 Safari/537.36"
111.23.5.34 - - [26/Feb/2026:22:14:37 -0500] "GET /wp-content/themes/digiqole/assets/js/bootstrap.min.js?ver=2.1.1 HTTP/1.1" 200 12542 "https://www.middleeastoday.com/integrated-transport-centre-launches-emirates-1st-trial-operation-for-autonomous-delivery-vehicles/" "Mozilla/5.0 (Windows NT 10.0; Win64; x64) AppleWebKit/537.36 (KHTML, like Gecko) Chrome/139.0.0.0 Safari/537.36"
111.23.5.34 - - [26/Feb/2026:22:14:41 -0500] "GET /wp-content/themes/digiqole/assets/js/fontfaceobserver.js?ver=1 HTTP/1.1" 200 2024 "https://www.middleeastoday.com/integrated-transport-centre-launches-emirates-1st-trial-operation-for-autonomous-delivery-vehicles/" "Mozilla/5.0 (Windows NT 10.0; Win64; x64) AppleWebKit/537.36 (KHTML, like Gecko) Chrome/139.0.0.0 Safari/537.36"
111.23.5.34 - - [26/Feb/2026:22:14:40 -0500] "GET /wp-content/themes/digiqole/assets/js/swiper.min.js?ver=2.1.1 HTTP/1.1" 200 34003 "https://www.middleeastoday.com/integrated-transport-centre-launches-emirates-1st-trial-operation-for-autonomous-delivery-vehicles/" "Mozilla/5.0 (Windows NT 10.0; Win64; x64) AppleWebKit/537.36 (KHTML, like Gecko) Chrome/139.0.0.0 Safari/537.36"
111.23.5.34 - - [26/Feb/2026:22:14:43 -0500] "GET /wp-content/plugins/elementor-pro/assets/lib/smartmenus/jquery.smartmenus.min.js?ver=1.0.1 HTTP/1.1" 200 6935 "https://www.middleeastoday.com/integrated-transport-centre-launches-emirates-1st-trial-operation-for-autonomous-delivery-vehicles/" "Mozilla/5.0 (Windows NT 10.0; Win64; x64) AppleWebKit/537.36 (KHTML, like Gecko) Chrome/139.0.0.0 Safari/537.36"
111.23.5.34 - - [26/Feb/2026:22:14:43 -0500] "GET /wp-content/plugins/elementor-pro/assets/js/webpack-pro.runtime.min.js?ver=3.6.5 HTTP/1.1" 200 2174 "https://www.middleeastoday.com/integrated-transport-centre-launches-emirates-1st-trial-operation-for-autonomous-delivery-vehicles/" "Mozilla/5.0 (Windows NT 10.0; Win64; x64) AppleWebKit/537.36 (KHTML, like Gecko) Chrome/139.0.0.0 Safari/537.36"
111.23.5.34 - - [26/Feb/2026:22:14:43 -0500] "GET /wp-content/plugins/elementor-1/assets/js/webpack.runtime.min.js?ver=3.21.1 HTTP/1.1" 200 2071 "https://www.middleeastoday.com/integrated-transport-centre-launches-emirates-1st-trial-operation-for-autonomous-delivery-vehicles/" "Mozilla/5.0 (Windows NT 10.0; Win64; x64) AppleWebKit/537.36 (KHTML, like Gecko) Chrome/139.0.0.0 Safari/537.36"
111.23.5.34 - - [26/Feb/2026:22:14:43 -0500] "GET /wp-content/plugins/elementor-1/assets/js/frontend-modules.min.js?ver=3.21.1 HTTP/1.1" 200 17087 "https://www.middleeastoday.com/integrated-transport-centre-launches-emirates-1st-trial-operation-for-autonomous-delivery-vehicles/" "Mozilla/5.0 (Windows NT 10.0; Win64; x64) AppleWebKit/537.36 (KHTML, like Gecko) Chrome/139.0.0.0 Safari/537.36"
111.23.5.34 - - [26/Feb/2026:22:14:44 -0500] "GET /wp-content/plugins/elementor-pro/assets/js/frontend.min.js?ver=3.6.5 HTTP/1.1" 200 5328 "https://www.middleeastoday.com/integrated-transport-centre-launches-emirates-1st-trial-operation-for-autonomous-delivery-vehicles/" "Mozilla/5.0 (Windows NT 10.0; Win64; x64) AppleWebKit/537.36 (KHTML, like Gecko) Chrome/139.0.0.0 Safari/537.36"
111.23.5.34 - - [26/Feb/2026:22:14:45 -0500] "GET /wp-includes/js/jquery/ui/core.min.js?ver=1.13.3 HTTP/1.1" 200 6812 "https://www.middleeastoday.com/integrated-transport-centre-launches-emirates-1st-trial-operation-for-autonomous-delivery-vehicles/" "Mozilla/5.0 (Windows NT 10.0; Win64; x64) AppleWebKit/537.36 (KHTML, like Gecko) Chrome/139.0.0.0 Safari/537.36"
111.23.5.34 - - [26/Feb/2026:22:14:46 -0500] "GET /wp-content/themes/digiqole/assets/js/elementor.js?ver=2.1.1 HTTP/1.1" 200 2472 "https://www.middleeastoday.com/integrated-transport-centre-launches-emirates-1st-trial-operation-for-autonomous-delivery-vehicles/" "Mozilla/5.0 (Windows NT 10.0; Win64; x64) AppleWebKit/537.36 (KHTML, like Gecko) Chrome/139.0.0.0 Safari/537.36"
111.23.5.34 - - [26/Feb/2026:22:14:46 -0500] "GET /wp-content/plugins/elementskit-lite/widgets/init/assets/js/elementor.js?ver=3.5.0 HTTP/1.1" 200 5290 "https://www.middleeastoday.com/integrated-transport-centre-launches-emirates-1st-trial-operation-for-autonomous-delivery-vehicles/" "Mozilla/5.0 (Windows NT 10.0; Win64; x64) AppleWebKit/537.36 (KHTML, like Gecko) Chrome/139.0.0.0 Safari/537.36"
111.23.5.34 - - [26/Feb/2026:22:14:47 -0500] "GET /wp-content/themes/digiqole/assets/js/all.js?ver=1 HTTP/1.1" 200 35800 "https://www.middleeastoday.com/integrated-transport-centre-launches-emirates-1st-trial-operation-for-autonomous-delivery-vehicles/" "Mozilla/5.0 (Windows NT 10.0; Win64; x64) AppleWebKit/537.36 (KHTML, like Gecko) Chrome/139.0.0.0 Safari/537.36"
111.23.5.34 - - [26/Feb/2026:22:14:43 -0500] "GET /wp-content/themes/digiqole/assets/js/script.js?ver=2.1.1 HTTP/1.1" 200 3554 "https://www.middleeastoday.com/integrated-transport-centre-launches-emirates-1st-trial-operation-for-autonomous-delivery-vehicles/" "Mozilla/5.0 (Windows NT 10.0; Win64; x64) AppleWebKit/537.36 (KHTML, like Gecko) Chrome/139.0.0.0 Safari/537.36"
111.23.5.34 - - [26/Feb/2026:22:14:45 -0500] "GET /wp-content/plugins/elementor-1/assets/lib/waypoints/waypoints.min.js?ver=4.0.2 HTTP/1.1" 200 2867 "https://www.middleeastoday.com/integrated-transport-centre-launches-emirates-1st-trial-operation-for-autonomous-delivery-vehicles/" "Mozilla/5.0 (Windows NT 10.0; Win64; x64) AppleWebKit/537.36 (KHTML, like Gecko) Chrome/139.0.0.0 Safari/537.36"
111.23.5.34 - - [26/Feb/2026:22:14:45 -0500] "GET /wp-content/plugins/elementor-1/assets/js/frontend.min.js?ver=3.21.1 HTTP/1.1" 200 11814 "https://www.middleeastoday.com/integrated-transport-centre-launches-emirates-1st-trial-operation-for-autonomous-delivery-vehicles/" "Mozilla/5.0 (Windows NT 10.0; Win64; x64) AppleWebKit/537.36 (KHTML, like Gecko) Chrome/139.0.0.0 Safari/537.36"
111.23.5.34 - - [26/Feb/2026:22:14:45 -0500] "GET /wp-content/plugins/elementor-pro/assets/js/elements-handlers.min.js?ver=3.6.5 HTTP/1.1" 200 5254 "https://www.middleeastoday.com/integrated-transport-centre-launches-emirates-1st-trial-operation-for-autonomous-delivery-vehicles/" "Mozilla/5.0 (Windows NT 10.0; Win64; x64) AppleWebKit/537.36 (KHTML, like Gecko) Chrome/139.0.0.0 Safari/537.36"
111.23.5.34 - - [26/Feb/2026:22:14:46 -0500] "GET /wp-content/plugins/elementskit-lite/widgets/init/assets/js/animate-circle.min.js?ver=3.5.0 HTTP/1.1" 200 393 "https://www.middleeastoday.com/integrated-transport-centre-launches-emirates-1st-trial-operation-for-autonomous-delivery-vehicles/" "Mozilla/5.0 (Windows NT 10.0; Win64; x64) AppleWebKit/537.36 (KHTML, like Gecko) Chrome/139.0.0.0 Safari/537.36"
54.39.6.97 - - [26/Feb/2026:22:14:48 -0500] "GET /uae-leaders-congratulate-us-president-on-independence-day/ HTTP/1.1" 200 19989 "-" "Mozilla/5.0 (compatible; AhrefsBot/7.0; +http://ahrefs.com/robot/)"
217.113.196.226 - - [26/Feb/2026:22:14:49 -0500] "GET /category/art/page/2/ HTTP/1.1" 200 23168 "-" "Mozilla/5.0 (compatible; IbouBot/1.0; [email protected]; +https://ibou.io/iboubot.html)"
217.113.196.230 - - [26/Feb/2026:22:15:15 -0500] "GET /category/jobs/feed/ HTTP/1.1" 200 490 "-" "Mozilla/5.0 (compatible; IbouBot/1.0; [email protected]; +https://ibou.io/iboubot.html)"
217.113.196.249 - - [26/Feb/2026:22:15:42 -0500] "GET /category/awards/feed/ HTTP/1.1" 200 10325 "-" "Mozilla/5.0 (compatible; IbouBot/1.0; [email protected]; +https://ibou.io/iboubot.html)"
162.213.253.84 - - [26/Feb/2026:22:15:46 -0500] "POST /wp-cron.php?doing_wp_cron=1772162146.7363770008087158203125 HTTP/1.1" 200 0 "-" "WordPress/6.8.1; https://www.middleeastoday.com"
114.119.148.161 - - [26/Feb/2026:22:15:47 -0500] "GET /category/travel-tourism/page/4/ HTTP/1.1" 200 24536 "https://www.middleeastoday.com/?cat=67&paged=6" "Mozilla/5.0 (Linux; Android 7.0;) AppleWebKit/537.36 (KHTML, like Gecko) Mobile Safari/537.36 (compatible; PetalBot;+https://webmaster.petalsearch.com/site/petalbot)"
217.113.196.249 - - [26/Feb/2026:22:16:08 -0500] "GET /category/education/ HTTP/1.1" 200 24169 "-" "Mozilla/5.0 (compatible; IbouBot/1.0; [email protected]; +https://ibou.io/iboubot.html)"
57.141.2.33 - - [26/Feb/2026:22:15:02 -0500] "GET /back-to-back-wins-celebrity-media-strategist-vasu-jit-kalia-dominates-fashion-factor/ HTTP/1.1" 200 105934 "-" "meta-externalagent/1.1 (+https://developers.facebook.com/docs/sharing/webmasters/crawler)"
