144.76.99.104 - - [26/Feb/2026:19:26:27 -0500] "POST /xmlrpc.php HTTP/1.1" 200 205 "-" "Mozilla/5.0 (Windows NT 6.1; WOW64; Trident/7.0; rv:11.0) like Gecko"
162.0.216.102 - - [26/Feb/2026:19:27:39 -0500] "POST /xmlrpc.php HTTP/1.1" 200 205 "-" "Mozilla/5.0 (Windows NT 6.1; WOW64; Trident/7.0; Ypkch32; rv:11.0) like Gecko"
162.213.253.84 - - [26/Feb/2026:19:28:30 -0500] "POST /wp-cron.php?doing_wp_cron=1772152110.2398838996887207031250 HTTP/1.1" 200 0 "-" "WordPress/6.8.1; https://www.middleeastoday.com"
103.56.163.133 - - [26/Feb/2026:19:28:50 -0500] "POST /xmlrpc.php HTTP/1.1" 200 205 "-" "Mozilla/4.0 (compatible; MSIE 7.0; Windows NT 10.0; WOW64; Trident/7.0; .NET4.0C; .NET4.0E)"
213.163.198.92 - - [26/Feb/2026:19:28:58 -0500] "POST /xmlrpc.php HTTP/1.1" 200 0 "-" "Mozilla/4.0 (compatible; MSIE 7.0; Windows NT 10.0; WOW64; Trident/7.0; .NET4.0C; .NET4.0E)"
162.213.253.84 - - [26/Feb/2026:19:29:52 -0500] "POST /wp-cron.php?doing_wp_cron=1772152192.2317349910736083984375 HTTP/1.1" 200 0 "-" "WordPress/6.8.1; https://www.middleeastoday.com"
162.213.253.84 - - [26/Feb/2026:19:29:52 -0500] "POST /wp-admin/admin-ajax.php?action=async_litespeed&nonce=vJL6aGIyLiDtdy3br14H64RuQZFisdDU&litespeed_type=imgoptm HTTP/1.1" 200 21 "-" "WordPress/6.8.1; https://www.middleeastoday.com"
185.191.171.8 - - [26/Feb/2026:19:29:54 -0500] "GET /category/health-2/ HTTP/1.1" 200 24381 "-" "Mozilla/5.0 (compatible; SemrushBot/7~bl; +http://www.semrush.com/bot.html)"
103.74.118.39 - - [26/Feb/2026:19:30:53 -0500] "POST /xmlrpc.php HTTP/1.1" 200 205 "-" "Mozilla/5.0 (Windows NT 6.1; WOW64; Trident/7.0; apetito Gruppe; rv:11.0) like Gecko"
162.213.253.84 - - [26/Feb/2026:19:30:54 -0500] "POST /wp-admin/admin-ajax.php?action=async_litespeed&nonce=5yb8sJ7SHIcoRiEfpGsKhX8YRuPlVYkj&litespeed_type=imgoptm HTTP/1.1" 200 21 "-" "WordPress/6.8.1; https://www.middleeastoday.com"
162.213.253.84 - - [26/Feb/2026:19:31:38 -0500] "POST /wp-cron.php?doing_wp_cron=1772152298.4113769531250000000000 HTTP/1.1" 200 0 "-" "WordPress/6.8.1; https://www.middleeastoday.com"
51.195.5.200 - - [26/Feb/2026:19:31:37 -0500] "POST /xmlrpc.php HTTP/1.1" 200 205 "-" "Mozilla/4.0 (compatible; MSIE 7.0; Windows NT 10.0; WOW64; Trident/7.0; .NET4.0C; .NET4.0E)"
74.91.223.129 - - [26/Feb/2026:19:31:43 -0500] "POST /xmlrpc.php HTTP/1.1" 200 205 "-" "Mozilla/5.0 (Macintosh; Intel Mac OS X 10_11_6) AppleWebKit/537.36 (KHTML, like Gecko) Chrome/66.0.3359.117 Safari/537.36"
176.31.224.40 - - [26/Feb/2026:19:31:51 -0500] "POST /xmlrpc.php HTTP/1.1" 200 205 "-" "Mozilla/5.0 (Windows NT 6.1; WOW64; Trident/7.0; ASJB; ASJB; MAAU; rv:11.0) like Gecko"
162.213.253.84 - - [26/Feb/2026:19:32:25 -0500] "POST /wp-cron.php?doing_wp_cron=1772152345.2709629535675048828125 HTTP/1.1" 200 0 "-" "WordPress/6.8.1; https://www.middleeastoday.com"
162.213.253.84 - - [26/Feb/2026:19:32:27 -0500] "POST /wp-cron.php?doing_wp_cron=1772152347.4769089221954345703125 HTTP/1.1" 200 0 "-" "WordPress/6.8.1; https://www.middleeastoday.com"
185.252.28.31 - - [26/Feb/2026:19:32:26 -0500] "POST /wp-login.php HTTP/1.1" 200 1889 "https://middleeastoday.com/wp-login.php" "Mozilla/5.0 (Windows NT 6.1; WOW64; Trident/7.0; QwestIE8x64; rv:11.0) like Gecko"
180.121.103.38 - - [26/Feb/2026:19:33:05 -0500] "GET /category/art/ HTTP/1.1" 200 21457 "-" "Mozilla/5.0 (Macintosh; Intel Mac OS X 10_15_7) AppleWebKit/537.36 (KHTML, like Gecko) Chrome/140.0.0.0 Safari/537.36"
162.213.253.84 - - [26/Feb/2026:19:33:33 -0500] "POST /wp-admin/admin-ajax.php?action=async_litespeed&nonce=XbPRa45aNBIjz8BdFO0ymmg4DUjoI3UI&litespeed_type=imgoptm HTTP/1.1" 200 21 "-" "WordPress/6.8.1; https://www.middleeastoday.com"
135.181.100.111 - - [26/Feb/2026:19:33:48 -0500] "POST /xmlrpc.php HTTP/1.1" 200 205 "-" "Mozilla/5.0 (Windows NT 6.1; WOW64; Trident/7.0; ASJB; ASJB; MAAU; rv:11.0) like Gecko"
103.56.163.133 - - [26/Feb/2026:19:33:54 -0500] "POST /xmlrpc.php HTTP/1.1" 200 205 "-" "Mozilla/5.0 (Windows NT 6.1; WOW64; Trident/7.0; apetito Gruppe; rv:11.0) like Gecko"
51.91.83.166 - - [26/Feb/2026:19:29:14 -0500] "POST /xmlrpc.php HTTP/1.1" 200 205 "-" "Mozilla/5.0 (Windows NT 10.0; Win64; x64) AppleWebKit/537.36 (KHTML, like Gecko) Chrome/64.0.3282.168 Safari/537.36 OPR/51.0.2830.40"
213.163.198.92 - - [26/Feb/2026:19:29:14 -0500] "POST /xmlrpc.php HTTP/1.1" 200 205 "-" "Mozilla/4.0 (compatible; MSIE 7.0; Windows NT 10.0; WOW64; Trident/7.0; .NET4.0C; .NET4.0E)"
142.44.233.58 - - [26/Feb/2026:19:29:51 -0500] "GET /frances-macron-launches-bid-for-second-term-as-president/ HTTP/1.1" 200 20076 "-" "Mozilla/5.0 (compatible; AhrefsBot/7.0; +http://ahrefs.com/robot/)"
162.213.253.84 - - [26/Feb/2026:19:30:53 -0500] "POST /wp-cron.php?doing_wp_cron=1772152253.8892080783843994140625 HTTP/1.1" 200 0 "-" "WordPress/6.8.1; https://www.middleeastoday.com"
162.213.253.84 - - [26/Feb/2026:19:31:38 -0500] "POST /wp-admin/admin-ajax.php?action=async_litespeed&nonce=AysOkxSZ8CPteWZ2rl9rqJ6AVWxMZuzc&litespeed_type=imgoptm HTTP/1.1" 200 21 "-" "WordPress/6.8.1; https://www.middleeastoday.com"
162.213.253.84 - - [26/Feb/2026:19:31:43 -0500] "POST /wp-cron.php?doing_wp_cron=1772152303.8843369483947753906250 HTTP/1.1" 200 0 "-" "WordPress/6.8.1; https://www.middleeastoday.com"
15.235.27.127 - - [26/Feb/2026:19:32:24 -0500] "GET /asas-real-estate-launches-second-phase-sales-of-al-rahmaniyah-commercial-lands/ HTTP/1.1" 200 20451 "-" "Mozilla/5.0 (compatible; AhrefsBot/7.0; +http://ahrefs.com/robot/)"
185.252.28.31 - - [26/Feb/2026:19:32:26 -0500] "GET /wp-login.php HTTP/1.1" 200 1792 "-" "Mozilla/5.0 (Windows NT 6.1; WOW64; Trident/7.0; QwestIE8x64; rv:11.0) like Gecko"
162.213.253.84 - - [26/Feb/2026:19:32:25 -0500] "POST /wp-admin/admin-ajax.php?action=async_litespeed&nonce=UkOaHTxdB1MLVg8kTyG15xjufeg1F0ti&litespeed_type=imgoptm HTTP/1.1" 200 21 "-" "WordPress/6.8.1; https://www.middleeastoday.com"
185.115.33.212 - - [26/Feb/2026:19:32:31 -0500] "POST /xmlrpc.php HTTP/1.1" 200 205 "-" "Mozilla/5.0 (Windows NT 10.0) AppleWebKit/537.36 (KHTML, like Gecko) Chrome/66.0.3359.139 Safari/537.36"
51.91.83.166 - - [26/Feb/2026:19:33:18 -0500] "POST /xmlrpc.php HTTP/1.1" 200 205 "-" "Mozilla/5.0 (Windows NT 10.0) AppleWebKit/537.36 (KHTML, like Gecko) Chrome/66.0.3359.139 Safari/537.36"
162.213.253.84 - - [26/Feb/2026:19:33:33 -0500] "POST /wp-cron.php?doing_wp_cron=1772152413.1702790260314941406250 HTTP/1.1" 200 0 "-" "WordPress/6.8.1; https://www.middleeastoday.com"
213.163.198.92 - - [26/Feb/2026:19:33:32 -0500] "POST /xmlrpc.php HTTP/1.1" 200 205 "-" "Mozilla/5.0 (Macintosh; Intel Mac OS X 10_11_6) AppleWebKit/537.36 (KHTML, like Gecko) Chrome/66.0.3359.117 Safari/537.36"
162.213.253.84 - - [26/Feb/2026:19:33:42 -0500] "POST /wp-cron.php?doing_wp_cron=1772152421.9969210624694824218750 HTTP/1.1" 200 0 "-" "WordPress/6.8.1; https://www.middleeastoday.com"
213.163.198.92 - - [26/Feb/2026:19:33:41 -0500] "POST /xmlrpc.php HTTP/1.1" 200 205 "-" "Mozilla/5.0 (Macintosh; Intel Mac OS X 10_11_6) AppleWebKit/537.36 (KHTML, like Gecko) Chrome/66.0.3359.117 Safari/537.36"
185.115.33.212 - - [26/Feb/2026:19:34:00 -0500] "POST /xmlrpc.php HTTP/1.1" 200 205 "-" "Mozilla/5.0 (Windows NT 6.1; WOW64; Trident/7.0; rv:11.0) like Gecko"
117.69.72.154 - - [26/Feb/2026:19:34:09 -0500] "GET /category/news/ HTTP/1.1" 200 19224 "-" "Mozilla/5.0 (Windows NT 10.0; Win64; x64) AppleWebKit/537.36 (KHTML, like Gecko) Chrome/139.0.0.0 Safari/537.36"
117.69.72.154 - - [26/Feb/2026:19:34:09 -0500] "GET /wp-includes/css/dist/block-library/style.min.css?ver=6.8.1 HTTP/1.1" 200 14358 "https://www.middleeastoday.com/category/news/" "Mozilla/5.0 (Windows NT 10.0; Win64; x64) AppleWebKit/537.36 (KHTML, like Gecko) Chrome/139.0.0.0 Safari/537.36"
117.69.72.154 - - [26/Feb/2026:19:34:09 -0500] "GET /wp-content/plugins/accesspress-social-counter/css/frontend.css?ver=1.9.2 HTTP/1.1" 200 2295 "https://www.middleeastoday.com/category/news/" "Mozilla/5.0 (Windows NT 10.0; Win64; x64) AppleWebKit/537.36 (KHTML, like Gecko) Chrome/139.0.0.0 Safari/537.36"
117.69.72.154 - - [26/Feb/2026:19:34:09 -0500] "GET /wp-content/plugins/elementor-1/assets/css/frontend-lite.min.css?ver=3.21.1 HTTP/1.1" 200 13067 "https://www.middleeastoday.com/category/news/" "Mozilla/5.0 (Windows NT 10.0; Win64; x64) AppleWebKit/537.36 (KHTML, like Gecko) Chrome/139.0.0.0 Safari/537.36"
117.69.72.154 - - [26/Feb/2026:19:34:09 -0500] "GET /wp-content/plugins/accesspress-social-counter/css/fontawesome-all.css?ver=1.9.2 HTTP/1.1" 200 8084 "https://www.middleeastoday.com/category/news/" "Mozilla/5.0 (Windows NT 10.0; Win64; x64) AppleWebKit/537.36 (KHTML, like Gecko) Chrome/139.0.0.0 Safari/537.36"
117.69.72.154 - - [26/Feb/2026:19:34:09 -0500] "GET /wp-content/uploads/elementor/css/post-3932.css?ver=1762520240 HTTP/1.1" 200 1066 "https://www.middleeastoday.com/category/news/" "Mozilla/5.0 (Windows NT 10.0; Win64; x64) AppleWebKit/537.36 (KHTML, like Gecko) Chrome/139.0.0.0 Safari/537.36"
117.69.72.154 - - [26/Feb/2026:19:34:09 -0500] "GET /wp-content/themes/digiqole/assets/css/master.css?ver=2.1.1 HTTP/1.1" 200 43295 "https://www.middleeastoday.com/category/news/" "Mozilla/5.0 (Windows NT 10.0; Win64; x64) AppleWebKit/537.36 (KHTML, like Gecko) Chrome/139.0.0.0 Safari/537.36"
117.69.72.154 - - [26/Feb/2026:19:34:09 -0500] "GET /wp-content/plugins/elementor-1/assets/lib/font-awesome/css/fontawesome.min.css?ver=5.15.3 HTTP/1.1" 200 12164 "https://www.middleeastoday.com/category/news/" "Mozilla/5.0 (Windows NT 10.0; Win64; x64) AppleWebKit/537.36 (KHTML, like Gecko) Chrome/139.0.0.0 Safari/537.36"
117.69.72.154 - - [26/Feb/2026:19:34:09 -0500] "GET /wp-content/plugins/elementskit-lite/widgets/init/assets/css/widget-styles.css?ver=3.5.0 HTTP/1.1" 200 48223 "https://www.middleeastoday.com/category/news/" "Mozilla/5.0 (Windows NT 10.0; Win64; x64) AppleWebKit/537.36 (KHTML, like Gecko) Chrome/139.0.0.0 Safari/537.36"
117.69.72.154 - - [26/Feb/2026:19:34:09 -0500] "GET /wp-content/plugins/elementskit-lite/widgets/init/assets/css/responsive.css?ver=3.5.0 HTTP/1.1" 200 2859 "https://www.middleeastoday.com/category/news/" "Mozilla/5.0 (Windows NT 10.0; Win64; x64) AppleWebKit/537.36 (KHTML, like Gecko) Chrome/139.0.0.0 Safari/537.36"
117.69.72.154 - - [26/Feb/2026:19:34:09 -0500] "GET /wp-content/themes/digiqole/assets/css/all.css?ver=2.1.1 HTTP/1.1" 200 7048 "https://www.middleeastoday.com/category/news/" "Mozilla/5.0 (Windows NT 10.0; Win64; x64) AppleWebKit/537.36 (KHTML, like Gecko) Chrome/139.0.0.0 Safari/537.36"
117.69.72.154 - - [26/Feb/2026:19:34:09 -0500] "GET /wp-includes/js/jquery/jquery-migrate.min.js?ver=3.4.1 HTTP/1.1" 200 4678 "https://www.middleeastoday.com/category/news/" "Mozilla/5.0 (Windows NT 10.0; Win64; x64) AppleWebKit/537.36 (KHTML, like Gecko) Chrome/139.0.0.0 Safari/537.36"
117.69.72.154 - - [26/Feb/2026:19:34:10 -0500] "GET /wp-content/plugins/elementor-1/assets/lib/eicons/css/elementor-icons.min.css?ver=5.29.0 HTTP/1.1" 200 3724 "https://www.middleeastoday.com/category/news/" "Mozilla/5.0 (Windows NT 10.0; Win64; x64) AppleWebKit/537.36 (KHTML, like Gecko) Chrome/139.0.0.0 Safari/537.36"
117.69.72.154 - - [26/Feb/2026:19:34:13 -0500] "GET /wp-content/uploads/elementor/css/global.css?ver=1747657840 HTTP/1.1" 200 3340 "https://www.middleeastoday.com/category/news/" "Mozilla/5.0 (Windows NT 10.0; Win64; x64) AppleWebKit/537.36 (KHTML, like Gecko) Chrome/139.0.0.0 Safari/537.36"
117.69.72.154 - - [26/Feb/2026:19:34:13 -0500] "GET /wp-content/plugins/elementor-1/assets/lib/animations/animations.min.css?ver=3.21.1 HTTP/1.1" 200 2442 "https://www.middleeastoday.com/category/news/" "Mozilla/5.0 (Windows NT 10.0; Win64; x64) AppleWebKit/537.36 (KHTML, like Gecko) Chrome/139.0.0.0 Safari/537.36"
117.69.72.154 - - [26/Feb/2026:19:34:13 -0500] "GET /wp-includes/js/dist/hooks.min.js?ver=4d63a3d491d11ffd8ac6 HTTP/1.1" 200 1571 "https://www.middleeastoday.com/category/news/" "Mozilla/5.0 (Windows NT 10.0; Win64; x64) AppleWebKit/537.36 (KHTML, like Gecko) Chrome/139.0.0.0 Safari/537.36"
117.69.72.154 - - [26/Feb/2026:19:34:09 -0500] "GET /wp-content/plugins/contact-form-7/includes/css/styles.css?ver=6.0.6 HTTP/1.1" 200 890 "https://www.middleeastoday.com/category/news/" "Mozilla/5.0 (Windows NT 10.0; Win64; x64) AppleWebKit/537.36 (KHTML, like Gecko) Chrome/139.0.0.0 Safari/537.36"
117.69.72.154 - - [26/Feb/2026:19:34:09 -0500] "GET /wp-content/plugins/elementor-1/assets/lib/font-awesome/css/solid.min.css?ver=5.15.3 HTTP/1.1" 200 286 "https://www.middleeastoday.com/category/news/" "Mozilla/5.0 (Windows NT 10.0; Win64; x64) AppleWebKit/537.36 (KHTML, like Gecko) Chrome/139.0.0.0 Safari/537.36"
117.69.72.154 - - [26/Feb/2026:19:34:09 -0500] "GET /wp-content/plugins/elementskit-lite/modules/elementskit-icon-pack/assets/css/ekiticons.css?ver=3.5.0 HTTP/1.1" 200 11776 "https://www.middleeastoday.com/category/news/" "Mozilla/5.0 (Windows NT 10.0; Win64; x64) AppleWebKit/537.36 (KHTML, like Gecko) Chrome/139.0.0.0 Safari/537.36"
117.69.72.154 - - [26/Feb/2026:19:34:09 -0500] "GET /wp-content/themes/digiqole/assets/css/icon-font.css?ver=2.1.1 HTTP/1.1" 200 1106 "https://www.middleeastoday.com/category/news/" "Mozilla/5.0 (Windows NT 10.0; Win64; x64) AppleWebKit/537.36 (KHTML, like Gecko) Chrome/139.0.0.0 Safari/537.36"
117.69.72.154 - - [26/Feb/2026:19:34:09 -0500] "GET /wp-content/themes/digiqole/assets/css/bootstrap.min.css?ver=2.1.1 HTTP/1.1" 200 18543 "https://www.middleeastoday.com/category/news/" "Mozilla/5.0 (Windows NT 10.0; Win64; x64) AppleWebKit/537.36 (KHTML, like Gecko) Chrome/139.0.0.0 Safari/537.36"
117.69.72.154 - - [26/Feb/2026:19:34:09 -0500] "GET /wp-includes/js/jquery/jquery.min.js?ver=3.7.1 HTTP/1.1" 200 29744 "https://www.middleeastoday.com/category/news/" "Mozilla/5.0 (Windows NT 10.0; Win64; x64) AppleWebKit/537.36 (KHTML, like Gecko) Chrome/139.0.0.0 Safari/537.36"
117.69.72.154 - - [26/Feb/2026:19:34:09 -0500] "GET /wp-content/plugins/elementor-pro/assets/css/widget-nav-menu.min.css HTTP/1.1" 200 3279 "https://www.middleeastoday.com/category/news/" "Mozilla/5.0 (Windows NT 10.0; Win64; x64) AppleWebKit/537.36 (KHTML, like Gecko) Chrome/139.0.0.0 Safari/537.36"
117.69.72.154 - - [26/Feb/2026:19:34:12 -0500] "GET /wp-content/plugins/elementor-1/assets/lib/swiper/v8/css/swiper.min.css?ver=8.4.5 HTTP/1.1" 200 4248 "https://www.middleeastoday.com/category/news/" "Mozilla/5.0 (Windows NT 10.0; Win64; x64) AppleWebKit/537.36 (KHTML, like Gecko) Chrome/139.0.0.0 Safari/537.36"
117.69.72.154 - - [26/Feb/2026:19:34:12 -0500] "GET /wp-content/uploads/elementor/css/post-9.css?ver=1747657839 HTTP/1.1" 200 334 "https://www.middleeastoday.com/category/news/" "Mozilla/5.0 (Windows NT 10.0; Win64; x64) AppleWebKit/537.36 (KHTML, like Gecko) Chrome/139.0.0.0 Safari/537.36"
117.69.72.154 - - [26/Feb/2026:19:34:13 -0500] "GET /wp-content/plugins/elementor-pro/assets/css/frontend-lite.min.css?ver=3.6.5 HTTP/1.1" 200 1505 "https://www.middleeastoday.com/category/news/" "Mozilla/5.0 (Windows NT 10.0; Win64; x64) AppleWebKit/537.36 (KHTML, like Gecko) Chrome/139.0.0.0 Safari/537.36"
117.69.72.154 - - [26/Feb/2026:19:34:13 -0500] "GET /wp-includes/js/dist/i18n.min.js?ver=5e580eb46a90c2b997e6 HTTP/1.1" 200 3542 "https://www.middleeastoday.com/category/news/" "Mozilla/5.0 (Windows NT 10.0; Win64; x64) AppleWebKit/537.36 (KHTML, like Gecko) Chrome/139.0.0.0 Safari/537.36"
117.69.72.154 - - [26/Feb/2026:19:34:14 -0500] "GET /wp-content/plugins/elementskit-lite/libs/framework/assets/js/frontend-script.js?ver=3.5.0 HTTP/1.1" 200 40 "https://www.middleeastoday.com/category/news/" "Mozilla/5.0 (Windows NT 10.0; Win64; x64) AppleWebKit/537.36 (KHTML, like Gecko) Chrome/139.0.0.0 Safari/537.36"
117.69.72.154 - - [26/Feb/2026:19:34:15 -0500] "GET /wp-content/themes/digiqole/assets/js/swiper.min.js?ver=2.1.1 HTTP/1.1" 200 34003 "https://www.middleeastoday.com/category/news/" "Mozilla/5.0 (Windows NT 10.0; Win64; x64) AppleWebKit/537.36 (KHTML, like Gecko) Chrome/139.0.0.0 Safari/537.36"
117.69.72.154 - - [26/Feb/2026:19:34:16 -0500] "GET /wp-content/plugins/elementor-pro/assets/js/webpack-pro.runtime.min.js?ver=3.6.5 HTTP/1.1" 200 2174 "https://www.middleeastoday.com/category/news/" "Mozilla/5.0 (Windows NT 10.0; Win64; x64) AppleWebKit/537.36 (KHTML, like Gecko) Chrome/139.0.0.0 Safari/537.36"
117.69.72.154 - - [26/Feb/2026:19:34:16 -0500] "GET /wp-content/plugins/elementor-1/assets/js/webpack.runtime.min.js?ver=3.21.1 HTTP/1.1" 200 2071 "https://www.middleeastoday.com/category/news/" "Mozilla/5.0 (Windows NT 10.0; Win64; x64) AppleWebKit/537.36 (KHTML, like Gecko) Chrome/139.0.0.0 Safari/537.36"
117.69.72.154 - - [26/Feb/2026:19:34:17 -0500] "GET /wp-content/plugins/elementor-1/assets/js/frontend-modules.min.js?ver=3.21.1 HTTP/1.1" 200 17087 "https://www.middleeastoday.com/category/news/" "Mozilla/5.0 (Windows NT 10.0; Win64; x64) AppleWebKit/537.36 (KHTML, like Gecko) Chrome/139.0.0.0 Safari/537.36"
117.69.72.154 - - [26/Feb/2026:19:34:17 -0500] "GET /wp-content/plugins/elementor-pro/assets/js/frontend.min.js?ver=3.6.5 HTTP/1.1" 200 5328 "https://www.middleeastoday.com/category/news/" "Mozilla/5.0 (Windows NT 10.0; Win64; x64) AppleWebKit/537.36 (KHTML, like Gecko) Chrome/139.0.0.0 Safari/537.36"
117.69.72.154 - - [26/Feb/2026:19:34:17 -0500] "GET /wp-content/plugins/elementor-pro/assets/js/elements-handlers.min.js?ver=3.6.5 HTTP/1.1" 200 5254 "https://www.middleeastoday.com/category/news/" "Mozilla/5.0 (Windows NT 10.0; Win64; x64) AppleWebKit/537.36 (KHTML, like Gecko) Chrome/139.0.0.0 Safari/537.36"
117.69.72.154 - - [26/Feb/2026:19:34:18 -0500] "GET /wp-content/plugins/elementskit-lite/widgets/init/assets/js/animate-circle.min.js?ver=3.5.0 HTTP/1.1" 200 393 "https://www.middleeastoday.com/category/news/" "Mozilla/5.0 (Windows NT 10.0; Win64; x64) AppleWebKit/537.36 (KHTML, like Gecko) Chrome/139.0.0.0 Safari/537.36"
117.69.72.154 - - [26/Feb/2026:19:34:18 -0500] "GET /wp-content/plugins/elementskit-lite/widgets/init/assets/js/elementor.js?ver=3.5.0 HTTP/1.1" 200 5290 "https://www.middleeastoday.com/category/news/" "Mozilla/5.0 (Windows NT 10.0; Win64; x64) AppleWebKit/537.36 (KHTML, like Gecko) Chrome/139.0.0.0 Safari/537.36"
117.69.72.154 - - [26/Feb/2026:19:34:19 -0500] "GET /wp-content/themes/digiqole/assets/js/all.js?ver=1 HTTP/1.1" 200 35800 "https://www.middleeastoday.com/category/news/" "Mozilla/5.0 (Windows NT 10.0; Win64; x64) AppleWebKit/537.36 (KHTML, like Gecko) Chrome/139.0.0.0 Safari/537.36"
213.160.71.26 - - [26/Feb/2026:19:34:22 -0500] "POST /xmlrpc.php HTTP/1.1" 200 205 "-" "Mozilla/5.0 (Windows NT 6.1; WOW64; rv:61.0) Gecko/20100101 Firefox/61.0"
185.191.171.3 - - [26/Feb/2026:19:34:25 -0500] "GET /mohammed-bin-rashid-tours-dubai-international-boat-show-2022/ HTTP/1.1" 200 23560 "-" "Mozilla/5.0 (compatible; SemrushBot/7~bl; +http://www.semrush.com/bot.html)"
117.69.72.154 - - [26/Feb/2026:19:34:13 -0500] "GET /wp-content/plugins/contact-form-7/includes/swv/js/index.js?ver=6.0.6 HTTP/1.1" 200 3369 "https://www.middleeastoday.com/category/news/" "Mozilla/5.0 (Windows NT 10.0; Win64; x64) AppleWebKit/537.36 (KHTML, like Gecko) Chrome/139.0.0.0 Safari/537.36"
117.69.72.154 - - [26/Feb/2026:19:34:14 -0500] "GET /wp-content/plugins/contact-form-7/includes/js/index.js?ver=6.0.6 HTTP/1.1" 200 4008 "https://www.middleeastoday.com/category/news/" "Mozilla/5.0 (Windows NT 10.0; Win64; x64) AppleWebKit/537.36 (KHTML, like Gecko) Chrome/139.0.0.0 Safari/537.36"
117.69.72.154 - - [26/Feb/2026:19:34:14 -0500] "GET /wp-content/plugins/elementskit-lite/widgets/init/assets/js/widget-scripts.js?ver=3.5.0 HTTP/1.1" 200 40425 "https://www.middleeastoday.com/category/news/" "Mozilla/5.0 (Windows NT 10.0; Win64; x64) AppleWebKit/537.36 (KHTML, like Gecko) Chrome/139.0.0.0 Safari/537.36"
117.69.72.154 - - [26/Feb/2026:19:34:14 -0500] "GET /wp-content/themes/digiqole/assets/js/bootstrap.min.js?ver=2.1.1 HTTP/1.1" 200 12542 "https://www.middleeastoday.com/category/news/" "Mozilla/5.0 (Windows NT 10.0; Win64; x64) AppleWebKit/537.36 (KHTML, like Gecko) Chrome/139.0.0.0 Safari/537.36"
117.69.72.154 - - [26/Feb/2026:19:34:15 -0500] "GET /wp-content/themes/digiqole/assets/js/fontfaceobserver.js?ver=1 HTTP/1.1" 200 2024 "https://www.middleeastoday.com/category/news/" "Mozilla/5.0 (Windows NT 10.0; Win64; x64) AppleWebKit/537.36 (KHTML, like Gecko) Chrome/139.0.0.0 Safari/537.36"
117.69.72.154 - - [26/Feb/2026:19:34:16 -0500] "GET /wp-content/themes/digiqole/assets/js/script.js?ver=2.1.1 HTTP/1.1" 200 3554 "https://www.middleeastoday.com/category/news/" "Mozilla/5.0 (Windows NT 10.0; Win64; x64) AppleWebKit/537.36 (KHTML, like Gecko) Chrome/139.0.0.0 Safari/537.36"
117.69.72.154 - - [26/Feb/2026:19:34:16 -0500] "GET /wp-content/plugins/elementor-pro/assets/lib/smartmenus/jquery.smartmenus.min.js?ver=1.0.1 HTTP/1.1" 200 6935 "https://www.middleeastoday.com/category/news/" "Mozilla/5.0 (Windows NT 10.0; Win64; x64) AppleWebKit/537.36 (KHTML, like Gecko) Chrome/139.0.0.0 Safari/537.36"
117.69.72.154 - - [26/Feb/2026:19:34:17 -0500] "GET /wp-content/plugins/elementor-1/assets/lib/waypoints/waypoints.min.js?ver=4.0.2 HTTP/1.1" 200 2867 "https://www.middleeastoday.com/category/news/" "Mozilla/5.0 (Windows NT 10.0; Win64; x64) AppleWebKit/537.36 (KHTML, like Gecko) Chrome/139.0.0.0 Safari/537.36"
117.69.72.154 - - [26/Feb/2026:19:34:17 -0500] "GET /wp-includes/js/jquery/ui/core.min.js?ver=1.13.3 HTTP/1.1" 200 6812 "https://www.middleeastoday.com/category/news/" "Mozilla/5.0 (Windows NT 10.0; Win64; x64) AppleWebKit/537.36 (KHTML, like Gecko) Chrome/139.0.0.0 Safari/537.36"
117.69.72.154 - - [26/Feb/2026:19:34:17 -0500] "GET /wp-content/plugins/elementor-1/assets/js/frontend.min.js?ver=3.21.1 HTTP/1.1" 200 11814 "https://www.middleeastoday.com/category/news/" "Mozilla/5.0 (Windows NT 10.0; Win64; x64) AppleWebKit/537.36 (KHTML, like Gecko) Chrome/139.0.0.0 Safari/537.36"
117.69.72.154 - - [26/Feb/2026:19:34:18 -0500] "GET /wp-content/themes/digiqole/assets/js/elementor.js?ver=2.1.1 HTTP/1.1" 200 2472 "https://www.middleeastoday.com/category/news/" "Mozilla/5.0 (Windows NT 10.0; Win64; x64) AppleWebKit/537.36 (KHTML, like Gecko) Chrome/139.0.0.0 Safari/537.36"
162.213.253.84 - - [26/Feb/2026:19:34:23 -0500] "POST /wp-cron.php?doing_wp_cron=1772152463.4130439758300781250000 HTTP/1.1" 200 0 "-" "WordPress/6.8.1; https://www.middleeastoday.com"
162.213.253.84 - - [26/Feb/2026:19:34:24 -0500] "POST /wp-admin/admin-ajax.php?action=async_litespeed&nonce=g1HOhQs5RmF0IeGKc6zIXqJO4q3DDXJ0&litespeed_type=imgoptm HTTP/1.1" 200 21 "-" "WordPress/6.8.1; https://www.middleeastoday.com"
54.242.83.26 - - [26/Feb/2026:19:35:25 -0500] "GET /category/uncategorized/ HTTP/1.1" 200 121982 "-" "Mozilla/4.0 (compatible; MSIE 7.0; Windows NT 6.0) Mozilla/5.0 (Windows NT 10.0; Win64; x64) AppleWebKit/537.36 (KHTML, like Gecko) Chrome/91.0.4472.124 Safari/537.36"
54.242.83.26 - - [26/Feb/2026:19:35:29 -0500] "GET /category/travel-tourism/destinations/ HTTP/1.1" 200 123182 "-" "Mozilla/4.0 (compatible; MSIE 7.0; Windows NT 6.0) Mozilla/5.0 (Windows NT 10.0; Win64; x64) AppleWebKit/537.36 (KHTML, like Gecko) Chrome/91.0.4472.124 Safari/537.36"
54.242.83.26 - - [26/Feb/2026:19:35:30 -0500] "GET /category/exhibitions/ HTTP/1.1" 200 122723 "-" "Mozilla/4.0 (compatible; MSIE 7.0; Windows NT 6.0) Mozilla/5.0 (Windows NT 10.0; Win64; x64) AppleWebKit/537.36 (KHTML, like Gecko) Chrome/91.0.4472.124 Safari/537.36"
54.242.83.26 - - [26/Feb/2026:19:35:34 -0500] "GET /category/news/ HTTP/1.1" 200 101420 "-" "Mozilla/4.0 (compatible; MSIE 7.0; Windows NT 6.0) Mozilla/5.0 (Windows NT 10.0; Win64; x64) AppleWebKit/537.36 (KHTML, like Gecko) Chrome/91.0.4472.124 Safari/537.36"
54.242.83.26 - - [26/Feb/2026:19:35:57 -0500] "GET /category/travel-tourism/ HTTP/1.1" 200 123600 "-" "Mozilla/4.0 (compatible; MSIE 7.0; Windows NT 6.0) Mozilla/5.0 (Windows NT 10.0; Win64; x64) AppleWebKit/537.36 (KHTML, like Gecko) Chrome/91.0.4472.124 Safari/537.36"
54.242.83.26 - - [26/Feb/2026:19:36:00 -0500] "GET /category/press-releases/ HTTP/1.1" 200 99009 "-" "Mozilla/4.0 (compatible; MSIE 7.0; Windows NT 6.0) Mozilla/5.0 (Windows NT 10.0; Win64; x64) AppleWebKit/537.36 (KHTML, like Gecko) Chrome/91.0.4472.124 Safari/537.36"
54.242.83.26 - - [26/Feb/2026:19:36:01 -0500] "GET /category/conferences/ HTTP/1.1" 200 111702 "-" "Mozilla/4.0 (compatible; MSIE 7.0; Windows NT 6.0) Mozilla/5.0 (Windows NT 10.0; Win64; x64) AppleWebKit/537.36 (KHTML, like Gecko) Chrome/91.0.4472.124 Safari/537.36"
162.19.11.126 - - [26/Feb/2026:19:36:36 -0500] "GET /wp-login.php HTTP/1.1" 200 1792 "-" "Mozilla/4.0 (compatible; MSIE 7.0; Windows NT 6.2; WOW64; Trident/7.0; .NET4.0C; .NET4.0E; .NET CLR 2.0.50727; .NET CLR 3.0.30729; .NET CLR 3.5.30729; InfoPath.2; Creative AutoUpdate v1.41.07)"
162.213.253.84 - - [26/Feb/2026:19:36:37 -0500] "POST /wp-cron.php?doing_wp_cron=1772152597.6244130134582519531250 HTTP/1.1" 200 0 "-" "WordPress/6.8.1; https://www.middleeastoday.com"
162.19.11.126 - - [26/Feb/2026:19:36:37 -0500] "POST /wp-login.php HTTP/1.1" 200 1889 "https://middleeastoday.com/wp-login.php" "Mozilla/4.0 (compatible; MSIE 7.0; Windows NT 6.2; WOW64; Trident/7.0; .NET4.0C; .NET4.0E; .NET CLR 2.0.50727; .NET CLR 3.0.30729; .NET CLR 3.5.30729; InfoPath.2; Creative AutoUpdate v1.41.07)"
162.213.253.84 - - [26/Feb/2026:19:36:38 -0500] "POST /wp-admin/admin-ajax.php?action=async_litespeed&nonce=cOs3bxgNhesOQ4jzIwyeRMViITNfhYwj&litespeed_type=imgoptm HTTP/1.1" 200 21 "-" "WordPress/6.8.1; https://www.middleeastoday.com"
162.19.11.126 - - [26/Feb/2026:19:37:00 -0500] "POST /xmlrpc.php HTTP/1.1" 200 205 "-" "Mozilla/5.0 (Windows NT 6.1; WOW64; Trident/7.0; ASJB; ASJB; MAAU; rv:11.0) like Gecko"
162.213.253.84 - - [26/Feb/2026:19:37:23 -0500] "POST /wp-cron.php?doing_wp_cron=1772152643.2846488952636718750000 HTTP/1.1" 200 0 "-" "WordPress/6.8.1; https://www.middleeastoday.com"
162.213.253.84 - - [26/Feb/2026:19:37:23 -0500] "POST /wp-admin/admin-ajax.php?action=async_litespeed&nonce=zftXOS1Cz72I1rGvMEMxzR10yc0vHDSD&litespeed_type=imgoptm HTTP/1.1" 200 21 "-" "WordPress/6.8.1; https://www.middleeastoday.com"
162.213.253.84 - - [26/Feb/2026:19:37:34 -0500] "POST /wp-cron.php?doing_wp_cron=1772152654.7166249752044677734375 HTTP/1.1" 200 0 "-" "WordPress/6.8.1; https://www.middleeastoday.com"
54.242.83.26 - - [26/Feb/2026:19:37:38 -0500] "GET /category/articles/ HTTP/1.1" 200 101387 "-" "Mozilla/4.0 (compatible; MSIE 7.0; Windows NT 6.0) Mozilla/5.0 (Windows NT 10.0; Win64; x64) AppleWebKit/537.36 (KHTML, like Gecko) Chrome/91.0.4472.124 Safari/537.36"
185.191.171.12 - - [26/Feb/2026:19:34:45 -0500] "GET /uae-ambassador-presents-credentials-to-chairman-of-libyan-presidential-council/ HTTP/1.1" 200 23256 "-" "Mozilla/5.0 (compatible; SemrushBot/7~bl; +http://www.semrush.com/bot.html)"
54.242.83.26 - - [26/Feb/2026:19:35:23 -0500] "GET /category/music-concerts/ HTTP/1.1" 200 101699 "-" "Mozilla/4.0 (compatible; MSIE 7.0; Windows NT 6.0) Mozilla/5.0 (Windows NT 10.0; Win64; x64) AppleWebKit/537.36 (KHTML, like Gecko) Chrome/91.0.4472.124 Safari/537.36"
54.242.83.26 - - [26/Feb/2026:19:35:27 -0500] "GET /category/home_side/ HTTP/1.1" 200 121861 "-" "Mozilla/4.0 (compatible; MSIE 7.0; Windows NT 6.0) Mozilla/5.0 (Windows NT 10.0; Win64; x64) AppleWebKit/537.36 (KHTML, like Gecko) Chrome/91.0.4472.124 Safari/537.36"
162.213.253.84 - - [26/Feb/2026:19:36:41 -0500] "POST /wp-cron.php?doing_wp_cron=1772152601.4170539379119873046875 HTTP/1.1" 200 0 "-" "WordPress/6.8.1; https://www.middleeastoday.com"
212.47.70.96 - - [26/Feb/2026:19:36:40 -0500] "POST /xmlrpc.php HTTP/1.1" 200 205 "-" "Mozilla/5.0 (Macintosh; Intel Mac OS X 10_11_6) AppleWebKit/537.36 (KHTML, like Gecko) Chrome/66.0.3359.117 Safari/537.36"
51.222.158.107 - - [26/Feb/2026:19:37:10 -0500] "POST /xmlrpc.php HTTP/1.1" 200 205 "-" "Mozilla/5.0 (Windows NT 6.3; Win64; x64; Trident/7.0; rv:11.0) like Gecko"
103.55.124.200 - - [26/Feb/2026:19:37:22 -0500] "POST /xmlrpc.php HTTP/1.1" 200 205 "-" "Mozilla/5.0 (Windows NT 6.1; WOW64; Trident/7.0; apetito Gruppe; rv:11.0) like Gecko"
54.242.83.26 - - [26/Feb/2026:19:37:34 -0500] "GET /category/real-estate/ HTTP/1.1" 200 121395 "-" "Mozilla/4.0 (compatible; MSIE 7.0; Windows NT 6.0) Mozilla/5.0 (Windows NT 10.0; Win64; x64) AppleWebKit/537.36 (KHTML, like Gecko) Chrome/91.0.4472.124 Safari/537.36"
54.39.203.141 - - [26/Feb/2026:19:37:34 -0500] "GET /uae-president-arrives-in-india-to-participate-in-g20-summit/ HTTP/1.1" 200 20587 "-" "Mozilla/5.0 (compatible; AhrefsBot/7.0; +http://ahrefs.com/robot/)"
103.55.124.200 - - [26/Feb/2026:19:37:35 -0500] "POST /xmlrpc.php HTTP/1.1" 200 205 "-" "Mozilla/5.0 (Windows NT 6.1; WOW64; Trident/7.0; apetito Gruppe; rv:11.0) like Gecko"
217.216.72.111 - - [26/Feb/2026:19:37:43 -0500] "POST /xmlrpc.php HTTP/1.1" 200 205 "-" "Mozilla/5.0 (Windows NT 10.0; WOW64) AppleWebKit/537.36 (KHTML, like Gecko) Chrome/66.0.3359.170 Safari/537.36"
54.242.83.26 - - [26/Feb/2026:19:38:00 -0500] "GET /category/health-2/ HTTP/1.1" 200 121833 "-" "Mozilla/4.0 (compatible; MSIE 7.0; Windows NT 6.0) Mozilla/5.0 (Windows NT 10.0; Win64; x64) AppleWebKit/537.36 (KHTML, like Gecko) Chrome/91.0.4472.124 Safari/537.36"
212.47.70.96 - - [26/Feb/2026:19:38:01 -0500] "POST /xmlrpc.php HTTP/1.1" 200 205 "-" "Mozilla/5.0 (Windows NT 6.2; ARM; Trident/7.0; Touch; rv:11.0; WPDesktop; NOKIA; Lumia 1520) like Gecko"
54.242.83.26 - - [26/Feb/2026:19:38:35 -0500] "GET /category/awards/ HTTP/1.1" 200 116205 "-" "Mozilla/4.0 (compatible; MSIE 7.0; Windows NT 6.0) Mozilla/5.0 (Windows NT 10.0; Win64; x64) AppleWebKit/537.36 (KHTML, like Gecko) Chrome/91.0.4472.124 Safari/537.36"
162.213.253.84 - - [26/Feb/2026:19:38:59 -0500] "POST /wp-cron.php?doing_wp_cron=1772152739.5902769565582275390625 HTTP/1.1" 200 0 "-" "WordPress/6.8.1; https://www.middleeastoday.com"
198.20.177.178 - - [26/Feb/2026:19:38:59 -0500] "POST /xmlrpc.php HTTP/1.1" 200 205 "-" "Mozilla/5.0 (Windows NT 10.0; WOW64) AppleWebKit/537.36 (KHTML, like Gecko) Chrome/66.0.3359.170 Safari/537.36"
54.242.83.26 - - [26/Feb/2026:19:39:07 -0500] "GET /category/lifestyle/tech/ HTTP/1.1" 200 101315 "-" "Mozilla/4.0 (compatible; MSIE 7.0; Windows NT 6.0) Mozilla/5.0 (Windows NT 10.0; Win64; x64) AppleWebKit/537.36 (KHTML, like Gecko) Chrome/91.0.4472.124 Safari/537.36"
162.213.253.84 - - [26/Feb/2026:19:39:12 -0500] "POST /wp-cron.php?doing_wp_cron=1772152752.2848219871520996093750 HTTP/1.1" 200 0 "-" "WordPress/6.8.1; https://www.middleeastoday.com"
54.242.83.26 - - [26/Feb/2026:19:37:44 -0500] "GET /category/products/ HTTP/1.1" 200 121541 "-" "Mozilla/4.0 (compatible; MSIE 7.0; Windows NT 6.0) Mozilla/5.0 (Windows NT 10.0; Win64; x64) AppleWebKit/537.36 (KHTML, like Gecko) Chrome/91.0.4472.124 Safari/537.36"
54.242.83.26 - - [26/Feb/2026:19:37:53 -0500] "GET /category/national-news/ HTTP/1.1" 200 122061 "-" "Mozilla/4.0 (compatible; MSIE 7.0; Windows NT 6.0) Mozilla/5.0 (Windows NT 10.0; Win64; x64) AppleWebKit/537.36 (KHTML, like Gecko) Chrome/91.0.4472.124 Safari/537.36"
54.242.83.26 - - [26/Feb/2026:19:38:04 -0500] "GET /category/art/ HTTP/1.1" 200 121534 "-" "Mozilla/4.0 (compatible; MSIE 7.0; Windows NT 6.0) Mozilla/5.0 (Windows NT 10.0; Win64; x64) AppleWebKit/537.36 (KHTML, like Gecko) Chrome/91.0.4472.124 Safari/537.36"
54.242.83.26 - - [26/Feb/2026:19:38:08 -0500] "GET /category/travel-tourism/airlines/ HTTP/1.1" 200 122842 "-" "Mozilla/4.0 (compatible; MSIE 7.0; Windows NT 6.0) Mozilla/5.0 (Windows NT 10.0; Win64; x64) AppleWebKit/537.36 (KHTML, like Gecko) Chrome/91.0.4472.124 Safari/537.36"
54.242.83.26 - - [26/Feb/2026:19:38:18 -0500] "GET /category/beauty-fashion/ HTTP/1.1" 200 122556 "-" "Mozilla/4.0 (compatible; MSIE 7.0; Windows NT 6.0) Mozilla/5.0 (Windows NT 10.0; Win64; x64) AppleWebKit/537.36 (KHTML, like Gecko) Chrome/91.0.4472.124 Safari/537.36"
54.242.83.26 - - [26/Feb/2026:19:38:25 -0500] "GET /category/education/ HTTP/1.1" 200 121918 "-" "Mozilla/4.0 (compatible; MSIE 7.0; Windows NT 6.0) Mozilla/5.0 (Windows NT 10.0; Win64; x64) AppleWebKit/537.36 (KHTML, like Gecko) Chrome/91.0.4472.124 Safari/537.36"
162.213.253.84 - - [26/Feb/2026:19:39:00 -0500] "POST /wp-admin/admin-ajax.php?action=async_litespeed&nonce=2CBLQK9YfNUiIc5g7LJR0qiBjXAChzGq&litespeed_type=imgoptm HTTP/1.1" 200 21 "-" "WordPress/6.8.1; https://www.middleeastoday.com"
54.242.83.26 - - [26/Feb/2026:19:39:01 -0500] "GET /category/travel-tourism/eating-out/ HTTP/1.1" 200 108596 "-" "Mozilla/4.0 (compatible; MSIE 7.0; Windows NT 6.0) Mozilla/5.0 (Windows NT 10.0; Win64; x64) AppleWebKit/537.36 (KHTML, like Gecko) Chrome/91.0.4472.124 Safari/537.36"
212.47.70.96 - - [26/Feb/2026:19:39:11 -0500] "POST /xmlrpc.php HTTP/1.1" 200 205 "-" "Mozilla/5.0 (Windows NT 6.3; Win64; x64; Trident/7.0; rv:11.0) like Gecko"
18.206.47.187 - - [26/Feb/2026:19:39:37 -0500] "GET /wp-json/oembed/1.0/embed?url=https://www.middleeastoday.com/uae-leaders-congratulate-king-of-belgium-on-national-day/ HTTP/1.1" 200 2551 "-" "Mozilla/5.0 AppleWebKit/537.36 (KHTML, like Gecko; compatible; Amazonbot/0.1; +https://developer.amazon.com/support/amazonbot) Chrome/119.0.6045.214 Safari/537.36"
135.125.108.44 - - [26/Feb/2026:19:39:38 -0500] "POST /xmlrpc.php HTTP/1.1" 200 205 "-" "Mozilla/5.0 (Windows NT 10.0; WOW64; rv:61.0) Gecko/20100101 Firefox/61.0"
18.210.58.238 - - [26/Feb/2026:19:39:47 -0500] "GET /wp-json/wp/v2/posts/8670 HTTP/1.1" 200 5549 "-" "Mozilla/5.0 AppleWebKit/537.36 (KHTML, like Gecko; compatible; Amazonbot/0.1; +https://developer.amazon.com/support/amazonbot) Chrome/119.0.6045.214 Safari/537.36"
98.82.40.168 - - [26/Feb/2026:19:39:53 -0500] "GET /wp-json/wp/v2/posts/7243 HTTP/1.1" 200 3384 "-" "Mozilla/5.0 AppleWebKit/537.36 (KHTML, like Gecko; compatible; Amazonbot/0.1; +https://developer.amazon.com/support/amazonbot) Chrome/119.0.6045.214 Safari/537.36"
63.143.44.106 - - [26/Feb/2026:19:40:16 -0500] "POST /xmlrpc.php HTTP/1.1" 200 205 "-" "Mozilla/5.0 (Windows NT 10.0; WOW64) AppleWebKit/537.36 (KHTML, like Gecko) Chrome/66.0.3359.170 Safari/537.36"
162.213.253.84 - - [26/Feb/2026:19:40:40 -0500] "POST /wp-cron.php?doing_wp_cron=1772152840.2253830432891845703125 HTTP/1.1" 200 0 "-" "WordPress/6.8.1; https://www.middleeastoday.com"
142.93.120.13 - - [26/Feb/2026:19:40:39 -0500] "POST /xmlrpc.php HTTP/1.1" 200 205 "-" "Mozilla/5.0 (Windows NT 10.0; WOW64) AppleWebKit/537.36 (KHTML, like Gecko) Chrome/66.0.3359.170 Safari/537.36"
54.242.83.26 - - [26/Feb/2026:19:39:12 -0500] "GET /category/events/ HTTP/1.1" 200 101891 "-" "Mozilla/4.0 (compatible; MSIE 7.0; Windows NT 6.0) Mozilla/5.0 (Windows NT 10.0; Win64; x64) AppleWebKit/537.36 (KHTML, like Gecko) Chrome/91.0.4472.124 Safari/537.36"
54.152.163.42 - - [26/Feb/2026:19:39:17 -0500] "GET /wp-json/wp/v2/posts/9054 HTTP/1.1" 200 6725 "-" "Mozilla/5.0 AppleWebKit/537.36 (KHTML, like Gecko; compatible; Amazonbot/0.1; +https://developer.amazon.com/support/amazonbot) Chrome/119.0.6045.214 Safari/537.36"
23.20.178.124 - - [26/Feb/2026:19:39:41 -0500] "GET /wp-json/oembed/1.0/embed?format=xml&url=https://www.middleeastoday.com/youth-led-road-to-cop28-event-set-to-unify-uae-stakeholders-towards-climate-summit/ HTTP/1.1" 200 1305 "-" "Mozilla/5.0 AppleWebKit/537.36 (KHTML, like Gecko; compatible; Amazonbot/0.1; +https://developer.amazon.com/support/amazonbot) Chrome/119.0.6045.214 Safari/537.36"
114.119.137.153 - - [26/Feb/2026:19:39:54 -0500] "GET /uae-president-us-president-discuss-bilateral-relations-on-sidelines-of-jeddah-security-and-development-summit HTTP/1.1" 301 0 "https://www.middleeastoday.com/?p=8873" "Mozilla/5.0 (Linux; Android 7.0;) AppleWebKit/537.36 (KHTML, like Gecko) Mobile Safari/537.36 (compatible; PetalBot;+https://webmaster.petalsearch.com/site/petalbot)"
114.119.137.153 - - [26/Feb/2026:19:39:57 -0500] "GET /uae-president-us-president-discuss-bilateral-relations-on-sidelines-of-jeddah-security-and-development-summit/ HTTP/1.1" 200 24044 "https://www.middleeastoday.com/?p=8873" "Mozilla/5.0 (Linux; Android 7.0;) AppleWebKit/537.36 (KHTML, like Gecko) Mobile Safari/537.36 (compatible; PetalBot;+https://webmaster.petalsearch.com/site/petalbot)"
217.154.14.137 - - [26/Feb/2026:19:40:10 -0500] "POST /xmlrpc.php HTTP/1.1" 200 205 "-" "Mozilla/5.0 (Windows NT 10.0) AppleWebKit/537.36 (KHTML, like Gecko) Chrome/66.0.3359.139 Safari/537.36"
138.68.183.21 - - [26/Feb/2026:19:40:48 -0500] "POST /xmlrpc.php HTTP/1.1" 200 205 "-" "Mozilla/5.0 (Windows NT 6.1; WOW64; Trident/7.0; Ypkch32; rv:11.0) like Gecko"
97.74.83.20 - - [26/Feb/2026:19:41:40 -0500] "POST /xmlrpc.php HTTP/1.1" 200 205 "-" "Mozilla/5.0 (Windows NT 10.0) AppleWebKit/537.36 (KHTML, like Gecko) Chrome/66.0.3359.139 Safari/537.36"
162.213.253.84 - - [26/Feb/2026:19:41:41 -0500] "POST /wp-admin/admin-ajax.php?action=async_litespeed&nonce=oP3d4qyzvZlvf0IFXfohSPbMmBn1OzcU&litespeed_type=imgoptm HTTP/1.1" 200 21 "-" "WordPress/6.8.1; https://www.middleeastoday.com"
50.6.204.51 - - [26/Feb/2026:19:42:03 -0500] "POST /xmlrpc.php HTTP/1.1" 200 0 "-" "Mozilla/5.0 (Windows NT 6.3; Win64; x64; Trident/7.0; rv:11.0) like Gecko"
162.213.253.84 - - [26/Feb/2026:19:42:03 -0500] "POST /wp-cron.php?doing_wp_cron=1772152923.7152979373931884765625 HTTP/1.1" 200 0 "-" "WordPress/6.8.1; https://www.middleeastoday.com"
216.73.216.24 - - [26/Feb/2026:19:42:07 -0500] "GET / HTTP/1.1" 301 0 "-" "Mozilla/5.0 AppleWebKit/537.36 (KHTML, like Gecko; compatible; ClaudeBot/1.0; [email protected])"
216.73.216.24 - - [26/Feb/2026:19:42:08 -0500] "GET / HTTP/1.1" 200 32212 "https://middleeastoday.com/" "Mozilla/5.0 AppleWebKit/537.36 (KHTML, like Gecko; compatible; ClaudeBot/1.0; [email protected])"
54.39.203.59 - - [26/Feb/2026:19:42:19 -0500] "GET /mohammed-bin-rashid-meets-with-prime-minister-of-iraqi-kurdistan-regional-government/ HTTP/1.1" 200 20372 "-" "Mozilla/5.0 (compatible; AhrefsBot/7.0; +http://ahrefs.com/robot/)"
162.213.253.84 - - [26/Feb/2026:19:42:24 -0500] "POST /wp-cron.php?doing_wp_cron=1772152944.8423759937286376953125 HTTP/1.1" 200 0 "-" "WordPress/6.8.1; https://www.middleeastoday.com"
114.119.137.153 - - [26/Feb/2026:19:42:36 -0500] "GET /page/7 HTTP/1.1" 301 0 "-" "Mozilla/5.0 (Linux; Android 7.0;) AppleWebKit/537.36 (KHTML, like Gecko) Mobile Safari/537.36 (compatible; PetalBot;+https://webmaster.petalsearch.com/site/petalbot)"
162.213.253.84 - - [26/Feb/2026:19:40:40 -0500] "POST /wp-admin/admin-ajax.php?action=async_litespeed&nonce=L0bo5CGXz710Ih3CIn1ldv3eL6CBs0Yp&litespeed_type=imgoptm HTTP/1.1" 200 21 "-" "WordPress/6.8.1; https://www.middleeastoday.com"
162.213.253.84 - - [26/Feb/2026:19:40:48 -0500] "POST /wp-cron.php?doing_wp_cron=1772152848.9556589126586914062500 HTTP/1.1" 200 0 "-" "WordPress/6.8.1; https://www.middleeastoday.com"
114.119.137.153 - - [26/Feb/2026:19:41:13 -0500] "GET /uae-leaders-receive-ramadan-greetings-from-arab-and-muslim-leaders HTTP/1.1" 301 0 "https://www.middleeastoday.com/?p=7182" "Mozilla/5.0 (Linux; Android 7.0;) AppleWebKit/537.36 (KHTML, like Gecko) Mobile Safari/537.36 (compatible; PetalBot;+https://webmaster.petalsearch.com/site/petalbot)"
114.119.137.153 - - [26/Feb/2026:19:41:15 -0500] "GET /uae-leaders-receive-ramadan-greetings-from-arab-and-muslim-leaders/ HTTP/1.1" 200 22734 "https://www.middleeastoday.com/?p=7182" "Mozilla/5.0 (Linux; Android 7.0;) AppleWebKit/537.36 (KHTML, like Gecko) Mobile Safari/537.36 (compatible; PetalBot;+https://webmaster.petalsearch.com/site/petalbot)"
162.213.253.84 - - [26/Feb/2026:19:41:41 -0500] "POST /wp-cron.php?doing_wp_cron=1772152901.1691250801086425781250 HTTP/1.1" 200 0 "-" "WordPress/6.8.1; https://www.middleeastoday.com"
216.73.216.24 - - [26/Feb/2026:19:42:07 -0500] "GET /robots.txt HTTP/1.1" 301 0 "-" "Mozilla/5.0 AppleWebKit/537.36 (KHTML, like Gecko; compatible; ClaudeBot/1.0; [email protected])"
216.73.216.24 - - [26/Feb/2026:19:42:07 -0500] "GET /robots.txt HTTP/1.1" 200 101 "https://middleeastoday.com/robots.txt" "Mozilla/5.0 AppleWebKit/537.36 (KHTML, like Gecko; compatible; ClaudeBot/1.0; [email protected])"
50.6.204.51 - - [26/Feb/2026:19:42:18 -0500] "POST /xmlrpc.php HTTP/1.1" 200 0 "-" "Mozilla/5.0 (Windows NT 6.3; Win64; x64; Trident/7.0; rv:11.0) like Gecko"
94.156.104.119 - - [26/Feb/2026:19:42:24 -0500] "POST /xmlrpc.php HTTP/1.1" 200 205 "-" "Mozilla/5.0 (Windows NT 6.3; Win64; x64) AppleWebKit/537.36 (KHTML, like Gecko) Chrome/67.0.3396.87 Safari/537.36"
162.213.253.84 - - [26/Feb/2026:19:42:25 -0500] "POST /wp-admin/admin-ajax.php?action=async_litespeed&nonce=0EQw3LQ3nzQuPt6JwYpkQRnb9bmb1PKN&litespeed_type=imgoptm HTTP/1.1" 200 21 "-" "WordPress/6.8.1; https://www.middleeastoday.com"
162.213.253.84 - - [26/Feb/2026:19:42:37 -0500] "POST /wp-cron.php?doing_wp_cron=1772152957.4973349571228027343750 HTTP/1.1" 200 0 "-" "WordPress/6.8.1; https://www.middleeastoday.com"
162.213.253.84 - - [26/Feb/2026:19:43:33 -0500] "POST /wp-cron.php?doing_wp_cron=1772153013.0209898948669433593750 HTTP/1.1" 200 0 "-" "WordPress/6.8.1; https://www.middleeastoday.com"
85.208.96.209 - - [26/Feb/2026:19:43:32 -0500] "GET /category/national-news/page/13/ HTTP/1.1" 200 24010 "-" "Mozilla/5.0 (compatible; SemrushBot/7~bl; +http://www.semrush.com/bot.html)"
143.14.6.169 - - [26/Feb/2026:19:43:56 -0500] "GET /wp-content/uploads/2022/04/Uzbekistan-850x560.jpeg HTTP/1.1" 200 118290 "https://www.middleeastoday.com/" "Mozilla/5.0 (Windows NT 10.0; Win64; x64) AppleWebKit/537.36 (KHTML, like Gecko) Chrome/131.0.0.0 Safari/537.36"
217.154.14.137 - - [26/Feb/2026:19:43:59 -0500] "POST /xmlrpc.php HTTP/1.1" 200 205 "-" "Mozilla/5.0 (Windows NT 10.0; WOW64; rv:61.0) Gecko/20100101 Firefox/61.0"
143.14.6.55 - - [26/Feb/2026:19:44:01 -0500] "GET /wp-content/uploads/2022/04/Uzbekistan-850x560.jpeg%20850w,%20https:/www.middleeastoday.com/wp-content/uploads/2022/04/Uzbekistan-455x300.jpeg%20455w HTTP/1.1" 404 19188 "https://www.middleeastoday.com/" "Mozilla/5.0 (Windows NT 10.0; Win64; x64) AppleWebKit/537.36 (KHTML, like Gecko) Chrome/116.0.0.0 Safari/537.36"
37.205.115.36 - - [26/Feb/2026:19:44:04 -0500] "GET /wp-content/uploads/2022/04/Uzbekistan-850x560.jpeg%20850w,%20https://www.middleeastoday.com/wp-content/uploads/2022/04/Uzbekistan-455x300.jpeg%20455w HTTP/1.1" 301 0 "https://www.middleeastoday.com/" "Mozilla/5.0 (Windows NT 10.0; Win64; x64) AppleWebKit/537.36 (KHTML, like Gecko) Chrome/116.0.0.0 Safari/537.36"
114.119.137.153 - - [26/Feb/2026:19:42:40 -0500] "GET /page/7/ HTTP/1.1" 200 38589 "-" "Mozilla/5.0 (Linux; Android 7.0;) AppleWebKit/537.36 (KHTML, like Gecko) Mobile Safari/537.36 (compatible; PetalBot;+https://webmaster.petalsearch.com/site/petalbot)"
45.146.54.139 - - [26/Feb/2026:19:42:41 -0500] "POST /wp-login.php HTTP/1.1" 200 6424 "-" "Mozilla/5.0"
217.216.72.111 - - [26/Feb/2026:19:42:42 -0500] "POST /xmlrpc.php HTTP/1.1" 200 205 "-" "Mozilla/5.0 (Windows NT 10.0; WOW64; rv:61.0) Gecko/20100101 Firefox/61.0"
162.213.253.84 - - [26/Feb/2026:19:43:33 -0500] "POST /wp-admin/admin-ajax.php?action=async_litespeed&nonce=u6dhuBmvL4s039Jkx3gHMF7N41DVBc1d&litespeed_type=imgoptm HTTP/1.1" 200 21 "-" "WordPress/6.8.1; https://www.middleeastoday.com"
162.213.253.84 - - [26/Feb/2026:19:43:57 -0500] "POST /wp-cron.php?doing_wp_cron=1772153037.2525498867034912109375 HTTP/1.1" 200 0 "-" "WordPress/6.8.1; https://www.middleeastoday.com"
143.14.6.54 - - [26/Feb/2026:19:43:56 -0500] "GET /wp-content/uploads/2022/04/Uzbekistan-850x560.jpeg%20850w,%20https://www.middleeastoday.com/wp-content/uploads/2022/04/Uzbekistan-455x300.jpeg%20455w HTTP/1.1" 301 0 "https://www.middleeastoday.com/" "Mozilla/5.0 (Windows NT 10.0; Win64; x64) AppleWebKit/537.36 (KHTML, like Gecko) Chrome/116.0.0.0 Safari/537.36"
114.119.141.228 - - [26/Feb/2026:19:44:01 -0500] "GET /maktoum-bin-mohammed-meets-with-ceo-of-accenture/ HTTP/1.1" 200 26863 "https://www.middleeastoday.com/category/business/page/4/" "Mozilla/5.0 (Linux; Android 7.0;) AppleWebKit/537.36 (KHTML, like Gecko) Mobile Safari/537.36 (compatible; PetalBot;+https://webmaster.petalsearch.com/site/petalbot)"
185.115.33.212 - - [26/Feb/2026:19:44:24 -0500] "POST /xmlrpc.php HTTP/1.1" 200 205 "-" "Mozilla/5.0 (Windows NT 6.1; WOW64; Trident/7.0; apetito Gruppe; rv:11.0) like Gecko"
82.29.229.230 - - [26/Feb/2026:19:44:36 -0500] "GET /uae-president-bids-farewell-as-us-president-concludes-state-visit-to-the-uae/ HTTP/1.1" 200 20433 "-" "Mozilla/5.0 (Macintosh; Intel Mac OS X 10_15_7) AppleWebKit/537.36 (KHTML, like Gecko) Chrome/138.0.0.0 Safari/537.36"
167.172.79.172 - - [26/Feb/2026:19:44:38 -0500] "POST /wp-login.php HTTP/1.1" 200 1883 "https://middleeastoday.com/wp-login.php" "Mozilla/5.0 (Windows NT 6.1; WOW64; rv:60.0) Gecko/20100101 Firefox/60.0"
162.240.150.20 - - [26/Feb/2026:19:45:14 -0500] "POST /xmlrpc.php HTTP/1.1" 200 205 "-" "Mozilla/5.0 (Windows NT 6.1; WOW64; Trident/7.0; ASJB; ASJB; MAAU; rv:11.0) like Gecko"
162.213.253.84 - - [26/Feb/2026:19:45:46 -0500] "POST /wp-admin/admin-ajax.php?action=async_litespeed&nonce=xeQLbBVrE2rXA7ppJzshK5NJRdunhv3u&litespeed_type=imgoptm HTTP/1.1" 200 21 "-" "WordPress/6.8.1; https://www.middleeastoday.com"
176.31.224.40 - - [26/Feb/2026:19:45:48 -0500] "POST /xmlrpc.php HTTP/1.1" 200 205 "-" "Mozilla/5.0 (Windows NT 10.0; Win64; x64) AppleWebKit/537.36 (KHTML, like Gecko) Chrome/64.0.3282.168 Safari/537.36 OPR/51.0.2830.40"
167.99.10.177 - - [26/Feb/2026:19:45:51 -0500] "GET /wp-content/uploads/2024/02/Joby-1-850x560.jpg HTTP/1.1" 200 74785 "https://www.middleeastoday.com/" "Mozilla/5.0 (Windows NT 10.0; Win64; x64) AppleWebKit/537.36 (KHTML, like Gecko) Chrome/116.0.0.0 Safari/537.36"
57.141.2.38 - - [26/Feb/2026:19:46:01 -0500] "GET /uae-leaders-congratulate-greek-president-on-independence-day/ HTTP/1.1" 200 103904 "-" "meta-externalagent/1.1 (+https://developers.facebook.com/docs/sharing/webmasters/crawler)"
162.213.253.84 - - [26/Feb/2026:19:48:03 -0500] "POST /wp-cron.php?doing_wp_cron=1772153283.8979969024658203125000 HTTP/1.1" 200 0 "-" "WordPress/6.8.1; https://www.middleeastoday.com"
162.213.253.84 - - [26/Feb/2026:19:48:04 -0500] "POST /wp-admin/admin-ajax.php?action=async_litespeed&nonce=I2IwUiEYHDlflfU4Lm5vPDw8K0spcHcc&litespeed_type=imgoptm HTTP/1.1" 200 21 "-" "WordPress/6.8.1; https://www.middleeastoday.com"
162.213.253.84 - - [26/Feb/2026:19:49:03 -0500] "POST /wp-cron.php?doing_wp_cron=1772153343.4679191112518310546875 HTTP/1.1" 200 0 "-" "WordPress/6.8.1; https://www.middleeastoday.com"
209.188.31.24 - - [26/Feb/2026:19:49:03 -0500] "POST /xmlrpc.php HTTP/1.1" 200 205 "-" "Mozilla/5.0 (Windows NT 6.3; Win64; x64; Trident/7.0; rv:11.0) like Gecko"
162.213.253.84 - - [26/Feb/2026:19:49:04 -0500] "POST /wp-admin/admin-ajax.php?action=async_litespeed&nonce=nNbc3ilCA9Wv7EsOR9NCzke3xIFfJq3c&litespeed_type=imgoptm HTTP/1.1" 200 21 "-" "WordPress/6.8.1; https://www.middleeastoday.com"
142.44.228.20 - - [26/Feb/2026:19:49:10 -0500] "GET /uae-president-king-of-jordan-discuss-brotherly-relations-cooperation-and-joint-action/ HTTP/1.1" 200 20803 "-" "Mozilla/5.0 (compatible; AhrefsBot/7.0; +http://ahrefs.com/robot/)"
162.213.253.84 - - [26/Feb/2026:19:49:13 -0500] "POST /wp-cron.php?doing_wp_cron=1772153353.5246839523315429687500 HTTP/1.1" 200 0 "-" "WordPress/6.8.1; https://www.middleeastoday.com"
191.101.181.183 - - [26/Feb/2026:19:49:12 -0500] "GET /vasu-jit-kalia-honored-as-celebrity-media-strategist-at-leadership-excellence-awards/ HTTP/1.1" 200 20626 "-" "Mozilla/5.0 (Windows NT 10.0; Win64; x64) AppleWebKit/537.36 (KHTML, like Gecko) Chrome/139.0.0.0 Safari/537.36"
54.149.86.68 - - [26/Feb/2026:19:49:14 -0500] "GET /wp-json/oembed/1.0/embed?url=https%3A%2F%2Fwww.middleeastoday.com%2Fvasu-jit-kalia-honored-as-celebrity-media-strategist-at-leadership-excellence-awards%2F&format=xml HTTP/1.1" 200 1233 "-" "axios/1.13.5"
51.79.82.101 - - [26/Feb/2026:19:49:14 -0500] "POST /xmlrpc.php HTTP/1.1" 200 205 "-" "Mozilla/5.0 (Windows NT 10.0; WOW64) AppleWebKit/537.36 (KHTML, like Gecko) Chrome/66.0.3359.170 Safari/537.36"
162.213.253.84 - - [26/Feb/2026:19:50:12 -0500] "POST /wp-cron.php?doing_wp_cron=1772153412.6410028934478759765625 HTTP/1.1" 200 0 "-" "WordPress/6.8.1; https://www.middleeastoday.com"
162.213.253.84 - - [26/Feb/2026:19:50:13 -0500] "POST /wp-admin/admin-ajax.php?action=async_litespeed&nonce=pyTelR7xYO2T1AJZAb0b6dgVMDKd6z7I&litespeed_type=imgoptm HTTP/1.1" 200 21 "-" "WordPress/6.8.1; https://www.middleeastoday.com"
162.213.253.84 - - [26/Feb/2026:19:50:49 -0500] "POST /wp-cron.php?doing_wp_cron=1772153449.5808799266815185546875 HTTP/1.1" 200 0 "-" "WordPress/6.8.1; https://www.middleeastoday.com"
103.82.21.44 - - [26/Feb/2026:19:50:50 -0500] "POST /xmlrpc.php HTTP/1.1" 200 205 "-" "Mozilla/5.0 (Windows NT 6.1; WOW64; Trident/7.0; apetito Gruppe; rv:11.0) like Gecko"
14.233.210.64 - - [26/Feb/2026:19:44:05 -0500] "GET /wp-content/uploads/2022/04/Uzbekistan-850x560.jpeg%20850w,%20https:/www.middleeastoday.com/wp-content/uploads/2022/04/Uzbekistan-455x300.jpeg%20455w HTTP/1.1" 404 19188 "https://www.middleeastoday.com/" "Mozilla/5.0 (Windows NT 10.0; Win64; x64) AppleWebKit/537.36 (KHTML, like Gecko) Chrome/116.0.0.0 Safari/537.36"
198.20.177.178 - - [26/Feb/2026:19:44:13 -0500] "POST /xmlrpc.php HTTP/1.1" 200 205 "-" "Mozilla/4.0 (compatible; MSIE 7.0; Windows NT 6.2; Trident/7.0; .NET4.0E; .NET4.0C; .NET CLR 3.5.30729; .NET CLR 2.0.50727; .NET CLR 3.0.30729)"
162.213.253.84 - - [26/Feb/2026:19:44:24 -0500] "POST /wp-cron.php?doing_wp_cron=1772153064.8250639438629150390625 HTTP/1.1" 200 0 "-" "WordPress/6.8.1; https://www.middleeastoday.com"
162.213.253.84 - - [26/Feb/2026:19:44:25 -0500] "POST /wp-admin/admin-ajax.php?action=async_litespeed&nonce=ouMBsvn5jdiJGu5gnBhKMj19VcaLt288&litespeed_type=imgoptm HTTP/1.1" 200 21 "-" "WordPress/6.8.1; https://www.middleeastoday.com"
167.172.79.172 - - [26/Feb/2026:19:44:38 -0500] "GET /wp-login.php HTTP/1.1" 200 1792 "-" "Mozilla/5.0 (Windows NT 6.1; WOW64; rv:60.0) Gecko/20100101 Firefox/60.0"
