54.223.43.186 - - [26/Feb/2026:14:32:51 -0500] "GET /wp-content/uploads/2022/04/medium-1511066645644258337-600x398.jpg HTTP/1.1" 200 40654 "https://www.middleeastoday.com/" "Mozilla/5.0 (Linux; Android 13; PFFM10 Build/TP1A.220905.001; wv) AppleWebKit/537.36 (KHTML, like Gecko) Version/4.0 Chrome/88.0.4324.181 Mobile Safari/537.36 aweme_250000 JsSdk/1.0 NetType/WIFI Channel/31725782a AppName/aweme app_version/25.0.0 ByteLocale/zh-CN Region/CN AppSkin/white AppTheme/light BULLET/1 BytedanceWebview/d8a21c6 TTWebView/0881130048402"
54.223.43.186 - - [26/Feb/2026:14:32:51 -0500] "GET /wp-content/uploads/2022/04/medium-3327802249726485861-600x398.jpg HTTP/1.1" 200 44960 "https://www.middleeastoday.com/" "Mozilla/5.0 (Linux; Android 13; PFFM10 Build/TP1A.220905.001; wv) AppleWebKit/537.36 (KHTML, like Gecko) Version/4.0 Chrome/88.0.4324.181 Mobile Safari/537.36 aweme_250000 JsSdk/1.0 NetType/WIFI Channel/31725782a AppName/aweme app_version/25.0.0 ByteLocale/zh-CN Region/CN AppSkin/white AppTheme/light BULLET/1 BytedanceWebview/d8a21c6 TTWebView/0881130048402"
140.179.148.12 - - [26/Feb/2026:14:32:51 -0500] "GET /wp-content/uploads/2026/02/Gabon-600x398.jpg HTTP/1.1" 200 43170 "https://www.middleeastoday.com/" "Mozilla/5.0 (Linux; Android 10; HD1900 Build/QKQ1.190716.003; wv) AppleWebKit/537.36 (KHTML, like Gecko) Version/4.0 Chrome/75.0.3770.156 Mobile Safari/537.36  aweme_230400 JsSdk/1.0 NetType/WIFI  AppName/aweme app_version/23.4.0 ByteLocale/zh-CN Region/CN AppSkin/white AppTheme/light BytedanceWebview/d8a21c6 WebView/075113004008"
140.179.148.12 - - [26/Feb/2026:14:32:51 -0500] "GET /wp-content/uploads/2026/01/Shurooq-600x398.jpg HTTP/1.1" 200 54812 "https://www.middleeastoday.com/" "Mozilla/5.0 (Linux; Android 10; HD1900 Build/QKQ1.190716.003; wv) AppleWebKit/537.36 (KHTML, like Gecko) Version/4.0 Chrome/75.0.3770.156 Mobile Safari/537.36  aweme_230400 JsSdk/1.0 NetType/WIFI  AppName/aweme app_version/23.4.0 ByteLocale/zh-CN Region/CN AppSkin/white AppTheme/light BytedanceWebview/d8a21c6 WebView/075113004008"
140.179.148.12 - - [26/Feb/2026:14:32:51 -0500] "GET /wp-content/uploads/2023/04/Dubai-Metro-600x398.jpg HTTP/1.1" 200 49764 "https://www.middleeastoday.com/" "Mozilla/5.0 (Linux; Android 10; HD1900 Build/QKQ1.190716.003; wv) AppleWebKit/537.36 (KHTML, like Gecko) Version/4.0 Chrome/75.0.3770.156 Mobile Safari/537.36  aweme_230400 JsSdk/1.0 NetType/WIFI  AppName/aweme app_version/23.4.0 ByteLocale/zh-CN Region/CN AppSkin/white AppTheme/light BytedanceWebview/d8a21c6 WebView/075113004008"
140.179.148.12 - - [26/Feb/2026:14:32:51 -0500] "GET /wp-content/uploads/2026/02/AI-600x398.jpg HTTP/1.1" 200 29500 "https://www.middleeastoday.com/" "Mozilla/5.0 (Linux; Android 10; HD1900 Build/QKQ1.190716.003; wv) AppleWebKit/537.36 (KHTML, like Gecko) Version/4.0 Chrome/75.0.3770.156 Mobile Safari/537.36  aweme_230400 JsSdk/1.0 NetType/WIFI  AppName/aweme app_version/23.4.0 ByteLocale/zh-CN Region/CN AppSkin/white AppTheme/light BytedanceWebview/d8a21c6 WebView/075113004008"
140.179.148.12 - - [26/Feb/2026:14:32:51 -0500] "GET /wp-content/uploads/2025/10/WhatsApp-Image-2025-10-14-at-07.52.18_16915215-600x398.jpg HTTP/1.1" 200 41937 "https://www.middleeastoday.com/" "Mozilla/5.0 (Linux; Android 10; HD1900 Build/QKQ1.190716.003; wv) AppleWebKit/537.36 (KHTML, like Gecko) Version/4.0 Chrome/75.0.3770.156 Mobile Safari/537.36  aweme_230400 JsSdk/1.0 NetType/WIFI  AppName/aweme app_version/23.4.0 ByteLocale/zh-CN Region/CN AppSkin/white AppTheme/light BytedanceWebview/d8a21c6 WebView/075113004008"
140.179.148.12 - - [26/Feb/2026:14:32:51 -0500] "GET /wp-content/uploads/2025/08/Aldar-600x398.jpg HTTP/1.1" 200 66809 "https://www.middleeastoday.com/" "Mozilla/5.0 (Linux; Android 10; HD1900 Build/QKQ1.190716.003; wv) AppleWebKit/537.36 (KHTML, like Gecko) Version/4.0 Chrome/75.0.3770.156 Mobile Safari/537.36  aweme_230400 JsSdk/1.0 NetType/WIFI  AppName/aweme app_version/23.4.0 ByteLocale/zh-CN Region/CN AppSkin/white AppTheme/light BytedanceWebview/d8a21c6 WebView/075113004008"
140.179.148.12 - - [26/Feb/2026:14:32:51 -0500] "GET /wp-content/uploads/2025/06/Fajar--600x398.jpg HTTP/1.1" 200 56427 "https://www.middleeastoday.com/" "Mozilla/5.0 (Linux; Android 10; HD1900 Build/QKQ1.190716.003; wv) AppleWebKit/537.36 (KHTML, like Gecko) Version/4.0 Chrome/75.0.3770.156 Mobile Safari/537.36  aweme_230400 JsSdk/1.0 NetType/WIFI  AppName/aweme app_version/23.4.0 ByteLocale/zh-CN Region/CN AppSkin/white AppTheme/light BytedanceWebview/d8a21c6 WebView/075113004008"
140.179.148.12 - - [26/Feb/2026:14:32:51 -0500] "GET /wp-content/uploads/2025/12/RR-600x398.jpg HTTP/1.1" 200 37317 "https://www.middleeastoday.com/" "Mozilla/5.0 (Linux; Android 10; HD1900 Build/QKQ1.190716.003; wv) AppleWebKit/537.36 (KHTML, like Gecko) Version/4.0 Chrome/75.0.3770.156 Mobile Safari/537.36  aweme_230400 JsSdk/1.0 NetType/WIFI  AppName/aweme app_version/23.4.0 ByteLocale/zh-CN Region/CN AppSkin/white AppTheme/light BytedanceWebview/d8a21c6 WebView/075113004008"
140.179.148.12 - - [26/Feb/2026:14:32:51 -0500] "GET /wp-content/uploads/2026/01/Gold-1-600x398.jpg HTTP/1.1" 200 27593 "https://www.middleeastoday.com/" "Mozilla/5.0 (Linux; Android 10; HD1900 Build/QKQ1.190716.003; wv) AppleWebKit/537.36 (KHTML, like Gecko) Version/4.0 Chrome/75.0.3770.156 Mobile Safari/537.36  aweme_230400 JsSdk/1.0 NetType/WIFI  AppName/aweme app_version/23.4.0 ByteLocale/zh-CN Region/CN AppSkin/white AppTheme/light BytedanceWebview/d8a21c6 WebView/075113004008"
140.179.148.12 - - [26/Feb/2026:14:32:51 -0500] "GET /wp-content/uploads/2025/12/Yango-CEO-600x398.jpg HTTP/1.1" 200 26214 "https://www.middleeastoday.com/" "Mozilla/5.0 (Linux; Android 10; HD1900 Build/QKQ1.190716.003; wv) AppleWebKit/537.36 (KHTML, like Gecko) Version/4.0 Chrome/75.0.3770.156 Mobile Safari/537.36  aweme_230400 JsSdk/1.0 NetType/WIFI  AppName/aweme app_version/23.4.0 ByteLocale/zh-CN Region/CN AppSkin/white AppTheme/light BytedanceWebview/d8a21c6 WebView/075113004008"
140.179.148.12 - - [26/Feb/2026:14:32:51 -0500] "GET /wp-content/uploads/2025/12/Dubai-Shopping-Festival-600x398.jpg HTTP/1.1" 200 58785 "https://www.middleeastoday.com/" "Mozilla/5.0 (Linux; Android 10; HD1900 Build/QKQ1.190716.003; wv) AppleWebKit/537.36 (KHTML, like Gecko) Version/4.0 Chrome/75.0.3770.156 Mobile Safari/537.36  aweme_230400 JsSdk/1.0 NetType/WIFI  AppName/aweme app_version/23.4.0 ByteLocale/zh-CN Region/CN AppSkin/white AppTheme/light BytedanceWebview/d8a21c6 WebView/075113004008"
140.179.148.12 - - [26/Feb/2026:14:32:51 -0500] "GET /wp-content/uploads/2024/06/Evelina-2-455x300.jpg HTTP/1.1" 200 25829 "https://www.middleeastoday.com/" "Mozilla/5.0 (Linux; Android 10; HD1900 Build/QKQ1.190716.003; wv) AppleWebKit/537.36 (KHTML, like Gecko) Version/4.0 Chrome/75.0.3770.156 Mobile Safari/537.36  aweme_230400 JsSdk/1.0 NetType/WIFI  AppName/aweme app_version/23.4.0 ByteLocale/zh-CN Region/CN AppSkin/white AppTheme/light BytedanceWebview/d8a21c6 WebView/075113004008"
140.179.148.12 - - [26/Feb/2026:14:32:51 -0500] "GET /wp-content/uploads/2025/10/Dolcegabbana-600x398.jpg HTTP/1.1" 200 32573 "https://www.middleeastoday.com/" "Mozilla/5.0 (Linux; Android 10; HD1900 Build/QKQ1.190716.003; wv) AppleWebKit/537.36 (KHTML, like Gecko) Version/4.0 Chrome/75.0.3770.156 Mobile Safari/537.36  aweme_230400 JsSdk/1.0 NetType/WIFI  AppName/aweme app_version/23.4.0 ByteLocale/zh-CN Region/CN AppSkin/white AppTheme/light BytedanceWebview/d8a21c6 WebView/075113004008"
140.179.148.12 - - [26/Feb/2026:14:32:51 -0500] "GET /wp-content/uploads/2024/10/6-Oct-Media-Best.zip-2-455x300.png HTTP/1.1" 200 286995 "https://www.middleeastoday.com/" "Mozilla/5.0 (Linux; Android 10; HD1900 Build/QKQ1.190716.003; wv) AppleWebKit/537.36 (KHTML, like Gecko) Version/4.0 Chrome/75.0.3770.156 Mobile Safari/537.36  aweme_230400 JsSdk/1.0 NetType/WIFI  AppName/aweme app_version/23.4.0 ByteLocale/zh-CN Region/CN AppSkin/white AppTheme/light BytedanceWebview/d8a21c6 WebView/075113004008"
140.179.148.12 - - [26/Feb/2026:14:32:51 -0500] "GET /wp-content/uploads/2023/08/Samsung-98-QLED-Launch_KV_EN-600x398.jpg HTTP/1.1" 200 34088 "https://www.middleeastoday.com/" "Mozilla/5.0 (Linux; Android 10; HD1900 Build/QKQ1.190716.003; wv) AppleWebKit/537.36 (KHTML, like Gecko) Version/4.0 Chrome/75.0.3770.156 Mobile Safari/537.36  aweme_230400 JsSdk/1.0 NetType/WIFI  AppName/aweme app_version/23.4.0 ByteLocale/zh-CN Region/CN AppSkin/white AppTheme/light BytedanceWebview/d8a21c6 WebView/075113004008"
140.179.148.12 - - [26/Feb/2026:14:32:51 -0500] "GET /wp-content/uploads/2024/02/Joby-1-600x398.jpg HTTP/1.1" 200 45527 "https://www.middleeastoday.com/" "Mozilla/5.0 (Linux; Android 10; HD1900 Build/QKQ1.190716.003; wv) AppleWebKit/537.36 (KHTML, like Gecko) Version/4.0 Chrome/75.0.3770.156 Mobile Safari/537.36  aweme_230400 JsSdk/1.0 NetType/WIFI  AppName/aweme app_version/23.4.0 ByteLocale/zh-CN Region/CN AppSkin/white AppTheme/light BytedanceWebview/d8a21c6 WebView/075113004008"
140.179.148.12 - - [26/Feb/2026:14:32:51 -0500] "GET /wp-content/uploads/2022/04/medium-745515155959562220-1-600x398.jpg HTTP/1.1" 200 50255 "https://www.middleeastoday.com/" "Mozilla/5.0 (Linux; Android 10; HD1900 Build/QKQ1.190716.003; wv) AppleWebKit/537.36 (KHTML, like Gecko) Version/4.0 Chrome/75.0.3770.156 Mobile Safari/537.36  aweme_230400 JsSdk/1.0 NetType/WIFI  AppName/aweme app_version/23.4.0 ByteLocale/zh-CN Region/CN AppSkin/white AppTheme/light BytedanceWebview/d8a21c6 WebView/075113004008"
140.179.148.12 - - [26/Feb/2026:14:32:51 -0500] "GET /wp-content/uploads/2022/04/medium-1511066645644258337-600x398.jpg HTTP/1.1" 200 40654 "https://www.middleeastoday.com/" "Mozilla/5.0 (Linux; Android 10; HD1900 Build/QKQ1.190716.003; wv) AppleWebKit/537.36 (KHTML, like Gecko) Version/4.0 Chrome/75.0.3770.156 Mobile Safari/537.36  aweme_230400 JsSdk/1.0 NetType/WIFI  AppName/aweme app_version/23.4.0 ByteLocale/zh-CN Region/CN AppSkin/white AppTheme/light BytedanceWebview/d8a21c6 WebView/075113004008"
140.179.148.12 - - [26/Feb/2026:14:32:51 -0500] "GET /wp-content/uploads/2022/04/medium-2700115499464303195-600x398.jpg HTTP/1.1" 200 41784 "https://www.middleeastoday.com/" "Mozilla/5.0 (Linux; Android 10; HD1900 Build/QKQ1.190716.003; wv) AppleWebKit/537.36 (KHTML, like Gecko) Version/4.0 Chrome/75.0.3770.156 Mobile Safari/537.36  aweme_230400 JsSdk/1.0 NetType/WIFI  AppName/aweme app_version/23.4.0 ByteLocale/zh-CN Region/CN AppSkin/white AppTheme/light BytedanceWebview/d8a21c6 WebView/075113004008"
140.179.148.12 - - [26/Feb/2026:14:32:51 -0500] "GET /wp-content/uploads/2022/04/medium-3327802249726485861-600x398.jpg HTTP/1.1" 200 44960 "https://www.middleeastoday.com/" "Mozilla/5.0 (Linux; Android 10; HD1900 Build/QKQ1.190716.003; wv) AppleWebKit/537.36 (KHTML, like Gecko) Version/4.0 Chrome/75.0.3770.156 Mobile Safari/537.36  aweme_230400 JsSdk/1.0 NetType/WIFI  AppName/aweme app_version/23.4.0 ByteLocale/zh-CN Region/CN AppSkin/white AppTheme/light BytedanceWebview/d8a21c6 WebView/075113004008"
140.179.148.12 - - [26/Feb/2026:14:32:51 -0500] "GET /wp-content/uploads/2022/04/thumbnail-2036915695019058350.jpg HTTP/1.1" 200 21049 "https://www.middleeastoday.com/" "Mozilla/5.0 (Linux; Android 10; HD1900 Build/QKQ1.190716.003; wv) AppleWebKit/537.36 (KHTML, like Gecko) Version/4.0 Chrome/75.0.3770.156 Mobile Safari/537.36  aweme_230400 JsSdk/1.0 NetType/WIFI  AppName/aweme app_version/23.4.0 ByteLocale/zh-CN Region/CN AppSkin/white AppTheme/light BytedanceWebview/d8a21c6 WebView/075113004008"
51.77.152.196 - - [26/Feb/2026:14:33:01 -0500] "POST /xmlrpc.php HTTP/1.1" 200 205 "-" "Mozilla/5.0 (Windows NT 6.1; Trident/7.0; rv:11.0) like Gecko"
37.187.75.30 - - [26/Feb/2026:14:33:04 -0500] "POST /xmlrpc.php HTTP/1.1" 200 205 "-" "Mozilla/5.0 (Windows NT 6.1) AppleWebKit/537.36 (KHTML, like Gecko) Chrome/67.0.3396.87 Safari/537.36"
71.131.194.169 - - [26/Feb/2026:14:33:05 -0500] "GET / HTTP/1.1" 200 32212 "-" "Mozilla/5.0 (Macintosh; Intel Mac OS X 10_15_7) AppleWebKit/537.36 (KHTML, like Gecko) Chrome/125.0.0.0 Safari/537.36"
140.179.148.12 - - [26/Feb/2026:14:32:51 -0500] "GET /wp-content/uploads/2025/08/Me-getting-Award-600x398.jpg HTTP/1.1" 200 81626 "https://www.middleeastoday.com/" "Mozilla/5.0 (Linux; Android 10; HD1900 Build/QKQ1.190716.003; wv) AppleWebKit/537.36 (KHTML, like Gecko) Version/4.0 Chrome/75.0.3770.156 Mobile Safari/537.36  aweme_230400 JsSdk/1.0 NetType/WIFI  AppName/aweme app_version/23.4.0 ByteLocale/zh-CN Region/CN AppSkin/white AppTheme/light BytedanceWebview/d8a21c6 WebView/075113004008"
140.179.148.12 - - [26/Feb/2026:14:32:51 -0500] "GET /wp-content/uploads/2022/05/medium-543374910260281405-600x398.jpg HTTP/1.1" 200 44594 "https://www.middleeastoday.com/" "Mozilla/5.0 (Linux; Android 10; HD1900 Build/QKQ1.190716.003; wv) AppleWebKit/537.36 (KHTML, like Gecko) Version/4.0 Chrome/75.0.3770.156 Mobile Safari/537.36  aweme_230400 JsSdk/1.0 NetType/WIFI  AppName/aweme app_version/23.4.0 ByteLocale/zh-CN Region/CN AppSkin/white AppTheme/light BytedanceWebview/d8a21c6 WebView/075113004008"
71.131.194.169 - - [26/Feb/2026:14:33:06 -0500] "GET /wp-content/plugins/elementor-1/assets/lib/font-awesome/webfonts/fa-brands-400.woff2 HTTP/1.1" 200 81612 "https://www.middleeastoday.com/wp-content/plugins/elementor-1/assets/lib/font-awesome/css/brands.min.css?ver=5.15.3" "Mozilla/5.0 (Macintosh; Intel Mac OS X 10_15_7) AppleWebKit/537.36 (KHTML, like Gecko) Chrome/125.0.0.0 Safari/537.36"
162.213.253.84 - - [26/Feb/2026:14:34:22 -0500] "POST /wp-cron.php?doing_wp_cron=1772134462.7418539524078369140625 HTTP/1.1" 200 0 "-" "WordPress/6.8.1; https://www.middleeastoday.com"
162.213.253.84 - - [26/Feb/2026:14:34:23 -0500] "POST /wp-admin/admin-ajax.php?action=async_litespeed&nonce=rormldPzuIfKYdzyPABc42ueqtG7zP2L&litespeed_type=imgoptm HTTP/1.1" 200 21 "-" "WordPress/6.8.1; https://www.middleeastoday.com"
51.195.41.174 - - [26/Feb/2026:14:34:27 -0500] "POST /xmlrpc.php HTTP/1.1" 200 205 "-" "Mozilla/5.0 (Macintosh; Intel Mac OS X 10_10_5) AppleWebKit/602.3.12 (KHTML, like Gecko) Version/10.0.2 Safari/602.3.12"
148.113.128.8 - - [26/Feb/2026:14:34:44 -0500] "GET /wp-sitemap-posts-post-1.xml HTTP/1.1" 200 35382 "-" "Mozilla/5.0 (compatible; AhrefsBot/7.0; +http://ahrefs.com/robot/)"
142.44.228.248 - - [26/Feb/2026:14:34:50 -0500] "GET /wp-sitemap-posts-page-1.xml HTTP/1.1" 200 210 "-" "Mozilla/5.0 (compatible; AhrefsBot/7.0; +http://ahrefs.com/robot/)"
50.6.225.58 - - [26/Feb/2026:14:34:56 -0500] "POST /xmlrpc.php HTTP/1.1" 200 205 "-" "Mozilla/4.0 (compatible; MSIE 7.0; Windows NT 6.2; WOW64; Trident/7.0; .NET4.0C; .NET4.0E; InfoPath.3; .NET CLR 2.0.50727; .NET CLR 3.0.30729; .NET CLR 3.5.30729)"
148.113.130.138 - - [26/Feb/2026:14:35:03 -0500] "GET /wp-sitemap-taxonomies-category-1.xml HTTP/1.1" 200 398 "-" "Mozilla/5.0 (compatible; AhrefsBot/7.0; +http://ahrefs.com/robot/)"
148.113.128.124 - - [26/Feb/2026:14:35:10 -0500] "GET /wp-sitemap-taxonomies-post_tag-1.xml HTTP/1.1" 200 169 "-" "Mozilla/5.0 (compatible; AhrefsBot/7.0; +http://ahrefs.com/robot/)"
85.208.96.211 - - [26/Feb/2026:14:35:18 -0500] "GET /author/admin/page/80/ HTTP/1.1" 200 24132 "-" "Mozilla/5.0 (compatible; SemrushBot/7~bl; +http://www.semrush.com/bot.html)"
57.128.2.15 - - [26/Feb/2026:14:35:21 -0500] "POST /xmlrpc.php HTTP/1.1" 200 205 "-" "Mozilla/5.0 (X11; Linux x86_64) AppleWebKit/537.36 (KHTML, like Gecko) Chrome/66.0.3359.139 Safari/537.36"
142.44.220.115 - - [26/Feb/2026:14:35:23 -0500] "GET /wp-sitemap-users-1.xml HTTP/1.1" 200 161 "-" "Mozilla/5.0 (compatible; AhrefsBot/7.0; +http://ahrefs.com/robot/)"
185.191.171.15 - - [26/Feb/2026:14:35:27 -0500] "GET /ruler-of-fujairah-attends-arab-chinese-cooperation-and-development-summit-in-riyadh/ HTTP/1.1" 200 23951 "-" "Mozilla/5.0 (compatible; SemrushBot/7~bl; +http://www.semrush.com/bot.html)"
109.123.233.42 - - [26/Feb/2026:14:33:05 -0500] "POST /xmlrpc.php HTTP/1.1" 200 205 "-" "Mozilla/4.0 (compatible; MSIE 7.0; Windows NT 6.2; WOW64; Trident/7.0; .NET4.0C; .NET4.0E; InfoPath.3; .NET CLR 2.0.50727; .NET CLR 3.0.30729; .NET CLR 3.5.30729)"
71.131.194.169 - - [26/Feb/2026:14:33:06 -0500] "GET /wp-content/plugins/elementor-1/assets/lib/font-awesome/webfonts/fa-solid-900.woff2 HTTP/1.1" 200 78196 "https://www.middleeastoday.com/wp-content/plugins/elementor-1/assets/lib/font-awesome/css/solid.min.css?ver=5.15.3" "Mozilla/5.0 (Macintosh; Intel Mac OS X 10_15_7) AppleWebKit/537.36 (KHTML, like Gecko) Chrome/125.0.0.0 Safari/537.36"
71.131.194.169 - - [26/Feb/2026:14:33:06 -0500] "GET /wp-content/themes/digiqole/assets/fonts/iconfont.ttf?5i53bc HTTP/1.1" 200 27432 "https://www.middleeastoday.com/wp-content/themes/digiqole/assets/css/icon-font.css?ver=2.1.1" "Mozilla/5.0 (Macintosh; Intel Mac OS X 10_15_7) AppleWebKit/537.36 (KHTML, like Gecko) Chrome/125.0.0.0 Safari/537.36"
71.131.194.169 - - [26/Feb/2026:14:33:06 -0500] "GET /wp-content/plugins/elementskit-lite/modules/elementskit-icon-pack/assets/fonts/elementskit.woff?y24e1e HTTP/1.1" 200 459560 "https://www.middleeastoday.com/wp-content/plugins/elementskit-lite/modules/elementskit-icon-pack/assets/css/ekiticons.css?ver=3.5.0" "Mozilla/5.0 (Macintosh; Intel Mac OS X 10_15_7) AppleWebKit/537.36 (KHTML, like Gecko) Chrome/125.0.0.0 Safari/537.36"
71.131.194.169 - - [26/Feb/2026:14:33:06 -0500] "GET /wp-content/plugins/elementor-1/assets/lib/eicons/fonts/eicons.woff2?5.29.0 HTTP/1.1" 200 96924 "https://www.middleeastoday.com/wp-content/plugins/elementor-1/assets/lib/eicons/css/elementor-icons.min.css?ver=5.29.0" "Mozilla/5.0 (Macintosh; Intel Mac OS X 10_15_7) AppleWebKit/537.36 (KHTML, like Gecko) Chrome/125.0.0.0 Safari/537.36"
103.170.123.175 - - [26/Feb/2026:14:34:22 -0500] "POST /xmlrpc.php HTTP/1.1" 200 205 "-" "Mozilla/5.0 (Windows NT 6.1; Trident/7.0; rv:11.0) like Gecko"
51.161.37.45 - - [26/Feb/2026:14:34:37 -0500] "GET /wp-sitemap.xml HTTP/1.1" 200 223 "-" "Mozilla/5.0 (compatible; AhrefsBot/7.0; +http://ahrefs.com/robot/)"
142.44.225.247 - - [26/Feb/2026:14:34:57 -0500] "GET /wp-sitemap-posts-elementskit_template-1.xml HTTP/1.1" 200 203 "-" "Mozilla/5.0 (compatible; AhrefsBot/7.0; +http://ahrefs.com/robot/)"
15.235.96.185 - - [26/Feb/2026:14:35:16 -0500] "GET /wp-sitemap-taxonomies-post_format-1.xml HTTP/1.1" 200 171 "-" "Mozilla/5.0 (compatible; AhrefsBot/7.0; +http://ahrefs.com/robot/)"
162.213.253.84 - - [26/Feb/2026:14:35:22 -0500] "POST /wp-cron.php?doing_wp_cron=1772134522.4586889743804931640625 HTTP/1.1" 200 0 "-" "WordPress/6.8.1; https://www.middleeastoday.com"
162.213.253.84 - - [26/Feb/2026:14:35:23 -0500] "POST /wp-admin/admin-ajax.php?action=async_litespeed&nonce=bh1LWC9mAuVjoyA6qVubYGk7QwID6hsr&litespeed_type=imgoptm HTTP/1.1" 200 21 "-" "WordPress/6.8.1; https://www.middleeastoday.com"
114.119.130.67 - - [26/Feb/2026:14:35:34 -0500] "GET /wetex-and-dss-2022-to-offer-field-visits-to-key-dubai-based-sustainability-projects/ HTTP/1.1" 200 23518 "https://www.middleeastoday.com/category/exhibitions/page/2" "Mozilla/5.0 (Linux; Android 7.0;) AppleWebKit/537.36 (KHTML, like Gecko) Mobile Safari/537.36 (compatible; PetalBot;+https://webmaster.petalsearch.com/site/petalbot)"
162.213.253.84 - - [26/Feb/2026:14:36:56 -0500] "POST /wp-cron.php?doing_wp_cron=1772134616.8254799842834472656250 HTTP/1.1" 200 0 "-" "WordPress/6.8.1; https://www.middleeastoday.com"
114.119.154.115 - - [26/Feb/2026:14:36:57 -0500] "GET /hamdan-bin-mohammed-concludes-official-visit-to-kuwait/ HTTP/1.1" 200 23130 "https://www.middleeastoday.com/author/admin/page/10" "Mozilla/5.0 (Linux; Android 7.0;) AppleWebKit/537.36 (KHTML, like Gecko) Mobile Safari/537.36 (compatible; PetalBot;+https://webmaster.petalsearch.com/site/petalbot)"
54.39.89.139 - - [26/Feb/2026:14:37:04 -0500] "GET /dha-opens-pfizer-biontech-vaccine-booking-slots-for-children-aged-5-11/ HTTP/1.1" 200 20410 "-" "Mozilla/5.0 (compatible; AhrefsBot/7.0; +http://ahrefs.com/robot/)"
162.213.253.84 - - [26/Feb/2026:14:37:24 -0500] "POST /wp-cron.php?doing_wp_cron=1772134644.2728989124298095703125 HTTP/1.1" 200 0 "-" "WordPress/6.8.1; https://www.middleeastoday.com"
162.240.150.20 - - [26/Feb/2026:14:38:03 -0500] "POST /xmlrpc.php HTTP/1.1" 200 205 "-" "Mozilla/5.0 (Macintosh; Intel Mac OS X 10_11_6) AppleWebKit/537.36 (KHTML, like Gecko) Chrome/67.0.3396.87 Safari/537.36"
134.209.223.164 - - [26/Feb/2026:14:38:17 -0500] "GET /wp-content/uploads/2023/07/Deyaar-1-850x560.jpg%20850w,%20https://www.middleeastoday.com/wp-content/uploads/2023/07/Deyaar-1-455x300.jpg%20455w HTTP/1.1" 301 0 "https://www.middleeastoday.com/" "Mozilla/5.0 (Windows NT 10.0; Win64; x64) AppleWebKit/537.36 (KHTML, like Gecko) Chrome/124.0.0.0 Safari/537.36"
161.35.113.97 - - [26/Feb/2026:14:38:17 -0500] "GET /wp-content/uploads/2023/07/COP28-President-850x560.jpg%20850w,%20https://www.middleeastoday.com/wp-content/uploads/2023/07/COP28-President-455x300.jpg%20455w HTTP/1.1" 301 0 "https://www.middleeastoday.com/" "Mozilla/5.0 (Windows NT 10.0; Win64; x64) AppleWebKit/537.36 (KHTML, like Gecko) Chrome/133.0.0.0 Safari/537.36"
161.35.113.97 - - [26/Feb/2026:14:38:19 -0500] "GET /wp-content/uploads/2023/07/COP28-President-850x560.jpg%20850w,%20https:/www.middleeastoday.com/wp-content/uploads/2023/07/COP28-President-455x300.jpg%20455w HTTP/1.1" 404 19185 "https://www.middleeastoday.com/" "Mozilla/5.0 (Windows NT 10.0; Win64; x64) AppleWebKit/537.36 (KHTML, like Gecko) Chrome/133.0.0.0 Safari/537.36"
181.78.14.201 - - [26/Feb/2026:14:38:28 -0500] "GET /wp-content/uploads/2023/07/Deyaar-1-850x560.jpg%20850w,%20https://www.middleeastoday.com/wp-content/uploads/2023/07/Deyaar-1-455x300.jpg%20455w HTTP/1.1" 301 0 "https://www.middleeastoday.com/" "Mozilla/5.0 (Windows NT 10.0; Win64; x64) AppleWebKit/537.36 (KHTML, like Gecko) Chrome/124.0.0.0 Safari/537.36"
38.121.214.244 - - [26/Feb/2026:14:38:30 -0500] "GET /wp-content/uploads/2023/07/COP28-President-850x560.jpg%20850w,%20https://www.middleeastoday.com/wp-content/uploads/2023/07/COP28-President-455x300.jpg%20455w HTTP/1.1" 301 0 "https://www.middleeastoday.com/" "Mozilla/5.0 (Windows NT 10.0; Win64; x64) AppleWebKit/537.36 (KHTML, like Gecko) Chrome/133.0.0.0 Safari/537.36"
162.213.253.84 - - [26/Feb/2026:14:38:38 -0500] "POST /wp-cron.php?doing_wp_cron=1772134718.9180629253387451171875 HTTP/1.1" 200 0 "-" "WordPress/6.8.1; https://www.middleeastoday.com"
129.121.74.114 - - [26/Feb/2026:14:38:39 -0500] "POST /xmlrpc.php HTTP/1.1" 200 205 "-" "Mozilla/5.0 (Windows NT 6.1) AppleWebKit/537.36 (KHTML, like Gecko) Chrome/67.0.3396.87 Safari/537.36"
162.213.253.84 - - [26/Feb/2026:14:38:39 -0500] "POST /wp-admin/admin-ajax.php?action=async_litespeed&nonce=jZch6DVV8naGR5LYcSoqJSYgU8KVnpTG&litespeed_type=imgoptm HTTP/1.1" 200 21 "-" "WordPress/6.8.1; https://www.middleeastoday.com"
162.213.253.84 - - [26/Feb/2026:14:38:41 -0500] "POST /wp-cron.php?doing_wp_cron=1772134721.3123710155487060546875 HTTP/1.1" 200 0 "-" "WordPress/6.8.1; https://www.middleeastoday.com"
72.167.150.128 - - [26/Feb/2026:14:38:40 -0500] "POST /wp-login.php HTTP/1.1" 200 1888 "https://middleeastoday.com/wp-login.php" "Mozilla/4.0 (compatible; MSIE 7.0; Windows NT 6.2; Trident/7.0; .NET4.0C; .NET4.0E; .NET CLR 2.0.50727; .NET CLR 3.0.30729; .NET CLR 3.5.30729; SLCC2; Media Center PC 6.0)"
123.30.109.8 - - [26/Feb/2026:14:38:46 -0500] "POST /xmlrpc.php HTTP/1.1" 200 205 "-" "Mozilla/5.0 (Windows NT 10.0; WOW64; Trident/7.0; Touch; MALNJS; rv:11.0) like Gecko"
162.213.253.84 - - [26/Feb/2026:14:39:36 -0500] "POST /wp-cron.php?doing_wp_cron=1772134776.2620298862457275390625 HTTP/1.1" 200 0 "-" "WordPress/6.8.1; https://www.middleeastoday.com"
50.6.225.58 - - [26/Feb/2026:14:39:35 -0500] "POST /xmlrpc.php HTTP/1.1" 200 205 "-" "Mozilla/5.0 (Macintosh; Intel Mac OS X 10_11_6) AppleWebKit/537.36 (KHTML, like Gecko) Chrome/67.0.3396.87 Safari/537.36"
114.119.154.115 - - [26/Feb/2026:14:36:56 -0500] "GET /hamdan-bin-mohammed-concludes-official-visit-to-kuwait HTTP/1.1" 301 0 "https://www.middleeastoday.com/author/admin/page/10" "Mozilla/5.0 (Linux; Android 7.0;) AppleWebKit/537.36 (KHTML, like Gecko) Mobile Safari/537.36 (compatible; PetalBot;+https://webmaster.petalsearch.com/site/petalbot)"
162.213.253.84 - - [26/Feb/2026:14:36:57 -0500] "POST /wp-admin/admin-ajax.php?action=async_litespeed&nonce=qjNMZN4lUld5ehLIfzK7efpbWjy2Hs2I&litespeed_type=imgoptm HTTP/1.1" 200 21 "-" "WordPress/6.8.1; https://www.middleeastoday.com"
158.220.99.51 - - [26/Feb/2026:14:37:21 -0500] "POST /xmlrpc.php HTTP/1.1" 200 205 "-" "Mozilla/5.0 (Windows NT 6.1; Trident/7.0; rv:11.0) like Gecko"
162.240.22.47 - - [26/Feb/2026:14:37:23 -0500] "POST /xmlrpc.php HTTP/1.1" 200 205 "-" "Mozilla/5.0 (Macintosh; Intel Mac OS X 10_10_5) AppleWebKit/602.3.12 (KHTML, like Gecko) Version/10.0.2 Safari/602.3.12"
162.213.253.84 - - [26/Feb/2026:14:37:24 -0500] "POST /wp-admin/admin-ajax.php?action=async_litespeed&nonce=ELNpErYgEkW9KDzC39tS5Myxtr7tLYD8&litespeed_type=imgoptm HTTP/1.1" 200 21 "-" "WordPress/6.8.1; https://www.middleeastoday.com"
162.213.253.84 - - [26/Feb/2026:14:37:44 -0500] "POST /wp-cron.php?doing_wp_cron=1772134664.3349230289459228515625 HTTP/1.1" 200 0 "-" "WordPress/6.8.1; https://www.middleeastoday.com"
13.200.67.79 - - [26/Feb/2026:14:37:43 -0500] "POST /xmlrpc.php HTTP/1.1" 200 205 "-" "Mozilla/5.0 (X11; Linux x86_64) AppleWebKit/537.36 (KHTML, like Gecko) Chrome/66.0.3359.139 Safari/537.36"
134.209.223.164 - - [26/Feb/2026:14:38:19 -0500] "GET /wp-content/uploads/2023/07/Deyaar-1-850x560.jpg%20850w,%20https:/www.middleeastoday.com/wp-content/uploads/2023/07/Deyaar-1-455x300.jpg%20455w HTTP/1.1" 404 19185 "https://www.middleeastoday.com/" "Mozilla/5.0 (Windows NT 10.0; Win64; x64) AppleWebKit/537.36 (KHTML, like Gecko) Chrome/124.0.0.0 Safari/537.36"
162.144.107.180 - - [26/Feb/2026:14:38:38 -0500] "POST /xmlrpc.php HTTP/1.1" 200 205 "-" "Mozilla/5.0 (Windows NT 6.1) AppleWebKit/537.36 (KHTML, like Gecko) Chrome/67.0.3396.87 Safari/537.36"
72.167.150.128 - - [26/Feb/2026:14:38:40 -0500] "GET /wp-login.php HTTP/1.1" 200 1792 "-" "Mozilla/4.0 (compatible; MSIE 7.0; Windows NT 6.2; Trident/7.0; .NET4.0C; .NET4.0E; .NET CLR 2.0.50727; .NET CLR 3.0.30729; .NET CLR 3.5.30729; SLCC2; Media Center PC 6.0)"
157.173.203.94 - - [26/Feb/2026:14:38:55 -0500] "POST /xmlrpc.php HTTP/1.1" 200 205 "-" "Mozilla/5.0 (Macintosh; Intel Mac OS X 10_10_5) AppleWebKit/602.3.12 (KHTML, like Gecko) Version/10.0.2 Safari/602.3.12"
45.6.51.97 - - [26/Feb/2026:14:39:05 -0500] "POST /xmlrpc.php HTTP/1.1" 200 205 "-" "Mozilla/5.0 (Macintosh; Intel Mac OS X 10_10_5) AppleWebKit/602.3.12 (KHTML, like Gecko) Version/10.0.2 Safari/602.3.12"
51.161.37.97 - - [26/Feb/2026:14:39:08 -0500] "GET /abdullah-bin-zayed-reaffirms-uaes-support-of-palestinian-cause-at-negev-summit/ HTTP/1.1" 200 20179 "-" "Mozilla/5.0 (compatible; AhrefsBot/7.0; +http://ahrefs.com/robot/)"
162.213.253.84 - - [26/Feb/2026:14:40:37 -0500] "POST /wp-admin/admin-ajax.php?action=async_litespeed&nonce=qTkq0LLF8WXPz2m2b1EIvr0hEiy8yyQw&litespeed_type=imgoptm HTTP/1.1" 200 21 "-" "WordPress/6.8.1; https://www.middleeastoday.com"
57.141.2.11 - - [26/Feb/2026:14:41:18 -0500] "GET /papua-new-guinea-celebrates-its-achievements-in-sustainable-development-during-expo-2020-dubai-national-day/ HTTP/1.1" 200 107871 "-" "meta-externalagent/1.1 (+https://developers.facebook.com/docs/sharing/webmasters/crawler)"
162.213.253.84 - - [26/Feb/2026:14:41:35 -0500] "POST /wp-cron.php?doing_wp_cron=1772134895.5422968864440917968750 HTTP/1.1" 200 0 "-" "WordPress/6.8.1; https://www.middleeastoday.com"
162.213.253.84 - - [26/Feb/2026:14:41:47 -0500] "POST /wp-cron.php?doing_wp_cron=1772134907.8660480976104736328125 HTTP/1.1" 200 0 "-" "WordPress/6.8.1; https://www.middleeastoday.com"
162.213.253.84 - - [26/Feb/2026:14:39:36 -0500] "POST /wp-admin/admin-ajax.php?action=async_litespeed&nonce=AexoxvLeqx0D7uHBg7wmLPu3sLQnJ93X&litespeed_type=imgoptm HTTP/1.1" 200 21 "-" "WordPress/6.8.1; https://www.middleeastoday.com"
114.119.137.153 - - [26/Feb/2026:14:40:01 -0500] "GET /uae-security-force-arrives-in-saudi-arabia-to-participate-in-arab-gulf-security-exercise-3/ HTTP/1.1" 200 22984 "https://www.middleeastoday.com/author/admin/page/100/" "Mozilla/5.0 (Linux; Android 7.0;) AppleWebKit/537.36 (KHTML, like Gecko) Mobile Safari/537.36 (compatible; PetalBot;+https://webmaster.petalsearch.com/site/petalbot)"
157.55.39.57 - - [26/Feb/2026:14:40:09 -0500] "GET /wp-content/uploads/2023/03/President-of-Syria-300x200.jpg HTTP/1.1" 200 13241 "-" "Mozilla/5.0 AppleWebKit/537.36 (KHTML, like Gecko; compatible; bingbot/2.0; +http://www.bing.com/bingbot.htm) Chrome/116.0.1938.76 Safari/537.36"
162.213.253.84 - - [26/Feb/2026:14:40:37 -0500] "POST /wp-cron.php?doing_wp_cron=1772134837.0975179672241210937500 HTTP/1.1" 200 0 "-" "WordPress/6.8.1; https://www.middleeastoday.com"
158.220.99.51 - - [26/Feb/2026:14:40:36 -0500] "POST /xmlrpc.php HTTP/1.1" 200 205 "-" "Mozilla/5.0 (Macintosh; Intel Mac OS X 10_10_5) AppleWebKit/602.3.12 (KHTML, like Gecko) Version/10.0.2 Safari/602.3.12"
51.103.25.59 - - [26/Feb/2026:14:41:34 -0500] "POST /xmlrpc.php HTTP/1.1" 200 205 "-" "Mozilla/5.0 (compatible; MSIE 10.0; Windows NT 6.1; Win64; x64; Trident/7.0)"
162.213.253.84 - - [26/Feb/2026:14:41:36 -0500] "POST /wp-admin/admin-ajax.php?action=async_litespeed&nonce=6tNdB6DiGKs3qhMxsACsfnsHKrEhmsXG&litespeed_type=imgoptm HTTP/1.1" 200 21 "-" "WordPress/6.8.1; https://www.middleeastoday.com"
85.215.241.149 - - [26/Feb/2026:14:41:47 -0500] "POST /xmlrpc.php HTTP/1.1" 200 205 "-" "Mozilla/5.0 (Windows NT 6.1) AppleWebKit/537.36 (KHTML, like Gecko) Chrome/67.0.3396.87 Safari/537.36"
50.6.229.148 - - [26/Feb/2026:14:41:48 -0500] "POST /xmlrpc.php HTTP/1.1" 200 205 "-" "Mozilla/5.0 (Windows NT 10.0; WOW64; Trident/7.0; Touch; MALNJS; rv:11.0) like Gecko"
114.119.137.98 - - [26/Feb/2026:14:41:53 -0500] "GET /uae-president-emir-of-qatar-discuss-relations-regional-developments/ HTTP/1.1" 200 26099 "https://www.middleeastoday.com/author/admin/page/38" "Mozilla/5.0 (Linux; Android 7.0;) AppleWebKit/537.36 (KHTML, like Gecko) Mobile Safari/537.36 (compatible; PetalBot;+https://webmaster.petalsearch.com/site/petalbot)"
162.213.253.84 - - [26/Feb/2026:14:42:39 -0500] "POST /wp-admin/admin-ajax.php?action=async_litespeed&nonce=yDuj6Nji2UswvY6JWQYUZyBUjYz7llU4&litespeed_type=imgoptm HTTP/1.1" 200 21 "-" "WordPress/6.8.1; https://www.middleeastoday.com"
165.232.53.222 - - [26/Feb/2026:14:42:48 -0500] "POST /xmlrpc.php HTTP/1.1" 200 205 "-" "Mozilla/5.0 (compatible; MSIE 10.0; Windows NT 6.1; Win64; x64; Trident/7.0)"
117.135.155.47 - - [26/Feb/2026:14:43:07 -0500] "GET /wp-content/uploads/elementor/css/post-3932.css?ver=1762520240 HTTP/1.1" 200 1066 "https://www.middleeastoday.com/category/press-releases/" "Mozilla/5.0 (Windows NT 10.0; Win64; x64) AppleWebKit/537.36 (KHTML, like Gecko) Chrome/139.0.0.0 Safari/537.36"
117.135.155.47 - - [26/Feb/2026:14:43:07 -0500] "GET /wp-content/plugins/elementor-1/assets/css/frontend-lite.min.css?ver=3.21.1 HTTP/1.1" 200 13067 "https://www.middleeastoday.com/category/press-releases/" "Mozilla/5.0 (Windows NT 10.0; Win64; x64) AppleWebKit/537.36 (KHTML, like Gecko) Chrome/139.0.0.0 Safari/537.36"
117.135.155.47 - - [26/Feb/2026:14:43:07 -0500] "GET /wp-content/plugins/accesspress-social-counter/css/fontawesome-all.css?ver=1.9.2 HTTP/1.1" 200 8084 "https://www.middleeastoday.com/category/press-releases/" "Mozilla/5.0 (Windows NT 10.0; Win64; x64) AppleWebKit/537.36 (KHTML, like Gecko) Chrome/139.0.0.0 Safari/537.36"
114.119.137.98 - - [26/Feb/2026:14:41:51 -0500] "GET /uae-president-emir-of-qatar-discuss-relations-regional-developments HTTP/1.1" 301 0 "https://www.middleeastoday.com/author/admin/page/38" "Mozilla/5.0 (Linux; Android 7.0;) AppleWebKit/537.36 (KHTML, like Gecko) Mobile Safari/537.36 (compatible; PetalBot;+https://webmaster.petalsearch.com/site/petalbot)"
162.213.253.84 - - [26/Feb/2026:14:42:39 -0500] "POST /wp-cron.php?doing_wp_cron=1772134959.3574469089508056640625 HTTP/1.1" 200 0 "-" "WordPress/6.8.1; https://www.middleeastoday.com"
54.39.210.128 - - [26/Feb/2026:14:42:38 -0500] "GET /mohammed-bin-rashid-meets-with-senior-officials-of-emirates-airline-and-group/ HTTP/1.1" 200 21137 "-" "Mozilla/5.0 (compatible; AhrefsBot/7.0; +http://ahrefs.com/robot/)"
123.30.109.8 - - [26/Feb/2026:14:42:44 -0500] "GET /wp-login.php HTTP/1.1" 200 1792 "-" "Mozilla/5.0 (Windows NT 6.3; Win64; x64) AppleWebKit/537.36 (KHTML, like Gecko) Chrome/52.0.2743.116 Safari/537.36 Edge/15.15063"
162.213.253.84 - - [26/Feb/2026:14:42:45 -0500] "POST /wp-cron.php?doing_wp_cron=1772134965.9293379783630371093750 HTTP/1.1" 200 0 "-" "WordPress/6.8.1; https://www.middleeastoday.com"
123.30.109.8 - - [26/Feb/2026:14:42:45 -0500] "POST /wp-login.php HTTP/1.1" 200 1888 "https://middleeastoday.com/wp-login.php" "Mozilla/5.0 (Windows NT 6.3; Win64; x64) AppleWebKit/537.36 (KHTML, like Gecko) Chrome/52.0.2743.116 Safari/537.36 Edge/15.15063"
114.119.137.153 - - [26/Feb/2026:14:42:47 -0500] "GET /sharjahs-historic-buildings-on-isescos-final-list/ HTTP/1.1" 200 23273 "https://www.middleeastoday.com/category/travel-tourism/destinations/page/2/" "Mozilla/5.0 (Linux; Android 7.0;) AppleWebKit/537.36 (KHTML, like Gecko) Mobile Safari/537.36 (compatible; PetalBot;+https://webmaster.petalsearch.com/site/petalbot)"
57.141.2.68 - - [26/Feb/2026:14:42:57 -0500] "GET /dr-anas-kozbari-organizes-syrian-business-leaders-summit-spotlight-on-economic-revival-at-key-dubai-conference/ HTTP/1.1" 200 106592 "-" "meta-externalagent/1.1 (+https://developers.facebook.com/docs/sharing/webmasters/crawler)"
117.135.155.47 - - [26/Feb/2026:14:43:05 -0500] "GET /category/press-releases/ HTTP/1.1" 200 19000 "-" "Mozilla/5.0 (Windows NT 10.0; Win64; x64) AppleWebKit/537.36 (KHTML, like Gecko) Chrome/139.0.0.0 Safari/537.36"
117.135.155.47 - - [26/Feb/2026:14:43:07 -0500] "GET /wp-includes/css/dist/block-library/style.min.css?ver=6.8.1 HTTP/1.1" 200 14358 "https://www.middleeastoday.com/category/press-releases/" "Mozilla/5.0 (Windows NT 10.0; Win64; x64) AppleWebKit/537.36 (KHTML, like Gecko) Chrome/139.0.0.0 Safari/537.36"
117.135.155.47 - - [26/Feb/2026:14:43:07 -0500] "GET /wp-content/themes/digiqole/assets/css/bootstrap.min.css?ver=2.1.1 HTTP/1.1" 200 18543 "https://www.middleeastoday.com/category/press-releases/" "Mozilla/5.0 (Windows NT 10.0; Win64; x64) AppleWebKit/537.36 (KHTML, like Gecko) Chrome/139.0.0.0 Safari/537.36"
117.135.155.47 - - [26/Feb/2026:14:43:07 -0500] "GET /wp-content/plugins/contact-form-7/includes/css/styles.css?ver=6.0.6 HTTP/1.1" 200 890 "https://www.middleeastoday.com/category/press-releases/" "Mozilla/5.0 (Windows NT 10.0; Win64; x64) AppleWebKit/537.36 (KHTML, like Gecko) Chrome/139.0.0.0 Safari/537.36"
117.135.155.47 - - [26/Feb/2026:14:43:07 -0500] "GET /wp-content/themes/digiqole/assets/css/master.css?ver=2.1.1 HTTP/1.1" 200 43295 "https://www.middleeastoday.com/category/press-releases/" "Mozilla/5.0 (Windows NT 10.0; Win64; x64) AppleWebKit/537.36 (KHTML, like Gecko) Chrome/139.0.0.0 Safari/537.36"
117.135.155.47 - - [26/Feb/2026:14:43:07 -0500] "GET /wp-content/plugins/elementor-1/assets/lib/font-awesome/css/fontawesome.min.css?ver=5.15.3 HTTP/1.1" 200 12164 "https://www.middleeastoday.com/category/press-releases/" "Mozilla/5.0 (Windows NT 10.0; Win64; x64) AppleWebKit/537.36 (KHTML, like Gecko) Chrome/139.0.0.0 Safari/537.36"
117.135.155.47 - - [26/Feb/2026:14:43:07 -0500] "GET /wp-content/themes/digiqole/assets/css/all.css?ver=2.1.1 HTTP/1.1" 200 7048 "https://www.middleeastoday.com/category/press-releases/" "Mozilla/5.0 (Windows NT 10.0; Win64; x64) AppleWebKit/537.36 (KHTML, like Gecko) Chrome/139.0.0.0 Safari/537.36"
117.135.155.47 - - [26/Feb/2026:14:43:07 -0500] "GET /wp-content/plugins/elementskit-lite/widgets/init/assets/css/widget-styles.css?ver=3.5.0 HTTP/1.1" 200 48223 "https://www.middleeastoday.com/category/press-releases/" "Mozilla/5.0 (Windows NT 10.0; Win64; x64) AppleWebKit/537.36 (KHTML, like Gecko) Chrome/139.0.0.0 Safari/537.36"
117.135.155.47 - - [26/Feb/2026:14:43:07 -0500] "GET /wp-content/plugins/elementskit-lite/widgets/init/assets/css/responsive.css?ver=3.5.0 HTTP/1.1" 200 2859 "https://www.middleeastoday.com/category/press-releases/" "Mozilla/5.0 (Windows NT 10.0; Win64; x64) AppleWebKit/537.36 (KHTML, like Gecko) Chrome/139.0.0.0 Safari/537.36"
117.135.155.47 - - [26/Feb/2026:14:43:07 -0500] "GET /wp-content/themes/digiqole/assets/css/icon-font.css?ver=2.1.1 HTTP/1.1" 200 1106 "https://www.middleeastoday.com/category/press-releases/" "Mozilla/5.0 (Windows NT 10.0; Win64; x64) AppleWebKit/537.36 (KHTML, like Gecko) Chrome/139.0.0.0 Safari/537.36"
117.135.155.47 - - [26/Feb/2026:14:43:07 -0500] "GET /wp-includes/js/jquery/jquery-migrate.min.js?ver=3.4.1 HTTP/1.1" 200 4678 "https://www.middleeastoday.com/category/press-releases/" "Mozilla/5.0 (Windows NT 10.0; Win64; x64) AppleWebKit/537.36 (KHTML, like Gecko) Chrome/139.0.0.0 Safari/537.36"
117.135.155.47 - - [26/Feb/2026:14:43:07 -0500] "GET /wp-content/plugins/elementor-pro/assets/css/widget-nav-menu.min.css HTTP/1.1" 200 3279 "https://www.middleeastoday.com/category/press-releases/" "Mozilla/5.0 (Windows NT 10.0; Win64; x64) AppleWebKit/537.36 (KHTML, like Gecko) Chrome/139.0.0.0 Safari/537.36"
117.135.155.47 - - [26/Feb/2026:14:43:07 -0500] "GET /wp-content/plugins/elementor-1/assets/lib/eicons/css/elementor-icons.min.css?ver=5.29.0 HTTP/1.1" 200 3724 "https://www.middleeastoday.com/category/press-releases/" "Mozilla/5.0 (Windows NT 10.0; Win64; x64) AppleWebKit/537.36 (KHTML, like Gecko) Chrome/139.0.0.0 Safari/537.36"
117.135.155.47 - - [26/Feb/2026:14:43:12 -0500] "GET /wp-content/plugins/elementor-1/assets/lib/swiper/v8/css/swiper.min.css?ver=8.4.5 HTTP/1.1" 200 4248 "https://www.middleeastoday.com/category/press-releases/" "Mozilla/5.0 (Windows NT 10.0; Win64; x64) AppleWebKit/537.36 (KHTML, like Gecko) Chrome/139.0.0.0 Safari/537.36"
117.135.155.47 - - [26/Feb/2026:14:43:13 -0500] "GET /wp-content/uploads/elementor/css/global.css?ver=1747657840 HTTP/1.1" 200 3340 "https://www.middleeastoday.com/category/press-releases/" "Mozilla/5.0 (Windows NT 10.0; Win64; x64) AppleWebKit/537.36 (KHTML, like Gecko) Chrome/139.0.0.0 Safari/537.36"
117.135.155.47 - - [26/Feb/2026:14:43:13 -0500] "GET /wp-includes/js/dist/i18n.min.js?ver=5e580eb46a90c2b997e6 HTTP/1.1" 200 3542 "https://www.middleeastoday.com/category/press-releases/" "Mozilla/5.0 (Windows NT 10.0; Win64; x64) AppleWebKit/537.36 (KHTML, like Gecko) Chrome/139.0.0.0 Safari/537.36"
117.135.155.47 - - [26/Feb/2026:14:43:13 -0500] "GET /wp-content/plugins/contact-form-7/includes/swv/js/index.js?ver=6.0.6 HTTP/1.1" 200 3369 "https://www.middleeastoday.com/category/press-releases/" "Mozilla/5.0 (Windows NT 10.0; Win64; x64) AppleWebKit/537.36 (KHTML, like Gecko) Chrome/139.0.0.0 Safari/537.36"
117.135.155.47 - - [26/Feb/2026:14:43:14 -0500] "GET /wp-content/plugins/elementskit-lite/widgets/init/assets/js/widget-scripts.js?ver=3.5.0 HTTP/1.1" 200 40425 "https://www.middleeastoday.com/category/press-releases/" "Mozilla/5.0 (Windows NT 10.0; Win64; x64) AppleWebKit/537.36 (KHTML, like Gecko) Chrome/139.0.0.0 Safari/537.36"
117.135.155.47 - - [26/Feb/2026:14:43:07 -0500] "GET /wp-content/plugins/accesspress-social-counter/css/frontend.css?ver=1.9.2 HTTP/1.1" 200 2295 "https://www.middleeastoday.com/category/press-releases/" "Mozilla/5.0 (Windows NT 10.0; Win64; x64) AppleWebKit/537.36 (KHTML, like Gecko) Chrome/139.0.0.0 Safari/537.36"
117.135.155.47 - - [26/Feb/2026:14:43:07 -0500] "GET /wp-content/plugins/elementor-1/assets/lib/font-awesome/css/solid.min.css?ver=5.15.3 HTTP/1.1" 200 286 "https://www.middleeastoday.com/category/press-releases/" "Mozilla/5.0 (Windows NT 10.0; Win64; x64) AppleWebKit/537.36 (KHTML, like Gecko) Chrome/139.0.0.0 Safari/537.36"
117.135.155.47 - - [26/Feb/2026:14:43:07 -0500] "GET /wp-includes/js/jquery/jquery.min.js?ver=3.7.1 HTTP/1.1" 200 29744 "https://www.middleeastoday.com/category/press-releases/" "Mozilla/5.0 (Windows NT 10.0; Win64; x64) AppleWebKit/537.36 (KHTML, like Gecko) Chrome/139.0.0.0 Safari/537.36"
117.135.155.47 - - [26/Feb/2026:14:43:07 -0500] "GET /wp-content/plugins/elementskit-lite/modules/elementskit-icon-pack/assets/css/ekiticons.css?ver=3.5.0 HTTP/1.1" 200 11776 "https://www.middleeastoday.com/category/press-releases/" "Mozilla/5.0 (Windows NT 10.0; Win64; x64) AppleWebKit/537.36 (KHTML, like Gecko) Chrome/139.0.0.0 Safari/537.36"
117.135.155.47 - - [26/Feb/2026:14:43:13 -0500] "GET /wp-content/uploads/elementor/css/post-9.css?ver=1747657839 HTTP/1.1" 200 334 "https://www.middleeastoday.com/category/press-releases/" "Mozilla/5.0 (Windows NT 10.0; Win64; x64) AppleWebKit/537.36 (KHTML, like Gecko) Chrome/139.0.0.0 Safari/537.36"
117.135.155.47 - - [26/Feb/2026:14:43:13 -0500] "GET /wp-content/plugins/elementor-pro/assets/css/frontend-lite.min.css?ver=3.6.5 HTTP/1.1" 200 1505 "https://www.middleeastoday.com/category/press-releases/" "Mozilla/5.0 (Windows NT 10.0; Win64; x64) AppleWebKit/537.36 (KHTML, like Gecko) Chrome/139.0.0.0 Safari/537.36"
117.135.155.47 - - [26/Feb/2026:14:43:13 -0500] "GET /wp-content/plugins/elementor-1/assets/lib/animations/animations.min.css?ver=3.21.1 HTTP/1.1" 200 2442 "https://www.middleeastoday.com/category/press-releases/" "Mozilla/5.0 (Windows NT 10.0; Win64; x64) AppleWebKit/537.36 (KHTML, like Gecko) Chrome/139.0.0.0 Safari/537.36"
117.135.155.47 - - [26/Feb/2026:14:43:13 -0500] "GET /wp-includes/js/dist/hooks.min.js?ver=4d63a3d491d11ffd8ac6 HTTP/1.1" 200 1571 "https://www.middleeastoday.com/category/press-releases/" "Mozilla/5.0 (Windows NT 10.0; Win64; x64) AppleWebKit/537.36 (KHTML, like Gecko) Chrome/139.0.0.0 Safari/537.36"
117.135.155.47 - - [26/Feb/2026:14:43:14 -0500] "GET /wp-content/plugins/elementskit-lite/libs/framework/assets/js/frontend-script.js?ver=3.5.0 HTTP/1.1" 200 40 "https://www.middleeastoday.com/category/press-releases/" "Mozilla/5.0 (Windows NT 10.0; Win64; x64) AppleWebKit/537.36 (KHTML, like Gecko) Chrome/139.0.0.0 Safari/537.36"
117.135.155.47 - - [26/Feb/2026:14:43:14 -0500] "GET /wp-content/plugins/contact-form-7/includes/js/index.js?ver=6.0.6 HTTP/1.1" 200 4008 "https://www.middleeastoday.com/category/press-releases/" "Mozilla/5.0 (Windows NT 10.0; Win64; x64) AppleWebKit/537.36 (KHTML, like Gecko) Chrome/139.0.0.0 Safari/537.36"
117.135.155.47 - - [26/Feb/2026:14:43:17 -0500] "GET /wp-content/themes/digiqole/assets/js/fontfaceobserver.js?ver=1 HTTP/1.1" 200 2024 "https://www.middleeastoday.com/category/press-releases/" "Mozilla/5.0 (Windows NT 10.0; Win64; x64) AppleWebKit/537.36 (KHTML, like Gecko) Chrome/139.0.0.0 Safari/537.36"
117.135.155.47 - - [26/Feb/2026:14:43:19 -0500] "GET /wp-content/plugins/elementor-1/assets/js/webpack.runtime.min.js?ver=3.21.1 HTTP/1.1" 200 2071 "https://www.middleeastoday.com/category/press-releases/" "Mozilla/5.0 (Windows NT 10.0; Win64; x64) AppleWebKit/537.36 (KHTML, like Gecko) Chrome/139.0.0.0 Safari/537.36"
117.135.155.47 - - [26/Feb/2026:14:43:14 -0500] "GET /wp-content/themes/digiqole/assets/js/bootstrap.min.js?ver=2.1.1 HTTP/1.1" 200 12542 "https://www.middleeastoday.com/category/press-releases/" "Mozilla/5.0 (Windows NT 10.0; Win64; x64) AppleWebKit/537.36 (KHTML, like Gecko) Chrome/139.0.0.0 Safari/537.36"
117.135.155.47 - - [26/Feb/2026:14:43:16 -0500] "GET /wp-content/themes/digiqole/assets/js/swiper.min.js?ver=2.1.1 HTTP/1.1" 200 34003 "https://www.middleeastoday.com/category/press-releases/" "Mozilla/5.0 (Windows NT 10.0; Win64; x64) AppleWebKit/537.36 (KHTML, like Gecko) Chrome/139.0.0.0 Safari/537.36"
117.135.155.47 - - [26/Feb/2026:14:43:19 -0500] "GET /wp-content/themes/digiqole/assets/js/script.js?ver=2.1.1 HTTP/1.1" 200 3554 "https://www.middleeastoday.com/category/press-releases/" "Mozilla/5.0 (Windows NT 10.0; Win64; x64) AppleWebKit/537.36 (KHTML, like Gecko) Chrome/139.0.0.0 Safari/537.36"
117.135.155.47 - - [26/Feb/2026:14:43:19 -0500] "GET /wp-content/plugins/elementor-pro/assets/lib/smartmenus/jquery.smartmenus.min.js?ver=1.0.1 HTTP/1.1" 200 6935 "https://www.middleeastoday.com/category/press-releases/" "Mozilla/5.0 (Windows NT 10.0; Win64; x64) AppleWebKit/537.36 (KHTML, like Gecko) Chrome/139.0.0.0 Safari/537.36"
117.135.155.47 - - [26/Feb/2026:14:43:19 -0500] "GET /wp-content/plugins/elementor-pro/assets/js/webpack-pro.runtime.min.js?ver=3.6.5 HTTP/1.1" 200 2174 "https://www.middleeastoday.com/category/press-releases/" "Mozilla/5.0 (Windows NT 10.0; Win64; x64) AppleWebKit/537.36 (KHTML, like Gecko) Chrome/139.0.0.0 Safari/537.36"
117.135.155.47 - - [26/Feb/2026:14:43:19 -0500] "GET /wp-content/plugins/elementor-1/assets/js/frontend-modules.min.js?ver=3.21.1 HTTP/1.1" 200 17087 "https://www.middleeastoday.com/category/press-releases/" "Mozilla/5.0 (Windows NT 10.0; Win64; x64) AppleWebKit/537.36 (KHTML, like Gecko) Chrome/139.0.0.0 Safari/537.36"
117.135.155.47 - - [26/Feb/2026:14:43:21 -0500] "GET /wp-content/plugins/elementor-1/assets/js/frontend.min.js?ver=3.21.1 HTTP/1.1" 200 11814 "https://www.middleeastoday.com/category/press-releases/" "Mozilla/5.0 (Windows NT 10.0; Win64; x64) AppleWebKit/537.36 (KHTML, like Gecko) Chrome/139.0.0.0 Safari/537.36"
209.188.31.24 - - [26/Feb/2026:14:43:59 -0500] "POST /xmlrpc.php HTTP/1.1" 200 205 "-" "Mozilla/4.0 (compatible; MSIE 7.0; Windows NT 6.1; Win64; x64; Trident/7.0; .NET CLR 2.0.50727; SLCC2; .NET CLR 3.5.30729; .NET CLR 3.0.30729; Media Center PC 6.0; .NET4.0C; .NET4.0E; Tablet PC 2.0)"
114.119.130.67 - - [26/Feb/2026:14:44:09 -0500] "GET /mansour-bin-zayed-turkmen-deputy-prime-minister-discuss-enhancing-bilateral-ties/ HTTP/1.1" 200 23046 "https://www.middleeastoday.com/page/43/" "Mozilla/5.0 (Linux; Android 7.0;) AppleWebKit/537.36 (KHTML, like Gecko) Mobile Safari/537.36 (compatible; PetalBot;+https://webmaster.petalsearch.com/site/petalbot)"
117.135.155.47 - - [26/Feb/2026:14:43:20 -0500] "GET /wp-content/plugins/elementor-pro/assets/js/frontend.min.js?ver=3.6.5 HTTP/1.1" 200 5328 "https://www.middleeastoday.com/category/press-releases/" "Mozilla/5.0 (Windows NT 10.0; Win64; x64) AppleWebKit/537.36 (KHTML, like Gecko) Chrome/139.0.0.0 Safari/537.36"
117.135.155.47 - - [26/Feb/2026:14:43:21 -0500] "GET /wp-content/plugins/elementor-1/assets/lib/waypoints/waypoints.min.js?ver=4.0.2 HTTP/1.1" 200 2867 "https://www.middleeastoday.com/category/press-releases/" "Mozilla/5.0 (Windows NT 10.0; Win64; x64) AppleWebKit/537.36 (KHTML, like Gecko) Chrome/139.0.0.0 Safari/537.36"
117.135.155.47 - - [26/Feb/2026:14:43:21 -0500] "GET /wp-includes/js/jquery/ui/core.min.js?ver=1.13.3 HTTP/1.1" 200 6812 "https://www.middleeastoday.com/category/press-releases/" "Mozilla/5.0 (Windows NT 10.0; Win64; x64) AppleWebKit/537.36 (KHTML, like Gecko) Chrome/139.0.0.0 Safari/537.36"
117.135.155.47 - - [26/Feb/2026:14:43:22 -0500] "GET /wp-content/plugins/elementor-pro/assets/js/elements-handlers.min.js?ver=3.6.5 HTTP/1.1" 200 5254 "https://www.middleeastoday.com/category/press-releases/" "Mozilla/5.0 (Windows NT 10.0; Win64; x64) AppleWebKit/537.36 (KHTML, like Gecko) Chrome/139.0.0.0 Safari/537.36"
117.135.155.47 - - [26/Feb/2026:14:43:22 -0500] "GET /wp-content/themes/digiqole/assets/js/elementor.js?ver=2.1.1 HTTP/1.1" 200 2472 "https://www.middleeastoday.com/category/press-releases/" "Mozilla/5.0 (Windows NT 10.0; Win64; x64) AppleWebKit/537.36 (KHTML, like Gecko) Chrome/139.0.0.0 Safari/537.36"
117.135.155.47 - - [26/Feb/2026:14:43:22 -0500] "GET /wp-content/plugins/elementskit-lite/widgets/init/assets/js/animate-circle.min.js?ver=3.5.0 HTTP/1.1" 200 393 "https://www.middleeastoday.com/category/press-releases/" "Mozilla/5.0 (Windows NT 10.0; Win64; x64) AppleWebKit/537.36 (KHTML, like Gecko) Chrome/139.0.0.0 Safari/537.36"
117.135.155.47 - - [26/Feb/2026:14:43:23 -0500] "GET /wp-content/plugins/elementskit-lite/widgets/init/assets/js/elementor.js?ver=3.5.0 HTTP/1.1" 200 5290 "https://www.middleeastoday.com/category/press-releases/" "Mozilla/5.0 (Windows NT 10.0; Win64; x64) AppleWebKit/537.36 (KHTML, like Gecko) Chrome/139.0.0.0 Safari/537.36"
117.135.155.47 - - [26/Feb/2026:14:43:24 -0500] "GET /wp-content/themes/digiqole/assets/js/all.js?ver=1 HTTP/1.1" 200 35800 "https://www.middleeastoday.com/category/press-releases/" "Mozilla/5.0 (Windows NT 10.0; Win64; x64) AppleWebKit/537.36 (KHTML, like Gecko) Chrome/139.0.0.0 Safari/537.36"
162.213.253.84 - - [26/Feb/2026:14:44:00 -0500] "POST /wp-cron.php?doing_wp_cron=1772135040.2366459369659423828125 HTTP/1.1" 200 0 "-" "WordPress/6.8.1; https://www.middleeastoday.com"
51.222.95.95 - - [26/Feb/2026:14:44:23 -0500] "GET /author/admin/page/18/ HTTP/1.1" 200 21409 "-" "Mozilla/5.0 (compatible; AhrefsBot/7.0; +http://ahrefs.com/robot/)"
162.213.253.84 - - [26/Feb/2026:14:44:31 -0500] "POST /wp-admin/admin-ajax.php?action=async_litespeed&nonce=ZgqGVOsPpBj2wAblr2ZmqECLZeJVq1k6&litespeed_type=imgoptm HTTP/1.1" 200 21 "-" "WordPress/6.8.1; https://www.middleeastoday.com"
34.206.249.188 - - [26/Feb/2026:14:45:04 -0500] "GET /wp-json/oembed/1.0/embed?format=xml&url=https://www.middleeastoday.com/leading-healthcare-experts-to-explore-future-of-precision-medicine-in-region-at-pmes-2023/ HTTP/1.1" 200 1293 "-" "Mozilla/5.0 AppleWebKit/537.36 (KHTML, like Gecko; compatible; Amazonbot/0.1; +https://developer.amazon.com/support/amazonbot) Chrome/119.0.6045.214 Safari/537.36"
3.232.102.111 - - [26/Feb/2026:14:45:11 -0500] "GET /wp-json/oembed/1.0/embed?url=https://www.middleeastoday.com/abu-dhabi-chamber-discusses-cementing-cooperation-with-philippine-business-council/ HTTP/1.1" 200 2681 "-" "Mozilla/5.0 AppleWebKit/537.36 (KHTML, like Gecko; compatible; Amazonbot/0.1; +https://developer.amazon.com/support/amazonbot) Chrome/119.0.6045.214 Safari/537.36"
162.213.253.84 - - [26/Feb/2026:14:46:02 -0500] "POST /wp-cron.php?doing_wp_cron=1772135162.6099569797515869140625 HTTP/1.1" 200 0 "-" "WordPress/6.8.1; https://www.middleeastoday.com"
