162.241.232.71 - - [26/Feb/2026:20:44:29 -0500] "POST /xmlrpc.php HTTP/1.1" 200 205 "-" "Mozilla/5.0 (Windows NT 6.2; Win64; x64) AppleWebKit/537.36 (KHTML, like Gecko) Chrome/66.0.3359.117 Safari/537.36"
209.188.31.24 - - [26/Feb/2026:20:44:41 -0500] "POST /xmlrpc.php HTTP/1.1" 200 205 "-" "Mozilla/5.0 (Windows NT 6.3; WOW64) AppleWebKit/537.36 (KHTML, like Gecko) Chrome/66.0.3359.139 Safari/537.36"
138.68.183.21 - - [26/Feb/2026:20:45:01 -0500] "POST /xmlrpc.php HTTP/1.1" 200 205 "-" "Mozilla/5.0 (Windows NT 6.1; WOW64; Trident/7.0; BOIE9;ENCA; rv:11.0) like Gecko"
162.213.253.84 - - [26/Feb/2026:20:46:12 -0500] "POST /wp-admin/admin-ajax.php?action=async_litespeed&nonce=6qeuk1ID8YVnzec0kxTBT9BIHqM0A5y5&litespeed_type=imgoptm HTTP/1.1" 200 21 "-" "WordPress/6.8.1; https://www.middleeastoday.com"
106.126.0.165 - - [26/Feb/2026:20:46:59 -0500] "GET /wp-content/plugins/elementor-1/assets/css/frontend-lite.min.css?ver=3.21.1 HTTP/1.1" 200 13067 "https://www.middleeastoday.com/mohamed-bin-zayed-directs-treatment-for-3-year-old-afghan-boy-with-cancer/" "Mozilla/5.0 (Windows NT 10.0; Win64; x64) AppleWebKit/537.36 (KHTML, like Gecko) Chrome/139.0.0.0 Safari/537.36"
106.126.0.165 - - [26/Feb/2026:20:46:59 -0500] "GET /wp-includes/css/dist/block-library/style.min.css?ver=6.8.1 HTTP/1.1" 200 14358 "https://www.middleeastoday.com/mohamed-bin-zayed-directs-treatment-for-3-year-old-afghan-boy-with-cancer/" "Mozilla/5.0 (Windows NT 10.0; Win64; x64) AppleWebKit/537.36 (KHTML, like Gecko) Chrome/139.0.0.0 Safari/537.36"
106.126.0.165 - - [26/Feb/2026:20:46:59 -0500] "GET /wp-content/uploads/elementor/css/post-3932.css?ver=1762520240 HTTP/1.1" 200 1066 "https://www.middleeastoday.com/mohamed-bin-zayed-directs-treatment-for-3-year-old-afghan-boy-with-cancer/" "Mozilla/5.0 (Windows NT 10.0; Win64; x64) AppleWebKit/537.36 (KHTML, like Gecko) Chrome/139.0.0.0 Safari/537.36"
106.126.0.165 - - [26/Feb/2026:20:46:59 -0500] "GET /wp-content/plugins/accesspress-social-counter/css/frontend.css?ver=1.9.2 HTTP/1.1" 200 2295 "https://www.middleeastoday.com/mohamed-bin-zayed-directs-treatment-for-3-year-old-afghan-boy-with-cancer/" "Mozilla/5.0 (Windows NT 10.0; Win64; x64) AppleWebKit/537.36 (KHTML, like Gecko) Chrome/139.0.0.0 Safari/537.36"
106.126.0.165 - - [26/Feb/2026:20:46:59 -0500] "GET /wp-content/themes/digiqole/assets/css/bootstrap.min.css?ver=2.1.1 HTTP/1.1" 200 18543 "https://www.middleeastoday.com/mohamed-bin-zayed-directs-treatment-for-3-year-old-afghan-boy-with-cancer/" "Mozilla/5.0 (Windows NT 10.0; Win64; x64) AppleWebKit/537.36 (KHTML, like Gecko) Chrome/139.0.0.0 Safari/537.36"
106.126.0.165 - - [26/Feb/2026:20:46:59 -0500] "GET /wp-content/themes/digiqole/assets/css/icon-font.css?ver=2.1.1 HTTP/1.1" 200 1106 "https://www.middleeastoday.com/mohamed-bin-zayed-directs-treatment-for-3-year-old-afghan-boy-with-cancer/" "Mozilla/5.0 (Windows NT 10.0; Win64; x64) AppleWebKit/537.36 (KHTML, like Gecko) Chrome/139.0.0.0 Safari/537.36"
106.126.0.165 - - [26/Feb/2026:20:46:59 -0500] "GET /wp-content/themes/digiqole/assets/css/master.css?ver=2.1.1 HTTP/1.1" 200 43295 "https://www.middleeastoday.com/mohamed-bin-zayed-directs-treatment-for-3-year-old-afghan-boy-with-cancer/" "Mozilla/5.0 (Windows NT 10.0; Win64; x64) AppleWebKit/537.36 (KHTML, like Gecko) Chrome/139.0.0.0 Safari/537.36"
106.126.0.165 - - [26/Feb/2026:20:46:59 -0500] "GET /wp-includes/js/jquery/jquery.min.js?ver=3.7.1 HTTP/1.1" 200 29744 "https://www.middleeastoday.com/mohamed-bin-zayed-directs-treatment-for-3-year-old-afghan-boy-with-cancer/" "Mozilla/5.0 (Windows NT 10.0; Win64; x64) AppleWebKit/537.36 (KHTML, like Gecko) Chrome/139.0.0.0 Safari/537.36"
106.126.0.165 - - [26/Feb/2026:20:46:59 -0500] "GET /wp-content/themes/digiqole/assets/css/all.css?ver=2.1.1 HTTP/1.1" 200 7048 "https://www.middleeastoday.com/mohamed-bin-zayed-directs-treatment-for-3-year-old-afghan-boy-with-cancer/" "Mozilla/5.0 (Windows NT 10.0; Win64; x64) AppleWebKit/537.36 (KHTML, like Gecko) Chrome/139.0.0.0 Safari/537.36"
106.126.0.165 - - [26/Feb/2026:20:46:59 -0500] "GET /wp-includes/js/jquery/jquery-migrate.min.js?ver=3.4.1 HTTP/1.1" 200 4678 "https://www.middleeastoday.com/mohamed-bin-zayed-directs-treatment-for-3-year-old-afghan-boy-with-cancer/" "Mozilla/5.0 (Windows NT 10.0; Win64; x64) AppleWebKit/537.36 (KHTML, like Gecko) Chrome/139.0.0.0 Safari/537.36"
106.126.0.165 - - [26/Feb/2026:20:46:59 -0500] "GET /wp-content/plugins/elementor-pro/assets/css/widget-nav-menu.min.css HTTP/1.1" 200 3279 "https://www.middleeastoday.com/mohamed-bin-zayed-directs-treatment-for-3-year-old-afghan-boy-with-cancer/" "Mozilla/5.0 (Windows NT 10.0; Win64; x64) AppleWebKit/537.36 (KHTML, like Gecko) Chrome/139.0.0.0 Safari/537.36"
106.126.0.165 - - [26/Feb/2026:20:47:00 -0500] "GET /wp-content/plugins/elementor-1/assets/lib/eicons/css/elementor-icons.min.css?ver=5.29.0 HTTP/1.1" 200 3724 "https://www.middleeastoday.com/mohamed-bin-zayed-directs-treatment-for-3-year-old-afghan-boy-with-cancer/" "Mozilla/5.0 (Windows NT 10.0; Win64; x64) AppleWebKit/537.36 (KHTML, like Gecko) Chrome/139.0.0.0 Safari/537.36"
106.126.0.165 - - [26/Feb/2026:20:47:00 -0500] "GET /wp-content/uploads/elementor/css/post-9.css?ver=1747657839 HTTP/1.1" 200 334 "https://www.middleeastoday.com/mohamed-bin-zayed-directs-treatment-for-3-year-old-afghan-boy-with-cancer/" "Mozilla/5.0 (Windows NT 10.0; Win64; x64) AppleWebKit/537.36 (KHTML, like Gecko) Chrome/139.0.0.0 Safari/537.36"
106.126.0.165 - - [26/Feb/2026:20:47:00 -0500] "GET /wp-content/uploads/elementor/css/global.css?ver=1747657840 HTTP/1.1" 200 3340 "https://www.middleeastoday.com/mohamed-bin-zayed-directs-treatment-for-3-year-old-afghan-boy-with-cancer/" "Mozilla/5.0 (Windows NT 10.0; Win64; x64) AppleWebKit/537.36 (KHTML, like Gecko) Chrome/139.0.0.0 Safari/537.36"
57.141.2.41 - - [26/Feb/2026:20:46:59 -0500] "GET /emirates-south-african-tourism-board-sign-mou-to-boost-tourism/ HTTP/1.1" 200 107211 "-" "meta-externalagent/1.1 (+https://developers.facebook.com/docs/sharing/webmasters/crawler)"
106.126.0.165 - - [26/Feb/2026:20:47:01 -0500] "GET /wp-includes/js/dist/hooks.min.js?ver=4d63a3d491d11ffd8ac6 HTTP/1.1" 200 1571 "https://www.middleeastoday.com/mohamed-bin-zayed-directs-treatment-for-3-year-old-afghan-boy-with-cancer/" "Mozilla/5.0 (Windows NT 10.0; Win64; x64) AppleWebKit/537.36 (KHTML, like Gecko) Chrome/139.0.0.0 Safari/537.36"
106.126.0.165 - - [26/Feb/2026:20:47:01 -0500] "GET /wp-includes/js/dist/i18n.min.js?ver=5e580eb46a90c2b997e6 HTTP/1.1" 200 3542 "https://www.middleeastoday.com/mohamed-bin-zayed-directs-treatment-for-3-year-old-afghan-boy-with-cancer/" "Mozilla/5.0 (Windows NT 10.0; Win64; x64) AppleWebKit/537.36 (KHTML, like Gecko) Chrome/139.0.0.0 Safari/537.36"
106.126.0.165 - - [26/Feb/2026:20:47:01 -0500] "GET /wp-content/plugins/contact-form-7/includes/js/index.js?ver=6.0.6 HTTP/1.1" 200 4008 "https://www.middleeastoday.com/mohamed-bin-zayed-directs-treatment-for-3-year-old-afghan-boy-with-cancer/" "Mozilla/5.0 (Windows NT 10.0; Win64; x64) AppleWebKit/537.36 (KHTML, like Gecko) Chrome/139.0.0.0 Safari/537.36"
106.126.0.165 - - [26/Feb/2026:20:47:01 -0500] "GET /wp-content/plugins/contact-form-7/includes/swv/js/index.js?ver=6.0.6 HTTP/1.1" 200 3369 "https://www.middleeastoday.com/mohamed-bin-zayed-directs-treatment-for-3-year-old-afghan-boy-with-cancer/" "Mozilla/5.0 (Windows NT 10.0; Win64; x64) AppleWebKit/537.36 (KHTML, like Gecko) Chrome/139.0.0.0 Safari/537.36"
106.126.0.165 - - [26/Feb/2026:20:46:59 -0500] "GET /wp-content/plugins/elementskit-lite/widgets/init/assets/css/widget-styles.css?ver=3.5.0 HTTP/1.1" 200 48223 "https://www.middleeastoday.com/mohamed-bin-zayed-directs-treatment-for-3-year-old-afghan-boy-with-cancer/" "Mozilla/5.0 (Windows NT 10.0; Win64; x64) AppleWebKit/537.36 (KHTML, like Gecko) Chrome/139.0.0.0 Safari/537.36"
106.126.0.165 - - [26/Feb/2026:20:46:59 -0500] "GET /wp-content/plugins/elementskit-lite/modules/elementskit-icon-pack/assets/css/ekiticons.css?ver=3.5.0 HTTP/1.1" 200 11776 "https://www.middleeastoday.com/mohamed-bin-zayed-directs-treatment-for-3-year-old-afghan-boy-with-cancer/" "Mozilla/5.0 (Windows NT 10.0; Win64; x64) AppleWebKit/537.36 (KHTML, like Gecko) Chrome/139.0.0.0 Safari/537.36"
106.126.0.165 - - [26/Feb/2026:20:47:00 -0500] "GET /wp-content/plugins/elementor-1/assets/lib/swiper/v8/css/swiper.min.css?ver=8.4.5 HTTP/1.1" 200 4248 "https://www.middleeastoday.com/mohamed-bin-zayed-directs-treatment-for-3-year-old-afghan-boy-with-cancer/" "Mozilla/5.0 (Windows NT 10.0; Win64; x64) AppleWebKit/537.36 (KHTML, like Gecko) Chrome/139.0.0.0 Safari/537.36"
106.126.0.165 - - [26/Feb/2026:20:47:00 -0500] "GET /wp-content/plugins/elementor-pro/assets/css/frontend-lite.min.css?ver=3.6.5 HTTP/1.1" 200 1505 "https://www.middleeastoday.com/mohamed-bin-zayed-directs-treatment-for-3-year-old-afghan-boy-with-cancer/" "Mozilla/5.0 (Windows NT 10.0; Win64; x64) AppleWebKit/537.36 (KHTML, like Gecko) Chrome/139.0.0.0 Safari/537.36"
106.126.0.165 - - [26/Feb/2026:20:47:00 -0500] "GET /wp-content/plugins/elementor-1/assets/lib/animations/animations.min.css?ver=3.21.1 HTTP/1.1" 200 2442 "https://www.middleeastoday.com/mohamed-bin-zayed-directs-treatment-for-3-year-old-afghan-boy-with-cancer/" "Mozilla/5.0 (Windows NT 10.0; Win64; x64) AppleWebKit/537.36 (KHTML, like Gecko) Chrome/139.0.0.0 Safari/537.36"
106.126.0.165 - - [26/Feb/2026:20:47:01 -0500] "GET /wp-content/themes/digiqole/assets/js/bootstrap.min.js?ver=2.1.1 HTTP/1.1" 200 12542 "https://www.middleeastoday.com/mohamed-bin-zayed-directs-treatment-for-3-year-old-afghan-boy-with-cancer/" "Mozilla/5.0 (Windows NT 10.0; Win64; x64) AppleWebKit/537.36 (KHTML, like Gecko) Chrome/139.0.0.0 Safari/537.36"
106.126.0.165 - - [26/Feb/2026:20:47:01 -0500] "GET /wp-content/themes/digiqole/assets/js/swiper.min.js?ver=2.1.1 HTTP/1.1" 200 34003 "https://www.middleeastoday.com/mohamed-bin-zayed-directs-treatment-for-3-year-old-afghan-boy-with-cancer/" "Mozilla/5.0 (Windows NT 10.0; Win64; x64) AppleWebKit/537.36 (KHTML, like Gecko) Chrome/139.0.0.0 Safari/537.36"
106.126.0.165 - - [26/Feb/2026:20:47:02 -0500] "GET /wp-content/plugins/elementor-pro/assets/js/webpack-pro.runtime.min.js?ver=3.6.5 HTTP/1.1" 200 2174 "https://www.middleeastoday.com/mohamed-bin-zayed-directs-treatment-for-3-year-old-afghan-boy-with-cancer/" "Mozilla/5.0 (Windows NT 10.0; Win64; x64) AppleWebKit/537.36 (KHTML, like Gecko) Chrome/139.0.0.0 Safari/537.36"
106.126.0.165 - - [26/Feb/2026:20:47:02 -0500] "GET /wp-content/plugins/elementor-pro/assets/js/frontend.min.js?ver=3.6.5 HTTP/1.1" 200 5328 "https://www.middleeastoday.com/mohamed-bin-zayed-directs-treatment-for-3-year-old-afghan-boy-with-cancer/" "Mozilla/5.0 (Windows NT 10.0; Win64; x64) AppleWebKit/537.36 (KHTML, like Gecko) Chrome/139.0.0.0 Safari/537.36"
106.126.0.165 - - [26/Feb/2026:20:47:02 -0500] "GET /wp-content/plugins/elementor-1/assets/lib/waypoints/waypoints.min.js?ver=4.0.2 HTTP/1.1" 200 2867 "https://www.middleeastoday.com/mohamed-bin-zayed-directs-treatment-for-3-year-old-afghan-boy-with-cancer/" "Mozilla/5.0 (Windows NT 10.0; Win64; x64) AppleWebKit/537.36 (KHTML, like Gecko) Chrome/139.0.0.0 Safari/537.36"
106.126.0.165 - - [26/Feb/2026:20:47:03 -0500] "GET /wp-includes/js/jquery/ui/core.min.js?ver=1.13.3 HTTP/1.1" 200 6812 "https://www.middleeastoday.com/mohamed-bin-zayed-directs-treatment-for-3-year-old-afghan-boy-with-cancer/" "Mozilla/5.0 (Windows NT 10.0; Win64; x64) AppleWebKit/537.36 (KHTML, like Gecko) Chrome/139.0.0.0 Safari/537.36"
106.126.0.165 - - [26/Feb/2026:20:47:01 -0500] "GET /wp-content/plugins/elementskit-lite/libs/framework/assets/js/frontend-script.js?ver=3.5.0 HTTP/1.1" 200 40 "https://www.middleeastoday.com/mohamed-bin-zayed-directs-treatment-for-3-year-old-afghan-boy-with-cancer/" "Mozilla/5.0 (Windows NT 10.0; Win64; x64) AppleWebKit/537.36 (KHTML, like Gecko) Chrome/139.0.0.0 Safari/537.36"
106.126.0.165 - - [26/Feb/2026:20:47:01 -0500] "GET /wp-content/plugins/elementskit-lite/widgets/init/assets/js/widget-scripts.js?ver=3.5.0 HTTP/1.1" 200 40425 "https://www.middleeastoday.com/mohamed-bin-zayed-directs-treatment-for-3-year-old-afghan-boy-with-cancer/" "Mozilla/5.0 (Windows NT 10.0; Win64; x64) AppleWebKit/537.36 (KHTML, like Gecko) Chrome/139.0.0.0 Safari/537.36"
106.126.0.165 - - [26/Feb/2026:20:47:02 -0500] "GET /wp-content/themes/digiqole/assets/js/fontfaceobserver.js?ver=1 HTTP/1.1" 200 2024 "https://www.middleeastoday.com/mohamed-bin-zayed-directs-treatment-for-3-year-old-afghan-boy-with-cancer/" "Mozilla/5.0 (Windows NT 10.0; Win64; x64) AppleWebKit/537.36 (KHTML, like Gecko) Chrome/139.0.0.0 Safari/537.36"
106.126.0.165 - - [26/Feb/2026:20:47:02 -0500] "GET /wp-content/themes/digiqole/assets/js/script.js?ver=2.1.1 HTTP/1.1" 200 3554 "https://www.middleeastoday.com/mohamed-bin-zayed-directs-treatment-for-3-year-old-afghan-boy-with-cancer/" "Mozilla/5.0 (Windows NT 10.0; Win64; x64) AppleWebKit/537.36 (KHTML, like Gecko) Chrome/139.0.0.0 Safari/537.36"
106.126.0.165 - - [26/Feb/2026:20:47:02 -0500] "GET /wp-content/plugins/elementor-pro/assets/lib/smartmenus/jquery.smartmenus.min.js?ver=1.0.1 HTTP/1.1" 200 6935 "https://www.middleeastoday.com/mohamed-bin-zayed-directs-treatment-for-3-year-old-afghan-boy-with-cancer/" "Mozilla/5.0 (Windows NT 10.0; Win64; x64) AppleWebKit/537.36 (KHTML, like Gecko) Chrome/139.0.0.0 Safari/537.36"
106.126.0.165 - - [26/Feb/2026:20:47:02 -0500] "GET /wp-content/plugins/elementor-1/assets/js/webpack.runtime.min.js?ver=3.21.1 HTTP/1.1" 200 2071 "https://www.middleeastoday.com/mohamed-bin-zayed-directs-treatment-for-3-year-old-afghan-boy-with-cancer/" "Mozilla/5.0 (Windows NT 10.0; Win64; x64) AppleWebKit/537.36 (KHTML, like Gecko) Chrome/139.0.0.0 Safari/537.36"
106.126.0.165 - - [26/Feb/2026:20:47:02 -0500] "GET /wp-content/plugins/elementor-1/assets/js/frontend-modules.min.js?ver=3.21.1 HTTP/1.1" 200 17087 "https://www.middleeastoday.com/mohamed-bin-zayed-directs-treatment-for-3-year-old-afghan-boy-with-cancer/" "Mozilla/5.0 (Windows NT 10.0; Win64; x64) AppleWebKit/537.36 (KHTML, like Gecko) Chrome/139.0.0.0 Safari/537.36"
106.126.0.165 - - [26/Feb/2026:20:47:03 -0500] "GET /wp-content/plugins/elementor-1/assets/js/frontend.min.js?ver=3.21.1 HTTP/1.1" 200 11814 "https://www.middleeastoday.com/mohamed-bin-zayed-directs-treatment-for-3-year-old-afghan-boy-with-cancer/" "Mozilla/5.0 (Windows NT 10.0; Win64; x64) AppleWebKit/537.36 (KHTML, like Gecko) Chrome/139.0.0.0 Safari/537.36"
106.126.0.165 - - [26/Feb/2026:20:47:03 -0500] "GET /wp-content/plugins/elementor-pro/assets/js/elements-handlers.min.js?ver=3.6.5 HTTP/1.1" 200 5254 "https://www.middleeastoday.com/mohamed-bin-zayed-directs-treatment-for-3-year-old-afghan-boy-with-cancer/" "Mozilla/5.0 (Windows NT 10.0; Win64; x64) AppleWebKit/537.36 (KHTML, like Gecko) Chrome/139.0.0.0 Safari/537.36"
106.126.0.165 - - [26/Feb/2026:20:47:03 -0500] "GET /wp-content/plugins/elementskit-lite/widgets/init/assets/js/animate-circle.min.js?ver=3.5.0 HTTP/1.1" 200 393 "https://www.middleeastoday.com/mohamed-bin-zayed-directs-treatment-for-3-year-old-afghan-boy-with-cancer/" "Mozilla/5.0 (Windows NT 10.0; Win64; x64) AppleWebKit/537.36 (KHTML, like Gecko) Chrome/139.0.0.0 Safari/537.36"
106.126.0.165 - - [26/Feb/2026:20:47:03 -0500] "GET /wp-content/plugins/elementskit-lite/widgets/init/assets/js/elementor.js?ver=3.5.0 HTTP/1.1" 200 5290 "https://www.middleeastoday.com/mohamed-bin-zayed-directs-treatment-for-3-year-old-afghan-boy-with-cancer/" "Mozilla/5.0 (Windows NT 10.0; Win64; x64) AppleWebKit/537.36 (KHTML, like Gecko) Chrome/139.0.0.0 Safari/537.36"
106.126.0.165 - - [26/Feb/2026:20:47:03 -0500] "GET /wp-content/themes/digiqole/assets/js/elementor.js?ver=2.1.1 HTTP/1.1" 200 2472 "https://www.middleeastoday.com/mohamed-bin-zayed-directs-treatment-for-3-year-old-afghan-boy-with-cancer/" "Mozilla/5.0 (Windows NT 10.0; Win64; x64) AppleWebKit/537.36 (KHTML, like Gecko) Chrome/139.0.0.0 Safari/537.36"
162.213.253.84 - - [26/Feb/2026:20:49:10 -0500] "POST /wp-cron.php?doing_wp_cron=1772156950.6542549133300781250000 HTTP/1.1" 200 0 "-" "WordPress/6.8.1; https://www.middleeastoday.com"
162.213.253.84 - - [26/Feb/2026:20:49:56 -0500] "POST /wp-cron.php?doing_wp_cron=1772156996.1149559020996093750000 HTTP/1.1" 200 0 "-" "WordPress/6.8.1; https://www.middleeastoday.com"
162.213.253.84 - - [26/Feb/2026:20:49:56 -0500] "POST /wp-admin/admin-ajax.php?action=async_litespeed&nonce=tPZWmTeOZFFsbHAGwGf9TEyh6pDIlY0i&litespeed_type=imgoptm HTTP/1.1" 200 21 "-" "WordPress/6.8.1; https://www.middleeastoday.com"
103.255.134.61 - - [26/Feb/2026:20:50:38 -0500] "POST /xmlrpc.php HTTP/1.1" 200 205 "-" "Mozilla/5.0 (Windows NT 6.1; Win64; x64) AppleWebKit/537.36 (KHTML, like Gecko) Chrome/66.0.3359.139 Safari/537.36"
103.255.134.61 - - [26/Feb/2026:20:50:57 -0500] "POST /xmlrpc.php HTTP/1.1" 200 205 "-" "Mozilla/5.0 (Windows NT 6.1; Win64; x64) AppleWebKit/537.36 (KHTML, like Gecko) Chrome/66.0.3359.139 Safari/537.36"
162.240.150.20 - - [26/Feb/2026:20:51:07 -0500] "POST /xmlrpc.php HTTP/1.1" 200 205 "-" "Mozilla/5.0 (Windows NT 10.0; Win64; x64) AppleWebKit/537.36 (KHTML, like Gecko) Chrome/65.0.3325.181 Safari/537.36 OPR/52.0.2871.64"
40.77.167.6 - - [26/Feb/2026:20:51:13 -0500] "GET /uae-and-gabon-presidents-discuss-strengthening-bilateral-ties/ HTTP/1.1" 200 20409 "-" "Mozilla/5.0 AppleWebKit/537.36 (KHTML, like Gecko; compatible; bingbot/2.0; +http://www.bing.com/bingbot.htm) Chrome/116.0.1938.76 Safari/537.36"
162.213.253.84 - - [26/Feb/2026:20:52:01 -0500] "POST /wp-cron.php?doing_wp_cron=1772157121.5498929023742675781250 HTTP/1.1" 200 0 "-" "WordPress/6.8.1; https://www.middleeastoday.com"
57.141.2.29 - - [26/Feb/2026:20:52:00 -0500] "GET /tom-cruise-arrives-on-first-flight-into-abu-dhabi-international-airports-new-midfield-terminal/ HTTP/1.1" 200 106871 "-" "meta-externalagent/1.1 (+https://developers.facebook.com/docs/sharing/webmasters/crawler)"
162.213.253.84 - - [26/Feb/2026:20:52:02 -0500] "POST /wp-admin/admin-ajax.php?action=async_litespeed&nonce=rflJv96mx3kTVWcLQN91I4a7sL5XZtQg&litespeed_type=imgoptm HTTP/1.1" 200 21 "-" "WordPress/6.8.1; https://www.middleeastoday.com"
162.213.253.84 - - [26/Feb/2026:20:52:24 -0500] "POST /wp-admin/admin-ajax.php?action=async_litespeed&nonce=2AIUawTLEgiLZPvsFjSrJXOv7RDQnMsV&litespeed_type=imgoptm HTTP/1.1" 200 21 "-" "WordPress/6.8.1; https://www.middleeastoday.com"
63.143.44.106 - - [26/Feb/2026:20:53:32 -0500] "POST /xmlrpc.php HTTP/1.1" 200 205 "-" "Mozilla/5.0 (Windows NT 6.1; Win64; x64) AppleWebKit/537.36 (KHTML, like Gecko) Chrome/66.0.3359.139 Safari/537.36"
142.93.150.134 - - [26/Feb/2026:20:53:49 -0500] "POST /xmlrpc.php HTTP/1.1" 200 205 "-" "Mozilla/5.0 (Windows NT 10.0; WOW64; rv:60.0) Gecko/20100101 Firefox/60.0"
103.56.161.126 - - [26/Feb/2026:20:54:05 -0500] "POST /xmlrpc.php HTTP/1.1" 200 205 "-" "Mozilla/5.0 (Windows NT 10.0; WOW64; rv:60.0) Gecko/20100101 Firefox/60.0"
162.213.253.84 - - [26/Feb/2026:20:54:25 -0500] "POST /wp-cron.php?doing_wp_cron=1772157265.6651721000671386718750 HTTP/1.1" 200 0 "-" "WordPress/6.8.1; https://www.middleeastoday.com"
54.39.89.169 - - [26/Feb/2026:20:54:25 -0500] "GET /uae-president-bids-farewell-as-us-president-concludes-state-visit-to-the-uae/ HTTP/1.1" 200 20432 "-" "Mozilla/5.0 (compatible; AhrefsBot/7.0; +http://ahrefs.com/robot/)"
162.213.253.84 - - [26/Feb/2026:20:54:26 -0500] "POST /wp-admin/admin-ajax.php?action=async_litespeed&nonce=eweURXMr7sGPUC7SJLOosoQsoYhOCfMe&litespeed_type=imgoptm HTTP/1.1" 200 21 "-" "WordPress/6.8.1; https://www.middleeastoday.com"
116.118.2.113 - - [26/Feb/2026:20:47:06 -0500] "POST /xmlrpc.php HTTP/1.1" 200 205 "-" "Mozilla/5.0 (Windows NT 6.1; Win64; x64) AppleWebKit/537.36 (KHTML, like Gecko) Chrome/66.0.3359.139 Safari/537.36"
162.213.253.84 - - [26/Feb/2026:20:48:52 -0500] "POST /wp-cron.php?doing_wp_cron=1772156932.3513109683990478515625 HTTP/1.1" 200 0 "-" "WordPress/6.8.1; https://www.middleeastoday.com"
65.21.12.180 - - [26/Feb/2026:20:48:51 -0500] "POST /xmlrpc.php HTTP/1.1" 200 205 "-" "Mozilla/5.0 (Windows NT 6.3; WOW64) AppleWebKit/537.36 (KHTML, like Gecko) Chrome/66.0.3359.139 Safari/537.36"
162.213.253.84 - - [26/Feb/2026:20:48:53 -0500] "POST /wp-admin/admin-ajax.php?action=async_litespeed&nonce=ymb9WqUMrBq1B8JF5QHcQto0cqIaNMgq&litespeed_type=imgoptm HTTP/1.1" 200 21 "-" "WordPress/6.8.1; https://www.middleeastoday.com"
72.167.37.48 - - [26/Feb/2026:20:49:10 -0500] "POST /xmlrpc.php HTTP/1.1" 200 205 "-" "Mozilla/5.0 (Windows NT 6.1; WOW64; Trident/7.0; BOIE9;ENCA; rv:11.0) like Gecko"
40.77.167.63 - - [26/Feb/2026:20:49:55 -0500] "GET /?s= HTTP/1.1" 200 20461 "-" "Mozilla/5.0 AppleWebKit/537.36 (KHTML, like Gecko; compatible; bingbot/2.0; +http://www.bing.com/bingbot.htm) Chrome/116.0.1938.76 Safari/537.36"
57.141.2.56 - - [26/Feb/2026:20:50:57 -0500] "GET /buckingham-palace-announces-death-of-queen-elizabeth-ii/ HTTP/1.1" 200 103634 "-" "meta-externalagent/1.1 (+https://developers.facebook.com/docs/sharing/webmasters/crawler)"
57.141.2.53 - - [26/Feb/2026:20:50:57 -0500] "GET /first-emirates-conference-on-organ-transplantation-for-cancer-patients-launches/ HTTP/1.1" 200 109947 "-" "meta-externalagent/1.1 (+https://developers.facebook.com/docs/sharing/webmasters/crawler)"
72.167.150.128 - - [26/Feb/2026:20:52:02 -0500] "POST /xmlrpc.php HTTP/1.1" 200 205 "-" "Mozilla/5.0 (Macintosh; Intel Mac OS X 10_13_6) AppleWebKit/605.1.15 (KHTML, like Gecko) Version/11.1.2 Safari/605.1.15"
162.213.253.84 - - [26/Feb/2026:20:52:23 -0500] "POST /wp-cron.php?doing_wp_cron=1772157143.5625169277191162109375 HTTP/1.1" 200 0 "-" "WordPress/6.8.1; https://www.middleeastoday.com"
114.119.154.115 - - [26/Feb/2026:20:52:22 -0500] "GET /page/5 HTTP/1.1" 301 0 "-" "Mozilla/5.0 (Linux; Android 7.0;) AppleWebKit/537.36 (KHTML, like Gecko) Mobile Safari/537.36 (compatible; PetalBot;+https://webmaster.petalsearch.com/site/petalbot)"
114.119.154.115 - - [26/Feb/2026:20:52:24 -0500] "GET /page/5/ HTTP/1.1" 200 38680 "-" "Mozilla/5.0 (Linux; Android 7.0;) AppleWebKit/537.36 (KHTML, like Gecko) Mobile Safari/537.36 (compatible; PetalBot;+https://webmaster.petalsearch.com/site/petalbot)"
162.213.253.84 - - [26/Feb/2026:20:53:32 -0500] "POST /wp-cron.php?doing_wp_cron=1772157212.0575730800628662109375 HTTP/1.1" 200 0 "-" "WordPress/6.8.1; https://www.middleeastoday.com"
47.99.186.219 - - [26/Feb/2026:20:53:31 -0500] "POST /xmlrpc.php HTTP/1.1" 200 205 "-" "Mozilla/5.0 (Windows NT 10.0; Win64; x64) AppleWebKit/537.36 (KHTML, like Gecko) Chrome/65.0.3325.181 Safari/537.36 OPR/52.0.2871.64"
162.213.253.84 - - [26/Feb/2026:20:53:32 -0500] "POST /wp-admin/admin-ajax.php?action=async_litespeed&nonce=TYtV1txPrnyzPeBBzOMwNSjNg8phcQDR&litespeed_type=imgoptm HTTP/1.1" 200 21 "-" "WordPress/6.8.1; https://www.middleeastoday.com"
162.213.253.84 - - [26/Feb/2026:20:53:41 -0500] "POST /wp-cron.php?doing_wp_cron=1772157220.9819819927215576171875 HTTP/1.1" 200 0 "-" "WordPress/6.8.1; https://www.middleeastoday.com"
116.118.2.113 - - [26/Feb/2026:20:53:40 -0500] "POST /xmlrpc.php HTTP/1.1" 200 205 "-" "Mozilla/5.0 (Windows NT 6.3; WOW64; Trident/7.0; Touch; MAARJS; rv:11.0) like Gecko"
114.119.137.98 - - [26/Feb/2026:20:53:49 -0500] "GET /author/admin/page/90/ HTTP/1.1" 200 24031 "https://www.middleeastoday.com/author/admin/page/88/" "Mozilla/5.0 (Linux; Android 7.0;) AppleWebKit/537.36 (KHTML, like Gecko) Mobile Safari/537.36 (compatible; PetalBot;+https://webmaster.petalsearch.com/site/petalbot)"
97.74.83.20 - - [26/Feb/2026:20:54:26 -0500] "POST /xmlrpc.php HTTP/1.1" 200 205 "-" "Mozilla/5.0 (Windows NT 6.3; WOW64; Trident/7.0; MASMJS; rv:11.0) like Gecko"
107.189.30.53 - - [26/Feb/2026:20:55:29 -0500] "GET /wp-login.php HTTP/1.1" 200 6186 "-" "Mozilla/5.0 (X11; Linux x86_64; rv:31.0) Gecko/20100101 Firefox/31.0"
162.213.253.84 - - [26/Feb/2026:20:55:31 -0500] "POST /wp-cron.php?doing_wp_cron=1772157330.9761528968811035156250 HTTP/1.1" 200 0 "-" "WordPress/6.8.1; https://www.middleeastoday.com"
162.213.253.84 - - [26/Feb/2026:20:55:32 -0500] "POST /wp-admin/admin-ajax.php?action=async_litespeed&nonce=xPWYfW0RERUGMVys3Ge48lxEaJZFkr25&litespeed_type=imgoptm HTTP/1.1" 200 21 "-" "WordPress/6.8.1; https://www.middleeastoday.com"
162.213.253.84 - - [26/Feb/2026:20:56:22 -0500] "POST /wp-cron.php?doing_wp_cron=1772157382.5963609218597412109375 HTTP/1.1" 200 0 "-" "WordPress/6.8.1; https://www.middleeastoday.com"
162.213.253.84 - - [26/Feb/2026:20:56:23 -0500] "POST /wp-admin/admin-ajax.php?action=async_litespeed&nonce=YEAcrbYGm8K02lFiUEd6sejsqS6x9RnV&litespeed_type=imgoptm HTTP/1.1" 200 21 "-" "WordPress/6.8.1; https://www.middleeastoday.com"
54.39.210.90 - - [26/Feb/2026:20:56:58 -0500] "GET /wp-content/uploads/2025/05/GITEX-EUROPE-850x560.jpg HTTP/1.1" 200 83659 "-" "Mozilla/5.0 (compatible; AhrefsBot/7.0; +http://ahrefs.com/robot/)"
54.39.89.227 - - [26/Feb/2026:20:57:00 -0500] "GET /wp-content/uploads/2025/05/Trump-850x560.jpg HTTP/1.1" 200 50422 "-" "Mozilla/5.0 (compatible; AhrefsBot/7.0; +http://ahrefs.com/robot/)"
177.72.198.136 - - [26/Feb/2026:20:57:33 -0500] "GET /dubai-south-concludes-successful-2024-across-its-different-districts/ HTTP/1.1" 200 24163 "-" "Mozilla/5.0 (Windows NT 10.0; Win64; x64; rv:120.0) Gecko/20100101 Firefox/120.0"
162.213.253.84 - - [26/Feb/2026:20:57:55 -0500] "POST /wp-cron.php?doing_wp_cron=1772157475.3926689624786376953125 HTTP/1.1" 200 0 "-" "WordPress/6.8.1; https://www.middleeastoday.com"
209.126.12.65 - - [26/Feb/2026:20:57:54 -0500] "POST /xmlrpc.php HTTP/1.1" 200 205 "-" "Mozilla/5.0 (Windows NT 10.0; WOW64; Trident/7.0; MASMJS; rv:11.0) like Gecko"
152.53.244.55 - - [26/Feb/2026:20:57:58 -0500] "POST /wp-login.php HTTP/1.1" 200 1889 "https://middleeastoday.com/wp-login.php" "Mozilla/5.0 (Windows NT 10.0; Win64; x64) AppleWebKit/537.36 (KHTML, like Gecko) Chrome/65.0.3325.162 Safari/537.36"
103.145.51.107 - - [26/Feb/2026:20:58:11 -0500] "POST /xmlrpc.php HTTP/1.1" 200 205 "-" "Mozilla/5.0 (Windows NT 10.0; Win64; x64) AppleWebKit/537.36 (KHTML, like Gecko) Chrome/66.0.3359.170 Safari/537.36 OPR/53.0.2907.99"
157.55.39.54 - - [26/Feb/2026:20:58:18 -0500] "GET /wp-includes/js/jquery/jquery-migrate.min.js?ver=3.4.1 HTTP/1.1" 200 4678 "-" "Mozilla/5.0 AppleWebKit/537.36 (KHTML, like Gecko; compatible; bingbot/2.0; +http://www.bing.com/bingbot.htm) Chrome/116.0.1938.76 Safari/537.36"
103.145.51.107 - - [26/Feb/2026:20:58:20 -0500] "POST /xmlrpc.php HTTP/1.1" 200 205 "-" "Mozilla/5.0 (Windows NT 6.1; WOW64; Trident/7.0; BOIE9;ENCA; rv:11.0) like Gecko"
162.213.253.84 - - [26/Feb/2026:20:58:29 -0500] "POST /wp-cron.php?doing_wp_cron=1772157509.5782790184020996093750 HTTP/1.1" 200 0 "-" "WordPress/6.8.1; https://www.middleeastoday.com"
162.213.253.84 - - [26/Feb/2026:20:58:30 -0500] "POST /wp-admin/admin-ajax.php?action=async_litespeed&nonce=AgPBstZJ4NnjHB6xjtIzFDQ1UKM1NLmW&litespeed_type=imgoptm HTTP/1.1" 200 21 "-" "WordPress/6.8.1; https://www.middleeastoday.com"
148.113.128.104 - - [26/Feb/2026:20:59:51 -0500] "GET /dubai-culture-organises-workshops-on-emirati-heritage-next-december/ HTTP/1.1" 200 21765 "-" "Mozilla/5.0 (compatible; AhrefsBot/7.0; +http://ahrefs.com/robot/)"
77.120.115.23 - - [26/Feb/2026:21:00:12 -0500] "POST /xmlrpc.php HTTP/1.1" 200 205 "-" "Mozilla/5.0 (Macintosh; Intel Mac OS X 10_13_6) AppleWebKit/605.1.15 (KHTML, like Gecko) Version/11.1.2 Safari/605.1.15"
85.208.96.201 - - [26/Feb/2026:21:00:19 -0500] "GET /mansour-bin-zayed-awards-hamdan-bin-mohammed-the-order-of-the-mother-of-the-nation/ HTTP/1.1" 200 28443 "-" "Mozilla/5.0 (compatible; SemrushBot/7~bl; +http://www.semrush.com/bot.html)"
3.218.35.239 - - [26/Feb/2026:21:00:29 -0500] "GET /emaar-properties-records-half-yearly-sales-of-aed17-6-billion/ HTTP/1.1" 200 24606 "-" "Mozilla/5.0 AppleWebKit/537.36 (KHTML, like Gecko; compatible; Amazonbot/0.1; +https://developer.amazon.com/support/amazonbot) Chrome/119.0.6045.214 Safari/537.36"
52.45.194.165 - - [26/Feb/2026:21:00:37 -0500] "GET /wp-json/oembed/1.0/embed?url=https://www.middleeastoday.com/khawla-art-and-culture-hosts-a-vibrant-land-exhibition/ HTTP/1.1" 200 2566 "-" "Mozilla/5.0 AppleWebKit/537.36 (KHTML, like Gecko; compatible; Amazonbot/0.1; +https://developer.amazon.com/support/amazonbot) Chrome/119.0.6045.214 Safari/537.36"
54.242.83.26 - - [26/Feb/2026:21:00:38 -0500] "GET /category/music-concerts/ HTTP/1.1" 200 101699 "-" "Mozilla/4.0 (compatible; MSIE 7.0; Windows NT 6.0) Mozilla/5.0 (Windows NT 10.0; Win64; x64) AppleWebKit/537.36 (KHTML, like Gecko) Chrome/91.0.4472.124 Safari/537.36"
54.242.83.26 - - [26/Feb/2026:21:00:42 -0500] "GET /category/home_side/ HTTP/1.1" 200 121861 "-" "Mozilla/4.0 (compatible; MSIE 7.0; Windows NT 6.0) Mozilla/5.0 (Windows NT 10.0; Win64; x64) AppleWebKit/537.36 (KHTML, like Gecko) Chrome/91.0.4472.124 Safari/537.36"
100.24.167.60 - - [26/Feb/2026:21:00:53 -0500] "GET /wp-json/oembed/1.0/embed?format=xml&url=https://www.middleeastoday.com/sharjah-book-authority-hosts-elite-emirati-and-arab-intellectuals-at-algiers-international-book-fair/ HTTP/1.1" 200 1315 "-" "Mozilla/5.0 AppleWebKit/537.36 (KHTML, like Gecko; compatible; Amazonbot/0.1; +https://developer.amazon.com/support/amazonbot) Chrome/119.0.6045.214 Safari/537.36"
52.202.52.82 - - [26/Feb/2026:21:01:01 -0500] "GET /wp-json/oembed/1.0/embed?format=xml&url=https://www.middleeastoday.com/azizi-developments-launches-aed-30-billion-azizi-venice-in-dubai-south/ HTTP/1.1" 200 1280 "-" "Mozilla/5.0 AppleWebKit/537.36 (KHTML, like Gecko; compatible; Amazonbot/0.1; +https://developer.amazon.com/support/amazonbot) Chrome/119.0.6045.214 Safari/537.36"
107.189.30.53 - - [26/Feb/2026:20:55:30 -0500] "POST /wp-login.php HTTP/1.1" 200 6438 "-" "Mozilla/5.0 (X11; Linux x86_64; rv:31.0) Gecko/20100101 Firefox/31.0"
86.48.7.1 - - [26/Feb/2026:20:56:21 -0500] "POST /xmlrpc.php HTTP/1.1" 200 205 "-" "Mozilla/5.0 (Windows NT 10.0; WOW64; Trident/7.0; MASMJS; rv:11.0) like Gecko"
51.161.37.34 - - [26/Feb/2026:20:57:01 -0500] "GET /wp-content/uploads/2025/05/UAE-President-850x560.jpg HTTP/1.1" 200 52707 "-" "Mozilla/5.0 (compatible; AhrefsBot/7.0; +http://ahrefs.com/robot/)"
162.213.253.84 - - [26/Feb/2026:20:57:11 -0500] "POST /wp-cron.php?doing_wp_cron=1772157431.6917049884796142578125 HTTP/1.1" 200 0 "-" "WordPress/6.8.1; https://www.middleeastoday.com"
185.115.33.212 - - [26/Feb/2026:20:57:10 -0500] "POST /xmlrpc.php HTTP/1.1" 200 205 "-" "Mozilla/5.0 (Windows NT 10.0; WOW64; rv:60.0) Gecko/20100101 Firefox/60.0"
162.213.253.84 - - [26/Feb/2026:20:57:56 -0500] "POST /wp-admin/admin-ajax.php?action=async_litespeed&nonce=j31hYcmC8o88l0IV2ZZrlIDLU8kT0Xak&litespeed_type=imgoptm HTTP/1.1" 200 21 "-" "WordPress/6.8.1; https://www.middleeastoday.com"
152.53.244.55 - - [26/Feb/2026:20:57:57 -0500] "GET /wp-login.php HTTP/1.1" 200 1792 "-" "Mozilla/5.0 (Windows NT 10.0; Win64; x64) AppleWebKit/537.36 (KHTML, like Gecko) Chrome/65.0.3325.162 Safari/537.36"
162.213.253.84 - - [26/Feb/2026:20:57:58 -0500] "POST /wp-cron.php?doing_wp_cron=1772157478.8225679397583007812500 HTTP/1.1" 200 0 "-" "WordPress/6.8.1; https://www.middleeastoday.com"
159.65.19.147 - - [26/Feb/2026:20:58:28 -0500] "POST /xmlrpc.php HTTP/1.1" 200 205 "-" "Mozilla/5.0 (Windows NT 6.1; WOW64; Trident/7.0; BOIE9;ENCA; rv:11.0) like Gecko"
162.213.253.84 - - [26/Feb/2026:20:59:04 -0500] "POST /wp-cron.php?doing_wp_cron=1772157544.0605359077453613281250 HTTP/1.1" 200 0 "-" "WordPress/6.8.1; https://www.middleeastoday.com"
86.48.7.1 - - [26/Feb/2026:20:59:03 -0500] "POST /xmlrpc.php HTTP/1.1" 200 205 "-" "Mozilla/5.0 (Macintosh; Intel Mac OS X 10_13_6) AppleWebKit/605.1.15 (KHTML, like Gecko) Version/11.1.2 Safari/605.1.15"
162.213.253.84 - - [26/Feb/2026:21:00:13 -0500] "POST /wp-cron.php?doing_wp_cron=1772157613.4896059036254882812500 HTTP/1.1" 200 0 "-" "WordPress/6.8.1; https://www.middleeastoday.com"
162.213.253.84 - - [26/Feb/2026:21:00:14 -0500] "POST /wp-admin/admin-ajax.php?action=async_litespeed&nonce=Vi4y0AjE9kAgw0RPjelaF517ybcw3t9v&litespeed_type=imgoptm HTTP/1.1" 200 0 "-" "WordPress/6.8.1; https://www.middleeastoday.com"
162.213.253.84 - - [26/Feb/2026:21:00:38 -0500] "POST /wp-cron.php?doing_wp_cron=1772157638.1995000839233398437500 HTTP/1.1" 200 0 "-" "WordPress/6.8.1; https://www.middleeastoday.com"
54.242.83.26 - - [26/Feb/2026:21:00:40 -0500] "GET /category/uncategorized/ HTTP/1.1" 200 121982 "-" "Mozilla/4.0 (compatible; MSIE 7.0; Windows NT 6.0) Mozilla/5.0 (Windows NT 10.0; Win64; x64) AppleWebKit/537.36 (KHTML, like Gecko) Chrome/91.0.4472.124 Safari/537.36"
82.27.17.99 - - [26/Feb/2026:21:00:52 -0500] "POST /xmlrpc.php HTTP/1.1" 200 205 "-" "Mozilla/5.0 (Windows NT 10.0; Win64; x64) AppleWebKit/537.36 (KHTML, like Gecko) Chrome/66.0.3359.170 Safari/537.36 OPR/53.0.2907.99"
162.213.253.84 - - [26/Feb/2026:21:02:15 -0500] "POST /wp-cron.php?doing_wp_cron=1772157735.5916221141815185546875 HTTP/1.1" 200 0 "-" "WordPress/6.8.1; https://www.middleeastoday.com"
82.66.190.50 - - [26/Feb/2026:21:02:14 -0500] "POST /xmlrpc.php HTTP/1.1" 200 205 "-" "Mozilla/4.0 (compatible; MSIE 7.0; Windows NT 6.3; WOW64; Trident/7.0; .NET4.0E; .NET4.0C; .NET CLR 3.5.30729; .NET CLR 2.0.50727; .NET CLR 3.0.30729)"
162.213.253.84 - - [26/Feb/2026:21:02:16 -0500] "POST /wp-admin/admin-ajax.php?action=async_litespeed&nonce=L9h2ChsWkQF7VgXBUYg4ZFj9uq444vRD&litespeed_type=imgoptm HTTP/1.1" 200 21 "-" "WordPress/6.8.1; https://www.middleeastoday.com"
162.213.253.84 - - [26/Feb/2026:21:02:41 -0500] "POST /wp-admin/admin-ajax.php?action=async_litespeed&nonce=MLDcV0hjFocwxmqHEQ1Zihwh4OqpjIdI&litespeed_type=imgoptm HTTP/1.1" 200 21 "-" "WordPress/6.8.1; https://www.middleeastoday.com"
36.158.212.204 - - [26/Feb/2026:21:03:28 -0500] "GET /dubai-south-announces-successful-first-stage-trials-of-autonomous-vehicle/ HTTP/1.1" 200 21120 "-" "Mozilla/5.0 (Windows NT 10.0; Win64; x64) AppleWebKit/537.36 (KHTML, like Gecko) Chrome/139.0.0.0 Safari/537.36"
36.158.212.204 - - [26/Feb/2026:21:03:28 -0500] "GET /wp-content/uploads/elementor/css/post-3932.css?ver=1762520240 HTTP/1.1" 200 1066 "https://www.middleeastoday.com/dubai-south-announces-successful-first-stage-trials-of-autonomous-vehicle/" "Mozilla/5.0 (Windows NT 10.0; Win64; x64) AppleWebKit/537.36 (KHTML, like Gecko) Chrome/139.0.0.0 Safari/537.36"
36.158.212.204 - - [26/Feb/2026:21:03:28 -0500] "GET /wp-content/themes/digiqole/assets/css/bootstrap.min.css?ver=2.1.1 HTTP/1.1" 200 18543 "https://www.middleeastoday.com/dubai-south-announces-successful-first-stage-trials-of-autonomous-vehicle/" "Mozilla/5.0 (Windows NT 10.0; Win64; x64) AppleWebKit/537.36 (KHTML, like Gecko) Chrome/139.0.0.0 Safari/537.36"
36.158.212.204 - - [26/Feb/2026:21:03:28 -0500] "GET /wp-content/plugins/accesspress-social-counter/css/frontend.css?ver=1.9.2 HTTP/1.1" 200 2295 "https://www.middleeastoday.com/dubai-south-announces-successful-first-stage-trials-of-autonomous-vehicle/" "Mozilla/5.0 (Windows NT 10.0; Win64; x64) AppleWebKit/537.36 (KHTML, like Gecko) Chrome/139.0.0.0 Safari/537.36"
36.158.212.204 - - [26/Feb/2026:21:03:28 -0500] "GET /wp-content/themes/digiqole/assets/css/all.css?ver=2.1.1 HTTP/1.1" 200 7048 "https://www.middleeastoday.com/dubai-south-announces-successful-first-stage-trials-of-autonomous-vehicle/" "Mozilla/5.0 (Windows NT 10.0; Win64; x64) AppleWebKit/537.36 (KHTML, like Gecko) Chrome/139.0.0.0 Safari/537.36"
36.158.212.204 - - [26/Feb/2026:21:03:28 -0500] "GET /wp-content/plugins/elementor-1/assets/lib/font-awesome/css/solid.min.css?ver=5.15.3 HTTP/1.1" 200 286 "https://www.middleeastoday.com/dubai-south-announces-successful-first-stage-trials-of-autonomous-vehicle/" "Mozilla/5.0 (Windows NT 10.0; Win64; x64) AppleWebKit/537.36 (KHTML, like Gecko) Chrome/139.0.0.0 Safari/537.36"
36.158.212.204 - - [26/Feb/2026:21:03:28 -0500] "GET /wp-includes/js/jquery/jquery-migrate.min.js?ver=3.4.1 HTTP/1.1" 200 4678 "https://www.middleeastoday.com/dubai-south-announces-successful-first-stage-trials-of-autonomous-vehicle/" "Mozilla/5.0 (Windows NT 10.0; Win64; x64) AppleWebKit/537.36 (KHTML, like Gecko) Chrome/139.0.0.0 Safari/537.36"
36.158.212.204 - - [26/Feb/2026:21:03:28 -0500] "GET /wp-content/plugins/elementskit-lite/widgets/init/assets/css/responsive.css?ver=3.5.0 HTTP/1.1" 200 2859 "https://www.middleeastoday.com/dubai-south-announces-successful-first-stage-trials-of-autonomous-vehicle/" "Mozilla/5.0 (Windows NT 10.0; Win64; x64) AppleWebKit/537.36 (KHTML, like Gecko) Chrome/139.0.0.0 Safari/537.36"
44.220.2.97 - - [26/Feb/2026:21:02:29 -0500] "GET /uae-russian-presidents-hold-talks-in-moscow-to-strengthen-strategic-partnership/ HTTP/1.1" 200 24331 "-" "Mozilla/5.0 AppleWebKit/537.36 (KHTML, like Gecko; compatible; Amazonbot/0.1; +https://developer.amazon.com/support/amazonbot) Chrome/119.0.6045.214 Safari/537.36"
162.213.253.84 - - [26/Feb/2026:21:02:40 -0500] "POST /wp-cron.php?doing_wp_cron=1772157760.1494770050048828125000 HTTP/1.1" 200 0 "-" "WordPress/6.8.1; https://www.middleeastoday.com"
103.145.51.107 - - [26/Feb/2026:21:02:39 -0500] "POST /xmlrpc.php HTTP/1.1" 200 205 "-" "Mozilla/5.0 (Windows NT 6.1; Win64; x64) AppleWebKit/537.36 (KHTML, like Gecko) Chrome/66.0.3359.139 Safari/537.36"
123.30.109.8 - - [26/Feb/2026:21:02:41 -0500] "POST /xmlrpc.php HTTP/1.1" 200 205 "-" "Mozilla/5.0 (Windows NT 6.1; Trident/7.0; BOIE9;ENUS; rv:11.0) like Gecko"
36.158.212.204 - - [26/Feb/2026:21:03:28 -0500] "GET /wp-content/plugins/elementor-1/assets/css/frontend-lite.min.css?ver=3.21.1 HTTP/1.1" 200 13067 "https://www.middleeastoday.com/dubai-south-announces-successful-first-stage-trials-of-autonomous-vehicle/" "Mozilla/5.0 (Windows NT 10.0; Win64; x64) AppleWebKit/537.36 (KHTML, like Gecko) Chrome/139.0.0.0 Safari/537.36"
36.158.212.204 - - [26/Feb/2026:21:03:28 -0500] "GET /wp-includes/css/dist/block-library/style.min.css?ver=6.8.1 HTTP/1.1" 200 14358 "https://www.middleeastoday.com/dubai-south-announces-successful-first-stage-trials-of-autonomous-vehicle/" "Mozilla/5.0 (Windows NT 10.0; Win64; x64) AppleWebKit/537.36 (KHTML, like Gecko) Chrome/139.0.0.0 Safari/537.36"
36.158.212.204 - - [26/Feb/2026:21:03:28 -0500] "GET /wp-content/themes/digiqole/assets/css/icon-font.css?ver=2.1.1 HTTP/1.1" 200 1106 "https://www.middleeastoday.com/dubai-south-announces-successful-first-stage-trials-of-autonomous-vehicle/" "Mozilla/5.0 (Windows NT 10.0; Win64; x64) AppleWebKit/537.36 (KHTML, like Gecko) Chrome/139.0.0.0 Safari/537.36"
36.158.212.204 - - [26/Feb/2026:21:03:28 -0500] "GET /wp-content/plugins/contact-form-7/includes/css/styles.css?ver=6.0.6 HTTP/1.1" 200 890 "https://www.middleeastoday.com/dubai-south-announces-successful-first-stage-trials-of-autonomous-vehicle/" "Mozilla/5.0 (Windows NT 10.0; Win64; x64) AppleWebKit/537.36 (KHTML, like Gecko) Chrome/139.0.0.0 Safari/537.36"
36.158.212.204 - - [26/Feb/2026:21:03:28 -0500] "GET /wp-content/plugins/accesspress-social-counter/css/fontawesome-all.css?ver=1.9.2 HTTP/1.1" 200 8084 "https://www.middleeastoday.com/dubai-south-announces-successful-first-stage-trials-of-autonomous-vehicle/" "Mozilla/5.0 (Windows NT 10.0; Win64; x64) AppleWebKit/537.36 (KHTML, like Gecko) Chrome/139.0.0.0 Safari/537.36"
36.158.212.204 - - [26/Feb/2026:21:03:28 -0500] "GET /wp-content/themes/digiqole/assets/css/master.css?ver=2.1.1 HTTP/1.1" 200 43295 "https://www.middleeastoday.com/dubai-south-announces-successful-first-stage-trials-of-autonomous-vehicle/" "Mozilla/5.0 (Windows NT 10.0; Win64; x64) AppleWebKit/537.36 (KHTML, like Gecko) Chrome/139.0.0.0 Safari/537.36"
36.158.212.204 - - [26/Feb/2026:21:03:28 -0500] "GET /wp-content/plugins/elementor-1/assets/lib/font-awesome/css/fontawesome.min.css?ver=5.15.3 HTTP/1.1" 200 12164 "https://www.middleeastoday.com/dubai-south-announces-successful-first-stage-trials-of-autonomous-vehicle/" "Mozilla/5.0 (Windows NT 10.0; Win64; x64) AppleWebKit/537.36 (KHTML, like Gecko) Chrome/139.0.0.0 Safari/537.36"
36.158.212.204 - - [26/Feb/2026:21:03:28 -0500] "GET /wp-content/plugins/elementskit-lite/widgets/init/assets/css/widget-styles.css?ver=3.5.0 HTTP/1.1" 200 48223 "https://www.middleeastoday.com/dubai-south-announces-successful-first-stage-trials-of-autonomous-vehicle/" "Mozilla/5.0 (Windows NT 10.0; Win64; x64) AppleWebKit/537.36 (KHTML, like Gecko) Chrome/139.0.0.0 Safari/537.36"
36.158.212.204 - - [26/Feb/2026:21:03:28 -0500] "GET /wp-content/plugins/elementskit-lite/modules/elementskit-icon-pack/assets/css/ekiticons.css?ver=3.5.0 HTTP/1.1" 200 11776 "https://www.middleeastoday.com/dubai-south-announces-successful-first-stage-trials-of-autonomous-vehicle/" "Mozilla/5.0 (Windows NT 10.0; Win64; x64) AppleWebKit/537.36 (KHTML, like Gecko) Chrome/139.0.0.0 Safari/537.36"
36.158.212.204 - - [26/Feb/2026:21:03:28 -0500] "GET /wp-content/plugins/elementor-pro/assets/css/widget-nav-menu.min.css HTTP/1.1" 200 3279 "https://www.middleeastoday.com/dubai-south-announces-successful-first-stage-trials-of-autonomous-vehicle/" "Mozilla/5.0 (Windows NT 10.0; Win64; x64) AppleWebKit/537.36 (KHTML, like Gecko) Chrome/139.0.0.0 Safari/537.36"
36.158.212.204 - - [26/Feb/2026:21:03:29 -0500] "GET /wp-content/plugins/elementor-1/assets/lib/eicons/css/elementor-icons.min.css?ver=5.29.0 HTTP/1.1" 200 3724 "https://www.middleeastoday.com/dubai-south-announces-successful-first-stage-trials-of-autonomous-vehicle/" "Mozilla/5.0 (Windows NT 10.0; Win64; x64) AppleWebKit/537.36 (KHTML, like Gecko) Chrome/139.0.0.0 Safari/537.36"
36.158.212.204 - - [26/Feb/2026:21:03:31 -0500] "GET /wp-content/uploads/elementor/css/post-9.css?ver=1747657839 HTTP/1.1" 200 334 "https://www.middleeastoday.com/dubai-south-announces-successful-first-stage-trials-of-autonomous-vehicle/" "Mozilla/5.0 (Windows NT 10.0; Win64; x64) AppleWebKit/537.36 (KHTML, like Gecko) Chrome/139.0.0.0 Safari/537.36"
36.158.212.204 - - [26/Feb/2026:21:03:32 -0500] "GET /wp-content/plugins/elementor-1/assets/lib/animations/animations.min.css?ver=3.21.1 HTTP/1.1" 200 2442 "https://www.middleeastoday.com/dubai-south-announces-successful-first-stage-trials-of-autonomous-vehicle/" "Mozilla/5.0 (Windows NT 10.0; Win64; x64) AppleWebKit/537.36 (KHTML, like Gecko) Chrome/139.0.0.0 Safari/537.36"
36.158.212.204 - - [26/Feb/2026:21:03:32 -0500] "GET /wp-includes/js/dist/i18n.min.js?ver=5e580eb46a90c2b997e6 HTTP/1.1" 200 3542 "https://www.middleeastoday.com/dubai-south-announces-successful-first-stage-trials-of-autonomous-vehicle/" "Mozilla/5.0 (Windows NT 10.0; Win64; x64) AppleWebKit/537.36 (KHTML, like Gecko) Chrome/139.0.0.0 Safari/537.36"
36.158.212.204 - - [26/Feb/2026:21:03:33 -0500] "GET /wp-content/plugins/elementskit-lite/libs/framework/assets/js/frontend-script.js?ver=3.5.0 HTTP/1.1" 200 40 "https://www.middleeastoday.com/dubai-south-announces-successful-first-stage-trials-of-autonomous-vehicle/" "Mozilla/5.0 (Windows NT 10.0; Win64; x64) AppleWebKit/537.36 (KHTML, like Gecko) Chrome/139.0.0.0 Safari/537.36"
36.158.212.204 - - [26/Feb/2026:21:03:33 -0500] "GET /wp-content/plugins/elementskit-lite/widgets/init/assets/js/widget-scripts.js?ver=3.5.0 HTTP/1.1" 200 40425 "https://www.middleeastoday.com/dubai-south-announces-successful-first-stage-trials-of-autonomous-vehicle/" "Mozilla/5.0 (Windows NT 10.0; Win64; x64) AppleWebKit/537.36 (KHTML, like Gecko) Chrome/139.0.0.0 Safari/537.36"
36.158.212.204 - - [26/Feb/2026:21:03:33 -0500] "GET /wp-content/themes/digiqole/assets/js/bootstrap.min.js?ver=2.1.1 HTTP/1.1" 200 12542 "https://www.middleeastoday.com/dubai-south-announces-successful-first-stage-trials-of-autonomous-vehicle/" "Mozilla/5.0 (Windows NT 10.0; Win64; x64) AppleWebKit/537.36 (KHTML, like Gecko) Chrome/139.0.0.0 Safari/537.36"
162.213.253.84 - - [26/Feb/2026:21:03:34 -0500] "POST /wp-cron.php?doing_wp_cron=1772157814.4746010303497314453125 HTTP/1.1" 200 0 "-" "WordPress/6.8.1; https://www.middleeastoday.com"
86.48.7.1 - - [26/Feb/2026:21:03:33 -0500] "POST /xmlrpc.php HTTP/1.1" 200 205 "-" "Mozilla/5.0 (Windows NT 10.0; WOW64; rv:60.0) Gecko/20100101 Firefox/60.0"
36.158.212.204 - - [26/Feb/2026:21:03:34 -0500] "GET /wp-content/themes/digiqole/assets/js/swiper.min.js?ver=2.1.1 HTTP/1.1" 200 34003 "https://www.middleeastoday.com/dubai-south-announces-successful-first-stage-trials-of-autonomous-vehicle/" "Mozilla/5.0 (Windows NT 10.0; Win64; x64) AppleWebKit/537.36 (KHTML, like Gecko) Chrome/139.0.0.0 Safari/537.36"
36.158.212.204 - - [26/Feb/2026:21:03:28 -0500] "GET /wp-includes/js/jquery/jquery.min.js?ver=3.7.1 HTTP/1.1" 200 29744 "https://www.middleeastoday.com/dubai-south-announces-successful-first-stage-trials-of-autonomous-vehicle/" "Mozilla/5.0 (Windows NT 10.0; Win64; x64) AppleWebKit/537.36 (KHTML, like Gecko) Chrome/139.0.0.0 Safari/537.36"
36.158.212.204 - - [26/Feb/2026:21:03:31 -0500] "GET /wp-content/plugins/elementor-1/assets/lib/swiper/v8/css/swiper.min.css?ver=8.4.5 HTTP/1.1" 200 4248 "https://www.middleeastoday.com/dubai-south-announces-successful-first-stage-trials-of-autonomous-vehicle/" "Mozilla/5.0 (Windows NT 10.0; Win64; x64) AppleWebKit/537.36 (KHTML, like Gecko) Chrome/139.0.0.0 Safari/537.36"
162.213.253.84 - - [26/Feb/2026:21:03:31 -0500] "POST /wp-cron.php?doing_wp_cron=1772157811.7930760383605957031250 HTTP/1.1" 200 0 "-" "WordPress/6.8.1; https://www.middleeastoday.com"
36.158.212.204 - - [26/Feb/2026:21:03:31 -0500] "GET /wp-content/plugins/elementor-pro/assets/css/frontend-lite.min.css?ver=3.6.5 HTTP/1.1" 200 1505 "https://www.middleeastoday.com/dubai-south-announces-successful-first-stage-trials-of-autonomous-vehicle/" "Mozilla/5.0 (Windows NT 10.0; Win64; x64) AppleWebKit/537.36 (KHTML, like Gecko) Chrome/139.0.0.0 Safari/537.36"
159.65.19.147 - - [26/Feb/2026:21:03:31 -0500] "POST /xmlrpc.php HTTP/1.1" 200 205 "-" "Mozilla/5.0 (Windows NT 6.3; WOW64; Trident/7.0; Touch; MAARJS; rv:11.0) like Gecko"
36.158.212.204 - - [26/Feb/2026:21:03:31 -0500] "GET /wp-content/uploads/elementor/css/global.css?ver=1747657840 HTTP/1.1" 200 3340 "https://www.middleeastoday.com/dubai-south-announces-successful-first-stage-trials-of-autonomous-vehicle/" "Mozilla/5.0 (Windows NT 10.0; Win64; x64) AppleWebKit/537.36 (KHTML, like Gecko) Chrome/139.0.0.0 Safari/537.36"
36.158.212.204 - - [26/Feb/2026:21:03:32 -0500] "GET /wp-includes/js/dist/hooks.min.js?ver=4d63a3d491d11ffd8ac6 HTTP/1.1" 200 1571 "https://www.middleeastoday.com/dubai-south-announces-successful-first-stage-trials-of-autonomous-vehicle/" "Mozilla/5.0 (Windows NT 10.0; Win64; x64) AppleWebKit/537.36 (KHTML, like Gecko) Chrome/139.0.0.0 Safari/537.36"
36.158.212.204 - - [26/Feb/2026:21:03:32 -0500] "GET /wp-content/plugins/contact-form-7/includes/swv/js/index.js?ver=6.0.6 HTTP/1.1" 200 3369 "https://www.middleeastoday.com/dubai-south-announces-successful-first-stage-trials-of-autonomous-vehicle/" "Mozilla/5.0 (Windows NT 10.0; Win64; x64) AppleWebKit/537.36 (KHTML, like Gecko) Chrome/139.0.0.0 Safari/537.36"
36.158.212.204 - - [26/Feb/2026:21:03:33 -0500] "GET /wp-content/plugins/contact-form-7/includes/js/index.js?ver=6.0.6 HTTP/1.1" 200 4008 "https://www.middleeastoday.com/dubai-south-announces-successful-first-stage-trials-of-autonomous-vehicle/" "Mozilla/5.0 (Windows NT 10.0; Win64; x64) AppleWebKit/537.36 (KHTML, like Gecko) Chrome/139.0.0.0 Safari/537.36"
162.213.253.84 - - [26/Feb/2026:21:03:32 -0500] "POST /wp-admin/admin-ajax.php?action=async_litespeed&nonce=AUlMlNYwAaHfS5xCJdBco4tWOshHwuHh&litespeed_type=imgoptm HTTP/1.1" 200 21 "-" "WordPress/6.8.1; https://www.middleeastoday.com"
36.158.212.204 - - [26/Feb/2026:21:03:35 -0500] "GET /wp-content/themes/digiqole/assets/js/fontfaceobserver.js?ver=1 HTTP/1.1" 200 2024 "https://www.middleeastoday.com/dubai-south-announces-successful-first-stage-trials-of-autonomous-vehicle/" "Mozilla/5.0 (Windows NT 10.0; Win64; x64) AppleWebKit/537.36 (KHTML, like Gecko) Chrome/139.0.0.0 Safari/537.36"
36.158.212.204 - - [26/Feb/2026:21:03:37 -0500] "GET /wp-content/plugins/elementor-pro/assets/lib/smartmenus/jquery.smartmenus.min.js?ver=1.0.1 HTTP/1.1" 200 6935 "https://www.middleeastoday.com/dubai-south-announces-successful-first-stage-trials-of-autonomous-vehicle/" "Mozilla/5.0 (Windows NT 10.0; Win64; x64) AppleWebKit/537.36 (KHTML, like Gecko) Chrome/139.0.0.0 Safari/537.36"
36.158.212.204 - - [26/Feb/2026:21:03:37 -0500] "GET /wp-content/plugins/elementor-1/assets/js/frontend-modules.min.js?ver=3.21.1 HTTP/1.1" 200 17087 "https://www.middleeastoday.com/dubai-south-announces-successful-first-stage-trials-of-autonomous-vehicle/" "Mozilla/5.0 (Windows NT 10.0; Win64; x64) AppleWebKit/537.36 (KHTML, like Gecko) Chrome/139.0.0.0 Safari/537.36"
36.158.212.204 - - [26/Feb/2026:21:03:37 -0500] "GET /wp-content/plugins/elementor-pro/assets/js/frontend.min.js?ver=3.6.5 HTTP/1.1" 200 5328 "https://www.middleeastoday.com/dubai-south-announces-successful-first-stage-trials-of-autonomous-vehicle/" "Mozilla/5.0 (Windows NT 10.0; Win64; x64) AppleWebKit/537.36 (KHTML, like Gecko) Chrome/139.0.0.0 Safari/537.36"
36.158.212.204 - - [26/Feb/2026:21:03:38 -0500] "GET /wp-content/plugins/elementor-1/assets/lib/waypoints/waypoints.min.js?ver=4.0.2 HTTP/1.1" 200 2867 "https://www.middleeastoday.com/dubai-south-announces-successful-first-stage-trials-of-autonomous-vehicle/" "Mozilla/5.0 (Windows NT 10.0; Win64; x64) AppleWebKit/537.36 (KHTML, like Gecko) Chrome/139.0.0.0 Safari/537.36"
36.158.212.204 - - [26/Feb/2026:21:03:38 -0500] "GET /wp-content/plugins/elementor-pro/assets/js/elements-handlers.min.js?ver=3.6.5 HTTP/1.1" 200 5254 "https://www.middleeastoday.com/dubai-south-announces-successful-first-stage-trials-of-autonomous-vehicle/" "Mozilla/5.0 (Windows NT 10.0; Win64; x64) AppleWebKit/537.36 (KHTML, like Gecko) Chrome/139.0.0.0 Safari/537.36"
