162.213.253.84 - - [26/Feb/2026:08:44:44 -0500] "POST /wp-cron.php?doing_wp_cron=1772113484.0618560314178466796875 HTTP/1.1" 200 0 "-" "WordPress/6.8.1; https://www.middleeastoday.com"
162.213.253.84 - - [26/Feb/2026:08:44:44 -0500] "POST /wp-admin/admin-ajax.php?action=async_litespeed&nonce=bPzJkGZFGWn1hgJiPza0Sf5sod274Lmr&litespeed_type=imgoptm HTTP/1.1" 200 21 "-" "WordPress/6.8.1; https://www.middleeastoday.com"
162.213.253.84 - - [26/Feb/2026:08:45:00 -0500] "POST /wp-cron.php?doing_wp_cron=1772113500.1606380939483642578125 HTTP/1.1" 200 0 "-" "WordPress/6.8.1; https://www.middleeastoday.com"
77.68.151.69 - - [26/Feb/2026:08:44:59 -0500] "POST /xmlrpc.php HTTP/1.1" 200 403 "-" "Mozilla/5.0 (X11; Ubuntu; Linux x86_64; x86) AppleWebKit/537.36 (KHTML, like Gecko) Firefox/70.0.0.0 Safari/537.36"
54.39.0.226 - - [26/Feb/2026:08:45:03 -0500] "GET /mohammed-bin-rashid-orders-airlift-of-emergency-humanitarian-aid-to-support-civilians-fleeing-crisis-in-ukraine/ HTTP/1.1" 200 20816 "-" "Mozilla/5.0 (compatible; AhrefsBot/7.0; +http://ahrefs.com/robot/)"
162.213.253.84 - - [26/Feb/2026:08:45:35 -0500] "POST /wp-cron.php?doing_wp_cron=1772113535.1499660015106201171875 HTTP/1.1" 200 0 "-" "WordPress/6.8.1; https://www.middleeastoday.com"
185.198.240.221 - - [26/Feb/2026:08:46:15 -0500] "POST /wp-login.php HTTP/1.1" 200 6420 "-" "Mozilla/5.0"
162.213.253.84 - - [26/Feb/2026:08:46:48 -0500] "POST /wp-cron.php?doing_wp_cron=1772113608.2484180927276611328125 HTTP/1.1" 200 0 "-" "WordPress/6.8.1; https://www.middleeastoday.com"
103.154.176.224 - - [26/Feb/2026:08:46:47 -0500] "POST /xmlrpc.php HTTP/1.1" 200 205 "-" "Mozilla/5.0 (Macintosh; Intel Mac OS X 10_10_5) AppleWebKit/603.1.30 (KHTML, like Gecko) Version/10.1 Safari/603.1.30"
162.213.253.84 - - [26/Feb/2026:08:46:48 -0500] "POST /wp-admin/admin-ajax.php?action=async_litespeed&nonce=jfbuNEqfjgFm7w60MFxfCvOiQhg4QuY9&litespeed_type=imgoptm HTTP/1.1" 200 21 "-" "WordPress/6.8.1; https://www.middleeastoday.com"
162.213.253.84 - - [26/Feb/2026:08:46:50 -0500] "POST /wp-cron.php?doing_wp_cron=1772113610.9491920471191406250000 HTTP/1.1" 200 0 "-" "WordPress/6.8.1; https://www.middleeastoday.com"
159.65.19.147 - - [26/Feb/2026:08:46:50 -0500] "POST /xmlrpc.php HTTP/1.1" 200 205 "-" "Mozilla/5.0 (compatible; MSIE 10.0; Windows NT 6.2; WOW64; Trident/7.0)"
114.119.148.161 - - [26/Feb/2026:08:46:52 -0500] "GET /air-arabia-abu-dhabi-adds-kuwait-to-its-network HTTP/1.1" 301 0 "https://www.middleeastoday.com/author/admin/page/49" "Mozilla/5.0 (Linux; Android 7.0;) AppleWebKit/537.36 (KHTML, like Gecko) Mobile Safari/537.36 (compatible; PetalBot;+https://webmaster.petalsearch.com/site/petalbot)"
114.119.148.161 - - [26/Feb/2026:08:46:54 -0500] "GET /air-arabia-abu-dhabi-adds-kuwait-to-its-network/ HTTP/1.1" 200 23100 "https://www.middleeastoday.com/author/admin/page/49" "Mozilla/5.0 (Linux; Android 7.0;) AppleWebKit/537.36 (KHTML, like Gecko) Mobile Safari/537.36 (compatible; PetalBot;+https://webmaster.petalsearch.com/site/petalbot)"
142.44.228.216 - - [26/Feb/2026:08:47:43 -0500] "GET /discovery-land-and-dubai-south-sign-agreement-to-develop-luxury-golf-community/ HTTP/1.1" 200 20761 "-" "Mozilla/5.0 (compatible; AhrefsBot/7.0; +http://ahrefs.com/robot/)"
162.213.253.84 - - [26/Feb/2026:08:47:52 -0500] "POST /wp-cron.php?doing_wp_cron=1772113672.1673400402069091796875 HTTP/1.1" 200 0 "-" "WordPress/6.8.1; https://www.middleeastoday.com"
162.213.253.84 - - [26/Feb/2026:08:47:52 -0500] "POST /wp-admin/admin-ajax.php?action=async_litespeed&nonce=nHX6RHe5CwfPwEAwWcN3pgnsp04OwcVB&litespeed_type=imgoptm HTTP/1.1" 200 21 "-" "WordPress/6.8.1; https://www.middleeastoday.com"
114.119.154.115 - - [26/Feb/2026:08:48:19 -0500] "GET /ahmed-bin-saeed-opens-arabian-travel-market-2022/ HTTP/1.1" 200 24504 "https://www.middleeastoday.com/?p=8448" "Mozilla/5.0 (Linux; Android 7.0;) AppleWebKit/537.36 (KHTML, like Gecko) Mobile Safari/537.36 (compatible; PetalBot;+https://webmaster.petalsearch.com/site/petalbot)"
114.119.132.207 - - [26/Feb/2026:08:44:06 -0500] "GET /al-majaz-amphitheatre-national-arab-orchestra-sign-agreement-to-revive-arab-musicals HTTP/1.1" 301 0 "https://www.middleeastoday.com/ajman-crown-prince-receives-ambassador-of-luxembourg" "Mozilla/5.0 (Linux; Android 7.0;) AppleWebKit/537.36 (KHTML, like Gecko) Mobile Safari/537.36 (compatible; PetalBot;+https://webmaster.petalsearch.com/site/petalbot)"
114.119.132.207 - - [26/Feb/2026:08:44:07 -0500] "GET /al-majaz-amphitheatre-national-arab-orchestra-sign-agreement-to-revive-arab-musicals/ HTTP/1.1" 200 23665 "https://www.middleeastoday.com/ajman-crown-prince-receives-ambassador-of-luxembourg" "Mozilla/5.0 (Linux; Android 7.0;) AppleWebKit/537.36 (KHTML, like Gecko) Mobile Safari/537.36 (compatible; PetalBot;+https://webmaster.petalsearch.com/site/petalbot)"
3.26.181.40 - - [26/Feb/2026:08:44:43 -0500] "POST /xmlrpc.php HTTP/1.1" 200 205 "-" "Mozilla/5.0 (Macintosh; Intel Mac OS X 10_10_5) AppleWebKit/603.1.30 (KHTML, like Gecko) Version/10.1 Safari/603.1.30"
65.21.12.180 - - [26/Feb/2026:08:44:44 -0500] "POST /xmlrpc.php HTTP/1.1" 200 205 "-" "Mozilla/4.0 (compatible; MSIE 7.0; Windows NT 6.2; Trident/7.0; .NET4.0C; .NET4.0E)"
162.213.253.84 - - [26/Feb/2026:08:45:32 -0500] "POST /wp-cron.php?doing_wp_cron=1772113532.6434290409088134765625 HTTP/1.1" 200 0 "-" "WordPress/6.8.1; https://www.middleeastoday.com"
114.119.138.37 - - [26/Feb/2026:08:45:32 -0500] "GET /al-bowardi-visits-pavilions-of-japan-china-syria-at-expo-2020-dubai HTTP/1.1" 301 0 "https://www.middleeastoday.com/watch-jewellery-middle-east-show-2022-kicks-off-tomorrow-at-expo-centre-sharjah-2" "Mozilla/5.0 (Linux; Android 7.0;) AppleWebKit/537.36 (KHTML, like Gecko) Mobile Safari/537.36 (compatible; PetalBot;+https://webmaster.petalsearch.com/site/petalbot)"
162.213.253.84 - - [26/Feb/2026:08:45:33 -0500] "POST /wp-admin/admin-ajax.php?action=async_litespeed&nonce=m1Fer5lcq30ZIO34eB8PWz2qKPYU9eGi&litespeed_type=imgoptm HTTP/1.1" 200 21 "-" "WordPress/6.8.1; https://www.middleeastoday.com"
114.119.138.37 - - [26/Feb/2026:08:45:34 -0500] "GET /al-bowardi-visits-pavilions-of-japan-china-syria-at-expo-2020-dubai/ HTTP/1.1" 200 23042 "https://www.middleeastoday.com/watch-jewellery-middle-east-show-2022-kicks-off-tomorrow-at-expo-centre-sharjah-2" "Mozilla/5.0 (Linux; Android 7.0;) AppleWebKit/537.36 (KHTML, like Gecko) Mobile Safari/537.36 (compatible; PetalBot;+https://webmaster.petalsearch.com/site/petalbot)"
77.68.151.69 - - [26/Feb/2026:08:45:55 -0500] "POST /xmlrpc.php HTTP/1.1" 403 1242 "-" "Mozilla/5.0 (Windows NT 10.0; x86) AppleWebKit/537.36 (KHTML, like Gecko) Firefox/81.0.0.0 Safari/537.36"
51.222.95.21 - - [26/Feb/2026:08:46:19 -0500] "GET /contracts-worth-aed-6-8-billion-awarded-to-smes-through-expo-2020-dubai/ HTTP/1.1" 200 21449 "-" "Mozilla/5.0 (compatible; AhrefsBot/7.0; +http://ahrefs.com/robot/)"
77.68.151.69 - - [26/Feb/2026:08:46:53 -0500] "POST /xmlrpc.php HTTP/1.1" 200 403 "-" "Mozilla/5.0 (Windows NT 6.3; arm64) AppleWebKit/537.36 (KHTML, like Gecko) Firefox/80.0.0.0 Safari/537.36"
77.68.151.69 - - [26/Feb/2026:08:47:51 -0500] "POST /xmlrpc.php HTTP/1.1" 200 403 "-" "Mozilla/5.0 (Windows NT 10.0; x64) AppleWebKit/537.36 (KHTML, like Gecko) Opera/77.0.0.0 Safari/537.36"
180.105.204.43 - - [26/Feb/2026:08:48:08 -0500] "GET /wp-content/plugins/elementor-pro/assets/css/widget-nav-menu.min.css HTTP/1.1" 200 3279 "http://www.middleeastoday.com/" "Mozilla/5.0 (Windows NT 10.0; Win64; x64) AppleWebKit/537.36 (KHTML, like Gecko) Chrome/139.0.0.0 Safari/537.36"
162.213.253.84 - - [26/Feb/2026:08:48:54 -0500] "POST /wp-admin/admin-ajax.php?action=async_litespeed&nonce=wJZBjPIU1RZWJE2HsUyr8JXrPKVnFyqZ&litespeed_type=imgoptm HTTP/1.1" 200 21 "-" "WordPress/6.8.1; https://www.middleeastoday.com"
167.114.139.75 - - [26/Feb/2026:08:49:05 -0500] "GET /under-uae-presidents-patronage-al-dhafra-festival-kicks-off-october-21/ HTTP/1.1" 200 23474 "-" "Mozilla/5.0 (compatible; AhrefsBot/7.0; +http://ahrefs.com/robot/)"
192.64.112.17 - - [26/Feb/2026:08:49:21 -0500] "POST /xmlrpc.php HTTP/1.1" 200 205 "-" "Mozilla/5.0 (Windows NT 10.0; WOW64; Trident/7.0; yie11; rv:11.0) like Gecko"
162.213.253.84 - - [26/Feb/2026:08:49:28 -0500] "POST /wp-cron.php?doing_wp_cron=1772113768.9664928913116455078125 HTTP/1.1" 200 0 "-" "WordPress/6.8.1; https://www.middleeastoday.com"
172.58.166.155 - - [26/Feb/2026:08:49:28 -0500] "GET /how-to-get-dubai-residency-via-property-investment/ HTTP/1.1" 200 21570 "https://www.google.com/" "Mozilla/5.0 (Linux; Android 10; K) AppleWebKit/537.36 (KHTML, like Gecko) Chrome/145.0.0.0 Mobile Safari/537.36"
172.58.166.155 - - [26/Feb/2026:08:49:29 -0500] "GET /wp-content/uploads/elementor/css/post-3932.css?ver=1762520240 HTTP/1.1" 200 1066 "https://www.middleeastoday.com/how-to-get-dubai-residency-via-property-investment/" "Mozilla/5.0 (Linux; Android 10; K) AppleWebKit/537.36 (KHTML, like Gecko) Chrome/145.0.0.0 Mobile Safari/537.36"
172.58.166.155 - - [26/Feb/2026:08:49:29 -0500] "GET /wp-content/themes/digiqole/assets/css/all.css?ver=2.1.1 HTTP/1.1" 200 7048 "https://www.middleeastoday.com/how-to-get-dubai-residency-via-property-investment/" "Mozilla/5.0 (Linux; Android 10; K) AppleWebKit/537.36 (KHTML, like Gecko) Chrome/145.0.0.0 Mobile Safari/537.36"
172.58.166.155 - - [26/Feb/2026:08:49:29 -0500] "GET /wp-content/plugins/elementskit-lite/widgets/init/assets/css/responsive.css?ver=3.5.0 HTTP/1.1" 200 2859 "https://www.middleeastoday.com/how-to-get-dubai-residency-via-property-investment/" "Mozilla/5.0 (Linux; Android 10; K) AppleWebKit/537.36 (KHTML, like Gecko) Chrome/145.0.0.0 Mobile Safari/537.36"
172.58.166.155 - - [26/Feb/2026:08:49:29 -0500] "GET /wp-content/plugins/accesspress-social-counter/css/fontawesome-all.css?ver=1.9.2 HTTP/1.1" 200 8084 "https://www.middleeastoday.com/how-to-get-dubai-residency-via-property-investment/" "Mozilla/5.0 (Linux; Android 10; K) AppleWebKit/537.36 (KHTML, like Gecko) Chrome/145.0.0.0 Mobile Safari/537.36"
172.58.166.155 - - [26/Feb/2026:08:49:29 -0500] "GET /wp-content/plugins/contact-form-7/includes/css/styles.css?ver=6.0.6 HTTP/1.1" 200 890 "https://www.middleeastoday.com/how-to-get-dubai-residency-via-property-investment/" "Mozilla/5.0 (Linux; Android 10; K) AppleWebKit/537.36 (KHTML, like Gecko) Chrome/145.0.0.0 Mobile Safari/537.36"
172.58.166.155 - - [26/Feb/2026:08:49:29 -0500] "GET /wp-content/plugins/accesspress-social-counter/css/frontend.css?ver=1.9.2 HTTP/1.1" 200 2295 "https://www.middleeastoday.com/how-to-get-dubai-residency-via-property-investment/" "Mozilla/5.0 (Linux; Android 10; K) AppleWebKit/537.36 (KHTML, like Gecko) Chrome/145.0.0.0 Mobile Safari/537.36"
172.58.166.155 - - [26/Feb/2026:08:49:29 -0500] "GET /wp-content/themes/digiqole/assets/css/bootstrap.min.css?ver=2.1.1 HTTP/1.1" 200 18543 "https://www.middleeastoday.com/how-to-get-dubai-residency-via-property-investment/" "Mozilla/5.0 (Linux; Android 10; K) AppleWebKit/537.36 (KHTML, like Gecko) Chrome/145.0.0.0 Mobile Safari/537.36"
172.58.166.155 - - [26/Feb/2026:08:49:29 -0500] "GET /wp-content/themes/digiqole/assets/css/icon-font.css?ver=2.1.1 HTTP/1.1" 200 1106 "https://www.middleeastoday.com/how-to-get-dubai-residency-via-property-investment/" "Mozilla/5.0 (Linux; Android 10; K) AppleWebKit/537.36 (KHTML, like Gecko) Chrome/145.0.0.0 Mobile Safari/537.36"
172.58.166.155 - - [26/Feb/2026:08:49:29 -0500] "GET /wp-content/plugins/elementor-1/assets/lib/font-awesome/css/fontawesome.min.css?ver=5.15.3 HTTP/1.1" 200 12164 "https://www.middleeastoday.com/how-to-get-dubai-residency-via-property-investment/" "Mozilla/5.0 (Linux; Android 10; K) AppleWebKit/537.36 (KHTML, like Gecko) Chrome/145.0.0.0 Mobile Safari/537.36"
172.58.166.155 - - [26/Feb/2026:08:49:29 -0500] "GET /wp-content/plugins/elementskit-lite/modules/elementskit-icon-pack/assets/css/ekiticons.css?ver=3.5.0 HTTP/1.1" 200 11776 "https://www.middleeastoday.com/how-to-get-dubai-residency-via-property-investment/" "Mozilla/5.0 (Linux; Android 10; K) AppleWebKit/537.36 (KHTML, like Gecko) Chrome/145.0.0.0 Mobile Safari/537.36"
162.213.253.84 - - [26/Feb/2026:08:48:53 -0500] "POST /wp-cron.php?doing_wp_cron=1772113733.7071781158447265625000 HTTP/1.1" 200 0 "-" "WordPress/6.8.1; https://www.middleeastoday.com"
77.68.151.69 - - [26/Feb/2026:08:48:53 -0500] "POST /xmlrpc.php HTTP/1.1" 200 403 "-" "Mozilla/5.0 (Windows NT 6.2; x64) AppleWebKit/537.36 (KHTML, like Gecko) Chrome/89.0.0.0 Safari/537.36"
162.213.253.84 - - [26/Feb/2026:08:49:05 -0500] "POST /wp-cron.php?doing_wp_cron=1772113745.7628500461578369140625 HTTP/1.1" 200 0 "-" "WordPress/6.8.1; https://www.middleeastoday.com"
162.213.253.84 - - [26/Feb/2026:08:49:22 -0500] "POST /wp-cron.php?doing_wp_cron=1772113762.3143858909606933593750 HTTP/1.1" 200 0 "-" "WordPress/6.8.1; https://www.middleeastoday.com"
162.213.253.84 - - [26/Feb/2026:08:49:22 -0500] "POST /wp-admin/admin-ajax.php?action=async_litespeed&nonce=Ul9olKkimsOOnZlwznoMlfkILZNg9YFI&litespeed_type=imgoptm HTTP/1.1" 200 21 "-" "WordPress/6.8.1; https://www.middleeastoday.com"
172.58.166.155 - - [26/Feb/2026:08:49:29 -0500] "GET /wp-content/plugins/elementor-1/assets/css/frontend-lite.min.css?ver=3.21.1 HTTP/1.1" 200 13067 "https://www.middleeastoday.com/how-to-get-dubai-residency-via-property-investment/" "Mozilla/5.0 (Linux; Android 10; K) AppleWebKit/537.36 (KHTML, like Gecko) Chrome/145.0.0.0 Mobile Safari/537.36"
172.58.166.155 - - [26/Feb/2026:08:49:29 -0500] "GET /wp-content/themes/digiqole/assets/css/master.css?ver=2.1.1 HTTP/1.1" 200 43295 "https://www.middleeastoday.com/how-to-get-dubai-residency-via-property-investment/" "Mozilla/5.0 (Linux; Android 10; K) AppleWebKit/537.36 (KHTML, like Gecko) Chrome/145.0.0.0 Mobile Safari/537.36"
172.58.166.155 - - [26/Feb/2026:08:49:29 -0500] "GET /wp-content/plugins/elementskit-lite/widgets/init/assets/css/widget-styles.css?ver=3.5.0 HTTP/1.1" 200 48223 "https://www.middleeastoday.com/how-to-get-dubai-residency-via-property-investment/" "Mozilla/5.0 (Linux; Android 10; K) AppleWebKit/537.36 (KHTML, like Gecko) Chrome/145.0.0.0 Mobile Safari/537.36"
172.58.166.155 - - [26/Feb/2026:08:49:29 -0500] "GET /wp-includes/css/dist/block-library/style.min.css?ver=6.8.1 HTTP/1.1" 200 14358 "https://www.middleeastoday.com/how-to-get-dubai-residency-via-property-investment/" "Mozilla/5.0 (Linux; Android 10; K) AppleWebKit/537.36 (KHTML, like Gecko) Chrome/145.0.0.0 Mobile Safari/537.36"
172.58.166.155 - - [26/Feb/2026:08:49:29 -0500] "GET /wp-content/plugins/elementor-1/assets/lib/font-awesome/css/solid.min.css?ver=5.15.3 HTTP/1.1" 200 286 "https://www.middleeastoday.com/how-to-get-dubai-residency-via-property-investment/" "Mozilla/5.0 (Linux; Android 10; K) AppleWebKit/537.36 (KHTML, like Gecko) Chrome/145.0.0.0 Mobile Safari/537.36"
172.58.166.155 - - [26/Feb/2026:08:49:29 -0500] "GET /wp-includes/js/jquery/jquery-migrate.min.js?ver=3.4.1 HTTP/1.1" 200 4678 "https://www.middleeastoday.com/how-to-get-dubai-residency-via-property-investment/" "Mozilla/5.0 (Linux; Android 10; K) AppleWebKit/537.36 (KHTML, like Gecko) Chrome/145.0.0.0 Mobile Safari/537.36"
172.58.166.155 - - [26/Feb/2026:08:49:30 -0500] "GET /wp-content/plugins/elementor-pro/assets/css/widget-nav-menu.min.css HTTP/1.1" 200 3279 "https://www.middleeastoday.com/how-to-get-dubai-residency-via-property-investment/" "Mozilla/5.0 (Linux; Android 10; K) AppleWebKit/537.36 (KHTML, like Gecko) Chrome/145.0.0.0 Mobile Safari/537.36"
172.58.166.155 - - [26/Feb/2026:08:49:31 -0500] "GET /wp-content/plugins/elementor-1/assets/lib/swiper/v8/css/swiper.min.css?ver=8.4.5 HTTP/1.1" 200 4248 "https://www.middleeastoday.com/how-to-get-dubai-residency-via-property-investment/" "Mozilla/5.0 (Linux; Android 10; K) AppleWebKit/537.36 (KHTML, like Gecko) Chrome/145.0.0.0 Mobile Safari/537.36"
172.58.166.155 - - [26/Feb/2026:08:49:31 -0500] "GET /wp-content/uploads/elementor/css/post-9.css?ver=1747657839 HTTP/1.1" 200 334 "https://www.middleeastoday.com/how-to-get-dubai-residency-via-property-investment/" "Mozilla/5.0 (Linux; Android 10; K) AppleWebKit/537.36 (KHTML, like Gecko) Chrome/145.0.0.0 Mobile Safari/537.36"
172.58.166.155 - - [26/Feb/2026:08:49:31 -0500] "GET /wp-content/uploads/elementor/css/global.css?ver=1747657840 HTTP/1.1" 200 3340 "https://www.middleeastoday.com/how-to-get-dubai-residency-via-property-investment/" "Mozilla/5.0 (Linux; Android 10; K) AppleWebKit/537.36 (KHTML, like Gecko) Chrome/145.0.0.0 Mobile Safari/537.36"
172.58.166.155 - - [26/Feb/2026:08:49:31 -0500] "GET /wp-content/plugins/elementor-pro/assets/css/frontend-lite.min.css?ver=3.6.5 HTTP/1.1" 200 1505 "https://www.middleeastoday.com/how-to-get-dubai-residency-via-property-investment/" "Mozilla/5.0 (Linux; Android 10; K) AppleWebKit/537.36 (KHTML, like Gecko) Chrome/145.0.0.0 Mobile Safari/537.36"
172.58.166.155 - - [26/Feb/2026:08:49:31 -0500] "GET /wp-content/plugins/elementor-1/assets/lib/font-awesome/webfonts/fa-solid-900.woff2 HTTP/1.1" 200 78196 "https://www.middleeastoday.com/wp-content/plugins/elementor-1/assets/lib/font-awesome/css/solid.min.css?ver=5.15.3" "Mozilla/5.0 (Linux; Android 10; K) AppleWebKit/537.36 (KHTML, like Gecko) Chrome/145.0.0.0 Mobile Safari/537.36"
172.58.166.155 - - [26/Feb/2026:08:49:31 -0500] "GET /wp-includes/js/dist/hooks.min.js?ver=4d63a3d491d11ffd8ac6 HTTP/1.1" 200 1571 "https://www.middleeastoday.com/how-to-get-dubai-residency-via-property-investment/" "Mozilla/5.0 (Linux; Android 10; K) AppleWebKit/537.36 (KHTML, like Gecko) Chrome/145.0.0.0 Mobile Safari/537.36"
51.103.25.59 - - [26/Feb/2026:08:49:31 -0500] "POST /xmlrpc.php HTTP/1.1" 200 205 "-" "Mozilla/5.0 (compatible; MSIE 10.0; Windows NT 6.2; WOW64; Trident/7.0)"
172.58.166.155 - - [26/Feb/2026:08:49:33 -0500] "GET /wp-includes/js/dist/i18n.min.js?ver=5e580eb46a90c2b997e6 HTTP/1.1" 200 3542 "https://www.middleeastoday.com/how-to-get-dubai-residency-via-property-investment/" "Mozilla/5.0 (Linux; Android 10; K) AppleWebKit/537.36 (KHTML, like Gecko) Chrome/145.0.0.0 Mobile Safari/537.36"
172.58.166.155 - - [26/Feb/2026:08:49:33 -0500] "GET /wp-content/plugins/contact-form-7/includes/swv/js/index.js?ver=6.0.6 HTTP/1.1" 200 3369 "https://www.middleeastoday.com/how-to-get-dubai-residency-via-property-investment/" "Mozilla/5.0 (Linux; Android 10; K) AppleWebKit/537.36 (KHTML, like Gecko) Chrome/145.0.0.0 Mobile Safari/537.36"
172.58.166.155 - - [26/Feb/2026:08:49:33 -0500] "GET /wp-content/plugins/contact-form-7/includes/js/index.js?ver=6.0.6 HTTP/1.1" 200 4008 "https://www.middleeastoday.com/how-to-get-dubai-residency-via-property-investment/" "Mozilla/5.0 (Linux; Android 10; K) AppleWebKit/537.36 (KHTML, like Gecko) Chrome/145.0.0.0 Mobile Safari/537.36"
172.58.166.155 - - [26/Feb/2026:08:49:34 -0500] "GET /wp-content/themes/digiqole/assets/js/fontfaceobserver.js?ver=1 HTTP/1.1" 200 2024 "https://www.middleeastoday.com/how-to-get-dubai-residency-via-property-investment/" "Mozilla/5.0 (Linux; Android 10; K) AppleWebKit/537.36 (KHTML, like Gecko) Chrome/145.0.0.0 Mobile Safari/537.36"
172.58.166.155 - - [26/Feb/2026:08:49:34 -0500] "GET /wp-content/themes/digiqole/assets/js/script.js?ver=2.1.1 HTTP/1.1" 200 3554 "https://www.middleeastoday.com/how-to-get-dubai-residency-via-property-investment/" "Mozilla/5.0 (Linux; Android 10; K) AppleWebKit/537.36 (KHTML, like Gecko) Chrome/145.0.0.0 Mobile Safari/537.36"
172.58.166.155 - - [26/Feb/2026:08:49:34 -0500] "GET /wp-content/plugins/elementor-pro/assets/lib/smartmenus/jquery.smartmenus.min.js?ver=1.0.1 HTTP/1.1" 200 6935 "https://www.middleeastoday.com/how-to-get-dubai-residency-via-property-investment/" "Mozilla/5.0 (Linux; Android 10; K) AppleWebKit/537.36 (KHTML, like Gecko) Chrome/145.0.0.0 Mobile Safari/537.36"
172.58.166.155 - - [26/Feb/2026:08:49:34 -0500] "GET /wp-content/plugins/elementor-1/assets/js/webpack.runtime.min.js?ver=3.21.1 HTTP/1.1" 200 2071 "https://www.middleeastoday.com/how-to-get-dubai-residency-via-property-investment/" "Mozilla/5.0 (Linux; Android 10; K) AppleWebKit/537.36 (KHTML, like Gecko) Chrome/145.0.0.0 Mobile Safari/537.36"
172.58.166.155 - - [26/Feb/2026:08:49:29 -0500] "GET /wp-includes/js/jquery/jquery.min.js?ver=3.7.1 HTTP/1.1" 200 29744 "https://www.middleeastoday.com/how-to-get-dubai-residency-via-property-investment/" "Mozilla/5.0 (Linux; Android 10; K) AppleWebKit/537.36 (KHTML, like Gecko) Chrome/145.0.0.0 Mobile Safari/537.36"
172.58.166.155 - - [26/Feb/2026:08:49:30 -0500] "GET /wp-content/plugins/elementor-1/assets/lib/eicons/css/elementor-icons.min.css?ver=5.29.0 HTTP/1.1" 200 3724 "https://www.middleeastoday.com/how-to-get-dubai-residency-via-property-investment/" "Mozilla/5.0 (Linux; Android 10; K) AppleWebKit/537.36 (KHTML, like Gecko) Chrome/145.0.0.0 Mobile Safari/537.36"
172.58.166.155 - - [26/Feb/2026:08:49:31 -0500] "GET /wp-content/plugins/elementor-1/assets/lib/animations/animations.min.css?ver=3.21.1 HTTP/1.1" 200 2442 "https://www.middleeastoday.com/how-to-get-dubai-residency-via-property-investment/" "Mozilla/5.0 (Linux; Android 10; K) AppleWebKit/537.36 (KHTML, like Gecko) Chrome/145.0.0.0 Mobile Safari/537.36"
172.58.166.155 - - [26/Feb/2026:08:49:31 -0500] "GET /wp-content/themes/digiqole/assets/fonts/iconfont.ttf?5i53bc HTTP/1.1" 200 27432 "https://www.middleeastoday.com/wp-content/themes/digiqole/assets/css/icon-font.css?ver=2.1.1" "Mozilla/5.0 (Linux; Android 10; K) AppleWebKit/537.36 (KHTML, like Gecko) Chrome/145.0.0.0 Mobile Safari/537.36"
172.58.166.155 - - [26/Feb/2026:08:49:31 -0500] "GET /wp-content/plugins/elementskit-lite/modules/elementskit-icon-pack/assets/fonts/elementskit.woff?y24e1e HTTP/1.1" 200 459560 "https://www.middleeastoday.com/wp-content/plugins/elementskit-lite/modules/elementskit-icon-pack/assets/css/ekiticons.css?ver=3.5.0" "Mozilla/5.0 (Linux; Android 10; K) AppleWebKit/537.36 (KHTML, like Gecko) Chrome/145.0.0.0 Mobile Safari/537.36"
172.58.166.155 - - [26/Feb/2026:08:49:33 -0500] "GET /wp-content/plugins/elementskit-lite/libs/framework/assets/js/frontend-script.js?ver=3.5.0 HTTP/1.1" 200 40 "https://www.middleeastoday.com/how-to-get-dubai-residency-via-property-investment/" "Mozilla/5.0 (Linux; Android 10; K) AppleWebKit/537.36 (KHTML, like Gecko) Chrome/145.0.0.0 Mobile Safari/537.36"
172.58.166.155 - - [26/Feb/2026:08:49:33 -0500] "GET /wp-content/plugins/elementskit-lite/widgets/init/assets/js/widget-scripts.js?ver=3.5.0 HTTP/1.1" 200 40425 "https://www.middleeastoday.com/how-to-get-dubai-residency-via-property-investment/" "Mozilla/5.0 (Linux; Android 10; K) AppleWebKit/537.36 (KHTML, like Gecko) Chrome/145.0.0.0 Mobile Safari/537.36"
172.58.166.155 - - [26/Feb/2026:08:49:33 -0500] "GET /wp-content/themes/digiqole/assets/js/bootstrap.min.js?ver=2.1.1 HTTP/1.1" 200 12542 "https://www.middleeastoday.com/how-to-get-dubai-residency-via-property-investment/" "Mozilla/5.0 (Linux; Android 10; K) AppleWebKit/537.36 (KHTML, like Gecko) Chrome/145.0.0.0 Mobile Safari/537.36"
172.58.166.155 - - [26/Feb/2026:08:49:34 -0500] "GET /wp-content/themes/digiqole/assets/js/swiper.min.js?ver=2.1.1 HTTP/1.1" 200 34003 "https://www.middleeastoday.com/how-to-get-dubai-residency-via-property-investment/" "Mozilla/5.0 (Linux; Android 10; K) AppleWebKit/537.36 (KHTML, like Gecko) Chrome/145.0.0.0 Mobile Safari/537.36"
172.58.166.155 - - [26/Feb/2026:08:49:34 -0500] "GET /wp-includes/js/jquery/ui/core.min.js?ver=1.13.3 HTTP/1.1" 200 6812 "https://www.middleeastoday.com/how-to-get-dubai-residency-via-property-investment/" "Mozilla/5.0 (Linux; Android 10; K) AppleWebKit/537.36 (KHTML, like Gecko) Chrome/145.0.0.0 Mobile Safari/537.36"
172.58.166.155 - - [26/Feb/2026:08:49:34 -0500] "GET /wp-content/plugins/elementor-1/assets/js/frontend.min.js?ver=3.21.1 HTTP/1.1" 200 11814 "https://www.middleeastoday.com/how-to-get-dubai-residency-via-property-investment/" "Mozilla/5.0 (Linux; Android 10; K) AppleWebKit/537.36 (KHTML, like Gecko) Chrome/145.0.0.0 Mobile Safari/537.36"
172.58.166.155 - - [26/Feb/2026:08:49:34 -0500] "GET /wp-content/plugins/elementor-pro/assets/js/webpack-pro.runtime.min.js?ver=3.6.5 HTTP/1.1" 200 2174 "https://www.middleeastoday.com/how-to-get-dubai-residency-via-property-investment/" "Mozilla/5.0 (Linux; Android 10; K) AppleWebKit/537.36 (KHTML, like Gecko) Chrome/145.0.0.0 Mobile Safari/537.36"
172.58.166.155 - - [26/Feb/2026:08:49:34 -0500] "GET /wp-content/plugins/elementor-1/assets/js/frontend-modules.min.js?ver=3.21.1 HTTP/1.1" 200 17087 "https://www.middleeastoday.com/how-to-get-dubai-residency-via-property-investment/" "Mozilla/5.0 (Linux; Android 10; K) AppleWebKit/537.36 (KHTML, like Gecko) Chrome/145.0.0.0 Mobile Safari/537.36"
172.58.166.155 - - [26/Feb/2026:08:49:34 -0500] "GET /wp-content/plugins/elementor-pro/assets/js/frontend.min.js?ver=3.6.5 HTTP/1.1" 200 5328 "https://www.middleeastoday.com/how-to-get-dubai-residency-via-property-investment/" "Mozilla/5.0 (Linux; Android 10; K) AppleWebKit/537.36 (KHTML, like Gecko) Chrome/145.0.0.0 Mobile Safari/537.36"
172.58.166.155 - - [26/Feb/2026:08:49:34 -0500] "GET /wp-content/plugins/elementor-1/assets/lib/waypoints/waypoints.min.js?ver=4.0.2 HTTP/1.1" 200 2867 "https://www.middleeastoday.com/how-to-get-dubai-residency-via-property-investment/" "Mozilla/5.0 (Linux; Android 10; K) AppleWebKit/537.36 (KHTML, like Gecko) Chrome/145.0.0.0 Mobile Safari/537.36"
172.58.166.155 - - [26/Feb/2026:08:49:34 -0500] "GET /wp-content/themes/digiqole/assets/js/elementor.js?ver=2.1.1 HTTP/1.1" 200 2472 "https://www.middleeastoday.com/how-to-get-dubai-residency-via-property-investment/" "Mozilla/5.0 (Linux; Android 10; K) AppleWebKit/537.36 (KHTML, like Gecko) Chrome/145.0.0.0 Mobile Safari/537.36"
172.58.166.155 - - [26/Feb/2026:08:49:34 -0500] "GET /wp-content/plugins/elementor-pro/assets/js/elements-handlers.min.js?ver=3.6.5 HTTP/1.1" 200 5254 "https://www.middleeastoday.com/how-to-get-dubai-residency-via-property-investment/" "Mozilla/5.0 (Linux; Android 10; K) AppleWebKit/537.36 (KHTML, like Gecko) Chrome/145.0.0.0 Mobile Safari/537.36"
172.58.166.155 - - [26/Feb/2026:08:49:34 -0500] "GET /wp-content/plugins/elementor-1/assets/lib/eicons/fonts/eicons.woff2?5.29.0 HTTP/1.1" 200 96924 "https://www.middleeastoday.com/wp-content/plugins/elementor-1/assets/lib/eicons/css/elementor-icons.min.css?ver=5.29.0" "Mozilla/5.0 (Linux; Android 10; K) AppleWebKit/537.36 (KHTML, like Gecko) Chrome/145.0.0.0 Mobile Safari/537.36"
172.58.166.155 - - [26/Feb/2026:08:49:35 -0500] "GET /wp-content/plugins/elementor-pro/assets/js/nav-menu.3de49ba5ef86f9a22ff5.bundle.min.js HTTP/1.1" 200 1173 "https://www.middleeastoday.com/how-to-get-dubai-residency-via-property-investment/" "Mozilla/5.0 (Linux; Android 10; K) AppleWebKit/537.36 (KHTML, like Gecko) Chrome/145.0.0.0 Mobile Safari/537.36"
114.119.132.207 - - [26/Feb/2026:08:49:47 -0500] "GET /aed6-2-billion-in-deals-concluded-as-global-food-week-wraps-up-in-abu-dhabi/ HTTP/1.1" 200 24170 "https://www.middleeastoday.com/how-to-get-dubai-residency-via-property-investment" "Mozilla/5.0 (Linux; Android 7.0;) AppleWebKit/537.36 (KHTML, like Gecko) Mobile Safari/537.36 (compatible; PetalBot;+https://webmaster.petalsearch.com/site/petalbot)"
77.68.151.69 - - [26/Feb/2026:08:49:51 -0500] "POST /xmlrpc.php HTTP/1.1" 200 403 "-" "Mozilla/5.0 (Windows NT 6.2; arm64) AppleWebKit/537.36 (KHTML, like Gecko) Edge/81.0.0.0 Safari/537.36"
162.213.253.84 - - [26/Feb/2026:08:50:35 -0500] "POST /wp-admin/admin-ajax.php?action=async_litespeed&nonce=Ka8finpyUBbX81lmM8FOYPNOgr1B5rJX&litespeed_type=imgoptm HTTP/1.1" 200 21 "-" "WordPress/6.8.1; https://www.middleeastoday.com"
108.179.219.145 - - [26/Feb/2026:08:51:12 -0500] "POST /xmlrpc.php HTTP/1.1" 200 205 "-" "Mozilla/5.0 (Windows NT 10.0; WOW64; Trident/7.0; yie11; rv:11.0) like Gecko"
110.78.211.34 - - [26/Feb/2026:08:51:34 -0500] "POST /xmlrpc.php HTTP/1.1" 200 205 "-" "Mozilla/5.0 (Windows NT 6.1; WOW64) AppleWebKit/537.36 (KHTML, like Gecko) Chrome/65.0.3325.162 Safari/537.36"
172.58.166.155 - - [26/Feb/2026:08:49:34 -0500] "GET /wp-content/plugins/elementskit-lite/widgets/init/assets/js/animate-circle.min.js?ver=3.5.0 HTTP/1.1" 200 393 "https://www.middleeastoday.com/how-to-get-dubai-residency-via-property-investment/" "Mozilla/5.0 (Linux; Android 10; K) AppleWebKit/537.36 (KHTML, like Gecko) Chrome/145.0.0.0 Mobile Safari/537.36"
172.58.166.155 - - [26/Feb/2026:08:49:34 -0500] "GET /wp-content/plugins/elementskit-lite/widgets/init/assets/js/elementor.js?ver=3.5.0 HTTP/1.1" 200 5290 "https://www.middleeastoday.com/how-to-get-dubai-residency-via-property-investment/" "Mozilla/5.0 (Linux; Android 10; K) AppleWebKit/537.36 (KHTML, like Gecko) Chrome/145.0.0.0 Mobile Safari/537.36"
172.58.166.155 - - [26/Feb/2026:08:49:34 -0500] "GET /wp-content/themes/digiqole/assets/js/all.js?ver=1 HTTP/1.1" 200 35800 "https://www.middleeastoday.com/how-to-get-dubai-residency-via-property-investment/" "Mozilla/5.0 (Linux; Android 10; K) AppleWebKit/537.36 (KHTML, like Gecko) Chrome/145.0.0.0 Mobile Safari/537.36"
172.58.166.155 - - [26/Feb/2026:08:49:35 -0500] "GET /wp-includes/js/wp-emoji-release.min.js?ver=6.8.1 HTTP/1.1" 200 4771 "https://www.middleeastoday.com/how-to-get-dubai-residency-via-property-investment/" "Mozilla/5.0 (Linux; Android 10; K) AppleWebKit/537.36 (KHTML, like Gecko) Chrome/145.0.0.0 Mobile Safari/537.36"
172.58.166.155 - - [26/Feb/2026:08:49:39 -0500] "GET /favicon.ico HTTP/1.1" 404 1251 "https://www.middleeastoday.com/how-to-get-dubai-residency-via-property-investment/" "Mozilla/5.0 (Linux; Android 10; K) AppleWebKit/537.36 (KHTML, like Gecko) Chrome/145.0.0.0 Mobile Safari/537.36"
162.213.253.84 - - [26/Feb/2026:08:50:34 -0500] "POST /wp-cron.php?doing_wp_cron=1772113834.8651649951934814453125 HTTP/1.1" 200 0 "-" "WordPress/6.8.1; https://www.middleeastoday.com"
188.54.60.95 - - [26/Feb/2026:08:50:34 -0500] "POST /xmlrpc.php HTTP/1.1" 200 205 "-" "Mozilla/5.0 (compatible; MSIE 10.0; Windows NT 6.2; WOW64; Trident/7.0)"
77.68.151.69 - - [26/Feb/2026:08:50:56 -0500] "POST /xmlrpc.php HTTP/1.1" 403 1242 "-" "Mozilla/5.0 (X11; Ubuntu; Linux x86_64; x64) AppleWebKit/537.36 (KHTML, like Gecko) Safari/14.0.0.0 Safari/537.36"
114.119.154.115 - - [26/Feb/2026:08:51:09 -0500] "GET /aed10-9-billion-in-weeklong-real-estate-transactions-in-dubai HTTP/1.1" 301 0 "https://www.middleeastoday.com/nicole-zysk-aesthetics-eyes-the-uae-market" "Mozilla/5.0 (Linux; Android 7.0;) AppleWebKit/537.36 (KHTML, like Gecko) Mobile Safari/537.36 (compatible; PetalBot;+https://webmaster.petalsearch.com/site/petalbot)"
114.119.154.115 - - [26/Feb/2026:08:51:12 -0500] "GET /aed10-9-billion-in-weeklong-real-estate-transactions-in-dubai/ HTTP/1.1" 200 23060 "https://www.middleeastoday.com/nicole-zysk-aesthetics-eyes-the-uae-market" "Mozilla/5.0 (Linux; Android 7.0;) AppleWebKit/537.36 (KHTML, like Gecko) Mobile Safari/537.36 (compatible; PetalBot;+https://webmaster.petalsearch.com/site/petalbot)"
223.185.130.233 - - [26/Feb/2026:08:51:17 -0500] "GET /wp-json/wp/v2/users HTTP/1.1" 200 763 "-" "Mozilla/4.0 (compatible; Win32; WinHttp.WinHttpRequest.5)"
162.213.253.84 - - [26/Feb/2026:08:51:34 -0500] "POST /wp-cron.php?doing_wp_cron=1772113894.8706619739532470703125 HTTP/1.1" 200 0 "-" "WordPress/6.8.1; https://www.middleeastoday.com"
162.213.253.84 - - [26/Feb/2026:08:51:35 -0500] "POST /wp-admin/admin-ajax.php?action=async_litespeed&nonce=NN2d1fixHeX3Tgf8VWv3SwwrVbNXnWNh&litespeed_type=imgoptm HTTP/1.1" 200 21 "-" "WordPress/6.8.1; https://www.middleeastoday.com"
213.160.71.30 - - [26/Feb/2026:08:51:43 -0500] "POST /xmlrpc.php HTTP/1.1" 200 205 "-" "Mozilla/4.0 (compatible; MSIE 7.0; Windows NT 6.2; Trident/7.0; .NET4.0C; .NET4.0E)"
85.208.96.208 - - [26/Feb/2026:08:51:46 -0500] "GET /dubai-south-announces-successful-first-stage-trials-of-autonomous-vehicle/ HTTP/1.1" 200 24040 "-" "Mozilla/5.0 (compatible; SemrushBot/7~bl; +http://www.semrush.com/bot.html)"
162.213.253.84 - - [26/Feb/2026:08:51:44 -0500] "POST /wp-cron.php?doing_wp_cron=1772113904.0431909561157226562500 HTTP/1.1" 200 0 "-" "WordPress/6.8.1; https://www.middleeastoday.com"
77.68.151.69 - - [26/Feb/2026:08:51:50 -0500] "POST /xmlrpc.php HTTP/1.1" 403 1242 "-" "Mozilla/5.0 (Macintosh; Intel Mac OS X 10_15_7; x64) AppleWebKit/537.36 (KHTML, like Gecko) Firefox/88.0.0.0 Safari/537.36"
54.39.203.1 - - [26/Feb/2026:08:52:02 -0500] "GET /mbru-celebrates-class-of-khalifa-graduation/ HTTP/1.1" 200 21437 "-" "Mozilla/5.0 (compatible; AhrefsBot/7.0; +http://ahrefs.com/robot/)"
162.213.253.84 - - [26/Feb/2026:08:52:28 -0500] "POST /wp-cron.php?doing_wp_cron=1772113948.7885398864746093750000 HTTP/1.1" 200 0 "-" "WordPress/6.8.1; https://www.middleeastoday.com"
114.119.137.98 - - [26/Feb/2026:08:52:28 -0500] "GET /abu-dhabi-international-airport-welcomes-first-sf-express-flight/ HTTP/1.1" 200 26380 "https://www.middleeastoday.com/category/travel-tourism/page/3" "Mozilla/5.0 (Linux; Android 7.0;) AppleWebKit/537.36 (KHTML, like Gecko) Mobile Safari/537.36 (compatible; PetalBot;+https://webmaster.petalsearch.com/site/petalbot)"
162.213.253.84 - - [26/Feb/2026:08:52:34 -0500] "POST /wp-cron.php?doing_wp_cron=1772113954.9763729572296142578125 HTTP/1.1" 200 0 "-" "WordPress/6.8.1; https://www.middleeastoday.com"
211.47.74.19 - - [26/Feb/2026:08:52:34 -0500] "POST /xmlrpc.php HTTP/1.1" 200 205 "-" "Mozilla/4.0 (compatible; MSIE 7.0; Windows NT 6.2; Trident/7.0; .NET4.0C; .NET4.0E)"
109.199.112.156 - - [26/Feb/2026:08:52:51 -0500] "POST /xmlrpc.php HTTP/1.1" 200 205 "-" "Mozilla/5.0 (Windows NT 6.3; WOW64; Trident/7.0; Touch; rv:11.0) like Gecko"
157.173.203.94 - - [26/Feb/2026:08:52:53 -0500] "POST /xmlrpc.php HTTP/1.1" 200 205 "-" "Mozilla/5.0 (Macintosh; Intel Mac OS X 10_10_5) AppleWebKit/603.1.30 (KHTML, like Gecko) Version/10.1 Safari/603.1.30"
52.73.6.26 - - [26/Feb/2026:08:53:41 -0500] "GET /wp-json/wp/v2/posts/8518 HTTP/1.1" 200 4994 "-" "Mozilla/5.0 AppleWebKit/537.36 (KHTML, like Gecko; compatible; Amazonbot/0.1; +https://developer.amazon.com/support/amazonbot) Chrome/119.0.6045.214 Safari/537.36"
114.119.148.161 - - [26/Feb/2026:08:53:57 -0500] "GET /abdullah-bin-zayed-meets-uk-secretary-of-state-for-energy-security/ HTTP/1.1" 200 25823 "https://www.middleeastoday.com/category/national-news/page/8" "Mozilla/5.0 (Linux; Android 7.0;) AppleWebKit/537.36 (KHTML, like Gecko) Mobile Safari/537.36 (compatible; PetalBot;+https://webmaster.petalsearch.com/site/petalbot)"
51.77.152.196 - - [26/Feb/2026:08:53:58 -0500] "POST /xmlrpc.php HTTP/1.1" 200 205 "-" "Mozilla/5.0 (Macintosh; Intel Mac OS X 10_10_5) AppleWebKit/603.1.30 (KHTML, like Gecko) Version/10.1 Safari/603.1.30"
162.213.253.84 - - [26/Feb/2026:08:54:25 -0500] "POST /wp-cron.php?doing_wp_cron=1772114065.9119238853454589843750 HTTP/1.1" 200 0 "-" "WordPress/6.8.1; https://www.middleeastoday.com"
15.235.96.158 - - [26/Feb/2026:08:54:44 -0500] "GET /egyptian-president-receives-abdullah-bin-zayed-underscores-uaes-central-role-in-establishing-regional-peace/ HTTP/1.1" 200 21031 "-" "Mozilla/5.0 (compatible; AhrefsBot/7.0; +http://ahrefs.com/robot/)"
223.185.130.233 - - [26/Feb/2026:08:54:48 -0500] "POST /xmlrpc.php HTTP/1.1" 200 403 "-" "Mozilla/5.0 (Windows NT 6.3; x86) AppleWebKit/537.36 (KHTML, like Gecko) Opera/71.0.0.0 Safari/537.36"
114.119.137.98 - - [26/Feb/2026:08:55:13 -0500] "GET /a-new-initiative-to-think-creatively-about-the-future-of-diplomacy-in-dubai HTTP/1.1" 301 0 "https://www.middleeastoday.com/a-new-initiative-to-think-creatively-about-the-future-of-diplomacy-in-dubai" "Mozilla/5.0 (Linux; Android 7.0;) AppleWebKit/537.36 (KHTML, like Gecko) Mobile Safari/537.36 (compatible; PetalBot;+https://webmaster.petalsearch.com/site/petalbot)"
47.246.171.175 - - [26/Feb/2026:08:51:49 -0500] "GET https://www.middleeastoday.com/wp-content/plugins/elementor-pro/assets/css/widget-nav-menu.min.css HTTP/1.1" 200 3279 "http://www.middleeastoday.com/" "Mozilla/5.0 (Macintosh; Intel Mac OS X 10_15_7) AppleWebKit/537.36 (KHTML, like Gecko) Chrome/132.0.0.0 Safari/537.36"
162.213.253.84 - - [26/Feb/2026:08:52:29 -0500] "POST /wp-admin/admin-ajax.php?action=async_litespeed&nonce=vGoYhP9lkMcWcdPkJnRssGjvNApK5ojR&litespeed_type=imgoptm HTTP/1.1" 200 21 "-" "WordPress/6.8.1; https://www.middleeastoday.com"
157.173.203.94 - - [26/Feb/2026:08:52:45 -0500] "POST /xmlrpc.php HTTP/1.1" 200 205 "-" "Mozilla/5.0 (Macintosh; Intel Mac OS X 10_10_5) AppleWebKit/603.1.30 (KHTML, like Gecko) Version/10.1 Safari/603.1.30"
223.185.130.233 - - [26/Feb/2026:08:53:05 -0500] "POST /xmlrpc.php HTTP/1.1" 200 403 "-" "Mozilla/5.0 (Macintosh; Intel Mac OS X 10_15_7; arm64) AppleWebKit/537.36 (KHTML, like Gecko) Safari/11.0.0.0 Safari/537.36"
98.83.178.66 - - [26/Feb/2026:08:53:08 -0500] "GET /wp-json/wp/v2/posts/8908 HTTP/1.1" 200 4054 "-" "Mozilla/5.0 AppleWebKit/537.36 (KHTML, like Gecko; compatible; Amazonbot/0.1; +https://developer.amazon.com/support/amazonbot) Chrome/119.0.6045.214 Safari/537.36"
52.3.156.186 - - [26/Feb/2026:08:53:12 -0500] "GET /wp-json/oembed/1.0/embed?url=https://www.middleeastoday.com/dubai-customs-wins-three-renowned-ideasuk-2020-awards/ HTTP/1.1" 200 2530 "-" "Mozilla/5.0 AppleWebKit/537.36 (KHTML, like Gecko; compatible; Amazonbot/0.1; +https://developer.amazon.com/support/amazonbot) Chrome/119.0.6045.214 Safari/537.36"
44.205.74.196 - - [26/Feb/2026:08:53:20 -0500] "GET /wp-json/oembed/1.0/embed?format=xml&url=https://www.middleeastoday.com/latifa-bint-mohammed-attends-dubai-institute-of-design-and-innovations-first-graduation-ceremony/ HTTP/1.1" 200 1310 "-" "Mozilla/5.0 AppleWebKit/537.36 (KHTML, like Gecko; compatible; Amazonbot/0.1; +https://developer.amazon.com/support/amazonbot) Chrome/119.0.6045.214 Safari/537.36"
142.44.233.11 - - [26/Feb/2026:08:53:23 -0500] "GET /uae-president-participates-in-international-conference-on-development-and-migration-in-rome/ HTTP/1.1" 200 22025 "-" "Mozilla/5.0 (compatible; AhrefsBot/7.0; +http://ahrefs.com/robot/)"
34.205.170.13 - - [26/Feb/2026:08:53:33 -0500] "GET /wp-json/wp/v2/posts/7175 HTTP/1.1" 200 6504 "-" "Mozilla/5.0 AppleWebKit/537.36 (KHTML, like Gecko; compatible; Amazonbot/0.1; +https://developer.amazon.com/support/amazonbot) Chrome/119.0.6045.214 Safari/537.36"
114.119.148.161 - - [26/Feb/2026:08:53:54 -0500] "GET /abdullah-bin-zayed-meets-uk-secretary-of-state-for-energy-security HTTP/1.1" 301 0 "https://www.middleeastoday.com/category/national-news/page/8" "Mozilla/5.0 (Linux; Android 7.0;) AppleWebKit/537.36 (KHTML, like Gecko) Mobile Safari/537.36 (compatible; PetalBot;+https://webmaster.petalsearch.com/site/petalbot)"
57.130.20.252 - - [26/Feb/2026:08:53:59 -0500] "POST /xmlrpc.php HTTP/1.1" 200 205 "-" "Mozilla/5.0 (Macintosh; Intel Mac OS X 10_10_5) AppleWebKit/603.1.30 (KHTML, like Gecko) Version/10.1 Safari/603.1.30"
113.175.199.96 - - [26/Feb/2026:08:54:25 -0500] "GET /category/business/page/10/ HTTP/1.1" 200 24550 "-" "Mozilla/5.0 (Macintosh; Intel Mac OS X 10_15_7) AppleWebKit/537.36 (KHTML, like Gecko) Chrome/101.0.4951.54 Safari/537.36"
162.213.253.84 - - [26/Feb/2026:08:54:26 -0500] "POST /wp-admin/admin-ajax.php?action=async_litespeed&nonce=7JIm1sUlFe4nknS5f9aGVcWi7mRxdbwv&litespeed_type=imgoptm HTTP/1.1" 200 21 "-" "WordPress/6.8.1; https://www.middleeastoday.com"
162.213.253.84 - - [26/Feb/2026:08:54:49 -0500] "POST /wp-cron.php?doing_wp_cron=1772114089.0508699417114257812500 HTTP/1.1" 200 0 "-" "WordPress/6.8.1; https://www.middleeastoday.com"
80.78.28.236 - - [26/Feb/2026:08:55:11 -0500] "POST /xmlrpc.php HTTP/1.1" 200 205 "-" "Mozilla/5.0 (Macintosh; Intel Mac OS X 10_10_5) AppleWebKit/603.1.30 (KHTML, like Gecko) Version/10.1 Safari/603.1.30"
114.119.137.98 - - [26/Feb/2026:08:55:14 -0500] "GET /a-new-initiative-to-think-creatively-about-the-future-of-diplomacy-in-dubai/ HTTP/1.1" 200 23780 "https://www.middleeastoday.com/a-new-initiative-to-think-creatively-about-the-future-of-diplomacy-in-dubai" "Mozilla/5.0 (Linux; Android 7.0;) AppleWebKit/537.36 (KHTML, like Gecko) Mobile Safari/537.36 (compatible; PetalBot;+https://webmaster.petalsearch.com/site/petalbot)"
162.213.253.84 - - [26/Feb/2026:08:56:01 -0500] "POST /wp-cron.php?doing_wp_cron=1772114161.3178410530090332031250 HTTP/1.1" 200 0 "-" "WordPress/6.8.1; https://www.middleeastoday.com"
162.213.253.84 - - [26/Feb/2026:08:56:02 -0500] "POST /wp-admin/admin-ajax.php?action=async_litespeed&nonce=eVwiCqFuj6HBGVQqUBsLFMHieVpY8NyG&litespeed_type=imgoptm HTTP/1.1" 200 21 "-" "WordPress/6.8.1; https://www.middleeastoday.com"
162.213.253.84 - - [26/Feb/2026:08:56:14 -0500] "POST /wp-cron.php?doing_wp_cron=1772114174.6851310729980468750000 HTTP/1.1" 200 0 "-" "WordPress/6.8.1; https://www.middleeastoday.com"
94.156.104.119 - - [26/Feb/2026:08:56:14 -0500] "POST /xmlrpc.php HTTP/1.1" 200 205 "-" "Mozilla/5.0 (compatible; MSIE 10.0; Windows NT 6.2; WOW64; Trident/7.0)"
114.119.132.207 - - [26/Feb/2026:08:56:37 -0500] "GET /?p=9273 HTTP/1.1" 301 0 "https://www.middleeastoday.com/?p=9316" "Mozilla/5.0 (Linux; Android 7.0;) AppleWebKit/537.36 (KHTML, like Gecko) Mobile Safari/537.36 (compatible; PetalBot;+https://webmaster.petalsearch.com/site/petalbot)"
157.55.39.13 - - [26/Feb/2026:08:56:46 -0500] "GET /wp-content/uploads/2023/03/Pfizer-300x170.jpg HTTP/1.1" 200 15059 "-" "Mozilla/5.0 AppleWebKit/537.36 (KHTML, like Gecko; compatible; bingbot/2.0; +http://www.bing.com/bingbot.htm) Chrome/116.0.1938.76 Safari/537.36"
217.217.254.69 - - [26/Feb/2026:08:57:19 -0500] "POST /xmlrpc.php HTTP/1.1" 200 205 "-" "Mozilla/4.0 (compatible; MSIE 7.0; Windows NT 6.1; WOW64; Trident/7.0; SLCC2; .NET CLR 2.0.50727; .NET CLR 3.5.30729; .NET CLR 3.0.30729; Media Center PC 6.0; .NET4.0C; .NET4.0E; .NET CLR 1.1.4322)"
217.154.14.137 - - [26/Feb/2026:08:57:37 -0500] "POST /xmlrpc.php HTTP/1.1" 200 205 "-" "Mozilla/4.0 (compatible; MSIE 7.0; Windows NT 6.1; WOW64; Trident/7.0; SLCC2; .NET CLR 2.0.50727; .NET CLR 3.5.30729; .NET CLR 3.0.30729; Media Center PC 6.0; .NET4.0C; .NET4.0E; .NET CLR 1.1.4322)"
162.213.253.84 - - [26/Feb/2026:08:57:38 -0500] "POST /wp-admin/admin-ajax.php?action=async_litespeed&nonce=DWhknWYy1vlUaf55o4q0EUUda2LFwOWH&litespeed_type=imgoptm HTTP/1.1" 200 21 "-" "WordPress/6.8.1; https://www.middleeastoday.com"
114.119.141.228 - - [26/Feb/2026:08:58:02 -0500] "GET /?p=9115 HTTP/1.1" 301 0 "https://www.middleeastoday.com/?author=1&paged=17" "Mozilla/5.0 (Linux; Android 7.0;) AppleWebKit/537.36 (KHTML, like Gecko) Mobile Safari/537.36 (compatible; PetalBot;+https://webmaster.petalsearch.com/site/petalbot)"
179.108.84.136 - - [26/Feb/2026:08:58:18 -0500] "POST /xmlrpc.php HTTP/1.1" 200 205 "-" "Mozilla/5.0 (Macintosh; Intel Mac OS X 10_10_5) AppleWebKit/603.1.30 (KHTML, like Gecko) Version/10.1 Safari/603.1.30"
162.213.253.84 - - [26/Feb/2026:08:58:26 -0500] "POST /wp-cron.php?doing_wp_cron=1772114306.1248459815979003906250 HTTP/1.1" 200 0 "-" "WordPress/6.8.1; https://www.middleeastoday.com"
162.213.253.84 - - [26/Feb/2026:08:58:26 -0500] "POST /wp-admin/admin-ajax.php?action=async_litespeed&nonce=uhkQEMuDm3ic0dtGA5aM6kArAG6J4zj9&litespeed_type=imgoptm HTTP/1.1" 200 21 "-" "WordPress/6.8.1; https://www.middleeastoday.com"
57.141.2.51 - - [26/Feb/2026:08:59:23 -0500] "GET /bu-dhabi-art-opens-beyond-emerging-artists-exhibition-at-la-biennale-di-venezia/ HTTP/1.1" 200 105768 "-" "meta-externalagent/1.1 (+https://developers.facebook.com/docs/sharing/webmasters/crawler)"
162.213.253.84 - - [26/Feb/2026:08:59:25 -0500] "POST /wp-cron.php?doing_wp_cron=1772114365.0852949619293212890625 HTTP/1.1" 200 0 "-" "WordPress/6.8.1; https://www.middleeastoday.com"
178.159.38.140 - - [26/Feb/2026:08:56:00 -0500] "POST /xmlrpc.php HTTP/1.1" 200 205 "-" "Mozilla/5.0 (Windows NT 6.3; WOW64; Trident/7.0; Touch; rv:11.0) like Gecko"
69.163.140.2 - - [26/Feb/2026:08:56:23 -0500] "POST /xmlrpc.php HTTP/1.1" 200 205 "-" "Mozilla/4.0 (compatible; MSIE 7.0; Windows NT 6.2; Trident/7.0; .NET4.0C; .NET4.0E)"
162.213.253.84 - - [26/Feb/2026:08:56:34 -0500] "POST /wp-cron.php?doing_wp_cron=1772114194.8374609947204589843750 HTTP/1.1" 200 0 "-" "WordPress/6.8.1; https://www.middleeastoday.com"
223.185.130.233 - - [26/Feb/2026:08:56:34 -0500] "POST /xmlrpc.php HTTP/1.1" 200 403 "-" "Mozilla/5.0 (Windows NT 6.2; x86) AppleWebKit/537.36 (KHTML, like Gecko) Chrome/100.0.0.0 Safari/537.36"
114.119.132.207 - - [26/Feb/2026:08:56:40 -0500] "GET /uae-president-receives-german-chancellor/ HTTP/1.1" 200 23794 "https://www.middleeastoday.com/?p=9316" "Mozilla/5.0 (Linux; Android 7.0;) AppleWebKit/537.36 (KHTML, like Gecko) Mobile Safari/537.36 (compatible; PetalBot;+https://webmaster.petalsearch.com/site/petalbot)"
157.90.6.50 - - [26/Feb/2026:08:56:59 -0500] "POST /xmlrpc.php HTTP/1.1" 200 205 "-" "Mozilla/5.0 (Windows NT 6.3; WOW64; Trident/7.0; Touch; rv:11.0) like Gecko"
162.213.253.84 - - [26/Feb/2026:08:57:37 -0500] "POST /wp-cron.php?doing_wp_cron=1772114257.6454560756683349609375 HTTP/1.1" 200 0 "-" "WordPress/6.8.1; https://www.middleeastoday.com"
44.212.232.231 - - [26/Feb/2026:08:57:58 -0500] "GET /wp-json/oembed/1.0/embed?url=https://www.middleeastoday.com/poland-to-host-al-wathba-stallions-cup/ HTTP/1.1" 200 2448 "-" "Mozilla/5.0 AppleWebKit/537.36 (KHTML, like Gecko; compatible; Amazonbot/0.1; +https://developer.amazon.com/support/amazonbot) Chrome/119.0.6045.214 Safari/537.36"
114.119.141.228 - - [26/Feb/2026:08:58:03 -0500] "GET /uae-leaders-congratulate-president-of-ukraine-on-independence-day/ HTTP/1.1" 200 22778 "https://www.middleeastoday.com/?author=1&paged=17" "Mozilla/5.0 (Linux; Android 7.0;) AppleWebKit/537.36 (KHTML, like Gecko) Mobile Safari/537.36 (compatible; PetalBot;+https://webmaster.petalsearch.com/site/petalbot)"
223.185.130.233 - - [26/Feb/2026:08:58:09 -0500] "POST /xmlrpc.php HTTP/1.1" 200 403 "-" "Mozilla/5.0 (Windows NT 6.3; arm64) AppleWebKit/537.36 (KHTML, like Gecko) Opera/68.0.0.0 Safari/537.36"
52.70.209.13 - - [26/Feb/2026:08:58:10 -0500] "GET /wp-json/oembed/1.0/embed?url=https://www.middleeastoday.com/dubais-heritage-and-vibrant-history-highlighted-in-washington/ HTTP/1.1" 200 2593 "-" "Mozilla/5.0 AppleWebKit/537.36 (KHTML, like Gecko; compatible; Amazonbot/0.1; +https://developer.amazon.com/support/amazonbot) Chrome/119.0.6045.214 Safari/537.36"
217.154.14.137 - - [26/Feb/2026:08:58:25 -0500] "POST /xmlrpc.php HTTP/1.1" 200 205 "-" "Mozilla/5.0 (X11; CrOS x86_64 10323.67.0) AppleWebKit/537.36 (KHTML, like Gecko) Chrome/65.0.3325.209 Safari/537.36"
162.213.253.84 - - [26/Feb/2026:08:58:29 -0500] "POST /wp-cron.php?doing_wp_cron=1772114309.6424639225006103515625 HTTP/1.1" 200 0 "-" "WordPress/6.8.1; https://www.middleeastoday.com"
18.235.81.246 - - [26/Feb/2026:08:58:29 -0500] "GET /author/admin/page/72/ HTTP/1.1" 200 23884 "-" "Mozilla/5.0 AppleWebKit/537.36 (KHTML, like Gecko; compatible; Amazonbot/0.1; +https://developer.amazon.com/support/amazonbot) Chrome/119.0.6045.214 Safari/537.36"
223.185.130.233 - - [26/Feb/2026:08:59:41 -0500] "POST /xmlrpc.php HTTP/1.1" 200 403 "-" "Mozilla/5.0 (X11; Ubuntu; Linux x86_64; x64) AppleWebKit/537.36 (KHTML, like Gecko) Chrome/84.0.0.0 Safari/537.36"
162.213.253.84 - - [26/Feb/2026:09:00:25 -0500] "POST /wp-cron.php?doing_wp_cron=1772114425.3274929523468017578125 HTTP/1.1" 200 0 "-" "WordPress/6.8.1; https://www.middleeastoday.com"
114.119.132.207 - - [26/Feb/2026:08:59:24 -0500] "GET /?p=8891 HTTP/1.1" 301 0 "https://www.middleeastoday.com/?author=1&paged=24" "Mozilla/5.0 (Linux; Android 7.0;) AppleWebKit/537.36 (KHTML, like Gecko) Mobile Safari/537.36 (compatible; PetalBot;+https://webmaster.petalsearch.com/site/petalbot)"
162.213.253.84 - - [26/Feb/2026:08:59:25 -0500] "POST /wp-admin/admin-ajax.php?action=async_litespeed&nonce=pXCAU7cfPMRNnGJsiSNU1puEKWE54tjZ&litespeed_type=imgoptm HTTP/1.1" 200 21 "-" "WordPress/6.8.1; https://www.middleeastoday.com"
114.119.132.207 - - [26/Feb/2026:08:59:26 -0500] "GET /uae-president-attends-military-ceremony-in-paris-during-state-visit/ HTTP/1.1" 200 23888 "https://www.middleeastoday.com/?author=1&paged=24" "Mozilla/5.0 (Linux; Android 7.0;) AppleWebKit/537.36 (KHTML, like Gecko) Mobile Safari/537.36 (compatible; PetalBot;+https://webmaster.petalsearch.com/site/petalbot)"
162.213.253.84 - - [26/Feb/2026:08:59:41 -0500] "POST /wp-cron.php?doing_wp_cron=1772114381.6824851036071777343750 HTTP/1.1" 200 0 "-" "WordPress/6.8.1; https://www.middleeastoday.com"
211.47.74.19 - - [26/Feb/2026:09:00:24 -0500] "POST /xmlrpc.php HTTP/1.1" 200 205 "-" "Mozilla/5.0 (Windows NT 6.3; WOW64; Trident/7.0; Touch; rv:11.0) like Gecko"
162.213.253.84 - - [26/Feb/2026:09:00:26 -0500] "POST /wp-admin/admin-ajax.php?action=async_litespeed&nonce=oKdOSmSmZPUzGm0Tbm0AsEHJGXRNMYKA&litespeed_type=imgoptm HTTP/1.1" 200 21 "-" "WordPress/6.8.1; https://www.middleeastoday.com"
54.83.93.240 - - [26/Feb/2026:09:01:28 -0500] "GET /category/music-concerts/ HTTP/1.1" 200 101699 "-" "Mozilla/4.0 (compatible; MSIE 7.0; Windows NT 6.0) Mozilla/5.0 (Windows NT 10.0; Win64; x64) AppleWebKit/537.36 (KHTML, like Gecko) Chrome/91.0.4472.124 Safari/537.36"
54.83.93.240 - - [26/Feb/2026:09:01:32 -0500] "GET /category/uncategorized/ HTTP/1.1" 200 121982 "-" "Mozilla/4.0 (compatible; MSIE 7.0; Windows NT 6.0) Mozilla/5.0 (Windows NT 10.0; Win64; x64) AppleWebKit/537.36 (KHTML, like Gecko) Chrome/91.0.4472.124 Safari/537.36"
54.83.93.240 - - [26/Feb/2026:09:01:39 -0500] "GET /category/travel-tourism/destinations/ HTTP/1.1" 200 123182 "-" "Mozilla/4.0 (compatible; MSIE 7.0; Windows NT 6.0) Mozilla/5.0 (Windows NT 10.0; Win64; x64) AppleWebKit/537.36 (KHTML, like Gecko) Chrome/91.0.4472.124 Safari/537.36"
54.83.93.240 - - [26/Feb/2026:09:01:43 -0500] "GET /category/exhibitions/ HTTP/1.1" 200 122723 "-" "Mozilla/4.0 (compatible; MSIE 7.0; Windows NT 6.0) Mozilla/5.0 (Windows NT 10.0; Win64; x64) AppleWebKit/537.36 (KHTML, like Gecko) Chrome/91.0.4472.124 Safari/537.36"
