162.213.253.84 - - [26/Feb/2026:09:21:24 -0500] "POST /wp-cron.php?doing_wp_cron=1772115684.7602660655975341796875 HTTP/1.1" 200 0 "-" "WordPress/6.8.1; https://www.middleeastoday.com"
223.185.130.233 - - [26/Feb/2026:09:21:43 -0500] "POST /xmlrpc.php HTTP/1.1" 200 403 "-" "Mozilla/5.0 (Linux; Android 10; x64) AppleWebKit/537.36 (KHTML, like Gecko) Firefox/76.0.0.0 Safari/537.36"
85.208.96.199 - - [26/Feb/2026:09:22:16 -0500] "GET /mohammed-bin-rashid-issues-law-regulating-provision-of-digital-services-in-dubai/ HTTP/1.1" 200 23884 "-" "Mozilla/5.0 (compatible; SemrushBot/7~bl; +http://www.semrush.com/bot.html)"
162.213.253.84 - - [26/Feb/2026:09:22:45 -0500] "POST /wp-admin/admin-ajax.php?action=async_litespeed&nonce=N5yHkU6etPNMdQLWK2GCVGuSvPczvxOU&litespeed_type=imgoptm HTTP/1.1" 200 21 "-" "WordPress/6.8.1; https://www.middleeastoday.com"
52.167.144.25 - - [26/Feb/2026:09:23:09 -0500] "GET /wp-content/uploads/2022/08/Servomex-455x300.jpg HTTP/1.1" 200 29087 "-" "Mozilla/5.0 AppleWebKit/537.36 (KHTML, like Gecko; compatible; bingbot/2.0; +http://www.bing.com/bingbot.htm) Chrome/116.0.1938.76 Safari/537.36"
223.185.130.233 - - [26/Feb/2026:09:23:55 -0500] "POST /xmlrpc.php HTTP/1.1" 200 403 "-" "Mozilla/5.0 (Windows NT 10.0; x64) AppleWebKit/537.36 (KHTML, like Gecko) Edge/84.0.0.0 Safari/537.36"
162.144.233.59 - - [26/Feb/2026:09:24:03 -0500] "GET /wp-login.php HTTP/1.1" 200 1792 "-" "Mozilla/5.0 (Macintosh; Intel Mac OS X 10_11_6) AppleWebKit/537.36 (KHTML, like Gecko) Chrome/66.0.3359.117 Safari/537.36"
162.213.253.84 - - [26/Feb/2026:09:24:24 -0500] "POST /wp-cron.php?doing_wp_cron=1772115864.5305929183959960937500 HTTP/1.1" 200 0 "-" "WordPress/6.8.1; https://www.middleeastoday.com"
162.213.253.84 - - [26/Feb/2026:09:24:49 -0500] "POST /wp-cron.php?doing_wp_cron=1772115889.8397219181060791015625 HTTP/1.1" 200 0 "-" "WordPress/6.8.1; https://www.middleeastoday.com"
157.20.105.176 - - [26/Feb/2026:09:24:54 -0500] "POST /xmlrpc.php HTTP/1.1" 200 205 "-" "Mozilla/5.0 (Windows NT 10.0; WOW64; Trident/7.0; ASTE; rv:11.0) like Gecko"
112.36.8.49 - - [26/Feb/2026:09:25:22 -0500] "GET /wp-content/uploads/elementor/css/post-3932.css?ver=1762520240 HTTP/1.1" 200 1066 "https://www.middleeastoday.com/fujairah-ruler-receives-chief-executive-officer-of-enoc-group/" "Mozilla/5.0 (Windows NT 10.0; Win64; x64) AppleWebKit/537.36 (KHTML, like Gecko) Chrome/139.0.0.0 Safari/537.36"
112.36.8.49 - - [26/Feb/2026:09:25:22 -0500] "GET /wp-content/themes/digiqole/assets/css/master.css?ver=2.1.1 HTTP/1.1" 200 43295 "https://www.middleeastoday.com/fujairah-ruler-receives-chief-executive-officer-of-enoc-group/" "Mozilla/5.0 (Windows NT 10.0; Win64; x64) AppleWebKit/537.36 (KHTML, like Gecko) Chrome/139.0.0.0 Safari/537.36"
112.36.8.49 - - [26/Feb/2026:09:25:22 -0500] "GET /wp-content/plugins/elementskit-lite/modules/elementskit-icon-pack/assets/css/ekiticons.css?ver=3.5.0 HTTP/1.1" 200 11776 "https://www.middleeastoday.com/fujairah-ruler-receives-chief-executive-officer-of-enoc-group/" "Mozilla/5.0 (Windows NT 10.0; Win64; x64) AppleWebKit/537.36 (KHTML, like Gecko) Chrome/139.0.0.0 Safari/537.36"
112.36.8.49 - - [26/Feb/2026:09:25:22 -0500] "GET /wp-content/plugins/accesspress-social-counter/css/fontawesome-all.css?ver=1.9.2 HTTP/1.1" 200 8084 "https://www.middleeastoday.com/fujairah-ruler-receives-chief-executive-officer-of-enoc-group/" "Mozilla/5.0 (Windows NT 10.0; Win64; x64) AppleWebKit/537.36 (KHTML, like Gecko) Chrome/139.0.0.0 Safari/537.36"
112.36.8.49 - - [26/Feb/2026:09:25:17 -0500] "GET /fujairah-ruler-receives-chief-executive-officer-of-enoc-group/ HTTP/1.1" 200 19987 "-" "Mozilla/5.0 (Windows NT 10.0; Win64; x64) AppleWebKit/537.36 (KHTML, like Gecko) Chrome/139.0.0.0 Safari/537.36"
112.36.8.49 - - [26/Feb/2026:09:25:22 -0500] "GET /wp-content/plugins/elementor-1/assets/css/frontend-lite.min.css?ver=3.21.1 HTTP/1.1" 200 13067 "https://www.middleeastoday.com/fujairah-ruler-receives-chief-executive-officer-of-enoc-group/" "Mozilla/5.0 (Windows NT 10.0; Win64; x64) AppleWebKit/537.36 (KHTML, like Gecko) Chrome/139.0.0.0 Safari/537.36"
112.36.8.49 - - [26/Feb/2026:09:25:22 -0500] "GET /wp-content/plugins/accesspress-social-counter/css/frontend.css?ver=1.9.2 HTTP/1.1" 200 2295 "https://www.middleeastoday.com/fujairah-ruler-receives-chief-executive-officer-of-enoc-group/" "Mozilla/5.0 (Windows NT 10.0; Win64; x64) AppleWebKit/537.36 (KHTML, like Gecko) Chrome/139.0.0.0 Safari/537.36"
112.36.8.49 - - [26/Feb/2026:09:25:22 -0500] "GET /wp-content/themes/digiqole/assets/css/all.css?ver=2.1.1 HTTP/1.1" 200 7048 "https://www.middleeastoday.com/fujairah-ruler-receives-chief-executive-officer-of-enoc-group/" "Mozilla/5.0 (Windows NT 10.0; Win64; x64) AppleWebKit/537.36 (KHTML, like Gecko) Chrome/139.0.0.0 Safari/537.36"
112.36.8.49 - - [26/Feb/2026:09:25:22 -0500] "GET /wp-content/plugins/elementskit-lite/widgets/init/assets/css/widget-styles.css?ver=3.5.0 HTTP/1.1" 200 48223 "https://www.middleeastoday.com/fujairah-ruler-receives-chief-executive-officer-of-enoc-group/" "Mozilla/5.0 (Windows NT 10.0; Win64; x64) AppleWebKit/537.36 (KHTML, like Gecko) Chrome/139.0.0.0 Safari/537.36"
112.36.8.49 - - [26/Feb/2026:09:25:22 -0500] "GET /wp-content/plugins/elementskit-lite/widgets/init/assets/css/responsive.css?ver=3.5.0 HTTP/1.1" 200 2859 "https://www.middleeastoday.com/fujairah-ruler-receives-chief-executive-officer-of-enoc-group/" "Mozilla/5.0 (Windows NT 10.0; Win64; x64) AppleWebKit/537.36 (KHTML, like Gecko) Chrome/139.0.0.0 Safari/537.36"
112.36.8.49 - - [26/Feb/2026:09:25:22 -0500] "GET /wp-content/plugins/elementor-1/assets/lib/font-awesome/css/fontawesome.min.css?ver=5.15.3 HTTP/1.1" 200 12164 "https://www.middleeastoday.com/fujairah-ruler-receives-chief-executive-officer-of-enoc-group/" "Mozilla/5.0 (Windows NT 10.0; Win64; x64) AppleWebKit/537.36 (KHTML, like Gecko) Chrome/139.0.0.0 Safari/537.36"
112.36.8.49 - - [26/Feb/2026:09:25:22 -0500] "GET /wp-includes/js/jquery/jquery.min.js?ver=3.7.1 HTTP/1.1" 200 29744 "https://www.middleeastoday.com/fujairah-ruler-receives-chief-executive-officer-of-enoc-group/" "Mozilla/5.0 (Windows NT 10.0; Win64; x64) AppleWebKit/537.36 (KHTML, like Gecko) Chrome/139.0.0.0 Safari/537.36"
112.36.8.49 - - [26/Feb/2026:09:25:22 -0500] "GET /wp-includes/js/jquery/jquery-migrate.min.js?ver=3.4.1 HTTP/1.1" 200 4678 "https://www.middleeastoday.com/fujairah-ruler-receives-chief-executive-officer-of-enoc-group/" "Mozilla/5.0 (Windows NT 10.0; Win64; x64) AppleWebKit/537.36 (KHTML, like Gecko) Chrome/139.0.0.0 Safari/537.36"
112.36.8.49 - - [26/Feb/2026:09:25:22 -0500] "GET /wp-includes/css/dist/block-library/style.min.css?ver=6.8.1 HTTP/1.1" 200 14358 "https://www.middleeastoday.com/fujairah-ruler-receives-chief-executive-officer-of-enoc-group/" "Mozilla/5.0 (Windows NT 10.0; Win64; x64) AppleWebKit/537.36 (KHTML, like Gecko) Chrome/139.0.0.0 Safari/537.36"
112.36.8.49 - - [26/Feb/2026:09:25:22 -0500] "GET /wp-content/plugins/contact-form-7/includes/css/styles.css?ver=6.0.6 HTTP/1.1" 200 890 "https://www.middleeastoday.com/fujairah-ruler-receives-chief-executive-officer-of-enoc-group/" "Mozilla/5.0 (Windows NT 10.0; Win64; x64) AppleWebKit/537.36 (KHTML, like Gecko) Chrome/139.0.0.0 Safari/537.36"
112.36.8.49 - - [26/Feb/2026:09:25:22 -0500] "GET /wp-content/themes/digiqole/assets/css/icon-font.css?ver=2.1.1 HTTP/1.1" 200 1106 "https://www.middleeastoday.com/fujairah-ruler-receives-chief-executive-officer-of-enoc-group/" "Mozilla/5.0 (Windows NT 10.0; Win64; x64) AppleWebKit/537.36 (KHTML, like Gecko) Chrome/139.0.0.0 Safari/537.36"
111.7.69.25 - - [26/Feb/2026:09:25:25 -0500] "GET /fujairah-ruler-receives-chief-executive-officer-of-enoc-group/ HTTP/1.1" 200 19987 "-" "Mozilla/5.0 (Windows NT 10.0; Win64; x64) AppleWebKit/537.36 (KHTML, like Gecko) Chrome/139.0.0.0 Safari/537.36"
111.7.69.25 - - [26/Feb/2026:09:25:26 -0500] "GET /wp-content/plugins/elementor-1/assets/css/frontend-lite.min.css?ver=3.21.1 HTTP/1.1" 200 13067 "https://www.middleeastoday.com/fujairah-ruler-receives-chief-executive-officer-of-enoc-group/" "Mozilla/5.0 (Windows NT 10.0; Win64; x64) AppleWebKit/537.36 (KHTML, like Gecko) Chrome/139.0.0.0 Safari/537.36"
111.7.69.25 - - [26/Feb/2026:09:25:26 -0500] "GET /wp-content/uploads/elementor/css/post-3932.css?ver=1762520240 HTTP/1.1" 200 1066 "https://www.middleeastoday.com/fujairah-ruler-receives-chief-executive-officer-of-enoc-group/" "Mozilla/5.0 (Windows NT 10.0; Win64; x64) AppleWebKit/537.36 (KHTML, like Gecko) Chrome/139.0.0.0 Safari/537.36"
111.7.69.25 - - [26/Feb/2026:09:25:26 -0500] "GET /wp-includes/css/dist/block-library/style.min.css?ver=6.8.1 HTTP/1.1" 200 14358 "https://www.middleeastoday.com/fujairah-ruler-receives-chief-executive-officer-of-enoc-group/" "Mozilla/5.0 (Windows NT 10.0; Win64; x64) AppleWebKit/537.36 (KHTML, like Gecko) Chrome/139.0.0.0 Safari/537.36"
111.7.69.25 - - [26/Feb/2026:09:25:26 -0500] "GET /wp-content/themes/digiqole/assets/css/bootstrap.min.css?ver=2.1.1 HTTP/1.1" 200 18543 "https://www.middleeastoday.com/fujairah-ruler-receives-chief-executive-officer-of-enoc-group/" "Mozilla/5.0 (Windows NT 10.0; Win64; x64) AppleWebKit/537.36 (KHTML, like Gecko) Chrome/139.0.0.0 Safari/537.36"
111.7.69.25 - - [26/Feb/2026:09:25:27 -0500] "GET /wp-content/themes/digiqole/assets/css/all.css?ver=2.1.1 HTTP/1.1" 200 7048 "https://www.middleeastoday.com/fujairah-ruler-receives-chief-executive-officer-of-enoc-group/" "Mozilla/5.0 (Windows NT 10.0; Win64; x64) AppleWebKit/537.36 (KHTML, like Gecko) Chrome/139.0.0.0 Safari/537.36"
111.7.69.25 - - [26/Feb/2026:09:25:27 -0500] "GET /wp-content/plugins/elementskit-lite/widgets/init/assets/css/responsive.css?ver=3.5.0 HTTP/1.1" 200 2859 "https://www.middleeastoday.com/fujairah-ruler-receives-chief-executive-officer-of-enoc-group/" "Mozilla/5.0 (Windows NT 10.0; Win64; x64) AppleWebKit/537.36 (KHTML, like Gecko) Chrome/139.0.0.0 Safari/537.36"
111.7.69.25 - - [26/Feb/2026:09:25:27 -0500] "GET /wp-content/plugins/elementor-1/assets/lib/font-awesome/css/solid.min.css?ver=5.15.3 HTTP/1.1" 200 286 "https://www.middleeastoday.com/fujairah-ruler-receives-chief-executive-officer-of-enoc-group/" "Mozilla/5.0 (Windows NT 10.0; Win64; x64) AppleWebKit/537.36 (KHTML, like Gecko) Chrome/139.0.0.0 Safari/537.36"
111.7.69.25 - - [26/Feb/2026:09:25:27 -0500] "GET /wp-includes/js/jquery/jquery.min.js?ver=3.7.1 HTTP/1.1" 200 29744 "https://www.middleeastoday.com/fujairah-ruler-receives-chief-executive-officer-of-enoc-group/" "Mozilla/5.0 (Windows NT 10.0; Win64; x64) AppleWebKit/537.36 (KHTML, like Gecko) Chrome/139.0.0.0 Safari/537.36"
111.7.69.25 - - [26/Feb/2026:09:25:27 -0500] "GET /wp-content/themes/digiqole/assets/css/master.css?ver=2.1.1 HTTP/1.1" 200 43295 "https://www.middleeastoday.com/fujairah-ruler-receives-chief-executive-officer-of-enoc-group/" "Mozilla/5.0 (Windows NT 10.0; Win64; x64) AppleWebKit/537.36 (KHTML, like Gecko) Chrome/139.0.0.0 Safari/537.36"
111.7.69.25 - - [26/Feb/2026:09:25:27 -0500] "GET /wp-content/plugins/elementskit-lite/modules/elementskit-icon-pack/assets/css/ekiticons.css?ver=3.5.0 HTTP/1.1" 200 11776 "https://www.middleeastoday.com/fujairah-ruler-receives-chief-executive-officer-of-enoc-group/" "Mozilla/5.0 (Windows NT 10.0; Win64; x64) AppleWebKit/537.36 (KHTML, like Gecko) Chrome/139.0.0.0 Safari/537.36"
112.36.8.49 - - [26/Feb/2026:09:25:22 -0500] "GET /wp-content/themes/digiqole/assets/css/bootstrap.min.css?ver=2.1.1 HTTP/1.1" 200 18543 "https://www.middleeastoday.com/fujairah-ruler-receives-chief-executive-officer-of-enoc-group/" "Mozilla/5.0 (Windows NT 10.0; Win64; x64) AppleWebKit/537.36 (KHTML, like Gecko) Chrome/139.0.0.0 Safari/537.36"
112.36.8.49 - - [26/Feb/2026:09:25:22 -0500] "GET /wp-content/plugins/elementor-1/assets/lib/font-awesome/css/solid.min.css?ver=5.15.3 HTTP/1.1" 200 286 "https://www.middleeastoday.com/fujairah-ruler-receives-chief-executive-officer-of-enoc-group/" "Mozilla/5.0 (Windows NT 10.0; Win64; x64) AppleWebKit/537.36 (KHTML, like Gecko) Chrome/139.0.0.0 Safari/537.36"
111.7.69.25 - - [26/Feb/2026:09:25:25 -0500] "GET /?post_type=post&p=367 HTTP/1.1" 301 0 "-" "Mozilla/5.0 (Windows NT 10.0; Win64; x64) AppleWebKit/537.36 (KHTML, like Gecko) Chrome/139.0.0.0 Safari/537.36"
111.7.69.25 - - [26/Feb/2026:09:25:26 -0500] "GET /wp-content/plugins/accesspress-social-counter/css/fontawesome-all.css?ver=1.9.2 HTTP/1.1" 200 8084 "https://www.middleeastoday.com/fujairah-ruler-receives-chief-executive-officer-of-enoc-group/" "Mozilla/5.0 (Windows NT 10.0; Win64; x64) AppleWebKit/537.36 (KHTML, like Gecko) Chrome/139.0.0.0 Safari/537.36"
111.7.69.25 - - [26/Feb/2026:09:25:26 -0500] "GET /wp-content/plugins/contact-form-7/includes/css/styles.css?ver=6.0.6 HTTP/1.1" 200 890 "https://www.middleeastoday.com/fujairah-ruler-receives-chief-executive-officer-of-enoc-group/" "Mozilla/5.0 (Windows NT 10.0; Win64; x64) AppleWebKit/537.36 (KHTML, like Gecko) Chrome/139.0.0.0 Safari/537.36"
111.7.69.25 - - [26/Feb/2026:09:25:26 -0500] "GET /wp-content/plugins/accesspress-social-counter/css/frontend.css?ver=1.9.2 HTTP/1.1" 200 2295 "https://www.middleeastoday.com/fujairah-ruler-receives-chief-executive-officer-of-enoc-group/" "Mozilla/5.0 (Windows NT 10.0; Win64; x64) AppleWebKit/537.36 (KHTML, like Gecko) Chrome/139.0.0.0 Safari/537.36"
111.7.69.25 - - [26/Feb/2026:09:25:27 -0500] "GET /wp-content/themes/digiqole/assets/css/icon-font.css?ver=2.1.1 HTTP/1.1" 200 1106 "https://www.middleeastoday.com/fujairah-ruler-receives-chief-executive-officer-of-enoc-group/" "Mozilla/5.0 (Windows NT 10.0; Win64; x64) AppleWebKit/537.36 (KHTML, like Gecko) Chrome/139.0.0.0 Safari/537.36"
111.7.69.25 - - [26/Feb/2026:09:25:27 -0500] "GET /wp-content/plugins/elementskit-lite/widgets/init/assets/css/widget-styles.css?ver=3.5.0 HTTP/1.1" 200 48223 "https://www.middleeastoday.com/fujairah-ruler-receives-chief-executive-officer-of-enoc-group/" "Mozilla/5.0 (Windows NT 10.0; Win64; x64) AppleWebKit/537.36 (KHTML, like Gecko) Chrome/139.0.0.0 Safari/537.36"
111.7.69.25 - - [26/Feb/2026:09:25:27 -0500] "GET /wp-content/plugins/elementor-1/assets/lib/font-awesome/css/fontawesome.min.css?ver=5.15.3 HTTP/1.1" 200 12164 "https://www.middleeastoday.com/fujairah-ruler-receives-chief-executive-officer-of-enoc-group/" "Mozilla/5.0 (Windows NT 10.0; Win64; x64) AppleWebKit/537.36 (KHTML, like Gecko) Chrome/139.0.0.0 Safari/537.36"
111.7.69.25 - - [26/Feb/2026:09:25:27 -0500] "GET /wp-includes/js/jquery/jquery-migrate.min.js?ver=3.4.1 HTTP/1.1" 200 4678 "https://www.middleeastoday.com/fujairah-ruler-receives-chief-executive-officer-of-enoc-group/" "Mozilla/5.0 (Windows NT 10.0; Win64; x64) AppleWebKit/537.36 (KHTML, like Gecko) Chrome/139.0.0.0 Safari/537.36"
69.49.112.64 - - [26/Feb/2026:09:25:35 -0500] "POST /xmlrpc.php HTTP/1.1" 200 205 "-" "Mozilla/5.0 (Windows NT 10.0; WOW64; Trident/7.0; ASTE; rv:11.0) like Gecko"
162.213.253.84 - - [26/Feb/2026:09:25:36 -0500] "POST /wp-admin/admin-ajax.php?action=async_litespeed&nonce=eMutjXzjhMOPbFXpsGVUCFK1eE3Hm9rb&litespeed_type=imgoptm HTTP/1.1" 200 21 "-" "WordPress/6.8.1; https://www.middleeastoday.com"
162.213.253.84 - - [26/Feb/2026:09:25:43 -0500] "POST /wp-cron.php?doing_wp_cron=1772115943.0731110572814941406250 HTTP/1.1" 200 0 "-" "WordPress/6.8.1; https://www.middleeastoday.com"
111.7.69.25 - - [26/Feb/2026:09:25:27 -0500] "GET /wp-content/plugins/elementor-pro/assets/css/widget-nav-menu.min.css HTTP/1.1" 200 3279 "https://www.middleeastoday.com/fujairah-ruler-receives-chief-executive-officer-of-enoc-group/" "Mozilla/5.0 (Windows NT 10.0; Win64; x64) AppleWebKit/537.36 (KHTML, like Gecko) Chrome/139.0.0.0 Safari/537.36"
111.7.69.25 - - [26/Feb/2026:09:25:27 -0500] "GET /wp-content/plugins/elementor-1/assets/lib/eicons/css/elementor-icons.min.css?ver=5.29.0 HTTP/1.1" 200 3724 "https://www.middleeastoday.com/fujairah-ruler-receives-chief-executive-officer-of-enoc-group/" "Mozilla/5.0 (Windows NT 10.0; Win64; x64) AppleWebKit/537.36 (KHTML, like Gecko) Chrome/139.0.0.0 Safari/537.36"
162.213.253.84 - - [26/Feb/2026:09:25:36 -0500] "POST /wp-cron.php?doing_wp_cron=1772115936.0093100070953369140625 HTTP/1.1" 200 0 "-" "WordPress/6.8.1; https://www.middleeastoday.com"
223.185.130.233 - - [26/Feb/2026:09:25:55 -0500] "POST /xmlrpc.php HTTP/1.1" 200 403 "-" "Mozilla/5.0 (X11; Ubuntu; Linux x86_64; x86) AppleWebKit/537.36 (KHTML, like Gecko) Safari/14.0.0.0 Safari/537.36"
43.173.182.75 - - [26/Feb/2026:09:26:16 -0500] "GET /dmcc-awarded-global-free-zone-of-the-year-for-eighth-consecutive-year/ HTTP/1.1" 200 23731 "https://www.middleeastoday.com/dmcc-awarded-global-free-zone-of-the-year-for-eighth-consecutive-year" "Mozilla/5.0 (Windows NT 10.0; Win64; x64) AppleWebKit/537.36 (KHTML, like Gecko) Chrome/110.0.0.0 Safari/537.36"
162.213.253.84 - - [26/Feb/2026:09:26:24 -0500] "POST /wp-cron.php?doing_wp_cron=1772115984.5381870269775390625000 HTTP/1.1" 200 0 "-" "WordPress/6.8.1; https://www.middleeastoday.com"
162.213.253.84 - - [26/Feb/2026:09:26:25 -0500] "POST /wp-admin/admin-ajax.php?action=async_litespeed&nonce=dGwyohJBSCfjsfNAjegEdPm9XfLLytGp&litespeed_type=imgoptm HTTP/1.1" 200 21 "-" "WordPress/6.8.1; https://www.middleeastoday.com"
142.44.225.48 - - [26/Feb/2026:09:26:39 -0500] "GET /category/exhibitions/page/5/ HTTP/1.1" 200 19081 "-" "Mozilla/5.0 (compatible; AhrefsBot/7.0; +http://ahrefs.com/robot/)"
162.213.253.84 - - [26/Feb/2026:09:27:49 -0500] "POST /wp-cron.php?doing_wp_cron=1772116069.5604739189147949218750 HTTP/1.1" 200 0 "-" "WordPress/6.8.1; https://www.middleeastoday.com"
162.213.253.84 - - [26/Feb/2026:09:27:50 -0500] "POST /wp-admin/admin-ajax.php?action=async_litespeed&nonce=NTVjIJqCGPBnMCKSfdc5HZmWOVJyRPfI&litespeed_type=imgoptm HTTP/1.1" 200 21 "-" "WordPress/6.8.1; https://www.middleeastoday.com"
162.213.253.84 - - [26/Feb/2026:09:28:29 -0500] "POST /wp-cron.php?doing_wp_cron=1772116109.3417539596557617187500 HTTP/1.1" 200 0 "-" "WordPress/6.8.1; https://www.middleeastoday.com"
162.213.253.84 - - [26/Feb/2026:09:28:56 -0500] "POST /wp-cron.php?doing_wp_cron=1772116136.2613909244537353515625 HTTP/1.1" 200 0 "-" "WordPress/6.8.1; https://www.middleeastoday.com"
223.185.130.233 - - [26/Feb/2026:09:28:55 -0500] "POST /xmlrpc.php HTTP/1.1" 200 403 "-" "Mozilla/5.0 (Macintosh; Intel Mac OS X 10_15_7; x64) AppleWebKit/537.36 (KHTML, like Gecko) Opera/76.0.0.0 Safari/537.36"
46.4.193.145 - - [26/Feb/2026:09:29:26 -0500] "GET /wp-login.php HTTP/1.1" 200 1792 "-" "Mozilla/5.0 (Windows NT 6.1; WOW64; Trident/7.0; Ypkch32; rv:11.0) like Gecko"
46.4.193.145 - - [26/Feb/2026:09:29:32 -0500] "POST /wp-login.php HTTP/1.1" 200 1888 "https://middleeastoday.com/wp-login.php" "Mozilla/5.0 (Windows NT 6.1; WOW64; Trident/7.0; Ypkch32; rv:11.0) like Gecko"
162.240.150.20 - - [26/Feb/2026:09:29:39 -0500] "POST /xmlrpc.php HTTP/1.1" 200 205 "-" "Mozilla/5.0 (Macintosh; Intel Mac OS X 10_13_2) AppleWebKit/537.36 (KHTML, like Gecko) Chrome/66.0.3359.181 Safari/537.36"
162.240.150.20 - - [26/Feb/2026:09:29:49 -0500] "POST /xmlrpc.php HTTP/1.1" 200 205 "-" "Mozilla/5.0 (Macintosh; Intel Mac OS X 10_13_2) AppleWebKit/537.36 (KHTML, like Gecko) Chrome/66.0.3359.181 Safari/537.36"
223.185.130.233 - - [26/Feb/2026:09:29:50 -0500] "POST /xmlrpc.php HTTP/1.1" 200 403 "-" "Mozilla/5.0 (Windows NT 6.2; x64) AppleWebKit/537.36 (KHTML, like Gecko) Chrome/113.0.0.0 Safari/537.36"
52.66.167.92 - - [26/Feb/2026:09:25:42 -0500] "POST /xmlrpc.php HTTP/1.1" 200 205 "-" "Mozilla/4.0 (compatible; MSIE 7.0; Windows NT 6.1; Trident/7.0; SLCC2; .NET CLR 2.0.50727; .NET CLR 3.5.30729; .NET CLR 3.0.30729; Media Center PC 6.0; InfoPath.3; .NET4.0C; .NET4.0E)"
43.173.172.207 - - [26/Feb/2026:09:26:12 -0500] "GET /category/home_side/ HTTP/1.1" 200 23956 "-" "Mozilla/5.0 (Windows NT 10.0; Win64; x64) AppleWebKit/537.36 (KHTML, like Gecko) Chrome/133.0.0.0 Safari/537.36"
43.173.182.75 - - [26/Feb/2026:09:26:15 -0500] "GET /dmcc-awarded-global-free-zone-of-the-year-for-eighth-consecutive-year HTTP/1.1" 301 0 "-" "Mozilla/5.0 (Windows NT 10.0; Win64; x64) AppleWebKit/537.36 (KHTML, like Gecko) Chrome/110.0.0.0 Safari/537.36"
213.160.71.30 - - [26/Feb/2026:09:26:24 -0500] "POST /xmlrpc.php HTTP/1.1" 200 205 "-" "Mozilla/5.0 (X11; Linux x86_64) AppleWebKit/537.36 (KHTML, like Gecko) Chrome/66.0.3359.117 Safari/537.36"
162.213.253.84 - - [26/Feb/2026:09:26:40 -0500] "POST /wp-cron.php?doing_wp_cron=1772116000.2404010295867919921875 HTTP/1.1" 200 0 "-" "WordPress/6.8.1; https://www.middleeastoday.com"
142.93.120.13 - - [26/Feb/2026:09:26:45 -0500] "POST /xmlrpc.php HTTP/1.1" 200 205 "-" "Mozilla/5.0 (Windows NT 6.1; WOW64; Trident/7.0; MAARJS; rv:11.0) like Gecko"
223.185.130.233 - - [26/Feb/2026:09:26:53 -0500] "POST /xmlrpc.php HTTP/1.1" 200 403 "-" "Mozilla/5.0 (Linux; Android 10; x64) AppleWebKit/537.36 (KHTML, like Gecko) Edge/85.0.0.0 Safari/537.36"
223.185.130.233 - - [26/Feb/2026:09:27:49 -0500] "POST /xmlrpc.php HTTP/1.1" 200 403 "-" "Mozilla/5.0 (Windows NT 6.2; x86) AppleWebKit/537.36 (KHTML, like Gecko) Safari/14.0.0.0 Safari/537.36"
5.134.124.40 - - [26/Feb/2026:09:28:28 -0500] "POST /xmlrpc.php HTTP/1.1" 200 205 "-" "Mozilla/5.0 (Macintosh; Intel Mac OS X 10_12_6) AppleWebKit/537.36 (KHTML, like Gecko) Chrome/66.0.3359.181 Safari/537.36"
162.213.253.84 - - [26/Feb/2026:09:28:29 -0500] "POST /wp-admin/admin-ajax.php?action=async_litespeed&nonce=chWga7nIV8HMAI2cU1yjpBtOlU70dj5D&litespeed_type=imgoptm HTTP/1.1" 200 21 "-" "WordPress/6.8.1; https://www.middleeastoday.com"
162.213.253.84 - - [26/Feb/2026:09:29:31 -0500] "POST /wp-cron.php?doing_wp_cron=1772116171.4262280464172363281250 HTTP/1.1" 200 0 "-" "WordPress/6.8.1; https://www.middleeastoday.com"
3.26.181.40 - - [26/Feb/2026:09:29:30 -0500] "POST /xmlrpc.php HTTP/1.1" 200 205 "-" "Mozilla/5.0 (Macintosh; Intel Mac OS X 10_13_2) AppleWebKit/537.36 (KHTML, like Gecko) Chrome/66.0.3359.181 Safari/537.36"
162.213.253.84 - - [26/Feb/2026:09:29:31 -0500] "POST /wp-admin/admin-ajax.php?action=async_litespeed&nonce=GtVZ9XZjJS6yJlIaHHahD5uyRWJK9cHe&litespeed_type=imgoptm HTTP/1.1" 200 21 "-" "WordPress/6.8.1; https://www.middleeastoday.com"
162.213.253.84 - - [26/Feb/2026:09:29:33 -0500] "POST /wp-cron.php?doing_wp_cron=1772116173.2438910007476806640625 HTTP/1.1" 200 0 "-" "WordPress/6.8.1; https://www.middleeastoday.com"
69.163.140.2 - - [26/Feb/2026:09:29:54 -0500] "POST /xmlrpc.php HTTP/1.1" 200 205 "-" "Mozilla/5.0 (Windows NT 6.1; WOW64; Trident/7.0; MAARJS; rv:11.0) like Gecko"
82.223.66.148 - - [26/Feb/2026:09:30:20 -0500] "POST /xmlrpc.php HTTP/1.1" 200 205 "-" "Mozilla/5.0 (Windows NT 10.0; WOW64; Trident/7.0; ASTE; rv:11.0) like Gecko"
162.213.253.84 - - [26/Feb/2026:09:30:26 -0500] "POST /wp-cron.php?doing_wp_cron=1772116226.6885979175567626953125 HTTP/1.1" 200 0 "-" "WordPress/6.8.1; https://www.middleeastoday.com"
51.103.25.59 - - [26/Feb/2026:09:30:26 -0500] "POST /xmlrpc.php HTTP/1.1" 200 205 "-" "Mozilla/5.0 (X11; Ubuntu; Linux x86_64; rv:60.0) Gecko/20100101 Firefox/60.0"
162.213.253.84 - - [26/Feb/2026:09:30:32 -0500] "POST /wp-cron.php?doing_wp_cron=1772116232.5403530597686767578125 HTTP/1.1" 200 0 "-" "WordPress/6.8.1; https://www.middleeastoday.com"
77.120.115.23 - - [26/Feb/2026:09:30:31 -0500] "POST /xmlrpc.php HTTP/1.1" 200 205 "-" "Mozilla/5.0 (X11; Linux x86_64) AppleWebKit/537.36 (KHTML, like Gecko) Chrome/66.0.3359.117 Safari/537.36"
162.213.253.84 - - [26/Feb/2026:09:30:27 -0500] "POST /wp-admin/admin-ajax.php?action=async_litespeed&nonce=iUk9zWuRBqxcnw1xz22nNMTrjLqXnpKd&litespeed_type=imgoptm HTTP/1.1" 200 21 "-" "WordPress/6.8.1; https://www.middleeastoday.com"
162.213.253.84 - - [26/Feb/2026:09:31:25 -0500] "POST /wp-admin/admin-ajax.php?action=async_litespeed&nonce=0DLgBK0hwAp2sXwpC1Lv9ZhaRMi3TEGD&litespeed_type=imgoptm HTTP/1.1" 200 21 "-" "WordPress/6.8.1; https://www.middleeastoday.com"
162.213.253.84 - - [26/Feb/2026:09:31:29 -0500] "POST /wp-cron.php?doing_wp_cron=1772116289.2065479755401611328125 HTTP/1.1" 200 0 "-" "WordPress/6.8.1; https://www.middleeastoday.com"
223.185.130.233 - - [26/Feb/2026:09:31:49 -0500] "POST /xmlrpc.php HTTP/1.1" 200 403 "-" "Mozilla/5.0 (Macintosh; Intel Mac OS X 10_15_7; x64) AppleWebKit/537.36 (KHTML, like Gecko) Chrome/94.0.0.0 Safari/537.36"
69.163.140.2 - - [26/Feb/2026:09:32:33 -0500] "POST /xmlrpc.php HTTP/1.1" 200 205 "-" "Mozilla/5.0 (Macintosh; Intel Mac OS X 10_13_2) AppleWebKit/537.36 (KHTML, like Gecko) Chrome/66.0.3359.181 Safari/537.36"
162.213.253.84 - - [26/Feb/2026:09:32:45 -0500] "POST /wp-cron.php?doing_wp_cron=1772116365.4128758907318115234375 HTTP/1.1" 200 0 "-" "WordPress/6.8.1; https://www.middleeastoday.com"
185.198.240.211 - - [26/Feb/2026:09:32:45 -0500] "POST /wp-login.php HTTP/1.1" 200 6420 "-" "Mozilla/5.0"
185.191.171.15 - - [26/Feb/2026:09:32:52 -0500] "GET /robots.txt HTTP/1.1" 200 117 "-" "Mozilla/5.0 (compatible; SemrushBot/7~bl; +http://www.semrush.com/bot.html)"
185.191.171.1 - - [26/Feb/2026:09:32:53 -0500] "GET /mohamed-bin-zayed-attends-iftar-banquet-hosted-by-king-of-morocco/ HTTP/1.1" 200 23247 "-" "Mozilla/5.0 (compatible; SemrushBot/7~bl; +http://www.semrush.com/bot.html)"
15.235.27.23 - - [26/Feb/2026:09:32:54 -0500] "GET /saudi-aramco-records-110-billion-net-income-in-2021/ HTTP/1.1" 200 20253 "-" "Mozilla/5.0 (compatible; AhrefsBot/7.0; +http://ahrefs.com/robot/)"
162.213.253.84 - - [26/Feb/2026:09:33:51 -0500] "POST /wp-cron.php?doing_wp_cron=1772116431.5712540149688720703125 HTTP/1.1" 200 0 "-" "WordPress/6.8.1; https://www.middleeastoday.com"
142.44.220.154 - - [26/Feb/2026:09:30:37 -0500] "GET /sharjah-ruler-reorganises-sharjah-research-technology-and-innovation-park/ HTTP/1.1" 200 24144 "-" "Mozilla/5.0 (compatible; AhrefsBot/7.0; +http://ahrefs.com/robot/)"
223.185.130.233 - - [26/Feb/2026:09:30:48 -0500] "POST /xmlrpc.php HTTP/1.1" 200 403 "-" "Mozilla/5.0 (Windows NT 6.2; x86) AppleWebKit/537.36 (KHTML, like Gecko) Safari/14.0.0.0 Safari/537.36"
185.198.240.28 - - [26/Feb/2026:09:30:57 -0500] "POST /wp-login.php HTTP/1.1" 200 6420 "-" "Mozilla/5.0"
142.93.120.13 - - [26/Feb/2026:09:31:16 -0500] "POST /xmlrpc.php HTTP/1.1" 200 205 "-" "Mozilla/5.0 (Macintosh; Intel Mac OS X 10_13_2) AppleWebKit/537.36 (KHTML, like Gecko) Chrome/66.0.3359.181 Safari/537.36"
162.213.253.84 - - [26/Feb/2026:09:31:24 -0500] "POST /wp-cron.php?doing_wp_cron=1772116284.1852710247039794921875 HTTP/1.1" 200 0 "-" "WordPress/6.8.1; https://www.middleeastoday.com"
77.120.115.23 - - [26/Feb/2026:09:31:23 -0500] "POST /xmlrpc.php HTTP/1.1" 200 205 "-" "Mozilla/5.0 (X11; Ubuntu; Linux x86_64; rv:60.0) Gecko/20100101 Firefox/60.0"
110.38.248.135 - - [26/Feb/2026:09:31:28 -0500] "GET /wp-json/oembed/1.0/embed?url=https%3A%2F%2Fwww.middleeastoday.com%2Fuaes-3-7-billion-tech-economy-takes-spotlight-in-berlin-at-inaugural-gitex-europe%2F HTTP/1.1" 200 2690 "-" "Mozilla/5.0 (Windows NT 10.0; Win64; x64) AppleWebKit/537.36 (KHTML, like Gecko) Chrome/80.0.3987.132 Safari/537.36"
162.213.253.84 - - [26/Feb/2026:09:32:34 -0500] "POST /wp-cron.php?doing_wp_cron=1772116354.4352641105651855468750 HTTP/1.1" 200 0 "-" "WordPress/6.8.1; https://www.middleeastoday.com"
162.213.253.84 - - [26/Feb/2026:09:32:34 -0500] "POST /wp-admin/admin-ajax.php?action=async_litespeed&nonce=fgdP93oNAICZhBcSN8P1MdlH2pM5zxv7&litespeed_type=imgoptm HTTP/1.1" 200 21 "-" "WordPress/6.8.1; https://www.middleeastoday.com"
223.185.130.233 - - [26/Feb/2026:09:32:44 -0500] "POST /xmlrpc.php HTTP/1.1" 200 403 "-" "Mozilla/5.0 (Windows NT 10.0; x64) AppleWebKit/537.36 (KHTML, like Gecko) Chrome/93.0.0.0 Safari/537.36"
223.185.130.233 - - [26/Feb/2026:09:33:51 -0500] "POST /xmlrpc.php HTTP/1.1" 200 403 "-" "Mozilla/5.0 (Linux; Android 10; x86) AppleWebKit/537.36 (KHTML, like Gecko) Firefox/94.0.0.0 Safari/537.36"
162.213.253.84 - - [26/Feb/2026:09:33:52 -0500] "POST /wp-admin/admin-ajax.php?action=async_litespeed&nonce=rLQvpDUSA3M8DXyfa9vNQWAPFgenPs88&litespeed_type=imgoptm HTTP/1.1" 200 21 "-" "WordPress/6.8.1; https://www.middleeastoday.com"
223.185.130.233 - - [26/Feb/2026:09:34:49 -0500] "POST /xmlrpc.php HTTP/1.1" 200 403 "-" "Mozilla/5.0 (Windows NT 10.0; x86) AppleWebKit/537.36 (KHTML, like Gecko) Firefox/94.0.0.0 Safari/537.36"
223.185.130.233 - - [26/Feb/2026:09:35:48 -0500] "POST /xmlrpc.php HTTP/1.1" 200 403 "-" "Mozilla/5.0 (X11; Ubuntu; Linux x86_64; arm64) AppleWebKit/537.36 (KHTML, like Gecko) Edge/85.0.0.0 Safari/537.36"
223.185.130.233 - - [26/Feb/2026:09:36:56 -0500] "POST /xmlrpc.php HTTP/1.1" 200 403 "-" "Mozilla/5.0 (Windows NT 6.3; x64) AppleWebKit/537.36 (KHTML, like Gecko) Opera/70.0.0.0 Safari/537.36"
223.185.130.233 - - [26/Feb/2026:09:38:02 -0500] "POST /xmlrpc.php HTTP/1.1" 200 403 "-" "Mozilla/5.0 (Windows NT 6.3; x86) AppleWebKit/537.36 (KHTML, like Gecko) Chrome/115.0.0.0 Safari/537.36"
162.213.253.84 - - [26/Feb/2026:09:38:54 -0500] "POST /wp-admin/admin-ajax.php?action=async_litespeed&nonce=qJS378GD7Av1lIApUhhTkT4VWC8yxolQ&litespeed_type=imgoptm HTTP/1.1" 200 21 "-" "WordPress/6.8.1; https://www.middleeastoday.com"
162.213.253.84 - - [26/Feb/2026:09:39:18 -0500] "POST /wp-cron.php?doing_wp_cron=1772116758.6520740985870361328125 HTTP/1.1" 200 0 "-" "WordPress/6.8.1; https://www.middleeastoday.com"
57.141.2.39 - - [26/Feb/2026:09:39:18 -0500] "GET /?p=8989 HTTP/1.1" 301 0 "-" "meta-externalagent/1.1 (+https://developers.facebook.com/docs/sharing/webmasters/crawler)"
57.141.2.8 - - [26/Feb/2026:09:39:20 -0500] "GET /servomex-establishes-new-middle-east-hub-at-abu-dhabi-airports-free-zone/ HTTP/1.1" 200 106496 "-" "meta-externalagent/1.1 (+https://developers.facebook.com/docs/sharing/webmasters/crawler)"
51.222.95.240 - - [26/Feb/2026:09:39:31 -0500] "GET /difc-launches-first-global-family-business-private-wealth-centre/ HTTP/1.1" 200 21394 "-" "Mozilla/5.0 (compatible; AhrefsBot/7.0; +http://ahrefs.com/robot/)"
162.213.253.84 - - [26/Feb/2026:09:39:36 -0500] "POST /wp-cron.php?doing_wp_cron=1772116776.8493111133575439453125 HTTP/1.1" 200 0 "-" "WordPress/6.8.1; https://www.middleeastoday.com"
44.221.105.234 - - [26/Feb/2026:09:39:59 -0500] "GET /wp-json/wp/v2/posts/364 HTTP/1.1" 200 9208 "-" "Mozilla/5.0 AppleWebKit/537.36 (KHTML, like Gecko; compatible; Amazonbot/0.1; +https://developer.amazon.com/support/amazonbot) Chrome/119.0.6045.214 Safari/537.36"
142.93.120.13 - - [26/Feb/2026:09:40:16 -0500] "POST /xmlrpc.php HTTP/1.1" 200 205 "-" "Mozilla/5.0 (X11; Ubuntu; Linux x86_64; rv:60.0) Gecko/20100101 Firefox/60.0"
162.213.253.84 - - [26/Feb/2026:09:40:38 -0500] "POST /wp-cron.php?doing_wp_cron=1772116838.4910619258880615234375 HTTP/1.1" 200 0 "-" "WordPress/6.8.1; https://www.middleeastoday.com"
3.222.190.107 - - [26/Feb/2026:09:40:37 -0500] "GET /wp-json/wp/v2/posts/10252 HTTP/1.1" 200 3251 "-" "Mozilla/5.0 AppleWebKit/537.36 (KHTML, like Gecko; compatible; Amazonbot/0.1; +https://developer.amazon.com/support/amazonbot) Chrome/119.0.6045.214 Safari/537.36"
18.215.49.176 - - [26/Feb/2026:09:40:40 -0500] "GET /wp-json/oembed/1.0/embed?url=https://www.middleeastoday.com/verses-analog-announce-smart-city-initiative-in-abu-dhabi/ HTTP/1.1" 200 2533 "-" "Mozilla/5.0 AppleWebKit/537.36 (KHTML, like Gecko; compatible; Amazonbot/0.1; +https://developer.amazon.com/support/amazonbot) Chrome/119.0.6045.214 Safari/537.36"
142.93.120.13 - - [26/Feb/2026:09:40:41 -0500] "POST /xmlrpc.php HTTP/1.1" 200 205 "-" "Mozilla/4.0 (compatible; MSIE 7.0; Windows NT 6.1; Win64; x64; Trident/7.0; .NET CLR 2.0.50727; SLCC2; .NET CLR 3.5.30729; .NET CLR 3.0.30729; Media Center PC 6.0; .NET4.0C; .NET4.0E; InfoPath.3; Tablet PC 2.0)"
34.231.45.47 - - [26/Feb/2026:09:40:48 -0500] "GET /wp-json/wp/v2/posts/9550 HTTP/1.1" 200 4973 "-" "Mozilla/5.0 AppleWebKit/537.36 (KHTML, like Gecko; compatible; Amazonbot/0.1; +https://developer.amazon.com/support/amazonbot) Chrome/119.0.6045.214 Safari/537.36"
223.185.130.233 - - [26/Feb/2026:09:40:50 -0500] "POST /xmlrpc.php HTTP/1.1" 200 403 "-" "Mozilla/5.0 (Macintosh; Intel Mac OS X 10_15_7; x64) AppleWebKit/537.36 (KHTML, like Gecko) Firefox/74.0.0.0 Safari/537.36"
162.213.253.84 - - [26/Feb/2026:09:35:49 -0500] "POST /wp-cron.php?doing_wp_cron=1772116549.3379929065704345703125 HTTP/1.1" 200 0 "-" "WordPress/6.8.1; https://www.middleeastoday.com"
51.107.70.194 - - [26/Feb/2026:09:37:48 -0500] "GET /aramco-announces-full-year-2022-results-reporting-a-record-net-income-of-161-1-billion/ HTTP/1.1" 200 21790 "-" "Mozilla/5.0 AppleWebKit/537.36 (KHTML, like Gecko); compatible; ChatGPT-User/1.0; +https://openai.com/bot"
162.213.253.84 - - [26/Feb/2026:09:38:03 -0500] "POST /wp-cron.php?doing_wp_cron=1772116683.4188780784606933593750 HTTP/1.1" 200 0 "-" "WordPress/6.8.1; https://www.middleeastoday.com"
162.213.253.84 - - [26/Feb/2026:09:38:04 -0500] "POST /wp-admin/admin-ajax.php?action=async_litespeed&nonce=L96wgAlmmy8FegwRTEYgtgQ6EieisXZb&litespeed_type=imgoptm HTTP/1.1" 200 21 "-" "WordPress/6.8.1; https://www.middleeastoday.com"
192.176.172.166 - - [26/Feb/2026:09:38:06 -0500] "POST /xmlrpc.php HTTP/1.1" 200 205 "-" "Mozilla/5.0 (X11; Linux x86_64) AppleWebKit/537.36 (KHTML, like Gecko) Chrome/66.0.3359.117 Safari/537.36"
162.213.253.84 - - [26/Feb/2026:09:38:54 -0500] "POST /wp-cron.php?doing_wp_cron=1772116734.2357079982757568359375 HTTP/1.1" 200 0 "-" "WordPress/6.8.1; https://www.middleeastoday.com"
223.185.130.233 - - [26/Feb/2026:09:38:53 -0500] "POST /xmlrpc.php HTTP/1.1" 200 403 "-" "Mozilla/5.0 (Macintosh; Intel Mac OS X 10_15_7; arm64) AppleWebKit/537.36 (KHTML, like Gecko) Firefox/99.0.0.0 Safari/537.36"
57.141.2.18 - - [26/Feb/2026:09:39:30 -0500] "GET /emirates-sees-record-booking-levels-from-uae-in-summer/ HTTP/1.1" 200 105486 "-" "meta-externalagent/1.1 (+https://developers.facebook.com/docs/sharing/webmasters/crawler)"
162.213.253.84 - - [26/Feb/2026:09:39:31 -0500] "POST /wp-cron.php?doing_wp_cron=1772116771.7159030437469482421875 HTTP/1.1" 200 0 "-" "WordPress/6.8.1; https://www.middleeastoday.com"
162.213.253.84 - - [26/Feb/2026:09:39:32 -0500] "POST /wp-admin/admin-ajax.php?action=async_litespeed&nonce=OpS5ufDoJkYST2tTLbWP6szoc4KeDqwD&litespeed_type=imgoptm HTTP/1.1" 200 21 "-" "WordPress/6.8.1; https://www.middleeastoday.com"
103.145.51.107 - - [26/Feb/2026:09:39:36 -0500] "POST /xmlrpc.php HTTP/1.1" 200 205 "-" "Mozilla/5.0 (X11; Linux x86_64) AppleWebKit/537.36 (KHTML, like Gecko) Chrome/66.0.3359.117 Safari/537.36"
223.185.130.233 - - [26/Feb/2026:09:39:51 -0500] "POST /xmlrpc.php HTTP/1.1" 200 403 "-" "Mozilla/5.0 (Windows NT 10.0; arm64) AppleWebKit/537.36 (KHTML, like Gecko) Opera/60.0.0.0 Safari/537.36"
98.82.40.168 - - [26/Feb/2026:09:39:57 -0500] "GET /wp-json/oembed/1.0/embed?url=https://www.middleeastoday.com/indulge-in-luxury-with-natuzzi-italia-icons-this-dss/ HTTP/1.1" 200 2524 "-" "Mozilla/5.0 AppleWebKit/537.36 (KHTML, like Gecko; compatible; Amazonbot/0.1; +https://developer.amazon.com/support/amazonbot) Chrome/119.0.6045.214 Safari/537.36"
54.163.169.168 - - [26/Feb/2026:09:40:09 -0500] "GET /wp-json/oembed/1.0/embed?format=xml&url=https://www.middleeastoday.com/beeah-group-green-planet-sign-10-year-contract-to-advance-sustainable-waste-management-in-egypt-2/ HTTP/1.1" 200 1312 "-" "Mozilla/5.0 AppleWebKit/537.36 (KHTML, like Gecko; compatible; Amazonbot/0.1; +https://developer.amazon.com/support/amazonbot) Chrome/119.0.6045.214 Safari/537.36"
162.213.253.84 - - [26/Feb/2026:09:40:39 -0500] "POST /wp-admin/admin-ajax.php?action=async_litespeed&nonce=vPilLGMgxgcTbUFFtGAMEYLvMIbmg5K0&litespeed_type=imgoptm HTTP/1.1" 200 21 "-" "WordPress/6.8.1; https://www.middleeastoday.com"
162.213.253.84 - - [26/Feb/2026:09:40:41 -0500] "POST /wp-cron.php?doing_wp_cron=1772116841.0966649055480957031250 HTTP/1.1" 200 0 "-" "WordPress/6.8.1; https://www.middleeastoday.com"
167.114.139.18 - - [26/Feb/2026:09:40:51 -0500] "GET /maryne-cotty-eslous-a-trailblazer-in-digital-health-innovation-attend-arab-health-2025/ HTTP/1.1" 200 22048 "-" "Mozilla/5.0 (compatible; AhrefsBot/7.0; +http://ahrefs.com/robot/)"
34.234.206.30 - - [26/Feb/2026:09:40:51 -0500] "GET /wp-json/oembed/1.0/embed?format=xml&url=https://www.middleeastoday.com/uae-president-malaysian-king-witness-conclusion-of-desert-tiger-6-joint-military-exercise/ HTTP/1.1" 200 1304 "-" "Mozilla/5.0 AppleWebKit/537.36 (KHTML, like Gecko; compatible; Amazonbot/0.1; +https://developer.amazon.com/support/amazonbot) Chrome/119.0.6045.214 Safari/537.36"
223.185.130.233 - - [26/Feb/2026:09:42:01 -0500] "POST /xmlrpc.php HTTP/1.1" 200 403 "-" "Mozilla/5.0 (Windows NT 6.2; arm64) AppleWebKit/537.36 (KHTML, like Gecko) Chrome/107.0.0.0 Safari/537.36"
162.213.253.84 - - [26/Feb/2026:09:42:05 -0500] "POST /wp-cron.php?doing_wp_cron=1772116924.9881529808044433593750 HTTP/1.1" 200 0 "-" "WordPress/6.8.1; https://www.middleeastoday.com"
142.93.150.134 - - [26/Feb/2026:09:42:04 -0500] "POST /xmlrpc.php HTTP/1.1" 200 205 "-" "Mozilla/5.0 (X11; Ubuntu; Linux x86_64; rv:60.0) Gecko/20100101 Firefox/60.0"
51.222.168.250 - - [26/Feb/2026:09:42:12 -0500] "GET /uae-president-receives-georgian-pm/ HTTP/1.1" 200 21987 "-" "Mozilla/5.0 (compatible; AhrefsBot/7.0; +http://ahrefs.com/robot/)"
223.185.130.233 - - [26/Feb/2026:09:42:47 -0500] "POST /xmlrpc.php HTTP/1.1" 200 403 "-" "Mozilla/5.0 (Windows NT 6.3; arm64) AppleWebKit/537.36 (KHTML, like Gecko) Chrome/101.0.0.0 Safari/537.36"
162.240.150.20 - - [26/Feb/2026:09:43:51 -0500] "POST /xmlrpc.php HTTP/1.1" 200 205 "-" "Mozilla/5.0 (X11; Ubuntu; Linux x86_64; rv:60.0) Gecko/20100101 Firefox/60.0"
52.3.104.214 - - [26/Feb/2026:09:44:09 -0500] "GET /joby-to-launch-air-taxi-service-in-uae/ HTTP/1.1" 200 24855 "-" "Mozilla/5.0 AppleWebKit/537.36 (KHTML, like Gecko; compatible; Amazonbot/0.1; +https://developer.amazon.com/support/amazonbot) Chrome/119.0.6045.214 Safari/537.36"
162.213.253.84 - - [26/Feb/2026:09:44:48 -0500] "POST /wp-cron.php?doing_wp_cron=1772117088.9194478988647460937500 HTTP/1.1" 200 0 "-" "WordPress/6.8.1; https://www.middleeastoday.com"
142.93.150.134 - - [26/Feb/2026:09:44:48 -0500] "POST /wp-login.php HTTP/1.1" 200 1888 "https://middleeastoday.com/wp-login.php" "Mozilla/5.0 (Windows NT 6.3; Win64; x64; Trident/7.0; rv:11.0) like Gecko"
162.213.253.84 - - [26/Feb/2026:09:44:49 -0500] "POST /wp-admin/admin-ajax.php?action=async_litespeed&nonce=8OnM3wUWX7slJv3xrUiOtTG51V6nW9Ln&litespeed_type=imgoptm HTTP/1.1" 200 21 "-" "WordPress/6.8.1; https://www.middleeastoday.com"
162.213.253.84 - - [26/Feb/2026:09:45:01 -0500] "POST /wp-cron.php?doing_wp_cron=1772117101.3246960639953613281250 HTTP/1.1" 200 0 "-" "WordPress/6.8.1; https://www.middleeastoday.com"
47.128.47.94 - - [26/Feb/2026:09:45:00 -0500] "GET /dubai-derma-2023-slated-to-take-place-from-march-1-3/ HTTP/1.1" 200 24768 "-" "Mozilla/5.0 (Linux; Android 5.0) AppleWebKit/537.36 (KHTML, like Gecko) Mobile Safari/537.36 (compatible; Bytespider; [email protected])"
47.128.47.94 - - [26/Feb/2026:09:45:02 -0500] "GET /wp-content/uploads/2022/04/middle-east-today-logo-1-768x272.jpg HTTP/1.1" 206 500 "https://www.middleeastoday.com/dubai-derma-2023-slated-to-take-place-from-march-1-3/" "Mozilla/5.0 (Linux; Android 5.0) AppleWebKit/537.36 (KHTML, like Gecko) Mobile Safari/537.36 (compatible; Bytespider; [email protected])"
47.128.47.94 - - [26/Feb/2026:09:45:02 -0500] "GET /wp-content/uploads/2023/02/Dubai-Derma-1-850x560.jpg HTTP/1.1" 206 500 "https://www.middleeastoday.com/dubai-derma-2023-slated-to-take-place-from-march-1-3/" "Mozilla/5.0 (Linux; Android 5.0) AppleWebKit/537.36 (KHTML, like Gecko) Mobile Safari/537.36 (compatible; Bytespider; [email protected])"
47.128.47.94 - - [26/Feb/2026:09:45:02 -0500] "GET /wp-content/uploads/2023/01/knacTag.png HTTP/1.1" 206 500 "https://www.middleeastoday.com/dubai-derma-2023-slated-to-take-place-from-march-1-3/" "Mozilla/5.0 (Linux; Android 5.0) AppleWebKit/537.36 (KHTML, like Gecko) Mobile Safari/537.36 (compatible; Bytespider; [email protected])"
162.144.233.59 - - [26/Feb/2026:09:40:58 -0500] "POST /xmlrpc.php HTTP/1.1" 200 205 "-" "Mozilla/5.0 (X11; Linux x86_64) AppleWebKit/537.36 (KHTML, like Gecko) Chrome/66.0.3359.117 Safari/537.36"
46.4.193.145 - - [26/Feb/2026:09:40:58 -0500] "POST /xmlrpc.php HTTP/1.1" 200 205 "-" "Mozilla/5.0 (Windows NT 5.1; WOW64; Trident/7.0; rv:11.0) like Gecko"
34.194.165.45 - - [26/Feb/2026:09:41:00 -0500] "GET /wp-json/oembed/1.0/embed?format=xml&url=https://www.middleeastoday.com/barraquer-eye-hospital-tips-for-summer-eye-care-and-managing-dry-eyes/ HTTP/1.1" 200 1287 "-" "Mozilla/5.0 AppleWebKit/537.36 (KHTML, like Gecko; compatible; Amazonbot/0.1; +https://developer.amazon.com/support/amazonbot) Chrome/119.0.6045.214 Safari/537.36"
162.213.253.84 - - [26/Feb/2026:09:42:02 -0500] "POST /wp-cron.php?doing_wp_cron=1772116921.9924750328063964843750 HTTP/1.1" 200 0 "-" "WordPress/6.8.1; https://www.middleeastoday.com"
162.213.253.84 - - [26/Feb/2026:09:42:02 -0500] "POST /wp-admin/admin-ajax.php?action=async_litespeed&nonce=keA2vBE9FrBAqkulQor7yiiORaS2ttos&litespeed_type=imgoptm HTTP/1.1" 200 21 "-" "WordPress/6.8.1; https://www.middleeastoday.com"
49.13.144.39 - - [26/Feb/2026:09:42:06 -0500] "POST /xmlrpc.php HTTP/1.1" 200 205 "-" "Mozilla/4.0 (compatible; MSIE 7.0; Windows NT 6.1; Win64; x64; Trident/7.0; .NET CLR 2.0.50727; SLCC2; .NET CLR 3.5.30729; .NET CLR 3.0.30729; Media Center PC 6.0; .NET4.0C; .NET4.0E; InfoPath.3; Tablet PC 2.0)"
85.215.241.149 - - [26/Feb/2026:09:42:10 -0500] "POST /xmlrpc.php HTTP/1.1" 200 205 "-" "Mozilla/5.0 (X11; Linux x86_64) AppleWebKit/537.36 (KHTML, like Gecko) Chrome/66.0.3359.117 Safari/537.36"
20.223.156.253 - - [26/Feb/2026:09:42:34 -0500] "GET /wp-content/uploads/2022/08/Sharjah-Munshid1-455x300.jpg HTTP/1.1" 200 34714 "-" "Mozilla/5.0 (compatible; BingIndexCrawler/1.0)"
162.213.253.84 - - [26/Feb/2026:09:42:47 -0500] "POST /wp-cron.php?doing_wp_cron=1772116967.6926720142364501953125 HTTP/1.1" 200 0 "-" "WordPress/6.8.1; https://www.middleeastoday.com"
162.213.253.84 - - [26/Feb/2026:09:43:51 -0500] "POST /wp-cron.php?doing_wp_cron=1772117031.8116030693054199218750 HTTP/1.1" 200 0 "-" "WordPress/6.8.1; https://www.middleeastoday.com"
223.185.130.233 - - [26/Feb/2026:09:43:52 -0500] "POST /xmlrpc.php HTTP/1.1" 200 403 "-" "Mozilla/5.0 (Macintosh; Intel Mac OS X 10_15_7; x86) AppleWebKit/537.36 (KHTML, like Gecko) Edge/99.0.0.0 Safari/537.36"
51.161.37.9 - - [26/Feb/2026:09:44:41 -0500] "GET /hebany-holding-sponsors-the-international-spanish-artist-at-art-dubai/ HTTP/1.1" 200 21093 "-" "Mozilla/5.0 (compatible; AhrefsBot/7.0; +http://ahrefs.com/robot/)"
142.93.150.134 - - [26/Feb/2026:09:44:48 -0500] "GET /wp-login.php HTTP/1.1" 200 1792 "-" "Mozilla/5.0 (Windows NT 6.3; Win64; x64; Trident/7.0; rv:11.0) like Gecko"
14.185.111.1 - - [26/Feb/2026:09:44:50 -0500] "GET /category/travel-tourism/page/9/ HTTP/1.1" 200 23798 "-" "Mozilla/5.0 (Macintosh; Intel Mac OS X 10_13_6) AppleWebKit/537.36 (KHTML, like Gecko) Chrome/100.0.4896.75 Safari/537.36"
47.128.47.94 - - [26/Feb/2026:09:45:02 -0500] "GET /wp-content/uploads/2023/02/Business-Forum-1-455x300.jpg HTTP/1.1" 206 500 "https://www.middleeastoday.com/dubai-derma-2023-slated-to-take-place-from-march-1-3/" "Mozilla/5.0 (Linux; Android 5.0) AppleWebKit/537.36 (KHTML, like Gecko) Mobile Safari/537.36 (compatible; Bytespider; [email protected])"
162.213.253.84 - - [26/Feb/2026:09:45:54 -0500] "POST /wp-cron.php?doing_wp_cron=1772117154.7016360759735107421875 HTTP/1.1" 200 0 "-" "WordPress/6.8.1; https://www.middleeastoday.com"
142.93.68.12 - - [26/Feb/2026:09:45:54 -0500] "POST /xmlrpc.php HTTP/1.1" 200 205 "-" "Mozilla/5.0 (X11; Linux x86_64) AppleWebKit/537.36 (KHTML, like Gecko) Chrome/66.0.3359.117 Safari/537.36"
14.162.179.75 - - [26/Feb/2026:09:46:09 -0500] "GET /wp-json/oembed/1.0/embed?format=xml&url=https%3A%2F%2Fwww.middleeastoday.com%2Fsharjah-ruler-attends-closing-ceremony-of-fifth-film-platform%2F HTTP/1.1" 200 1273 "-" "Mozilla/5.0 (Macintosh; Intel Mac OS X 10_14_6) AppleWebKit/537.36 (KHTML, like Gecko) Chrome/101.0.4951.54 Safari/537.36"
123.16.196.5 - - [26/Feb/2026:09:46:10 -0500] "GET /wp-content/uploads/2022/09/Dubai-records-850x560.jpg%20850w,%20https://www.middleeastoday.com/wp-content/uploads/2022/09/Dubai-records-455x300.jpg%20455w HTTP/1.1" 301 0 "https://www.middleeastoday.com/" "Mozilla/5.0 (Windows NT 10.0; Win64; x64) AppleWebKit/537.36 (KHTML, like Gecko) Chrome/104.0.5112.81 Safari/537.36"
45.117.104.119 - - [26/Feb/2026:09:46:14 -0500] "GET /wp-content/uploads/2022/09/Dubai-records-850x560.jpg%20850w,%20https:/www.middleeastoday.com/wp-content/uploads/2022/09/Dubai-records-455x300.jpg%20455w HTTP/1.1" 404 19185 "https://www.middleeastoday.com/" "Mozilla/5.0 (Windows NT 10.0; Win64; x64) AppleWebKit/537.36 (KHTML, like Gecko) Chrome/104.0.5112.81 Safari/537.36"
162.213.253.84 - - [26/Feb/2026:09:46:29 -0500] "POST /wp-cron.php?doing_wp_cron=1772117189.4374089241027832031250 HTTP/1.1" 200 0 "-" "WordPress/6.8.1; https://www.middleeastoday.com"
185.191.171.11 - - [26/Feb/2026:09:46:28 -0500] "GET /author/admin/page/70/ HTTP/1.1" 200 23966 "-" "Mozilla/5.0 (compatible; SemrushBot/7~bl; +http://www.semrush.com/bot.html)"
162.213.253.84 - - [26/Feb/2026:09:46:30 -0500] "POST /wp-admin/admin-ajax.php?action=async_litespeed&nonce=M7MQ6GZcZtwAaXLgnpeIDbaXIPX24Zm9&litespeed_type=imgoptm HTTP/1.1" 200 21 "-" "WordPress/6.8.1; https://www.middleeastoday.com"
162.213.253.84 - - [26/Feb/2026:09:46:31 -0500] "POST /wp-cron.php?doing_wp_cron=1772117191.4414770603179931640625 HTTP/1.1" 200 0 "-" "WordPress/6.8.1; https://www.middleeastoday.com"
85.215.241.149 - - [26/Feb/2026:09:46:30 -0500] "POST /xmlrpc.php HTTP/1.1" 200 205 "-" "Mozilla/5.0 (X11; Ubuntu; Linux x86_64; rv:60.0) Gecko/20100101 Firefox/60.0"
85.215.241.149 - - [26/Feb/2026:09:46:49 -0500] "POST /xmlrpc.php HTTP/1.1" 200 205 "-" "Mozilla/4.0 (compatible; MSIE 7.0; Windows NT 6.1; Win64; x64; Trident/7.0; .NET CLR 2.0.50727; SLCC2; .NET CLR 3.5.30729; .NET CLR 3.0.30729; Media Center PC 6.0; .NET4.0C; .NET4.0E; InfoPath.3; Tablet PC 2.0)"
212.42.58.120 - - [26/Feb/2026:09:47:03 -0500] "POST /xmlrpc.php HTTP/1.1" 200 205 "-" "Mozilla/5.0 (Windows NT 5.1; WOW64; Trident/7.0; rv:11.0) like Gecko"
162.213.253.84 - - [26/Feb/2026:09:47:37 -0500] "POST /wp-cron.php?doing_wp_cron=1772117257.5736451148986816406250 HTTP/1.1" 200 0 "-" "WordPress/6.8.1; https://www.middleeastoday.com"
167.114.139.213 - - [26/Feb/2026:09:47:37 -0500] "GET /uae-president-receives-georgian-prime-minister/ HTTP/1.1" 200 21179 "-" "Mozilla/5.0 (compatible; AhrefsBot/7.0; +http://ahrefs.com/robot/)"
162.213.253.84 - - [26/Feb/2026:09:48:48 -0500] "POST /wp-cron.php?doing_wp_cron=1772117328.3379170894622802734375 HTTP/1.1" 200 0 "-" "WordPress/6.8.1; https://www.middleeastoday.com"
223.185.130.233 - - [26/Feb/2026:09:48:47 -0500] "POST /xmlrpc.php HTTP/1.1" 200 403 "-" "Mozilla/5.0 (Linux; Android 10; x64) AppleWebKit/537.36 (KHTML, like Gecko) Opera/67.0.0.0 Safari/537.36"
162.213.253.84 - - [26/Feb/2026:09:49:46 -0500] "POST /wp-cron.php?doing_wp_cron=1772117386.0093410015106201171875 HTTP/1.1" 200 0 "-" "WordPress/6.8.1; https://www.middleeastoday.com"
69.57.172.96 - - [26/Feb/2026:09:49:45 -0500] "POST /xmlrpc.php HTTP/1.1" 200 205 "-" "Mozilla/5.0 (X11; Linux x86_64) AppleWebKit/537.36 (KHTML, like Gecko) Chrome/66.0.3359.117 Safari/537.36"
162.213.253.84 - - [26/Feb/2026:09:49:46 -0500] "POST /wp-admin/admin-ajax.php?action=async_litespeed&nonce=dwcWIT7v1iEcl2zqBStPyCmPjCeiVnzZ&litespeed_type=imgoptm HTTP/1.1" 200 21 "-" "WordPress/6.8.1; https://www.middleeastoday.com"
54.39.6.193 - - [26/Feb/2026:09:49:59 -0500] "GET /sultan-al-qasimi-approves-jawaher-boston-medical-district-project-to-bring-world-class-healthcare-and-research-opportunities-to-uae/ HTTP/1.1" 200 25070 "-" "Mozilla/5.0 (compatible; AhrefsBot/7.0; +http://ahrefs.com/robot/)"
162.0.216.102 - - [26/Feb/2026:09:50:07 -0500] "POST /xmlrpc.php HTTP/1.1" 200 205 "-" "Mozilla/5.0 (Windows NT 5.1; WOW64; Trident/7.0; rv:11.0) like Gecko"
137.184.70.21 - - [26/Feb/2026:09:50:53 -0500] "GET /wp-content/uploads/2022/09/Serbian-President-1-850x560.jpg HTTP/1.1" 200 107608 "https://www.middleeastoday.com/" "Mozilla/5.0 (Windows NT 10.0; Win64; x64) AppleWebKit/537.36 (KHTML, like Gecko) Chrome/133.0.0.0 Safari/537.36"
162.213.253.84 - - [26/Feb/2026:09:50:54 -0500] "POST /wp-cron.php?doing_wp_cron=1772117454.0464038848876953125000 HTTP/1.1" 200 0 "-" "WordPress/6.8.1; https://www.middleeastoday.com"
162.213.253.84 - - [26/Feb/2026:09:50:55 -0500] "POST /wp-cron.php?doing_wp_cron=1772117455.7648539543151855468750 HTTP/1.1" 200 0 "-" "WordPress/6.8.1; https://www.middleeastoday.com"
143.244.159.7 - - [26/Feb/2026:09:50:55 -0500] "GET /wp-content/uploads/2022/09/Charles-scaled-850x560.jpg%20850w,%20https:/www.middleeastoday.com/wp-content/uploads/2022/09/Charles-scaled-455x300.jpg%20455w HTTP/1.1" 404 19185 "https://www.middleeastoday.com/" "Mozilla/5.0 (Windows NT 10.0; Win64; x64) AppleWebKit/537.36 (KHTML, like Gecko) Chrome/120.0.0.0 Safari/537.36"
162.213.253.84 - - [26/Feb/2026:09:45:37 -0500] "POST /wp-cron.php?doing_wp_cron=1772117137.9634981155395507812500 HTTP/1.1" 200 0 "-" "WordPress/6.8.1; https://www.middleeastoday.com"
103.117.212.59 - - [26/Feb/2026:09:45:37 -0500] "POST /xmlrpc.php HTTP/1.1" 200 205 "-" "Mozilla/5.0 (Windows NT 5.1; WOW64; Trident/7.0; rv:11.0) like Gecko"
162.213.253.84 - - [26/Feb/2026:09:45:38 -0500] "POST /wp-admin/admin-ajax.php?action=async_litespeed&nonce=DmEoSOJLMupW4kyxKYlvHvsGt8dx2AZk&litespeed_type=imgoptm HTTP/1.1" 200 21 "-" "WordPress/6.8.1; https://www.middleeastoday.com"
162.213.253.84 - - [26/Feb/2026:09:45:47 -0500] "POST /wp-cron.php?doing_wp_cron=1772117147.6200530529022216796875 HTTP/1.1" 200 0 "-" "WordPress/6.8.1; https://www.middleeastoday.com"
223.185.130.233 - - [26/Feb/2026:09:45:47 -0500] "POST /xmlrpc.php HTTP/1.1" 200 403 "-" "Mozilla/5.0 (Linux; Android 10; x64) AppleWebKit/537.36 (KHTML, like Gecko) Safari/15.0.0.0 Safari/537.36"
