140.179.148.12 - - [26/Feb/2026:14:32:25 -0500] "GET / HTTP/1.1" 301 0 "-" "Mozilla/5.0 (Linux; Android 10; HD1900 Build/QKQ1.190716.003; wv) AppleWebKit/537.36 (KHTML, like Gecko) Version/4.0 Chrome/75.0.3770.156 Mobile Safari/537.36  aweme_230400 JsSdk/1.0 NetType/WIFI  AppName/aweme app_version/23.4.0 ByteLocale/zh-CN Region/CN AppSkin/white AppTheme/light BytedanceWebview/d8a21c6 WebView/075113004008"
162.213.253.84 - - [26/Feb/2026:14:28:34 -0500] "POST /wp-cron.php?doing_wp_cron=1772134114.6766700744628906250000 HTTP/1.1" 200 0 "-" "WordPress/6.8.1; https://www.middleeastoday.com"
162.213.253.84 - - [26/Feb/2026:14:28:37 -0500] "POST /wp-cron.php?doing_wp_cron=1772134117.3785240650177001953125 HTTP/1.1" 200 0 "-" "WordPress/6.8.1; https://www.middleeastoday.com"
37.187.75.30 - - [26/Feb/2026:14:28:36 -0500] "POST /xmlrpc.php HTTP/1.1" 200 205 "-" "Mozilla/5.0 (Macintosh; Intel Mac OS X 10_11_6) AppleWebKit/537.36 (KHTML, like Gecko) Chrome/67.0.3396.87 Safari/537.36"
144.76.99.104 - - [26/Feb/2026:14:29:38 -0500] "POST /xmlrpc.php HTTP/1.1" 200 205 "-" "Mozilla/5.0 (Windows NT 6.1) AppleWebKit/537.36 (KHTML, like Gecko) Chrome/67.0.3396.87 Safari/537.36"
206.84.241.79 - - [26/Feb/2026:14:29:45 -0500] "HEAD / HTTP/1.1" 200 0 "-" "Mozilla/5.0 (Macintosh; Intel Mac OS X 10_15_7) AppleWebKit/537.36 (KHTML, like Gecko) Chrome/125.0.6422.41 Safari/537.36"
114.119.132.207 - - [26/Feb/2026:14:29:59 -0500] "GET /dubais-department-of-economy-and-tourism-po-marinas-collaborate-with-key-partners-at-dubai-international-boat-show/ HTTP/1.1" 200 24525 "-" "Mozilla/5.0 (Linux; Android 7.0;) AppleWebKit/537.36 (KHTML, like Gecko) Mobile Safari/537.36 (compatible; PetalBot;+https://webmaster.petalsearch.com/site/petalbot)"
67.207.86.6 - - [26/Feb/2026:14:30:11 -0500] "POST /wp-login.php HTTP/1.1" 200 1888 "https://middleeastoday.com/wp-login.php" "Mozilla/5.0 (Windows NT 10.0) AppleWebKit/537.36 (KHTML, like Gecko) Chrome/67.0.3396.79 Safari/537.36"
114.119.137.153 - - [26/Feb/2026:14:31:21 -0500] "GET /category/home_side/page/2/ HTTP/1.1" 200 24312 "https://www.middleeastoday.com/category/home_side/page/3" "Mozilla/5.0 (Linux; Android 7.0;) AppleWebKit/537.36 (KHTML, like Gecko) Mobile Safari/537.36 (compatible; PetalBot;+https://webmaster.petalsearch.com/site/petalbot)"
162.213.253.84 - - [26/Feb/2026:14:32:26 -0500] "POST /wp-admin/admin-ajax.php?action=async_litespeed&nonce=g7sfXDsC0GYS7GDjgKLdK3rcVUUkCdGw&litespeed_type=imgoptm HTTP/1.1" 200 21 "-" "WordPress/6.8.1; https://www.middleeastoday.com"
140.179.148.12 - - [26/Feb/2026:14:32:27 -0500] "GET /wp-content/plugins/accesspress-social-counter/css/frontend.css?ver=1.9.2 HTTP/1.1" 200 2295 "https://www.middleeastoday.com/" "Mozilla/5.0 (Linux; Android 10; HD1900 Build/QKQ1.190716.003; wv) AppleWebKit/537.36 (KHTML, like Gecko) Version/4.0 Chrome/75.0.3770.156 Mobile Safari/537.36  aweme_230400 JsSdk/1.0 NetType/WIFI  AppName/aweme app_version/23.4.0 ByteLocale/zh-CN Region/CN AppSkin/white AppTheme/light BytedanceWebview/d8a21c6 WebView/075113004008"
140.179.148.12 - - [26/Feb/2026:14:32:27 -0500] "GET /wp-content/plugins/accesspress-social-counter/css/fontawesome-all.css?ver=1.9.2 HTTP/1.1" 200 8084 "https://www.middleeastoday.com/" "Mozilla/5.0 (Linux; Android 10; HD1900 Build/QKQ1.190716.003; wv) AppleWebKit/537.36 (KHTML, like Gecko) Version/4.0 Chrome/75.0.3770.156 Mobile Safari/537.36  aweme_230400 JsSdk/1.0 NetType/WIFI  AppName/aweme app_version/23.4.0 ByteLocale/zh-CN Region/CN AppSkin/white AppTheme/light BytedanceWebview/d8a21c6 WebView/075113004008"
140.179.148.12 - - [26/Feb/2026:14:32:27 -0500] "GET /wp-content/themes/digiqole/assets/css/icon-font.css?ver=2.1.1 HTTP/1.1" 200 1106 "https://www.middleeastoday.com/" "Mozilla/5.0 (Linux; Android 10; HD1900 Build/QKQ1.190716.003; wv) AppleWebKit/537.36 (KHTML, like Gecko) Version/4.0 Chrome/75.0.3770.156 Mobile Safari/537.36  aweme_230400 JsSdk/1.0 NetType/WIFI  AppName/aweme app_version/23.4.0 ByteLocale/zh-CN Region/CN AppSkin/white AppTheme/light BytedanceWebview/d8a21c6 WebView/075113004008"
71.131.227.43 - - [26/Feb/2026:14:32:25 -0500] "GET / HTTP/1.1" 301 0 "-" "Mozilla/5.0 (Linux; Android 13; PFFM10 Build/TP1A.220905.001; wv) AppleWebKit/537.36 (KHTML, like Gecko) Version/4.0 Chrome/88.0.4324.181 Mobile Safari/537.36 aweme_250000 JsSdk/1.0 NetType/WIFI Channel/31725782a AppName/aweme app_version/25.0.0 ByteLocale/zh-CN Region/CN AppSkin/white AppTheme/light BULLET/1 BytedanceWebview/d8a21c6 TTWebView/0881130048402"
140.179.148.12 - - [26/Feb/2026:14:32:27 -0500] "GET / HTTP/1.1" 200 32212 "-" "Mozilla/5.0 (Linux; Android 10; HD1900 Build/QKQ1.190716.003; wv) AppleWebKit/537.36 (KHTML, like Gecko) Version/4.0 Chrome/75.0.3770.156 Mobile Safari/537.36  aweme_230400 JsSdk/1.0 NetType/WIFI  AppName/aweme app_version/23.4.0 ByteLocale/zh-CN Region/CN AppSkin/white AppTheme/light BytedanceWebview/d8a21c6 WebView/075113004008"
140.179.148.12 - - [26/Feb/2026:14:32:27 -0500] "GET /wp-content/plugins/elementor-1/assets/css/frontend-lite.min.css?ver=3.21.1 HTTP/1.1" 200 13067 "https://www.middleeastoday.com/" "Mozilla/5.0 (Linux; Android 10; HD1900 Build/QKQ1.190716.003; wv) AppleWebKit/537.36 (KHTML, like Gecko) Version/4.0 Chrome/75.0.3770.156 Mobile Safari/537.36  aweme_230400 JsSdk/1.0 NetType/WIFI  AppName/aweme app_version/23.4.0 ByteLocale/zh-CN Region/CN AppSkin/white AppTheme/light BytedanceWebview/d8a21c6 WebView/075113004008"
140.179.148.12 - - [26/Feb/2026:14:32:27 -0500] "GET /wp-content/plugins/elementor-pro/assets/css/frontend-lite.min.css?ver=3.6.5 HTTP/1.1" 200 1505 "https://www.middleeastoday.com/" "Mozilla/5.0 (Linux; Android 10; HD1900 Build/QKQ1.190716.003; wv) AppleWebKit/537.36 (KHTML, like Gecko) Version/4.0 Chrome/75.0.3770.156 Mobile Safari/537.36  aweme_230400 JsSdk/1.0 NetType/WIFI  AppName/aweme app_version/23.4.0 ByteLocale/zh-CN Region/CN AppSkin/white AppTheme/light BytedanceWebview/d8a21c6 WebView/075113004008"
140.179.148.12 - - [26/Feb/2026:14:32:27 -0500] "GET /wp-content/plugins/elementor-1/assets/lib/eicons/css/elementor-icons.min.css?ver=5.29.0 HTTP/1.1" 200 3724 "https://www.middleeastoday.com/" "Mozilla/5.0 (Linux; Android 10; HD1900 Build/QKQ1.190716.003; wv) AppleWebKit/537.36 (KHTML, like Gecko) Version/4.0 Chrome/75.0.3770.156 Mobile Safari/537.36  aweme_230400 JsSdk/1.0 NetType/WIFI  AppName/aweme app_version/23.4.0 ByteLocale/zh-CN Region/CN AppSkin/white AppTheme/light BytedanceWebview/d8a21c6 WebView/075113004008"
140.179.148.12 - - [26/Feb/2026:14:32:27 -0500] "GET /wp-content/uploads/elementor/css/global.css?ver=1747657840 HTTP/1.1" 200 3340 "https://www.middleeastoday.com/" "Mozilla/5.0 (Linux; Android 10; HD1900 Build/QKQ1.190716.003; wv) AppleWebKit/537.36 (KHTML, like Gecko) Version/4.0 Chrome/75.0.3770.156 Mobile Safari/537.36  aweme_230400 JsSdk/1.0 NetType/WIFI  AppName/aweme app_version/23.4.0 ByteLocale/zh-CN Region/CN AppSkin/white AppTheme/light BytedanceWebview/d8a21c6 WebView/075113004008"
140.179.148.12 - - [26/Feb/2026:14:32:27 -0500] "GET /wp-content/themes/digiqole/assets/css/bootstrap.min.css?ver=2.1.1 HTTP/1.1" 200 18543 "https://www.middleeastoday.com/" "Mozilla/5.0 (Linux; Android 10; HD1900 Build/QKQ1.190716.003; wv) AppleWebKit/537.36 (KHTML, like Gecko) Version/4.0 Chrome/75.0.3770.156 Mobile Safari/537.36  aweme_230400 JsSdk/1.0 NetType/WIFI  AppName/aweme app_version/23.4.0 ByteLocale/zh-CN Region/CN AppSkin/white AppTheme/light BytedanceWebview/d8a21c6 WebView/075113004008"
140.179.148.12 - - [26/Feb/2026:14:32:27 -0500] "GET /wp-content/plugins/elementor-1/assets/lib/swiper/v8/css/swiper.min.css?ver=8.4.5 HTTP/1.1" 200 4248 "https://www.middleeastoday.com/" "Mozilla/5.0 (Linux; Android 10; HD1900 Build/QKQ1.190716.003; wv) AppleWebKit/537.36 (KHTML, like Gecko) Version/4.0 Chrome/75.0.3770.156 Mobile Safari/537.36  aweme_230400 JsSdk/1.0 NetType/WIFI  AppName/aweme app_version/23.4.0 ByteLocale/zh-CN Region/CN AppSkin/white AppTheme/light BytedanceWebview/d8a21c6 WebView/075113004008"
140.179.148.12 - - [26/Feb/2026:14:32:27 -0500] "GET /wp-content/uploads/elementor/css/post-2526.css?ver=1751111835 HTTP/1.1" 200 2136 "https://www.middleeastoday.com/" "Mozilla/5.0 (Linux; Android 10; HD1900 Build/QKQ1.190716.003; wv) AppleWebKit/537.36 (KHTML, like Gecko) Version/4.0 Chrome/75.0.3770.156 Mobile Safari/537.36  aweme_230400 JsSdk/1.0 NetType/WIFI  AppName/aweme app_version/23.4.0 ByteLocale/zh-CN Region/CN AppSkin/white AppTheme/light BytedanceWebview/d8a21c6 WebView/075113004008"
140.179.148.12 - - [26/Feb/2026:14:32:28 -0500] "GET /wp-content/themes/digiqole/assets/css/master.css?ver=2.1.1 HTTP/1.1" 200 43295 "https://www.middleeastoday.com/" "Mozilla/5.0 (Linux; Android 10; HD1900 Build/QKQ1.190716.003; wv) AppleWebKit/537.36 (KHTML, like Gecko) Version/4.0 Chrome/75.0.3770.156 Mobile Safari/537.36  aweme_230400 JsSdk/1.0 NetType/WIFI  AppName/aweme app_version/23.4.0 ByteLocale/zh-CN Region/CN AppSkin/white AppTheme/light BytedanceWebview/d8a21c6 WebView/075113004008"
140.179.148.12 - - [26/Feb/2026:14:32:28 -0500] "GET /wp-content/plugins/elementskit-lite/widgets/init/assets/css/widget-styles.css?ver=3.5.0 HTTP/1.1" 200 48223 "https://www.middleeastoday.com/" "Mozilla/5.0 (Linux; Android 10; HD1900 Build/QKQ1.190716.003; wv) AppleWebKit/537.36 (KHTML, like Gecko) Version/4.0 Chrome/75.0.3770.156 Mobile Safari/537.36  aweme_230400 JsSdk/1.0 NetType/WIFI  AppName/aweme app_version/23.4.0 ByteLocale/zh-CN Region/CN AppSkin/white AppTheme/light BytedanceWebview/d8a21c6 WebView/075113004008"
140.179.148.12 - - [26/Feb/2026:14:32:28 -0500] "GET /wp-content/plugins/elementskit-lite/widgets/init/assets/css/responsive.css?ver=3.5.0 HTTP/1.1" 200 2859 "https://www.middleeastoday.com/" "Mozilla/5.0 (Linux; Android 10; HD1900 Build/QKQ1.190716.003; wv) AppleWebKit/537.36 (KHTML, like Gecko) Version/4.0 Chrome/75.0.3770.156 Mobile Safari/537.36  aweme_230400 JsSdk/1.0 NetType/WIFI  AppName/aweme app_version/23.4.0 ByteLocale/zh-CN Region/CN AppSkin/white AppTheme/light BytedanceWebview/d8a21c6 WebView/075113004008"
140.179.148.12 - - [26/Feb/2026:14:32:28 -0500] "GET /wp-content/plugins/elementor-1/assets/lib/font-awesome/css/fontawesome.min.css?ver=5.15.3 HTTP/1.1" 200 12164 "https://www.middleeastoday.com/" "Mozilla/5.0 (Linux; Android 10; HD1900 Build/QKQ1.190716.003; wv) AppleWebKit/537.36 (KHTML, like Gecko) Version/4.0 Chrome/75.0.3770.156 Mobile Safari/537.36  aweme_230400 JsSdk/1.0 NetType/WIFI  AppName/aweme app_version/23.4.0 ByteLocale/zh-CN Region/CN AppSkin/white AppTheme/light BytedanceWebview/d8a21c6 WebView/075113004008"
140.179.148.12 - - [26/Feb/2026:14:32:28 -0500] "GET /wp-content/plugins/elementor-1/assets/lib/font-awesome/css/solid.min.css?ver=5.15.3 HTTP/1.1" 200 286 "https://www.middleeastoday.com/" "Mozilla/5.0 (Linux; Android 10; HD1900 Build/QKQ1.190716.003; wv) AppleWebKit/537.36 (KHTML, like Gecko) Version/4.0 Chrome/75.0.3770.156 Mobile Safari/537.36  aweme_230400 JsSdk/1.0 NetType/WIFI  AppName/aweme app_version/23.4.0 ByteLocale/zh-CN Region/CN AppSkin/white AppTheme/light BytedanceWebview/d8a21c6 WebView/075113004008"
140.179.148.12 - - [26/Feb/2026:14:32:28 -0500] "GET /wp-content/plugins/elementor-1/assets/lib/font-awesome/css/brands.min.css?ver=5.15.3 HTTP/1.1" 200 284 "https://www.middleeastoday.com/" "Mozilla/5.0 (Linux; Android 10; HD1900 Build/QKQ1.190716.003; wv) AppleWebKit/537.36 (KHTML, like Gecko) Version/4.0 Chrome/75.0.3770.156 Mobile Safari/537.36  aweme_230400 JsSdk/1.0 NetType/WIFI  AppName/aweme app_version/23.4.0 ByteLocale/zh-CN Region/CN AppSkin/white AppTheme/light BytedanceWebview/d8a21c6 WebView/075113004008"
140.179.148.12 - - [26/Feb/2026:14:32:27 -0500] "GET /wp-content/plugins/contact-form-7/includes/css/styles.css?ver=6.0.6 HTTP/1.1" 200 890 "https://www.middleeastoday.com/" "Mozilla/5.0 (Linux; Android 10; HD1900 Build/QKQ1.190716.003; wv) AppleWebKit/537.36 (KHTML, like Gecko) Version/4.0 Chrome/75.0.3770.156 Mobile Safari/537.36  aweme_230400 JsSdk/1.0 NetType/WIFI  AppName/aweme app_version/23.4.0 ByteLocale/zh-CN Region/CN AppSkin/white AppTheme/light BytedanceWebview/d8a21c6 WebView/075113004008"
140.179.148.12 - - [26/Feb/2026:14:32:27 -0500] "GET /wp-content/uploads/elementor/css/post-3932.css?ver=1762520240 HTTP/1.1" 200 1066 "https://www.middleeastoday.com/" "Mozilla/5.0 (Linux; Android 10; HD1900 Build/QKQ1.190716.003; wv) AppleWebKit/537.36 (KHTML, like Gecko) Version/4.0 Chrome/75.0.3770.156 Mobile Safari/537.36  aweme_230400 JsSdk/1.0 NetType/WIFI  AppName/aweme app_version/23.4.0 ByteLocale/zh-CN Region/CN AppSkin/white AppTheme/light BytedanceWebview/d8a21c6 WebView/075113004008"
140.179.148.12 - - [26/Feb/2026:14:32:27 -0500] "GET /wp-content/uploads/elementor/css/post-9.css?ver=1747657839 HTTP/1.1" 200 334 "https://www.middleeastoday.com/" "Mozilla/5.0 (Linux; Android 10; HD1900 Build/QKQ1.190716.003; wv) AppleWebKit/537.36 (KHTML, like Gecko) Version/4.0 Chrome/75.0.3770.156 Mobile Safari/537.36  aweme_230400 JsSdk/1.0 NetType/WIFI  AppName/aweme app_version/23.4.0 ByteLocale/zh-CN Region/CN AppSkin/white AppTheme/light BytedanceWebview/d8a21c6 WebView/075113004008"
140.179.148.12 - - [26/Feb/2026:14:32:28 -0500] "GET /wp-content/themes/digiqole/assets/css/all.css?ver=2.1.1 HTTP/1.1" 200 7048 "https://www.middleeastoday.com/" "Mozilla/5.0 (Linux; Android 10; HD1900 Build/QKQ1.190716.003; wv) AppleWebKit/537.36 (KHTML, like Gecko) Version/4.0 Chrome/75.0.3770.156 Mobile Safari/537.36  aweme_230400 JsSdk/1.0 NetType/WIFI  AppName/aweme app_version/23.4.0 ByteLocale/zh-CN Region/CN AppSkin/white AppTheme/light BytedanceWebview/d8a21c6 WebView/075113004008"
140.179.148.12 - - [26/Feb/2026:14:32:28 -0500] "GET /wp-includes/js/jquery/jquery-migrate.min.js?ver=3.4.1 HTTP/1.1" 200 4678 "https://www.middleeastoday.com/" "Mozilla/5.0 (Linux; Android 10; HD1900 Build/QKQ1.190716.003; wv) AppleWebKit/537.36 (KHTML, like Gecko) Version/4.0 Chrome/75.0.3770.156 Mobile Safari/537.36  aweme_230400 JsSdk/1.0 NetType/WIFI  AppName/aweme app_version/23.4.0 ByteLocale/zh-CN Region/CN AppSkin/white AppTheme/light BytedanceWebview/d8a21c6 WebView/075113004008"
140.179.148.12 - - [26/Feb/2026:14:32:28 -0500] "GET /wp-content/plugins/elementor-pro/assets/css/widget-nav-menu.min.css HTTP/1.1" 200 3279 "https://www.middleeastoday.com/" "Mozilla/5.0 (Linux; Android 10; HD1900 Build/QKQ1.190716.003; wv) AppleWebKit/537.36 (KHTML, like Gecko) Version/4.0 Chrome/75.0.3770.156 Mobile Safari/537.36  aweme_230400 JsSdk/1.0 NetType/WIFI  AppName/aweme app_version/23.4.0 ByteLocale/zh-CN Region/CN AppSkin/white AppTheme/light BytedanceWebview/d8a21c6 WebView/075113004008"
140.179.148.12 - - [26/Feb/2026:14:32:28 -0500] "GET /wp-content/uploads/2022/04/64c2ad33-5b41-4d59-be1b-293b254ded91-768x119.jpeg HTTP/1.1" 200 18202 "https://www.middleeastoday.com/" "Mozilla/5.0 (Linux; Android 10; HD1900 Build/QKQ1.190716.003; wv) AppleWebKit/537.36 (KHTML, like Gecko) Version/4.0 Chrome/75.0.3770.156 Mobile Safari/537.36  aweme_230400 JsSdk/1.0 NetType/WIFI  AppName/aweme app_version/23.4.0 ByteLocale/zh-CN Region/CN AppSkin/white AppTheme/light BytedanceWebview/d8a21c6 WebView/075113004008"
140.179.148.12 - - [26/Feb/2026:14:32:28 -0500] "GET /wp-content/uploads/2022/04/middle-east-today-logo-1-768x272.jpg HTTP/1.1" 200 17916 "https://www.middleeastoday.com/" "Mozilla/5.0 (Linux; Android 10; HD1900 Build/QKQ1.190716.003; wv) AppleWebKit/537.36 (KHTML, like Gecko) Version/4.0 Chrome/75.0.3770.156 Mobile Safari/537.36  aweme_230400 JsSdk/1.0 NetType/WIFI  AppName/aweme app_version/23.4.0 ByteLocale/zh-CN Region/CN AppSkin/white AppTheme/light BytedanceWebview/d8a21c6 WebView/075113004008"
140.179.148.12 - - [26/Feb/2026:14:32:28 -0500] "GET /wp-includes/js/jquery/jquery.min.js?ver=3.7.1 HTTP/1.1" 200 29744 "https://www.middleeastoday.com/" "Mozilla/5.0 (Linux; Android 10; HD1900 Build/QKQ1.190716.003; wv) AppleWebKit/537.36 (KHTML, like Gecko) Version/4.0 Chrome/75.0.3770.156 Mobile Safari/537.36  aweme_230400 JsSdk/1.0 NetType/WIFI  AppName/aweme app_version/23.4.0 ByteLocale/zh-CN Region/CN AppSkin/white AppTheme/light BytedanceWebview/d8a21c6 WebView/075113004008"
71.137.7.189 - - [26/Feb/2026:14:32:28 -0500] "GET / HTTP/1.1" 200 32212 "-" "Mozilla/5.0 (Linux; Android 13; PFFM10 Build/TP1A.220905.001; wv) AppleWebKit/537.36 (KHTML, like Gecko) Version/4.0 Chrome/88.0.4324.181 Mobile Safari/537.36 aweme_250000 JsSdk/1.0 NetType/WIFI Channel/31725782a AppName/aweme app_version/25.0.0 ByteLocale/zh-CN Region/CN AppSkin/white AppTheme/light BULLET/1 BytedanceWebview/d8a21c6 TTWebView/0881130048402"
140.179.148.12 - - [26/Feb/2026:14:32:28 -0500] "GET /wp-includes/js/dist/hooks.min.js?ver=4d63a3d491d11ffd8ac6 HTTP/1.1" 200 1571 "https://www.middleeastoday.com/" "Mozilla/5.0 (Linux; Android 10; HD1900 Build/QKQ1.190716.003; wv) AppleWebKit/537.36 (KHTML, like Gecko) Version/4.0 Chrome/75.0.3770.156 Mobile Safari/537.36  aweme_230400 JsSdk/1.0 NetType/WIFI  AppName/aweme app_version/23.4.0 ByteLocale/zh-CN Region/CN AppSkin/white AppTheme/light BytedanceWebview/d8a21c6 WebView/075113004008"
71.137.7.189 - - [26/Feb/2026:14:32:28 -0500] "GET /wp-content/plugins/contact-form-7/includes/css/styles.css?ver=6.0.6 HTTP/1.1" 200 890 "https://www.middleeastoday.com/" "Mozilla/5.0 (Linux; Android 13; PFFM10 Build/TP1A.220905.001; wv) AppleWebKit/537.36 (KHTML, like Gecko) Version/4.0 Chrome/88.0.4324.181 Mobile Safari/537.36 aweme_250000 JsSdk/1.0 NetType/WIFI Channel/31725782a AppName/aweme app_version/25.0.0 ByteLocale/zh-CN Region/CN AppSkin/white AppTheme/light BULLET/1 BytedanceWebview/d8a21c6 TTWebView/0881130048402"
71.137.7.189 - - [26/Feb/2026:14:32:28 -0500] "GET /wp-content/plugins/elementor-1/assets/lib/eicons/css/elementor-icons.min.css?ver=5.29.0 HTTP/1.1" 200 3724 "https://www.middleeastoday.com/" "Mozilla/5.0 (Linux; Android 13; PFFM10 Build/TP1A.220905.001; wv) AppleWebKit/537.36 (KHTML, like Gecko) Version/4.0 Chrome/88.0.4324.181 Mobile Safari/537.36 aweme_250000 JsSdk/1.0 NetType/WIFI Channel/31725782a AppName/aweme app_version/25.0.0 ByteLocale/zh-CN Region/CN AppSkin/white AppTheme/light BULLET/1 BytedanceWebview/d8a21c6 TTWebView/0881130048402"
71.137.7.189 - - [26/Feb/2026:14:32:28 -0500] "GET /wp-content/plugins/elementor-1/assets/lib/swiper/v8/css/swiper.min.css?ver=8.4.5 HTTP/1.1" 200 4248 "https://www.middleeastoday.com/" "Mozilla/5.0 (Linux; Android 13; PFFM10 Build/TP1A.220905.001; wv) AppleWebKit/537.36 (KHTML, like Gecko) Version/4.0 Chrome/88.0.4324.181 Mobile Safari/537.36 aweme_250000 JsSdk/1.0 NetType/WIFI Channel/31725782a AppName/aweme app_version/25.0.0 ByteLocale/zh-CN Region/CN AppSkin/white AppTheme/light BULLET/1 BytedanceWebview/d8a21c6 TTWebView/0881130048402"
71.137.7.189 - - [26/Feb/2026:14:32:28 -0500] "GET /wp-content/plugins/elementor-pro/assets/css/frontend-lite.min.css?ver=3.6.5 HTTP/1.1" 200 1505 "https://www.middleeastoday.com/" "Mozilla/5.0 (Linux; Android 13; PFFM10 Build/TP1A.220905.001; wv) AppleWebKit/537.36 (KHTML, like Gecko) Version/4.0 Chrome/88.0.4324.181 Mobile Safari/537.36 aweme_250000 JsSdk/1.0 NetType/WIFI Channel/31725782a AppName/aweme app_version/25.0.0 ByteLocale/zh-CN Region/CN AppSkin/white AppTheme/light BULLET/1 BytedanceWebview/d8a21c6 TTWebView/0881130048402"
140.179.148.12 - - [26/Feb/2026:14:32:28 -0500] "GET /wp-content/plugins/elementskit-lite/modules/elementskit-icon-pack/assets/css/ekiticons.css?ver=3.5.0 HTTP/1.1" 200 11776 "https://www.middleeastoday.com/" "Mozilla/5.0 (Linux; Android 10; HD1900 Build/QKQ1.190716.003; wv) AppleWebKit/537.36 (KHTML, like Gecko) Version/4.0 Chrome/75.0.3770.156 Mobile Safari/537.36  aweme_230400 JsSdk/1.0 NetType/WIFI  AppName/aweme app_version/23.4.0 ByteLocale/zh-CN Region/CN AppSkin/white AppTheme/light BytedanceWebview/d8a21c6 WebView/075113004008"
140.179.148.12 - - [26/Feb/2026:14:32:28 -0500] "GET /wp-content/plugins/elementor-1/assets/lib/animations/animations.min.css?ver=3.21.1 HTTP/1.1" 200 2442 "https://www.middleeastoday.com/" "Mozilla/5.0 (Linux; Android 10; HD1900 Build/QKQ1.190716.003; wv) AppleWebKit/537.36 (KHTML, like Gecko) Version/4.0 Chrome/75.0.3770.156 Mobile Safari/537.36  aweme_230400 JsSdk/1.0 NetType/WIFI  AppName/aweme app_version/23.4.0 ByteLocale/zh-CN Region/CN AppSkin/white AppTheme/light BytedanceWebview/d8a21c6 WebView/075113004008"
71.137.7.189 - - [26/Feb/2026:14:32:28 -0500] "GET /wp-content/uploads/elementor/css/post-3932.css?ver=1762520240 HTTP/1.1" 200 1066 "https://www.middleeastoday.com/" "Mozilla/5.0 (Linux; Android 13; PFFM10 Build/TP1A.220905.001; wv) AppleWebKit/537.36 (KHTML, like Gecko) Version/4.0 Chrome/88.0.4324.181 Mobile Safari/537.36 aweme_250000 JsSdk/1.0 NetType/WIFI Channel/31725782a AppName/aweme app_version/25.0.0 ByteLocale/zh-CN Region/CN AppSkin/white AppTheme/light BULLET/1 BytedanceWebview/d8a21c6 TTWebView/0881130048402"
71.137.7.189 - - [26/Feb/2026:14:32:28 -0500] "GET /wp-content/plugins/accesspress-social-counter/css/fontawesome-all.css?ver=1.9.2 HTTP/1.1" 200 8084 "https://www.middleeastoday.com/" "Mozilla/5.0 (Linux; Android 13; PFFM10 Build/TP1A.220905.001; wv) AppleWebKit/537.36 (KHTML, like Gecko) Version/4.0 Chrome/88.0.4324.181 Mobile Safari/537.36 aweme_250000 JsSdk/1.0 NetType/WIFI Channel/31725782a AppName/aweme app_version/25.0.0 ByteLocale/zh-CN Region/CN AppSkin/white AppTheme/light BULLET/1 BytedanceWebview/d8a21c6 TTWebView/0881130048402"
71.137.7.189 - - [26/Feb/2026:14:32:28 -0500] "GET /wp-content/uploads/elementor/css/post-9.css?ver=1747657839 HTTP/1.1" 200 334 "https://www.middleeastoday.com/" "Mozilla/5.0 (Linux; Android 13; PFFM10 Build/TP1A.220905.001; wv) AppleWebKit/537.36 (KHTML, like Gecko) Version/4.0 Chrome/88.0.4324.181 Mobile Safari/537.36 aweme_250000 JsSdk/1.0 NetType/WIFI Channel/31725782a AppName/aweme app_version/25.0.0 ByteLocale/zh-CN Region/CN AppSkin/white AppTheme/light BULLET/1 BytedanceWebview/d8a21c6 TTWebView/0881130048402"
71.137.7.189 - - [26/Feb/2026:14:32:28 -0500] "GET /wp-content/themes/digiqole/assets/css/icon-font.css?ver=2.1.1 HTTP/1.1" 200 1106 "https://www.middleeastoday.com/" "Mozilla/5.0 (Linux; Android 13; PFFM10 Build/TP1A.220905.001; wv) AppleWebKit/537.36 (KHTML, like Gecko) Version/4.0 Chrome/88.0.4324.181 Mobile Safari/537.36 aweme_250000 JsSdk/1.0 NetType/WIFI Channel/31725782a AppName/aweme app_version/25.0.0 ByteLocale/zh-CN Region/CN AppSkin/white AppTheme/light BULLET/1 BytedanceWebview/d8a21c6 TTWebView/0881130048402"
71.137.7.189 - - [26/Feb/2026:14:32:28 -0500] "GET /wp-content/themes/digiqole/assets/css/all.css?ver=2.1.1 HTTP/1.1" 200 7048 "https://www.middleeastoday.com/" "Mozilla/5.0 (Linux; Android 13; PFFM10 Build/TP1A.220905.001; wv) AppleWebKit/537.36 (KHTML, like Gecko) Version/4.0 Chrome/88.0.4324.181 Mobile Safari/537.36 aweme_250000 JsSdk/1.0 NetType/WIFI Channel/31725782a AppName/aweme app_version/25.0.0 ByteLocale/zh-CN Region/CN AppSkin/white AppTheme/light BULLET/1 BytedanceWebview/d8a21c6 TTWebView/0881130048402"
71.137.7.189 - - [26/Feb/2026:14:32:28 -0500] "GET /wp-content/themes/digiqole/assets/css/bootstrap.min.css?ver=2.1.1 HTTP/1.1" 200 18543 "https://www.middleeastoday.com/" "Mozilla/5.0 (Linux; Android 13; PFFM10 Build/TP1A.220905.001; wv) AppleWebKit/537.36 (KHTML, like Gecko) Version/4.0 Chrome/88.0.4324.181 Mobile Safari/537.36 aweme_250000 JsSdk/1.0 NetType/WIFI Channel/31725782a AppName/aweme app_version/25.0.0 ByteLocale/zh-CN Region/CN AppSkin/white AppTheme/light BULLET/1 BytedanceWebview/d8a21c6 TTWebView/0881130048402"
71.137.7.189 - - [26/Feb/2026:14:32:28 -0500] "GET /wp-content/plugins/elementor-1/assets/css/frontend-lite.min.css?ver=3.21.1 HTTP/1.1" 200 13067 "https://www.middleeastoday.com/" "Mozilla/5.0 (Linux; Android 13; PFFM10 Build/TP1A.220905.001; wv) AppleWebKit/537.36 (KHTML, like Gecko) Version/4.0 Chrome/88.0.4324.181 Mobile Safari/537.36 aweme_250000 JsSdk/1.0 NetType/WIFI Channel/31725782a AppName/aweme app_version/25.0.0 ByteLocale/zh-CN Region/CN AppSkin/white AppTheme/light BULLET/1 BytedanceWebview/d8a21c6 TTWebView/0881130048402"
71.137.7.189 - - [26/Feb/2026:14:32:28 -0500] "GET /wp-content/plugins/elementskit-lite/modules/elementskit-icon-pack/assets/css/ekiticons.css?ver=3.5.0 HTTP/1.1" 200 11776 "https://www.middleeastoday.com/" "Mozilla/5.0 (Linux; Android 13; PFFM10 Build/TP1A.220905.001; wv) AppleWebKit/537.36 (KHTML, like Gecko) Version/4.0 Chrome/88.0.4324.181 Mobile Safari/537.36 aweme_250000 JsSdk/1.0 NetType/WIFI Channel/31725782a AppName/aweme app_version/25.0.0 ByteLocale/zh-CN Region/CN AppSkin/white AppTheme/light BULLET/1 BytedanceWebview/d8a21c6 TTWebView/0881130048402"
71.137.7.189 - - [26/Feb/2026:14:32:28 -0500] "GET /wp-includes/js/jquery/jquery-migrate.min.js?ver=3.4.1 HTTP/1.1" 200 4678 "https://www.middleeastoday.com/" "Mozilla/5.0 (Linux; Android 13; PFFM10 Build/TP1A.220905.001; wv) AppleWebKit/537.36 (KHTML, like Gecko) Version/4.0 Chrome/88.0.4324.181 Mobile Safari/537.36 aweme_250000 JsSdk/1.0 NetType/WIFI Channel/31725782a AppName/aweme app_version/25.0.0 ByteLocale/zh-CN Region/CN AppSkin/white AppTheme/light BULLET/1 BytedanceWebview/d8a21c6 TTWebView/0881130048402"
71.137.7.189 - - [26/Feb/2026:14:32:28 -0500] "GET /wp-content/plugins/elementor-pro/assets/css/widget-nav-menu.min.css HTTP/1.1" 200 3279 "https://www.middleeastoday.com/" "Mozilla/5.0 (Linux; Android 13; PFFM10 Build/TP1A.220905.001; wv) AppleWebKit/537.36 (KHTML, like Gecko) Version/4.0 Chrome/88.0.4324.181 Mobile Safari/537.36 aweme_250000 JsSdk/1.0 NetType/WIFI Channel/31725782a AppName/aweme app_version/25.0.0 ByteLocale/zh-CN Region/CN AppSkin/white AppTheme/light BULLET/1 BytedanceWebview/d8a21c6 TTWebView/0881130048402"
71.137.7.189 - - [26/Feb/2026:14:32:28 -0500] "GET /wp-content/uploads/2022/04/middle-east-today-logo-1-768x272.jpg HTTP/1.1" 200 17916 "https://www.middleeastoday.com/" "Mozilla/5.0 (Linux; Android 13; PFFM10 Build/TP1A.220905.001; wv) AppleWebKit/537.36 (KHTML, like Gecko) Version/4.0 Chrome/88.0.4324.181 Mobile Safari/537.36 aweme_250000 JsSdk/1.0 NetType/WIFI Channel/31725782a AppName/aweme app_version/25.0.0 ByteLocale/zh-CN Region/CN AppSkin/white AppTheme/light BULLET/1 BytedanceWebview/d8a21c6 TTWebView/0881130048402"
71.137.7.189 - - [26/Feb/2026:14:32:28 -0500] "GET /wp-content/themes/digiqole/assets/css/master.css?ver=2.1.1 HTTP/1.1" 200 43295 "https://www.middleeastoday.com/" "Mozilla/5.0 (Linux; Android 13; PFFM10 Build/TP1A.220905.001; wv) AppleWebKit/537.36 (KHTML, like Gecko) Version/4.0 Chrome/88.0.4324.181 Mobile Safari/537.36 aweme_250000 JsSdk/1.0 NetType/WIFI Channel/31725782a AppName/aweme app_version/25.0.0 ByteLocale/zh-CN Region/CN AppSkin/white AppTheme/light BULLET/1 BytedanceWebview/d8a21c6 TTWebView/0881130048402"
71.137.7.189 - - [26/Feb/2026:14:32:28 -0500] "GET /wp-content/uploads/elementor/css/global.css?ver=1747657840 HTTP/1.1" 200 3340 "https://www.middleeastoday.com/" "Mozilla/5.0 (Linux; Android 13; PFFM10 Build/TP1A.220905.001; wv) AppleWebKit/537.36 (KHTML, like Gecko) Version/4.0 Chrome/88.0.4324.181 Mobile Safari/537.36 aweme_250000 JsSdk/1.0 NetType/WIFI Channel/31725782a AppName/aweme app_version/25.0.0 ByteLocale/zh-CN Region/CN AppSkin/white AppTheme/light BULLET/1 BytedanceWebview/d8a21c6 TTWebView/0881130048402"
71.137.7.189 - - [26/Feb/2026:14:32:28 -0500] "GET /wp-content/plugins/accesspress-social-counter/css/frontend.css?ver=1.9.2 HTTP/1.1" 200 2295 "https://www.middleeastoday.com/" "Mozilla/5.0 (Linux; Android 13; PFFM10 Build/TP1A.220905.001; wv) AppleWebKit/537.36 (KHTML, like Gecko) Version/4.0 Chrome/88.0.4324.181 Mobile Safari/537.36 aweme_250000 JsSdk/1.0 NetType/WIFI Channel/31725782a AppName/aweme app_version/25.0.0 ByteLocale/zh-CN Region/CN AppSkin/white AppTheme/light BULLET/1 BytedanceWebview/d8a21c6 TTWebView/0881130048402"
71.137.7.189 - - [26/Feb/2026:14:32:28 -0500] "GET /wp-content/plugins/elementskit-lite/widgets/init/assets/css/responsive.css?ver=3.5.0 HTTP/1.1" 200 2859 "https://www.middleeastoday.com/" "Mozilla/5.0 (Linux; Android 13; PFFM10 Build/TP1A.220905.001; wv) AppleWebKit/537.36 (KHTML, like Gecko) Version/4.0 Chrome/88.0.4324.181 Mobile Safari/537.36 aweme_250000 JsSdk/1.0 NetType/WIFI Channel/31725782a AppName/aweme app_version/25.0.0 ByteLocale/zh-CN Region/CN AppSkin/white AppTheme/light BULLET/1 BytedanceWebview/d8a21c6 TTWebView/0881130048402"
71.137.7.189 - - [26/Feb/2026:14:32:28 -0500] "GET /wp-content/plugins/elementor-1/assets/lib/font-awesome/css/fontawesome.min.css?ver=5.15.3 HTTP/1.1" 200 12164 "https://www.middleeastoday.com/" "Mozilla/5.0 (Linux; Android 13; PFFM10 Build/TP1A.220905.001; wv) AppleWebKit/537.36 (KHTML, like Gecko) Version/4.0 Chrome/88.0.4324.181 Mobile Safari/537.36 aweme_250000 JsSdk/1.0 NetType/WIFI Channel/31725782a AppName/aweme app_version/25.0.0 ByteLocale/zh-CN Region/CN AppSkin/white AppTheme/light BULLET/1 BytedanceWebview/d8a21c6 TTWebView/0881130048402"
71.137.7.189 - - [26/Feb/2026:14:32:28 -0500] "GET /wp-content/plugins/elementor-1/assets/lib/font-awesome/css/solid.min.css?ver=5.15.3 HTTP/1.1" 200 286 "https://www.middleeastoday.com/" "Mozilla/5.0 (Linux; Android 13; PFFM10 Build/TP1A.220905.001; wv) AppleWebKit/537.36 (KHTML, like Gecko) Version/4.0 Chrome/88.0.4324.181 Mobile Safari/537.36 aweme_250000 JsSdk/1.0 NetType/WIFI Channel/31725782a AppName/aweme app_version/25.0.0 ByteLocale/zh-CN Region/CN AppSkin/white AppTheme/light BULLET/1 BytedanceWebview/d8a21c6 TTWebView/0881130048402"
71.137.7.189 - - [26/Feb/2026:14:32:28 -0500] "GET /wp-content/uploads/2022/04/64c2ad33-5b41-4d59-be1b-293b254ded91-768x119.jpeg HTTP/1.1" 200 18202 "https://www.middleeastoday.com/" "Mozilla/5.0 (Linux; Android 13; PFFM10 Build/TP1A.220905.001; wv) AppleWebKit/537.36 (KHTML, like Gecko) Version/4.0 Chrome/88.0.4324.181 Mobile Safari/537.36 aweme_250000 JsSdk/1.0 NetType/WIFI Channel/31725782a AppName/aweme app_version/25.0.0 ByteLocale/zh-CN Region/CN AppSkin/white AppTheme/light BULLET/1 BytedanceWebview/d8a21c6 TTWebView/0881130048402"
140.179.148.12 - - [26/Feb/2026:14:32:29 -0500] "GET /wp-content/plugins/contact-form-7/includes/swv/js/index.js?ver=6.0.6 HTTP/1.1" 200 3369 "https://www.middleeastoday.com/" "Mozilla/5.0 (Linux; Android 10; HD1900 Build/QKQ1.190716.003; wv) AppleWebKit/537.36 (KHTML, like Gecko) Version/4.0 Chrome/75.0.3770.156 Mobile Safari/537.36  aweme_230400 JsSdk/1.0 NetType/WIFI  AppName/aweme app_version/23.4.0 ByteLocale/zh-CN Region/CN AppSkin/white AppTheme/light BytedanceWebview/d8a21c6 WebView/075113004008"
71.137.7.189 - - [26/Feb/2026:14:32:28 -0500] "GET /wp-content/plugins/elementskit-lite/widgets/init/assets/css/widget-styles.css?ver=3.5.0 HTTP/1.1" 200 48223 "https://www.middleeastoday.com/" "Mozilla/5.0 (Linux; Android 13; PFFM10 Build/TP1A.220905.001; wv) AppleWebKit/537.36 (KHTML, like Gecko) Version/4.0 Chrome/88.0.4324.181 Mobile Safari/537.36 aweme_250000 JsSdk/1.0 NetType/WIFI Channel/31725782a AppName/aweme app_version/25.0.0 ByteLocale/zh-CN Region/CN AppSkin/white AppTheme/light BULLET/1 BytedanceWebview/d8a21c6 TTWebView/0881130048402"
71.137.7.189 - - [26/Feb/2026:14:32:28 -0500] "GET /wp-includes/js/jquery/jquery.min.js?ver=3.7.1 HTTP/1.1" 200 29744 "https://www.middleeastoday.com/" "Mozilla/5.0 (Linux; Android 13; PFFM10 Build/TP1A.220905.001; wv) AppleWebKit/537.36 (KHTML, like Gecko) Version/4.0 Chrome/88.0.4324.181 Mobile Safari/537.36 aweme_250000 JsSdk/1.0 NetType/WIFI Channel/31725782a AppName/aweme app_version/25.0.0 ByteLocale/zh-CN Region/CN AppSkin/white AppTheme/light BULLET/1 BytedanceWebview/d8a21c6 TTWebView/0881130048402"
140.179.148.12 - - [26/Feb/2026:14:32:28 -0500] "GET /wp-includes/js/dist/i18n.min.js?ver=5e580eb46a90c2b997e6 HTTP/1.1" 200 3542 "https://www.middleeastoday.com/" "Mozilla/5.0 (Linux; Android 10; HD1900 Build/QKQ1.190716.003; wv) AppleWebKit/537.36 (KHTML, like Gecko) Version/4.0 Chrome/75.0.3770.156 Mobile Safari/537.36  aweme_230400 JsSdk/1.0 NetType/WIFI  AppName/aweme app_version/23.4.0 ByteLocale/zh-CN Region/CN AppSkin/white AppTheme/light BytedanceWebview/d8a21c6 WebView/075113004008"
140.179.148.12 - - [26/Feb/2026:14:32:29 -0500] "GET /wp-content/plugins/contact-form-7/includes/js/index.js?ver=6.0.6 HTTP/1.1" 200 4008 "https://www.middleeastoday.com/" "Mozilla/5.0 (Linux; Android 10; HD1900 Build/QKQ1.190716.003; wv) AppleWebKit/537.36 (KHTML, like Gecko) Version/4.0 Chrome/75.0.3770.156 Mobile Safari/537.36  aweme_230400 JsSdk/1.0 NetType/WIFI  AppName/aweme app_version/23.4.0 ByteLocale/zh-CN Region/CN AppSkin/white AppTheme/light BytedanceWebview/d8a21c6 WebView/075113004008"
71.137.7.189 - - [26/Feb/2026:14:32:29 -0500] "GET /wp-includes/js/dist/i18n.min.js?ver=5e580eb46a90c2b997e6 HTTP/1.1" 200 3542 "https://www.middleeastoday.com/" "Mozilla/5.0 (Linux; Android 13; PFFM10 Build/TP1A.220905.001; wv) AppleWebKit/537.36 (KHTML, like Gecko) Version/4.0 Chrome/88.0.4324.181 Mobile Safari/537.36 aweme_250000 JsSdk/1.0 NetType/WIFI Channel/31725782a AppName/aweme app_version/25.0.0 ByteLocale/zh-CN Region/CN AppSkin/white AppTheme/light BULLET/1 BytedanceWebview/d8a21c6 TTWebView/0881130048402"
71.137.7.189 - - [26/Feb/2026:14:32:29 -0500] "GET /wp-content/themes/digiqole/assets/js/swiper.min.js?ver=2.1.1 HTTP/1.1" 200 34003 "https://www.middleeastoday.com/" "Mozilla/5.0 (Linux; Android 13; PFFM10 Build/TP1A.220905.001; wv) AppleWebKit/537.36 (KHTML, like Gecko) Version/4.0 Chrome/88.0.4324.181 Mobile Safari/537.36 aweme_250000 JsSdk/1.0 NetType/WIFI Channel/31725782a AppName/aweme app_version/25.0.0 ByteLocale/zh-CN Region/CN AppSkin/white AppTheme/light BULLET/1 BytedanceWebview/d8a21c6 TTWebView/0881130048402"
71.137.7.189 - - [26/Feb/2026:14:32:29 -0500] "GET /wp-content/themes/digiqole/assets/js/bootstrap.min.js?ver=2.1.1 HTTP/1.1" 200 12542 "https://www.middleeastoday.com/" "Mozilla/5.0 (Linux; Android 13; PFFM10 Build/TP1A.220905.001; wv) AppleWebKit/537.36 (KHTML, like Gecko) Version/4.0 Chrome/88.0.4324.181 Mobile Safari/537.36 aweme_250000 JsSdk/1.0 NetType/WIFI Channel/31725782a AppName/aweme app_version/25.0.0 ByteLocale/zh-CN Region/CN AppSkin/white AppTheme/light BULLET/1 BytedanceWebview/d8a21c6 TTWebView/0881130048402"
71.137.7.189 - - [26/Feb/2026:14:32:29 -0500] "GET /wp-content/plugins/elementor-1/assets/lib/animations/animations.min.css?ver=3.21.1 HTTP/1.1" 200 2442 "https://www.middleeastoday.com/" "Mozilla/5.0 (Linux; Android 13; PFFM10 Build/TP1A.220905.001; wv) AppleWebKit/537.36 (KHTML, like Gecko) Version/4.0 Chrome/88.0.4324.181 Mobile Safari/537.36 aweme_250000 JsSdk/1.0 NetType/WIFI Channel/31725782a AppName/aweme app_version/25.0.0 ByteLocale/zh-CN Region/CN AppSkin/white AppTheme/light BULLET/1 BytedanceWebview/d8a21c6 TTWebView/0881130048402"
71.137.7.189 - - [26/Feb/2026:14:32:29 -0500] "GET /wp-includes/js/dist/hooks.min.js?ver=4d63a3d491d11ffd8ac6 HTTP/1.1" 200 1571 "https://www.middleeastoday.com/" "Mozilla/5.0 (Linux; Android 13; PFFM10 Build/TP1A.220905.001; wv) AppleWebKit/537.36 (KHTML, like Gecko) Version/4.0 Chrome/88.0.4324.181 Mobile Safari/537.36 aweme_250000 JsSdk/1.0 NetType/WIFI Channel/31725782a AppName/aweme app_version/25.0.0 ByteLocale/zh-CN Region/CN AppSkin/white AppTheme/light BULLET/1 BytedanceWebview/d8a21c6 TTWebView/0881130048402"
71.137.7.189 - - [26/Feb/2026:14:32:29 -0500] "GET /wp-content/plugins/contact-form-7/includes/swv/js/index.js?ver=6.0.6 HTTP/1.1" 200 3369 "https://www.middleeastoday.com/" "Mozilla/5.0 (Linux; Android 13; PFFM10 Build/TP1A.220905.001; wv) AppleWebKit/537.36 (KHTML, like Gecko) Version/4.0 Chrome/88.0.4324.181 Mobile Safari/537.36 aweme_250000 JsSdk/1.0 NetType/WIFI Channel/31725782a AppName/aweme app_version/25.0.0 ByteLocale/zh-CN Region/CN AppSkin/white AppTheme/light BULLET/1 BytedanceWebview/d8a21c6 TTWebView/0881130048402"
71.137.7.189 - - [26/Feb/2026:14:32:29 -0500] "GET /wp-content/plugins/contact-form-7/includes/js/index.js?ver=6.0.6 HTTP/1.1" 200 4008 "https://www.middleeastoday.com/" "Mozilla/5.0 (Linux; Android 13; PFFM10 Build/TP1A.220905.001; wv) AppleWebKit/537.36 (KHTML, like Gecko) Version/4.0 Chrome/88.0.4324.181 Mobile Safari/537.36 aweme_250000 JsSdk/1.0 NetType/WIFI Channel/31725782a AppName/aweme app_version/25.0.0 ByteLocale/zh-CN Region/CN AppSkin/white AppTheme/light BULLET/1 BytedanceWebview/d8a21c6 TTWebView/0881130048402"
71.137.7.189 - - [26/Feb/2026:14:32:29 -0500] "GET /wp-content/plugins/elementskit-lite/libs/framework/assets/js/frontend-script.js?ver=3.5.0 HTTP/1.1" 200 40 "https://www.middleeastoday.com/" "Mozilla/5.0 (Linux; Android 13; PFFM10 Build/TP1A.220905.001; wv) AppleWebKit/537.36 (KHTML, like Gecko) Version/4.0 Chrome/88.0.4324.181 Mobile Safari/537.36 aweme_250000 JsSdk/1.0 NetType/WIFI Channel/31725782a AppName/aweme app_version/25.0.0 ByteLocale/zh-CN Region/CN AppSkin/white AppTheme/light BULLET/1 BytedanceWebview/d8a21c6 TTWebView/0881130048402"
71.137.7.189 - - [26/Feb/2026:14:32:29 -0500] "GET /wp-content/plugins/elementor-pro/assets/lib/smartmenus/jquery.smartmenus.min.js?ver=1.0.1 HTTP/1.1" 200 6935 "https://www.middleeastoday.com/" "Mozilla/5.0 (Linux; Android 13; PFFM10 Build/TP1A.220905.001; wv) AppleWebKit/537.36 (KHTML, like Gecko) Version/4.0 Chrome/88.0.4324.181 Mobile Safari/537.36 aweme_250000 JsSdk/1.0 NetType/WIFI Channel/31725782a AppName/aweme app_version/25.0.0 ByteLocale/zh-CN Region/CN AppSkin/white AppTheme/light BULLET/1 BytedanceWebview/d8a21c6 TTWebView/0881130048402"
71.137.7.189 - - [26/Feb/2026:14:32:29 -0500] "GET /wp-content/themes/digiqole/assets/js/fontfaceobserver.js?ver=1 HTTP/1.1" 200 2024 "https://www.middleeastoday.com/" "Mozilla/5.0 (Linux; Android 13; PFFM10 Build/TP1A.220905.001; wv) AppleWebKit/537.36 (KHTML, like Gecko) Version/4.0 Chrome/88.0.4324.181 Mobile Safari/537.36 aweme_250000 JsSdk/1.0 NetType/WIFI Channel/31725782a AppName/aweme app_version/25.0.0 ByteLocale/zh-CN Region/CN AppSkin/white AppTheme/light BULLET/1 BytedanceWebview/d8a21c6 TTWebView/0881130048402"
71.137.7.189 - - [26/Feb/2026:14:32:29 -0500] "GET /wp-content/plugins/elementor-1/assets/js/webpack.runtime.min.js?ver=3.21.1 HTTP/1.1" 200 2071 "https://www.middleeastoday.com/" "Mozilla/5.0 (Linux; Android 13; PFFM10 Build/TP1A.220905.001; wv) AppleWebKit/537.36 (KHTML, like Gecko) Version/4.0 Chrome/88.0.4324.181 Mobile Safari/537.36 aweme_250000 JsSdk/1.0 NetType/WIFI Channel/31725782a AppName/aweme app_version/25.0.0 ByteLocale/zh-CN Region/CN AppSkin/white AppTheme/light BULLET/1 BytedanceWebview/d8a21c6 TTWebView/0881130048402"
71.137.7.189 - - [26/Feb/2026:14:32:29 -0500] "GET /wp-content/plugins/elementskit-lite/widgets/init/assets/js/widget-scripts.js?ver=3.5.0 HTTP/1.1" 200 40425 "https://www.middleeastoday.com/" "Mozilla/5.0 (Linux; Android 13; PFFM10 Build/TP1A.220905.001; wv) AppleWebKit/537.36 (KHTML, like Gecko) Version/4.0 Chrome/88.0.4324.181 Mobile Safari/537.36 aweme_250000 JsSdk/1.0 NetType/WIFI Channel/31725782a AppName/aweme app_version/25.0.0 ByteLocale/zh-CN Region/CN AppSkin/white AppTheme/light BULLET/1 BytedanceWebview/d8a21c6 TTWebView/0881130048402"
71.137.7.189 - - [26/Feb/2026:14:32:29 -0500] "GET /wp-content/plugins/elementor-1/assets/js/frontend-modules.min.js?ver=3.21.1 HTTP/1.1" 200 17087 "https://www.middleeastoday.com/" "Mozilla/5.0 (Linux; Android 13; PFFM10 Build/TP1A.220905.001; wv) AppleWebKit/537.36 (KHTML, like Gecko) Version/4.0 Chrome/88.0.4324.181 Mobile Safari/537.36 aweme_250000 JsSdk/1.0 NetType/WIFI Channel/31725782a AppName/aweme app_version/25.0.0 ByteLocale/zh-CN Region/CN AppSkin/white AppTheme/light BULLET/1 BytedanceWebview/d8a21c6 TTWebView/0881130048402"
71.137.7.189 - - [26/Feb/2026:14:32:29 -0500] "GET /wp-content/plugins/elementor-1/assets/js/frontend.min.js?ver=3.21.1 HTTP/1.1" 200 11814 "https://www.middleeastoday.com/" "Mozilla/5.0 (Linux; Android 13; PFFM10 Build/TP1A.220905.001; wv) AppleWebKit/537.36 (KHTML, like Gecko) Version/4.0 Chrome/88.0.4324.181 Mobile Safari/537.36 aweme_250000 JsSdk/1.0 NetType/WIFI Channel/31725782a AppName/aweme app_version/25.0.0 ByteLocale/zh-CN Region/CN AppSkin/white AppTheme/light BULLET/1 BytedanceWebview/d8a21c6 TTWebView/0881130048402"
71.137.7.189 - - [26/Feb/2026:14:32:29 -0500] "GET /wp-content/plugins/elementskit-lite/widgets/init/assets/js/animate-circle.min.js?ver=3.5.0 HTTP/1.1" 200 393 "https://www.middleeastoday.com/" "Mozilla/5.0 (Linux; Android 13; PFFM10 Build/TP1A.220905.001; wv) AppleWebKit/537.36 (KHTML, like Gecko) Version/4.0 Chrome/88.0.4324.181 Mobile Safari/537.36 aweme_250000 JsSdk/1.0 NetType/WIFI Channel/31725782a AppName/aweme app_version/25.0.0 ByteLocale/zh-CN Region/CN AppSkin/white AppTheme/light BULLET/1 BytedanceWebview/d8a21c6 TTWebView/0881130048402"
71.137.7.189 - - [26/Feb/2026:14:32:29 -0500] "GET /wp-content/plugins/elementor-pro/assets/js/elements-handlers.min.js?ver=3.6.5 HTTP/1.1" 200 5254 "https://www.middleeastoday.com/" "Mozilla/5.0 (Linux; Android 13; PFFM10 Build/TP1A.220905.001; wv) AppleWebKit/537.36 (KHTML, like Gecko) Version/4.0 Chrome/88.0.4324.181 Mobile Safari/537.36 aweme_250000 JsSdk/1.0 NetType/WIFI Channel/31725782a AppName/aweme app_version/25.0.0 ByteLocale/zh-CN Region/CN AppSkin/white AppTheme/light BULLET/1 BytedanceWebview/d8a21c6 TTWebView/0881130048402"
71.137.7.189 - - [26/Feb/2026:14:32:29 -0500] "GET /wp-content/plugins/elementor-pro/assets/js/frontend.min.js?ver=3.6.5 HTTP/1.1" 200 5328 "https://www.middleeastoday.com/" "Mozilla/5.0 (Linux; Android 13; PFFM10 Build/TP1A.220905.001; wv) AppleWebKit/537.36 (KHTML, like Gecko) Version/4.0 Chrome/88.0.4324.181 Mobile Safari/537.36 aweme_250000 JsSdk/1.0 NetType/WIFI Channel/31725782a AppName/aweme app_version/25.0.0 ByteLocale/zh-CN Region/CN AppSkin/white AppTheme/light BULLET/1 BytedanceWebview/d8a21c6 TTWebView/0881130048402"
71.137.7.189 - - [26/Feb/2026:14:32:29 -0500] "GET /wp-content/plugins/elementor-pro/assets/js/webpack-pro.runtime.min.js?ver=3.6.5 HTTP/1.1" 200 2174 "https://www.middleeastoday.com/" "Mozilla/5.0 (Linux; Android 13; PFFM10 Build/TP1A.220905.001; wv) AppleWebKit/537.36 (KHTML, like Gecko) Version/4.0 Chrome/88.0.4324.181 Mobile Safari/537.36 aweme_250000 JsSdk/1.0 NetType/WIFI Channel/31725782a AppName/aweme app_version/25.0.0 ByteLocale/zh-CN Region/CN AppSkin/white AppTheme/light BULLET/1 BytedanceWebview/d8a21c6 TTWebView/0881130048402"
71.137.7.189 - - [26/Feb/2026:14:32:29 -0500] "GET /wp-content/themes/digiqole/assets/js/script.js?ver=2.1.1 HTTP/1.1" 200 3554 "https://www.middleeastoday.com/" "Mozilla/5.0 (Linux; Android 13; PFFM10 Build/TP1A.220905.001; wv) AppleWebKit/537.36 (KHTML, like Gecko) Version/4.0 Chrome/88.0.4324.181 Mobile Safari/537.36 aweme_250000 JsSdk/1.0 NetType/WIFI Channel/31725782a AppName/aweme app_version/25.0.0 ByteLocale/zh-CN Region/CN AppSkin/white AppTheme/light BULLET/1 BytedanceWebview/d8a21c6 TTWebView/0881130048402"
71.137.7.189 - - [26/Feb/2026:14:32:29 -0500] "GET /wp-includes/js/jquery/ui/core.min.js?ver=1.13.3 HTTP/1.1" 200 6812 "https://www.middleeastoday.com/" "Mozilla/5.0 (Linux; Android 13; PFFM10 Build/TP1A.220905.001; wv) AppleWebKit/537.36 (KHTML, like Gecko) Version/4.0 Chrome/88.0.4324.181 Mobile Safari/537.36 aweme_250000 JsSdk/1.0 NetType/WIFI Channel/31725782a AppName/aweme app_version/25.0.0 ByteLocale/zh-CN Region/CN AppSkin/white AppTheme/light BULLET/1 BytedanceWebview/d8a21c6 TTWebView/0881130048402"
71.137.7.189 - - [26/Feb/2026:14:32:29 -0500] "GET /wp-content/plugins/elementor-1/assets/lib/font-awesome/webfonts/fa-solid-900.woff2 HTTP/1.1" 200 78196 "https://www.middleeastoday.com/wp-content/plugins/elementor-1/assets/lib/font-awesome/css/solid.min.css?ver=5.15.3" "Mozilla/5.0 (Linux; Android 13; PFFM10 Build/TP1A.220905.001; wv) AppleWebKit/537.36 (KHTML, like Gecko) Version/4.0 Chrome/88.0.4324.181 Mobile Safari/537.36 aweme_250000 JsSdk/1.0 NetType/WIFI Channel/31725782a AppName/aweme app_version/25.0.0 ByteLocale/zh-CN Region/CN AppSkin/white AppTheme/light BULLET/1 BytedanceWebview/d8a21c6 TTWebView/0881130048402"
71.137.7.189 - - [26/Feb/2026:14:32:29 -0500] "GET /wp-content/uploads/2022/04/3438d600-470e-479e-b3da-282bf8dab043.jpg HTTP/1.1" 200 34912 "https://www.middleeastoday.com/" "Mozilla/5.0 (Linux; Android 13; PFFM10 Build/TP1A.220905.001; wv) AppleWebKit/537.36 (KHTML, like Gecko) Version/4.0 Chrome/88.0.4324.181 Mobile Safari/537.36 aweme_250000 JsSdk/1.0 NetType/WIFI Channel/31725782a AppName/aweme app_version/25.0.0 ByteLocale/zh-CN Region/CN AppSkin/white AppTheme/light BULLET/1 BytedanceWebview/d8a21c6 TTWebView/0881130048402"
71.137.7.189 - - [26/Feb/2026:14:32:29 -0500] "GET /wp-content/themes/digiqole/assets/js/elementor.js?ver=2.1.1 HTTP/1.1" 200 2472 "https://www.middleeastoday.com/" "Mozilla/5.0 (Linux; Android 13; PFFM10 Build/TP1A.220905.001; wv) AppleWebKit/537.36 (KHTML, like Gecko) Version/4.0 Chrome/88.0.4324.181 Mobile Safari/537.36 aweme_250000 JsSdk/1.0 NetType/WIFI Channel/31725782a AppName/aweme app_version/25.0.0 ByteLocale/zh-CN Region/CN AppSkin/white AppTheme/light BULLET/1 BytedanceWebview/d8a21c6 TTWebView/0881130048402"
71.137.7.189 - - [26/Feb/2026:14:32:29 -0500] "GET /wp-content/uploads/2023/01/knacTag.png HTTP/1.1" 200 17422 "https://www.middleeastoday.com/" "Mozilla/5.0 (Linux; Android 13; PFFM10 Build/TP1A.220905.001; wv) AppleWebKit/537.36 (KHTML, like Gecko) Version/4.0 Chrome/88.0.4324.181 Mobile Safari/537.36 aweme_250000 JsSdk/1.0 NetType/WIFI Channel/31725782a AppName/aweme app_version/25.0.0 ByteLocale/zh-CN Region/CN AppSkin/white AppTheme/light BULLET/1 BytedanceWebview/d8a21c6 TTWebView/0881130048402"
71.137.7.189 - - [26/Feb/2026:14:32:29 -0500] "GET /wp-content/plugins/elementskit-lite/widgets/init/assets/js/elementor.js?ver=3.5.0 HTTP/1.1" 200 5290 "https://www.middleeastoday.com/" "Mozilla/5.0 (Linux; Android 13; PFFM10 Build/TP1A.220905.001; wv) AppleWebKit/537.36 (KHTML, like Gecko) Version/4.0 Chrome/88.0.4324.181 Mobile Safari/537.36 aweme_250000 JsSdk/1.0 NetType/WIFI Channel/31725782a AppName/aweme app_version/25.0.0 ByteLocale/zh-CN Region/CN AppSkin/white AppTheme/light BULLET/1 BytedanceWebview/d8a21c6 TTWebView/0881130048402"
71.137.7.189 - - [26/Feb/2026:14:32:29 -0500] "GET /wp-content/themes/digiqole/assets/js/all.js?ver=1 HTTP/1.1" 200 35800 "https://www.middleeastoday.com/" "Mozilla/5.0 (Linux; Android 13; PFFM10 Build/TP1A.220905.001; wv) AppleWebKit/537.36 (KHTML, like Gecko) Version/4.0 Chrome/88.0.4324.181 Mobile Safari/537.36 aweme_250000 JsSdk/1.0 NetType/WIFI Channel/31725782a AppName/aweme app_version/25.0.0 ByteLocale/zh-CN Region/CN AppSkin/white AppTheme/light BULLET/1 BytedanceWebview/d8a21c6 TTWebView/0881130048402"
71.137.7.189 - - [26/Feb/2026:14:32:29 -0500] "GET /wp-content/plugins/elementor-1/assets/lib/waypoints/waypoints.min.js?ver=4.0.2 HTTP/1.1" 200 2867 "https://www.middleeastoday.com/" "Mozilla/5.0 (Linux; Android 13; PFFM10 Build/TP1A.220905.001; wv) AppleWebKit/537.36 (KHTML, like Gecko) Version/4.0 Chrome/88.0.4324.181 Mobile Safari/537.36 aweme_250000 JsSdk/1.0 NetType/WIFI Channel/31725782a AppName/aweme app_version/25.0.0 ByteLocale/zh-CN Region/CN AppSkin/white AppTheme/light BULLET/1 BytedanceWebview/d8a21c6 TTWebView/0881130048402"
71.137.7.189 - - [26/Feb/2026:14:32:29 -0500] "GET /wp-content/plugins/elementor-1/assets/lib/eicons/fonts/eicons.woff2?5.29.0 HTTP/1.1" 200 96924 "https://www.middleeastoday.com/wp-content/plugins/elementor-1/assets/lib/eicons/css/elementor-icons.min.css?ver=5.29.0" "Mozilla/5.0 (Linux; Android 13; PFFM10 Build/TP1A.220905.001; wv) AppleWebKit/537.36 (KHTML, like Gecko) Version/4.0 Chrome/88.0.4324.181 Mobile Safari/537.36 aweme_250000 JsSdk/1.0 NetType/WIFI Channel/31725782a AppName/aweme app_version/25.0.0 ByteLocale/zh-CN Region/CN AppSkin/white AppTheme/light BULLET/1 BytedanceWebview/d8a21c6 TTWebView/0881130048402"
140.179.148.12 - - [26/Feb/2026:14:32:29 -0500] "GET /wp-content/plugins/elementskit-lite/libs/framework/assets/js/frontend-script.js?ver=3.5.0 HTTP/1.1" 200 40 "https://www.middleeastoday.com/" "Mozilla/5.0 (Linux; Android 10; HD1900 Build/QKQ1.190716.003; wv) AppleWebKit/537.36 (KHTML, like Gecko) Version/4.0 Chrome/75.0.3770.156 Mobile Safari/537.36  aweme_230400 JsSdk/1.0 NetType/WIFI  AppName/aweme app_version/23.4.0 ByteLocale/zh-CN Region/CN AppSkin/white AppTheme/light BytedanceWebview/d8a21c6 WebView/075113004008"
71.137.7.189 - - [26/Feb/2026:14:32:29 -0500] "GET /wp-content/plugins/elementskit-lite/modules/elementskit-icon-pack/assets/fonts/elementskit.woff?y24e1e HTTP/1.1" 200 459560 "https://www.middleeastoday.com/wp-content/plugins/elementskit-lite/modules/elementskit-icon-pack/assets/css/ekiticons.css?ver=3.5.0" "Mozilla/5.0 (Linux; Android 13; PFFM10 Build/TP1A.220905.001; wv) AppleWebKit/537.36 (KHTML, like Gecko) Version/4.0 Chrome/88.0.4324.181 Mobile Safari/537.36 aweme_250000 JsSdk/1.0 NetType/WIFI Channel/31725782a AppName/aweme app_version/25.0.0 ByteLocale/zh-CN Region/CN AppSkin/white AppTheme/light BULLET/1 BytedanceWebview/d8a21c6 TTWebView/0881130048402"
71.137.7.189 - - [26/Feb/2026:14:32:29 -0500] "GET /wp-content/plugins/elementor-1/assets/js/video.d11c91c1b2b642a34601.bundle.min.js HTTP/1.1" 200 1188 "https://www.middleeastoday.com/" "Mozilla/5.0 (Linux; Android 13; PFFM10 Build/TP1A.220905.001; wv) AppleWebKit/537.36 (KHTML, like Gecko) Version/4.0 Chrome/88.0.4324.181 Mobile Safari/537.36 aweme_250000 JsSdk/1.0 NetType/WIFI Channel/31725782a AppName/aweme app_version/25.0.0 ByteLocale/zh-CN Region/CN AppSkin/white AppTheme/light BULLET/1 BytedanceWebview/d8a21c6 TTWebView/0881130048402"
