120.227.229.232 - - [26/Feb/2026:20:26:41 -0500] "GET /wp-content/plugins/elementor-1/assets/lib/swiper/v8/css/swiper.min.css?ver=8.4.5 HTTP/1.1" 200 4248 "https://www.middleeastoday.com/international-reports-real-estate-key-driver-of-uae-economic-growth/" "Mozilla/5.0 (Windows NT 10.0; Win64; x64) AppleWebKit/537.36 (KHTML, like Gecko) Chrome/139.0.0.0 Safari/537.36"
162.213.253.84 - - [26/Feb/2026:20:26:42 -0500] "POST /wp-admin/admin-ajax.php?action=async_litespeed&nonce=AAwdXOPO712w6Ty1MJS3j0i5IXjaynVS&litespeed_type=imgoptm HTTP/1.1" 200 21 "-" "WordPress/6.8.1; https://www.middleeastoday.com"
120.227.229.232 - - [26/Feb/2026:20:26:43 -0500] "GET /wp-content/plugins/elementor-pro/assets/css/frontend-lite.min.css?ver=3.6.5 HTTP/1.1" 200 1505 "https://www.middleeastoday.com/international-reports-real-estate-key-driver-of-uae-economic-growth/" "Mozilla/5.0 (Windows NT 10.0; Win64; x64) AppleWebKit/537.36 (KHTML, like Gecko) Chrome/139.0.0.0 Safari/537.36"
120.227.229.232 - - [26/Feb/2026:20:26:43 -0500] "GET /wp-content/plugins/elementor-1/assets/lib/animations/animations.min.css?ver=3.21.1 HTTP/1.1" 200 2442 "https://www.middleeastoday.com/international-reports-real-estate-key-driver-of-uae-economic-growth/" "Mozilla/5.0 (Windows NT 10.0; Win64; x64) AppleWebKit/537.36 (KHTML, like Gecko) Chrome/139.0.0.0 Safari/537.36"
120.227.229.232 - - [26/Feb/2026:20:26:44 -0500] "GET /wp-includes/js/dist/i18n.min.js?ver=5e580eb46a90c2b997e6 HTTP/1.1" 200 3542 "https://www.middleeastoday.com/international-reports-real-estate-key-driver-of-uae-economic-growth/" "Mozilla/5.0 (Windows NT 10.0; Win64; x64) AppleWebKit/537.36 (KHTML, like Gecko) Chrome/139.0.0.0 Safari/537.36"
120.227.229.232 - - [26/Feb/2026:20:26:46 -0500] "GET /wp-content/plugins/contact-form-7/includes/swv/js/index.js?ver=6.0.6 HTTP/1.1" 200 3369 "https://www.middleeastoday.com/international-reports-real-estate-key-driver-of-uae-economic-growth/" "Mozilla/5.0 (Windows NT 10.0; Win64; x64) AppleWebKit/537.36 (KHTML, like Gecko) Chrome/139.0.0.0 Safari/537.36"
120.227.229.232 - - [26/Feb/2026:20:26:46 -0500] "GET /wp-content/themes/digiqole/assets/js/bootstrap.min.js?ver=2.1.1 HTTP/1.1" 200 12542 "https://www.middleeastoday.com/international-reports-real-estate-key-driver-of-uae-economic-growth/" "Mozilla/5.0 (Windows NT 10.0; Win64; x64) AppleWebKit/537.36 (KHTML, like Gecko) Chrome/139.0.0.0 Safari/537.36"
120.227.229.232 - - [26/Feb/2026:20:26:44 -0500] "GET /wp-includes/js/dist/hooks.min.js?ver=4d63a3d491d11ffd8ac6 HTTP/1.1" 200 1571 "https://www.middleeastoday.com/international-reports-real-estate-key-driver-of-uae-economic-growth/" "Mozilla/5.0 (Windows NT 10.0; Win64; x64) AppleWebKit/537.36 (KHTML, like Gecko) Chrome/139.0.0.0 Safari/537.36"
120.227.229.232 - - [26/Feb/2026:20:26:46 -0500] "GET /wp-content/plugins/contact-form-7/includes/js/index.js?ver=6.0.6 HTTP/1.1" 200 4008 "https://www.middleeastoday.com/international-reports-real-estate-key-driver-of-uae-economic-growth/" "Mozilla/5.0 (Windows NT 10.0; Win64; x64) AppleWebKit/537.36 (KHTML, like Gecko) Chrome/139.0.0.0 Safari/537.36"
120.227.229.232 - - [26/Feb/2026:20:26:46 -0500] "GET /wp-content/plugins/elementskit-lite/libs/framework/assets/js/frontend-script.js?ver=3.5.0 HTTP/1.1" 200 40 "https://www.middleeastoday.com/international-reports-real-estate-key-driver-of-uae-economic-growth/" "Mozilla/5.0 (Windows NT 10.0; Win64; x64) AppleWebKit/537.36 (KHTML, like Gecko) Chrome/139.0.0.0 Safari/537.36"
120.227.229.232 - - [26/Feb/2026:20:26:46 -0500] "GET /wp-content/plugins/elementskit-lite/widgets/init/assets/js/widget-scripts.js?ver=3.5.0 HTTP/1.1" 200 40425 "https://www.middleeastoday.com/international-reports-real-estate-key-driver-of-uae-economic-growth/" "Mozilla/5.0 (Windows NT 10.0; Win64; x64) AppleWebKit/537.36 (KHTML, like Gecko) Chrome/139.0.0.0 Safari/537.36"
120.227.229.232 - - [26/Feb/2026:20:26:47 -0500] "GET /wp-content/themes/digiqole/assets/js/swiper.min.js?ver=2.1.1 HTTP/1.1" 200 34003 "https://www.middleeastoday.com/international-reports-real-estate-key-driver-of-uae-economic-growth/" "Mozilla/5.0 (Windows NT 10.0; Win64; x64) AppleWebKit/537.36 (KHTML, like Gecko) Chrome/139.0.0.0 Safari/537.36"
120.227.229.232 - - [26/Feb/2026:20:26:48 -0500] "GET /wp-content/themes/digiqole/assets/js/fontfaceobserver.js?ver=1 HTTP/1.1" 200 2024 "https://www.middleeastoday.com/international-reports-real-estate-key-driver-of-uae-economic-growth/" "Mozilla/5.0 (Windows NT 10.0; Win64; x64) AppleWebKit/537.36 (KHTML, like Gecko) Chrome/139.0.0.0 Safari/537.36"
120.227.229.232 - - [26/Feb/2026:20:26:48 -0500] "GET /wp-content/themes/digiqole/assets/js/script.js?ver=2.1.1 HTTP/1.1" 200 3554 "https://www.middleeastoday.com/international-reports-real-estate-key-driver-of-uae-economic-growth/" "Mozilla/5.0 (Windows NT 10.0; Win64; x64) AppleWebKit/537.36 (KHTML, like Gecko) Chrome/139.0.0.0 Safari/537.36"
120.227.229.232 - - [26/Feb/2026:20:26:48 -0500] "GET /wp-content/plugins/elementor-pro/assets/lib/smartmenus/jquery.smartmenus.min.js?ver=1.0.1 HTTP/1.1" 200 6935 "https://www.middleeastoday.com/international-reports-real-estate-key-driver-of-uae-economic-growth/" "Mozilla/5.0 (Windows NT 10.0; Win64; x64) AppleWebKit/537.36 (KHTML, like Gecko) Chrome/139.0.0.0 Safari/537.36"
120.227.229.232 - - [26/Feb/2026:20:26:48 -0500] "GET /wp-content/plugins/elementor-1/assets/js/webpack.runtime.min.js?ver=3.21.1 HTTP/1.1" 200 2071 "https://www.middleeastoday.com/international-reports-real-estate-key-driver-of-uae-economic-growth/" "Mozilla/5.0 (Windows NT 10.0; Win64; x64) AppleWebKit/537.36 (KHTML, like Gecko) Chrome/139.0.0.0 Safari/537.36"
120.227.229.232 - - [26/Feb/2026:20:26:48 -0500] "GET /wp-content/plugins/elementor-1/assets/js/frontend-modules.min.js?ver=3.21.1 HTTP/1.1" 200 17087 "https://www.middleeastoday.com/international-reports-real-estate-key-driver-of-uae-economic-growth/" "Mozilla/5.0 (Windows NT 10.0; Win64; x64) AppleWebKit/537.36 (KHTML, like Gecko) Chrome/139.0.0.0 Safari/537.36"
120.227.229.232 - - [26/Feb/2026:20:26:50 -0500] "GET /wp-content/plugins/elementskit-lite/widgets/init/assets/js/animate-circle.min.js?ver=3.5.0 HTTP/1.1" 200 393 "https://www.middleeastoday.com/international-reports-real-estate-key-driver-of-uae-economic-growth/" "Mozilla/5.0 (Windows NT 10.0; Win64; x64) AppleWebKit/537.36 (KHTML, like Gecko) Chrome/139.0.0.0 Safari/537.36"
120.227.229.232 - - [26/Feb/2026:20:26:48 -0500] "GET /wp-content/plugins/elementor-pro/assets/js/webpack-pro.runtime.min.js?ver=3.6.5 HTTP/1.1" 200 2174 "https://www.middleeastoday.com/international-reports-real-estate-key-driver-of-uae-economic-growth/" "Mozilla/5.0 (Windows NT 10.0; Win64; x64) AppleWebKit/537.36 (KHTML, like Gecko) Chrome/139.0.0.0 Safari/537.36"
120.227.229.232 - - [26/Feb/2026:20:26:48 -0500] "GET /wp-content/plugins/elementor-pro/assets/js/frontend.min.js?ver=3.6.5 HTTP/1.1" 200 5328 "https://www.middleeastoday.com/international-reports-real-estate-key-driver-of-uae-economic-growth/" "Mozilla/5.0 (Windows NT 10.0; Win64; x64) AppleWebKit/537.36 (KHTML, like Gecko) Chrome/139.0.0.0 Safari/537.36"
120.227.229.232 - - [26/Feb/2026:20:26:49 -0500] "GET /wp-content/plugins/elementor-1/assets/lib/waypoints/waypoints.min.js?ver=4.0.2 HTTP/1.1" 200 2867 "https://www.middleeastoday.com/international-reports-real-estate-key-driver-of-uae-economic-growth/" "Mozilla/5.0 (Windows NT 10.0; Win64; x64) AppleWebKit/537.36 (KHTML, like Gecko) Chrome/139.0.0.0 Safari/537.36"
120.227.229.232 - - [26/Feb/2026:20:26:49 -0500] "GET /wp-includes/js/jquery/ui/core.min.js?ver=1.13.3 HTTP/1.1" 200 6812 "https://www.middleeastoday.com/international-reports-real-estate-key-driver-of-uae-economic-growth/" "Mozilla/5.0 (Windows NT 10.0; Win64; x64) AppleWebKit/537.36 (KHTML, like Gecko) Chrome/139.0.0.0 Safari/537.36"
120.227.229.232 - - [26/Feb/2026:20:26:49 -0500] "GET /wp-content/plugins/elementor-1/assets/js/frontend.min.js?ver=3.21.1 HTTP/1.1" 200 11814 "https://www.middleeastoday.com/international-reports-real-estate-key-driver-of-uae-economic-growth/" "Mozilla/5.0 (Windows NT 10.0; Win64; x64) AppleWebKit/537.36 (KHTML, like Gecko) Chrome/139.0.0.0 Safari/537.36"
120.227.229.232 - - [26/Feb/2026:20:26:49 -0500] "GET /wp-content/plugins/elementor-pro/assets/js/elements-handlers.min.js?ver=3.6.5 HTTP/1.1" 200 5254 "https://www.middleeastoday.com/international-reports-real-estate-key-driver-of-uae-economic-growth/" "Mozilla/5.0 (Windows NT 10.0; Win64; x64) AppleWebKit/537.36 (KHTML, like Gecko) Chrome/139.0.0.0 Safari/537.36"
120.227.229.232 - - [26/Feb/2026:20:26:50 -0500] "GET /wp-content/themes/digiqole/assets/js/elementor.js?ver=2.1.1 HTTP/1.1" 200 2472 "https://www.middleeastoday.com/international-reports-real-estate-key-driver-of-uae-economic-growth/" "Mozilla/5.0 (Windows NT 10.0; Win64; x64) AppleWebKit/537.36 (KHTML, like Gecko) Chrome/139.0.0.0 Safari/537.36"
120.227.229.232 - - [26/Feb/2026:20:26:50 -0500] "GET /wp-content/plugins/elementskit-lite/widgets/init/assets/js/elementor.js?ver=3.5.0 HTTP/1.1" 200 5290 "https://www.middleeastoday.com/international-reports-real-estate-key-driver-of-uae-economic-growth/" "Mozilla/5.0 (Windows NT 10.0; Win64; x64) AppleWebKit/537.36 (KHTML, like Gecko) Chrome/139.0.0.0 Safari/537.36"
162.213.253.84 - - [26/Feb/2026:20:27:33 -0500] "POST /wp-cron.php?doing_wp_cron=1772155653.9285759925842285156250 HTTP/1.1" 200 0 "-" "WordPress/6.8.1; https://www.middleeastoday.com"
57.141.2.60 - - [26/Feb/2026:20:27:33 -0500] "GET /mohammed-bin-rashid-attends-fashion-friday-at-meydan-racecourse/ HTTP/1.1" 200 105922 "-" "meta-externalagent/1.1 (+https://developers.facebook.com/docs/sharing/webmasters/crawler)"
188.130.27.116 - - [26/Feb/2026:20:27:16 -0500] "POST /xmlrpc.php HTTP/1.1" 200 205 "-" "Mozilla/5.0 (Windows NT 10.0; WOW64; rv:60.0) Gecko/20100101 Firefox/60.0"
159.65.19.147 - - [26/Feb/2026:20:27:19 -0500] "POST /xmlrpc.php HTTP/1.1" 200 205 "-" "Mozilla/5.0 (Windows NT 10.0; WOW64; Trident/7.0; Touch; MAARJS; rv:11.0) like Gecko"
103.170.123.175 - - [26/Feb/2026:20:27:33 -0500] "POST /xmlrpc.php HTTP/1.1" 200 205 "-" "Mozilla/5.0 (Windows NT 10.0; WOW64; rv:60.0) Gecko/20100101 Firefox/60.0"
162.213.253.84 - - [26/Feb/2026:20:27:34 -0500] "POST /wp-admin/admin-ajax.php?action=async_litespeed&nonce=0YfMXgb2KYcNPoWeD4WeY9z1uwCxMc8o&litespeed_type=imgoptm HTTP/1.1" 200 21 "-" "WordPress/6.8.1; https://www.middleeastoday.com"
111.124.192.34 - - [26/Feb/2026:20:28:23 -0500] "GET /category/travel-tourism/destinations/ HTTP/1.1" 200 21637 "-" "Mozilla/5.0 (Windows NT 10.0; Win64; x64) AppleWebKit/537.36 (KHTML, like Gecko) Chrome/139.0.0.0 Safari/537.36"
111.124.192.34 - - [26/Feb/2026:20:28:24 -0500] "GET /wp-content/plugins/elementor-1/assets/css/frontend-lite.min.css?ver=3.21.1 HTTP/1.1" 200 13067 "https://www.middleeastoday.com/category/travel-tourism/destinations/" "Mozilla/5.0 (Windows NT 10.0; Win64; x64) AppleWebKit/537.36 (KHTML, like Gecko) Chrome/139.0.0.0 Safari/537.36"
111.124.192.34 - - [26/Feb/2026:20:28:24 -0500] "GET /wp-content/uploads/elementor/css/post-3932.css?ver=1762520240 HTTP/1.1" 200 1066 "https://www.middleeastoday.com/category/travel-tourism/destinations/" "Mozilla/5.0 (Windows NT 10.0; Win64; x64) AppleWebKit/537.36 (KHTML, like Gecko) Chrome/139.0.0.0 Safari/537.36"
111.124.192.34 - - [26/Feb/2026:20:28:24 -0500] "GET /wp-includes/css/dist/block-library/style.min.css?ver=6.8.1 HTTP/1.1" 200 14358 "https://www.middleeastoday.com/category/travel-tourism/destinations/" "Mozilla/5.0 (Windows NT 10.0; Win64; x64) AppleWebKit/537.36 (KHTML, like Gecko) Chrome/139.0.0.0 Safari/537.36"
111.124.192.34 - - [26/Feb/2026:20:28:24 -0500] "GET /wp-content/plugins/accesspress-social-counter/css/fontawesome-all.css?ver=1.9.2 HTTP/1.1" 200 8084 "https://www.middleeastoday.com/category/travel-tourism/destinations/" "Mozilla/5.0 (Windows NT 10.0; Win64; x64) AppleWebKit/537.36 (KHTML, like Gecko) Chrome/139.0.0.0 Safari/537.36"
111.124.192.34 - - [26/Feb/2026:20:28:24 -0500] "GET /wp-content/plugins/accesspress-social-counter/css/frontend.css?ver=1.9.2 HTTP/1.1" 200 2295 "https://www.middleeastoday.com/category/travel-tourism/destinations/" "Mozilla/5.0 (Windows NT 10.0; Win64; x64) AppleWebKit/537.36 (KHTML, like Gecko) Chrome/139.0.0.0 Safari/537.36"
111.124.192.34 - - [26/Feb/2026:20:28:24 -0500] "GET /wp-content/themes/digiqole/assets/css/all.css?ver=2.1.1 HTTP/1.1" 200 7048 "https://www.middleeastoday.com/category/travel-tourism/destinations/" "Mozilla/5.0 (Windows NT 10.0; Win64; x64) AppleWebKit/537.36 (KHTML, like Gecko) Chrome/139.0.0.0 Safari/537.36"
111.124.192.34 - - [26/Feb/2026:20:28:24 -0500] "GET /wp-content/themes/digiqole/assets/css/master.css?ver=2.1.1 HTTP/1.1" 200 43295 "https://www.middleeastoday.com/category/travel-tourism/destinations/" "Mozilla/5.0 (Windows NT 10.0; Win64; x64) AppleWebKit/537.36 (KHTML, like Gecko) Chrome/139.0.0.0 Safari/537.36"
111.124.192.34 - - [26/Feb/2026:20:28:24 -0500] "GET /wp-content/plugins/elementskit-lite/widgets/init/assets/css/widget-styles.css?ver=3.5.0 HTTP/1.1" 200 48223 "https://www.middleeastoday.com/category/travel-tourism/destinations/" "Mozilla/5.0 (Windows NT 10.0; Win64; x64) AppleWebKit/537.36 (KHTML, like Gecko) Chrome/139.0.0.0 Safari/537.36"
111.124.192.34 - - [26/Feb/2026:20:28:24 -0500] "GET /wp-content/plugins/elementor-1/assets/lib/font-awesome/css/solid.min.css?ver=5.15.3 HTTP/1.1" 200 286 "https://www.middleeastoday.com/category/travel-tourism/destinations/" "Mozilla/5.0 (Windows NT 10.0; Win64; x64) AppleWebKit/537.36 (KHTML, like Gecko) Chrome/139.0.0.0 Safari/537.36"
111.124.192.34 - - [26/Feb/2026:20:28:24 -0500] "GET /wp-includes/js/jquery/jquery.min.js?ver=3.7.1 HTTP/1.1" 200 29744 "https://www.middleeastoday.com/category/travel-tourism/destinations/" "Mozilla/5.0 (Windows NT 10.0; Win64; x64) AppleWebKit/537.36 (KHTML, like Gecko) Chrome/139.0.0.0 Safari/537.36"
111.124.192.34 - - [26/Feb/2026:20:28:24 -0500] "GET /wp-content/plugins/elementskit-lite/widgets/init/assets/css/responsive.css?ver=3.5.0 HTTP/1.1" 200 2859 "https://www.middleeastoday.com/category/travel-tourism/destinations/" "Mozilla/5.0 (Windows NT 10.0; Win64; x64) AppleWebKit/537.36 (KHTML, like Gecko) Chrome/139.0.0.0 Safari/537.36"
111.124.192.34 - - [26/Feb/2026:20:28:24 -0500] "GET /wp-content/themes/digiqole/assets/css/icon-font.css?ver=2.1.1 HTTP/1.1" 200 1106 "https://www.middleeastoday.com/category/travel-tourism/destinations/" "Mozilla/5.0 (Windows NT 10.0; Win64; x64) AppleWebKit/537.36 (KHTML, like Gecko) Chrome/139.0.0.0 Safari/537.36"
111.124.192.34 - - [26/Feb/2026:20:28:24 -0500] "GET /wp-content/plugins/contact-form-7/includes/css/styles.css?ver=6.0.6 HTTP/1.1" 200 890 "https://www.middleeastoday.com/category/travel-tourism/destinations/" "Mozilla/5.0 (Windows NT 10.0; Win64; x64) AppleWebKit/537.36 (KHTML, like Gecko) Chrome/139.0.0.0 Safari/537.36"
111.124.192.34 - - [26/Feb/2026:20:28:24 -0500] "GET /wp-content/themes/digiqole/assets/css/bootstrap.min.css?ver=2.1.1 HTTP/1.1" 200 18543 "https://www.middleeastoday.com/category/travel-tourism/destinations/" "Mozilla/5.0 (Windows NT 10.0; Win64; x64) AppleWebKit/537.36 (KHTML, like Gecko) Chrome/139.0.0.0 Safari/537.36"
111.124.192.34 - - [26/Feb/2026:20:28:24 -0500] "GET /wp-content/plugins/elementor-1/assets/lib/font-awesome/css/fontawesome.min.css?ver=5.15.3 HTTP/1.1" 200 12164 "https://www.middleeastoday.com/category/travel-tourism/destinations/" "Mozilla/5.0 (Windows NT 10.0; Win64; x64) AppleWebKit/537.36 (KHTML, like Gecko) Chrome/139.0.0.0 Safari/537.36"
111.124.192.34 - - [26/Feb/2026:20:28:24 -0500] "GET /wp-content/plugins/elementskit-lite/modules/elementskit-icon-pack/assets/css/ekiticons.css?ver=3.5.0 HTTP/1.1" 200 11776 "https://www.middleeastoday.com/category/travel-tourism/destinations/" "Mozilla/5.0 (Windows NT 10.0; Win64; x64) AppleWebKit/537.36 (KHTML, like Gecko) Chrome/139.0.0.0 Safari/537.36"
111.124.192.34 - - [26/Feb/2026:20:28:24 -0500] "GET /wp-content/plugins/elementor-pro/assets/css/widget-nav-menu.min.css HTTP/1.1" 200 3279 "https://www.middleeastoday.com/category/travel-tourism/destinations/" "Mozilla/5.0 (Windows NT 10.0; Win64; x64) AppleWebKit/537.36 (KHTML, like Gecko) Chrome/139.0.0.0 Safari/537.36"
111.124.192.34 - - [26/Feb/2026:20:28:26 -0500] "GET /wp-content/plugins/elementor-1/assets/lib/swiper/v8/css/swiper.min.css?ver=8.4.5 HTTP/1.1" 200 4248 "https://www.middleeastoday.com/category/travel-tourism/destinations/" "Mozilla/5.0 (Windows NT 10.0; Win64; x64) AppleWebKit/537.36 (KHTML, like Gecko) Chrome/139.0.0.0 Safari/537.36"
111.124.192.34 - - [26/Feb/2026:20:28:26 -0500] "GET /wp-content/plugins/elementor-pro/assets/css/frontend-lite.min.css?ver=3.6.5 HTTP/1.1" 200 1505 "https://www.middleeastoday.com/category/travel-tourism/destinations/" "Mozilla/5.0 (Windows NT 10.0; Win64; x64) AppleWebKit/537.36 (KHTML, like Gecko) Chrome/139.0.0.0 Safari/537.36"
111.124.192.34 - - [26/Feb/2026:20:28:26 -0500] "GET /wp-content/uploads/elementor/css/global.css?ver=1747657840 HTTP/1.1" 200 3340 "https://www.middleeastoday.com/category/travel-tourism/destinations/" "Mozilla/5.0 (Windows NT 10.0; Win64; x64) AppleWebKit/537.36 (KHTML, like Gecko) Chrome/139.0.0.0 Safari/537.36"
111.124.192.34 - - [26/Feb/2026:20:28:26 -0500] "GET /wp-content/plugins/elementor-1/assets/lib/animations/animations.min.css?ver=3.21.1 HTTP/1.1" 200 2442 "https://www.middleeastoday.com/category/travel-tourism/destinations/" "Mozilla/5.0 (Windows NT 10.0; Win64; x64) AppleWebKit/537.36 (KHTML, like Gecko) Chrome/139.0.0.0 Safari/537.36"
111.124.192.34 - - [26/Feb/2026:20:28:27 -0500] "GET /wp-includes/js/dist/i18n.min.js?ver=5e580eb46a90c2b997e6 HTTP/1.1" 200 3542 "https://www.middleeastoday.com/category/travel-tourism/destinations/" "Mozilla/5.0 (Windows NT 10.0; Win64; x64) AppleWebKit/537.36 (KHTML, like Gecko) Chrome/139.0.0.0 Safari/537.36"
111.124.192.34 - - [26/Feb/2026:20:28:27 -0500] "GET /wp-content/plugins/contact-form-7/includes/swv/js/index.js?ver=6.0.6 HTTP/1.1" 200 3369 "https://www.middleeastoday.com/category/travel-tourism/destinations/" "Mozilla/5.0 (Windows NT 10.0; Win64; x64) AppleWebKit/537.36 (KHTML, like Gecko) Chrome/139.0.0.0 Safari/537.36"
111.124.192.34 - - [26/Feb/2026:20:28:24 -0500] "GET /wp-includes/js/jquery/jquery-migrate.min.js?ver=3.4.1 HTTP/1.1" 200 4678 "https://www.middleeastoday.com/category/travel-tourism/destinations/" "Mozilla/5.0 (Windows NT 10.0; Win64; x64) AppleWebKit/537.36 (KHTML, like Gecko) Chrome/139.0.0.0 Safari/537.36"
111.124.192.34 - - [26/Feb/2026:20:28:24 -0500] "GET /wp-content/plugins/elementor-1/assets/lib/eicons/css/elementor-icons.min.css?ver=5.29.0 HTTP/1.1" 200 3724 "https://www.middleeastoday.com/category/travel-tourism/destinations/" "Mozilla/5.0 (Windows NT 10.0; Win64; x64) AppleWebKit/537.36 (KHTML, like Gecko) Chrome/139.0.0.0 Safari/537.36"
111.124.192.34 - - [26/Feb/2026:20:28:26 -0500] "GET /wp-content/uploads/elementor/css/post-9.css?ver=1747657839 HTTP/1.1" 200 334 "https://www.middleeastoday.com/category/travel-tourism/destinations/" "Mozilla/5.0 (Windows NT 10.0; Win64; x64) AppleWebKit/537.36 (KHTML, like Gecko) Chrome/139.0.0.0 Safari/537.36"
111.124.192.34 - - [26/Feb/2026:20:28:26 -0500] "GET /wp-includes/js/dist/hooks.min.js?ver=4d63a3d491d11ffd8ac6 HTTP/1.1" 200 1571 "https://www.middleeastoday.com/category/travel-tourism/destinations/" "Mozilla/5.0 (Windows NT 10.0; Win64; x64) AppleWebKit/537.36 (KHTML, like Gecko) Chrome/139.0.0.0 Safari/537.36"
111.124.192.34 - - [26/Feb/2026:20:28:27 -0500] "GET /wp-content/plugins/contact-form-7/includes/js/index.js?ver=6.0.6 HTTP/1.1" 200 4008 "https://www.middleeastoday.com/category/travel-tourism/destinations/" "Mozilla/5.0 (Windows NT 10.0; Win64; x64) AppleWebKit/537.36 (KHTML, like Gecko) Chrome/139.0.0.0 Safari/537.36"
111.124.192.34 - - [26/Feb/2026:20:28:27 -0500] "GET /wp-content/plugins/elementskit-lite/libs/framework/assets/js/frontend-script.js?ver=3.5.0 HTTP/1.1" 200 40 "https://www.middleeastoday.com/category/travel-tourism/destinations/" "Mozilla/5.0 (Windows NT 10.0; Win64; x64) AppleWebKit/537.36 (KHTML, like Gecko) Chrome/139.0.0.0 Safari/537.36"
111.124.192.34 - - [26/Feb/2026:20:28:27 -0500] "GET /wp-content/plugins/elementskit-lite/widgets/init/assets/js/widget-scripts.js?ver=3.5.0 HTTP/1.1" 200 40425 "https://www.middleeastoday.com/category/travel-tourism/destinations/" "Mozilla/5.0 (Windows NT 10.0; Win64; x64) AppleWebKit/537.36 (KHTML, like Gecko) Chrome/139.0.0.0 Safari/537.36"
111.124.192.34 - - [26/Feb/2026:20:28:27 -0500] "GET /wp-content/themes/digiqole/assets/js/bootstrap.min.js?ver=2.1.1 HTTP/1.1" 200 12542 "https://www.middleeastoday.com/category/travel-tourism/destinations/" "Mozilla/5.0 (Windows NT 10.0; Win64; x64) AppleWebKit/537.36 (KHTML, like Gecko) Chrome/139.0.0.0 Safari/537.36"
111.124.192.34 - - [26/Feb/2026:20:28:28 -0500] "GET /wp-content/themes/digiqole/assets/js/script.js?ver=2.1.1 HTTP/1.1" 200 3554 "https://www.middleeastoday.com/category/travel-tourism/destinations/" "Mozilla/5.0 (Windows NT 10.0; Win64; x64) AppleWebKit/537.36 (KHTML, like Gecko) Chrome/139.0.0.0 Safari/537.36"
111.124.192.34 - - [26/Feb/2026:20:28:28 -0500] "GET /wp-content/plugins/elementor-1/assets/js/webpack.runtime.min.js?ver=3.21.1 HTTP/1.1" 200 2071 "https://www.middleeastoday.com/category/travel-tourism/destinations/" "Mozilla/5.0 (Windows NT 10.0; Win64; x64) AppleWebKit/537.36 (KHTML, like Gecko) Chrome/139.0.0.0 Safari/537.36"
111.124.192.34 - - [26/Feb/2026:20:28:28 -0500] "GET /wp-content/plugins/elementor-1/assets/js/frontend-modules.min.js?ver=3.21.1 HTTP/1.1" 200 17087 "https://www.middleeastoday.com/category/travel-tourism/destinations/" "Mozilla/5.0 (Windows NT 10.0; Win64; x64) AppleWebKit/537.36 (KHTML, like Gecko) Chrome/139.0.0.0 Safari/537.36"
111.124.192.34 - - [26/Feb/2026:20:28:29 -0500] "GET /wp-content/plugins/elementor-1/assets/lib/waypoints/waypoints.min.js?ver=4.0.2 HTTP/1.1" 200 2867 "https://www.middleeastoday.com/category/travel-tourism/destinations/" "Mozilla/5.0 (Windows NT 10.0; Win64; x64) AppleWebKit/537.36 (KHTML, like Gecko) Chrome/139.0.0.0 Safari/537.36"
111.124.192.34 - - [26/Feb/2026:20:28:28 -0500] "GET /wp-content/themes/digiqole/assets/js/swiper.min.js?ver=2.1.1 HTTP/1.1" 200 34003 "https://www.middleeastoday.com/category/travel-tourism/destinations/" "Mozilla/5.0 (Windows NT 10.0; Win64; x64) AppleWebKit/537.36 (KHTML, like Gecko) Chrome/139.0.0.0 Safari/537.36"
111.124.192.34 - - [26/Feb/2026:20:28:28 -0500] "GET /wp-content/themes/digiqole/assets/js/fontfaceobserver.js?ver=1 HTTP/1.1" 200 2024 "https://www.middleeastoday.com/category/travel-tourism/destinations/" "Mozilla/5.0 (Windows NT 10.0; Win64; x64) AppleWebKit/537.36 (KHTML, like Gecko) Chrome/139.0.0.0 Safari/537.36"
111.124.192.34 - - [26/Feb/2026:20:28:28 -0500] "GET /wp-content/plugins/elementor-pro/assets/lib/smartmenus/jquery.smartmenus.min.js?ver=1.0.1 HTTP/1.1" 200 6935 "https://www.middleeastoday.com/category/travel-tourism/destinations/" "Mozilla/5.0 (Windows NT 10.0; Win64; x64) AppleWebKit/537.36 (KHTML, like Gecko) Chrome/139.0.0.0 Safari/537.36"
111.124.192.34 - - [26/Feb/2026:20:28:28 -0500] "GET /wp-content/plugins/elementor-pro/assets/js/webpack-pro.runtime.min.js?ver=3.6.5 HTTP/1.1" 200 2174 "https://www.middleeastoday.com/category/travel-tourism/destinations/" "Mozilla/5.0 (Windows NT 10.0; Win64; x64) AppleWebKit/537.36 (KHTML, like Gecko) Chrome/139.0.0.0 Safari/537.36"
111.124.192.34 - - [26/Feb/2026:20:28:28 -0500] "GET /wp-content/plugins/elementor-pro/assets/js/frontend.min.js?ver=3.6.5 HTTP/1.1" 200 5328 "https://www.middleeastoday.com/category/travel-tourism/destinations/" "Mozilla/5.0 (Windows NT 10.0; Win64; x64) AppleWebKit/537.36 (KHTML, like Gecko) Chrome/139.0.0.0 Safari/537.36"
111.124.192.34 - - [26/Feb/2026:20:28:29 -0500] "GET /wp-content/plugins/elementor-1/assets/js/frontend.min.js?ver=3.21.1 HTTP/1.1" 200 11814 "https://www.middleeastoday.com/category/travel-tourism/destinations/" "Mozilla/5.0 (Windows NT 10.0; Win64; x64) AppleWebKit/537.36 (KHTML, like Gecko) Chrome/139.0.0.0 Safari/537.36"
111.124.192.34 - - [26/Feb/2026:20:28:29 -0500] "GET /wp-content/plugins/elementor-pro/assets/js/elements-handlers.min.js?ver=3.6.5 HTTP/1.1" 200 5254 "https://www.middleeastoday.com/category/travel-tourism/destinations/" "Mozilla/5.0 (Windows NT 10.0; Win64; x64) AppleWebKit/537.36 (KHTML, like Gecko) Chrome/139.0.0.0 Safari/537.36"
111.124.192.34 - - [26/Feb/2026:20:28:29 -0500] "GET /wp-content/themes/digiqole/assets/js/elementor.js?ver=2.1.1 HTTP/1.1" 200 2472 "https://www.middleeastoday.com/category/travel-tourism/destinations/" "Mozilla/5.0 (Windows NT 10.0; Win64; x64) AppleWebKit/537.36 (KHTML, like Gecko) Chrome/139.0.0.0 Safari/537.36"
111.124.192.34 - - [26/Feb/2026:20:28:29 -0500] "GET /wp-content/plugins/elementskit-lite/widgets/init/assets/js/animate-circle.min.js?ver=3.5.0 HTTP/1.1" 200 393 "https://www.middleeastoday.com/category/travel-tourism/destinations/" "Mozilla/5.0 (Windows NT 10.0; Win64; x64) AppleWebKit/537.36 (KHTML, like Gecko) Chrome/139.0.0.0 Safari/537.36"
111.124.192.34 - - [26/Feb/2026:20:28:29 -0500] "GET /wp-content/plugins/elementskit-lite/widgets/init/assets/js/elementor.js?ver=3.5.0 HTTP/1.1" 200 5290 "https://www.middleeastoday.com/category/travel-tourism/destinations/" "Mozilla/5.0 (Windows NT 10.0; Win64; x64) AppleWebKit/537.36 (KHTML, like Gecko) Chrome/139.0.0.0 Safari/537.36"
188.130.27.116 - - [26/Feb/2026:20:30:15 -0500] "GET /wp-login.php HTTP/1.1" 200 1792 "-" "Mozilla/5.0 (Windows NT 6.1; rv:60.0) Gecko/20100101 Firefox/60.0"
188.130.27.116 - - [26/Feb/2026:20:30:15 -0500] "POST /wp-login.php HTTP/1.1" 200 1883 "https://middleeastoday.com/wp-login.php" "Mozilla/5.0 (Windows NT 6.1; rv:60.0) Gecko/20100101 Firefox/60.0"
209.188.31.24 - - [26/Feb/2026:20:30:18 -0500] "POST /xmlrpc.php HTTP/1.1" 200 205 "-" "Mozilla/5.0 (Windows NT 10.0; WOW64; rv:60.0) Gecko/20100101 Firefox/60.0"
162.213.253.84 - - [26/Feb/2026:20:30:52 -0500] "POST /wp-cron.php?doing_wp_cron=1772155852.3373761177062988281250 HTTP/1.1" 200 0 "-" "WordPress/6.8.1; https://www.middleeastoday.com"
103.56.163.133 - - [26/Feb/2026:20:30:55 -0500] "POST /xmlrpc.php HTTP/1.1" 200 205 "-" "Mozilla/5.0 (Windows NT 10.0; WOW64; Trident/7.0; Touch; MAARJS; rv:11.0) like Gecko"
162.213.253.84 - - [26/Feb/2026:20:31:31 -0500] "POST /wp-cron.php?doing_wp_cron=1772155891.0693180561065673828125 HTTP/1.1" 200 0 "-" "WordPress/6.8.1; https://www.middleeastoday.com"
213.160.71.30 - - [26/Feb/2026:20:31:30 -0500] "POST /xmlrpc.php HTTP/1.1" 200 205 "-" "Mozilla/5.0 (Windows NT 6.1; WOW64; Trident/7.0; BOIE9;ENCA; rv:11.0) like Gecko"
162.213.253.84 - - [26/Feb/2026:20:31:50 -0500] "POST /wp-cron.php?doing_wp_cron=1772155910.4386069774627685546875 HTTP/1.1" 200 0 "-" "WordPress/6.8.1; https://www.middleeastoday.com"
125.212.243.237 - - [26/Feb/2026:20:31:49 -0500] "POST /xmlrpc.php HTTP/1.1" 200 205 "-" "Mozilla/5.0 (Macintosh; Intel Mac OS X 10_13_5) AppleWebKit/537.36 (KHTML, like Gecko) Chrome/67.0.3396.79 Safari/537.36"
179.108.84.136 - - [26/Feb/2026:20:31:54 -0500] "POST /xmlrpc.php HTTP/1.1" 200 205 "-" "Mozilla/5.0 (Windows NT 10.0; WOW64; Trident/7.0; MDDRJS; rv:11.0) like Gecko"
54.39.89.16 - - [26/Feb/2026:20:32:06 -0500] "GET /wp-sitemap.xml HTTP/1.1" 200 223 "-" "Mozilla/5.0 (compatible; AhrefsBot/7.0; +http://ahrefs.com/robot/)"
103.145.51.107 - - [26/Feb/2026:20:32:21 -0500] "POST /xmlrpc.php HTTP/1.1" 200 205 "-" "Mozilla/5.0 (Windows NT 6.1; Win64; x64) AppleWebKit/537.36 (KHTML, like Gecko) Chrome/66.0.3359.139 Safari/537.36"
54.39.136.118 - - [26/Feb/2026:20:32:25 -0500] "GET /wp-sitemap-posts-elementskit_template-1.xml HTTP/1.1" 200 203 "-" "Mozilla/5.0 (compatible; AhrefsBot/7.0; +http://ahrefs.com/robot/)"
51.222.95.187 - - [26/Feb/2026:20:32:32 -0500] "GET /wp-sitemap-taxonomies-category-1.xml HTTP/1.1" 200 398 "-" "Mozilla/5.0 (compatible; AhrefsBot/7.0; +http://ahrefs.com/robot/)"
142.44.220.208 - - [26/Feb/2026:20:32:39 -0500] "GET /wp-sitemap-taxonomies-post_tag-1.xml HTTP/1.1" 200 169 "-" "Mozilla/5.0 (compatible; AhrefsBot/7.0; +http://ahrefs.com/robot/)"
142.44.228.79 - - [26/Feb/2026:20:32:45 -0500] "GET /wp-sitemap-taxonomies-post_format-1.xml HTTP/1.1" 200 171 "-" "Mozilla/5.0 (compatible; AhrefsBot/7.0; +http://ahrefs.com/robot/)"
148.113.130.216 - - [26/Feb/2026:20:32:52 -0500] "GET /wp-sitemap-users-1.xml HTTP/1.1" 200 161 "-" "Mozilla/5.0 (compatible; AhrefsBot/7.0; +http://ahrefs.com/robot/)"
162.213.253.84 - - [26/Feb/2026:20:32:58 -0500] "POST /wp-admin/admin-ajax.php?action=async_litespeed&nonce=Thn71t36TLrC3LAf2pKWVDkTz93O5Zff&litespeed_type=imgoptm HTTP/1.1" 200 21 "-" "WordPress/6.8.1; https://www.middleeastoday.com"
162.213.253.84 - - [26/Feb/2026:20:33:25 -0500] "POST /wp-cron.php?doing_wp_cron=1772156005.6543378829956054687500 HTTP/1.1" 200 0 "-" "WordPress/6.8.1; https://www.middleeastoday.com"
114.119.137.153 - - [26/Feb/2026:20:33:25 -0500] "GET /page/3/ HTTP/1.1" 200 38699 "https://www.middleeastoday.com/page/3" "Mozilla/5.0 (Linux; Android 7.0;) AppleWebKit/537.36 (KHTML, like Gecko) Mobile Safari/537.36 (compatible; PetalBot;+https://webmaster.petalsearch.com/site/petalbot)"
162.213.253.84 - - [26/Feb/2026:20:33:26 -0500] "POST /wp-admin/admin-ajax.php?action=async_litespeed&nonce=douPWHtQ0ewxPfFCoIrPb1LN143p2zCC&litespeed_type=imgoptm HTTP/1.1" 200 21 "-" "WordPress/6.8.1; https://www.middleeastoday.com"
177.47.202.146 - - [26/Feb/2026:20:34:02 -0500] "GET /dubai-records-thumping-aed1-2-bn-worth-of-realty-transactions-monday/ HTTP/1.1" 200 22880 "-" "Mozilla/5.0 (Windows NT 10.0; Win64; x64) AppleWebKit/537.36 (KHTML, like Gecko) Chrome/118.0.0.0 Safari/537.36"
157.230.226.169 - - [26/Feb/2026:20:34:09 -0500] "POST /wp-login.php HTTP/1.1" 200 1883 "https://middleeastoday.com/wp-login.php" "Mozilla/5.0 (Windows NT 5.1; Win64; x64) AppleWebKit/537.36 (KHTML, like Gecko) Chrome/66.0.3359.117 Safari/537.36"
114.119.141.228 - - [26/Feb/2026:20:34:52 -0500] "GET /page/16/ HTTP/1.1" 200 38601 "-" "Mozilla/5.0 (Linux; Android 7.0;) AppleWebKit/537.36 (KHTML, like Gecko) Mobile Safari/537.36 (compatible; PetalBot;+https://webmaster.petalsearch.com/site/petalbot)"
111.124.192.34 - - [26/Feb/2026:20:28:29 -0500] "GET /wp-includes/js/jquery/ui/core.min.js?ver=1.13.3 HTTP/1.1" 200 6812 "https://www.middleeastoday.com/category/travel-tourism/destinations/" "Mozilla/5.0 (Windows NT 10.0; Win64; x64) AppleWebKit/537.36 (KHTML, like Gecko) Chrome/139.0.0.0 Safari/537.36"
111.124.192.34 - - [26/Feb/2026:20:28:30 -0500] "GET /wp-content/themes/digiqole/assets/js/all.js?ver=1 HTTP/1.1" 200 35800 "https://www.middleeastoday.com/category/travel-tourism/destinations/" "Mozilla/5.0 (Windows NT 10.0; Win64; x64) AppleWebKit/537.36 (KHTML, like Gecko) Chrome/139.0.0.0 Safari/537.36"
116.202.244.177 - - [26/Feb/2026:20:30:51 -0500] "POST /xmlrpc.php HTTP/1.1" 200 205 "-" "Mozilla/5.0 (Windows NT 6.3; WOW64) AppleWebKit/537.36 (KHTML, like Gecko) Chrome/66.0.3359.139 Safari/537.36"
162.213.253.84 - - [26/Feb/2026:20:31:31 -0500] "POST /wp-admin/admin-ajax.php?action=async_litespeed&nonce=7AHyFEbHlpRpyUGrRGz28R6qrNAmUc9f&litespeed_type=imgoptm HTTP/1.1" 200 21 "-" "WordPress/6.8.1; https://www.middleeastoday.com"
51.161.65.34 - - [26/Feb/2026:20:32:12 -0500] "GET /wp-sitemap-posts-post-1.xml HTTP/1.1" 200 35382 "-" "Mozilla/5.0 (compatible; AhrefsBot/7.0; +http://ahrefs.com/robot/)"
15.235.27.166 - - [26/Feb/2026:20:32:19 -0500] "GET /wp-sitemap-posts-page-1.xml HTTP/1.1" 200 210 "-" "Mozilla/5.0 (compatible; AhrefsBot/7.0; +http://ahrefs.com/robot/)"
162.213.253.84 - - [26/Feb/2026:20:32:57 -0500] "POST /wp-cron.php?doing_wp_cron=1772155977.6674358844757080078125 HTTP/1.1" 200 0 "-" "WordPress/6.8.1; https://www.middleeastoday.com"
211.47.74.19 - - [26/Feb/2026:20:32:56 -0500] "POST /xmlrpc.php HTTP/1.1" 200 205 "-" "Mozilla/5.0 (Macintosh; Intel Mac OS X 10_13_5) AppleWebKit/537.36 (KHTML, like Gecko) Chrome/67.0.3396.79 Safari/537.36"
185.106.31.93 - - [26/Feb/2026:20:34:06 -0500] "GET /dubai-records-thumping-aed1-2-bn-worth-of-realty-transactions-monday/ HTTP/1.1" 200 22880 "-" "Mozilla/5.0 (Macintosh; Intel Mac OS X 10_15_7) AppleWebKit/537.36 (KHTML, like Gecko) Chrome/119.0.0.0 Safari/537.36"
193.233.123.105 - - [26/Feb/2026:20:34:09 -0500] "GET /dubai-records-thumping-aed1-2-bn-worth-of-realty-transactions-monday/ HTTP/1.1" 200 22880 "-" "Mozilla/5.0 (Macintosh; Intel Mac OS X 10.15; rv:121.0) Gecko/20100101 Firefox/121.0"
157.230.226.169 - - [26/Feb/2026:20:34:09 -0500] "GET /wp-login.php HTTP/1.1" 200 1792 "-" "Mozilla/5.0 (Windows NT 5.1; Win64; x64) AppleWebKit/537.36 (KHTML, like Gecko) Chrome/66.0.3359.117 Safari/537.36"
162.213.253.84 - - [26/Feb/2026:20:34:51 -0500] "POST /wp-cron.php?doing_wp_cron=1772156091.4084379673004150390625 HTTP/1.1" 200 0 "-" "WordPress/6.8.1; https://www.middleeastoday.com"
114.119.141.228 - - [26/Feb/2026:20:34:50 -0500] "GET /page/16 HTTP/1.1" 301 0 "-" "Mozilla/5.0 (Linux; Android 7.0;) AppleWebKit/537.36 (KHTML, like Gecko) Mobile Safari/537.36 (compatible; PetalBot;+https://webmaster.petalsearch.com/site/petalbot)"
162.213.253.84 - - [26/Feb/2026:20:34:51 -0500] "POST /wp-admin/admin-ajax.php?action=async_litespeed&nonce=bKtcbfwv9mdoKsWTZ1l2fIL2afhpguFb&litespeed_type=imgoptm HTTP/1.1" 200 21 "-" "WordPress/6.8.1; https://www.middleeastoday.com"
65.254.95.236 - - [26/Feb/2026:20:35:00 -0500] "POST /xmlrpc.php HTTP/1.1" 200 205 "-" "Mozilla/5.0 (Macintosh; Intel Mac OS X 10_13_5) AppleWebKit/537.36 (KHTML, like Gecko) Chrome/67.0.3396.79 Safari/537.36"
162.213.253.84 - - [26/Feb/2026:20:35:35 -0500] "POST /wp-cron.php?doing_wp_cron=1772156135.6879639625549316406250 HTTP/1.1" 200 0 "-" "WordPress/6.8.1; https://www.middleeastoday.com"
57.141.2.58 - - [26/Feb/2026:20:35:35 -0500] "GET /abdullah-bin-zayed-lavrov-discuss-uae-russia-strategic-partnership/ HTTP/1.1" 200 107261 "-" "meta-externalagent/1.1 (+https://developers.facebook.com/docs/sharing/webmasters/crawler)"
162.213.253.84 - - [26/Feb/2026:20:35:36 -0500] "POST /wp-admin/admin-ajax.php?action=async_litespeed&nonce=HGFeBbQnLeSQeWAiHkEXlGaiInAeujYz&litespeed_type=imgoptm HTTP/1.1" 200 21 "-" "WordPress/6.8.1; https://www.middleeastoday.com"
3.214.176.44 - - [26/Feb/2026:20:36:09 -0500] "GET /romain-gerardin-fresse-wins-emirates-finest-business-awards/ HTTP/1.1" 200 24628 "-" "Mozilla/5.0 AppleWebKit/537.36 (KHTML, like Gecko; compatible; Amazonbot/0.1; +https://developer.amazon.com/support/amazonbot) Chrome/119.0.6045.214 Safari/537.36"
114.119.138.37 - - [26/Feb/2026:20:36:15 -0500] "GET /al-jalila-childrens-specialty-hospital-gulf-scientific-corporation-launch-pharmacogenomic-pilot-study/ HTTP/1.1" 200 26316 "https://www.middleeastoday.com/?p=9435" "Mozilla/5.0 (Linux; Android 7.0;) AppleWebKit/537.36 (KHTML, like Gecko) Mobile Safari/537.36 (compatible; PetalBot;+https://webmaster.petalsearch.com/site/petalbot)"
52.71.216.196 - - [26/Feb/2026:20:36:21 -0500] "GET /wp-json/wp/v2/posts/10396 HTTP/1.1" 200 3780 "-" "Mozilla/5.0 AppleWebKit/537.36 (KHTML, like Gecko; compatible; Amazonbot/0.1; +https://developer.amazon.com/support/amazonbot) Chrome/119.0.6045.214 Safari/537.36"
34.206.193.60 - - [26/Feb/2026:20:36:33 -0500] "GET /wp-json/oembed/1.0/embed?format=xml&url=https://www.middleeastoday.com/fourth-edition-of-jewels-of-emirates-show-kicks-off-in-sharjah/ HTTP/1.1" 200 1289 "-" "Mozilla/5.0 AppleWebKit/537.36 (KHTML, like Gecko; compatible; Amazonbot/0.1; +https://developer.amazon.com/support/amazonbot) Chrome/119.0.6045.214 Safari/537.36"
18.215.49.176 - - [26/Feb/2026:20:36:37 -0500] "GET /wp-json/oembed/1.0/embed?format=xml&url=https://www.middleeastoday.com/weekly-real-estate-and-properties-transactions-worth-aed-6-3-bn-recorded-in-dubai/ HTTP/1.1" 200 1290 "-" "Mozilla/5.0 AppleWebKit/537.36 (KHTML, like Gecko; compatible; Amazonbot/0.1; +https://developer.amazon.com/support/amazonbot) Chrome/119.0.6045.214 Safari/537.36"
162.213.253.84 - - [26/Feb/2026:20:37:38 -0500] "POST /wp-cron.php?doing_wp_cron=1772156258.5283610820770263671875 HTTP/1.1" 200 0 "-" "WordPress/6.8.1; https://www.middleeastoday.com"
162.213.253.84 - - [26/Feb/2026:20:37:39 -0500] "POST /wp-admin/admin-ajax.php?action=async_litespeed&nonce=fesYpEO0rYBPKs9SJBwUZpQ3J6XKeWpN&litespeed_type=imgoptm HTTP/1.1" 200 21 "-" "WordPress/6.8.1; https://www.middleeastoday.com"
114.119.141.228 - - [26/Feb/2026:20:37:40 -0500] "GET /dubai-silicon-oasis-to-host-its-first-e-sports-event-in-october/ HTTP/1.1" 200 24104 "https://www.middleeastoday.com/?p=8777" "Mozilla/5.0 (Linux; Android 7.0;) AppleWebKit/537.36 (KHTML, like Gecko) Mobile Safari/537.36 (compatible; PetalBot;+https://webmaster.petalsearch.com/site/petalbot)"
185.191.171.19 - - [26/Feb/2026:20:37:56 -0500] "GET /abu-dhabi-international-hunting-and-equestrian-exhibition-launches-specialised-heritage-art-competitions/ HTTP/1.1" 200 24762 "-" "Mozilla/5.0 (compatible; SemrushBot/7~bl; +http://www.semrush.com/bot.html)"
177.10.117.1 - - [26/Feb/2026:20:38:06 -0500] "GET /category/national-news/page/28/ HTTP/1.1" 200 23688 "-" "Mozilla/5.0 (Macintosh; Intel Mac OS X 10_15_7) AppleWebKit/537.36 (KHTML, like Gecko) Chrome/120.0.0.0 Safari/537.36"
209.188.31.24 - - [26/Feb/2026:20:38:16 -0500] "POST /xmlrpc.php HTTP/1.1" 200 205 "-" "Mozilla/5.0 (Windows NT 6.1; Win64; x64) AppleWebKit/537.36 (KHTML, like Gecko) Chrome/66.0.3359.139 Safari/537.36"
50.6.171.139 - - [26/Feb/2026:20:38:36 -0500] "POST /xmlrpc.php HTTP/1.1" 200 205 "-" "Mozilla/5.0 (Windows NT 10.0; WOW64; Trident/7.0; MASMJS; rv:11.0) like Gecko"
162.213.253.84 - - [26/Feb/2026:20:38:57 -0500] "POST /wp-cron.php?doing_wp_cron=1772156337.6021370887756347656250 HTTP/1.1" 200 0 "-" "WordPress/6.8.1; https://www.middleeastoday.com"
64.227.135.166 - - [26/Feb/2026:20:38:56 -0500] "POST /xmlrpc.php HTTP/1.1" 200 205 "-" "Mozilla/5.0 (Windows NT 10.0; WOW64; rv:60.0) Gecko/20100101 Firefox/60.0"
85.208.96.198 - - [26/Feb/2026:20:39:29 -0500] "GET /kerala-offers-huge-investment-avenues-in-tourism-sector-tourism-minister/ HTTP/1.1" 200 23603 "-" "Mozilla/5.0 (compatible; SemrushBot/7~bl; +http://www.semrush.com/bot.html)"
162.213.253.84 - - [26/Feb/2026:20:35:00 -0500] "POST /wp-cron.php?doing_wp_cron=1772156100.6736590862274169921875 HTTP/1.1" 200 0 "-" "WordPress/6.8.1; https://www.middleeastoday.com"
85.208.96.195 - - [26/Feb/2026:20:36:09 -0500] "GET /category/music-concerts/ HTTP/1.1" 200 21861 "-" "Mozilla/5.0 (compatible; SemrushBot/7~bl; +http://www.semrush.com/bot.html)"
162.213.253.84 - - [26/Feb/2026:20:36:12 -0500] "POST /wp-cron.php?doing_wp_cron=1772156172.0382840633392333984375 HTTP/1.1" 200 0 "-" "WordPress/6.8.1; https://www.middleeastoday.com"
209.188.31.24 - - [26/Feb/2026:20:36:11 -0500] "POST /xmlrpc.php HTTP/1.1" 200 205 "-" "Mozilla/5.0 (Windows NT 6.1; Win64; x64) AppleWebKit/537.36 (KHTML, like Gecko) Chrome/66.0.3359.139 Safari/537.36"
114.119.138.37 - - [26/Feb/2026:20:36:13 -0500] "GET /?p=9432 HTTP/1.1" 301 0 "https://www.middleeastoday.com/?p=9435" "Mozilla/5.0 (Linux; Android 7.0;) AppleWebKit/537.36 (KHTML, like Gecko) Mobile Safari/537.36 (compatible; PetalBot;+https://webmaster.petalsearch.com/site/petalbot)"
162.213.253.84 - - [26/Feb/2026:20:36:22 -0500] "POST /wp-cron.php?doing_wp_cron=1772156182.0651440620422363281250 HTTP/1.1" 200 0 "-" "WordPress/6.8.1; https://www.middleeastoday.com"
162.213.253.84 - - [26/Feb/2026:20:36:22 -0500] "POST /wp-admin/admin-ajax.php?action=async_litespeed&nonce=2u6BKarydPv0vPoWnPweWL4jBGl2L0GD&litespeed_type=imgoptm HTTP/1.1" 200 21 "-" "WordPress/6.8.1; https://www.middleeastoday.com"
34.203.111.15 - - [26/Feb/2026:20:36:29 -0500] "GET /wp-json/oembed/1.0/embed?format=xml&url=https://www.middleeastoday.com/mohammed-bin-rashid-meets-with-king-charles-iii-on-sidelines-of-cop28-in-dubai/ HTTP/1.1" 200 1303 "-" "Mozilla/5.0 AppleWebKit/537.36 (KHTML, like Gecko; compatible; Amazonbot/0.1; +https://developer.amazon.com/support/amazonbot) Chrome/119.0.6045.214 Safari/537.36"
103.145.51.107 - - [26/Feb/2026:20:36:29 -0500] "POST /xmlrpc.php HTTP/1.1" 200 205 "-" "Mozilla/5.0 (Macintosh; Intel Mac OS X 10_13_5) AppleWebKit/537.36 (KHTML, like Gecko) Chrome/67.0.3396.79 Safari/537.36"
114.119.141.228 - - [26/Feb/2026:20:37:37 -0500] "GET /?p=8774 HTTP/1.1" 301 0 "https://www.middleeastoday.com/?p=8777" "Mozilla/5.0 (Linux; Android 7.0;) AppleWebKit/537.36 (KHTML, like Gecko) Mobile Safari/537.36 (compatible; PetalBot;+https://webmaster.petalsearch.com/site/petalbot)"
142.44.225.169 - - [26/Feb/2026:20:37:54 -0500] "GET /uae-leaders-congratulate-king-of-jordan-on-independence-day/ HTTP/1.1" 200 20010 "-" "Mozilla/5.0 (compatible; AhrefsBot/7.0; +http://ahrefs.com/robot/)"
162.213.253.84 - - [26/Feb/2026:20:38:07 -0500] "POST /wp-cron.php?doing_wp_cron=1772156287.2348148822784423828125 HTTP/1.1" 200 0 "-" "WordPress/6.8.1; https://www.middleeastoday.com"
162.213.253.84 - - [26/Feb/2026:20:38:37 -0500] "POST /wp-cron.php?doing_wp_cron=1772156317.2950100898742675781250 HTTP/1.1" 200 0 "-" "WordPress/6.8.1; https://www.middleeastoday.com"
162.213.253.84 - - [26/Feb/2026:20:38:38 -0500] "POST /wp-admin/admin-ajax.php?action=async_litespeed&nonce=7TZrTKEJtv6IG24MbC2XGT8cTBl6soxh&litespeed_type=imgoptm HTTP/1.1" 200 21 "-" "WordPress/6.8.1; https://www.middleeastoday.com"
108.179.219.145 - - [26/Feb/2026:20:39:17 -0500] "POST /xmlrpc.php HTTP/1.1" 200 205 "-" "Mozilla/5.0 (Windows NT 6.2; Win64; x64) AppleWebKit/537.36 (KHTML, like Gecko) Chrome/66.0.3359.117 Safari/537.36"
162.213.253.84 - - [26/Feb/2026:20:40:38 -0500] "POST /wp-admin/admin-ajax.php?action=async_litespeed&nonce=X7KdA4vqXlogaQrCe6IBdLaX5tTb43wo&litespeed_type=imgoptm HTTP/1.1" 200 21 "-" "WordPress/6.8.1; https://www.middleeastoday.com"
103.255.134.61 - - [26/Feb/2026:20:40:53 -0500] "POST /xmlrpc.php HTTP/1.1" 200 205 "-" "Mozilla/5.0 (Macintosh; Intel Mac OS X 10_10_5) AppleWebKit/602.2.14 (KHTML, like Gecko) Version/10.0.1 Safari/602.2.14"
162.213.253.84 - - [26/Feb/2026:20:41:29 -0500] "POST /wp-cron.php?doing_wp_cron=1772156489.7805519104003906250000 HTTP/1.1" 200 0 "-" "WordPress/6.8.1; https://www.middleeastoday.com"
162.213.253.84 - - [26/Feb/2026:20:40:38 -0500] "POST /wp-cron.php?doing_wp_cron=1772156438.0762639045715332031250 HTTP/1.1" 200 0 "-" "WordPress/6.8.1; https://www.middleeastoday.com"
64.227.135.166 - - [26/Feb/2026:20:40:37 -0500] "POST /xmlrpc.php HTTP/1.1" 200 205 "-" "Mozilla/5.0 (Macintosh; Intel Mac OS X 10_13_5) AppleWebKit/537.36 (KHTML, like Gecko) Chrome/67.0.3396.79 Safari/537.36"
162.213.253.84 - - [26/Feb/2026:20:40:51 -0500] "POST /wp-cron.php?doing_wp_cron=1772156451.4357430934906005859375 HTTP/1.1" 200 0 "-" "WordPress/6.8.1; https://www.middleeastoday.com"
173.239.214.235 - - [26/Feb/2026:20:40:50 -0500] "POST /wp-login.php HTTP/1.1" 200 6420 "-" "Mozilla/5.0"
85.208.96.205 - - [26/Feb/2026:20:40:59 -0500] "GET /abdullah-bin-zayed-and-deputy-prime-minister-of-albania-discuss-prospects-for-bilateral-cooperation/ HTTP/1.1" 200 24542 "-" "Mozilla/5.0 (compatible; SemrushBot/7~bl; +http://www.semrush.com/bot.html)"
57.141.2.61 - - [26/Feb/2026:20:41:03 -0500] "GET /acres-2025-showcases-flagship-real-estate-projects-across-uae/ HTTP/1.1" 200 106525 "-" "meta-externalagent/1.1 (+https://developers.facebook.com/docs/sharing/webmasters/crawler)"
172.96.172.67 - - [26/Feb/2026:20:41:29 -0500] "POST /xmlrpc.php HTTP/1.1" 200 205 "-" "Mozilla/5.0 (Macintosh; Intel Mac OS X 10_13_5) AppleWebKit/537.36 (KHTML, like Gecko) Chrome/67.0.3396.79 Safari/537.36"
162.213.253.84 - - [26/Feb/2026:20:43:11 -0500] "POST /wp-cron.php?doing_wp_cron=1772156591.3155930042266845703125 HTTP/1.1" 200 0 "-" "WordPress/6.8.1; https://www.middleeastoday.com"
74.208.90.100 - - [26/Feb/2026:20:43:10 -0500] "POST /xmlrpc.php HTTP/1.1" 200 205 "-" "Mozilla/5.0 (Windows NT 10.0; Win64; x64) AppleWebKit/537.36 (KHTML, like Gecko) Chrome/65.0.3325.181 Safari/537.36 OPR/52.0.2871.64"
162.213.253.84 - - [26/Feb/2026:20:43:18 -0500] "POST /wp-cron.php?doing_wp_cron=1772156598.4208700656890869140625 HTTP/1.1" 200 0 "-" "WordPress/6.8.1; https://www.middleeastoday.com"
103.90.232.170 - - [26/Feb/2026:20:43:17 -0500] "POST /xmlrpc.php HTTP/1.1" 200 205 "-" "Mozilla/5.0 (Windows NT 6.1; WOW64; Trident/7.0; BOIE9;ENCA; rv:11.0) like Gecko"
162.213.253.84 - - [26/Feb/2026:20:43:52 -0500] "POST /wp-admin/admin-ajax.php?action=async_litespeed&nonce=mLJgC0VpTK10Hzq1SqQhHkITT5XF67wh&litespeed_type=imgoptm HTTP/1.1" 200 21 "-" "WordPress/6.8.1; https://www.middleeastoday.com"
64.227.135.166 - - [26/Feb/2026:20:43:56 -0500] "POST /xmlrpc.php HTTP/1.1" 200 205 "-" "Mozilla/5.0 (Windows NT 10.0; WOW64; Trident/7.0; MDDRJS; rv:11.0) like Gecko"
45.146.54.136 - - [26/Feb/2026:20:41:31 -0500] "POST /wp-login.php HTTP/1.1" 200 6424 "-" "Mozilla/5.0"
14.231.27.226 - - [26/Feb/2026:20:41:53 -0500] "GET /category/art/ HTTP/1.1" 200 24233 "-" "Mozilla/5.0 (Windows NT 6.1; Win64; x64) AppleWebKit/537.36 (KHTML, like Gecko) Chrome/80.0.3987.132 Safari/537.36"
162.213.253.84 - - [26/Feb/2026:20:43:12 -0500] "POST /wp-admin/admin-ajax.php?action=async_litespeed&nonce=Yqp0OATUTHjLfnKM6Rqm0A89YBlmiwH1&litespeed_type=imgoptm HTTP/1.1" 200 21 "-" "WordPress/6.8.1; https://www.middleeastoday.com"
162.213.253.84 - - [26/Feb/2026:20:43:51 -0500] "POST /wp-cron.php?doing_wp_cron=1772156631.3621549606323242187500 HTTP/1.1" 200 0 "-" "WordPress/6.8.1; https://www.middleeastoday.com"
142.44.228.172 - - [26/Feb/2026:20:43:50 -0500] "GET /dubai-records-over-aed1-7-billion-in-realty-transactions-monday/ HTTP/1.1" 200 19987 "-" "Mozilla/5.0 (compatible; AhrefsBot/7.0; +http://ahrefs.com/robot/)"
162.213.253.84 - - [26/Feb/2026:20:43:57 -0500] "POST /wp-cron.php?doing_wp_cron=1772156637.5714650154113769531250 HTTP/1.1" 200 0 "-" "WordPress/6.8.1; https://www.middleeastoday.com"
162.213.253.84 - - [26/Feb/2026:20:44:31 -0500] "POST /wp-admin/admin-ajax.php?action=async_litespeed&nonce=81xC15GVENe6TgL2QklvZfkEUI7GKa4t&litespeed_type=imgoptm HTTP/1.1" 200 21 "-" "WordPress/6.8.1; https://www.middleeastoday.com"
162.213.253.84 - - [26/Feb/2026:20:44:42 -0500] "POST /wp-cron.php?doing_wp_cron=1772156682.3179759979248046875000 HTTP/1.1" 200 0 "-" "WordPress/6.8.1; https://www.middleeastoday.com"
209.188.31.24 - - [26/Feb/2026:20:44:48 -0500] "POST /xmlrpc.php HTTP/1.1" 200 205 "-" "Mozilla/5.0 (Windows NT 6.3; WOW64) AppleWebKit/537.36 (KHTML, like Gecko) Chrome/66.0.3359.139 Safari/537.36"
162.213.253.84 - - [26/Feb/2026:20:46:12 -0500] "POST /wp-cron.php?doing_wp_cron=1772156772.0196089744567871093750 HTTP/1.1" 200 0 "-" "WordPress/6.8.1; https://www.middleeastoday.com"
109.123.233.42 - - [26/Feb/2026:20:46:11 -0500] "POST /xmlrpc.php HTTP/1.1" 200 205 "-" "Mozilla/5.0 (Windows NT 6.1; WOW64; Trident/7.0; BOIE9;ENCA; rv:11.0) like Gecko"
162.213.253.84 - - [26/Feb/2026:20:46:33 -0500] "POST /wp-cron.php?doing_wp_cron=1772156793.4200999736785888671875 HTTP/1.1" 200 0 "-" "WordPress/6.8.1; https://www.middleeastoday.com"
54.39.89.155 - - [26/Feb/2026:20:46:32 -0500] "GET /mansour-bin-zayed-witnesses-inauguration-of-adscc-bone-marrow-transplant-cellular-therapy-congress-2023/ HTTP/1.1" 200 22800 "-" "Mozilla/5.0 (compatible; AhrefsBot/7.0; +http://ahrefs.com/robot/)"
162.213.253.84 - - [26/Feb/2026:20:46:34 -0500] "POST /wp-admin/admin-ajax.php?action=async_litespeed&nonce=arqZ22ZjPWxM5h4jn6RC2wl7874WnwM7&litespeed_type=imgoptm HTTP/1.1" 200 21 "-" "WordPress/6.8.1; https://www.middleeastoday.com"
106.126.0.165 - - [26/Feb/2026:20:46:58 -0500] "GET /mohamed-bin-zayed-directs-treatment-for-3-year-old-afghan-boy-with-cancer/ HTTP/1.1" 200 20885 "-" "Mozilla/5.0 (Windows NT 10.0; Win64; x64) AppleWebKit/537.36 (KHTML, like Gecko) Chrome/139.0.0.0 Safari/537.36"
106.126.0.165 - - [26/Feb/2026:20:46:59 -0500] "GET /wp-content/plugins/accesspress-social-counter/css/fontawesome-all.css?ver=1.9.2 HTTP/1.1" 200 8084 "https://www.middleeastoday.com/mohamed-bin-zayed-directs-treatment-for-3-year-old-afghan-boy-with-cancer/" "Mozilla/5.0 (Windows NT 10.0; Win64; x64) AppleWebKit/537.36 (KHTML, like Gecko) Chrome/139.0.0.0 Safari/537.36"
106.126.0.165 - - [26/Feb/2026:20:46:59 -0500] "GET /wp-content/plugins/contact-form-7/includes/css/styles.css?ver=6.0.6 HTTP/1.1" 200 890 "https://www.middleeastoday.com/mohamed-bin-zayed-directs-treatment-for-3-year-old-afghan-boy-with-cancer/" "Mozilla/5.0 (Windows NT 10.0; Win64; x64) AppleWebKit/537.36 (KHTML, like Gecko) Chrome/139.0.0.0 Safari/537.36"
106.126.0.165 - - [26/Feb/2026:20:46:59 -0500] "GET /wp-content/plugins/elementskit-lite/widgets/init/assets/css/responsive.css?ver=3.5.0 HTTP/1.1" 200 2859 "https://www.middleeastoday.com/mohamed-bin-zayed-directs-treatment-for-3-year-old-afghan-boy-with-cancer/" "Mozilla/5.0 (Windows NT 10.0; Win64; x64) AppleWebKit/537.36 (KHTML, like Gecko) Chrome/139.0.0.0 Safari/537.36"
106.126.0.165 - - [26/Feb/2026:20:46:59 -0500] "GET /wp-content/plugins/elementor-1/assets/lib/font-awesome/css/fontawesome.min.css?ver=5.15.3 HTTP/1.1" 200 12164 "https://www.middleeastoday.com/mohamed-bin-zayed-directs-treatment-for-3-year-old-afghan-boy-with-cancer/" "Mozilla/5.0 (Windows NT 10.0; Win64; x64) AppleWebKit/537.36 (KHTML, like Gecko) Chrome/139.0.0.0 Safari/537.36"
106.126.0.165 - - [26/Feb/2026:20:46:59 -0500] "GET /wp-content/plugins/elementor-1/assets/lib/font-awesome/css/solid.min.css?ver=5.15.3 HTTP/1.1" 200 286 "https://www.middleeastoday.com/mohamed-bin-zayed-directs-treatment-for-3-year-old-afghan-boy-with-cancer/" "Mozilla/5.0 (Windows NT 10.0; Win64; x64) AppleWebKit/537.36 (KHTML, like Gecko) Chrome/139.0.0.0 Safari/537.36"
162.213.253.84 - - [26/Feb/2026:20:44:30 -0500] "POST /wp-cron.php?doing_wp_cron=1772156670.4110040664672851562500 HTTP/1.1" 200 0 "-" "WordPress/6.8.1; https://www.middleeastoday.com"
