36.158.212.204 - - [26/Feb/2026:21:03:39 -0500] "GET /wp-content/plugins/elementskit-lite/widgets/init/assets/js/animate-circle.min.js?ver=3.5.0 HTTP/1.1" 200 393 "https://www.middleeastoday.com/dubai-south-announces-successful-first-stage-trials-of-autonomous-vehicle/" "Mozilla/5.0 (Windows NT 10.0; Win64; x64) AppleWebKit/537.36 (KHTML, like Gecko) Chrome/139.0.0.0 Safari/537.36"
36.158.212.204 - - [26/Feb/2026:21:03:40 -0500] "GET /wp-content/themes/digiqole/assets/js/all.js?ver=1 HTTP/1.1" 200 35800 "https://www.middleeastoday.com/dubai-south-announces-successful-first-stage-trials-of-autonomous-vehicle/" "Mozilla/5.0 (Windows NT 10.0; Win64; x64) AppleWebKit/537.36 (KHTML, like Gecko) Chrome/139.0.0.0 Safari/537.36"
54.242.83.26 - - [26/Feb/2026:21:03:42 -0500] "GET /category/travel-tourism/ HTTP/1.1" 200 123600 "-" "Mozilla/4.0 (compatible; MSIE 7.0; Windows NT 6.0) Mozilla/5.0 (Windows NT 10.0; Win64; x64) AppleWebKit/537.36 (KHTML, like Gecko) Chrome/91.0.4472.124 Safari/537.36"
54.242.83.26 - - [26/Feb/2026:21:03:58 -0500] "GET /category/press-releases/ HTTP/1.1" 200 99009 "-" "Mozilla/4.0 (compatible; MSIE 7.0; Windows NT 6.0) Mozilla/5.0 (Windows NT 10.0; Win64; x64) AppleWebKit/537.36 (KHTML, like Gecko) Chrome/91.0.4472.124 Safari/537.36"
54.242.83.26 - - [26/Feb/2026:21:04:21 -0500] "GET /category/international-news/ HTTP/1.1" 200 122934 "-" "Mozilla/4.0 (compatible; MSIE 7.0; Windows NT 6.0) Mozilla/5.0 (Windows NT 10.0; Win64; x64) AppleWebKit/537.36 (KHTML, like Gecko) Chrome/91.0.4472.124 Safari/537.36"
162.213.253.84 - - [26/Feb/2026:21:04:22 -0500] "POST /wp-cron.php?doing_wp_cron=1772157862.6239349842071533203125 HTTP/1.1" 200 0 "-" "WordPress/6.8.1; https://www.middleeastoday.com"
185.191.171.3 - - [26/Feb/2026:21:04:21 -0500] "GET /author/admin/page/21/ HTTP/1.1" 200 23764 "-" "Mozilla/5.0 (compatible; SemrushBot/7~bl; +http://www.semrush.com/bot.html)"
162.213.253.84 - - [26/Feb/2026:21:04:23 -0500] "POST /wp-admin/admin-ajax.php?action=async_litespeed&nonce=bnY01fXwjF1LTys0nTWNiPwZatodUepF&litespeed_type=imgoptm HTTP/1.1" 200 21 "-" "WordPress/6.8.1; https://www.middleeastoday.com"
54.242.83.26 - - [26/Feb/2026:21:04:27 -0500] "GET /category/business/ HTTP/1.1" 200 121700 "-" "Mozilla/4.0 (compatible; MSIE 7.0; Windows NT 6.0) Mozilla/5.0 (Windows NT 10.0; Win64; x64) AppleWebKit/537.36 (KHTML, like Gecko) Chrome/91.0.4472.124 Safari/537.36"
36.158.212.204 - - [26/Feb/2026:21:03:37 -0500] "GET /wp-content/themes/digiqole/assets/js/script.js?ver=2.1.1 HTTP/1.1" 200 3554 "https://www.middleeastoday.com/dubai-south-announces-successful-first-stage-trials-of-autonomous-vehicle/" "Mozilla/5.0 (Windows NT 10.0; Win64; x64) AppleWebKit/537.36 (KHTML, like Gecko) Chrome/139.0.0.0 Safari/537.36"
36.158.212.204 - - [26/Feb/2026:21:03:37 -0500] "GET /wp-content/plugins/elementor-pro/assets/js/webpack-pro.runtime.min.js?ver=3.6.5 HTTP/1.1" 200 2174 "https://www.middleeastoday.com/dubai-south-announces-successful-first-stage-trials-of-autonomous-vehicle/" "Mozilla/5.0 (Windows NT 10.0; Win64; x64) AppleWebKit/537.36 (KHTML, like Gecko) Chrome/139.0.0.0 Safari/537.36"
36.158.212.204 - - [26/Feb/2026:21:03:37 -0500] "GET /wp-content/plugins/elementor-1/assets/js/webpack.runtime.min.js?ver=3.21.1 HTTP/1.1" 200 2071 "https://www.middleeastoday.com/dubai-south-announces-successful-first-stage-trials-of-autonomous-vehicle/" "Mozilla/5.0 (Windows NT 10.0; Win64; x64) AppleWebKit/537.36 (KHTML, like Gecko) Chrome/139.0.0.0 Safari/537.36"
36.158.212.204 - - [26/Feb/2026:21:03:38 -0500] "GET /wp-includes/js/jquery/ui/core.min.js?ver=1.13.3 HTTP/1.1" 200 6812 "https://www.middleeastoday.com/dubai-south-announces-successful-first-stage-trials-of-autonomous-vehicle/" "Mozilla/5.0 (Windows NT 10.0; Win64; x64) AppleWebKit/537.36 (KHTML, like Gecko) Chrome/139.0.0.0 Safari/537.36"
36.158.212.204 - - [26/Feb/2026:21:03:38 -0500] "GET /wp-content/plugins/elementor-1/assets/js/frontend.min.js?ver=3.21.1 HTTP/1.1" 200 11814 "https://www.middleeastoday.com/dubai-south-announces-successful-first-stage-trials-of-autonomous-vehicle/" "Mozilla/5.0 (Windows NT 10.0; Win64; x64) AppleWebKit/537.36 (KHTML, like Gecko) Chrome/139.0.0.0 Safari/537.36"
54.242.83.26 - - [26/Feb/2026:21:03:38 -0500] "GET /category/entertainment/ HTTP/1.1" 200 99105 "-" "Mozilla/4.0 (compatible; MSIE 7.0; Windows NT 6.0) Mozilla/5.0 (Windows NT 10.0; Win64; x64) AppleWebKit/537.36 (KHTML, like Gecko) Chrome/91.0.4472.124 Safari/537.36"
36.158.212.204 - - [26/Feb/2026:21:03:39 -0500] "GET /wp-content/themes/digiqole/assets/js/elementor.js?ver=2.1.1 HTTP/1.1" 200 2472 "https://www.middleeastoday.com/dubai-south-announces-successful-first-stage-trials-of-autonomous-vehicle/" "Mozilla/5.0 (Windows NT 10.0; Win64; x64) AppleWebKit/537.36 (KHTML, like Gecko) Chrome/139.0.0.0 Safari/537.36"
36.158.212.204 - - [26/Feb/2026:21:03:39 -0500] "GET /wp-content/plugins/elementskit-lite/widgets/init/assets/js/elementor.js?ver=3.5.0 HTTP/1.1" 200 5290 "https://www.middleeastoday.com/dubai-south-announces-successful-first-stage-trials-of-autonomous-vehicle/" "Mozilla/5.0 (Windows NT 10.0; Win64; x64) AppleWebKit/537.36 (KHTML, like Gecko) Chrome/139.0.0.0 Safari/537.36"
54.242.83.26 - - [26/Feb/2026:21:04:02 -0500] "GET /category/conferences/ HTTP/1.1" 200 111702 "-" "Mozilla/4.0 (compatible; MSIE 7.0; Windows NT 6.0) Mozilla/5.0 (Windows NT 10.0; Win64; x64) AppleWebKit/537.36 (KHTML, like Gecko) Chrome/91.0.4472.124 Safari/537.36"
72.167.46.126 - - [26/Feb/2026:21:04:23 -0500] "POST /xmlrpc.php HTTP/1.1" 200 205 "-" "Mozilla/5.0 (Windows NT 6.1; WOW64; Trident/7.0; BOIE9;ENCA; rv:11.0) like Gecko"
54.242.83.26 - - [26/Feb/2026:21:05:08 -0500] "GET /category/articles/ HTTP/1.1" 200 101387 "-" "Mozilla/4.0 (compatible; MSIE 7.0; Windows NT 6.0) Mozilla/5.0 (Windows NT 10.0; Win64; x64) AppleWebKit/537.36 (KHTML, like Gecko) Chrome/91.0.4472.124 Safari/537.36"
54.242.83.26 - - [26/Feb/2026:21:05:09 -0500] "GET /category/products/ HTTP/1.1" 200 121541 "-" "Mozilla/4.0 (compatible; MSIE 7.0; Windows NT 6.0) Mozilla/5.0 (Windows NT 10.0; Win64; x64) AppleWebKit/537.36 (KHTML, like Gecko) Chrome/91.0.4472.124 Safari/537.36"
54.242.83.26 - - [26/Feb/2026:21:05:10 -0500] "GET /category/national-news/ HTTP/1.1" 200 122061 "-" "Mozilla/4.0 (compatible; MSIE 7.0; Windows NT 6.0) Mozilla/5.0 (Windows NT 10.0; Win64; x64) AppleWebKit/537.36 (KHTML, like Gecko) Chrome/91.0.4472.124 Safari/537.36"
54.242.83.26 - - [26/Feb/2026:21:05:11 -0500] "GET /category/health-2/ HTTP/1.1" 200 121833 "-" "Mozilla/4.0 (compatible; MSIE 7.0; Windows NT 6.0) Mozilla/5.0 (Windows NT 10.0; Win64; x64) AppleWebKit/537.36 (KHTML, like Gecko) Chrome/91.0.4472.124 Safari/537.36"
54.242.83.26 - - [26/Feb/2026:21:05:16 -0500] "GET /category/travel-tourism/airlines/ HTTP/1.1" 200 122842 "-" "Mozilla/4.0 (compatible; MSIE 7.0; Windows NT 6.0) Mozilla/5.0 (Windows NT 10.0; Win64; x64) AppleWebKit/537.36 (KHTML, like Gecko) Chrome/91.0.4472.124 Safari/537.36"
54.242.83.26 - - [26/Feb/2026:21:05:20 -0500] "GET /category/education/ HTTP/1.1" 200 121918 "-" "Mozilla/4.0 (compatible; MSIE 7.0; Windows NT 6.0) Mozilla/5.0 (Windows NT 10.0; Win64; x64) AppleWebKit/537.36 (KHTML, like Gecko) Chrome/91.0.4472.124 Safari/537.36"
54.242.83.26 - - [26/Feb/2026:21:05:22 -0500] "GET /category/awards/ HTTP/1.1" 200 116205 "-" "Mozilla/4.0 (compatible; MSIE 7.0; Windows NT 6.0) Mozilla/5.0 (Windows NT 10.0; Win64; x64) AppleWebKit/537.36 (KHTML, like Gecko) Chrome/91.0.4472.124 Safari/537.36"
54.242.83.26 - - [26/Feb/2026:21:05:26 -0500] "GET /category/travel-tourism/eating-out/ HTTP/1.1" 200 108596 "-" "Mozilla/4.0 (compatible; MSIE 7.0; Windows NT 6.0) Mozilla/5.0 (Windows NT 10.0; Win64; x64) AppleWebKit/537.36 (KHTML, like Gecko) Chrome/91.0.4472.124 Safari/537.36"
54.242.83.26 - - [26/Feb/2026:21:05:27 -0500] "GET /category/lifestyle/tech/ HTTP/1.1" 200 101315 "-" "Mozilla/4.0 (compatible; MSIE 7.0; Windows NT 6.0) Mozilla/5.0 (Windows NT 10.0; Win64; x64) AppleWebKit/537.36 (KHTML, like Gecko) Chrome/91.0.4472.124 Safari/537.36"
162.213.253.84 - - [26/Feb/2026:21:05:37 -0500] "POST /wp-admin/admin-ajax.php?action=async_litespeed&nonce=hY0lTYpRM8YfCtgXndhnrThMbRkpugB3&litespeed_type=imgoptm HTTP/1.1" 200 21 "-" "WordPress/6.8.1; https://www.middleeastoday.com"
168.197.205.9 - - [26/Feb/2026:21:05:44 -0500] "GET /wp-json/oembed/1.0/embed?url=https%3A%2F%2Fwww.middleeastoday.com%2Fcommemoration-day-deepens-values-of-loyalty-and-belonging-to-the-nation-uae-president%2F HTTP/1.1" 200 2693 "-" "Mozilla/5.0 (Windows NT 10.0; Win64; x64) AppleWebKit/537.36 (KHTML, like Gecko) Chrome/84.0.4137.1 SputnikBrowser/5.6.6280.0 (GOST) Safari/537.36"
50.6.224.234 - - [26/Feb/2026:21:06:13 -0500] "POST /wp-login.php HTTP/1.1" 200 1883 "https://middleeastoday.com/wp-login.php" "Mozilla/5.0 (Windows NT 10.0) AppleWebKit/537.36 (KHTML, like Gecko) Chrome/58.0.3029.110 Safari/537.36 Edge/16.16299"
162.213.253.84 - - [26/Feb/2026:21:06:30 -0500] "POST /wp-cron.php?doing_wp_cron=1772157990.4380519390106201171875 HTTP/1.1" 200 0 "-" "WordPress/6.8.1; https://www.middleeastoday.com"
162.213.253.84 - - [26/Feb/2026:21:06:31 -0500] "POST /wp-admin/admin-ajax.php?action=async_litespeed&nonce=LPOWMDl1UCWoVSyZHtCQOUAXr9ESjK7x&litespeed_type=imgoptm HTTP/1.1" 200 21 "-" "WordPress/6.8.1; https://www.middleeastoday.com"
109.123.233.42 - - [26/Feb/2026:21:07:04 -0500] "POST /xmlrpc.php HTTP/1.1" 200 205 "-" "Mozilla/4.0 (compatible; MSIE 7.0; Windows NT 6.3; WOW64; Trident/7.0; .NET4.0E; .NET4.0C; .NET CLR 3.5.30729; .NET CLR 2.0.50727; .NET CLR 3.0.30729)"
45.172.58.65 - - [26/Feb/2026:21:07:20 -0500] "POST /xmlrpc.php HTTP/1.1" 200 403 "-" "Mozilla/5.0 (Windows NT 6.2; x86) AppleWebKit/537.36 (KHTML, like Gecko) Edge/99.0.0.0 Safari/537.36"
162.213.253.84 - - [26/Feb/2026:21:07:22 -0500] "POST /wp-cron.php?doing_wp_cron=1772158042.0465679168701171875000 HTTP/1.1" 200 0 "-" "WordPress/6.8.1; https://www.middleeastoday.com"
162.213.253.84 - - [26/Feb/2026:21:07:23 -0500] "POST /wp-admin/admin-ajax.php?action=async_litespeed&nonce=oxnIFtM4guQcQStc10fJaeoPzpzq1MwI&litespeed_type=imgoptm HTTP/1.1" 200 21 "-" "WordPress/6.8.1; https://www.middleeastoday.com"
54.242.83.26 - - [26/Feb/2026:21:04:50 -0500] "GET /category/real-estate/ HTTP/1.1" 200 121395 "-" "Mozilla/4.0 (compatible; MSIE 7.0; Windows NT 6.0) Mozilla/5.0 (Windows NT 10.0; Win64; x64) AppleWebKit/537.36 (KHTML, like Gecko) Chrome/91.0.4472.124 Safari/537.36"
54.242.83.26 - - [26/Feb/2026:21:05:13 -0500] "GET /category/art/ HTTP/1.1" 200 121534 "-" "Mozilla/4.0 (compatible; MSIE 7.0; Windows NT 6.0) Mozilla/5.0 (Windows NT 10.0; Win64; x64) AppleWebKit/537.36 (KHTML, like Gecko) Chrome/91.0.4472.124 Safari/537.36"
54.242.83.26 - - [26/Feb/2026:21:05:18 -0500] "GET /category/beauty-fashion/ HTTP/1.1" 200 122556 "-" "Mozilla/4.0 (compatible; MSIE 7.0; Windows NT 6.0) Mozilla/5.0 (Windows NT 10.0; Win64; x64) AppleWebKit/537.36 (KHTML, like Gecko) Chrome/91.0.4472.124 Safari/537.36"
54.242.83.26 - - [26/Feb/2026:21:05:24 -0500] "GET /category/travel-tourism/hotels/ HTTP/1.1" 200 108475 "-" "Mozilla/4.0 (compatible; MSIE 7.0; Windows NT 6.0) Mozilla/5.0 (Windows NT 10.0; Win64; x64) AppleWebKit/537.36 (KHTML, like Gecko) Chrome/91.0.4472.124 Safari/537.36"
54.242.83.26 - - [26/Feb/2026:21:05:29 -0500] "GET /category/events/ HTTP/1.1" 200 101891 "-" "Mozilla/4.0 (compatible; MSIE 7.0; Windows NT 6.0) Mozilla/5.0 (Windows NT 10.0; Win64; x64) AppleWebKit/537.36 (KHTML, like Gecko) Chrome/91.0.4472.124 Safari/537.36"
162.213.253.84 - - [26/Feb/2026:21:05:37 -0500] "POST /wp-cron.php?doing_wp_cron=1772157937.0110359191894531250000 HTTP/1.1" 200 0 "-" "WordPress/6.8.1; https://www.middleeastoday.com"
45.172.58.65 - - [26/Feb/2026:21:05:36 -0500] "GET /wp-json/wp/v2/users HTTP/1.1" 200 763 "-" "Mozilla/4.0 (compatible; Win32; WinHttp.WinHttpRequest.5)"
50.6.224.234 - - [26/Feb/2026:21:06:13 -0500] "GET /wp-login.php HTTP/1.1" 200 1792 "-" "Mozilla/5.0 (Windows NT 10.0) AppleWebKit/537.36 (KHTML, like Gecko) Chrome/58.0.3029.110 Safari/537.36 Edge/16.16299"
50.6.224.234 - - [26/Feb/2026:21:06:29 -0500] "POST /xmlrpc.php HTTP/1.1" 200 205 "-" "Mozilla/5.0 (Windows NT 6.3; WOW64; Trident/7.0; Touch; MAARJS; rv:11.0) like Gecko"
162.213.253.84 - - [26/Feb/2026:21:07:05 -0500] "POST /wp-cron.php?doing_wp_cron=1772158025.6220619678497314453125 HTTP/1.1" 200 0 "-" "WordPress/6.8.1; https://www.middleeastoday.com"
109.123.233.42 - - [26/Feb/2026:21:07:21 -0500] "POST /xmlrpc.php HTTP/1.1" 200 205 "-" "Mozilla/5.0 (Windows NT 10.0; Win64; x64) AppleWebKit/537.36 (KHTML, like Gecko) Chrome/66.0.3359.170 Safari/537.36 OPR/53.0.2907.99"
57.141.2.43 - - [26/Feb/2026:21:07:31 -0500] "GET /zaki-nusseibeh-first-emirati-to-win-membership-of-institut-de-france-academy/ HTTP/1.1" 200 110217 "-" "meta-externalagent/1.1 (+https://developers.facebook.com/docs/sharing/webmasters/crawler)"
52.2.191.202 - - [26/Feb/2026:21:07:41 -0500] "GET /wp-json/oembed/1.0/embed?url=https://www.middleeastoday.com/analysis-expo-2020-dubai-a-future-story-that-generations-will-proudly-narrate/ HTTP/1.1" 200 2658 "-" "Mozilla/5.0 AppleWebKit/537.36 (KHTML, like Gecko; compatible; Amazonbot/0.1; +https://developer.amazon.com/support/amazonbot) Chrome/119.0.6045.214 Safari/537.36"
35.172.125.172 - - [26/Feb/2026:21:07:45 -0500] "GET /wp-json/oembed/1.0/embed?url=https://www.middleeastoday.com/dubai-hosts-women-in-tech-global-awards-at-museum-of-the-future/ HTTP/1.1" 200 2596 "-" "Mozilla/5.0 AppleWebKit/537.36 (KHTML, like Gecko; compatible; Amazonbot/0.1; +https://developer.amazon.com/support/amazonbot) Chrome/119.0.6045.214 Safari/537.36"
98.82.66.172 - - [26/Feb/2026:21:08:13 -0500] "GET /wp-json/wp/v2/posts/10743 HTTP/1.1" 200 4893 "-" "Mozilla/5.0 AppleWebKit/537.36 (KHTML, like Gecko; compatible; Amazonbot/0.1; +https://developer.amazon.com/support/amazonbot) Chrome/119.0.6045.214 Safari/537.36"
162.213.253.84 - - [26/Feb/2026:21:08:22 -0500] "POST /wp-cron.php?doing_wp_cron=1772158102.5150470733642578125000 HTTP/1.1" 200 0 "-" "WordPress/6.8.1; https://www.middleeastoday.com"
3.219.81.66 - - [26/Feb/2026:21:07:34 -0500] "GET /wp-json/oembed/1.0/embed?url=https://www.middleeastoday.com/president-of-north-macedonia-visits-sheikh-zayed-grand-mosque/ HTTP/1.1" 200 2582 "-" "Mozilla/5.0 AppleWebKit/537.36 (KHTML, like Gecko; compatible; Amazonbot/0.1; +https://developer.amazon.com/support/amazonbot) Chrome/119.0.6045.214 Safari/537.36"
85.208.96.208 - - [26/Feb/2026:21:07:37 -0500] "GET /category/national-news/ HTTP/1.1" 200 23612 "-" "Mozilla/5.0 (compatible; SemrushBot/7~bl; +http://www.semrush.com/bot.html)"
18.209.137.234 - - [26/Feb/2026:21:07:37 -0500] "GET /wp-json/oembed/1.0/embed?url=https://www.middleeastoday.com/sharjah-airport-authority-explores-latest-trends-at-air-cargo-india-2022/ HTTP/1.1" 200 2632 "-" "Mozilla/5.0 AppleWebKit/537.36 (KHTML, like Gecko; compatible; Amazonbot/0.1; +https://developer.amazon.com/support/amazonbot) Chrome/119.0.6045.214 Safari/537.36"
35.173.18.61 - - [26/Feb/2026:21:07:49 -0500] "GET /wp-json/oembed/1.0/embed?url=https://www.middleeastoday.com/the-president-of-the-state-receives-the-sharjah-football-team-which-won-his-highnesss-cup/ HTTP/1.1" 200 2779 "-" "Mozilla/5.0 AppleWebKit/537.36 (KHTML, like Gecko; compatible; Amazonbot/0.1; +https://developer.amazon.com/support/amazonbot) Chrome/119.0.6045.214 Safari/537.36"
18.215.112.101 - - [26/Feb/2026:21:07:53 -0500] "GET /wp-json/oembed/1.0/embed?format=xml&url=https://www.middleeastoday.com/dubai-showcases-enduring-appeal-as-leading-cruise-hub-at-seatrade-cruise-global-2022/ HTTP/1.1" 200 1298 "-" "Mozilla/5.0 AppleWebKit/537.36 (KHTML, like Gecko; compatible; Amazonbot/0.1; +https://developer.amazon.com/support/amazonbot) Chrome/119.0.6045.214 Safari/537.36"
52.6.97.88 - - [26/Feb/2026:21:08:01 -0500] "GET /wp-json/oembed/1.0/embed?format=xml&url=https://www.middleeastoday.com/time-hotels-celebrates-10th-anniversary/ HTTP/1.1" 200 1249 "-" "Mozilla/5.0 AppleWebKit/537.36 (KHTML, like Gecko; compatible; Amazonbot/0.1; +https://developer.amazon.com/support/amazonbot) Chrome/119.0.6045.214 Safari/537.36"
3.213.46.222 - - [26/Feb/2026:21:08:05 -0500] "GET /wp-json/wp/v2/posts/11012 HTTP/1.1" 200 10052 "-" "Mozilla/5.0 AppleWebKit/537.36 (KHTML, like Gecko; compatible; Amazonbot/0.1; +https://developer.amazon.com/support/amazonbot) Chrome/119.0.6045.214 Safari/537.36"
50.6.225.58 - - [26/Feb/2026:21:08:13 -0500] "POST /xmlrpc.php HTTP/1.1" 200 205 "-" "Mozilla/5.0 (Macintosh; Intel Mac OS X 10_10_5) AppleWebKit/602.2.14 (KHTML, like Gecko) Version/10.0.1 Safari/602.2.14"
54.210.155.69 - - [26/Feb/2026:21:08:17 -0500] "GET /wp-json/oembed/1.0/embed?format=xml&url=https://www.middleeastoday.com/founders-memorial-celebrates-51st-uae-national-day-with-traditional-festivities/ HTTP/1.1" 200 1292 "-" "Mozilla/5.0 AppleWebKit/537.36 (KHTML, like Gecko; compatible; Amazonbot/0.1; +https://developer.amazon.com/support/amazonbot) Chrome/119.0.6045.214 Safari/537.36"
44.213.36.21 - - [26/Feb/2026:21:08:21 -0500] "GET /wp-json/oembed/1.0/embed?url=https://www.middleeastoday.com/first-emirates-conference-on-organ-transplantation-for-cancer-patients-launches/ HTTP/1.1" 200 2668 "-" "Mozilla/5.0 AppleWebKit/537.36 (KHTML, like Gecko; compatible; Amazonbot/0.1; +https://developer.amazon.com/support/amazonbot) Chrome/119.0.6045.214 Safari/537.36"
185.191.171.15 - - [26/Feb/2026:21:08:24 -0500] "GET /khalifa-bin-zayed-issues-new-family-business-ownership-governance-law/ HTTP/1.1" 200 23668 "-" "Mozilla/5.0 (compatible; SemrushBot/7~bl; +http://www.semrush.com/bot.html)"
162.213.253.84 - - [26/Feb/2026:21:08:26 -0500] "POST /wp-cron.php?doing_wp_cron=1772158106.5292820930480957031250 HTTP/1.1" 200 0 "-" "WordPress/6.8.1; https://www.middleeastoday.com"
157.55.39.13 - - [26/Feb/2026:21:08:29 -0500] "GET /wp-content/themes/digiqole/assets/css/all.css?ver=2.1.1 HTTP/1.1" 200 7048 "-" "Mozilla/5.0 AppleWebKit/537.36 (KHTML, like Gecko; compatible; bingbot/2.0; +http://www.bing.com/bingbot.htm) Chrome/116.0.1938.76 Safari/537.36"
162.213.253.84 - - [26/Feb/2026:21:08:23 -0500] "POST /wp-admin/admin-ajax.php?action=async_litespeed&nonce=2NWwn6mPni4pGM8lRjOfyyeZeN0jXFz2&litespeed_type=imgoptm HTTP/1.1" 200 21 "-" "WordPress/6.8.1; https://www.middleeastoday.com"
34.231.45.47 - - [26/Feb/2026:21:08:25 -0500] "GET /wp-json/oembed/1.0/embed?format=xml&url=https://www.middleeastoday.com/ajman-crown-prince-receives-ambassador-of-luxembourg/ HTTP/1.1" 200 1258 "-" "Mozilla/5.0 AppleWebKit/537.36 (KHTML, like Gecko; compatible; Amazonbot/0.1; +https://developer.amazon.com/support/amazonbot) Chrome/119.0.6045.214 Safari/537.36"
54.163.136.244 - - [26/Feb/2026:21:08:30 -0500] "GET /wp-json/oembed/1.0/embed?format=xml&url=https://www.middleeastoday.com/abdullah-bin-zayed-meets-qatari-ambassador-to-uae/ HTTP/1.1" 200 1257 "-" "Mozilla/5.0 AppleWebKit/537.36 (KHTML, like Gecko; compatible; Amazonbot/0.1; +https://developer.amazon.com/support/amazonbot) Chrome/119.0.6045.214 Safari/537.36"
52.167.144.166 - - [26/Feb/2026:21:08:35 -0500] "GET /wp-content/plugins/elementskit-lite/widgets/init/assets/css/widget-styles.css?ver=3.5.0 HTTP/1.1" 200 48223 "-" "Mozilla/5.0 AppleWebKit/537.36 (KHTML, like Gecko; compatible; bingbot/2.0; +http://www.bing.com/bingbot.htm) Chrome/116.0.1938.76 Safari/537.36"
3.215.221.125 - - [26/Feb/2026:21:08:38 -0500] "GET /uae-ambassadors-to-paraguay-guinea-sworn-in-before-uae-president/ HTTP/1.1" 200 23421 "-" "Mozilla/5.0 AppleWebKit/537.36 (KHTML, like Gecko; compatible; Amazonbot/0.1; +https://developer.amazon.com/support/amazonbot) Chrome/119.0.6045.214 Safari/537.36"
34.203.111.15 - - [26/Feb/2026:21:08:45 -0500] "GET /wp-json/oembed/1.0/embed?url=https://www.middleeastoday.com/emirates-resumes-flights-to-bali/ HTTP/1.1" 200 2429 "-" "Mozilla/5.0 AppleWebKit/537.36 (KHTML, like Gecko; compatible; Amazonbot/0.1; +https://developer.amazon.com/support/amazonbot) Chrome/119.0.6045.214 Safari/537.36"
162.213.253.84 - - [26/Feb/2026:21:09:55 -0500] "POST /wp-cron.php?doing_wp_cron=1772158195.8837718963623046875000 HTTP/1.1" 200 0 "-" "WordPress/6.8.1; https://www.middleeastoday.com"
50.6.229.148 - - [26/Feb/2026:21:09:55 -0500] "POST /xmlrpc.php HTTP/1.1" 200 205 "-" "Mozilla/5.0 (Windows NT 10.0; Win64; x64) AppleWebKit/537.36 (KHTML, like Gecko) Chrome/65.0.3325.181 Safari/537.36 OPR/52.0.2871.64"
114.119.154.115 - - [26/Feb/2026:21:10:10 -0500] "GET /uae-president-vp-congratulate-queen-elizabeth-ii-on-70th-anniversary-of-accession-to-throne/ HTTP/1.1" 200 22918 "https://www.middleeastoday.com/president-of-sharjah-institute-for-heritage-receives-ambassador-of-north-macedonia" "Mozilla/5.0 (Linux; Android 7.0;) AppleWebKit/537.36 (KHTML, like Gecko) Mobile Safari/537.36 (compatible; PetalBot;+https://webmaster.petalsearch.com/site/petalbot)"
195.250.31.211 - - [26/Feb/2026:21:10:27 -0500] "POST /xmlrpc.php HTTP/1.1" 200 205 "-" "Mozilla/5.0 (Windows NT 6.1; Win64; x64) AppleWebKit/537.36 (KHTML, like Gecko) Chrome/67.0.3396.79 Safari/537.36"
162.213.253.84 - - [26/Feb/2026:21:10:28 -0500] "POST /wp-admin/admin-ajax.php?action=async_litespeed&nonce=pg143JWu17i7B1PRRcK25yF5uWlEiXY5&litespeed_type=imgoptm HTTP/1.1" 200 21 "-" "WordPress/6.8.1; https://www.middleeastoday.com"
125.212.243.237 - - [26/Feb/2026:21:11:37 -0500] "POST /xmlrpc.php HTTP/1.1" 200 205 "-" "Mozilla/5.0 (Windows NT 10.0; Win64; x64) AppleWebKit/537.36 (KHTML, like Gecko) Chrome/66.0.3359.170 Safari/537.36 OPR/53.0.2907.99"
162.213.253.84 - - [26/Feb/2026:21:12:39 -0500] "POST /wp-cron.php?doing_wp_cron=1772158359.1767909526824951171875 HTTP/1.1" 200 0 "-" "WordPress/6.8.1; https://www.middleeastoday.com"
162.213.253.84 - - [26/Feb/2026:21:12:39 -0500] "POST /wp-admin/admin-ajax.php?action=async_litespeed&nonce=2spTiCwgHqHxfjH5OTAKOZ5GjZ1OjSPf&litespeed_type=imgoptm HTTP/1.1" 200 21 "-" "WordPress/6.8.1; https://www.middleeastoday.com"
45.172.58.65 - - [26/Feb/2026:21:08:49 -0500] "POST /xmlrpc.php HTTP/1.1" 200 403 "-" "Mozilla/5.0 (Windows NT 6.2; arm64) AppleWebKit/537.36 (KHTML, like Gecko) Edge/100.0.0.0 Safari/537.36"
162.213.253.84 - - [26/Feb/2026:21:09:57 -0500] "POST /wp-admin/admin-ajax.php?action=async_litespeed&nonce=f6eQju3lGU0weSt5zW5tXpHsUscNqdL9&litespeed_type=imgoptm HTTP/1.1" 200 0 "-" "WordPress/6.8.1; https://www.middleeastoday.com"
162.213.253.84 - - [26/Feb/2026:21:10:08 -0500] "POST /wp-cron.php?doing_wp_cron=1772158208.4861910343170166015625 HTTP/1.1" 200 0 "-" "WordPress/6.8.1; https://www.middleeastoday.com"
45.172.58.65 - - [26/Feb/2026:21:10:06 -0500] "POST /xmlrpc.php HTTP/1.1" 200 403 "-" "Mozilla/5.0 (Windows NT 6.2; x64) AppleWebKit/537.36 (KHTML, like Gecko) Firefox/92.0.0.0 Safari/537.36"
52.38.3.21 - - [26/Feb/2026:21:10:20 -0500] "GET /wp-login.php HTTP/1.1" 200 1792 "-" "Mozilla/5.0 (Windows NT 10.0; Win64; x64) AppleWebKit/537.36 (KHTML, like Gecko) Chrome/67.0.3396.79 Safari/537.36"
52.38.3.21 - - [26/Feb/2026:21:10:20 -0500] "POST /wp-login.php HTTP/1.1" 200 1889 "https://middleeastoday.com/wp-login.php" "Mozilla/5.0 (Windows NT 10.0; Win64; x64) AppleWebKit/537.36 (KHTML, like Gecko) Chrome/67.0.3396.79 Safari/537.36"
162.213.253.84 - - [26/Feb/2026:21:10:28 -0500] "POST /wp-cron.php?doing_wp_cron=1772158228.2454049587249755859375 HTTP/1.1" 200 0 "-" "WordPress/6.8.1; https://www.middleeastoday.com"
14.231.96.20 - - [26/Feb/2026:21:10:35 -0500] "GET /category/national-news/ HTTP/1.1" 200 23612 "-" "Mozilla/5.0 (Windows NT 10.0; Win64; x64) AppleWebKit/537.36 (KHTML, like Gecko) Chrome/92.0.4515.107 Safari/537.36"
162.213.253.84 - - [26/Feb/2026:21:11:23 -0500] "POST /wp-cron.php?doing_wp_cron=1772158283.2492289543151855468750 HTTP/1.1" 200 0 "-" "WordPress/6.8.1; https://www.middleeastoday.com"
45.172.58.65 - - [26/Feb/2026:21:11:22 -0500] "POST /xmlrpc.php HTTP/1.1" 200 403 "-" "Mozilla/5.0 (Windows NT 6.2; x64) AppleWebKit/537.36 (KHTML, like Gecko) Chrome/94.0.0.0 Safari/537.36"
162.213.253.84 - - [26/Feb/2026:21:11:23 -0500] "POST /wp-admin/admin-ajax.php?action=async_litespeed&nonce=WCrF75mrYdPZJvsOfC8LvSmvFQtBOzFq&litespeed_type=imgoptm HTTP/1.1" 200 21 "-" "WordPress/6.8.1; https://www.middleeastoday.com"
162.213.253.84 - - [26/Feb/2026:21:11:32 -0500] "POST /wp-cron.php?doing_wp_cron=1772158292.5454440116882324218750 HTTP/1.1" 200 0 "-" "WordPress/6.8.1; https://www.middleeastoday.com"
52.38.3.21 - - [26/Feb/2026:21:11:32 -0500] "POST /xmlrpc.php HTTP/1.1" 200 205 "-" "Mozilla/5.0 (Macintosh; Intel Mac OS X 10_9_5) AppleWebKit/537.36 (KHTML, like Gecko) Chrome/65.0.3325.181 Safari/537.36"
114.119.154.115 - - [26/Feb/2026:21:11:32 -0500] "GET /uae-president-austrian-chancellor-witness-signing-of-strategic-energy-security-and-industrial-cooperation-partnership HTTP/1.1" 301 0 "https://www.middleeastoday.com/mashreq-reports-aed2-6-bn-net-profit-for-q3-22" "Mozilla/5.0 (Linux; Android 7.0;) AppleWebKit/537.36 (KHTML, like Gecko) Mobile Safari/537.36 (compatible; PetalBot;+https://webmaster.petalsearch.com/site/petalbot)"
114.119.154.115 - - [26/Feb/2026:21:11:34 -0500] "GET /uae-president-austrian-chancellor-witness-signing-of-strategic-energy-security-and-industrial-cooperation-partnership/ HTTP/1.1" 200 27510 "https://www.middleeastoday.com/mashreq-reports-aed2-6-bn-net-profit-for-q3-22" "Mozilla/5.0 (Linux; Android 7.0;) AppleWebKit/537.36 (KHTML, like Gecko) Mobile Safari/537.36 (compatible; PetalBot;+https://webmaster.petalsearch.com/site/petalbot)"
45.172.58.65 - - [26/Feb/2026:21:12:38 -0500] "POST /xmlrpc.php HTTP/1.1" 200 403 "-" "Mozilla/5.0 (X11; Ubuntu; Linux x86_64; x86) AppleWebKit/537.36 (KHTML, like Gecko) Safari/11.0.0.0 Safari/537.36"
162.213.253.84 - - [26/Feb/2026:21:12:58 -0500] "POST /wp-cron.php?doing_wp_cron=1772158378.0991849899291992187500 HTTP/1.1" 200 0 "-" "WordPress/6.8.1; https://www.middleeastoday.com"
148.113.130.167 - - [26/Feb/2026:21:13:40 -0500] "GET /author/admin/page/65/ HTTP/1.1" 200 21216 "-" "Mozilla/5.0 (compatible; AhrefsBot/7.0; +http://ahrefs.com/robot/)"
114.119.154.115 - - [26/Feb/2026:21:12:57 -0500] "GET /page/26/ HTTP/1.1" 200 38689 "https://www.middleeastoday.com/page/26/" "Mozilla/5.0 (Linux; Android 7.0;) AppleWebKit/537.36 (KHTML, like Gecko) Mobile Safari/537.36 (compatible; PetalBot;+https://webmaster.petalsearch.com/site/petalbot)"
162.213.253.84 - - [26/Feb/2026:21:13:40 -0500] "POST /wp-cron.php?doing_wp_cron=1772158420.7870020866394042968750 HTTP/1.1" 200 0 "-" "WordPress/6.8.1; https://www.middleeastoday.com"
162.213.253.84 - - [26/Feb/2026:21:13:51 -0500] "POST /wp-cron.php?doing_wp_cron=1772158431.7920310497283935546875 HTTP/1.1" 200 0 "-" "WordPress/6.8.1; https://www.middleeastoday.com"
45.172.58.65 - - [26/Feb/2026:21:13:51 -0500] "POST /xmlrpc.php HTTP/1.1" 200 403 "-" "Mozilla/5.0 (Windows NT 10.0; x64) AppleWebKit/537.36 (KHTML, like Gecko) Firefox/97.0.0.0 Safari/537.36"
114.119.137.153 - - [26/Feb/2026:21:14:20 -0500] "GET /page/4/ HTTP/1.1" 200 38680 "https://www.middleeastoday.com/?author=1&paged=4" "Mozilla/5.0 (Linux; Android 7.0;) AppleWebKit/537.36 (KHTML, like Gecko) Mobile Safari/537.36 (compatible; PetalBot;+https://webmaster.petalsearch.com/site/petalbot)"
162.213.253.84 - - [26/Feb/2026:21:14:49 -0500] "POST /wp-cron.php?doing_wp_cron=1772158489.9437110424041748046875 HTTP/1.1" 200 0 "-" "WordPress/6.8.1; https://www.middleeastoday.com"
162.213.253.84 - - [26/Feb/2026:21:14:50 -0500] "POST /wp-admin/admin-ajax.php?action=async_litespeed&nonce=fDuRBASOcuDtT8OR0G5wadevQDGeiEWt&litespeed_type=imgoptm HTTP/1.1" 200 21 "-" "WordPress/6.8.1; https://www.middleeastoday.com"
162.213.253.84 - - [26/Feb/2026:21:15:02 -0500] "POST /wp-cron.php?doing_wp_cron=1772158502.3764679431915283203125 HTTP/1.1" 200 0 "-" "WordPress/6.8.1; https://www.middleeastoday.com"
129.121.74.114 - - [26/Feb/2026:21:15:04 -0500] "POST /xmlrpc.php HTTP/1.1" 200 205 "-" "Mozilla/5.0 (Macintosh; Intel Mac OS X 10_13_6) AppleWebKit/605.1.15 (KHTML, like Gecko) Version/11.1.2 Safari/605.1.15"
162.213.253.84 - - [26/Feb/2026:21:15:43 -0500] "POST /wp-cron.php?doing_wp_cron=1772158543.4665470123291015625000 HTTP/1.1" 200 0 "-" "WordPress/6.8.1; https://www.middleeastoday.com"
162.213.253.84 - - [26/Feb/2026:21:15:46 -0500] "POST /wp-cron.php?doing_wp_cron=1772158546.7719149589538574218750 HTTP/1.1" 200 0 "-" "WordPress/6.8.1; https://www.middleeastoday.com"
45.172.58.65 - - [26/Feb/2026:21:16:09 -0500] "POST /xmlrpc.php HTTP/1.1" 200 403 "-" "Mozilla/5.0 (Windows NT 6.3; x64) AppleWebKit/537.36 (KHTML, like Gecko) Edge/81.0.0.0 Safari/537.36"
103.145.57.170 - - [26/Feb/2026:21:17:10 -0500] "GET /noura-al-kaabi-visits-aridly-abundant-exhibition-at-18th-international-architecture-exhibition-at-la-biennale-di-venezia/ HTTP/1.1" 200 25894 "-" "Mozilla/5.0 (Windows NT 10.0; Win64; x64) AppleWebKit/537.36 (KHTML, like Gecko) Chrome/118.0.0.0 Safari/537.36"
31.166.216.26 - - [26/Feb/2026:21:17:11 -0500] "GET /messi-at-his-majestic-best-earns-argentina-their-3rd-world-cup/ HTTP/1.1" 200 22671 "-" "Mozilla/5.0 (Windows NT 10.0; Win64; x64) AppleWebKit/537.36 (KHTML, like Gecko) Chrome/119.0.0.0 Safari/537.36 Edg/119.0.0.0"
114.119.137.153 - - [26/Feb/2026:21:17:16 -0500] "GET /mohammed-bin-rashid-reviews-progress-of-aed3-6-billion-hatta-development-projects-visits-hatta-winter-festival/ HTTP/1.1" 200 25745 "https://www.middleeastoday.com/author/admin/page/7" "Mozilla/5.0 (Linux; Android 7.0;) AppleWebKit/537.36 (KHTML, like Gecko) Mobile Safari/537.36 (compatible; PetalBot;+https://webmaster.petalsearch.com/site/petalbot)"
162.213.253.84 - - [26/Feb/2026:21:17:26 -0500] "POST /wp-cron.php?doing_wp_cron=1772158646.8138101100921630859375 HTTP/1.1" 200 0 "-" "WordPress/6.8.1; https://www.middleeastoday.com"
45.172.58.65 - - [26/Feb/2026:21:17:26 -0500] "POST /xmlrpc.php HTTP/1.1" 200 403 "-" "Mozilla/5.0 (Linux; Android 10; x86) AppleWebKit/537.36 (KHTML, like Gecko) Firefox/89.0.0.0 Safari/537.36"
162.213.253.84 - - [26/Feb/2026:21:13:41 -0500] "POST /wp-admin/admin-ajax.php?action=async_litespeed&nonce=Acdu5BdDBMBYeVKOD8iKerpg5YOEXEa3&litespeed_type=imgoptm HTTP/1.1" 200 21 "-" "WordPress/6.8.1; https://www.middleeastoday.com"
66.116.196.26 - - [26/Feb/2026:21:14:07 -0500] "POST /xmlrpc.php HTTP/1.1" 200 205 "-" "Mozilla/5.0 (Macintosh; Intel Mac OS X 10_9_5) AppleWebKit/537.36 (KHTML, like Gecko) Chrome/65.0.3325.181 Safari/537.36"
45.76.153.200 - - [26/Feb/2026:21:14:49 -0500] "POST /xmlrpc.php HTTP/1.1" 200 205 "-" "Mozilla/5.0 (Windows NT 10.0; Win64; x64) AppleWebKit/537.36 (KHTML, like Gecko) Chrome/65.0.3325.181 Safari/537.36 OPR/52.0.2871.64"
45.172.58.65 - - [26/Feb/2026:21:15:01 -0500] "POST /xmlrpc.php HTTP/1.1" 200 403 "-" "Mozilla/5.0 (X11; Ubuntu; Linux x86_64; x64) AppleWebKit/537.36 (KHTML, like Gecko) Chrome/114.0.0.0 Safari/537.36"
57.141.2.68 - - [26/Feb/2026:21:15:20 -0500] "GET /bollywood-superstar-suniel-shetty-presents-media-strategist-of-the-year-award-2024-to-vasu-jit-kalia/ HTTP/1.1" 200 106809 "-" "meta-externalagent/1.1 (+https://developers.facebook.com/docs/sharing/webmasters/crawler)"
66.116.196.26 - - [26/Feb/2026:21:15:42 -0500] "POST /xmlrpc.php HTTP/1.1" 200 205 "-" "Mozilla/4.0 (compatible; MSIE 7.0; Windows NT 6.3; WOW64; Trident/7.0; .NET4.0E; .NET4.0C; .NET CLR 3.5.30729; .NET CLR 2.0.50727; .NET CLR 3.0.30729)"
162.213.253.84 - - [26/Feb/2026:21:15:44 -0500] "POST /wp-admin/admin-ajax.php?action=async_litespeed&nonce=8GDgHIx9EPbxYKPcSqUI9P2zMEeNA556&litespeed_type=imgoptm HTTP/1.1" 200 21 "-" "WordPress/6.8.1; https://www.middleeastoday.com"
114.119.137.153 - - [26/Feb/2026:21:15:46 -0500] "GET /page/14 HTTP/1.1" 301 0 "-" "Mozilla/5.0 (Linux; Android 7.0;) AppleWebKit/537.36 (KHTML, like Gecko) Mobile Safari/537.36 (compatible; PetalBot;+https://webmaster.petalsearch.com/site/petalbot)"
114.119.137.153 - - [26/Feb/2026:21:15:49 -0500] "GET /page/14/ HTTP/1.1" 200 38685 "-" "Mozilla/5.0 (Linux; Android 7.0;) AppleWebKit/537.36 (KHTML, like Gecko) Mobile Safari/537.36 (compatible; PetalBot;+https://webmaster.petalsearch.com/site/petalbot)"
162.213.253.84 - - [26/Feb/2026:21:16:35 -0500] "POST /wp-cron.php?doing_wp_cron=1772158595.6464970111846923828125 HTTP/1.1" 200 0 "-" "WordPress/6.8.1; https://www.middleeastoday.com"
157.20.105.176 - - [26/Feb/2026:21:16:35 -0500] "POST /xmlrpc.php HTTP/1.1" 200 205 "-" "Mozilla/5.0 (Windows NT 10.0; Win64; x64) AppleWebKit/537.36 (KHTML, like Gecko) Chrome/65.0.3325.181 Safari/537.36 OPR/52.0.2871.64"
154.38.160.164 - - [26/Feb/2026:21:16:41 -0500] "POST /xmlrpc.php HTTP/1.1" 200 205 "-" "Mozilla/5.0 (Windows NT 6.3; WOW64; Trident/7.0; Touch; MAARJS; rv:11.0) like Gecko"
154.38.160.164 - - [26/Feb/2026:21:16:58 -0500] "POST /xmlrpc.php HTTP/1.1" 200 205 "-" "Mozilla/5.0 (Windows NT 10.0; WOW64; Trident/7.0; MAGWJS; rv:11.0) like Gecko"
92.209.217.150 - - [26/Feb/2026:21:17:09 -0500] "GET /hebany-group-takes-part-in-madrid-business-summit/ HTTP/1.1" 200 23493 "-" "Mozilla/5.0 (Windows NT 10.0; Win64; x64) AppleWebKit/537.36 (KHTML, like Gecko) Chrome/118.0.0.0 Safari/537.36"
114.119.137.153 - - [26/Feb/2026:21:17:13 -0500] "GET /mohammed-bin-rashid-reviews-progress-of-aed3-6-billion-hatta-development-projects-visits-hatta-winter-festival HTTP/1.1" 301 0 "https://www.middleeastoday.com/author/admin/page/7" "Mozilla/5.0 (Linux; Android 7.0;) AppleWebKit/537.36 (KHTML, like Gecko) Mobile Safari/537.36 (compatible; PetalBot;+https://webmaster.petalsearch.com/site/petalbot)"
192.176.172.166 - - [26/Feb/2026:21:17:31 -0500] "POST /xmlrpc.php HTTP/1.1" 200 205 "-" "Mozilla/5.0 (Windows NT 6.1; Win64; x64) AppleWebKit/537.36 (KHTML, like Gecko) Chrome/67.0.3396.79 Safari/537.36"
85.208.96.196 - - [26/Feb/2026:21:17:49 -0500] "GET /new-uae-ambassadors-sworn-in-before-uae-president/ HTTP/1.1" 200 24509 "-" "Mozilla/5.0 (compatible; SemrushBot/7~bl; +http://www.semrush.com/bot.html)"
162.213.253.84 - - [26/Feb/2026:21:17:27 -0500] "POST /wp-admin/admin-ajax.php?action=async_litespeed&nonce=inERnJMo8KhQGduSFChpBFgeqbVZm55j&litespeed_type=imgoptm HTTP/1.1" 200 21 "-" "WordPress/6.8.1; https://www.middleeastoday.com"
162.213.253.84 - - [26/Feb/2026:21:17:32 -0500] "POST /wp-cron.php?doing_wp_cron=1772158652.1043639183044433593750 HTTP/1.1" 200 0 "-" "WordPress/6.8.1; https://www.middleeastoday.com"
213.160.71.30 - - [26/Feb/2026:21:18:17 -0500] "POST /xmlrpc.php HTTP/1.1" 200 205 "-" "Mozilla/5.0 (Windows NT 6.0; Win64; x64) AppleWebKit/537.36 (KHTML, like Gecko) Chrome/66.0.3359.117 Safari/537.36"
50.6.229.148 - - [26/Feb/2026:21:18:41 -0500] "POST /xmlrpc.php HTTP/1.1" 200 205 "-" "Mozilla/5.0 (Macintosh; Intel Mac OS X 10_13_6) AppleWebKit/605.1.15 (KHTML, like Gecko) Version/11.1.2 Safari/605.1.15"
162.213.253.84 - - [26/Feb/2026:21:18:42 -0500] "POST /wp-admin/admin-ajax.php?action=async_litespeed&nonce=oBKx17f7U20ygEW9mpLx9i7uCasWMjs4&litespeed_type=imgoptm HTTP/1.1" 200 0 "-" "WordPress/6.8.1; https://www.middleeastoday.com"
51.161.65.59 - - [26/Feb/2026:21:19:09 -0500] "GET /uae-president-vp-preside-over-swearing-in-of-newly-appointed-ministers-of-state/ HTTP/1.1" 200 20797 "-" "Mozilla/5.0 (compatible; AhrefsBot/7.0; +http://ahrefs.com/robot/)"
45.172.58.65 - - [26/Feb/2026:21:20:01 -0500] "POST /xmlrpc.php HTTP/1.1" 200 403 "-" "Mozilla/5.0 (Windows NT 6.3; x86) AppleWebKit/537.36 (KHTML, like Gecko) Chrome/82.0.0.0 Safari/537.36"
162.213.253.84 - - [26/Feb/2026:21:20:25 -0500] "POST /wp-cron.php?doing_wp_cron=1772158824.8505339622497558593750 HTTP/1.1" 200 0 "-" "WordPress/6.8.1; https://www.middleeastoday.com"
162.213.253.84 - - [26/Feb/2026:21:20:26 -0500] "POST /wp-admin/admin-ajax.php?action=async_litespeed&nonce=41wJT4Iktkf0XtJUnIkRVlNuSI5zpYrE&litespeed_type=imgoptm HTTP/1.1" 200 21 "-" "WordPress/6.8.1; https://www.middleeastoday.com"
45.172.58.65 - - [26/Feb/2026:21:21:18 -0500] "POST /xmlrpc.php HTTP/1.1" 200 403 "-" "Mozilla/5.0 (X11; Ubuntu; Linux x86_64; arm64) AppleWebKit/537.36 (KHTML, like Gecko) Edge/96.0.0.0 Safari/537.36"
162.213.253.84 - - [26/Feb/2026:21:22:14 -0500] "POST /wp-cron.php?doing_wp_cron=1772158934.7428579330444335937500 HTTP/1.1" 200 0 "-" "WordPress/6.8.1; https://www.middleeastoday.com"
114.230.138.25 - - [26/Feb/2026:21:22:31 -0500] "GET /category/exhibitions/ HTTP/1.1" 200 21507 "-" "Mozilla/5.0 (Windows NT 10.0; Win64; x64) AppleWebKit/537.36 (KHTML, like Gecko) Chrome/139.0.0.0 Safari/537.36"
162.240.233.32 - - [26/Feb/2026:21:22:31 -0500] "POST /xmlrpc.php HTTP/1.1" 200 205 "-" "Mozilla/5.0 (Windows NT 6.0; Win64; x64) AppleWebKit/537.36 (KHTML, like Gecko) Chrome/66.0.3359.117 Safari/537.36"
114.230.138.25 - - [26/Feb/2026:21:22:31 -0500] "GET /wp-content/plugins/elementor-1/assets/css/frontend-lite.min.css?ver=3.21.1 HTTP/1.1" 200 13067 "https://www.middleeastoday.com/category/exhibitions/" "Mozilla/5.0 (Windows NT 10.0; Win64; x64) AppleWebKit/537.36 (KHTML, like Gecko) Chrome/139.0.0.0 Safari/537.36"
114.230.138.25 - - [26/Feb/2026:21:22:31 -0500] "GET /wp-content/uploads/elementor/css/post-3932.css?ver=1762520240 HTTP/1.1" 200 1066 "https://www.middleeastoday.com/category/exhibitions/" "Mozilla/5.0 (Windows NT 10.0; Win64; x64) AppleWebKit/537.36 (KHTML, like Gecko) Chrome/139.0.0.0 Safari/537.36"
114.230.138.25 - - [26/Feb/2026:21:22:31 -0500] "GET /wp-includes/css/dist/block-library/style.min.css?ver=6.8.1 HTTP/1.1" 200 14358 "https://www.middleeastoday.com/category/exhibitions/" "Mozilla/5.0 (Windows NT 10.0; Win64; x64) AppleWebKit/537.36 (KHTML, like Gecko) Chrome/139.0.0.0 Safari/537.36"
114.230.138.25 - - [26/Feb/2026:21:22:31 -0500] "GET /wp-content/plugins/accesspress-social-counter/css/fontawesome-all.css?ver=1.9.2 HTTP/1.1" 200 8084 "https://www.middleeastoday.com/category/exhibitions/" "Mozilla/5.0 (Windows NT 10.0; Win64; x64) AppleWebKit/537.36 (KHTML, like Gecko) Chrome/139.0.0.0 Safari/537.36"
114.230.138.25 - - [26/Feb/2026:21:22:31 -0500] "GET /wp-content/plugins/accesspress-social-counter/css/frontend.css?ver=1.9.2 HTTP/1.1" 200 2295 "https://www.middleeastoday.com/category/exhibitions/" "Mozilla/5.0 (Windows NT 10.0; Win64; x64) AppleWebKit/537.36 (KHTML, like Gecko) Chrome/139.0.0.0 Safari/537.36"
114.119.148.161 - - [26/Feb/2026:21:18:32 -0500] "GET /adnoc-distribution-to-acquire-50-stake-in-totalenergies-egypt/ HTTP/1.1" 200 24530 "https://www.middleeastoday.com/al-dhafra-festival-to-begin-on-october-28/" "Mozilla/5.0 (Linux; Android 7.0;) AppleWebKit/537.36 (KHTML, like Gecko) Mobile Safari/537.36 (compatible; PetalBot;+https://webmaster.petalsearch.com/site/petalbot)"
162.213.253.84 - - [26/Feb/2026:21:18:41 -0500] "POST /wp-cron.php?doing_wp_cron=1772158721.9490170478820800781250 HTTP/1.1" 200 0 "-" "WordPress/6.8.1; https://www.middleeastoday.com"
162.213.253.84 - - [26/Feb/2026:21:18:53 -0500] "POST /wp-cron.php?doing_wp_cron=1772158733.5530700683593750000000 HTTP/1.1" 200 0 "-" "WordPress/6.8.1; https://www.middleeastoday.com"
45.172.58.65 - - [26/Feb/2026:21:18:52 -0500] "POST /xmlrpc.php HTTP/1.1" 200 403 "-" "Mozilla/5.0 (Windows NT 10.0; x64) AppleWebKit/537.36 (KHTML, like Gecko) Chrome/100.0.0.0 Safari/537.36"
114.119.137.98 - - [26/Feb/2026:21:19:55 -0500] "GET /isnr-abu-dhabi-2022-kicks-off/ HTTP/1.1" 200 23193 "https://www.middleeastoday.com/category/exhibitions/page/2" "Mozilla/5.0 (Linux; Android 7.0;) AppleWebKit/537.36 (KHTML, like Gecko) Mobile Safari/537.36 (compatible; PetalBot;+https://webmaster.petalsearch.com/site/petalbot)"
162.213.253.84 - - [26/Feb/2026:21:20:02 -0500] "POST /wp-cron.php?doing_wp_cron=1772158801.8240089416503906250000 HTTP/1.1" 200 0 "-" "WordPress/6.8.1; https://www.middleeastoday.com"
162.213.253.84 - - [26/Feb/2026:21:20:03 -0500] "POST /wp-admin/admin-ajax.php?action=async_litespeed&nonce=SfdxKFU0mZIqZXEaTfTyasHx6kzihoZv&litespeed_type=imgoptm HTTP/1.1" 200 0 "-" "WordPress/6.8.1; https://www.middleeastoday.com"
158.106.129.89 - - [26/Feb/2026:21:20:24 -0500] "POST /xmlrpc.php HTTP/1.1" 200 205 "-" "Mozilla/5.0 (Macintosh; Intel Mac OS X 10_10_5) AppleWebKit/602.2.14 (KHTML, like Gecko) Version/10.0.1 Safari/602.2.14"
114.119.148.161 - - [26/Feb/2026:21:21:19 -0500] "GET /page/28/ HTTP/1.1" 200 38689 "https://www.middleeastoday.com/page/28" "Mozilla/5.0 (Linux; Android 7.0;) AppleWebKit/537.36 (KHTML, like Gecko) Mobile Safari/537.36 (compatible; PetalBot;+https://webmaster.petalsearch.com/site/petalbot)"
142.93.150.134 - - [26/Feb/2026:21:22:13 -0500] "GET /wp-login.php HTTP/1.1" 200 1792 "-" "Mozilla/5.0 (Windows NT 6.1; Win64; x64) AppleWebKit/537.36 (KHTML, like Gecko) Chrome/67.0.3396.62 Safari/537.36"
142.93.150.134 - - [26/Feb/2026:21:22:14 -0500] "POST /wp-login.php HTTP/1.1" 200 1889 "https://middleeastoday.com/wp-login.php" "Mozilla/5.0 (Windows NT 6.1; Win64; x64) AppleWebKit/537.36 (KHTML, like Gecko) Chrome/67.0.3396.62 Safari/537.36"
162.213.253.84 - - [26/Feb/2026:21:22:31 -0500] "POST /wp-cron.php?doing_wp_cron=1772158951.7877030372619628906250 HTTP/1.1" 200 0 "-" "WordPress/6.8.1; https://www.middleeastoday.com"
114.230.138.25 - - [26/Feb/2026:21:22:31 -0500] "GET /wp-content/themes/digiqole/assets/css/bootstrap.min.css?ver=2.1.1 HTTP/1.1" 200 18543 "https://www.middleeastoday.com/category/exhibitions/" "Mozilla/5.0 (Windows NT 10.0; Win64; x64) AppleWebKit/537.36 (KHTML, like Gecko) Chrome/139.0.0.0 Safari/537.36"
114.230.138.25 - - [26/Feb/2026:21:22:31 -0500] "GET /wp-content/themes/digiqole/assets/css/icon-font.css?ver=2.1.1 HTTP/1.1" 200 1106 "https://www.middleeastoday.com/category/exhibitions/" "Mozilla/5.0 (Windows NT 10.0; Win64; x64) AppleWebKit/537.36 (KHTML, like Gecko) Chrome/139.0.0.0 Safari/537.36"
114.230.138.25 - - [26/Feb/2026:21:22:31 -0500] "GET /wp-content/themes/digiqole/assets/css/master.css?ver=2.1.1 HTTP/1.1" 200 43295 "https://www.middleeastoday.com/category/exhibitions/" "Mozilla/5.0 (Windows NT 10.0; Win64; x64) AppleWebKit/537.36 (KHTML, like Gecko) Chrome/139.0.0.0 Safari/537.36"
114.230.138.25 - - [26/Feb/2026:21:22:31 -0500] "GET /wp-content/plugins/elementskit-lite/widgets/init/assets/css/widget-styles.css?ver=3.5.0 HTTP/1.1" 200 48223 "https://www.middleeastoday.com/category/exhibitions/" "Mozilla/5.0 (Windows NT 10.0; Win64; x64) AppleWebKit/537.36 (KHTML, like Gecko) Chrome/139.0.0.0 Safari/537.36"
114.230.138.25 - - [26/Feb/2026:21:22:31 -0500] "GET /wp-content/plugins/contact-form-7/includes/css/styles.css?ver=6.0.6 HTTP/1.1" 200 890 "https://www.middleeastoday.com/category/exhibitions/" "Mozilla/5.0 (Windows NT 10.0; Win64; x64) AppleWebKit/537.36 (KHTML, like Gecko) Chrome/139.0.0.0 Safari/537.36"
114.230.138.25 - - [26/Feb/2026:21:22:31 -0500] "GET /wp-content/themes/digiqole/assets/css/all.css?ver=2.1.1 HTTP/1.1" 200 7048 "https://www.middleeastoday.com/category/exhibitions/" "Mozilla/5.0 (Windows NT 10.0; Win64; x64) AppleWebKit/537.36 (KHTML, like Gecko) Chrome/139.0.0.0 Safari/537.36"
114.230.138.25 - - [26/Feb/2026:21:22:31 -0500] "GET /wp-content/plugins/elementskit-lite/widgets/init/assets/css/responsive.css?ver=3.5.0 HTTP/1.1" 200 2859 "https://www.middleeastoday.com/category/exhibitions/" "Mozilla/5.0 (Windows NT 10.0; Win64; x64) AppleWebKit/537.36 (KHTML, like Gecko) Chrome/139.0.0.0 Safari/537.36"
114.230.138.25 - - [26/Feb/2026:21:22:31 -0500] "GET /wp-content/plugins/elementor-1/assets/lib/font-awesome/css/fontawesome.min.css?ver=5.15.3 HTTP/1.1" 200 12164 "https://www.middleeastoday.com/category/exhibitions/" "Mozilla/5.0 (Windows NT 10.0; Win64; x64) AppleWebKit/537.36 (KHTML, like Gecko) Chrome/139.0.0.0 Safari/537.36"
114.230.138.25 - - [26/Feb/2026:21:22:31 -0500] "GET /wp-content/plugins/elementskit-lite/modules/elementskit-icon-pack/assets/css/ekiticons.css?ver=3.5.0 HTTP/1.1" 200 11776 "https://www.middleeastoday.com/category/exhibitions/" "Mozilla/5.0 (Windows NT 10.0; Win64; x64) AppleWebKit/537.36 (KHTML, like Gecko) Chrome/139.0.0.0 Safari/537.36"
114.230.138.25 - - [26/Feb/2026:21:22:31 -0500] "GET /wp-includes/js/jquery/jquery.min.js?ver=3.7.1 HTTP/1.1" 200 29744 "https://www.middleeastoday.com/category/exhibitions/" "Mozilla/5.0 (Windows NT 10.0; Win64; x64) AppleWebKit/537.36 (KHTML, like Gecko) Chrome/139.0.0.0 Safari/537.36"
114.230.138.25 - - [26/Feb/2026:21:22:31 -0500] "GET /wp-includes/js/jquery/jquery-migrate.min.js?ver=3.4.1 HTTP/1.1" 200 4678 "https://www.middleeastoday.com/category/exhibitions/" "Mozilla/5.0 (Windows NT 10.0; Win64; x64) AppleWebKit/537.36 (KHTML, like Gecko) Chrome/139.0.0.0 Safari/537.36"
114.230.138.25 - - [26/Feb/2026:21:22:31 -0500] "GET /wp-content/plugins/elementor-pro/assets/css/widget-nav-menu.min.css HTTP/1.1" 200 3279 "https://www.middleeastoday.com/category/exhibitions/" "Mozilla/5.0 (Windows NT 10.0; Win64; x64) AppleWebKit/537.36 (KHTML, like Gecko) Chrome/139.0.0.0 Safari/537.36"
114.230.138.25 - - [26/Feb/2026:21:22:32 -0500] "GET /wp-content/plugins/elementor-1/assets/lib/eicons/css/elementor-icons.min.css?ver=5.29.0 HTTP/1.1" 200 3724 "https://www.middleeastoday.com/category/exhibitions/" "Mozilla/5.0 (Windows NT 10.0; Win64; x64) AppleWebKit/537.36 (KHTML, like Gecko) Chrome/139.0.0.0 Safari/537.36"
45.172.58.65 - - [26/Feb/2026:21:22:38 -0500] "POST /xmlrpc.php HTTP/1.1" 200 403 "-" "Mozilla/5.0 (Windows NT 10.0; x64) AppleWebKit/537.36 (KHTML, like Gecko) Edge/82.0.0.0 Safari/537.36"
114.230.138.25 - - [26/Feb/2026:21:22:41 -0500] "GET /wp-content/plugins/elementor-1/assets/lib/swiper/v8/css/swiper.min.css?ver=8.4.5 HTTP/1.1" 200 4248 "https://www.middleeastoday.com/category/exhibitions/" "Mozilla/5.0 (Windows NT 10.0; Win64; x64) AppleWebKit/537.36 (KHTML, like Gecko) Chrome/139.0.0.0 Safari/537.36"
114.230.138.25 - - [26/Feb/2026:21:22:42 -0500] "GET /wp-content/uploads/elementor/css/global.css?ver=1747657840 HTTP/1.1" 200 3340 "https://www.middleeastoday.com/category/exhibitions/" "Mozilla/5.0 (Windows NT 10.0; Win64; x64) AppleWebKit/537.36 (KHTML, like Gecko) Chrome/139.0.0.0 Safari/537.36"
114.230.138.25 - - [26/Feb/2026:21:22:42 -0500] "GET /wp-content/plugins/elementor-1/assets/lib/animations/animations.min.css?ver=3.21.1 HTTP/1.1" 200 2442 "https://www.middleeastoday.com/category/exhibitions/" "Mozilla/5.0 (Windows NT 10.0; Win64; x64) AppleWebKit/537.36 (KHTML, like Gecko) Chrome/139.0.0.0 Safari/537.36"
114.230.138.25 - - [26/Feb/2026:21:22:31 -0500] "GET /wp-content/plugins/elementor-1/assets/lib/font-awesome/css/solid.min.css?ver=5.15.3 HTTP/1.1" 200 286 "https://www.middleeastoday.com/category/exhibitions/" "Mozilla/5.0 (Windows NT 10.0; Win64; x64) AppleWebKit/537.36 (KHTML, like Gecko) Chrome/139.0.0.0 Safari/537.36"
114.230.138.25 - - [26/Feb/2026:21:22:41 -0500] "GET /wp-content/uploads/elementor/css/post-9.css?ver=1747657839 HTTP/1.1" 200 334 "https://www.middleeastoday.com/category/exhibitions/" "Mozilla/5.0 (Windows NT 10.0; Win64; x64) AppleWebKit/537.36 (KHTML, like Gecko) Chrome/139.0.0.0 Safari/537.36"
114.230.138.25 - - [26/Feb/2026:21:22:41 -0500] "GET /wp-content/plugins/elementor-pro/assets/css/frontend-lite.min.css?ver=3.6.5 HTTP/1.1" 200 1505 "https://www.middleeastoday.com/category/exhibitions/" "Mozilla/5.0 (Windows NT 10.0; Win64; x64) AppleWebKit/537.36 (KHTML, like Gecko) Chrome/139.0.0.0 Safari/537.36"
114.230.138.25 - - [26/Feb/2026:21:22:42 -0500] "GET /wp-includes/js/dist/hooks.min.js?ver=4d63a3d491d11ffd8ac6 HTTP/1.1" 200 1571 "https://www.middleeastoday.com/category/exhibitions/" "Mozilla/5.0 (Windows NT 10.0; Win64; x64) AppleWebKit/537.36 (KHTML, like Gecko) Chrome/139.0.0.0 Safari/537.36"
114.230.138.25 - - [26/Feb/2026:21:22:43 -0500] "GET /wp-includes/js/dist/i18n.min.js?ver=5e580eb46a90c2b997e6 HTTP/1.1" 200 3542 "https://www.middleeastoday.com/category/exhibitions/" "Mozilla/5.0 (Windows NT 10.0; Win64; x64) AppleWebKit/537.36 (KHTML, like Gecko) Chrome/139.0.0.0 Safari/537.36"
114.230.138.25 - - [26/Feb/2026:21:22:44 -0500] "GET /wp-content/plugins/contact-form-7/includes/swv/js/index.js?ver=6.0.6 HTTP/1.1" 200 3369 "https://www.middleeastoday.com/category/exhibitions/" "Mozilla/5.0 (Windows NT 10.0; Win64; x64) AppleWebKit/537.36 (KHTML, like Gecko) Chrome/139.0.0.0 Safari/537.36"
114.230.138.25 - - [26/Feb/2026:21:22:44 -0500] "GET /wp-content/plugins/contact-form-7/includes/js/index.js?ver=6.0.6 HTTP/1.1" 200 4008 "https://www.middleeastoday.com/category/exhibitions/" "Mozilla/5.0 (Windows NT 10.0; Win64; x64) AppleWebKit/537.36 (KHTML, like Gecko) Chrome/139.0.0.0 Safari/537.36"
114.230.138.25 - - [26/Feb/2026:21:22:45 -0500] "GET /wp-content/themes/digiqole/assets/js/bootstrap.min.js?ver=2.1.1 HTTP/1.1" 200 12542 "https://www.middleeastoday.com/category/exhibitions/" "Mozilla/5.0 (Windows NT 10.0; Win64; x64) AppleWebKit/537.36 (KHTML, like Gecko) Chrome/139.0.0.0 Safari/537.36"
114.230.138.25 - - [26/Feb/2026:21:22:45 -0500] "GET /wp-content/plugins/elementskit-lite/widgets/init/assets/js/widget-scripts.js?ver=3.5.0 HTTP/1.1" 200 40425 "https://www.middleeastoday.com/category/exhibitions/" "Mozilla/5.0 (Windows NT 10.0; Win64; x64) AppleWebKit/537.36 (KHTML, like Gecko) Chrome/139.0.0.0 Safari/537.36"
114.230.138.25 - - [26/Feb/2026:21:22:47 -0500] "GET /wp-content/themes/digiqole/assets/js/swiper.min.js?ver=2.1.1 HTTP/1.1" 200 34003 "https://www.middleeastoday.com/category/exhibitions/" "Mozilla/5.0 (Windows NT 10.0; Win64; x64) AppleWebKit/537.36 (KHTML, like Gecko) Chrome/139.0.0.0 Safari/537.36"
57.141.2.67 - - [26/Feb/2026:21:23:04 -0500] "GET /?p=8743 HTTP/1.1" 301 0 "-" "meta-externalagent/1.1 (+https://developers.facebook.com/docs/sharing/webmasters/crawler)"
57.141.2.70 - - [26/Feb/2026:21:23:06 -0500] "GET /mohap-to-intensify-efforts-to-reduce-hypertension-prevalence-in-uae/ HTTP/1.1" 200 107498 "-" "meta-externalagent/1.1 (+https://developers.facebook.com/docs/sharing/webmasters/crawler)"
