173.239.236.163 - - [26/Feb/2026:07:19:51 -0500] "GET /wp-includes/block-patterns/ HTTP/1.1" 403 1242 "-" "Mozilla/5.0 (Windows NT 10.0; Win64; x64) AppleWebKit/537.36 (KHTML, like Gecko) Chrome/70.0.3538.110 Safari/537.36"
173.239.236.163 - - [26/Feb/2026:07:19:51 -0500] "GET /wp-content/themes/Avada/includes/lib/inc/fusion-app/assets/ HTTP/1.1" 404 88984 "-" "Mozilla/5.0 (Windows NT 10.0; Win64; x64) AppleWebKit/537.36 (KHTML, like Gecko) Chrome/69.0.3497.100 Safari/537.36"
173.239.236.163 - - [26/Feb/2026:07:19:53 -0500] "GET /wp-content/plugins/wp-help/ HTTP/1.1" 404 88984 "-" "Mozilla/5.0 (Windows NT 10.0; Win64; x64; rv:71.0) Gecko/20100101 Firefox/71.0"
173.239.236.163 - - [26/Feb/2026:07:19:54 -0500] "GET /wp-includes/js/tinymce/plugins/compat3x/css/ HTTP/1.1" 403 1242 "-" "Mozilla/5.0 (Windows NT 10.0; Win64; x64) AppleWebKit/537.36 (KHTML, like Gecko) Chrome/74.0.3729.157 Safari/537.36"
173.239.236.163 - - [26/Feb/2026:07:19:54 -0500] "GET /wp-content/plugins/classic-editor/ HTTP/1.1" 403 1242 "-" "Mozilla/5.0 (X11; Fedora; Linux x86_64; rv:79.0) Gecko/20100101 Firefox/79.0"
173.239.236.163 - - [26/Feb/2026:07:19:55 -0500] "GET /wp-content/uploads-webpc/wp/ HTTP/1.1" 404 88984 "-" "Mozilla/5.0 (Macintosh; Intel Mac OS X 10_15_6) AppleWebKit/537.36 (KHTML, like Gecko) Chrome/84.0.4147.105 Safari/537.36 OPR/70.0.3728.95"
173.239.236.163 - - [26/Feb/2026:07:20:01 -0500] "GET /wp-content/plugins/elementor/modules/floating-buttons/classes/render/ HTTP/1.1" 403 1242 "-" "Mozilla/5.0 (Windows NT 10.0; Win64; x64; rv:76.0) Gecko/20100101 Firefox/76.0"
173.239.236.163 - - [26/Feb/2026:07:19:59 -0500] "GET /wp-content/banners/ HTTP/1.1" 404 88984 "-" "Mozilla/5.0 (Windows NT 10.0) AppleWebKit/537.36 (KHTML, like Gecko) Chrome/72.0.3626.121 Safari/537.36"
173.239.236.163 - - [26/Feb/2026:07:20:03 -0500] "GET /backup/ HTTP/1.1" 404 88984 "-" "Mozilla/5.0 (Windows NT 10.0; Win64; x64; rv:79.0) Gecko/20100101 Firefox/79.0"
173.239.236.163 - - [26/Feb/2026:07:20:08 -0500] "GET /wp-includes/blocks/paragraph/ HTTP/1.1" 403 1242 "-" "Mozilla/5.0 (X11; Linux x86_64) AppleWebKit/537.36 (KHTML, like Gecko) Chrome/84.0.4147.105 Safari/537.36 OPR/70.0.3728.95"
173.239.236.163 - - [26/Feb/2026:07:20:09 -0500] "GET /modules/mod_footer/tmpl/ HTTP/1.1" 404 88984 "-" "Mozilla/5.0 (Windows NT 10.0; Win64; x64) AppleWebKit/537.36 (KHTML, like Gecko) Chrome/75.0.3770.100 Safari/537.36"
173.239.236.163 - - [26/Feb/2026:07:20:13 -0500] "GET /wp-content/plugins/olympus-google-fonts/assets/images/ HTTP/1.1" 404 88984 "-" "Mozilla/5.0 (compatible; MSIE 10.0; Windows NT 6.1; Trident/6.0)"
173.239.236.163 - - [26/Feb/2026:07:20:15 -0500] "GET /wp-includes/css/dist/nux/ HTTP/1.1" 403 1242 "-" "Mozilla/5.0 (Macintosh; Intel Mac OS X 10.15; rv:79.0) Gecko/20100101 Firefox/79.0"
173.239.236.163 - - [26/Feb/2026:07:20:16 -0500] "GET /wp-includes/js/tinymce/plugins/lists/ HTTP/1.1" 403 1242 "-" "Mozilla/5.0 (Windows NT 10.0; Win64; x64; rv:75.0) Gecko/20100101 Firefox/75.0"
173.239.236.163 - - [26/Feb/2026:07:20:17 -0500] "GET /cn/wp-content/themes/twentytwentyone/ HTTP/1.1" 404 88984 "-" "Mozilla/5.0 (Windows NT 10.0; Win64; x64) AppleWebKit/537.36 (KHTML, like Gecko) Chrome/83.0.4103.97 Safari/537.36"
54.39.6.195 - - [26/Feb/2026:07:20:17 -0500] "GET /mansour-bin-zayed-receives-vietnamese-prime-minister-with-official-reception-at-qasr-al-watan/ HTTP/1.1" 200 20600 "-" "Mozilla/5.0 (compatible; AhrefsBot/7.0; +http://ahrefs.com/robot/)"
173.239.236.163 - - [26/Feb/2026:07:20:18 -0500] "GET /wp-content/plugins/boldgrid-backup-premium/vendor/aws/aws-sdk-php/src/data/elasticmapreduce/ HTTP/1.1" 404 88984 "-" "Mozilla/5.0 (Windows NT 10.0; Win64; x64) AppleWebKit/537.36 (KHTML, like Gecko) Chrome/75.0.3770.100 Safari/537.36"
173.239.236.163 - - [26/Feb/2026:07:20:20 -0500] "GET /wp-content/themes/evita/ HTTP/1.1" 404 88984 "-" "Mozilla/5.0 (Windows NT 10.0; Win64; x64; rv:73.0) Gecko/20100101 Firefox/73.0"
162.213.253.84 - - [26/Feb/2026:07:20:22 -0500] "POST /wp-cron.php?doing_wp_cron=1772108422.1087429523468017578125 HTTP/1.1" 200 0 "-" "WordPress/6.8.1; http://www.middleeastoday.com"
173.239.236.163 - - [26/Feb/2026:07:20:21 -0500] "GET /site/ HTTP/1.1" 404 88984 "-" "Mozilla/5.0 (Macintosh; Intel Mac OS X 10_15_6) AppleWebKit/537.36 (KHTML, like Gecko) Chrome/84.0.4147.125 Safari/537.36"
162.213.253.84 - - [26/Feb/2026:07:20:22 -0500] "POST /wp-admin/admin-ajax.php?action=async_litespeed&nonce=G5ccbC7RXTi4KHfhuX3khyiC0bNrkThX&litespeed_type=imgoptm HTTP/1.1" 200 21 "-" "WordPress/6.8.1; http://www.middleeastoday.com"
173.239.236.163 - - [26/Feb/2026:07:20:23 -0500] "GET /wp-includes/sitemaps/wp/ HTTP/1.1" 404 88984 "-" "Mozilla/5.0 (Windows NT 10.0; Win64; x64) AppleWebKit/537.36 (KHTML, like Gecko) Chrome/75.0.3770.100 Safari/537.36"
162.213.253.84 - - [26/Feb/2026:07:20:25 -0500] "POST /wp-cron.php?doing_wp_cron=1772108425.1171948909759521484375 HTTP/1.1" 200 0 "-" "WordPress/6.8.1; http://www.middleeastoday.com"
173.239.236.163 - - [26/Feb/2026:07:20:26 -0500] "GET /wp-content/ID3/img/img/block/wp/ HTTP/1.1" 404 88984 "-" "Mozilla/5.0 (Macintosh; Intel Mac OS X 10_15_6) AppleWebKit/537.36 (KHTML, like Gecko) Chrome/84.0.4147.125 Safari/537.36"
173.239.236.163 - - [26/Feb/2026:07:20:35 -0500] "GET /r/includes/external/page/ HTTP/1.1" 404 88984 "-" "Mozilla/5.0 (Windows NT 10.0; Win64; x64; rv:66.0) Gecko/20100101 Firefox/66.0"
173.239.236.163 - - [26/Feb/2026:07:20:36 -0500] "GET /wordpress/wp-content/ HTTP/1.1" 404 88984 "-" "Mozilla/5.0 (Macintosh; Intel Mac OS X 10_15_6) AppleWebKit/537.36 (KHTML, like Gecko) Chrome/84.0.4147.125 Safari/537.36"
173.239.236.163 - - [26/Feb/2026:07:20:01 -0500] "GET /wp-content/themes/twentytwentytwo/templates/ HTTP/1.1" 200 1823 "-" "Mozilla/5.0 (Windows NT 6.3; Win64; x64; rv:73.0) Gecko/20100101 Firefox/73.0"
173.239.236.163 - - [26/Feb/2026:07:20:01 -0500] "GET /wp-admin/css/wp/ HTTP/1.1" 404 88984 "-" "Mozilla/5.0 (Windows NT 10.0; Win64; x64; rv:73.0) Gecko/20100101 Firefox/73.0"
52.202.233.37 - - [26/Feb/2026:07:20:03 -0500] "GET /wp-json/oembed/1.0/embed?format=xml&url=http://www.middleeastoday.com/mashreq-reports-aed2-6-bn-net-profit-for-q3-22/ HTTP/1.1" 200 1259 "-" "Mozilla/5.0 AppleWebKit/537.36 (KHTML, like Gecko; compatible; Amazonbot/0.1; +https://developer.amazon.com/support/amazonbot) Chrome/119.0.6045.214 Safari/537.36"
173.239.236.163 - - [26/Feb/2026:07:20:05 -0500] "GET /wp-content/plugins/wp-file-manager/lib/ HTTP/1.1" 404 88984 "-" "Mozilla/5.0 (X11; Ubuntu; Linux x86_64; rv:79.0) Gecko/20100101 Firefox/79.0"
173.239.236.163 - - [26/Feb/2026:07:20:08 -0500] "GET /wp-content/plugins/elementor/assets/js/packages/editor-app-bar/ HTTP/1.1" 403 1242 "-" "Mozilla/5.0 (Windows NT 10.0; Win64; x64) AppleWebKit/537.36 (KHTML, like Gecko) Chrome/79.0.3945.79 Safari/537.36"
173.239.236.163 - - [26/Feb/2026:07:20:10 -0500] "GET /wp-includes/SimplePie/HTTP/ HTTP/1.1" 404 88984 "-" "Mozilla/5.0 (Windows NT 10.0; Win64; x64) AppleWebKit/537.36 (KHTML, like Gecko) Chrome/58.0.3029.110 Safari/537.3"
173.239.236.163 - - [26/Feb/2026:07:20:12 -0500] "GET /x/ HTTP/1.1" 301 0 "-" "Mozilla/5.0 (Windows NT 10.0; WOW64) AppleWebKit/537.36 (KHTML, like Gecko) Chrome/84.0.4147.105 Safari/537.36"
173.239.236.163 - - [26/Feb/2026:07:20:15 -0500] "GET /wp-content/themes/aahana/ HTTP/1.1" 404 88984 "-" "Mozilla/5.0 (Windows NT 10.0; WOW64; Trident/7.0; .NET4.0C; .NET4.0E; .NET CLR 2.0.50727; .NET CLR 3.0.30729; .NET CLR 3.5.30729; rv:11.0) like Gecko"
173.239.236.163 - - [26/Feb/2026:07:20:17 -0500] "GET /wp-includes/js/tinymce/skins/lightgray/img/ HTTP/1.1" 403 1242 "-" "Mozilla/5.0 (Windows NT 10.0; Win64; x64) AppleWebKit/537.36 (KHTML, like Gecko) Chrome/75.0.3770.100 Safari/537.36"
173.239.236.163 - - [26/Feb/2026:07:20:24 -0500] "GET /cgi-bin/cgi-bin/ HTTP/1.1" 404 88984 "-" "Mozilla/5.0 (Windows NT 10.0) AppleWebKit/537.36 (KHTML, like Gecko) Chrome/72.0.3626.121 Safari/537.36"
173.239.236.163 - - [26/Feb/2026:07:20:27 -0500] "GET /ccx/ HTTP/1.1" 404 88984 "-" "Mozilla/5.0 (Macintosh; Intel Mac OS X 10_12_6) AppleWebKit/537.36 (KHTML, like Gecko) Chrome/58.0.3029.110 Safari/537.3"
173.239.236.163 - - [26/Feb/2026:07:20:29 -0500] "GET /themes/zMousse/ HTTP/1.1" 404 88984 "-" "Mozilla/5.0 (Windows NT 10.0; Win64; x64) AppleWebKit/537.36 (KHTML, like Gecko) Chrome/70.0.3538.77 Safari/537.36"
173.239.236.163 - - [26/Feb/2026:07:20:31 -0500] "GET /wp-includes/theme-compat/wp/ HTTP/1.1" 404 88984 "-" "Mozilla/5.0 (Windows NT 10.0; Win64; x64) AppleWebKit/537.36 (KHTML, like Gecko) Chrome/75.0.3770.100 Safari/537.36"
173.239.236.163 - - [26/Feb/2026:07:20:32 -0500] "GET /wp-includes/SimplePie/Decode/ HTTP/1.1" 404 88984 "-" "Mozilla/5.0 (Macintosh; Intel Mac OS X 10_12_6) AppleWebKit/537.36 (KHTML, like Gecko) Chrome/58.0.3029.110 Safari/537.3"
173.239.236.163 - - [26/Feb/2026:07:20:33 -0500] "GET /ludes/ HTTP/1.1" 404 88984 "-" "Mozilla/5.0 (Windows NT 6.3; Win64; x64; rv:73.0) Gecko/20100101 Firefox/73.0"
173.239.236.163 - - [26/Feb/2026:07:20:38 -0500] "GET /bk/ HTTP/1.1" 404 88984 "-" "Mozilla/5.0 (Windows NT 10.0; Win64; x64) AppleWebKit/537.36 (KHTML, like Gecko) Chrome/74.0.3729.157 Safari/537.36"
173.239.236.163 - - [26/Feb/2026:07:20:39 -0500] "GET /wordpress/update/ HTTP/1.1" 404 88984 "-" "Mozilla/5.0 (Windows NT 6.1; Win64; x64) AppleWebKit/537.36 (KHTML, like Gecko) Chrome/58.0.3029.110 Safari/537.3"
173.239.236.163 - - [26/Feb/2026:07:20:43 -0500] "GET /modules/mod_ariimageslidersa/ HTTP/1.1" 404 88984 "-" "Mozilla/5.0 (Windows NT 10.0; WOW64; Trident/7.0; .NET4.0C; .NET4.0E; .NET CLR 2.0.50727; .NET CLR 3.0.30729; .NET CLR 3.5.30729; rv:11.0) like Gecko"
173.239.236.163 - - [26/Feb/2026:07:20:41 -0500] "GET /old/update/ HTTP/1.1" 404 88984 "-" "Mozilla/5.0 (Windows NT 6.1; Win64; x64) AppleWebKit/537.36 (KHTML, like Gecko) Chrome/74.0.3729.169 Safari/537.36"
173.239.236.163 - - [26/Feb/2026:07:20:42 -0500] "GET /blog/wp-content/plugins/fix/ HTTP/1.1" 404 88984 "-" "Mozilla/5.0 (Windows NT 10.0; Win64; x64; rv:72.0) Gecko/20100101 Firefox/72.0"
173.239.236.163 - - [26/Feb/2026:07:20:48 -0500] "GET /bootstrap/ HTTP/1.1" 404 88984 "-" "Mozilla/5.0 (Windows NT 6.1; Win64; x64) AppleWebKit/537.36 (KHTML, like Gecko) Chrome/79.0.3945.130 Safari/537.36"
173.239.236.163 - - [26/Feb/2026:07:20:49 -0500] "GET /wp-content/plugins/ienroku/ HTTP/1.1" 404 88984 "-" "Mozilla/5.0 (Windows NT 10.0; Win64; x64) AppleWebKit/537.36 (KHTML, like Gecko) Chrome/58.0.3029.110 Safari/537.3"
173.239.236.163 - - [26/Feb/2026:07:20:51 -0500] "GET /wp-content/plugins/xobsqxl/ HTTP/1.1" 404 88984 "-" "Mozilla/5.0 (Macintosh; Intel Mac OS X 10_15_6) AppleWebKit/537.36 (KHTML, like Gecko) Chrome/84.0.4147.105 Safari/537.36"
173.239.236.163 - - [26/Feb/2026:07:20:54 -0500] "GET /verificacion/templates/beez3/ HTTP/1.1" 404 88984 "-" "Mozilla/5.0 (Windows NT 10.0; Win64; x64; rv:66.0) Gecko/20100101 Firefox/66.0"
173.239.236.163 - - [26/Feb/2026:07:20:56 -0500] "GET /sad/ HTTP/1.1" 404 88984 "-" "Mozilla/5.0 (Windows NT 10.0) AppleWebKit/537.36 (KHTML, like Gecko) Chrome/72.0.3626.121 Safari/537.36"
173.239.236.163 - - [26/Feb/2026:07:21:02 -0500] "GET /wp-content/plugins/azra-tn/ HTTP/1.1" 404 88984 "-" "Mozilla/5.0 (Windows NT 10.0; Win64; x64) AppleWebKit/537.36 (KHTML, like Gecko) Chrome/75.0.3770.100 Safari/537.36"
173.239.236.163 - - [26/Feb/2026:07:21:03 -0500] "GET /wp-includes/sodium_compat/ HTTP/1.1" 403 1242 "-" "Mozilla/5.0 (Windows NT 10.0; Win64; x64) AppleWebKit/537.36 (KHTML, like Gecko) Chrome/80.0.3987.149 Safari/537.36"
173.239.236.163 - - [26/Feb/2026:07:21:03 -0500] "GET /wp-content/plugins/3asba/ HTTP/1.1" 404 88984 "-" "Mozilla/5.0 (Windows NT 10.0; Win64; x64; rv:74.0) Gecko/20100101 Firefox/74.0"
173.239.236.163 - - [26/Feb/2026:07:21:05 -0500] "GET /wp-content/uploads/gravity_forms/ HTTP/1.1" 404 88984 "-" "Mozilla/5.0 (Windows NT 10.0; Win64; x64; rv:66.0) Gecko/20100101 Firefox/66.0"
173.239.236.163 - - [26/Feb/2026:07:21:07 -0500] "GET /wp-includes/blocks/social-links/ HTTP/1.1" 403 1242 "-" "Mozilla/5.0 (compatible; MSIE 10.0; Windows NT 6.1; Trident/6.0)"
173.239.236.163 - - [26/Feb/2026:07:21:08 -0500] "GET /wordpress/wp-content/themes/twentytwenty/ HTTP/1.1" 404 88984 "-" "Mozilla/5.0 (Windows NT 10.0; Win64; x64; rv:77.0) Gecko/20100101 Firefox/77.0"
173.239.236.163 - - [26/Feb/2026:07:21:10 -0500] "GET /wp-content/plugins/email-subscribers/ HTTP/1.1" 404 88984 "-" "Mozilla/5.0 (Windows NT 6.1; Win64; x64) AppleWebKit/537.36 (KHTML, like Gecko) Chrome/58.0.3029.110 Safari/537.3"
173.239.236.163 - - [26/Feb/2026:07:21:11 -0500] "GET /wp-content/plugins/ultimate-addons-for-gutenberg/ HTTP/1.1" 404 88984 "-" "Mozilla/5.0 (Windows NT 10.0; WOW64; x64) AppleWebKit/537.36 (KHTML, like Gecko) Chrome/84.0.4147.105 Safari/537.36 OPR/70.0.3728.95"
173.239.236.163 - - [26/Feb/2026:07:21:15 -0500] "GET /cgi_bin/ HTTP/1.1" 404 88984 "-" "Mozilla/5.0 (Windows NT 10.0; Win64; x64) AppleWebKit/537.36 (KHTML, like Gecko) Chrome/69.0.3497.100 Safari/537.36"
173.239.236.163 - - [26/Feb/2026:07:21:16 -0500] "GET /wp-content/plugins/exe/ HTTP/1.1" 404 88984 "-" "Mozilla/5.0 (Windows NT 6.1; Win64; x64) AppleWebKit/537.36 (KHTML, like Gecko) Chrome/78.0.3904.108 Safari/537.36"
162.213.253.84 - - [26/Feb/2026:07:21:22 -0500] "POST /wp-admin/admin-ajax.php?action=async_litespeed&nonce=QUJjUwoakK3OVG9IGtQL9AFD9qhLDIdI&litespeed_type=imgoptm HTTP/1.1" 200 21 "-" "WordPress/6.8.1; http://www.middleeastoday.com"
173.239.236.163 - - [26/Feb/2026:07:21:27 -0500] "GET /portal/modules/mod_simplefileuploadv1.3/elements/ HTTP/1.1" 404 88984 "-" "Mozilla/5.0 (Windows NT 10.0; WOW64; x64) AppleWebKit/537.36 (KHTML, like Gecko) Chrome/84.0.4147.105 Safari/537.36 OPR/70.0.3728.95"
173.239.236.163 - - [26/Feb/2026:07:20:45 -0500] "GET /wp-content/plugins/background-image-cropper/ HTTP/1.1" 404 88984 "-" "Mozilla/5.0 (Windows NT 10.0; Win64; x64; rv:73.0) Gecko/20100101 Firefox/73.0"
173.239.236.163 - - [26/Feb/2026:07:20:46 -0500] "GET /templates/beez3/css/ HTTP/1.1" 404 88984 "-" "Mozilla/5.0 (Windows NT 10.0; Win64; x64) AppleWebKit/537.36 (KHTML, like Gecko) Chrome/83.0.4103.97 Safari/537.36"
173.239.236.163 - - [26/Feb/2026:07:20:53 -0500] "GET /wp-content/plugins/achdxhv/ HTTP/1.1" 404 88984 "-" "Mozilla/5.0 (Linux x86_64; rv:79.0) Gecko/20100101 Firefox/79.0"
173.239.236.163 - - [26/Feb/2026:07:20:57 -0500] "GET /wp-includes/ixr/ HTTP/1.1" 404 88984 "-" "Mozilla/5.0 (Macintosh; Intel Mac OS X 10_15_6) AppleWebKit/537.36 (KHTML, like Gecko) Chrome/84.0.4147.105 Safari/537.36"
173.239.236.163 - - [26/Feb/2026:07:20:59 -0500] "GET /wp-content/plugins/seox/ HTTP/1.1" 404 88984 "-" "Mozilla/5.0 (Windows NT 10.0; Win64; x64) AppleWebKit/537.36 (KHTML, like Gecko) Chrome/79.0.3945.79 Safari/537.36"
173.239.236.163 - - [26/Feb/2026:07:21:00 -0500] "GET /cache/h/a/h/e/ HTTP/1.1" 404 88984 "-" "Mozilla/5.0 (Windows NT 10.0; Win64; x64; rv:71.0) Gecko/20100101 Firefox/71.0"
173.239.236.163 - - [26/Feb/2026:07:21:07 -0500] "GET /update/ HTTP/1.1" 404 88984 "-" "Mozilla/5.0 (X11; Fedora; Linux x86_64; rv:79.0) Gecko/20100101 Firefox/79.0"
173.239.236.163 - - [26/Feb/2026:07:21:13 -0500] "GET /wp-content/plugins/litespeed-cache/ HTTP/1.1" 403 1242 "-" "Mozilla/5.0 (Windows NT 10.0; Win64; x64) AppleWebKit/537.36 (KHTML, like Gecko) Chrome/84.0.4147.105 Safari/537.36 OPR/70.0.3728.95"
173.239.236.163 - - [26/Feb/2026:07:21:13 -0500] "GET /acme-challenge/ HTTP/1.1" 404 88984 "-" "Mozilla/5.0 (Windows NT 10.0; Win64; x64; rv:76.0) Gecko/20100101 Firefox/76.0"
173.239.236.163 - - [26/Feb/2026:07:21:17 -0500] "GET /user/ HTTP/1.1" 404 88984 "-" "Mozilla/5.0 (Windows NT 6.1; Win64; x64) AppleWebKit/537.36 (KHTML, like Gecko) Chrome/74.0.3729.169 Safari/537.36"
173.239.236.163 - - [26/Feb/2026:07:21:19 -0500] "GET /moodle/user/ HTTP/1.1" 404 88984 "-" "Mozilla/5.0 (Macintosh; Intel Mac OS X 10_15_6) AppleWebKit/537.36 (KHTML, like Gecko) Chrome/84.0.4147.105 Safari/537.36 OPR/70.0.3728.95"
173.239.236.163 - - [26/Feb/2026:07:21:20 -0500] "GET /controllers/wizard/ HTTP/1.1" 404 88984 "-" "Mozilla/5.0 (Macintosh; Intel Mac OS X 10_15_6) AppleWebKit/537.36 (KHTML, like Gecko) Chrome/84.0.4147.125 Safari/537.36"
162.213.253.84 - - [26/Feb/2026:07:21:22 -0500] "POST /wp-cron.php?doing_wp_cron=1772108482.4268379211425781250000 HTTP/1.1" 200 0 "-" "WordPress/6.8.1; http://www.middleeastoday.com"
173.239.236.163 - - [26/Feb/2026:07:21:22 -0500] "GET /proyectoweb/modules/mod_simplefileuploadv1.3/elements/ HTTP/1.1" 404 88984 "-" "Mozilla/5.0 (Windows NT 10.0) AppleWebKit/537.36 (KHTML, like Gecko) Chrome/84.0.4147.105 Safari/537.36"
173.239.236.163 - - [26/Feb/2026:07:21:23 -0500] "GET /wp-content/plugins/core-plugin/ HTTP/1.1" 404 88984 "-" "Mozilla/5.0 (Windows NT 10.0) AppleWebKit/537.36 (KHTML, like Gecko) Chrome/84.0.4147.105 Safari/537.36"
162.213.253.84 - - [26/Feb/2026:07:21:25 -0500] "POST /wp-cron.php?doing_wp_cron=1772108485.3243899345397949218750 HTTP/1.1" 200 0 "-" "WordPress/6.8.1; http://www.middleeastoday.com"
173.239.236.163 - - [26/Feb/2026:07:21:24 -0500] "GET /wp-content/themes/hideo/ HTTP/1.1" 404 88984 "-" "Mozilla/5.0 (Windows NT 10.0; Win64; x64) AppleWebKit/537.36 (KHTML, like Gecko) Chrome/74.0.3729.169 Safari/537.36"
173.239.236.163 - - [26/Feb/2026:07:21:26 -0500] "GET /wp-content/plugins/wp-catcher/ HTTP/1.1" 404 88984 "-" "Mozilla/5.0 (Macintosh; Intel Mac OS X 10_12_6) AppleWebKit/537.36 (KHTML, like Gecko) Chrome/58.0.3029.110 Safari/537.3"
173.239.236.163 - - [26/Feb/2026:07:21:30 -0500] "GET /wp-content/plugins/ioptimization/ HTTP/1.1" 404 88984 "-" "Mozilla/5.0 (Windows NT 10.0; Win64; x64; rv:79.0) Gecko/20100101 Firefox/79.0"
173.239.236.163 - - [26/Feb/2026:07:21:29 -0500] "GET /wp-includes/sodium_compat/src/Core/Curve25519/Ge/ HTTP/1.1" 403 1242 "-" "Mozilla/5.0 (Windows NT 10.0; Win64; x64) AppleWebKit/537.36 (KHTML, like Gecko) Chrome/84.0.4147.105 Safari/537.36"
173.239.236.163 - - [26/Feb/2026:07:21:29 -0500] "GET /wp-content/plugins/gizitib/ HTTP/1.1" 404 88984 "-" "Mozilla/5.0 (Windows NT 10.0; Win64; x64; rv:79.0) Gecko/20100101 Firefox/79.0"
173.239.236.163 - - [26/Feb/2026:07:21:32 -0500] "GET /extracte_wordprees/dirfunc/ HTTP/1.1" 404 88984 "-" "Mozilla/5.0 (X11; Linux x86_64) AppleWebKit/537.36 (KHTML, like Gecko) Chrome/84.0.4147.105 Safari/537.36"
173.239.236.163 - - [26/Feb/2026:07:21:33 -0500] "GET /wp-content/plugins/rex/l/ HTTP/1.1" 404 88984 "-" "Mozilla/5.0 (Windows NT 10.0; Win64; x64; rv:79.0) Gecko/20100101 Firefox/79.0"
173.239.236.163 - - [26/Feb/2026:07:21:35 -0500] "GET /rex/l/ HTTP/1.1" 301 0 "-" "Mozilla/5.0 (Macintosh; Intel Mac OS X 10_12_6) AppleWebKit/537.36 (KHTML, like Gecko) Chrome/58.0.3029.110 Safari/537.3"
173.239.236.163 - - [26/Feb/2026:07:21:35 -0500] "GET /l/ HTTP/1.1" 301 0 "-" "Mozilla/5.0 (Windows NT 10.0; Win64; x64) AppleWebKit/537.36 (KHTML, like Gecko) Chrome/70.0.3538.77 Safari/537.36"
173.239.236.163 - - [26/Feb/2026:07:21:38 -0500] "GET /wordpress/wp-includes/style-engine/ HTTP/1.1" 404 88984 "-" "Mozilla/5.0 (Windows NT 6.1; Win64; x64) AppleWebKit/537.36 (KHTML, like Gecko) Chrome/74.0.3729.169 Safari/537.36"
173.239.236.163 - - [26/Feb/2026:07:21:39 -0500] "GET /wordpress/ HTTP/1.1" 404 88984 "-" "Mozilla/5.0 (Windows NT 10.0; Win64; x64) AppleWebKit/537.36 (KHTML, like Gecko) Chrome/83.0.4103.97 Safari/537.36"
173.239.236.163 - - [26/Feb/2026:07:21:42 -0500] "GET /wp-content/Files/ HTTP/1.1" 404 88984 "-" "Mozilla/5.0 (Windows NT 10.0; Win64; x64) AppleWebKit/537.36 (KHTML, like Gecko) Chrome/74.0.3729.157 Safari/537.36"
173.239.236.163 - - [26/Feb/2026:07:21:43 -0500] "GET /wordpress/Files/ HTTP/1.1" 404 88984 "-" "Mozilla/5.0 (compatible; MSIE 10.0; Windows NT 6.1; Trident/6.0)"
85.208.96.210 - - [26/Feb/2026:07:21:44 -0500] "GET /category/travel-tourism/airlines/ HTTP/1.1" 200 24283 "-" "Mozilla/5.0 (compatible; SemrushBot/7~bl; +http://www.semrush.com/bot.html)"
173.239.236.163 - - [26/Feb/2026:07:21:48 -0500] "GET /wordpress/wp-includes/Text/ HTTP/1.1" 404 88984 "-" "Mozilla/5.0 (Windows NT 10.0; Win64; x64) AppleWebKit/537.36 (KHTML, like Gecko) Chrome/70.0.3538.110 Safari/537.36"
173.239.236.163 - - [26/Feb/2026:07:21:50 -0500] "GET /wp-includes/Files/ HTTP/1.1" 404 88984 "-" "Mozilla/5.0 (Windows NT 10.0; Win64; x64) AppleWebKit/537.36 (KHTML, like Gecko) Chrome/58.0.3029.110 Safari/537.3"
173.239.236.163 - - [26/Feb/2026:07:21:52 -0500] "GET /admin/Files/ HTTP/1.1" 404 88984 "-" "Mozilla/5.0 (X11; Fedora; Linux x86_64; rv:79.0) Gecko/20100101 Firefox/79.0"
173.239.236.163 - - [26/Feb/2026:07:21:54 -0500] "GET /www/modules/mod_simplefileuploadv1.3/elements/ HTTP/1.1" 404 88984 "-" "Mozilla/5.0 (Macintosh; Intel Mac OS X 10_15_6) AppleWebKit/537.36 (KHTML, like Gecko) Chrome/84.0.4147.125 Safari/537.36"
173.239.236.163 - - [26/Feb/2026:07:21:56 -0500] "GET /newtab/ HTTP/1.1" 404 88984 "-" "Mozilla/5.0 (Macintosh; Intel Mac OS X 10_12_6) AppleWebKit/537.36 (KHTML, like Gecko) Chrome/58.0.3029.110 Safari/537.3"
173.239.236.163 - - [26/Feb/2026:07:21:59 -0500] "GET /js/widgets/ HTTP/1.1" 404 88984 "-" "Mozilla/5.0 (Windows NT 10.0; Win64; x64) AppleWebKit/537.36 (KHTML, like Gecko) Chrome/79.0.3945.88 Safari/537.36"
173.239.236.163 - - [26/Feb/2026:07:22:01 -0500] "GET /pki-validation/ HTTP/1.1" 404 88984 "-" "Mozilla/5.0 (X11; Fedora; Linux x86_64; rv:79.0) Gecko/20100101 Firefox/79.0"
173.239.236.163 - - [26/Feb/2026:07:22:02 -0500] "GET /block-supports/ HTTP/1.1" 404 88984 "-" "Mozilla/5.0 (Windows NT 10.0) AppleWebKit/537.36 (KHTML, like Gecko) Chrome/84.0.4147.105 Safari/537.36"
173.239.236.163 - - [26/Feb/2026:07:22:05 -0500] "GET /pomo/ HTTP/1.1" 404 88984 "-" "Mozilla/5.0 (Windows NT 10.0; Win64; x64; rv:72.0) Gecko/20100101 Firefox/72.0"
142.44.228.197 - - [26/Feb/2026:07:21:35 -0500] "GET /the-head-of-state-arrives-in-cairo-on-an-official-visit-and-the-egyptian-president-is-at-the-forefront-of-his-reception/ HTTP/1.1" 200 21025 "-" "Mozilla/5.0 (compatible; AhrefsBot/7.0; +http://ahrefs.com/robot/)"
173.239.236.163 - - [26/Feb/2026:07:21:36 -0500] "GET /wordpress/wp-admin/ HTTP/1.1" 404 88984 "-" "Mozilla/5.0 (Windows NT 10.0; Win64; x64; rv:67.0) Gecko/20100101 Firefox/67.0"
173.239.236.163 - - [26/Feb/2026:07:21:41 -0500] "GET /Files/ HTTP/1.1" 404 88984 "-" "Mozilla/5.0 (Windows NT 10.0; WOW64) AppleWebKit/537.36 (KHTML, like Gecko) Chrome/72.0.3626.121 Safari/537.36"
173.239.236.163 - - [26/Feb/2026:07:21:45 -0500] "GET /wp-includes/Text/Files/ HTTP/1.1" 404 88984 "-" "Mozilla/5.0 (X11; Ubuntu; Linux i686; rv:79.0) Gecko/20100101 Firefox/79.0"
173.239.236.163 - - [26/Feb/2026:07:21:47 -0500] "GET /wordpress/wp-content/plugins/rex/l/ HTTP/1.1" 404 88984 "-" "Mozilla/5.0 (Windows NT 10.0; Win64; x64) AppleWebKit/537.36 (KHTML, like Gecko) Chrome/70.0.3538.110 Safari/537.36"
173.239.236.163 - - [26/Feb/2026:07:21:53 -0500] "GET /static/Files/ HTTP/1.1" 404 88984 "-" "Mozilla/5.0 (Windows NT 10.0; WOW64; Trident/7.0; .NET4.0C; .NET4.0E; .NET CLR 2.0.50727; .NET CLR 3.0.30729; .NET CLR 3.5.30729; rv:11.0) like Gecko"
173.239.236.163 - - [26/Feb/2026:07:21:58 -0500] "GET /cgi-sys/ HTTP/1.1" 403 1242 "-" "Mozilla/5.0 (Macintosh; Intel Mac OS X 10_12_6) AppleWebKit/537.36 (KHTML, like Gecko) Chrome/58.0.3029.110 Safari/537.3"
173.239.236.163 - - [26/Feb/2026:07:21:58 -0500] "GET /includes/external/page/ HTTP/1.1" 404 88984 "-" "Mozilla/5.0 (Windows NT 6.1; Win64; x64) AppleWebKit/537.36 (KHTML, like Gecko) Chrome/74.0.3729.169 Safari/537.36"
173.239.236.163 - - [26/Feb/2026:07:22:04 -0500] "GET /default/ HTTP/1.1" 404 88984 "-" "Mozilla/5.0 (X11; Fedora; Linux x86_64; rv:79.0) Gecko/20100101 Firefox/79.0"
173.239.236.163 - - [26/Feb/2026:07:22:07 -0500] "GET /css/dist/ HTTP/1.1" 404 88984 "-" "Mozilla/5.0 (Windows NT 10.0; WOW64) AppleWebKit/537.36 (KHTML, like Gecko) Chrome/72.0.3626.121 Safari/537.36"
173.239.236.163 - - [26/Feb/2026:07:22:09 -0500] "GET /block-patterns/ HTTP/1.1" 404 88984 "-" "Mozilla/5.0 (Windows NT 10.0; Win64; x64; rv:77.0) Gecko/20100101 Firefox/77.0"
173.239.236.163 - - [26/Feb/2026:07:22:17 -0500] "GET /Text/Diff/Renderer/ HTTP/1.1" 404 88984 "-" "Mozilla/5.0 (Windows NT 6.1; Win64; x64) AppleWebKit/537.36 (KHTML, like Gecko) Chrome/79.0.3945.130 Safari/537.36"
173.239.236.163 - - [26/Feb/2026:07:22:20 -0500] "GET /css/colors/blue/ HTTP/1.1" 404 88984 "-" "Mozilla/5.0 (Windows NT 10.0; Win64; x64) AppleWebKit/537.36 (KHTML, like Gecko) Chrome/79.0.3945.88 Safari/537.36"
162.213.253.84 - - [26/Feb/2026:07:22:22 -0500] "POST /wp-cron.php?doing_wp_cron=1772108542.1204841136932373046875 HTTP/1.1" 200 0 "-" "WordPress/6.8.1; http://www.middleeastoday.com"
173.239.236.163 - - [26/Feb/2026:07:22:21 -0500] "GET /js/tinymce/skins/lightgray/fonts/ HTTP/1.1" 404 88984 "-" "Mozilla/5.0 (Windows NT 10.0; Win64; x64; rv:74.0) Gecko/20100101 Firefox/74.0"
162.213.253.84 - - [26/Feb/2026:07:22:22 -0500] "POST /wp-admin/admin-ajax.php?action=async_litespeed&nonce=vKWQvXJxjlWDOXnIHzJYpiuUOzMrjapb&litespeed_type=imgoptm HTTP/1.1" 200 21 "-" "WordPress/6.8.1; http://www.middleeastoday.com"
173.239.236.163 - - [26/Feb/2026:07:22:30 -0500] "GET /aa/ HTTP/1.1" 404 88984 "-" "Mozilla/5.0 (Windows NT 10.0; Win64; x64; rv:77.0) Gecko/20100101 Firefox/77.0"
173.239.236.163 - - [26/Feb/2026:07:22:31 -0500] "GET /network/ HTTP/1.1" 404 88984 "-" "Mozilla/5.0 (Windows NT 10.0; Win64; x64) AppleWebKit/537.36 (KHTML, like Gecko) Chrome/70.0.3538.77 Safari/537.36"
173.239.236.163 - - [26/Feb/2026:07:22:37 -0500] "GET /IXR/ HTTP/1.1" 404 88984 "-" "Mozilla/5.0 (Windows NT 10.0; Win64; x64; rv:75.0) Gecko/20100101 Firefox/75.0"
173.239.236.163 - - [26/Feb/2026:07:22:39 -0500] "GET /test/ HTTP/1.1" 404 88984 "-" "Mozilla/5.0 (Windows NT 10.0; Win64; x64; rv:67.0) Gecko/20100101 Firefox/67.0"
173.239.236.163 - - [26/Feb/2026:07:22:10 -0500] "GET /themes/ HTTP/1.1" 404 88984 "-" "Mozilla/5.0 (Windows NT 6.1; Win64; x64) AppleWebKit/537.36 (KHTML, like Gecko) Chrome/78.0.3904.108 Safari/537.36"
173.239.236.163 - - [26/Feb/2026:07:22:12 -0500] "GET /media/ HTTP/1.1" 404 88984 "-" "Mozilla/5.0 (Windows NT 10.0; Win64; x64; rv:67.0) Gecko/20100101 Firefox/67.0"
173.239.236.163 - - [26/Feb/2026:07:22:14 -0500] "GET /Requests/ HTTP/1.1" 404 88984 "-" "Mozilla/5.0 (Windows NT 10.0) AppleWebKit/537.36 (KHTML, like Gecko) Chrome/72.0.3626.121 Safari/537.36"
173.239.236.163 - - [26/Feb/2026:07:22:15 -0500] "GET /maint/ HTTP/1.1" 404 88984 "-" "Mozilla/5.0 (Windows NT 6.3; Win64; x64; rv:73.0) Gecko/20100101 Firefox/73.0"
173.239.236.163 - - [26/Feb/2026:07:22:18 -0500] "GET /SimplePie/ HTTP/1.1" 404 88984 "-" "Mozilla/5.0 (Windows NT 10.0; Win64; x64) AppleWebKit/537.36 (KHTML, like Gecko) Chrome/77.0.3865.90 Safari/537.36"
173.239.236.163 - - [26/Feb/2026:07:22:23 -0500] "GET /widgets/ HTTP/1.1" 404 88984 "-" "Mozilla/5.0 (Windows NT 6.1; Win64; x64) AppleWebKit/537.36 (KHTML, like Gecko) Chrome/58.0.3029.110 Safari/537.3"
162.213.253.84 - - [26/Feb/2026:07:22:25 -0500] "POST /wp-cron.php?doing_wp_cron=1772108545.1935710906982421875000 HTTP/1.1" 200 0 "-" "WordPress/6.8.1; http://www.middleeastoday.com"
173.239.236.163 - - [26/Feb/2026:07:22:24 -0500] "GET /themes/scapeshot/includes/settings/ HTTP/1.1" 404 88984 "-" "Mozilla/5.0 (Windows NT 10.0; WOW64; x64) AppleWebKit/537.36 (KHTML, like Gecko) Chrome/84.0.4147.105 Safari/537.36 OPR/70.0.3728.95"
173.239.236.163 - - [26/Feb/2026:07:22:26 -0500] "GET /atomic/ HTTP/1.1" 404 88984 "-" "Mozilla/5.0 (Windows NT 10.0; Win64; x64) AppleWebKit/537.36 (KHTML, like Gecko) Chrome/70.0.3538.77 Safari/537.36"
173.239.236.163 - - [26/Feb/2026:07:22:27 -0500] "GET /themes/wp-pridmag/ HTTP/1.1" 404 88984 "-" "Mozilla/5.0 (Windows NT 10.0) AppleWebKit/537.36 (KHTML, like Gecko) Chrome/72.0.3626.121 Safari/537.36"
173.239.236.163 - - [26/Feb/2026:07:22:29 -0500] "GET /theme-compat/ HTTP/1.1" 404 88984 "-" "Mozilla/5.0 (X11; Fedora; Linux x86_64; rv:79.0) Gecko/20100101 Firefox/79.0"
173.239.236.163 - - [26/Feb/2026:07:22:33 -0500] "GET /customize/ HTTP/1.1" 404 88984 "-" "Mozilla/5.0 (Windows NT 10.0; Win64; x64) AppleWebKit/537.36 (KHTML, like Gecko) Chrome/83.0.4103.61 Safari/537.36"
173.239.236.163 - - [26/Feb/2026:07:22:34 -0500] "GET /certificates/ HTTP/1.1" 404 88984 "-" "Mozilla/5.0 (Windows NT 10.0) AppleWebKit/537.36 (KHTML, like Gecko) Chrome/72.0.3626.121 Safari/537.36"
173.239.236.163 - - [26/Feb/2026:07:22:36 -0500] "GET /blocks/ HTTP/1.1" 404 88984 "-" "Mozilla/5.0 (Windows NT 10.0; Win64; x64) AppleWebKit/537.36 (KHTML, like Gecko) Chrome/84.0.4147.105 Safari/537.36"
173.239.236.163 - - [26/Feb/2026:07:22:55 -0500] "GET /maint/maint/ HTTP/1.1" 404 88984 "-" "Mozilla/5.0 (X11; Linux i686; rv:79.0) Gecko/20100101 Firefox/79.0"
173.239.236.163 - - [26/Feb/2026:07:22:57 -0500] "GET /Requests/Transport/ HTTP/1.1" 404 88984 "-" "Mozilla/5.0 (Windows NT 10.0; Win64; x64; rv:67.0) Gecko/20100101 Firefox/67.0"
173.239.236.163 - - [26/Feb/2026:07:23:05 -0500] "GET /system/ HTTP/1.1" 404 88984 "-" "Mozilla/5.0 (Windows NT 10.0) AppleWebKit/537.36 (KHTML, like Gecko) Chrome/84.0.4147.105 Safari/537.36"
173.239.236.163 - - [26/Feb/2026:07:23:09 -0500] "GET /rest-api/fields/ HTTP/1.1" 404 88984 "-" "Mozilla/5.0 (Windows NT 6.1; Win64; x64) AppleWebKit/537.36 (KHTML, like Gecko) Chrome/74.0.3729.169 Safari/537.36"
173.239.236.163 - - [26/Feb/2026:07:23:11 -0500] "GET /uploads/2020/ HTTP/1.1" 404 88984 "-" "Mozilla/5.0 (Macintosh; Intel Mac OS X 10.15; rv:79.0) Gecko/20100101 Firefox/79.0"
173.239.236.163 - - [26/Feb/2026:07:23:14 -0500] "GET /phpmailer/ HTTP/1.1" 404 88984 "-" "Mozilla/5.0 (Windows NT 10.0; Win64; x64) AppleWebKit/537.36 (KHTML, like Gecko) Chrome/74.0.3729.169 Safari/537.36"
173.239.236.163 - - [26/Feb/2026:07:22:41 -0500] "GET /ID3/ HTTP/1.1" 404 88984 "-" "Mozilla/5.0 (Windows NT 10.0; Win64; x64; rv:72.0) Gecko/20100101 Firefox/72.0"
173.239.236.163 - - [26/Feb/2026:07:22:43 -0500] "GET /uploads/2021/ HTTP/1.1" 404 88984 "-" "Mozilla/5.0 (Windows NT 10.0; Win64; x64) AppleWebKit/537.36 (KHTML, like Gecko) Chrome/79.0.3945.130 Safari/537.36"
173.239.236.163 - - [26/Feb/2026:07:22:44 -0500] "GET /rest-api/ HTTP/1.1" 404 88984 "-" "Mozilla/5.0 (Windows NT 6.1; Win64; x64) AppleWebKit/537.36 (KHTML, like Gecko) Chrome/80.0.3987.149 Safari/537.36"
173.239.236.163 - - [26/Feb/2026:07:22:46 -0500] "GET /themes/bltm/ HTTP/1.1" 404 88984 "-" "Mozilla/5.0 (X11; Ubuntu; Linux x86_64; rv:79.0) Gecko/20100101 Firefox/79.0"
173.239.236.163 - - [26/Feb/2026:07:22:48 -0500] "GET /themes/newstoday/ HTTP/1.1" 404 88984 "-" "Mozilla/5.0 (Windows NT 10.0; Win64; x64; rv:75.0) Gecko/20100101 Firefox/75.0"
173.239.236.163 - - [26/Feb/2026:07:22:49 -0500] "GET /css/dist/editor/ HTTP/1.1" 404 88984 "-" "Mozilla/5.0 (Macintosh; Intel Mac OS X 10_15_6) AppleWebKit/537.36 (KHTML, like Gecko) Chrome/84.0.4147.105 Safari/537.36 OPR/70.0.3728.95"
173.239.236.163 - - [26/Feb/2026:07:22:50 -0500] "GET /css/colors/ HTTP/1.1" 404 88984 "-" "Mozilla/5.0 (Macintosh; Intel Mac OS X 10_15_6) AppleWebKit/537.36 (KHTML, like Gecko) Chrome/84.0.4147.125 Safari/537.36"
173.239.236.163 - - [26/Feb/2026:07:22:52 -0500] "GET /images/crystal/ HTTP/1.1" 404 88984 "-" "Mozilla/5.0 (X11; Fedora; Linux x86_64; rv:79.0) Gecko/20100101 Firefox/79.0"
173.239.236.163 - - [26/Feb/2026:07:22:54 -0500] "GET /js/plupload/ HTTP/1.1" 404 88984 "-" "Mozilla/5.0 (Windows NT 10.0; Win64; x64; rv:76.0) Gecko/20100101 Firefox/76.0"
173.239.236.163 - - [26/Feb/2026:07:22:59 -0500] "GET /phpunit/phpunit/src/Util/PHP/ HTTP/1.1" 404 88984 "-" "Mozilla/5.0 (Windows NT 10.0; Win64; x64) AppleWebKit/537.36 (KHTML, like Gecko) Chrome/75.0.3770.100 Safari/537.36"
173.239.236.163 - - [26/Feb/2026:07:23:00 -0500] "GET /assets/images/ HTTP/1.1" 404 88984 "-" "Mozilla/5.0 (Windows NT 10.0; Win64; x64; rv:73.0) Gecko/20100101 Firefox/73.0"
173.239.236.163 - - [26/Feb/2026:07:23:02 -0500] "GET /themes/twenty/ HTTP/1.1" 404 88984 "-" "Mozilla/5.0 (Windows NT 10.0; Win64; x64) AppleWebKit/537.36 (KHTML, like Gecko) Chrome/74.0.3729.157 Safari/537.36"
173.239.236.163 - - [26/Feb/2026:07:23:03 -0500] "GET /languages/ HTTP/1.1" 404 88984 "-" "Mozilla/5.0 (Windows NT 10.0; Win64; x64; rv:73.0) Gecko/20100101 Firefox/73.0"
173.239.236.163 - - [26/Feb/2026:07:23:06 -0500] "GET /well-known/ HTTP/1.1" 404 88984 "-" "Mozilla/5.0 (Windows NT 10.0; Win64; x64; rv:71.0) Gecko/20100101 Firefox/71.0"
173.239.236.163 - - [26/Feb/2026:07:23:08 -0500] "GET /informasi/ HTTP/1.1" 404 88984 "-" "Mozilla/5.0 (Macintosh; Intel Mac OS X 10_15_6) AppleWebKit/537.36 (KHTML, like Gecko) Chrome/84.0.4147.105 Safari/537.36 OPR/70.0.3728.95"
15.235.27.106 - - [26/Feb/2026:07:23:12 -0500] "GET /mohammed-bin-rashid-chairs-cabinet-meeting-and-approves-the-convening-of-the-uae-government-annual-meetings/ HTTP/1.1" 200 27773 "-" "Mozilla/5.0 (compatible; AhrefsBot/7.0; +http://ahrefs.com/robot/)"
173.239.236.163 - - [26/Feb/2026:07:23:12 -0500] "GET /themes/rehub-theme/ HTTP/1.1" 404 88984 "-" "Mozilla/5.0 (Windows NT 10.0; Win64; x64; rv:76.0) Gecko/20100101 Firefox/76.0"
173.239.236.163 - - [26/Feb/2026:07:23:20 -0500] "GET /themes/twentyseventeen/page/ HTTP/1.1" 404 88984 "-" "Mozilla/5.0 (Windows NT 10.0; Win64; x64) AppleWebKit/537.36 (KHTML, like Gecko) Chrome/75.0.3770.100 Safari/537.36"
162.213.253.84 - - [26/Feb/2026:07:23:22 -0500] "POST /wp-cron.php?doing_wp_cron=1772108602.1127710342407226562500 HTTP/1.1" 200 0 "-" "WordPress/6.8.1; http://www.middleeastoday.com"
173.239.236.163 - - [26/Feb/2026:07:23:21 -0500] "GET /joomla/ HTTP/1.1" 404 88984 "-" "Mozilla/5.0 (Windows NT 10.0; WOW64) AppleWebKit/537.36 (KHTML, like Gecko) Chrome/84.0.4147.105 Safari/537.36"
173.239.236.163 - - [26/Feb/2026:07:23:15 -0500] "GET /Requests/Exception/ HTTP/1.1" 404 88984 "-" "Mozilla/5.0 (X11; Linux x86_64) AppleWebKit/537.36 (KHTML, like Gecko) Chrome/84.0.4147.105 Safari/537.36 OPR/70.0.3728.95"
173.239.236.163 - - [26/Feb/2026:07:23:17 -0500] "GET /products/ HTTP/1.1" 404 88984 "-" "Mozilla/5.0 (Windows NT 10.0; Win64; x64) AppleWebKit/537.36 (KHTML, like Gecko) Chrome/81.0.4044.129 Safari/537.36"
173.239.236.163 - - [26/Feb/2026:07:23:18 -0500] "GET /themes/fitnessbase/ HTTP/1.1" 404 88984 "-" "Mozilla/5.0 (Macintosh; Intel Mac OS X 10_15_6) AppleWebKit/537.36 (KHTML, like Gecko) Chrome/84.0.4147.105 Safari/537.36"
173.239.236.163 - - [26/Feb/2026:07:23:23 -0500] "GET /images/smilies/ HTTP/1.1" 404 88984 "-" "Mozilla/5.0 (compatible; MSIE 10.0; Windows NT 6.1; Trident/6.0)"
162.213.253.84 - - [26/Feb/2026:07:23:25 -0500] "POST /wp-cron.php?doing_wp_cron=1772108605.0920910835266113281250 HTTP/1.1" 200 0 "-" "WordPress/6.8.1; http://www.middleeastoday.com"
173.239.236.163 - - [26/Feb/2026:07:23:24 -0500] "GET /themes/calmly/ HTTP/1.1" 404 88984 "-" "Mozilla/5.0 (Windows NT 6.1; Win64; x64) AppleWebKit/537.36 (KHTML, like Gecko) Chrome/80.0.3987.149 Safari/537.36"
173.239.236.163 - - [26/Feb/2026:07:23:27 -0500] "GET /Feature/ HTTP/1.1" 404 88984 "-" "Mozilla/5.0 (Windows NT 10.0; Win64; x64) AppleWebKit/537.36 (KHTML, like Gecko) Chrome/79.0.3945.88 Safari/537.36"
173.239.236.163 - - [26/Feb/2026:07:23:31 -0500] "GET /themes/travelscape/ HTTP/1.1" 404 88984 "-" "Mozilla/5.0 (X11; Fedora; Linux x86_64; rv:79.0) Gecko/20100101 Firefox/79.0"
173.239.236.163 - - [26/Feb/2026:07:23:33 -0500] "GET /font/ HTTP/1.1" 404 88984 "-" "Mozilla/5.0 (Windows NT 10.0) AppleWebKit/537.36 (KHTML, like Gecko) Chrome/84.0.4147.105 Safari/537.36"
173.239.236.163 - - [26/Feb/2026:07:23:35 -0500] "GET /Requests/Utility/ HTTP/1.1" 404 88984 "-" "Mozilla/5.0 (Windows NT 10.0; Win64; x64; rv:74.0) Gecko/20100101 Firefox/74.0"
173.239.236.163 - - [26/Feb/2026:07:23:37 -0500] "GET /tmp/ HTTP/1.1" 404 88984 "-" "Mozilla/5.0 (Windows NT 10.0; Win64; x64) AppleWebKit/537.36 (KHTML, like Gecko) Chrome/83.0.4103.97 Safari/537.36"
173.239.236.163 - - [26/Feb/2026:07:23:41 -0500] "GET /themes/alera/ HTTP/1.1" 404 88984 "-" "Mozilla/5.0 (Windows NT 10.0; Win64; x64) AppleWebKit/537.36 (KHTML, like Gecko) Chrome/83.0.4103.97 Safari/537.36"
173.239.236.163 - - [26/Feb/2026:07:23:43 -0500] "GET /assets/js/ HTTP/1.1" 404 88984 "-" "Mozilla/5.0 (Windows NT 10.0; Win64; x64) AppleWebKit/537.36 (KHTML, like Gecko) Chrome/79.0.3945.88 Safari/537.36"
173.239.236.163 - - [26/Feb/2026:07:23:44 -0500] "GET /themes/hello-element/ HTTP/1.1" 404 88984 "-" "Mozilla/5.0 (Windows NT 10.0; Win64; x64) AppleWebKit/537.36 (KHTML, like Gecko) Chrome/74.0.3729.169 Safari/537.36"
173.239.236.163 - - [26/Feb/2026:07:23:46 -0500] "GET /blocks/audio/ HTTP/1.1" 404 88984 "-" "Mozilla/5.0 (Windows NT 10.0; Win64; x64) AppleWebKit/537.36 (KHTML, like Gecko) Chrome/58.0.3029.110 Safari/537.3"
173.239.236.163 - - [26/Feb/2026:07:23:47 -0500] "GET /blue/ HTTP/1.1" 404 88984 "-" "Mozilla/5.0 (Macintosh; Intel Mac OS X 10_12_6) AppleWebKit/537.36 (KHTML, like Gecko) Chrome/58.0.3029.110 Safari/537.3"
173.239.236.163 - - [26/Feb/2026:07:23:53 -0500] "GET /upload/ HTTP/1.1" 404 88984 "-" "Mozilla/5.0 (Windows NT 10.0; WOW64) AppleWebKit/537.36 (KHTML, like Gecko) Chrome/84.0.4147.105 Safari/537.36"
173.239.236.163 - - [26/Feb/2026:07:24:00 -0500] "GET /.well-known/pkivalidation/ HTTP/1.1" 404 88984 "-" "Mozilla/5.0 (X11; Fedora; Linux x86_64; rv:79.0) Gecko/20100101 Firefox/79.0"
173.239.236.163 - - [26/Feb/2026:07:24:01 -0500] "GET /xt/ HTTP/1.1" 404 88984 "-" "Mozilla/5.0 (Windows NT 10.0; Win64; x64) AppleWebKit/537.36 (KHTML, like Gecko) Chrome/79.0.3945.88 Safari/537.36"
54.39.210.205 - - [26/Feb/2026:07:24:51 -0500] "GET /mena-attractions-destinations-forum-2022-set-to-highlight-regions-key-attractions-destinations-to-drive-tourism-growth-sustainably/ HTTP/1.1" 200 21766 "-" "Mozilla/5.0 (compatible; AhrefsBot/7.0; +http://ahrefs.com/robot/)"
162.213.253.84 - - [26/Feb/2026:07:23:22 -0500] "POST /wp-admin/admin-ajax.php?action=async_litespeed&nonce=D3OssPzOLQWC1Gk3jlZVHgmvcOvBWX44&litespeed_type=imgoptm HTTP/1.1" 200 21 "-" "WordPress/6.8.1; http://www.middleeastoday.com"
173.239.236.163 - - [26/Feb/2026:07:23:26 -0500] "GET /php-compat/ HTTP/1.1" 404 88984 "-" "Mozilla/5.0 (Windows NT 10.0; Win64; x64; rv:67.0) Gecko/20100101 Firefox/67.0"
173.239.236.163 - - [26/Feb/2026:07:23:28 -0500] "GET /docs/ HTTP/1.1" 404 88984 "-" "Mozilla/5.0 (Macintosh; Intel Mac OS X 10_12_6) AppleWebKit/537.36 (KHTML, like Gecko) Chrome/58.0.3029.110 Safari/537.3"
173.239.236.163 - - [26/Feb/2026:07:23:30 -0500] "GET /images/media/ HTTP/1.1" 404 88984 "-" "Mozilla/5.0 (Windows NT 6.1; Win64; x64) AppleWebKit/537.36 (KHTML, like Gecko) Chrome/80.0.3987.149 Safari/537.36"
173.239.236.163 - - [26/Feb/2026:07:23:38 -0500] "GET /local/ HTTP/1.1" 404 88984 "-" "Mozilla/5.0 (Macintosh; Intel Mac OS X 10_15_6) AppleWebKit/537.36 (KHTML, like Gecko) Chrome/84.0.4147.125 Safari/537.36"
173.239.236.163 - - [26/Feb/2026:07:23:40 -0500] "GET /js/jcrop/ HTTP/1.1" 404 88984 "-" "Mozilla/5.0 (Windows NT 10.0; Win64; x64) AppleWebKit/537.36 (KHTML, like Gecko) Chrome/74.0.3729.157 Safari/537.36"
173.239.236.163 - - [26/Feb/2026:07:23:48 -0500] "GET /themes/finley/ HTTP/1.1" 404 88984 "-" "Mozilla/5.0 (Windows NT 10.0; Win64; x64; rv:71.0) Gecko/20100101 Firefox/71.0"
173.239.236.163 - - [26/Feb/2026:07:23:50 -0500] "GET /themes/twentytwenty/ HTTP/1.1" 404 88984 "-" "Mozilla/5.0 (Windows NT 10.0; Win64; x64) AppleWebKit/537.36 (KHTML, like Gecko) Chrome/79.0.3945.88 Safari/537.36"
173.239.236.163 - - [26/Feb/2026:07:23:52 -0500] "GET /themes/wp-classic/inc/ HTTP/1.1" 404 88984 "-" "Mozilla/5.0 (Windows NT 10.0; Win64; x64) AppleWebKit/537.36 (KHTML, like Gecko) Chrome/79.0.3945.79 Safari/537.36"
173.239.236.163 - - [26/Feb/2026:07:23:55 -0500] "GET /js/tinymce/utils/ HTTP/1.1" 404 88984 "-" "Mozilla/5.0 (Windows NT 6.1; Win64; x64) AppleWebKit/537.36 (KHTML, like Gecko) Chrome/78.0.3904.108 Safari/537.36"
173.239.236.163 - - [26/Feb/2026:07:23:57 -0500] "GET /themes/seotheme/ HTTP/1.1" 404 88984 "-" "Mozilla/5.0 (Macintosh; Intel Mac OS X 10_15_6) AppleWebKit/537.36 (KHTML, like Gecko) Chrome/84.0.4147.105 Safari/537.36 OPR/70.0.3728.95"
173.239.236.163 - - [26/Feb/2026:07:23:58 -0500] "GET /language/ HTTP/1.1" 404 88984 "-" "Mozilla/5.0 (Windows NT 10.0; WOW64) AppleWebKit/537.36 (KHTML, like Gecko) Chrome/72.0.3626.121 Safari/537.36"
162.213.253.84 - - [26/Feb/2026:07:24:51 -0500] "POST /wp-cron.php?doing_wp_cron=1772108691.6553149223327636718750 HTTP/1.1" 200 0 "-" "WordPress/6.8.1; http://www.middleeastoday.com"
43.155.125.69 - - [26/Feb/2026:07:25:36 -0500] "GET /wp-content/uploads/2023/11/Dubai-Culture-850x560.jpeg HTTP/1.1" 200 46050 "-" "Mozilla/5.0 (Windows NT 10.0; Win64; x64) AppleWebKit/537.36"
162.213.253.84 - - [26/Feb/2026:07:25:36 -0500] "POST /wp-admin/admin-ajax.php?action=async_litespeed&nonce=m9FJA7gSbLLbKXwR6ogaSImqjzRR8Pts&litespeed_type=imgoptm HTTP/1.1" 200 21 "-" "WordPress/6.8.1; http://www.middleeastoday.com"
162.213.253.84 - - [26/Feb/2026:07:25:38 -0500] "POST /wp-cron.php?doing_wp_cron=1772108738.4490180015563964843750 HTTP/1.1" 200 0 "-" "WordPress/6.8.1; http://www.middleeastoday.com"
20.220.188.158 - - [26/Feb/2026:07:26:40 -0500] "GET //wp-content/plugins/fix/up.php HTTP/1.1" 301 0 "-" "Mozilla/5.0 (Windows NT 10.0; Win64; x64) AppleWebKit/537.36 (KHTML, like Gecko) Chrome/85.0.4183.102 Safari/537.36"
185.93.89.110 - - [26/Feb/2026:07:26:51 -0500] "GET /author//.git/HEAD HTTP/1.1" 403 1242 "-" "Go-http-client/1.1"
185.191.171.8 - - [26/Feb/2026:07:28:23 -0500] "GET /robots.txt HTTP/1.1" 200 117 "-" "Mozilla/5.0 (compatible; SemrushBot/7~bl; +http://www.semrush.com/bot.html)"
162.213.253.84 - - [26/Feb/2026:07:28:24 -0500] "POST /wp-cron.php?doing_wp_cron=1772108904.3553309440612792968750 HTTP/1.1" 200 0 "-" "WordPress/6.8.1; http://www.middleeastoday.com"
43.155.125.238 - - [26/Feb/2026:07:25:05 -0500] "GET /wp-content/uploads/2022/04/middle-east-today-logo-1.jpg HTTP/1.1" 200 34912 "-" "Mozilla/5.0 (Windows NT 10.0; Win64; x64) AppleWebKit/537.36"
162.213.253.84 - - [26/Feb/2026:07:25:36 -0500] "POST /wp-cron.php?doing_wp_cron=1772108736.3163599967956542968750 HTTP/1.1" 200 0 "-" "WordPress/6.8.1; http://www.middleeastoday.com"
182.200.93.183 - - [26/Feb/2026:07:25:35 -0500] "GET /?post_type=post&p=367 HTTP/1.1" 301 0 "-" "Mozilla/5.0 (Macintosh; Intel Mac OS X 10_15_7) AppleWebKit/537.36 (KHTML, like Gecko) Chrome/144.0.0.0 Safari/537.36"
119.184.27.140 - - [26/Feb/2026:07:25:37 -0500] "GET /fujairah-ruler-receives-chief-executive-officer-of-enoc-group/ HTTP/1.1" 200 22832 "-" "Mozilla/5.0 (Macintosh; Intel Mac OS X 10_15_7) AppleWebKit/537.36 (KHTML, like Gecko) Chrome/144.0.0.0 Safari/537.36"
162.213.253.84 - - [26/Feb/2026:07:26:41 -0500] "POST /wp-cron.php?doing_wp_cron=1772108801.1099419593811035156250 HTTP/1.1" 200 0 "-" "WordPress/6.8.1; http://www.middleeastoday.com"
20.220.188.158 - - [26/Feb/2026:07:26:41 -0500] "GET /wp-content/plugins/fix/up.php HTTP/1.1" 404 19178 "-" "Mozilla/5.0 (Windows NT 10.0; Win64; x64) AppleWebKit/537.36 (KHTML, like Gecko) Chrome/85.0.4183.102 Safari/537.36"
162.213.253.84 - - [26/Feb/2026:07:27:57 -0500] "POST /wp-cron.php?doing_wp_cron=1772108877.7919239997863769531250 HTTP/1.1" 200 0 "-" "WordPress/6.8.1; http://www.middleeastoday.com"
51.222.168.54 - - [26/Feb/2026:07:27:57 -0500] "GET /9th-edition-of-sharjah-international-film-festival-for-children-and-youth-concludes/ HTTP/1.1" 200 24168 "-" "Mozilla/5.0 (compatible; AhrefsBot/7.0; +http://ahrefs.com/robot/)"
85.208.96.196 - - [26/Feb/2026:07:28:23 -0500] "GET /shamma-bint-mohammed-visits-uae-pavilion-in-floriade-expo-2022/ HTTP/1.1" 200 23323 "-" "Mozilla/5.0 (compatible; SemrushBot/7~bl; +http://www.semrush.com/bot.html)"
46.224.39.6 - - [26/Feb/2026:07:30:21 -0500] "GET /wp-content/uploads/2023/10/WhatsApp-Image-2023-10-18-at-06.26.28-1.jpeg HTTP/1.1" 200 50926 "-" "GuzzleHttp/7"
46.224.39.6 - - [26/Feb/2026:07:30:21 -0500] "GET /wp-content/uploads/2023/10/GITEX-GLOBAL-1-850x560.jpg HTTP/1.1" 200 72481 "-" "GuzzleHttp/7"
46.224.39.6 - - [26/Feb/2026:07:30:21 -0500] "GET /wp-content/uploads/2023/10/Abdullah-bin-Zayed-1-850x560.jpg HTTP/1.1" 200 113658 "-" "GuzzleHttp/7"
85.208.96.196 - - [26/Feb/2026:07:34:03 -0500] "GET /uae-ambassador-presents-credentials-to-prince-of-monaco/ HTTP/1.1" 200 24349 "-" "Mozilla/5.0 (compatible; SemrushBot/7~bl; +http://www.semrush.com/bot.html)"
185.191.171.10 - - [26/Feb/2026:07:37:28 -0500] "GET /uae-president-vp-congratulate-king-abdullah-of-jordan-on-accession-to-throne-day/ HTTP/1.1" 200 22744 "-" "Mozilla/5.0 (compatible; SemrushBot/7~bl; +http://www.semrush.com/bot.html)"
162.213.253.84 - - [26/Feb/2026:07:37:33 -0500] "POST /wp-cron.php?doing_wp_cron=1772109453.9432690143585205078125 HTTP/1.1" 200 0 "-" "WordPress/6.8.1; http://www.middleeastoday.com"
15.235.96.97 - - [26/Feb/2026:07:37:33 -0500] "GET /emirati-womens-faces-illuminate-expo-2020-dubai/ HTTP/1.1" 200 20961 "-" "Mozilla/5.0 (compatible; AhrefsBot/7.0; +http://ahrefs.com/robot/)"
162.213.253.84 - - [26/Feb/2026:07:37:34 -0500] "POST /wp-admin/admin-ajax.php?action=async_litespeed&nonce=3C0jh8EVIM61AMLvcFaW6tkFfW3F9gJu&litespeed_type=imgoptm HTTP/1.1" 200 21 "-" "WordPress/6.8.1; http://www.middleeastoday.com"
15.235.96.89 - - [26/Feb/2026:07:39:24 -0500] "GET /maktoum-bin-mohammed-tours-gitex-global-2022/ HTTP/1.1" 200 20567 "-" "Mozilla/5.0 (compatible; AhrefsBot/7.0; +http://ahrefs.com/robot/)"
98.84.184.80 - - [26/Feb/2026:07:39:44 -0500] "GET /wp-json/oembed/1.0/embed?format=xml&url=http://www.middleeastoday.com/hasher-bin-maktoum-officially-opens-cabsat-2023-and-integrate-middle-east-2023/ HTTP/1.1" 200 1287 "-" "Mozilla/5.0 AppleWebKit/537.36 (KHTML, like Gecko; compatible; Amazonbot/0.1; +https://developer.amazon.com/support/amazonbot) Chrome/119.0.6045.214 Safari/537.36"
162.213.253.84 - - [26/Feb/2026:07:28:24 -0500] "POST /wp-admin/admin-ajax.php?action=async_litespeed&nonce=EFw27yBCSDkVBOwatJNUselRaCu1CHBL&litespeed_type=imgoptm HTTP/1.1" 200 21 "-" "WordPress/6.8.1; http://www.middleeastoday.com"
162.213.253.84 - - [26/Feb/2026:07:30:56 -0500] "POST /wp-cron.php?doing_wp_cron=1772109056.5653610229492187500000 HTTP/1.1" 200 0 "-" "WordPress/6.8.1; http://www.middleeastoday.com"
185.191.171.4 - - [26/Feb/2026:07:30:55 -0500] "GET /abdullah-bin-zayed-co-chairs-10th-session-of-uae-bahrain-joint-higher-committee/ HTTP/1.1" 200 28119 "-" "Mozilla/5.0 (compatible; SemrushBot/7~bl; +http://www.semrush.com/bot.html)"
15.235.98.220 - - [26/Feb/2026:07:31:04 -0500] "GET /difc-records-best-performance-in-17-year-history-driving-dubais-next-phase-of-growth/ HTTP/1.1" 200 25748 "-" "Mozilla/5.0 (compatible; AhrefsBot/7.0; +http://ahrefs.com/robot/)"
202.76.138.220 - - [26/Feb/2026:07:35:16 -0500] "GET /uae-president-at-major-economies-forum-peace-and-collaboration-essential-for-sustainable-economic-and-social-development/ HTTP/1.1" 200 24468 "-" "Mozilla/5.0 (X11; U; Linux x86_64; en-US) AppleWebKit/534.16 (KHTML, like Gecko) Chrome/10.0.648.127 Safari/534.16"
54.39.136.67 - - [26/Feb/2026:07:36:02 -0500] "GET /abdullah-bin-zayed-antony-blinken-discuss-latest-regional-global-developments/ HTTP/1.1" 200 20420 "-" "Mozilla/5.0 (compatible; AhrefsBot/7.0; +http://ahrefs.com/robot/)"
162.213.253.84 - - [26/Feb/2026:07:39:24 -0500] "POST /wp-cron.php?doing_wp_cron=1772109564.8293368816375732421875 HTTP/1.1" 200 0 "-" "WordPress/6.8.1; http://www.middleeastoday.com"
162.213.253.84 - - [26/Feb/2026:07:39:25 -0500] "POST /wp-admin/admin-ajax.php?action=async_litespeed&nonce=isEeqTZHEuGf5wwxlxDgMd7IXSdQpE0b&litespeed_type=imgoptm HTTP/1.1" 200 21 "-" "WordPress/6.8.1; http://www.middleeastoday.com"
3.214.176.44 - - [26/Feb/2026:07:39:35 -0500] "GET /wp-json/oembed/1.0/embed?url=http://www.middleeastoday.com/uae-leaders-congratulate-chadian-transitional-military-council-leader-and-president-on-independence-day/ HTTP/1.1" 200 2781 "-" "Mozilla/5.0 AppleWebKit/537.36 (KHTML, like Gecko; compatible; Amazonbot/0.1; +https://developer.amazon.com/support/amazonbot) Chrome/119.0.6045.214 Safari/537.36"
162.213.253.84 - - [26/Feb/2026:07:40:50 -0500] "POST /wp-cron.php?doing_wp_cron=1772109650.1724619865417480468750 HTTP/1.1" 200 0 "-" "WordPress/6.8.1; http://www.middleeastoday.com"
34.193.2.57 - - [26/Feb/2026:07:39:51 -0500] "GET /wp-json/oembed/1.0/embed?url=http://www.middleeastoday.com/uae-ambassador-presents-credentials-to-prince-of-monaco/ HTTP/1.1" 200 2540 "-" "Mozilla/5.0 AppleWebKit/537.36 (KHTML, like Gecko; compatible; Amazonbot/0.1; +https://developer.amazon.com/support/amazonbot) Chrome/119.0.6045.214 Safari/537.36"
44.209.89.189 - - [26/Feb/2026:07:40:00 -0500] "GET /wp-json/oembed/1.0/embed?format=xml&url=http://www.middleeastoday.com/celebrate-international-womens-day-at-mondoux/ HTTP/1.1" 200 1258 "-" "Mozilla/5.0 AppleWebKit/537.36 (KHTML, like Gecko; compatible; Amazonbot/0.1; +https://developer.amazon.com/support/amazonbot) Chrome/119.0.6045.214 Safari/537.36"
98.82.38.120 - - [26/Feb/2026:07:40:03 -0500] "GET /wp-json/oembed/1.0/embed?url=http://www.middleeastoday.com/celebrate-international-womens-day-at-mondoux/ HTTP/1.1" 200 2507 "-" "Mozilla/5.0 AppleWebKit/537.36 (KHTML, like Gecko; compatible; Amazonbot/0.1; +https://developer.amazon.com/support/amazonbot) Chrome/119.0.6045.214 Safari/537.36"
54.80.185.200 - - [26/Feb/2026:07:40:07 -0500] "GET /mohamed-bin-zayed-boris-johnson-discuss-partnership-latest-regional-and-international-developments/ HTTP/1.1" 200 23737 "-" "Mozilla/5.0 AppleWebKit/537.36 (KHTML, like Gecko; compatible; Amazonbot/0.1; +https://developer.amazon.com/support/amazonbot) Chrome/119.0.6045.214 Safari/537.36"
51.161.37.132 - - [26/Feb/2026:07:40:49 -0500] "GET /uae-leaders-congratulate-king-of-belgium-on-national-day/ HTTP/1.1" 200 20004 "-" "Mozilla/5.0 (compatible; AhrefsBot/7.0; +http://ahrefs.com/robot/)"
