20.104.19.195 - - [27/Feb/2026:02:02:15 -0500] "GET /zwso.php HTTP/1.1" 301 0 "-" "-"
20.104.19.195 - - [27/Feb/2026:02:02:16 -0500] "GET /zwso.php HTTP/1.1" 404 88984 "-" "-"
20.104.19.195 - - [27/Feb/2026:02:02:17 -0500] "GET /ad.php HTTP/1.1" 301 0 "-" "-"
20.104.19.195 - - [27/Feb/2026:02:02:17 -0500] "GET /ad.php HTTP/1.1" 404 88984 "-" "-"
20.104.19.195 - - [27/Feb/2026:02:02:19 -0500] "GET /403.php HTTP/1.1" 404 88984 "-" "-"
20.104.19.195 - - [27/Feb/2026:02:02:20 -0500] "GET /acp.php HTTP/1.1" 301 0 "-" "-"
64.89.163.69 - - [27/Feb/2026:02:01:25 -0500] "GET /wp-content/plugins/fix/up.php HTTP/1.1" 404 88984 "-" "Mozilla/5.0 (Windows NT 10.0; Win64; x64) AppleWebKit/537.36 (KHTML, like Gecko) Chrome/85.0.4183.102 Safari/537.36"
64.89.163.69 - - [27/Feb/2026:02:01:25 -0500] "GET /wp-content/themes/seotheme/db.php?u HTTP/1.1" 404 88984 "www.google.com" "Mozlila/5.0 (Linux; Android 7.0; SM-G892A Bulid/NRD90M; wv) AppleWebKit/537.36 (KHTML, like Gecko) Version/4.0 Chrome/60.0.3112.107 Moblie Safari/537.36"
20.104.19.195 - - [27/Feb/2026:02:01:27 -0500] "GET /file13.php HTTP/1.1" 404 88984 "-" "-"
20.104.19.195 - - [27/Feb/2026:02:01:35 -0500] "GET /file14.php HTTP/1.1" 404 88984 "-" "-"
64.89.163.69 - - [27/Feb/2026:02:01:35 -0500] "GET /wp-content/plugins/apikey/apikey.php.suspected?test=hello HTTP/1.1" 404 88984 "-" "Mozlila/5.0 (Linux; Android 7.0; SM-G892A Bulid/NRD90M; wv) AppleWebKit/537.36 (KHTML, like Gecko) Version/4.0 Chrome/60.0.3112.107 Moblie Safari/537.36"
64.89.163.69 - - [27/Feb/2026:02:01:37 -0500] "GET /plugins/content/apismtp/apismtp.php.suspected?test=hello HTTP/1.1" 404 88984 "-" "Mozlila/5.0 (Linux; Android 7.0; SM-G892A Bulid/NRD90M; wv) AppleWebKit/537.36 (KHTML, like Gecko) Version/4.0 Chrome/60.0.3112.107 Moblie Safari/537.36"
20.104.19.195 - - [27/Feb/2026:02:01:38 -0500] "GET /file15.php HTTP/1.1" 404 88984 "-" "-"
20.104.19.195 - - [27/Feb/2026:02:01:40 -0500] "GET /file16.php HTTP/1.1" 301 0 "-" "-"
20.104.19.195 - - [27/Feb/2026:02:01:51 -0500] "GET /file21.php HTTP/1.1" 301 0 "-" "-"
20.104.19.195 - - [27/Feb/2026:02:01:52 -0500] "GET /file21.php HTTP/1.1" 404 88984 "-" "-"
20.104.19.195 - - [27/Feb/2026:02:01:54 -0500] "GET /file22.php HTTP/1.1" 404 88984 "-" "-"
20.104.19.195 - - [27/Feb/2026:02:01:57 -0500] "GET /file24.php HTTP/1.1" 301 0 "-" "-"
20.104.19.195 - - [27/Feb/2026:02:01:58 -0500] "GET /file24.php HTTP/1.1" 404 88984 "-" "-"
20.104.19.195 - - [27/Feb/2026:02:02:00 -0500] "GET /file25.php HTTP/1.1" 404 88984 "-" "-"
20.104.19.195 - - [27/Feb/2026:02:02:01 -0500] "GET /file26.php HTTP/1.1" 301 0 "-" "-"
20.104.19.195 - - [27/Feb/2026:02:02:06 -0500] "GET /file29.php HTTP/1.1" 301 0 "-" "-"
20.104.19.195 - - [27/Feb/2026:02:02:07 -0500] "GET /file30.php HTTP/1.1" 301 0 "-" "-"
20.104.19.195 - - [27/Feb/2026:02:02:08 -0500] "GET /file30.php HTTP/1.1" 404 88984 "-" "-"
20.104.19.195 - - [27/Feb/2026:02:02:10 -0500] "GET /asasx.php HTTP/1.1" 404 88984 "-" "-"
20.104.19.195 - - [27/Feb/2026:02:02:10 -0500] "GET /wsa.php HTTP/1.1" 301 0 "-" "-"
20.104.19.195 - - [27/Feb/2026:02:02:12 -0500] "GET /xmlrpcx.php HTTP/1.1" 301 0 "-" "-"
20.104.19.195 - - [27/Feb/2026:02:02:14 -0500] "GET /ot.php HTTP/1.1" 404 88984 "-" "-"
20.104.19.195 - - [27/Feb/2026:02:02:18 -0500] "GET /403.php HTTP/1.1" 301 0 "-" "-"
20.104.19.195 - - [27/Feb/2026:02:02:21 -0500] "GET /acp.php HTTP/1.1" 404 88984 "-" "-"
20.104.19.195 - - [27/Feb/2026:02:02:21 -0500] "GET /css/index.php HTTP/1.1" 301 0 "-" "-"
162.213.253.84 - - [27/Feb/2026:02:02:23 -0500] "POST /wp-admin/admin-ajax.php?action=async_litespeed&nonce=PuIYuA1b4pr4og7ejUZCImo2ArrDKFmM&litespeed_type=imgoptm HTTP/1.1" 200 21 "-" "WordPress/6.8.1; http://www.middleeastoday.com"
20.104.19.195 - - [27/Feb/2026:02:02:23 -0500] "GET /mek.php HTTP/1.1" 301 0 "-" "-"
20.104.19.195 - - [27/Feb/2026:02:02:25 -0500] "GET /lo.php HTTP/1.1" 301 0 "-" "-"
20.104.19.195 - - [27/Feb/2026:02:02:25 -0500] "GET /lo.php HTTP/1.1" 404 88984 "-" "-"
20.104.19.195 - - [27/Feb/2026:02:02:26 -0500] "GET /pass.php HTTP/1.1" 301 0 "-" "-"
20.104.19.195 - - [27/Feb/2026:02:02:29 -0500] "GET /xleetx.php HTTP/1.1" 301 0 "-" "-"
20.104.19.195 - - [27/Feb/2026:02:02:30 -0500] "GET /xleetx.php HTTP/1.1" 404 88984 "-" "-"
20.104.19.195 - - [27/Feb/2026:02:02:34 -0500] "GET /great.php HTTP/1.1" 301 0 "-" "-"
20.104.19.195 - - [27/Feb/2026:02:02:36 -0500] "GET /great.php HTTP/1.1" 404 88984 "-" "-"
20.104.19.195 - - [27/Feb/2026:02:02:37 -0500] "GET /Sanskrit.php HTTP/1.1" 301 0 "-" "-"
20.104.19.195 - - [27/Feb/2026:02:02:39 -0500] "GET /xax.php HTTP/1.1" 301 0 "-" "-"
162.213.253.84 - - [27/Feb/2026:02:02:22 -0500] "POST /wp-cron.php?doing_wp_cron=1772175742.5352070331573486328125 HTTP/1.1" 200 0 "-" "WordPress/6.8.1; http://www.middleeastoday.com"
20.104.19.195 - - [27/Feb/2026:02:02:22 -0500] "GET /css/ HTTP/1.1" 404 88984 "-" "-"
162.213.253.84 - - [27/Feb/2026:02:02:24 -0500] "POST /wp-cron.php?doing_wp_cron=1772175744.2858209609985351562500 HTTP/1.1" 200 0 "-" "WordPress/6.8.1; http://www.middleeastoday.com"
20.104.19.195 - - [27/Feb/2026:02:02:24 -0500] "GET /mek.php HTTP/1.1" 404 88984 "-" "-"
20.104.19.195 - - [27/Feb/2026:02:02:27 -0500] "GET /pass.php HTTP/1.1" 404 88984 "-" "-"
20.104.19.195 - - [27/Feb/2026:02:02:28 -0500] "GET /pepe.php HTTP/1.1" 301 0 "-" "-"
20.104.19.195 - - [27/Feb/2026:02:02:29 -0500] "GET /pepe.php HTTP/1.1" 404 88984 "-" "-"
148.113.128.26 - - [27/Feb/2026:02:02:29 -0500] "GET /category/national-news/page/7/ HTTP/1.1" 200 20988 "-" "Mozilla/5.0 (compatible; AhrefsBot/7.0; +http://ahrefs.com/robot/)"
20.104.19.195 - - [27/Feb/2026:02:02:31 -0500] "GET /elp.php HTTP/1.1" 301 0 "-" "-"
20.104.19.195 - - [27/Feb/2026:02:02:32 -0500] "GET /elp.php HTTP/1.1" 404 88984 "-" "-"
20.104.19.195 - - [27/Feb/2026:02:02:38 -0500] "GET /Sanskrit.php HTTP/1.1" 404 88984 "-" "-"
20.104.19.195 - - [27/Feb/2026:02:02:40 -0500] "GET /xax.php HTTP/1.1" 404 88984 "-" "-"
20.104.19.195 - - [27/Feb/2026:02:02:41 -0500] "GET /dlex.php HTTP/1.1" 404 88984 "-" "-"
20.104.19.195 - - [27/Feb/2026:02:02:44 -0500] "GET /bless3.php HTTP/1.1" 301 0 "-" "-"
20.104.19.195 - - [27/Feb/2026:02:02:45 -0500] "GET /bless3.php HTTP/1.1" 404 88984 "-" "-"
20.104.19.195 - - [27/Feb/2026:02:02:46 -0500] "GET /bless4.php HTTP/1.1" 404 88984 "-" "-"
20.104.19.195 - - [27/Feb/2026:02:02:49 -0500] "GET /bless6.php HTTP/1.1" 404 88984 "-" "-"
20.104.19.195 - - [27/Feb/2026:02:02:50 -0500] "GET /bless7.php HTTP/1.1" 301 0 "-" "-"
20.104.19.195 - - [27/Feb/2026:02:02:52 -0500] "GET /bless8.php HTTP/1.1" 404 88984 "-" "-"
20.104.19.195 - - [27/Feb/2026:02:02:54 -0500] "GET /bless9.php HTTP/1.1" 404 88984 "-" "-"
20.104.19.195 - - [27/Feb/2026:02:02:55 -0500] "GET /law2.php HTTP/1.1" 301 0 "-" "-"
20.104.19.195 - - [27/Feb/2026:02:02:57 -0500] "GET /law3.php HTTP/1.1" 301 0 "-" "-"
20.104.19.195 - - [27/Feb/2026:02:02:57 -0500] "GET /law3.php HTTP/1.1" 404 88984 "-" "-"
20.104.19.195 - - [27/Feb/2026:02:02:58 -0500] "GET /law4.php HTTP/1.1" 301 0 "-" "-"
20.104.19.195 - - [27/Feb/2026:02:02:59 -0500] "GET /law4.php HTTP/1.1" 404 88984 "-" "-"
20.104.19.195 - - [27/Feb/2026:02:03:00 -0500] "GET /law5.php HTTP/1.1" 301 0 "-" "-"
20.104.19.195 - - [27/Feb/2026:02:03:01 -0500] "GET /law6.php HTTP/1.1" 301 0 "-" "-"
20.104.19.195 - - [27/Feb/2026:02:03:02 -0500] "GET /law6.php HTTP/1.1" 404 88984 "-" "-"
20.104.19.195 - - [27/Feb/2026:02:03:07 -0500] "GET /law9.php HTTP/1.1" 404 88984 "-" "-"
20.104.19.195 - - [27/Feb/2026:02:03:07 -0500] "GET /law10.php HTTP/1.1" 301 0 "-" "-"
20.104.19.195 - - [27/Feb/2026:02:03:09 -0500] "GET /ty.php HTTP/1.1" 301 0 "-" "-"
20.104.19.195 - - [27/Feb/2026:02:03:11 -0500] "GET /byp.php HTTP/1.1" 301 0 "-" "-"
20.104.19.195 - - [27/Feb/2026:02:03:12 -0500] "GET /bak.php HTTP/1.1" 301 0 "-" "-"
20.104.19.195 - - [27/Feb/2026:02:03:13 -0500] "GET /bak.php HTTP/1.1" 404 88984 "-" "-"
20.104.19.195 - - [27/Feb/2026:02:03:14 -0500] "GET /xleet.php HTTP/1.1" 404 88984 "-" "-"
20.104.19.195 - - [27/Feb/2026:02:03:18 -0500] "GET /avaa.php HTTP/1.1" 301 0 "-" "-"
20.104.19.195 - - [27/Feb/2026:02:03:20 -0500] "GET /as.php HTTP/1.1" 404 88984 "-" "-"
20.104.19.195 - - [27/Feb/2026:02:03:21 -0500] "GET /arig.php HTTP/1.1" 301 0 "-" "-"
162.213.253.84 - - [27/Feb/2026:02:03:22 -0500] "POST /wp-cron.php?doing_wp_cron=1772175802.5592100620269775390625 HTTP/1.1" 200 0 "-" "WordPress/6.8.1; http://www.middleeastoday.com"
20.104.19.195 - - [27/Feb/2026:02:03:23 -0500] "GET /inc.php HTTP/1.1" 301 0 "-" "-"
162.213.253.84 - - [27/Feb/2026:02:03:25 -0500] "POST /wp-cron.php?doing_wp_cron=1772175805.3708889484405517578125 HTTP/1.1" 200 0 "-" "WordPress/6.8.1; http://www.middleeastoday.com"
20.104.19.195 - - [27/Feb/2026:02:02:41 -0500] "GET /wp-admin/setup-config.php HTTP/1.1" 409 2665 "-" "-"
20.104.19.195 - - [27/Feb/2026:02:02:41 -0500] "GET /dlex.php HTTP/1.1" 301 0 "-" "-"
20.104.19.195 - - [27/Feb/2026:02:02:42 -0500] "GET /bless2.php HTTP/1.1" 301 0 "-" "-"
20.104.19.195 - - [27/Feb/2026:02:02:43 -0500] "GET /bless2.php HTTP/1.1" 404 88984 "-" "-"
20.104.19.195 - - [27/Feb/2026:02:02:46 -0500] "GET /bless4.php HTTP/1.1" 301 0 "-" "-"
20.104.19.195 - - [27/Feb/2026:02:02:47 -0500] "GET /bless5.php HTTP/1.1" 301 0 "-" "-"
20.104.19.195 - - [27/Feb/2026:02:02:48 -0500] "GET /bless5.php HTTP/1.1" 404 88984 "-" "-"
20.104.19.195 - - [27/Feb/2026:02:02:49 -0500] "GET /bless6.php HTTP/1.1" 301 0 "-" "-"
20.104.19.195 - - [27/Feb/2026:02:02:51 -0500] "GET /bless7.php HTTP/1.1" 404 88984 "-" "-"
20.104.19.195 - - [27/Feb/2026:02:02:52 -0500] "GET /bless8.php HTTP/1.1" 301 0 "-" "-"
20.104.19.195 - - [27/Feb/2026:02:02:53 -0500] "GET /bless9.php HTTP/1.1" 301 0 "-" "-"
20.104.19.195 - - [27/Feb/2026:02:02:56 -0500] "GET /law2.php HTTP/1.1" 404 88984 "-" "-"
20.104.19.195 - - [27/Feb/2026:02:03:00 -0500] "GET /law5.php HTTP/1.1" 404 88984 "-" "-"
20.104.19.195 - - [27/Feb/2026:02:03:03 -0500] "GET /law7.php HTTP/1.1" 301 0 "-" "-"
20.104.19.195 - - [27/Feb/2026:02:03:04 -0500] "GET /law7.php HTTP/1.1" 404 88984 "-" "-"
20.104.19.195 - - [27/Feb/2026:02:03:05 -0500] "GET /law8.php HTTP/1.1" 301 0 "-" "-"
20.104.19.195 - - [27/Feb/2026:02:03:05 -0500] "GET /law8.php HTTP/1.1" 404 88984 "-" "-"
20.104.19.195 - - [27/Feb/2026:02:03:06 -0500] "GET /law9.php HTTP/1.1" 301 0 "-" "-"
20.104.19.195 - - [27/Feb/2026:02:03:08 -0500] "GET /law10.php HTTP/1.1" 404 88984 "-" "-"
20.104.19.195 - - [27/Feb/2026:02:03:10 -0500] "GET /ty.php HTTP/1.1" 404 88984 "-" "-"
20.104.19.195 - - [27/Feb/2026:02:03:11 -0500] "GET /byp.php HTTP/1.1" 404 88984 "-" "-"
20.104.19.195 - - [27/Feb/2026:02:03:14 -0500] "GET /xleet.php HTTP/1.1" 301 0 "-" "-"
20.104.19.195 - - [27/Feb/2026:02:03:15 -0500] "GET /minik.php HTTP/1.1" 301 0 "-" "-"
20.104.19.195 - - [27/Feb/2026:02:03:16 -0500] "GET /minik.php HTTP/1.1" 404 88984 "-" "-"
20.104.19.195 - - [27/Feb/2026:02:03:18 -0500] "GET /avaa.php HTTP/1.1" 404 88984 "-" "-"
20.104.19.195 - - [27/Feb/2026:02:03:19 -0500] "GET /as.php HTTP/1.1" 301 0 "-" "-"
20.104.19.195 - - [27/Feb/2026:02:03:22 -0500] "GET /arig.php HTTP/1.1" 404 88984 "-" "-"
162.213.253.84 - - [27/Feb/2026:02:03:23 -0500] "POST /wp-admin/admin-ajax.php?action=async_litespeed&nonce=IUjE594KTPNGzKsdD5g8ChyyfnE3fh3c&litespeed_type=imgoptm HTTP/1.1" 200 21 "-" "WordPress/6.8.1; http://www.middleeastoday.com"
20.104.19.195 - - [27/Feb/2026:02:03:23 -0500] "GET /inc.php HTTP/1.1" 404 88984 "-" "-"
20.104.19.195 - - [27/Feb/2026:02:03:24 -0500] "GET /13.php HTTP/1.1" 301 0 "-" "-"
20.104.19.195 - - [27/Feb/2026:02:03:25 -0500] "GET /13.php HTTP/1.1" 404 88984 "-" "-"
20.104.19.195 - - [27/Feb/2026:02:03:27 -0500] "GET /ynz.PhP7 HTTP/1.1" 301 0 "-" "-"
20.104.19.195 - - [27/Feb/2026:02:03:29 -0500] "GET /style2.php HTTP/1.1" 301 0 "-" "-"
20.104.19.195 - - [27/Feb/2026:02:03:30 -0500] "GET /style2.php HTTP/1.1" 404 88984 "-" "-"
20.104.19.195 - - [27/Feb/2026:02:03:32 -0500] "GET /first.php HTTP/1.1" 404 88984 "-" "-"
20.104.19.195 - - [27/Feb/2026:02:03:33 -0500] "GET /page.php HTTP/1.1" 301 0 "-" "-"
20.104.19.195 - - [27/Feb/2026:02:03:35 -0500] "GET /h.php HTTP/1.1" 301 0 "-" "-"
20.104.19.195 - - [27/Feb/2026:02:03:35 -0500] "GET /h.php HTTP/1.1" 404 88984 "-" "-"
20.104.19.195 - - [27/Feb/2026:02:03:37 -0500] "GET /hi.php HTTP/1.1" 404 88984 "-" "-"
20.104.19.195 - - [27/Feb/2026:02:03:38 -0500] "GET /ini.php HTTP/1.1" 404 88984 "-" "-"
20.104.19.195 - - [27/Feb/2026:02:03:39 -0500] "GET /erin1.PhP7 HTTP/1.1" 301 0 "-" "-"
20.104.19.195 - - [27/Feb/2026:02:03:40 -0500] "GET /erin1.PhP7 HTTP/1.1" 404 88984 "-" "-"
20.104.19.195 - - [27/Feb/2026:02:03:41 -0500] "GET /Njima.php HTTP/1.1" 301 0 "-" "-"
20.104.19.195 - - [27/Feb/2026:02:03:42 -0500] "GET /Njima.php HTTP/1.1" 404 88984 "-" "-"
20.104.19.195 - - [27/Feb/2026:02:03:26 -0500] "GET /link.php HTTP/1.1" 301 0 "-" "-"
20.104.19.195 - - [27/Feb/2026:02:03:27 -0500] "GET /link.php HTTP/1.1" 404 88984 "-" "-"
20.104.19.195 - - [27/Feb/2026:02:03:28 -0500] "GET /ynz.PhP7 HTTP/1.1" 404 88984 "-" "-"
20.104.19.195 - - [27/Feb/2026:02:03:31 -0500] "GET /bugz.php HTTP/1.1" 301 0 "-" "-"
20.104.19.195 - - [27/Feb/2026:02:03:31 -0500] "GET /bugz.php HTTP/1.1" 404 88984 "-" "-"
20.104.19.195 - - [27/Feb/2026:02:03:32 -0500] "GET /first.php HTTP/1.1" 301 0 "-" "-"
20.104.19.195 - - [27/Feb/2026:02:03:34 -0500] "GET /page.php HTTP/1.1" 404 88984 "-" "-"
20.104.19.195 - - [27/Feb/2026:02:03:36 -0500] "GET /hi.php HTTP/1.1" 301 0 "-" "-"
20.104.19.195 - - [27/Feb/2026:02:03:38 -0500] "GET /ini.php HTTP/1.1" 301 0 "-" "-"
40.77.167.7 - - [27/Feb/2026:02:03:39 -0500] "GET /hasher-bin-maktoum-officially-opens-cabsat-2023-and-integrate-middle-east-2023/ HTTP/1.1" 200 25581 "-" "Mozilla/5.0 AppleWebKit/537.36 (KHTML, like Gecko; compatible; bingbot/2.0; +http://www.bing.com/bingbot.htm) Chrome/116.0.1938.76 Safari/537.36"
20.104.19.195 - - [27/Feb/2026:02:03:43 -0500] "GET /packed.php HTTP/1.1" 404 88984 "-" "-"
20.104.19.195 - - [27/Feb/2026:02:03:47 -0500] "GET /0x.php HTTP/1.1" 404 88984 "-" "-"
20.104.19.195 - - [27/Feb/2026:02:03:49 -0500] "GET /readme.php HTTP/1.1" 301 0 "-" "-"
20.104.19.195 - - [27/Feb/2026:02:03:50 -0500] "GET /readme.php HTTP/1.1" 404 88984 "-" "-"
143.14.6.3 - - [27/Feb/2026:02:05:40 -0500] "GET /wp-json/oembed/1.0/embed?url=http%3A%2F%2Fwww.middleeastoday.com%2Fdubai-world-cup-welcomes-ramadan-mobile-cannon-for-cultural-showcase%2F HTTP/1.1" 200 2599 "-" "Mozilla/5.0 (Macintosh; Intel Mac OS X 10_15_7) AppleWebKit/537.36 (KHTML, like Gecko) Chrome/135.0.0.0 Safari/537.36"
162.213.253.84 - - [27/Feb/2026:02:05:41 -0500] "POST /wp-admin/admin-ajax.php?action=async_litespeed&nonce=o5gFaJ7mJDIM3c8PZHfqGoxcupmAbbBN&litespeed_type=imgoptm HTTP/1.1" 200 21 "-" "WordPress/6.8.1; http://www.middleeastoday.com"
15.235.96.14 - - [27/Feb/2026:02:05:51 -0500] "GET /uae-leaders-offer-condolences-to-bahraini-king/ HTTP/1.1" 200 19954 "-" "Mozilla/5.0 (compatible; AhrefsBot/7.0; +http://ahrefs.com/robot/)"
15.235.98.96 - - [27/Feb/2026:02:07:21 -0500] "GET /aed10-9-billion-in-weeklong-real-estate-transactions-in-dubai/ HTTP/1.1" 200 20300 "-" "Mozilla/5.0 (compatible; AhrefsBot/7.0; +http://ahrefs.com/robot/)"
101.47.28.142 - - [27/Feb/2026:02:07:49 -0500] "GET /page/2/?post_type=post HTTP/1.1" 200 20917 "-" "Mozilla/5.0 (iPhone; CPU iPhone OS 17_0 like Mac OS X) AppleWebKit/605.1.15 (KHTML, like Gecko) Version/17.0 Mobile/15E148 Safari/172.1"
20.104.19.195 - - [27/Feb/2026:02:03:43 -0500] "GET /packed.php HTTP/1.1" 301 0 "-" "-"
20.104.19.195 - - [27/Feb/2026:02:03:44 -0500] "GET /BIBIL.php HTTP/1.1" 301 0 "-" "-"
20.104.19.195 - - [27/Feb/2026:02:03:45 -0500] "GET /BIBIL.php HTTP/1.1" 404 88984 "-" "-"
20.104.19.195 - - [27/Feb/2026:02:03:46 -0500] "GET /0x.php HTTP/1.1" 301 0 "-" "-"
20.104.19.195 - - [27/Feb/2026:02:03:48 -0500] "GET /jvirglze.php HTTP/1.1" 301 0 "-" "-"
20.104.19.195 - - [27/Feb/2026:02:03:48 -0500] "GET /jvirglze.php HTTP/1.1" 404 88984 "-" "-"
162.213.253.84 - - [27/Feb/2026:02:05:40 -0500] "POST /wp-cron.php?doing_wp_cron=1772175940.6840200424194335937500 HTTP/1.1" 200 0 "-" "WordPress/6.8.1; http://www.middleeastoday.com"
162.213.253.84 - - [27/Feb/2026:02:05:52 -0500] "POST /wp-cron.php?doing_wp_cron=1772175952.3547830581665039062500 HTTP/1.1" 200 0 "-" "WordPress/6.8.1; http://www.middleeastoday.com"
162.213.253.84 - - [27/Feb/2026:02:07:21 -0500] "POST /wp-cron.php?doing_wp_cron=1772176041.8347589969635009765625 HTTP/1.1" 200 0 "-" "WordPress/6.8.1; http://www.middleeastoday.com"
162.213.253.84 - - [27/Feb/2026:02:07:22 -0500] "POST /wp-admin/admin-ajax.php?action=async_litespeed&nonce=MM4hUGnUs9DajOKNGFNPhPN4ISO24x8S&litespeed_type=imgoptm HTTP/1.1" 200 21 "-" "WordPress/6.8.1; http://www.middleeastoday.com"
162.213.253.84 - - [27/Feb/2026:02:07:49 -0500] "POST /wp-cron.php?doing_wp_cron=1772176069.8990321159362792968750 HTTP/1.1" 200 0 "-" "WordPress/6.8.1; http://www.middleeastoday.com"
162.213.253.84 - - [27/Feb/2026:02:08:48 -0500] "POST /wp-cron.php?doing_wp_cron=1772176128.3180720806121826171875 HTTP/1.1" 200 0 "-" "WordPress/6.8.1; http://www.middleeastoday.com"
113.174.242.54 - - [27/Feb/2026:02:08:47 -0500] "GET http://www.middleeastoday.com/bahrain-to-host-global-interfaith-forum-in-november/ HTTP/1.1" 200 22948 "-" "Mozilla/5.0 (Windows NT 6.1; Win64; x64) AppleWebKit/537.36 (KHTML, like Gecko) Chrome/88.0.4324.190 Safari/537.36"
162.213.253.84 - - [27/Feb/2026:02:14:08 -0500] "POST /wp-cron.php?doing_wp_cron=1772176448.9375910758972167968750 HTTP/1.1" 200 0 "-" "WordPress/6.8.1; http://www.middleeastoday.com"
162.213.253.84 - - [27/Feb/2026:02:16:29 -0500] "POST /wp-cron.php?doing_wp_cron=1772176589.2651219367980957031250 HTTP/1.1" 200 0 "-" "WordPress/6.8.1; http://www.middleeastoday.com"
175.141.176.177 - - [27/Feb/2026:02:16:28 -0500] "GET /stomp-live-makes-uae-debut/ HTTP/1.1" 200 23287 "-" "Mozilla/5.0 (Macintosh; Intel Mac OS X 10_15_7) AppleWebKit/537.36 (KHTML, like Gecko) Chrome/120.0.0.0 Safari/537.36"
162.213.253.84 - - [27/Feb/2026:02:08:49 -0500] "POST /wp-admin/admin-ajax.php?action=async_litespeed&nonce=KvGECotPuppKbsiIhIuHUjLtiodsFZeY&litespeed_type=imgoptm HTTP/1.1" 200 21 "-" "WordPress/6.8.1; http://www.middleeastoday.com"
52.167.144.190 - - [27/Feb/2026:02:14:06 -0500] "GET /wp-content/uploads/2023/10/MIddle-East-Today-455x300.jpg HTTP/1.1" 200 27535 "-" "Mozilla/5.0 AppleWebKit/537.36 (KHTML, like Gecko; compatible; bingbot/2.0; +http://www.bing.com/bingbot.htm) Chrome/116.0.1938.76 Safari/537.36"
52.167.144.190 - - [27/Feb/2026:02:14:08 -0500] "GET /maryne-cotty-eslous-a-trailblazer-in-digital-health-innovation-attend-arab-health-2025/ HTTP/1.1" 200 22029 "-" "Mozilla/5.0 AppleWebKit/537.36 (KHTML, like Gecko; compatible; bingbot/2.0; +http://www.bing.com/bingbot.htm) Chrome/116.0.1938.76 Safari/537.36"
162.213.253.84 - - [27/Feb/2026:02:14:09 -0500] "POST /wp-admin/admin-ajax.php?action=async_litespeed&nonce=IHwOkJFUKT1shhVlJD7SdRbrU9iwlOjG&litespeed_type=imgoptm HTTP/1.1" 200 21 "-" "WordPress/6.8.1; http://www.middleeastoday.com"
162.213.253.84 - - [27/Feb/2026:02:16:29 -0500] "POST /wp-admin/admin-ajax.php?action=async_litespeed&nonce=Zn0FYP778wYgrCEz0LAp2rt9iCslsPf6&litespeed_type=imgoptm HTTP/1.1" 200 21 "-" "WordPress/6.8.1; http://www.middleeastoday.com"
41.98.42.120 - - [27/Feb/2026:02:16:31 -0500] "GET /stomp-live-makes-uae-debut/ HTTP/1.1" 200 23287 "-" "Mozilla/5.0 (Windows NT 10.0; Win64; x64) AppleWebKit/537.36 (KHTML, like Gecko) Chrome/120.0.0.0 Safari/537.36"
177.44.132.231 - - [27/Feb/2026:02:16:33 -0500] "GET /stomp-live-makes-uae-debut/ HTTP/1.1" 200 23287 "-" "Mozilla/5.0 (Windows NT 10.0; Win64; x64) AppleWebKit/537.36 (KHTML, like Gecko) Chrome/120.0.0.0 Safari/537.36 Edg/120.0.0.0"
43.135.107.111 - - [27/Feb/2026:02:17:18 -0500] "GET /wp-content/uploads/2022/04/middle-east-today-logo-1.jpg HTTP/1.1" 200 34912 "-" "Mozilla/5.0 (Windows NT 10.0; Win64; x64) AppleWebKit/537.36"
43.132.141.175 - - [27/Feb/2026:02:17:18 -0500] "GET /wp-content/uploads/2023/03/YSL.jpg HTTP/1.1" 200 23002 "-" "Mozilla/5.0 (Windows NT 10.0; Win64; x64) AppleWebKit/537.36"
162.213.253.84 - - [27/Feb/2026:02:18:46 -0500] "POST /wp-cron.php?doing_wp_cron=1772176726.3478789329528808593750 HTTP/1.1" 200 0 "-" "WordPress/6.8.1; http://www.middleeastoday.com"
34.77.14.81 - - [27/Feb/2026:02:20:23 -0500] "GET /alaghband-jewelry-celebrates-the-first-anniversary-of-its-flagship-store-on-the-fashion-avenue-of-dubai-mall HTTP/1.1" 301 0 "-" "Mozilla/5.0 (compatible; VelenPublicWebCrawler/1.0; +https://velen.io)"
162.213.253.84 - - [27/Feb/2026:02:20:25 -0500] "POST /wp-admin/admin-ajax.php?action=async_litespeed&nonce=WSm4ylpgEKwQhfxOAWuOIcqxQ0yXvhap&litespeed_type=imgoptm HTTP/1.1" 200 21 "-" "WordPress/6.8.1; http://www.middleeastoday.com"
162.213.253.84 - - [27/Feb/2026:02:20:28 -0500] "POST /wp-cron.php?doing_wp_cron=1772176828.1533160209655761718750 HTTP/1.1" 200 0 "-" "WordPress/6.8.1; http://www.middleeastoday.com"
34.235.239.240 - - [27/Feb/2026:02:21:33 -0500] "GET /wp-json/oembed/1.0/embed?format=xml&url=http://www.middleeastoday.com/etihad-airways-extends-zanzibar-flights-to-january-2023/ HTTP/1.1" 200 1260 "-" "Mozilla/5.0 AppleWebKit/537.36 (KHTML, like Gecko; compatible; Amazonbot/0.1; +https://developer.amazon.com/support/amazonbot) Chrome/119.0.6045.214 Safari/537.36"
98.82.39.241 - - [27/Feb/2026:02:21:45 -0500] "GET /wp-json/oembed/1.0/embed?format=xml&url=http://www.middleeastoday.com/art-dubai-closes-2022-edition-with-strong-sales-and-record-visitor-numbers/ HTTP/1.1" 200 1282 "-" "Mozilla/5.0 AppleWebKit/537.36 (KHTML, like Gecko; compatible; Amazonbot/0.1; +https://developer.amazon.com/support/amazonbot) Chrome/119.0.6045.214 Safari/537.36"
77.75.76.170 - - [27/Feb/2026:02:21:50 -0500] "GET /sharjah-airport-authority-explores-latest-trends-at-air-cargo-india-2022/ HTTP/1.1" 200 23619 "-" "Mozilla/5.0 (compatible; SeznamBot/4.0; +https://o-seznam.cz/napoveda/vyhledavani/en/seznambot-crawler/)"
20.100.192.164 - - [27/Feb/2026:02:25:20 -0500] "GET /wp-content/uploads/2022/04/Expo-2020-Dubai123-850x560.jpg HTTP/1.1" 200 136212 "-" "Mozilla/5.0 (compatible; BingIndexCrawler/1.0)"
162.213.253.84 - - [27/Feb/2026:02:25:26 -0500] "POST /wp-cron.php?doing_wp_cron=1772177126.2205259799957275390625 HTTP/1.1" 200 0 "-" "WordPress/6.8.1; http://www.middleeastoday.com"
52.70.138.176 - - [27/Feb/2026:02:25:25 -0500] "GET /wp-json/wp/v2/posts/8790 HTTP/1.1" 200 5228 "-" "Mozilla/5.0 AppleWebKit/537.36 (KHTML, like Gecko; compatible; Amazonbot/0.1; +https://developer.amazon.com/support/amazonbot) Chrome/119.0.6045.214 Safari/537.36"
162.213.253.84 - - [27/Feb/2026:02:25:27 -0500] "POST /wp-admin/admin-ajax.php?action=async_litespeed&nonce=RMySrYisvxa5J8Ea6PybM5zBWrqabMjd&litespeed_type=imgoptm HTTP/1.1" 200 21 "-" "WordPress/6.8.1; http://www.middleeastoday.com"
52.205.141.124 - - [27/Feb/2026:02:25:34 -0500] "GET /wp-json/wp/v2/posts/11171 HTTP/1.1" 200 4712 "-" "Mozilla/5.0 AppleWebKit/537.36 (KHTML, like Gecko; compatible; Amazonbot/0.1; +https://developer.amazon.com/support/amazonbot) Chrome/119.0.6045.214 Safari/537.36"
18.215.112.101 - - [27/Feb/2026:02:25:58 -0500] "GET /wp-json/oembed/1.0/embed?url=http://www.middleeastoday.com/hamdan-bin-mohammed-concludes-official-visit-to-kuwait/ HTTP/1.1" 200 2538 "-" "Mozilla/5.0 AppleWebKit/537.36 (KHTML, like Gecko; compatible; Amazonbot/0.1; +https://developer.amazon.com/support/amazonbot) Chrome/119.0.6045.214 Safari/537.36"
54.204.62.163 - - [27/Feb/2026:02:26:01 -0500] "GET /wp-json/wp/v2/posts/8521 HTTP/1.1" 200 9480 "-" "Mozilla/5.0 AppleWebKit/537.36 (KHTML, like Gecko; compatible; Amazonbot/0.1; +https://developer.amazon.com/support/amazonbot) Chrome/119.0.6045.214 Safari/537.36"
3.220.148.166 - - [27/Feb/2026:02:26:11 -0500] "GET /wp-json/oembed/1.0/embed?format=xml&url=http://www.middleeastoday.com/uae-president-receives-condolences-from-emir-of-qatar-for-emirati-martyrs/ HTTP/1.1" 200 1281 "-" "Mozilla/5.0 AppleWebKit/537.36 (KHTML, like Gecko; compatible; Amazonbot/0.1; +https://developer.amazon.com/support/amazonbot) Chrome/119.0.6045.214 Safari/537.36"
52.4.76.156 - - [27/Feb/2026:02:26:21 -0500] "GET /wp-json/wp/v2/posts/8414 HTTP/1.1" 200 3446 "-" "Mozilla/5.0 AppleWebKit/537.36 (KHTML, like Gecko; compatible; Amazonbot/0.1; +https://developer.amazon.com/support/amazonbot) Chrome/119.0.6045.214 Safari/537.36"
3.220.148.166 - - [27/Feb/2026:02:26:34 -0500] "GET /wp-json/oembed/1.0/embed?format=xml&url=http://www.middleeastoday.com/nobel-laureate-wole-soyinka-joins-nyu-abu-dhabi-faculty/ HTTP/1.1" 200 1266 "-" "Mozilla/5.0 AppleWebKit/537.36 (KHTML, like Gecko; compatible; Amazonbot/0.1; +https://developer.amazon.com/support/amazonbot) Chrome/119.0.6045.214 Safari/537.36"
44.215.235.20 - - [27/Feb/2026:02:26:45 -0500] "GET /wp-json/wp/v2/posts/9405 HTTP/1.1" 200 4337 "-" "Mozilla/5.0 AppleWebKit/537.36 (KHTML, like Gecko; compatible; Amazonbot/0.1; +https://developer.amazon.com/support/amazonbot) Chrome/119.0.6045.214 Safari/537.36"
77.75.76.170 - - [27/Feb/2026:02:17:07 -0500] "GET /egypt-hosts-launching-of-18th-sharjah-narrative-forum/ HTTP/1.1" 200 23232 "-" "Mozilla/5.0 (compatible; SeznamBot/4.0; +https://o-seznam.cz/napoveda/vyhledavani/en/seznambot-crawler/)"
123.187.240.242 - - [27/Feb/2026:02:18:45 -0500] "GET / HTTP/1.1" 301 0 "-" "Mozilla/5.0 (iPhone; CPU iPhone OS 13_2_3 like Mac OS X) AppleWebKit/605.1.15 (KHTML, like Gecko) Version/13.0.3 Mobile/15E148 Safari/604.1"
162.213.253.84 - - [27/Feb/2026:02:18:46 -0500] "POST /wp-admin/admin-ajax.php?action=async_litespeed&nonce=g4o8YX1ldgi6qEJM70BfiNDOonhFXWPw&litespeed_type=imgoptm HTTP/1.1" 200 21 "-" "WordPress/6.8.1; http://www.middleeastoday.com"
123.187.240.242 - - [27/Feb/2026:02:18:48 -0500] "GET / HTTP/1.1" 200 38598 "http://middleeastoday.com" "Mozilla/5.0 (iPhone; CPU iPhone OS 13_2_3 like Mac OS X) AppleWebKit/605.1.15 (KHTML, like Gecko) Version/13.0.3 Mobile/15E148 Safari/604.1"
162.213.253.84 - - [27/Feb/2026:02:20:24 -0500] "POST /wp-cron.php?doing_wp_cron=1772176824.6224761009216308593750 HTTP/1.1" 200 0 "-" "WordPress/6.8.1; http://www.middleeastoday.com"
34.77.14.81 - - [27/Feb/2026:02:20:27 -0500] "GET /alaghband-jewelry-celebrates-the-first-anniversary-of-its-flagship-store-on-the-fashion-avenue-of-dubai-mall/ HTTP/1.1" 200 23970 "http://middleeastoday.com/alaghband-jewelry-celebrates-the-first-anniversary-of-its-flagship-store-on-the-fashion-avenue-of-dubai-mall" "Mozilla/5.0 (compatible; VelenPublicWebCrawler/1.0; +https://velen.io)"
54.83.240.58 - - [27/Feb/2026:02:25:21 -0500] "GET /category/education/feed/ HTTP/1.1" 200 15105 "-" "Mozilla/5.0 AppleWebKit/537.36 (KHTML, like Gecko; compatible; Amazonbot/0.1; +https://developer.amazon.com/support/amazonbot) Chrome/119.0.6045.214 Safari/537.36"
23.21.179.27 - - [27/Feb/2026:02:26:05 -0500] "GET /wp-json/oembed/1.0/embed?url=http://www.middleeastoday.com/revolutionizing-marketing-former-samsung-cmo-seif-el-hakim-launches-10xbuzz-agency%25ef%25bf%25bc/ HTTP/1.1" 200 2683 "-" "Mozilla/5.0 AppleWebKit/537.36 (KHTML, like Gecko; compatible; Amazonbot/0.1; +https://developer.amazon.com/support/amazonbot) Chrome/119.0.6045.214 Safari/537.36"
162.213.253.84 - - [27/Feb/2026:02:26:22 -0500] "POST /wp-cron.php?doing_wp_cron=1772177182.2594320774078369140625 HTTP/1.1" 200 0 "-" "WordPress/6.8.1; http://www.middleeastoday.com"
162.213.253.84 - - [27/Feb/2026:02:26:23 -0500] "POST /wp-admin/admin-ajax.php?action=async_litespeed&nonce=uZ39TIPAEBf9bRpSKx6spDerNcmQL9uG&litespeed_type=imgoptm HTTP/1.1" 200 21 "-" "WordPress/6.8.1; http://www.middleeastoday.com"
23.23.214.190 - - [27/Feb/2026:02:26:38 -0500] "GET /wp-json/oembed/1.0/embed?format=xml&url=http://www.middleeastoday.com/higher-committee-for-development-and-citizens-affairs-approves-immediate-allocation-of-2000-residential-land-plots-at-umm-nahad-fourth/ HTTP/1.1" 200 1350 "-" "Mozilla/5.0 AppleWebKit/537.36 (KHTML, like Gecko; compatible; Amazonbot/0.1; +https://developer.amazon.com/support/amazonbot) Chrome/119.0.6045.214 Safari/537.36"
162.213.253.84 - - [27/Feb/2026:02:29:09 -0500] "POST /wp-cron.php?doing_wp_cron=1772177349.8322789669036865234375 HTTP/1.1" 200 0 "-" "WordPress/6.8.1; http://www.middleeastoday.com"
185.191.171.18 - - [27/Feb/2026:02:29:09 -0500] "GET /author/admin/page/10/ HTTP/1.1" 200 23851 "-" "Mozilla/5.0 (compatible; SemrushBot/7~bl; +http://www.semrush.com/bot.html)"
162.213.253.84 - - [27/Feb/2026:02:29:10 -0500] "POST /wp-admin/admin-ajax.php?action=async_litespeed&nonce=d0jespwUUT5tOO6kwAh6B3GflUubBLG6&litespeed_type=imgoptm HTTP/1.1" 200 21 "-" "WordPress/6.8.1; http://www.middleeastoday.com"
162.213.253.84 - - [27/Feb/2026:02:30:47 -0500] "POST /wp-cron.php?doing_wp_cron=1772177447.9468638896942138671875 HTTP/1.1" 200 0 "-" "WordPress/6.8.1; http://www.middleeastoday.com"
114.119.141.228 - - [27/Feb/2026:02:30:47 -0500] "GET /hasher-bin-maktoum-officially-opens-cabsat-2023-and-integrate-middle-east-2023 HTTP/1.1" 301 0 "https://www.middleeastoday.com/author/admin/page/26" "Mozilla/5.0 (Linux; Android 7.0;) AppleWebKit/537.36 (KHTML, like Gecko) Mobile Safari/537.36 (compatible; PetalBot;+https://webmaster.petalsearch.com/site/petalbot)"
114.119.141.228 - - [27/Feb/2026:02:30:48 -0500] "GET /hasher-bin-maktoum-officially-opens-cabsat-2023-and-integrate-middle-east-2023/ HTTP/1.1" 200 29190 "https://www.middleeastoday.com/author/admin/page/26" "Mozilla/5.0 (Linux; Android 7.0;) AppleWebKit/537.36 (KHTML, like Gecko) Mobile Safari/537.36 (compatible; PetalBot;+https://webmaster.petalsearch.com/site/petalbot)"
4.204.192.31 - - [27/Feb/2026:02:38:51 -0500] "GET /wp-content/plugins/hellopress/wp_filemanager.php HTTP/1.1" 301 0 "-" "-"
85.208.96.199 - - [27/Feb/2026:02:28:06 -0500] "GET /robots.txt HTTP/1.1" 200 117 "-" "Mozilla/5.0 (compatible; SemrushBot/7~bl; +http://www.semrush.com/bot.html)"
185.191.171.9 - - [27/Feb/2026:02:28:07 -0500] "GET /shabab-al-ahli-crowned-adnoc-pro-league-champions-by-mansoor-bin-mohammed/ HTTP/1.1" 200 25168 "-" "Mozilla/5.0 (compatible; SemrushBot/7~bl; +http://www.semrush.com/bot.html)"
14.237.5.15 - - [27/Feb/2026:02:28:54 -0500] "GET http://www.middleeastoday.com/category/international-news/page/4/ HTTP/1.1" 200 24327 "-" "Mozilla/5.0 (Macintosh; Intel Mac OS X 10_14_6) AppleWebKit/537.36 (KHTML, like Gecko) Chrome/88.0.4324.150 Safari/537.36"
162.213.253.84 - - [27/Feb/2026:02:30:48 -0500] "POST /wp-admin/admin-ajax.php?action=async_litespeed&nonce=wkJOfiWRK82BQwcKAEDpdW9MTCVpTxrI&litespeed_type=imgoptm HTTP/1.1" 200 21 "-" "WordPress/6.8.1; http://www.middleeastoday.com"
40.77.167.143 - - [27/Feb/2026:02:31:48 -0500] "GET /wp-includes/js/jquery/jquery-migrate.min.js?ver=3.4.1 HTTP/1.1" 200 4678 "-" "Mozilla/5.0 AppleWebKit/537.36 (KHTML, like Gecko; compatible; bingbot/2.0; +http://www.bing.com/bingbot.htm) Chrome/116.0.1938.76 Safari/537.36"
40.77.167.143 - - [27/Feb/2026:02:31:48 -0500] "GET /wp-content/plugins/contact-form-7/includes/js/index.js?ver=6.0.6 HTTP/1.1" 200 4008 "-" "Mozilla/5.0 AppleWebKit/537.36 (KHTML, like Gecko; compatible; bingbot/2.0; +http://www.bing.com/bingbot.htm) Chrome/116.0.1938.76 Safari/537.36"
40.77.167.143 - - [27/Feb/2026:02:31:48 -0500] "GET /wp-includes/js/dist/hooks.min.js?ver=4d63a3d491d11ffd8ac6 HTTP/1.1" 200 1571 "-" "Mozilla/5.0 AppleWebKit/537.36 (KHTML, like Gecko; compatible; bingbot/2.0; +http://www.bing.com/bingbot.htm) Chrome/116.0.1938.76 Safari/537.36"
123.28.39.200 - - [27/Feb/2026:02:39:47 -0500] "GET http://www.middleeastoday.com/category/news/ HTTP/1.1" 200 21786 "-" "Mozilla/5.0 (Windows NT 6.3; WOW64) AppleWebKit/537.36 (KHTML, like Gecko) Chrome/88.0.4324.150 Safari/537.36"
43.135.107.165 - - [27/Feb/2026:02:41:50 -0500] "GET /wp-content/uploads/2022/04/middle-east-today-logo-1.jpg HTTP/1.1" 200 34912 "-" "Mozilla/5.0 (Windows NT 10.0; Win64; x64) AppleWebKit/537.36"
85.208.96.202 - - [27/Feb/2026:02:43:28 -0500] "GET /sharjah-ruler-inaugurates-5th-combined-gulf-cancer-conference/ HTTP/1.1" 200 23822 "-" "Mozilla/5.0 (compatible; SemrushBot/7~bl; +http://www.semrush.com/bot.html)"
162.213.253.84 - - [27/Feb/2026:02:45:53 -0500] "POST /wp-cron.php?doing_wp_cron=1772178353.4928898811340332031250 HTTP/1.1" 200 0 "-" "WordPress/6.8.1; http://www.middleeastoday.com"
54.39.89.79 - - [27/Feb/2026:02:45:52 -0500] "GET /uae-leaders-congratulate-tanzanian-president-on-union-day/ HTTP/1.1" 200 19923 "-" "Mozilla/5.0 (compatible; AhrefsBot/7.0; +http://ahrefs.com/robot/)"
162.213.253.84 - - [27/Feb/2026:02:45:54 -0500] "POST /wp-admin/admin-ajax.php?action=async_litespeed&nonce=aksTN15S6dlmrw4IFs9MM773D2QLtEjc&litespeed_type=imgoptm HTTP/1.1" 200 21 "-" "WordPress/6.8.1; http://www.middleeastoday.com"
23.21.148.226 - - [27/Feb/2026:02:48:17 -0500] "GET /president-of-uae-serbian-president-exchange-messages-on-promoting-strategic-partnership/ HTTP/1.1" 200 27809 "-" "Mozilla/5.0 AppleWebKit/537.36 (KHTML, like Gecko; compatible; Amazonbot/0.1; +https://developer.amazon.com/support/amazonbot) Chrome/119.0.6045.214 Safari/537.36"
54.39.203.77 - - [27/Feb/2026:02:49:29 -0500] "GET /on-behalf-of-uae-president-khaled-bin-mohamed-bin-zayed-arrives-in-albania-on-working-visit/ HTTP/1.1" 200 20333 "-" "Mozilla/5.0 (compatible; AhrefsBot/7.0; +http://ahrefs.com/robot/)"
162.213.253.84 - - [27/Feb/2026:02:49:31 -0500] "POST /wp-admin/admin-ajax.php?action=async_litespeed&nonce=hRKnGJLlebOo0TXgQuLqzPNqU5x3VUlq&litespeed_type=imgoptm HTTP/1.1" 200 21 "-" "WordPress/6.8.1; http://www.middleeastoday.com"
40.77.179.66 - - [27/Feb/2026:02:50:09 -0500] "GET /wp-content/uploads/elementor/css/post-3932.css?ver=1762520240 HTTP/1.1" 200 1410 "http://www.middleeastoday.com/abu-dhabi-ship-building-celebrates-25-years-in-business/" "Mozilla/5.0 AppleWebKit/537.36 (KHTML, like Gecko; compatible; bingbot/2.0; +http://www.bing.com/bingbot.htm) Chrome/136.0.0.0 Safari/537.36"
40.77.179.66 - - [27/Feb/2026:02:50:09 -0500] "GET /wp-content/plugins/elementor-1/assets/css/widget-icon-list.min.css HTTP/1.1" 200 1223 "http://www.middleeastoday.com/abu-dhabi-ship-building-celebrates-25-years-in-business/" "Mozilla/5.0 AppleWebKit/537.36 (KHTML, like Gecko; compatible; bingbot/2.0; +http://www.bing.com/bingbot.htm) Chrome/136.0.0.0 Safari/537.36"
216.73.216.24 - - [27/Feb/2026:02:51:32 -0500] "GET /robots.txt HTTP/1.1" 200 100 "-" "Mozilla/5.0 AppleWebKit/537.36 (KHTML, like Gecko; compatible; ClaudeBot/1.0; [email protected])"
216.73.216.24 - - [27/Feb/2026:02:51:32 -0500] "GET /wp-sitemap.xml HTTP/1.1" 200 214 "-" "Mozilla/5.0 AppleWebKit/537.36 (KHTML, like Gecko; compatible; ClaudeBot/1.0; [email protected])"
162.213.253.84 - - [27/Feb/2026:02:52:17 -0500] "POST /wp-cron.php?doing_wp_cron=1772178737.9450778961181640625000 HTTP/1.1" 200 0 "-" "WordPress/6.8.1; http://www.middleeastoday.com"
162.213.253.84 - - [27/Feb/2026:02:52:18 -0500] "POST /wp-admin/admin-ajax.php?action=async_litespeed&nonce=zjsOk9I9MBJQerb78WD27aPGiE2I5PNA&litespeed_type=imgoptm HTTP/1.1" 200 21 "-" "WordPress/6.8.1; http://www.middleeastoday.com"
52.3.155.146 - - [27/Feb/2026:02:52:21 -0500] "GET /wp-json/wp/v2/posts/8953 HTTP/1.1" 200 6043 "-" "Mozilla/5.0 AppleWebKit/537.36 (KHTML, like Gecko; compatible; Amazonbot/0.1; +https://developer.amazon.com/support/amazonbot) Chrome/119.0.6045.214 Safari/537.36"
162.213.253.84 - - [27/Feb/2026:02:52:25 -0500] "POST /wp-cron.php?doing_wp_cron=1772178745.7466270923614501953125 HTTP/1.1" 200 0 "-" "WordPress/6.8.1; http://www.middleeastoday.com"
35.168.238.50 - - [27/Feb/2026:02:52:25 -0500] "GET /wp-json/wp/v2/posts/8457 HTTP/1.1" 200 4890 "-" "Mozilla/5.0 AppleWebKit/537.36 (KHTML, like Gecko; compatible; Amazonbot/0.1; +https://developer.amazon.com/support/amazonbot) Chrome/119.0.6045.214 Safari/537.36"
162.213.253.84 - - [27/Feb/2026:02:52:26 -0500] "POST /wp-admin/admin-ajax.php?action=async_litespeed&nonce=PEcZyvoX3zbdbl06aE1Nzz32fGuRc2si&litespeed_type=imgoptm HTTP/1.1" 200 0 "-" "WordPress/6.8.1; http://www.middleeastoday.com"
162.213.253.84 - - [27/Feb/2026:02:49:30 -0500] "POST /wp-cron.php?doing_wp_cron=1772178570.4459419250488281250000 HTTP/1.1" 200 0 "-" "WordPress/6.8.1; http://www.middleeastoday.com"
40.77.179.66 - - [27/Feb/2026:02:50:11 -0500] "GET /wp-content/themes/digiqole/assets/js/fontfaceobserver.js?ver=1 HTTP/1.1" 200 2350 "http://www.middleeastoday.com/abu-dhabi-ship-building-celebrates-25-years-in-business/" "Mozilla/5.0 AppleWebKit/537.36 (KHTML, like Gecko; compatible; bingbot/2.0; +http://www.bing.com/bingbot.htm) Chrome/136.0.0.0 Safari/537.36"
40.123.244.17 - - [27/Feb/2026:02:51:49 -0500] "GET /wp-content/uploads/2022/05/Hamdan-bin-Mohammed-850x560.jpg HTTP/1.1" 200 50849 "-" "Mozilla/5.0 (compatible; BingIndexCrawler/1.0)"
34.231.45.47 - - [27/Feb/2026:02:52:17 -0500] "GET /wp-json/wp/v2/posts/8969 HTTP/1.1" 200 2893 "-" "Mozilla/5.0 AppleWebKit/537.36 (KHTML, like Gecko; compatible; Amazonbot/0.1; +https://developer.amazon.com/support/amazonbot) Chrome/119.0.6045.214 Safari/537.36"
162.213.253.84 - - [27/Feb/2026:02:56:12 -0500] "POST /wp-cron.php?doing_wp_cron=1772178972.5618228912353515625000 HTTP/1.1" 200 0 "-" "WordPress/6.8.1; http://www.middleeastoday.com"
162.213.253.84 - - [27/Feb/2026:02:56:13 -0500] "POST /wp-admin/admin-ajax.php?action=async_litespeed&nonce=NG5aLCViPwyBCUzNureZn1tPCiAEP64M&litespeed_type=imgoptm HTTP/1.1" 200 21 "-" "WordPress/6.8.1; http://www.middleeastoday.com"
18.210.58.238 - - [27/Feb/2026:02:52:33 -0500] "GET /wp-json/oembed/1.0/embed?format=xml&url=http://www.middleeastoday.com/wetex-and-dss-2022-to-offer-field-visits-to-key-dubai-based-sustainability-projects/ HTTP/1.1" 200 1294 "-" "Mozilla/5.0 AppleWebKit/537.36 (KHTML, like Gecko; compatible; Amazonbot/0.1; +https://developer.amazon.com/support/amazonbot) Chrome/119.0.6045.214 Safari/537.36"
54.39.203.50 - - [27/Feb/2026:02:56:11 -0500] "GET /under-uae-presidents-patronage-al-dhafra-festival-kicks-off-october-21/ HTTP/1.1" 200 23464 "-" "Mozilla/5.0 (compatible; AhrefsBot/7.0; +http://ahrefs.com/robot/)"
162.213.253.84 - - [27/Feb/2026:02:57:14 -0500] "POST /wp-cron.php?doing_wp_cron=1772179034.9173679351806640625000 HTTP/1.1" 200 0 "-" "WordPress/6.8.1; http://www.middleeastoday.com"
66.249.72.206 - - [27/Feb/2026:02:57:14 -0500] "GET /ads.txt HTTP/1.1" 404 16835 "-" "Mozilla/5.0 (compatible; Googlebot/2.1; +http://www.google.com/bot.html)"
162.213.253.84 - - [27/Feb/2026:03:02:47 -0500] "POST /wp-cron.php?doing_wp_cron=1772179367.2079548835754394531250 HTTP/1.1" 200 0 "-" "WordPress/6.8.1; http://www.middleeastoday.com"
4.204.192.31 - - [27/Feb/2026:03:02:46 -0500] "GET /wp-content/plugins/hellopress/wp_filemanager.php HTTP/1.1" 301 0 "-" "-"
162.213.253.84 - - [27/Feb/2026:03:02:50 -0500] "POST /wp-cron.php?doing_wp_cron=1772179370.4916079044342041015625 HTTP/1.1" 200 0 "-" "WordPress/6.8.1; http://www.middleeastoday.com"
4.204.192.31 - - [27/Feb/2026:03:02:53 -0500] "GET /asc.php HTTP/1.1" 404 88984 "-" "-"
15.235.98.1 - - [27/Feb/2026:03:02:55 -0500] "GET /nicole-zysk-aesthetics-eyes-the-uae-market/ HTTP/1.1" 200 20491 "-" "Mozilla/5.0 (compatible; AhrefsBot/7.0; +http://ahrefs.com/robot/)"
85.208.96.202 - - [27/Feb/2026:03:03:01 -0500] "GET /uae-advancing-stature-in-space-sector-due-to-its-peoples-determination-president/ HTTP/1.1" 200 24274 "-" "Mozilla/5.0 (compatible; SemrushBot/7~bl; +http://www.semrush.com/bot.html)"
3.90.73.206 - - [27/Feb/2026:03:04:17 -0500] "GET /category/home_side/page/7/ HTTP/1.1" 200 24195 "-" "Mozilla/5.0 AppleWebKit/537.36 (KHTML, like Gecko; compatible; Amazonbot/0.1; +https://developer.amazon.com/support/amazonbot) Chrome/119.0.6045.214 Safari/537.36"
18.213.240.226 - - [27/Feb/2026:03:04:21 -0500] "GET /wp-json/oembed/1.0/embed?format=xml&url=http://www.middleeastoday.com/emirates-scoops-5-global-accolades-at-ultra-and-apex-awards/ HTTP/1.1" 200 1272 "-" "Mozilla/5.0 AppleWebKit/537.36 (KHTML, like Gecko; compatible; Amazonbot/0.1; +https://developer.amazon.com/support/amazonbot) Chrome/119.0.6045.214 Safari/537.36"
162.213.253.84 - - [27/Feb/2026:03:04:26 -0500] "POST /wp-cron.php?doing_wp_cron=1772179466.3915989398956298828125 HTTP/1.1" 200 0 "-" "WordPress/6.8.1; http://www.middleeastoday.com"
98.83.72.38 - - [27/Feb/2026:03:04:25 -0500] "GET /wp-json/oembed/1.0/embed?url=http://www.middleeastoday.com/dmcc-awarded-global-free-zone-of-the-year-for-eighth-consecutive-year/ HTTP/1.1" 200 2596 "-" "Mozilla/5.0 AppleWebKit/537.36 (KHTML, like Gecko; compatible; Amazonbot/0.1; +https://developer.amazon.com/support/amazonbot) Chrome/119.0.6045.214 Safari/537.36"
162.213.253.84 - - [27/Feb/2026:03:04:27 -0500] "POST /wp-admin/admin-ajax.php?action=async_litespeed&nonce=VQMCDrsav637LWjomdvIsEtaGsKhavMm&litespeed_type=imgoptm HTTP/1.1" 200 21 "-" "WordPress/6.8.1; http://www.middleeastoday.com"
52.4.238.8 - - [27/Feb/2026:03:04:45 -0500] "GET /wp-json/oembed/1.0/embed?format=xml&url=http://www.middleeastoday.com/technology-innovation-institute-announces-launch-of-noor-worlds-largest-arabic-nlp-model/ HTTP/1.1" 200 1305 "-" "Mozilla/5.0 AppleWebKit/537.36 (KHTML, like Gecko; compatible; Amazonbot/0.1; +https://developer.amazon.com/support/amazonbot) Chrome/119.0.6045.214 Safari/537.36"
3.214.176.44 - - [27/Feb/2026:03:05:01 -0500] "GET /wp-json/oembed/1.0/embed?url=http://www.middleeastoday.com/mohamed-bin-zayed-greek-prime-minister-attend-signing-of-mous-cooperation-agreements-between-uae-greece/ HTTP/1.1" 200 2791 "-" "Mozilla/5.0 AppleWebKit/537.36 (KHTML, like Gecko; compatible; Amazonbot/0.1; +https://developer.amazon.com/support/amazonbot) Chrome/119.0.6045.214 Safari/537.36"
220.184.149.138 - - [27/Feb/2026:03:11:54 -0500] "GET /category/articles/ HTTP/1.1" 200 19221 "-" "Mozilla/5.0 (Macintosh; Intel Mac OS X 10_15_7) AppleWebKit/537.36 (KHTML, like Gecko) Chrome/140.0.0.0 Safari/537.36"
162.213.253.84 - - [27/Feb/2026:03:11:55 -0500] "POST /wp-admin/admin-ajax.php?action=async_litespeed&nonce=KRv9HyxqcyjweggOXPb9hOeKcO6tjPWy&litespeed_type=imgoptm HTTP/1.1" 200 21 "-" "WordPress/6.8.1; http://www.middleeastoday.com"
77.75.78.164 - - [27/Feb/2026:03:13:10 -0500] "GET /the-head-of-state-arrives-in-cairo-on-an-official-visit-and-the-egyptian-president-is-at-the-forefront-of-his-reception/ HTTP/1.1" 200 23932 "-" "Mozilla/5.0 (compatible; SeznamBot/4.0; +https://o-seznam.cz/napoveda/vyhledavani/en/seznambot-crawler/)"
43.135.107.243 - - [27/Feb/2026:03:16:36 -0500] "GET /wp-content/uploads/2022/04/middle-east-today-logo-1.jpg HTTP/1.1" 200 34912 "-" "Mozilla/5.0 (Windows NT 10.0; Win64; x64) AppleWebKit/537.36"
162.213.253.84 - - [27/Feb/2026:03:02:47 -0500] "POST /wp-admin/admin-ajax.php?action=async_litespeed&nonce=Lo9DbZdQ04DOnmBluzuu8aSp31ZF4in8&litespeed_type=imgoptm HTTP/1.1" 200 21 "-" "WordPress/6.8.1; http://www.middleeastoday.com"
4.204.192.31 - - [27/Feb/2026:03:02:49 -0500] "GET /wp-content/plugins/hellopress/wp_filemanager.php HTTP/1.1" 404 88984 "-" "-"
4.204.192.31 - - [27/Feb/2026:03:02:52 -0500] "GET /asc.php HTTP/1.1" 301 0 "-" "-"
77.75.78.164 - - [27/Feb/2026:03:03:06 -0500] "GET /category/travel-tourism/hotels/ HTTP/1.1" 200 22789 "-" "Mozilla/5.0 (compatible; SeznamBot/4.0; +https://o-seznam.cz/napoveda/vyhledavani/en/seznambot-crawler/)"
54.90.244.132 - - [27/Feb/2026:03:04:29 -0500] "GET /wp-json/oembed/1.0/embed?url=http://www.middleeastoday.com/magnati-ajman-bank-partner-to-enhance-financial-solutions-for-smes/ HTTP/1.1" 200 2587 "-" "Mozilla/5.0 AppleWebKit/537.36 (KHTML, like Gecko; compatible; Amazonbot/0.1; +https://developer.amazon.com/support/amazonbot) Chrome/119.0.6045.214 Safari/537.36"
98.82.66.172 - - [27/Feb/2026:03:04:41 -0500] "GET /wp-json/wp/v2/posts/9850 HTTP/1.1" 200 6215 "-" "Mozilla/5.0 AppleWebKit/537.36 (KHTML, like Gecko; compatible; Amazonbot/0.1; +https://developer.amazon.com/support/amazonbot) Chrome/119.0.6045.214 Safari/537.36"
3.215.59.93 - - [27/Feb/2026:03:05:06 -0500] "GET /wp-json/oembed/1.0/embed?url=http://www.middleeastoday.com/world-bank-approves-us250-million-in-additional-financing-for-the-education-support-program-in-morocco/ HTTP/1.1" 200 2771 "-" "Mozilla/5.0 AppleWebKit/537.36 (KHTML, like Gecko; compatible; Amazonbot/0.1; +https://developer.amazon.com/support/amazonbot) Chrome/119.0.6045.214 Safari/537.36"
3.216.227.216 - - [27/Feb/2026:03:05:25 -0500] "GET /wp-json/oembed/1.0/embed?url=http://www.middleeastoday.com/chocolate-dessert-creation-masterclass-at-mondoux-in-partnership-with-dubai-food-festival/ HTTP/1.1" 200 2720 "-" "Mozilla/5.0 AppleWebKit/537.36 (KHTML, like Gecko; compatible; Amazonbot/0.1; +https://developer.amazon.com/support/amazonbot) Chrome/119.0.6045.214 Safari/537.36"
54.39.0.136 - - [27/Feb/2026:03:06:45 -0500] "GET /sewa-wins-gold-level-of-harvard-international-business-award/ HTTP/1.1" 200 20387 "-" "Mozilla/5.0 (compatible; AhrefsBot/7.0; +http://ahrefs.com/robot/)"
162.213.253.84 - - [27/Feb/2026:03:11:54 -0500] "POST /wp-cron.php?doing_wp_cron=1772179914.5752789974212646484375 HTTP/1.1" 200 0 "-" "WordPress/6.8.1; http://www.middleeastoday.com"
43.132.141.175 - - [27/Feb/2026:03:16:36 -0500] "GET /wp-content/uploads/2022/04/Mohamed-bin-Zayed-5-850x560.jpg HTTP/1.1" 200 52193 "-" "Mozilla/5.0 (Windows NT 10.0; Win64; x64) AppleWebKit/537.36"
18.211.148.239 - - [27/Feb/2026:03:20:25 -0500] "GET /wp-json/oembed/1.0/embed?format=xml&url=http://www.middleeastoday.com/hebany-holding-sponsors-the-international-spanish-artist-at-art-dubai/ HTTP/1.1" 200 1271 "-" "Mozilla/5.0 AppleWebKit/537.36 (KHTML, like Gecko; compatible; Amazonbot/0.1; +https://developer.amazon.com/support/amazonbot) Chrome/119.0.6045.214 Safari/537.36"
162.213.253.84 - - [27/Feb/2026:03:20:26 -0500] "POST /wp-admin/admin-ajax.php?action=async_litespeed&nonce=EeNPnwMUV1RrdE2itMruRRUntEIYPRuu&litespeed_type=imgoptm HTTP/1.1" 200 21 "-" "WordPress/6.8.1; http://www.middleeastoday.com"
15.235.98.137 - - [27/Feb/2026:03:23:38 -0500] "GET /mohammed-bin-rashid-meets-with-prime-minister-of-iraqi-kurdistan-regional-government/ HTTP/1.1" 200 20349 "-" "Mozilla/5.0 (compatible; AhrefsBot/7.0; +http://ahrefs.com/robot/)"
162.213.253.84 - - [27/Feb/2026:03:24:07 -0500] "POST /wp-cron.php?doing_wp_cron=1772180647.9747400283813476562500 HTTP/1.1" 200 0 "-" "WordPress/6.8.1; http://www.middleeastoday.com"
43.173.172.145 - - [27/Feb/2026:03:24:07 -0500] "GET /mohammed-bin-rashid-attends-29th-dubai-world-cup/ HTTP/1.1" 200 24022 "-" "Mozilla/5.0 (Windows NT 10.0; Win64; x64) AppleWebKit/537.36 (KHTML, like Gecko) Chrome/120.0.0.0 Safari/537.36"
43.173.178.214 - - [27/Feb/2026:03:24:09 -0500] "GET /wp-content/plugins/accesspress-social-counter/css/fontawesome-all.css?ver=1.9.2 HTTP/1.1" 200 9412 "http://www.middleeastoday.com/mohammed-bin-rashid-attends-29th-dubai-world-cup/" "Mozilla/5.0 (Windows NT 10.0; Win64; x64) AppleWebKit/537.36 (KHTML, like Gecko) Chrome/120.0.0.0 Safari/537.36"
162.213.253.84 - - [27/Feb/2026:03:24:08 -0500] "POST /wp-admin/admin-ajax.php?action=async_litespeed&nonce=P8TZp7JrdXLdZArsdwZSMoBw5zMmO720&litespeed_type=imgoptm HTTP/1.1" 200 21 "-" "WordPress/6.8.1; http://www.middleeastoday.com"
43.173.175.203 - - [27/Feb/2026:03:24:11 -0500] "GET /wp-content/plugins/elementskit-lite/modules/elementskit-icon-pack/assets/fonts/elementskit.woff?y24e1e HTTP/1.1" 200 459560 "http://www.middleeastoday.com/wp-content/plugins/elementskit-lite/modules/elementskit-icon-pack/assets/css/ekiticons.css?ver=3.5.0" "Mozilla/5.0 (Windows NT 10.0; Win64; x64) AppleWebKit/537.36 (KHTML, like Gecko) Chrome/120.0.0.0 Safari/537.36"
162.213.253.84 - - [27/Feb/2026:03:32:09 -0500] "POST /wp-admin/admin-ajax.php?action=async_litespeed&nonce=Hgsi4X4QN2uL9xTwvcFHct6KQxgNRpM4&litespeed_type=imgoptm HTTP/1.1" 200 21 "-" "WordPress/6.8.1; http://www.middleeastoday.com"
201.222.203.193 - - [27/Feb/2026:03:32:58 -0500] "GET http://www.middleeastoday.com/category/lifestyle/page/2/ HTTP/1.1" 200 23407 "-" "Mozilla/5.0 (Windows NT 6.3; WOW64) AppleWebKit/537.36 (KHTML, like Gecko) Chrome/87.0.4280.66 Safari/537.36"
162.213.253.84 - - [27/Feb/2026:03:33:00 -0500] "POST /wp-admin/admin-ajax.php?action=async_litespeed&nonce=3ty0rXGAEgcTujXDIIreBaXUI1A5UBFT&litespeed_type=imgoptm HTTP/1.1" 200 21 "-" "WordPress/6.8.1; http://www.middleeastoday.com"
23.23.103.31 - - [27/Feb/2026:03:33:37 -0500] "GET /wp-json/wp/v2/posts/9402 HTTP/1.1" 200 4417 "-" "Mozilla/5.0 AppleWebKit/537.36 (KHTML, like Gecko; compatible; Amazonbot/0.1; +https://developer.amazon.com/support/amazonbot) Chrome/119.0.6045.214 Safari/537.36"
162.213.253.84 - - [27/Feb/2026:03:33:38 -0500] "POST /wp-admin/admin-ajax.php?action=async_litespeed&nonce=tXzIvxEWdGe25QguNMGlImRTqIywKBLU&litespeed_type=imgoptm HTTP/1.1" 200 21 "-" "WordPress/6.8.1; http://www.middleeastoday.com"
18.232.11.247 - - [27/Feb/2026:03:34:01 -0500] "GET /wp-json/wp/v2/posts/10743 HTTP/1.1" 200 4881 "-" "Mozilla/5.0 AppleWebKit/537.36 (KHTML, like Gecko; compatible; Amazonbot/0.1; +https://developer.amazon.com/support/amazonbot) Chrome/119.0.6045.214 Safari/537.36"
162.213.253.84 - - [27/Feb/2026:03:34:29 -0500] "POST /wp-cron.php?doing_wp_cron=1772181269.6182820796966552734375 HTTP/1.1" 200 0 "-" "WordPress/6.8.1; http://www.middleeastoday.com"
98.83.72.38 - - [27/Feb/2026:03:34:29 -0500] "GET /wp-json/oembed/1.0/embed?url=http://www.middleeastoday.com/atm-returns-to-dubai-with-1500-exhibitors-representatives-from-112-destinations-and-an-anticipated-20000-attendees/ HTTP/1.1" 200 2865 "-" "Mozilla/5.0 AppleWebKit/537.36 (KHTML, like Gecko; compatible; Amazonbot/0.1; +https://developer.amazon.com/support/amazonbot) Chrome/119.0.6045.214 Safari/537.36"
162.213.253.84 - - [27/Feb/2026:03:20:25 -0500] "POST /wp-cron.php?doing_wp_cron=1772180425.6786520481109619140625 HTTP/1.1" 200 0 "-" "WordPress/6.8.1; http://www.middleeastoday.com"
