217.113.196.245 - - [27/Feb/2026:00:03:54 -0500] "GET /arabian-travel-market-changes-2022-dates-to-accommodate-new-uae-working-week/ HTTP/1.1" 200 24217 "-" "Mozilla/5.0 (compatible; IbouBot/1.0; [email protected]; +https://ibou.io/iboubot.html)"
77.75.78.164 - - [27/Feb/2026:00:04:48 -0500] "GET /mansour-bin-zayed-meets-with-the-prime-minister-of-kyrgyzstan/ HTTP/1.1" 200 23170 "-" "Mozilla/5.0 (compatible; SeznamBot/4.0; +https://o-seznam.cz/napoveda/vyhledavani/en/seznambot-crawler/)"
217.113.196.249 - - [27/Feb/2026:00:04:48 -0500] "GET /expo-centre-sharjah-to-attract-visitors-with-17-diverse-exhibitions-till-year-end/ HTTP/1.1" 200 24098 "-" "Mozilla/5.0 (compatible; IbouBot/1.0; [email protected]; +https://ibou.io/iboubot.html)"
217.113.196.219 - - [27/Feb/2026:00:05:14 -0500] "GET /expo-2020-dubais-water-week-to-spotlight-conservation-of-planets-most-precious-resource/ HTTP/1.1" 200 25059 "-" "Mozilla/5.0 (compatible; IbouBot/1.0; [email protected]; +https://ibou.io/iboubot.html)"
217.113.196.199 - - [27/Feb/2026:00:05:40 -0500] "GET /aim-2022-organises-pre-conference-activities-aimed-at-attracting-new-investments/ HTTP/1.1" 200 24065 "-" "Mozilla/5.0 (compatible; IbouBot/1.0; [email protected]; +https://ibou.io/iboubot.html)"
217.113.196.252 - - [27/Feb/2026:00:06:06 -0500] "GET /mohammed-bin-rashid-meets-with-senior-officials-of-emirates-airline-and-group/ HTTP/1.1" 200 23977 "-" "Mozilla/5.0 (compatible; IbouBot/1.0; [email protected]; +https://ibou.io/iboubot.html)"
217.113.196.242 - - [27/Feb/2026:00:07:00 -0500] "GET /uaeu-board-of-trustees-holds-its-first-meeting-of-academic-year-2022-2023/ HTTP/1.1" 200 23373 "-" "Mozilla/5.0 (compatible; IbouBot/1.0; [email protected]; +https://ibou.io/iboubot.html)"
217.113.196.203 - - [27/Feb/2026:00:00:26 -0500] "GET /dubai-chamber-of-commerce-unveils-impact-of-give-and-gain-2022-initiative/ HTTP/1.1" 200 23411 "-" "Mozilla/5.0 (compatible; IbouBot/1.0; [email protected]; +https://ibou.io/iboubot.html)"
217.113.196.250 - - [27/Feb/2026:00:00:52 -0500] "GET /saif-bin-zayed-honours-woman-behind-zayed-man-of-the-nation-mural/ HTTP/1.1" 200 22993 "-" "Mozilla/5.0 (compatible; IbouBot/1.0; [email protected]; +https://ibou.io/iboubot.html)"
217.113.196.243 - - [27/Feb/2026:00:01:18 -0500] "GET /uae-leaders-congratulate-iranian-president-on-islamic-revolution-day-anniversary/ HTTP/1.1" 200 22813 "-" "Mozilla/5.0 (compatible; IbouBot/1.0; [email protected]; +https://ibou.io/iboubot.html)"
217.113.196.197 - - [27/Feb/2026:00:02:10 -0500] "GET /khalifa-bin-zayed-issues-new-family-business-ownership-governance-law/ HTTP/1.1" 200 23663 "-" "Mozilla/5.0 (compatible; IbouBot/1.0; [email protected]; +https://ibou.io/iboubot.html)"
162.213.253.84 - - [27/Feb/2026:00:02:36 -0500] "POST /wp-cron.php?doing_wp_cron=1772168556.7126019001007080078125 HTTP/1.1" 200 0 "-" "WordPress/6.8.1; http://www.middleeastoday.com"
162.213.253.84 - - [27/Feb/2026:00:02:37 -0500] "POST /wp-admin/admin-ajax.php?action=async_litespeed&nonce=YvyuFukwiRQYobeYEURe6KYn2YkxeXzU&litespeed_type=imgoptm HTTP/1.1" 200 21 "-" "WordPress/6.8.1; http://www.middleeastoday.com"
217.113.196.213 - - [27/Feb/2026:00:03:02 -0500] "GET /adq-e20-investment-to-establish-innovative-animal-health-platform-in-abu-dhabi/ HTTP/1.1" 200 23337 "-" "Mozilla/5.0 (compatible; IbouBot/1.0; [email protected]; +https://ibou.io/iboubot.html)"
217.113.196.193 - - [27/Feb/2026:00:03:28 -0500] "GET /world-crossed-tragic-milestone-of-1-million-reported-covid-19-deaths-who/ HTTP/1.1" 200 23273 "-" "Mozilla/5.0 (compatible; IbouBot/1.0; [email protected]; +https://ibou.io/iboubot.html)"
113.167.32.134 - - [27/Feb/2026:00:03:29 -0500] "GET http://www.middleeastoday.com/category/beauty-fashion/page/6/ HTTP/1.1" 200 24258 "-" "Mozilla/5.0 (Windows NT 6.1; Win64; x64) AppleWebKit/537.36 (KHTML, like Gecko) Chrome/91.0.4472.114 Safari/537.36"
217.113.196.196 - - [27/Feb/2026:00:04:20 -0500] "GET /sharjah-ruler-attends-honouring-ceremony-of-iccrom-award-winners/ HTTP/1.1" 200 24318 "-" "Mozilla/5.0 (compatible; IbouBot/1.0; [email protected]; +https://ibou.io/iboubot.html)"
217.113.196.243 - - [27/Feb/2026:00:06:33 -0500] "GET /former-japan-pm-abe-dies-after-being-shot-at-stump-speech-in-nara/ HTTP/1.1" 200 23018 "-" "Mozilla/5.0 (compatible; IbouBot/1.0; [email protected]; +https://ibou.io/iboubot.html)"
217.113.196.216 - - [27/Feb/2026:00:07:27 -0500] "GET /9th-edition-of-sharjah-international-film-festival-for-children-and-youth-concludes/ HTTP/1.1" 200 27606 "-" "Mozilla/5.0 (compatible; IbouBot/1.0; [email protected]; +https://ibou.io/iboubot.html)"
217.113.196.233 - - [27/Feb/2026:00:08:19 -0500] "GET /landmark-exhibition-of-dubai-based-artist-trio-opens-at-the-nyuad-art-gallery/ HTTP/1.1" 200 24192 "-" "Mozilla/5.0 (compatible; IbouBot/1.0; [email protected]; +https://ibou.io/iboubot.html)"
217.113.196.240 - - [27/Feb/2026:00:09:38 -0500] "GET /president-of-uae-serbian-president-exchange-messages-on-promoting-strategic-partnership/ HTTP/1.1" 200 27809 "-" "Mozilla/5.0 (compatible; IbouBot/1.0; [email protected]; +https://ibou.io/iboubot.html)"
217.113.196.228 - - [27/Feb/2026:00:10:04 -0500] "GET /maktoum-bin-mohammed-meets-with-co-founder-and-ceo-of-snap-inc/ HTTP/1.1" 200 23925 "-" "Mozilla/5.0 (compatible; IbouBot/1.0; [email protected]; +https://ibou.io/iboubot.html)"
162.213.253.84 - - [27/Feb/2026:00:10:49 -0500] "POST /wp-cron.php?doing_wp_cron=1772169049.5321459770202636718750 HTTP/1.1" 200 0 "-" "WordPress/6.8.1; http://www.middleeastoday.com"
44.208.223.68 - - [27/Feb/2026:00:10:49 -0500] "GET /wp-json/wp/v2/posts/9145 HTTP/1.1" 200 4251 "-" "Mozilla/5.0 AppleWebKit/537.36 (KHTML, like Gecko; compatible; Amazonbot/0.1; +https://developer.amazon.com/support/amazonbot) Chrome/119.0.6045.214 Safari/537.36"
54.164.106.236 - - [27/Feb/2026:00:10:53 -0500] "GET /wp-json/wp/v2/posts/6909 HTTP/1.1" 200 4371 "-" "Mozilla/5.0 AppleWebKit/537.36 (KHTML, like Gecko; compatible; Amazonbot/0.1; +https://developer.amazon.com/support/amazonbot) Chrome/119.0.6045.214 Safari/537.36"
41.108.72.138 - - [27/Feb/2026:00:11:05 -0500] "GET http://www.middleeastoday.com/author/admin/page/2/ HTTP/1.1" 200 23990 "-" "Mozilla/5.0 (Macintosh; Intel Mac OS X 10_15_4) AppleWebKit/537.36 (KHTML, like Gecko) Brave Chrome/80.0.3987.149 Safari/537.36"
98.84.200.43 - - [27/Feb/2026:00:11:09 -0500] "GET /wp-json/wp/v2/posts/8906 HTTP/1.1" 200 3220 "-" "Mozilla/5.0 AppleWebKit/537.36 (KHTML, like Gecko; compatible; Amazonbot/0.1; +https://developer.amazon.com/support/amazonbot) Chrome/119.0.6045.214 Safari/537.36"
103.140.177.40 - - [27/Feb/2026:00:11:20 -0500] "GET http://www.middleeastoday.com/mansoor-bin-mohammed-visits-dubai-active-industry-exhibition/ HTTP/1.1" 200 22460 "-" "Mozilla/5.0 (Windows NT 10.0; WOW64) AppleWebKit/537.36 (KHTML, like Gecko) Chrome/108.0.5359.95 Safari/537.36 QIHU 360SE"
47.246.171.133 - - [27/Feb/2026:00:11:21 -0500] "GET http://www.middleeastoday.com/wp-content/plugins/elementor-1/assets/lib/animations/animations.min.css?ver=3.21.1 HTTP/1.1" 200 2442 "http://www.middleeastoday.com/mansoor-bin-mohammed-visits-dubai-active-industry-exhibition/" "Mozilla/5.0 (Windows NT 10.0; WOW64) AppleWebKit/537.36 (KHTML, like Gecko) Chrome/108.0.5359.95 Safari/537.36 QIHU 360SE"
217.113.196.228 - - [27/Feb/2026:00:11:24 -0500] "GET /mohap-signs-mou-to-improve-access-to-affordably-priced-innovative-medications/ HTTP/1.1" 200 24584 "-" "Mozilla/5.0 (compatible; IbouBot/1.0; [email protected]; +https://ibou.io/iboubot.html)"
162.213.253.84 - - [27/Feb/2026:00:11:26 -0500] "POST /wp-cron.php?doing_wp_cron=1772169086.1738250255584716796875 HTTP/1.1" 200 0 "-" "WordPress/6.8.1; http://www.middleeastoday.com"
23.23.137.202 - - [27/Feb/2026:00:11:25 -0500] "GET /wp-json/oembed/1.0/embed?format=xml&url=http://www.middleeastoday.com/arada-launches-robinia-third-residential-phase-of-sharjahs-forest-community-masaar/ HTTP/1.1" 200 1296 "-" "Mozilla/5.0 AppleWebKit/537.36 (KHTML, like Gecko; compatible; Amazonbot/0.1; +https://developer.amazon.com/support/amazonbot) Chrome/119.0.6045.214 Safari/537.36"
162.213.253.84 - - [27/Feb/2026:00:11:26 -0500] "POST /wp-admin/admin-ajax.php?action=async_litespeed&nonce=fvbNQQNDW3GXDDWIsWJ7GrfAfHrVkkCz&litespeed_type=imgoptm HTTP/1.1" 200 21 "-" "WordPress/6.8.1; http://www.middleeastoday.com"
170.106.15.3 - - [27/Feb/2026:00:11:31 -0500] "GET / HTTP/1.1" 200 38598 "http://middleeastoday.com" "Mozilla/5.0 (iPhone; CPU iPhone OS 13_2_3 like Mac OS X) AppleWebKit/605.1.15 (KHTML, like Gecko) Version/13.0.3 Mobile/15E148 Safari/604.1"
217.113.196.218 - - [27/Feb/2026:00:07:54 -0500] "GET /abdullah-bin-zayed-meets-omani-minister-of-foreign-affairs-in-muscat/ HTTP/1.1" 200 24460 "-" "Mozilla/5.0 (compatible; IbouBot/1.0; [email protected]; +https://ibou.io/iboubot.html)"
217.113.196.214 - - [27/Feb/2026:00:08:45 -0500] "GET /24-dubai-companies-join-dubai-international-chambers-new-horizons-trade-mission-to-kazakhstan/ HTTP/1.1" 200 29361 "-" "Mozilla/5.0 (compatible; IbouBot/1.0; [email protected]; +https://ibou.io/iboubot.html)"
217.113.196.207 - - [27/Feb/2026:00:09:11 -0500] "GET /zole-bazaar-lorina-jewels-join-hands-for-black-november-with-exciting-deals/ HTTP/1.1" 200 23711 "-" "Mozilla/5.0 (compatible; IbouBot/1.0; [email protected]; +https://ibou.io/iboubot.html)"
217.113.196.253 - - [27/Feb/2026:00:10:31 -0500] "GET /mohammed-bin-rashid-congratulates-new-kuwaiti-pm-on-his-appointment/ HTTP/1.1" 200 22675 "-" "Mozilla/5.0 (compatible; IbouBot/1.0; [email protected]; +https://ibou.io/iboubot.html)"
217.113.196.193 - - [27/Feb/2026:00:10:58 -0500] "GET /mohammed-bin-rashid-meets-with-the-king-of-belgium-at-expo-2020-dubai/ HTTP/1.1" 200 23532 "-" "Mozilla/5.0 (compatible; IbouBot/1.0; [email protected]; +https://ibou.io/iboubot.html)"
47.246.171.249 - - [27/Feb/2026:00:11:21 -0500] "GET http://www.middleeastoday.com/wp-content/plugins/elementskit-lite/modules/elementskit-icon-pack/assets/css/ekiticons.css?ver=3.5.0 HTTP/1.1" 200 11776 "http://www.middleeastoday.com/mansoor-bin-mohammed-visits-dubai-active-industry-exhibition/" "Mozilla/5.0 (Windows NT 10.0; WOW64) AppleWebKit/537.36 (KHTML, like Gecko) Chrome/108.0.5359.95 Safari/537.36 QIHU 360SE"
47.246.171.205 - - [27/Feb/2026:00:11:21 -0500] "GET http://www.middleeastoday.com/wp-content/plugins/contact-form-7/includes/css/styles.css?ver=6.0.6 HTTP/1.1" 200 890 "http://www.middleeastoday.com/mansoor-bin-mohammed-visits-dubai-active-industry-exhibition/" "Mozilla/5.0 (Windows NT 10.0; WOW64) AppleWebKit/537.36 (KHTML, like Gecko) Chrome/108.0.5359.95 Safari/537.36 QIHU 360SE"
47.246.171.214 - - [27/Feb/2026:00:11:21 -0500] "GET http://www.middleeastoday.com/wp-content/plugins/elementor-1/assets/lib/font-awesome/css/fontawesome.min.css?ver=5.15.3 HTTP/1.1" 200 12164 "http://www.middleeastoday.com/mansoor-bin-mohammed-visits-dubai-active-industry-exhibition/" "Mozilla/5.0 (Windows NT 10.0; WOW64) AppleWebKit/537.36 (KHTML, like Gecko) Chrome/108.0.5359.95 Safari/537.36 QIHU 360SE"
47.246.171.205 - - [27/Feb/2026:00:11:21 -0500] "GET http://www.middleeastoday.com/wp-content/plugins/accesspress-social-counter/css/frontend.css?ver=1.9.2 HTTP/1.1" 200 2295 "http://www.middleeastoday.com/mansoor-bin-mohammed-visits-dubai-active-industry-exhibition/" "Mozilla/5.0 (Windows NT 10.0; WOW64) AppleWebKit/537.36 (KHTML, like Gecko) Chrome/108.0.5359.95 Safari/537.36 QIHU 360SE"
47.246.171.157 - - [27/Feb/2026:00:11:21 -0500] "GET http://www.middleeastoday.com/wp-content/uploads/elementor/css/post-9.css?ver=1747657839 HTTP/1.1" 200 334 "http://www.middleeastoday.com/mansoor-bin-mohammed-visits-dubai-active-industry-exhibition/" "Mozilla/5.0 (Windows NT 10.0; WOW64) AppleWebKit/537.36 (KHTML, like Gecko) Chrome/108.0.5359.95 Safari/537.36 QIHU 360SE"
47.246.171.175 - - [27/Feb/2026:00:11:21 -0500] "GET http://www.middleeastoday.com/wp-content/plugins/elementor-1/assets/lib/swiper/v8/css/swiper.min.css?ver=8.4.5 HTTP/1.1" 200 4248 "http://www.middleeastoday.com/mansoor-bin-mohammed-visits-dubai-active-industry-exhibition/" "Mozilla/5.0 (Windows NT 10.0; WOW64) AppleWebKit/537.36 (KHTML, like Gecko) Chrome/108.0.5359.95 Safari/537.36 QIHU 360SE"
170.106.15.3 - - [27/Feb/2026:00:11:30 -0500] "GET / HTTP/1.1" 301 0 "-" "Mozilla/5.0 (iPhone; CPU iPhone OS 13_2_3 like Mac OS X) AppleWebKit/605.1.15 (KHTML, like Gecko) Version/13.0.3 Mobile/15E148 Safari/604.1"
217.113.196.247 - - [27/Feb/2026:00:11:50 -0500] "GET /emirates-to-introduce-premium-economy-to-five-more-cities-starting-from-december/ HTTP/1.1" 200 23471 "-" "Mozilla/5.0 (compatible; IbouBot/1.0; [email protected]; +https://ibou.io/iboubot.html)"
217.113.196.231 - - [27/Feb/2026:00:12:17 -0500] "GET /gcc-secretary-general-reaffirms-gulf-states-support-for-stability-in-lebanon/ HTTP/1.1" 200 23429 "-" "Mozilla/5.0 (compatible; IbouBot/1.0; [email protected]; +https://ibou.io/iboubot.html)"
162.213.253.84 - - [27/Feb/2026:00:12:34 -0500] "POST /wp-cron.php?doing_wp_cron=1772169154.2107079029083251953125 HTTP/1.1" 200 0 "-" "WordPress/6.8.1; http://www.middleeastoday.com"
162.213.253.84 - - [27/Feb/2026:00:12:34 -0500] "POST /wp-admin/admin-ajax.php?action=async_litespeed&nonce=B0zKt21Wq4QYEWYCTYKKfRPuriMXoFvO&litespeed_type=imgoptm HTTP/1.1" 200 21 "-" "WordPress/6.8.1; http://www.middleeastoday.com"
185.192.71.150 - - [27/Feb/2026:00:12:35 -0500] "GET /bless.php HTTP/1.1" 404 88984 "-" "Mozilla/5.0 (Windows NT 10.0; Win64; x64; rv:79.0) Gecko/20100101 Firefox/79.0"
185.191.171.6 - - [27/Feb/2026:00:12:36 -0500] "GET /us-allocates-42-billion-to-make-internet-access-universal-by-2030/ HTTP/1.1" 200 23413 "-" "Mozilla/5.0 (compatible; SemrushBot/7~bl; +http://www.semrush.com/bot.html)"
185.192.71.150 - - [27/Feb/2026:00:12:36 -0500] "GET /O-Simple.php HTTP/1.1" 404 88984 "-" "Mozilla/5.0 (Windows NT 10.0; WOW64) AppleWebKit/537.36 (KHTML, like Gecko) Chrome/84.0.4147.105 Safari/537.36"
185.192.71.150 - - [27/Feb/2026:00:12:38 -0500] "GET /lock360.php HTTP/1.1" 404 88984 "-" "Mozilla/5.0 (Windows NT 10.0; Win64; x64; rv:77.0) Gecko/20100101 Firefox/77.0"
185.192.71.150 - - [27/Feb/2026:00:12:41 -0500] "GET /chosen.php HTTP/1.1" 404 88984 "-" "Mozilla/5.0 (Macintosh; Intel Mac OS X 10_12_6) AppleWebKit/537.36 (KHTML, like Gecko) Chrome/58.0.3029.110 Safari/537.3"
185.192.71.150 - - [27/Feb/2026:00:12:46 -0500] "GET /.well-known/login.php HTTP/1.1" 404 88984 "-" "Mozilla/5.0 (Windows NT 10.0; Win64; x64) AppleWebKit/537.36 (KHTML, like Gecko) Chrome/84.0.4147.105 Safari/537.36"
185.192.71.150 - - [27/Feb/2026:00:12:52 -0500] "GET /core.php HTTP/1.1" 404 88984 "-" "Mozilla/5.0 (Windows NT 6.3; Win64; x64; rv:73.0) Gecko/20100101 Firefox/73.0"
185.192.71.150 - - [27/Feb/2026:00:12:54 -0500] "GET /robots.php HTTP/1.1" 404 88984 "-" "Mozilla/5.0 (Windows NT 10.0; Win64; x64) AppleWebKit/537.36 (KHTML, like Gecko) Chrome/83.0.4103.97 Safari/537.36"
185.192.71.150 - - [27/Feb/2026:00:12:56 -0500] "GET /inputs.php HTTP/1.1" 404 88984 "-" "Mozilla/5.0 (Windows NT 10.0; Win64; x64; rv:73.0) Gecko/20100101 Firefox/73.0"
185.192.71.150 - - [27/Feb/2026:00:12:58 -0500] "GET /mini.php HTTP/1.1" 404 88984 "-" "Mozilla/5.0 (Windows NT 10.0; Win64; x64) AppleWebKit/537.36 (KHTML, like Gecko) Chrome/58.0.3029.110 Safari/537.3"
185.192.71.150 - - [27/Feb/2026:00:13:00 -0500] "GET /goods.php HTTP/1.1" 404 88984 "-" "Mozilla/5.0 (Windows NT 10.0) AppleWebKit/537.36 (KHTML, like Gecko) Chrome/84.0.4147.105 Safari/537.36"
185.192.71.150 - - [27/Feb/2026:00:13:02 -0500] "GET /file5.php HTTP/1.1" 404 88984 "-" "Mozilla/5.0 (Windows NT 10.0; Win64; x64) AppleWebKit/537.36 (KHTML, like Gecko) Chrome/79.0.3945.130 Safari/537.36"
185.192.71.150 - - [27/Feb/2026:00:13:04 -0500] "GET /ahax.php HTTP/1.1" 404 88984 "-" "Mozilla/5.0 (Windows NT 10.0; WOW64; Trident/7.0; .NET4.0C; .NET4.0E; .NET CLR 2.0.50727; .NET CLR 3.0.30729; .NET CLR 3.5.30729; rv:11.0) like Gecko"
185.192.71.150 - - [27/Feb/2026:00:13:09 -0500] "GET /simple.php HTTP/1.1" 404 88984 "-" "Mozilla/5.0 (Windows NT 10.0; Win64; x64) AppleWebKit/537.36 (KHTML, like Gecko) Chrome/79.0.3945.130 Safari/537.36"
217.113.196.250 - - [27/Feb/2026:00:13:09 -0500] "GET /wetex-dubai-solar-show-2022-attracts-1750-companies-from-55-countries/ HTTP/1.1" 200 24652 "-" "Mozilla/5.0 (compatible; IbouBot/1.0; [email protected]; +https://ibou.io/iboubot.html)"
185.192.71.150 - - [27/Feb/2026:00:13:12 -0500] "GET /update/f35.php HTTP/1.1" 404 88984 "-" "Mozilla/5.0 (Windows NT 10.0; Win64; x64) AppleWebKit/537.36 (KHTML, like Gecko) Chrome/84.0.4147.105 Safari/537.36 OPR/70.0.3728.95"
44.194.139.149 - - [27/Feb/2026:00:11:33 -0500] "GET /wp-json/oembed/1.0/embed?url=http://www.middleeastoday.com/uae-president-greek-pm-review-consolidating-their-strategic-partnership/ HTTP/1.1" 200 2620 "-" "Mozilla/5.0 AppleWebKit/537.36 (KHTML, like Gecko; compatible; Amazonbot/0.1; +https://developer.amazon.com/support/amazonbot) Chrome/119.0.6045.214 Safari/537.36"
185.192.71.150 - - [27/Feb/2026:00:12:33 -0500] "GET /manager.php HTTP/1.1" 404 88984 "-" "Mozilla/5.0 (Windows NT 10.0; Win64; x64) AppleWebKit/537.36 (KHTML, like Gecko) Chrome/74.0.3729.169 Safari/537.36"
162.213.253.84 - - [27/Feb/2026:00:12:36 -0500] "POST /wp-cron.php?doing_wp_cron=1772169156.0082750320434570312500 HTTP/1.1" 200 0 "-" "WordPress/6.8.1; http://www.middleeastoday.com"
185.192.71.150 - - [27/Feb/2026:00:12:39 -0500] "GET /zwso.php HTTP/1.1" 404 88984 "-" "Mozilla/5.0 (X11; Ubuntu; Linux x86_64; rv:79.0) Gecko/20100101 Firefox/79.0"
185.192.71.150 - - [27/Feb/2026:00:12:43 -0500] "GET /about.php HTTP/1.1" 404 88984 "-" "Mozilla/5.0 (Windows NT 10.0; Win64; x64) AppleWebKit/537.36 (KHTML, like Gecko) Chrome/74.0.3729.157 Safari/537.36"
217.113.196.219 - - [27/Feb/2026:00:12:43 -0500] "GET /nahyan-bin-mubarak-visits-31st-edition-of-abu-dhabi-international-book-fair/ HTTP/1.1" 200 22969 "-" "Mozilla/5.0 (compatible; IbouBot/1.0; [email protected]; +https://ibou.io/iboubot.html)"
185.192.71.150 - - [27/Feb/2026:00:12:44 -0500] "GET /admin.php HTTP/1.1" 404 88984 "-" "Mozilla/5.0 (Windows NT 10.0; WOW64; x64) AppleWebKit/537.36 (KHTML, like Gecko) Chrome/84.0.4147.105 Safari/537.36 OPR/70.0.3728.95"
185.192.71.150 - - [27/Feb/2026:00:12:48 -0500] "GET /mah.php HTTP/1.1" 404 88984 "-" "Mozilla/5.0 (Windows NT 10.0; Win64; x64) AppleWebKit/537.36 (KHTML, like Gecko) Chrome/69.0.3497.100 Safari/537.36"
185.192.71.150 - - [27/Feb/2026:00:12:50 -0500] "GET /.wp/wso.php HTTP/1.1" 404 88984 "-" "Mozilla/5.0 (Windows NT 6.1; Win64; x64) AppleWebKit/537.36 (KHTML, like Gecko) Chrome/58.0.3029.110 Safari/537.3"
185.192.71.150 - - [27/Feb/2026:00:13:07 -0500] "GET /f35.php HTTP/1.1" 404 88984 "-" "Mozilla/5.0 (Windows NT 10.0; Win64; x64; rv:77.0) Gecko/20100101 Firefox/77.0"
185.192.71.150 - - [27/Feb/2026:00:13:14 -0500] "GET /wp-content/hello.php HTTP/1.1" 404 88984 "-" "Mozilla/5.0 (Windows NT 10.0; Win64; x64) AppleWebKit/537.36 (KHTML, like Gecko) Chrome/70.0.3538.77 Safari/537.36"
185.192.71.150 - - [27/Feb/2026:00:13:17 -0500] "GET /wp-admin/maint/bootstrap.php HTTP/1.1" 404 88984 "-" "Mozilla/5.0 (Macintosh; Intel Mac OS X 10.15; rv:79.0) Gecko/20100101 Firefox/79.0"
185.192.71.150 - - [27/Feb/2026:00:13:21 -0500] "GET /themes/zMousse/otuz1.php HTTP/1.1" 404 88984 "-" "Mozilla/5.0 (Windows NT 6.1; Win64; x64) AppleWebKit/537.36 (KHTML, like Gecko) Chrome/74.0.3729.169 Safari/537.36"
162.213.253.84 - - [27/Feb/2026:00:13:25 -0500] "POST /wp-admin/admin-ajax.php?action=async_litespeed&nonce=810Vo9tdTaZmr5vBVMwTA5AeYzvae7dd&litespeed_type=imgoptm HTTP/1.1" 200 21 "-" "WordPress/6.8.1; http://www.middleeastoday.com"
185.192.71.150 - - [27/Feb/2026:00:13:30 -0500] "GET /wp-content/plugins/ubh/up.php HTTP/1.1" 404 88984 "-" "Mozilla/5.0 (Windows NT 10.0; Win64; x64) AppleWebKit/537.36 (KHTML, like Gecko) Chrome/79.0.3945.79 Safari/537.36"
185.192.71.150 - - [27/Feb/2026:00:13:33 -0500] "GET /wp-admin/images/bootstrap.php HTTP/1.1" 404 88984 "-" "Mozilla/5.0 (Windows NT 10.0; Win64; x64; rv:76.0) Gecko/20100101 Firefox/76.0"
217.113.196.222 - - [27/Feb/2026:00:13:36 -0500] "GET /dubai-municipality-transforms-old-municipal-street-into-vibrant-pedestrian-tourist-corridor/ HTTP/1.1" 200 24061 "-" "Mozilla/5.0 (compatible; IbouBot/1.0; [email protected]; +https://ibou.io/iboubot.html)"
185.192.71.150 - - [27/Feb/2026:00:13:52 -0500] "GET /admin/uploads/bn_1_1754420677.phtml HTTP/1.1" 404 88984 "-" "Mozilla/5.0 (compatible; MSIE 10.0; Windows NT 6.1; Trident/6.0)"
185.192.71.150 - - [27/Feb/2026:00:13:54 -0500] "GET /modules/mod_simplefileuploadv1.3/elements/udd.php HTTP/1.1" 404 88984 "-" "Mozilla/5.0 (Linux x86_64; rv:79.0) Gecko/20100101 Firefox/79.0"
162.213.253.84 - - [27/Feb/2026:00:13:23 -0500] "POST /wp-cron.php?doing_wp_cron=1772169203.8344058990478515625000 HTTP/1.1" 200 0 "-" "WordPress/6.8.1; http://www.middleeastoday.com"
162.213.253.84 - - [27/Feb/2026:00:13:28 -0500] "POST /wp-cron.php?doing_wp_cron=1772169208.0734210014343261718750 HTTP/1.1" 200 0 "-" "WordPress/6.8.1; http://www.middleeastoday.com"
185.192.71.150 - - [27/Feb/2026:00:13:27 -0500] "GET /wp-content/edit-wolf.php HTTP/1.1" 404 88984 "-" "Mozilla/5.0 (X11; Fedora; Linux x86_64; rv:79.0) Gecko/20100101 Firefox/79.0"
185.192.71.150 - - [27/Feb/2026:00:13:37 -0500] "GET /images/upload.php HTTP/1.1" 404 88984 "-" "Mozilla/5.0 (Windows NT 10.0; Win64; x64) AppleWebKit/537.36 (KHTML, like Gecko) Chrome/75.0.3770.100 Safari/537.36"
185.192.71.150 - - [27/Feb/2026:00:13:40 -0500] "GET /wp-content/plugins/seoplugins/db.php?u HTTP/1.1" 404 88984 "-" "Mozilla/5.0 (Macintosh; Intel Mac OS X 10.15; rv:79.0) Gecko/20100101 Firefox/79.0"
185.192.71.150 - - [27/Feb/2026:00:13:45 -0500] "GET /wp-content/themes/pridmag/db.php?u HTTP/1.1" 404 88984 "-" "Mozilla/5.0 (compatible; MSIE 10.0; Windows NT 6.1; Trident/6.0)"
185.192.71.150 - - [27/Feb/2026:00:13:49 -0500] "GET /wp-content/plugins/linkpreview/db.php?u HTTP/1.1" 404 88984 "-" "Mozilla/5.0 (X11; Ubuntu; Linux x86_64; rv:79.0) Gecko/20100101 Firefox/79.0"
217.113.196.228 - - [27/Feb/2026:00:14:03 -0500] "GET /gold-poised-for-significant-quarterly-rise-following-interest-rate-driven-decline/ HTTP/1.1" 200 23032 "-" "Mozilla/5.0 (compatible; IbouBot/1.0; [email protected]; +https://ibou.io/iboubot.html)"
185.192.71.150 - - [27/Feb/2026:00:14:03 -0500] "GET /wp-admin/css/colors/midnight/admin.php HTTP/1.1" 404 88984 "-" "Mozilla/5.0 (X11; Linux i686; rv:79.0) Gecko/20100101 Firefox/79.0"
185.192.71.150 - - [27/Feb/2026:00:14:10 -0500] "GET /wp-admin/images/wp-conflg.php HTTP/1.1" 404 88984 "-" "Mozilla/5.0 (Windows NT 10.0; Win64; x64; rv:71.0) Gecko/20100101 Firefox/71.0"
185.192.71.150 - - [27/Feb/2026:00:14:13 -0500] "GET /wp-content/plugins/core-plugin/include.php HTTP/1.1" 404 88984 "-" "Mozilla/5.0 (X11; Fedora; Linux x86_64; rv:79.0) Gecko/20100101 Firefox/79.0"
185.192.71.150 - - [27/Feb/2026:00:14:16 -0500] "GET /classwithtostring.php HTTP/1.1" 404 88984 "-" "Mozilla/5.0 (Macintosh; Intel Mac OS X 10.15; rv:79.0) Gecko/20100101 Firefox/79.0"
185.192.71.150 - - [27/Feb/2026:00:14:18 -0500] "GET /uploads/94056-upload.phtml HTTP/1.1" 404 88984 "-" "Mozilla/5.0 (Windows NT 6.1; Win64; x64) AppleWebKit/537.36 (KHTML, like Gecko) Chrome/78.0.3904.108 Safari/537.36"
162.213.253.84 - - [27/Feb/2026:00:14:22 -0500] "POST /wp-cron.php?doing_wp_cron=1772169262.5001549720764160156250 HTTP/1.1" 200 0 "-" "WordPress/6.8.1; http://www.middleeastoday.com"
185.192.71.150 - - [27/Feb/2026:00:14:21 -0500] "GET /tinyfilemanager.php HTTP/1.1" 404 88984 "-" "Mozilla/5.0 (Macintosh; Intel Mac OS X 10.15; rv:79.0) Gecko/20100101 Firefox/79.0"
162.213.253.84 - - [27/Feb/2026:00:14:23 -0500] "POST /wp-admin/admin-ajax.php?action=async_litespeed&nonce=WZhRetcf4uYUatBtuQVnae1mOylZ2GyS&litespeed_type=imgoptm HTTP/1.1" 200 21 "-" "WordPress/6.8.1; http://www.middleeastoday.com"
185.192.71.150 - - [27/Feb/2026:00:14:26 -0500] "GET /file.php HTTP/1.1" 404 88984 "-" "Mozilla/5.0 (Windows NT 10.0; Win64; x64; rv:74.0) Gecko/20100101 Firefox/74.0"
185.192.71.150 - - [27/Feb/2026:00:14:27 -0500] "GET /wp-includes/js/index.php HTTP/1.1" 301 0 "-" "Mozilla/5.0 (Windows NT 10.0; WOW64) AppleWebKit/537.36 (KHTML, like Gecko) Chrome/84.0.4147.105 Safari/537.36"
185.192.71.150 - - [27/Feb/2026:00:14:32 -0500] "GET /wp-content/languages/wp-conflg.php HTTP/1.1" 404 88984 "-" "Mozilla/5.0 (Windows NT 10.0; Win64; x64) AppleWebKit/537.36 (KHTML, like Gecko) Chrome/75.0.3770.100 Safari/537.36"
185.192.71.150 - - [27/Feb/2026:00:14:35 -0500] "GET /wp-content/plugins/elementor/wp-wjvngrh.php HTTP/1.1" 404 88984 "-" "Mozilla/5.0 (Windows NT 10.0; Win64; x64) AppleWebKit/537.36 (KHTML, like Gecko) Chrome/74.0.3729.169 Safari/537.36"
185.192.71.150 - - [27/Feb/2026:00:13:57 -0500] "GET /wp-content/plugins/pwnd/pwnd.php HTTP/1.1" 404 88984 "-" "Mozilla/5.0 (Windows NT 10.0; Win64; x64; rv:66.0) Gecko/20100101 Firefox/66.0"
185.192.71.150 - - [27/Feb/2026:00:14:00 -0500] "GET /wp-content/plugins/pwnd-1/pwnd.php HTTP/1.1" 404 88984 "-" "Mozilla/5.0 (Windows NT 10.0; WOW64; Trident/7.0; .NET4.0C; .NET4.0E; .NET CLR 2.0.50727; .NET CLR 3.0.30729; .NET CLR 3.5.30729; rv:11.0) like Gecko"
185.192.71.150 - - [27/Feb/2026:00:14:06 -0500] "GET /vendor/phpunit/phpunit/src/Util/PHP/kill.php HTTP/1.1" 404 88984 "-" "Mozilla/5.0 (Windows NT 10.0; Win64; x64; rv:71.0) Gecko/20100101 Firefox/71.0"
185.192.71.150 - - [27/Feb/2026:00:14:08 -0500] "GET /wp-includes/style-engine/worksec.php HTTP/1.1" 404 88984 "-" "Mozilla/5.0 (Macintosh; Intel Mac OS X 10_15_6) AppleWebKit/537.36 (KHTML, like Gecko) Chrome/84.0.4147.105 Safari/537.36 OPR/70.0.3728.95"
185.192.71.150 - - [27/Feb/2026:00:14:15 -0500] "GET /wp-content/plugins/envato-css.php HTTP/1.1" 404 88984 "-" "Mozilla/5.0 (Windows NT 10.0; Win64; x64; rv:71.0) Gecko/20100101 Firefox/71.0"
185.192.71.150 - - [27/Feb/2026:00:14:20 -0500] "GET /index/function.php HTTP/1.1" 404 88984 "-" "Mozilla/5.0 (Windows NT 10.0; Win64; x64) AppleWebKit/537.36 (KHTML, like Gecko) Chrome/81.0.4044.129 Safari/537.36"
185.192.71.150 - - [27/Feb/2026:00:14:23 -0500] "GET /js/bas.php HTTP/1.1" 404 88984 "-" "Mozilla/5.0 (Windows NT 6.1; Win64; x64) AppleWebKit/537.36 (KHTML, like Gecko) Chrome/78.0.3904.108 Safari/537.36"
185.192.71.150 - - [27/Feb/2026:00:14:25 -0500] "GET /.well-known/pki-validation/moon.php HTTP/1.1" 404 1251 "-" "Mozilla/5.0 (Windows NT 10.0; Win64; x64) AppleWebKit/537.36 (KHTML, like Gecko) Chrome/81.0.4044.129 Safari/537.36"
162.213.253.84 - - [27/Feb/2026:00:14:26 -0500] "POST /wp-cron.php?doing_wp_cron=1772169266.5301051139831542968750 HTTP/1.1" 200 0 "-" "WordPress/6.8.1; http://www.middleeastoday.com"
185.192.71.150 - - [27/Feb/2026:00:14:28 -0500] "GET /wp-content/upgrade/item.php HTTP/1.1" 404 88984 "-" "Mozilla/5.0 (Windows NT 10.0; Win64; x64) AppleWebKit/537.36 (KHTML, like Gecko) Chrome/74.0.3729.157 Safari/537.36"
217.113.196.203 - - [27/Feb/2026:00:14:28 -0500] "GET /uae-president-italian-prime-minister-discuss-strengthening-bilateral-relations-in-rome/ HTTP/1.1" 200 23757 "-" "Mozilla/5.0 (compatible; IbouBot/1.0; [email protected]; +https://ibou.io/iboubot.html)"
185.192.71.150 - - [27/Feb/2026:00:14:30 -0500] "GET /buy.php HTTP/1.1" 404 88984 "-" "Mozilla/5.0 (Windows NT 10.0; Win64; x64) AppleWebKit/537.36 (KHTML, like Gecko) Chrome/84.0.4147.105 Safari/537.36 OPR/70.0.3728.95"
185.192.71.150 - - [27/Feb/2026:00:14:34 -0500] "GET /wp-content/themes/classwithtostring.php HTTP/1.1" 404 88984 "-" "Mozilla/5.0 (Windows NT 10.0; Win64; x64) AppleWebKit/537.36 (KHTML, like Gecko) Chrome/83.0.4103.97 Safari/537.36"
185.192.71.150 - - [27/Feb/2026:00:14:39 -0500] "GET /wp-includes/widgets/dyqvcfqv.php HTTP/1.1" 404 88984 "-" "Mozilla/5.0 (Windows NT 10.0) AppleWebKit/537.36 (KHTML, like Gecko) Chrome/84.0.4147.105 Safari/537.36"
185.192.71.150 - - [27/Feb/2026:00:14:50 -0500] "GET /wp-includes/PHPMailer/admin.php HTTP/1.1" 404 88984 "-" "Mozilla/5.0 (Macintosh; Intel Mac OS X 10_10_1) AppleWebKit/537.36 (KHTML, like Gecko) Chrome/39.0.2171.95 Safari/537.36"
185.192.71.150 - - [27/Feb/2026:00:14:51 -0500] "GET /wp-includes/widgets/wp-login.php HTTP/1.1" 404 88984 "-" "Mozilla/5.0 (Windows NT 10.0; Win64; x64) AppleWebKit/537.36 (KHTML, like Gecko) Chrome/83.0.4103.61 Safari/537.36"
185.192.71.150 - - [27/Feb/2026:00:14:57 -0500] "GET /inc.php HTTP/1.1" 404 88984 "-" "Mozilla/5.0 (Windows NT 10.0; Win64; x64) AppleWebKit/537.36 (KHTML, like Gecko) Chrome/83.0.4103.61 Safari/537.36"
185.192.71.150 - - [27/Feb/2026:00:15:01 -0500] "GET /cgi-bin/bypass.php HTTP/1.1" 404 88984 "-" "Mozilla/5.0 (Windows NT 10.0; Win64; x64) AppleWebKit/537.36 (KHTML, like Gecko) Chrome/58.0.3029.110 Safari/537.3"
185.192.71.150 - - [27/Feb/2026:00:14:37 -0500] "GET /wp-includes/IXR/fix.php7 HTTP/1.1" 404 88984 "-" "Mozilla/5.0 (Windows NT 10.0; Win64; x64) AppleWebKit/537.36 (KHTML, like Gecko) Chrome/75.0.3770.100 Safari/537.36"
185.192.71.150 - - [27/Feb/2026:00:14:41 -0500] "GET /admin/function.php HTTP/1.1" 404 88984 "-" "Mozilla/5.0 (Windows NT 10.0; Win64; x64; rv:67.0) Gecko/20100101 Firefox/67.0"
185.192.71.150 - - [27/Feb/2026:00:14:43 -0500] "GET /wp-includes/images/smilies/about.php HTTP/1.1" 404 88984 "-" "Mozilla/5.0 (Macintosh; Intel Mac OS X 10_15_6) AppleWebKit/537.36 (KHTML, like Gecko) Chrome/84.0.4147.105 Safari/537.36"
185.192.71.150 - - [27/Feb/2026:00:14:46 -0500] "GET /wp-includes/js/crop/admin.php HTTP/1.1" 404 88984 "-" "Mozilla/5.0 (Windows NT 10.0; WOW64; Trident/7.0; .NET4.0C; .NET4.0E; .NET CLR 2.0.50727; .NET CLR 3.0.30729; .NET CLR 3.5.30729; rv:11.0) like Gecko"
185.192.71.150 - - [27/Feb/2026:00:14:48 -0500] "GET /wp-includes/PHPMailer/wp-conflg.php HTTP/1.1" 404 88984 "-" "Mozilla/5.0 (Windows NT 10.0; Win64; x64) AppleWebKit/537.36 (KHTML, like Gecko) Chrome/70.0.3538.77 Safari/537.36"
185.192.71.150 - - [27/Feb/2026:00:14:54 -0500] "GET /files/index.php HTTP/1.1" 301 0 "-" "Mozilla/5.0 (Windows NT 10.0; Win64; x64) AppleWebKit/537.36 (KHTML, like Gecko) Chrome/69.0.3497.100 Safari/537.36"
185.192.71.150 - - [27/Feb/2026:00:14:55 -0500] "GET /wp-includes/PHPMailer/options.php HTTP/1.1" 404 88984 "-" "Mozilla/5.0 (Windows NT 10.0; Win64; x64; rv:73.0) Gecko/20100101 Firefox/73.0"
217.113.196.218 - - [27/Feb/2026:00:14:58 -0500] "GET /uae-president-vice-president-receive-progress-update-on-preparations-to-host-cop28/ HTTP/1.1" 200 24116 "-" "Mozilla/5.0 (compatible; IbouBot/1.0; [email protected]; +https://ibou.io/iboubot.html)"
185.192.71.150 - - [27/Feb/2026:00:14:59 -0500] "GET /wp-content/index.php HTTP/1.1" 200 0 "-" "Mozilla/5.0 (Windows NT 10.0; Win64; x64; rv:72.0) Gecko/20100101 Firefox/72.0"
185.192.71.150 - - [27/Feb/2026:00:14:59 -0500] "GET /filemanager.php HTTP/1.1" 404 88984 "-" "Mozilla/5.0 (Windows NT 6.1; Win64; x64) AppleWebKit/537.36 (KHTML, like Gecko) Chrome/80.0.3987.149 Safari/537.36"
185.192.71.150 - - [27/Feb/2026:00:15:04 -0500] "GET /.well-known/pki-validation/admin.php HTTP/1.1" 404 1251 "-" "Mozilla/5.0 (Windows NT 10.0; Win64; x64) AppleWebKit/537.36 (KHTML, like Gecko) Chrome/74.0.3729.157 Safari/537.36"
185.192.71.150 - - [27/Feb/2026:00:15:07 -0500] "GET /wp-admin/js/index.php HTTP/1.1" 301 0 "-" "Mozilla/5.0 (Windows NT 6.1; Win64; x64) AppleWebKit/537.36 (KHTML, like Gecko) Chrome/80.0.3987.149 Safari/537.36"
185.192.71.150 - - [27/Feb/2026:00:15:17 -0500] "GET /admin/upload/css.php HTTP/1.1" 404 88984 "-" "Mozilla/5.0 (Windows NT 10.0; WOW64) AppleWebKit/537.36 (KHTML, like Gecko) Chrome/72.0.3626.121 Safari/537.36"
185.192.71.150 - - [27/Feb/2026:00:15:20 -0500] "GET /wp-admin/file.php HTTP/1.1" 404 88984 "-" "Mozilla/5.0 (Windows NT 10.0; Win64; x64) AppleWebKit/537.36 (KHTML, like Gecko) Chrome/79.0.3945.130 Safari/537.36"
162.213.253.84 - - [27/Feb/2026:00:15:23 -0500] "POST /wp-cron.php?doing_wp_cron=1772169322.9985530376434326171875 HTTP/1.1" 200 0 "-" "WordPress/6.8.1; http://www.middleeastoday.com"
162.213.253.84 - - [27/Feb/2026:00:15:23 -0500] "POST /wp-admin/admin-ajax.php?action=async_litespeed&nonce=K1aoltHwVXa3LFCvDDNhBRYIT3mRbMzs&litespeed_type=imgoptm HTTP/1.1" 200 21 "-" "WordPress/6.8.1; http://www.middleeastoday.com"
185.192.71.150 - - [27/Feb/2026:00:15:31 -0500] "GET /wp-content/plugins/pwnd-1/admin.php HTTP/1.1" 404 88984 "-" "Mozilla/5.0 (Macintosh; Intel Mac OS X 10_10_1) AppleWebKit/537.36 (KHTML, like Gecko) Chrome/39.0.2171.95 Safari/537.36"
185.192.71.150 - - [27/Feb/2026:00:15:36 -0500] "GET /images/DJP9.php HTTP/1.1" 404 88984 "-" "Mozilla/5.0 (Windows NT 10.0) AppleWebKit/537.36 (KHTML, like Gecko) Chrome/84.0.4147.105 Safari/537.36"
185.192.71.150 - - [27/Feb/2026:00:15:04 -0500] "GET /wp-includes/IXR/admin.php HTTP/1.1" 404 88984 "-" "Mozilla/5.0 (Windows NT 10.0; Win64; x64) AppleWebKit/537.36 (KHTML, like Gecko) Chrome/69.0.3497.100 Safari/537.36"
185.192.71.150 - - [27/Feb/2026:00:15:08 -0500] "GET /wp-includes/js/jquery/jquery.php HTTP/1.1" 404 88984 "-" "Mozilla/5.0 (Windows NT 10.0; Win64; x64; rv:77.0) Gecko/20100101 Firefox/77.0"
185.192.71.150 - - [27/Feb/2026:00:15:10 -0500] "GET /function.php HTTP/1.1" 404 88984 "-" "Mozilla/5.0 (Windows NT 10.0; Win64; x64; rv:76.0) Gecko/20100101 Firefox/76.0"
185.192.71.150 - - [27/Feb/2026:00:15:12 -0500] "GET /wp-includes/block-supports/autoload_classmap.php HTTP/1.1" 404 88984 "-" "Mozilla/5.0 (Macintosh; Intel Mac OS X 10_12_6) AppleWebKit/537.36 (KHTML, like Gecko) Chrome/58.0.3029.110 Safari/537.3"
185.192.71.150 - - [27/Feb/2026:00:15:14 -0500] "GET /wp-signup.php HTTP/1.1" 302 0 "-" "Mozilla/5.0 (Macintosh; Intel Mac OS X 10_15_6) AppleWebKit/537.36 (KHTML, like Gecko) Chrome/84.0.4147.125 Safari/537.36"
185.192.71.150 - - [27/Feb/2026:00:15:15 -0500] "GET /wp-admin/network/network.php HTTP/1.1" 404 88984 "-" "Mozilla/5.0 (Windows NT 10.0; Win64; x64) AppleWebKit/537.36 (KHTML, like Gecko) Chrome/74.0.3729.157 Safari/537.36"
185.192.71.150 - - [27/Feb/2026:00:15:18 -0500] "GET /wp-blog.php HTTP/1.1" 404 88984 "-" "Mozilla/5.0 (Windows NT 10.0; Win64; x64; rv:71.0) Gecko/20100101 Firefox/71.0"
185.192.71.150 - - [27/Feb/2026:00:15:22 -0500] "GET /wp-content/plugins/admin.php HTTP/1.1" 404 88984 "-" "Mozilla/5.0 (X11; Ubuntu; Linux x86_64; rv:79.0) Gecko/20100101 Firefox/79.0"
185.192.71.150 - - [27/Feb/2026:00:15:24 -0500] "GET /wp-includes/blocks/table/int/tmpl/index.php HTTP/1.1" 301 0 "-" "Mozilla/5.0 (Macintosh; Intel Mac OS X 10_15_6) AppleWebKit/537.36 (KHTML, like Gecko) Chrome/84.0.4147.105 Safari/537.36"
162.213.253.84 - - [27/Feb/2026:00:15:25 -0500] "POST /wp-cron.php?doing_wp_cron=1772169325.5091640949249267578125 HTTP/1.1" 200 0 "-" "WordPress/6.8.1; http://www.middleeastoday.com"
185.192.71.150 - - [27/Feb/2026:00:15:24 -0500] "GET /wp-l0gin.php HTTP/1.1" 404 88984 "-" "Mozilla/5.0 (Windows NT 6.1; Win64; x64) AppleWebKit/537.36 (KHTML, like Gecko) Chrome/80.0.3987.149 Safari/537.36"
185.192.71.150 - - [27/Feb/2026:00:15:27 -0500] "GET /wp-includes/js/jquery/suggest.php HTTP/1.1" 404 88984 "-" "Mozilla/5.0 (Windows NT 10.0; Win64; x64; rv:66.0) Gecko/20100101 Firefox/66.0"
185.192.71.150 - - [27/Feb/2026:00:15:29 -0500] "GET /new.php HTTP/1.1" 404 88984 "-" "Mozilla/5.0 (Windows NT 10.0) AppleWebKit/537.36 (KHTML, like Gecko) Chrome/72.0.3626.121 Safari/537.36"
185.192.71.150 - - [27/Feb/2026:00:15:34 -0500] "GET /wp-includes/defaults.php HTTP/1.1" 404 88984 "-" "Mozilla/5.0 (Windows NT 10.0; Win64; x64) AppleWebKit/537.36 (KHTML, like Gecko) Chrome/70.0.3538.110 Safari/537.36"
185.192.71.150 - - [27/Feb/2026:00:15:39 -0500] "GET /wp-includes/customize/index.php HTTP/1.1" 301 0 "-" "Mozilla/5.0 (X11; Linux i686; rv:79.0) Gecko/20100101 Firefox/79.0"
185.192.71.150 - - [27/Feb/2026:00:15:40 -0500] "GET /wp-admin/shell20211028.php HTTP/1.1" 404 88984 "-" "Mozilla/5.0 (Windows NT 6.1; Win64; x64) AppleWebKit/537.36 (KHTML, like Gecko) Chrome/58.0.3029.110 Safari/537.3"
185.192.71.150 - - [27/Feb/2026:00:15:42 -0500] "GET /natural.php HTTP/1.1" 404 88984 "-" "Mozilla/5.0 (Windows NT 10.0; Win64; x64) AppleWebKit/537.36 (KHTML, like Gecko) Chrome/79.0.3945.79 Safari/537.36"
185.192.71.150 - - [27/Feb/2026:00:15:43 -0500] "GET /item.php HTTP/1.1" 404 88984 "-" "Mozilla/5.0 (Windows NT 10.0; Win64; x64) AppleWebKit/537.36 (KHTML, like Gecko) Chrome/80.0.3987.149 Safari/537.36"
185.192.71.150 - - [27/Feb/2026:00:15:45 -0500] "GET /function/function.php HTTP/1.1" 404 88984 "-" "Mozilla/5.0 (X11; Linux x86_64) AppleWebKit/537.36 (KHTML, like Gecko) Chrome/84.0.4147.105 Safari/537.36"
185.192.71.150 - - [27/Feb/2026:00:15:47 -0500] "GET /wp-includes/SimplePie/index.php HTTP/1.1" 301 0 "-" "Mozilla/5.0 (Windows NT 10.0; Win64; x64; rv:71.0) Gecko/20100101 Firefox/71.0"
185.192.71.150 - - [27/Feb/2026:00:15:51 -0500] "GET /about/function.php HTTP/1.1" 404 88984 "-" "Mozilla/5.0 (Windows NT 10.0; Win64; x64; rv:79.0) Gecko/20100101 Firefox/79.0"
185.192.71.150 - - [27/Feb/2026:00:15:53 -0500] "GET /wp-includes/Requests/index.php HTTP/1.1" 301 0 "-" "Mozilla/5.0 (Windows NT 6.1; Win64; x64) AppleWebKit/537.36 (KHTML, like Gecko) Chrome/80.0.3987.149 Safari/537.36"
185.192.71.150 - - [27/Feb/2026:00:15:56 -0500] "GET /wp-includes/ID3/about.php HTTP/1.1" 404 88984 "-" "Mozilla/5.0 (Macintosh; Intel Mac OS X 10_10_1) AppleWebKit/537.36 (KHTML, like Gecko) Chrome/39.0.2171.95 Safari/537.36"
185.192.71.150 - - [27/Feb/2026:00:15:59 -0500] "GET /update/403.php HTTP/1.1" 404 88984 "-" "Mozilla/5.0 (Windows NT 10.0; Win64; x64) AppleWebKit/537.36 (KHTML, like Gecko) Chrome/79.0.3945.79 Safari/537.36"
185.192.71.150 - - [27/Feb/2026:00:16:02 -0500] "GET /default.php HTTP/1.1" 404 88984 "-" "Mozilla/5.0 (Windows NT 10.0; Win64; x64) AppleWebKit/537.36 (KHTML, like Gecko) Chrome/69.0.3497.100 Safari/537.36"
185.192.71.150 - - [27/Feb/2026:00:16:03 -0500] "GET /wp-includes/assets/info.php HTTP/1.1" 404 88984 "-" "Mozilla/5.0 (Windows NT 10.0; Win64; x64) AppleWebKit/537.36 (KHTML, like Gecko) Chrome/80.0.3987.149 Safari/537.36"
185.192.71.150 - - [27/Feb/2026:00:16:09 -0500] "GET /wp-admin/chosen.php HTTP/1.1" 404 88984 "-" "Mozilla/5.0 (Windows NT 10.0; Win64; x64; rv:75.0) Gecko/20100101 Firefox/75.0"
185.192.71.150 - - [27/Feb/2026:00:16:10 -0500] "GET /autoload_classmap/bypass.php HTTP/1.1" 404 88984 "-" "Mozilla/5.0 (Windows NT 10.0; WOW64) AppleWebKit/537.36 (KHTML, like Gecko) Chrome/72.0.3626.121 Safari/537.36"
185.192.71.150 - - [27/Feb/2026:00:16:12 -0500] "GET /dropdown.php HTTP/1.1" 404 88984 "-" "Mozilla/5.0 (Macintosh; Intel Mac OS X 10_15_6) AppleWebKit/537.36 (KHTML, like Gecko) Chrome/84.0.4147.105 Safari/537.36 OPR/70.0.3728.95"
185.192.71.150 - - [27/Feb/2026:00:16:19 -0500] "GET /.well-known/pki-validation/mariju.php HTTP/1.1" 404 1251 "-" "Mozilla/5.0 (Windows NT 10.0; Win64; x64) AppleWebKit/537.36 (KHTML, like Gecko) Chrome/79.0.3945.79 Safari/537.36"
162.213.253.84 - - [27/Feb/2026:00:16:22 -0500] "POST /wp-cron.php?doing_wp_cron=1772169382.6723389625549316406250 HTTP/1.1" 200 0 "-" "WordPress/6.8.1; http://www.middleeastoday.com"
162.213.253.84 - - [27/Feb/2026:00:16:23 -0500] "POST /wp-admin/admin-ajax.php?action=async_litespeed&nonce=NtJquWXg7X0qXd6ApY7oChJbfIGKpOut&litespeed_type=imgoptm HTTP/1.1" 200 0 "-" "WordPress/6.8.1; http://www.middleeastoday.com"
162.213.253.84 - - [27/Feb/2026:00:16:26 -0500] "POST /wp-cron.php?doing_wp_cron=1772169386.3176128864288330078125 HTTP/1.1" 200 0 "-" "WordPress/6.8.1; http://www.middleeastoday.com"
185.192.71.150 - - [27/Feb/2026:00:16:27 -0500] "GET /wp-admin/function.php HTTP/1.1" 404 88984 "-" "Mozilla/5.0 (Windows NT 10.0; Win64; x64; rv:67.0) Gecko/20100101 Firefox/67.0"
185.192.71.150 - - [27/Feb/2026:00:15:48 -0500] "GET /wp-admin/images/admin.php HTTP/1.1" 404 88984 "-" "Mozilla/5.0 (Windows NT 10.0; Win64; x64) AppleWebKit/537.36 (KHTML, like Gecko) Chrome/79.0.3945.79 Safari/537.36"
185.192.71.150 - - [27/Feb/2026:00:15:50 -0500] "GET /wp-includes/theme-compat/about.php HTTP/1.1" 404 88984 "-" "Mozilla/5.0 (Windows NT 10.0; Win64; x64) AppleWebKit/537.36 (KHTML, like Gecko) Chrome/58.0.3029.110 Safari/537.3"
185.192.71.150 - - [27/Feb/2026:00:15:55 -0500] "GET /wp-includes/ID3/about.php/wp-content/x/index.php HTTP/1.1" 301 0 "-" "Mozilla/5.0 (X11; Linux x86_64) AppleWebKit/537.36 (KHTML, like Gecko) Chrome/84.0.4147.105 Safari/537.36"
185.192.71.150 - - [27/Feb/2026:00:15:58 -0500] "GET /wp-content/languages/404.php HTTP/1.1" 404 88984 "-" "Mozilla/5.0 (Windows NT 10.0; Win64; x64; rv:72.0) Gecko/20100101 Firefox/72.0"
185.192.71.150 - - [27/Feb/2026:00:16:05 -0500] "GET /wp-includes/class.api.php HTTP/1.1" 404 88984 "-" "Mozilla/5.0 (Windows NT 6.1; Win64; x64) AppleWebKit/537.36 (KHTML, like Gecko) Chrome/80.0.3987.149 Safari/537.36"
185.192.71.150 - - [27/Feb/2026:00:16:08 -0500] "GET /wp-includes/fonts/index.php HTTP/1.1" 301 0 "-" "Mozilla/5.0 (Windows NT 10.0; Win64; x64; rv:76.0) Gecko/20100101 Firefox/76.0"
185.192.71.150 - - [27/Feb/2026:00:16:15 -0500] "GET /images/admin.php HTTP/1.1" 404 88984 "-" "Mozilla/5.0 (Windows NT 10.0; Win64; x64) AppleWebKit/537.36 (KHTML, like Gecko) Chrome/69.0.3497.100 Safari/537.36"
185.192.71.150 - - [27/Feb/2026:00:16:17 -0500] "GET /db.php HTTP/1.1" 404 88984 "-" "Mozilla/5.0 (Windows NT 6.1; Win64; x64) AppleWebKit/537.36 (KHTML, like Gecko) Chrome/80.0.3987.149 Safari/537.36"
185.192.71.150 - - [27/Feb/2026:00:16:20 -0500] "GET /mah/function.php HTTP/1.1" 404 88984 "-" "Mozilla/5.0 (Windows NT 10.0; Win64; x64) AppleWebKit/537.36 (KHTML, like Gecko) Chrome/83.0.4103.97 Safari/537.36"
185.192.71.150 - - [27/Feb/2026:00:16:22 -0500] "GET /wp-content/plugins/bypass.php HTTP/1.1" 404 88984 "-" "Mozilla/5.0 (Windows NT 6.1; Win64; x64) AppleWebKit/537.36 (KHTML, like Gecko) Chrome/80.0.3987.149 Safari/537.36"
185.192.71.150 - - [27/Feb/2026:00:16:23 -0500] "GET /wp-includes/admin.php HTTP/1.1" 404 88984 "-" "Mozilla/5.0 (Windows NT 10.0; Win64; x64; rv:67.0) Gecko/20100101 Firefox/67.0"
185.192.71.150 - - [27/Feb/2026:00:16:25 -0500] "GET /wp-content/themes/tflow/up.php HTTP/1.1" 404 88984 "-" "Mozilla/5.0 (Windows NT 10.0; Win64; x64) AppleWebKit/537.36 (KHTML, like Gecko) Chrome/83.0.4103.61 Safari/537.36"
52.3.127.170 - - [27/Feb/2026:00:16:29 -0500] "GET /wp-json/wp/v2/categories/47 HTTP/1.1" 200 649 "-" "Mozilla/5.0 AppleWebKit/537.36 (KHTML, like Gecko; compatible; Amazonbot/0.1; +https://developer.amazon.com/support/amazonbot) Chrome/119.0.6045.214 Safari/537.36"
185.192.71.150 - - [27/Feb/2026:00:16:29 -0500] "GET /templates/beez3/index.php HTTP/1.1" 301 0 "-" "Mozilla/5.0 (Windows NT 10.0; Win64; x64; rv:76.0) Gecko/20100101 Firefox/76.0"
185.192.71.150 - - [27/Feb/2026:00:16:30 -0500] "GET /wp-admin/js/wp-login.php HTTP/1.1" 404 88984 "-" "Mozilla/5.0 (X11; Ubuntu; Linux i686; rv:79.0) Gecko/20100101 Firefox/79.0"
185.192.71.150 - - [27/Feb/2026:00:16:34 -0500] "GET /install.php HTTP/1.1" 404 88984 "-" "Mozilla/5.0 (Linux x86_64; rv:79.0) Gecko/20100101 Firefox/79.0"
113.167.136.238 - - [27/Feb/2026:00:16:35 -0500] "GET http://www.middleeastoday.com/adnoc-gas-sees-potential-to-advance-ruwais-lng-commercial-start/ HTTP/1.1" 200 24525 "-" "Mozilla/5.0 (Windows NT 10.0; WOW64) AppleWebKit/537.36 (KHTML, like Gecko) Chrome/63.0.3239.132 AOL/11.0 AOLBUILD/11.0.1839 Safari/537.36"
185.192.71.150 - - [27/Feb/2026:00:16:37 -0500] "GET /images/class-config.php HTTP/1.1" 404 88984 "-" "Mozilla/5.0 (Windows NT 10.0; Win64; x64; rv:74.0) Gecko/20100101 Firefox/74.0"
185.192.71.150 - - [27/Feb/2026:00:16:39 -0500] "GET /components/com_jea/views/form/tmpl/size.php HTTP/1.1" 404 88984 "-" "Mozilla/5.0 (Windows NT 10.0; Win64; x64; rv:73.0) Gecko/20100101 Firefox/73.0"
185.192.71.150 - - [27/Feb/2026:00:16:42 -0500] "GET /bypass.php HTTP/1.1" 404 88984 "-" "Mozilla/5.0 (Windows NT 10.0; Win64; x64; rv:71.0) Gecko/20100101 Firefox/71.0"
185.192.71.150 - - [27/Feb/2026:00:16:44 -0500] "GET /class.php HTTP/1.1" 404 88984 "-" "Mozilla/5.0 (Windows NT 10.0; Win64; x64) AppleWebKit/537.36 (KHTML, like Gecko) Chrome/75.0.3770.100 Safari/537.36"
52.203.68.145 - - [27/Feb/2026:00:16:45 -0500] "GET /wp-json/oembed/1.0/embed?format=xml&url=http://www.middleeastoday.com/adnoc-ls-acquires-3-additional-new-build-lng-vessels/ HTTP/1.1" 200 1258 "-" "Mozilla/5.0 AppleWebKit/537.36 (KHTML, like Gecko; compatible; Amazonbot/0.1; +https://developer.amazon.com/support/amazonbot) Chrome/119.0.6045.214 Safari/537.36"
185.192.71.150 - - [27/Feb/2026:00:16:46 -0500] "GET /wp-admin/css/colors/light/profile.php HTTP/1.1" 404 88984 "-" "Mozilla/5.0 (Macintosh; Intel Mac OS X 10_15_6) AppleWebKit/537.36 (KHTML, like Gecko) Chrome/84.0.4147.125 Safari/537.36"
185.192.71.150 - - [27/Feb/2026:00:16:50 -0500] "GET /wp-content/uploads/autoload_classmap.php HTTP/1.1" 404 88984 "-" "Mozilla/5.0 (Windows NT 10.0; Win64; x64) AppleWebKit/537.36 (KHTML, like Gecko) Chrome/83.0.4103.61 Safari/537.36"
185.192.71.150 - - [27/Feb/2026:00:16:57 -0500] "GET /init.php HTTP/1.1" 404 88984 "-" "Mozilla/5.0 (Windows NT 10.0; Win64; x64) AppleWebKit/537.36 (KHTML, like Gecko) Chrome/75.0.3770.100 Safari/537.36"
185.192.71.150 - - [27/Feb/2026:00:16:59 -0500] "GET /wp-admin/user/wp-login.php HTTP/1.1" 404 88984 "-" "Mozilla/5.0 (Windows NT 10.0) AppleWebKit/537.36 (KHTML, like Gecko) Chrome/72.0.3626.121 Safari/537.36"
185.192.71.150 - - [27/Feb/2026:00:17:00 -0500] "GET /autoload_classmap/function.php HTTP/1.1" 404 88984 "-" "Mozilla/5.0 (Windows NT 10.0; WOW64) AppleWebKit/537.36 (KHTML, like Gecko) Chrome/84.0.4147.105 Safari/537.36"
185.192.71.150 - - [27/Feb/2026:00:17:05 -0500] "GET /.well-known/pki-validation/index.php HTTP/1.1" 404 1251 "-" "Mozilla/5.0 (X11; Linux i686; rv:79.0) Gecko/20100101 Firefox/79.0"
185.192.71.150 - - [27/Feb/2026:00:17:05 -0500] "GET /wp-content/uploads/admin.php HTTP/1.1" 404 88984 "-" "Mozilla/5.0 (X11; Ubuntu; Linux x86_64; rv:79.0) Gecko/20100101 Firefox/79.0"
185.192.71.150 - - [27/Feb/2026:00:17:07 -0500] "GET /css/admin.php HTTP/1.1" 404 88984 "-" "Mozilla/5.0 (Windows NT 10.0; Win64; x64) AppleWebKit/537.36 (KHTML, like Gecko) Chrome/80.0.3987.149 Safari/537.36"
44.195.145.102 - - [27/Feb/2026:00:17:09 -0500] "GET /wp-json/oembed/1.0/embed?format=xml&url=http://www.middleeastoday.com/uae-president-greek-pm-review-consolidating-their-strategic-partnership/ HTTP/1.1" 200 1280 "-" "Mozilla/5.0 AppleWebKit/537.36 (KHTML, like Gecko; compatible; Amazonbot/0.1; +https://developer.amazon.com/support/amazonbot) Chrome/119.0.6045.214 Safari/537.36"
185.192.71.150 - - [27/Feb/2026:00:17:09 -0500] "GET /adminfuns.php HTTP/1.1" 404 88984 "-" "Mozilla/5.0 (Macintosh; Intel Mac OS X 10_15_6) AppleWebKit/537.36 (KHTML, like Gecko) Chrome/84.0.4147.105 Safari/537.36 OPR/70.0.3728.95"
34.199.252.22 - - [27/Feb/2026:00:16:33 -0500] "GET /wp-json/oembed/1.0/embed?format=xml&url=http://www.middleeastoday.com/dubai-to-host-relocated-ifos-congress-in-2023/ HTTP/1.1" 200 1251 "-" "Mozilla/5.0 AppleWebKit/537.36 (KHTML, like Gecko; compatible; Amazonbot/0.1; +https://developer.amazon.com/support/amazonbot) Chrome/119.0.6045.214 Safari/537.36"
185.192.71.150 - - [27/Feb/2026:00:16:35 -0500] "GET /wp-admin/css/colors/blue/rk2.php HTTP/1.1" 404 88984 "-" "Mozilla/5.0 (Windows NT 10.0; Win64; x64) AppleWebKit/537.36 (KHTML, like Gecko) Chrome/58.0.3029.110 Safari/537.3"
54.85.126.86 - - [27/Feb/2026:00:16:41 -0500] "GET /wp-json/wp/v2/posts/8963 HTTP/1.1" 200 6753 "-" "Mozilla/5.0 AppleWebKit/537.36 (KHTML, like Gecko; compatible; Amazonbot/0.1; +https://developer.amazon.com/support/amazonbot) Chrome/119.0.6045.214 Safari/537.36"
185.192.71.150 - - [27/Feb/2026:00:16:40 -0500] "GET /templates/beez/index.php HTTP/1.1" 301 0 "-" "Mozilla/5.0 (Windows NT 10.0; Win64; x64) AppleWebKit/537.36 (KHTML, like Gecko) Chrome/58.0.3029.110 Safari/537.3"
185.192.71.150 - - [27/Feb/2026:00:16:48 -0500] "GET /wp-content/product.php HTTP/1.1" 404 88984 "-" "Mozilla/5.0 (Windows NT 10.0; Win64; x64) AppleWebKit/537.36 (KHTML, like Gecko) Chrome/83.0.4103.97 Safari/537.36"
34.195.248.30 - - [27/Feb/2026:00:16:49 -0500] "GET /wp-json/oembed/1.0/embed?url=http://www.middleeastoday.com/dubai-hosts-women-in-tech-global-awards-at-museum-of-the-future/ HTTP/1.1" 200 2591 "-" "Mozilla/5.0 AppleWebKit/537.36 (KHTML, like Gecko; compatible; Amazonbot/0.1; +https://developer.amazon.com/support/amazonbot) Chrome/119.0.6045.214 Safari/537.36"
185.192.71.150 - - [27/Feb/2026:00:16:51 -0500] "GET /vendor/phpunit/phpunit/src/Util/PHP/ask.php HTTP/1.1" 404 88984 "-" "Mozilla/5.0 (Windows NT 10.0; WOW64; x64) AppleWebKit/537.36 (KHTML, like Gecko) Chrome/84.0.4147.105 Safari/537.36 OPR/70.0.3728.95"
185.192.71.150 - - [27/Feb/2026:00:16:53 -0500] "GET /wp-includes/rest-api/about.php HTTP/1.1" 404 88984 "-" "Mozilla/5.0 (Windows NT 10.0; Win64; x64) AppleWebKit/537.36 (KHTML, like Gecko) Chrome/84.0.4147.105 Safari/537.36"
185.192.71.150 - - [27/Feb/2026:00:16:55 -0500] "GET /css/css.php HTTP/1.1" 404 88984 "-" "Mozilla/5.0 (Windows NT 10.0; Win64; x64) AppleWebKit/537.36 (KHTML, like Gecko) Chrome/58.0.3029.110 Safari/537.3"
52.3.127.170 - - [27/Feb/2026:00:16:57 -0500] "GET /wp-json/wp/v2/posts/10511 HTTP/1.1" 200 5022 "-" "Mozilla/5.0 AppleWebKit/537.36 (KHTML, like Gecko; compatible; Amazonbot/0.1; +https://developer.amazon.com/support/amazonbot) Chrome/119.0.6045.214 Safari/537.36"
185.192.71.150 - - [27/Feb/2026:00:17:02 -0500] "GET /wp-includes/item.php HTTP/1.1" 404 88984 "-" "Mozilla/5.0 (Windows NT 10.0; WOW64; Trident/7.0; .NET4.0C; .NET4.0E; .NET CLR 2.0.50727; .NET CLR 3.0.30729; .NET CLR 3.5.30729; rv:11.0) like Gecko"
185.192.71.150 - - [27/Feb/2026:00:17:04 -0500] "GET /assets/index.php HTTP/1.1" 301 0 "-" "Mozilla/5.0 (Windows NT 6.3; Win64; x64; rv:73.0) Gecko/20100101 Firefox/73.0"
