162.213.253.84 - - [26/Feb/2026:08:57:47 -0500] "POST /wp-cron.php?doing_wp_cron=1772114267.4349670410156250000000 HTTP/1.1" 200 0 "-" "WordPress/6.8.1; http://www.middleeastoday.com"
54.39.6.146 - - [26/Feb/2026:08:57:46 -0500] "GET /author/admin/page/99/ HTTP/1.1" 200 21393 "-" "Mozilla/5.0 (compatible; AhrefsBot/7.0; +http://ahrefs.com/robot/)"
46.224.46.48 - - [26/Feb/2026:08:57:50 -0500] "GET /wp-content/uploads/2022/05/POOL_PARTY_FRI_14_JUN_HI_RES-00065-scaled-850x560.jpg HTTP/1.1" 200 77358 "-" "GuzzleHttp/7"
15.235.27.109 - - [26/Feb/2026:08:59:08 -0500] "GET /cabinet-approves-housing-loans-budget-of-aed-12-billion-for-sheikh-zayed-housing-programme/ HTTP/1.1" 200 22742 "-" "Mozilla/5.0 (compatible; AhrefsBot/7.0; +http://ahrefs.com/robot/)"
162.213.253.84 - - [26/Feb/2026:09:04:01 -0500] "POST /wp-cron.php?doing_wp_cron=1772114641.9234271049499511718750 HTTP/1.1" 200 0 "-" "WordPress/6.8.1; http://www.middleeastoday.com"
162.213.253.84 - - [26/Feb/2026:09:05:30 -0500] "POST /wp-cron.php?doing_wp_cron=1772114730.8322889804840087890625 HTTP/1.1" 200 0 "-" "WordPress/6.8.1; http://www.middleeastoday.com"
142.44.233.164 - - [26/Feb/2026:09:05:30 -0500] "GET /global-council-for-tolerance-and-peace-calls-on-international-community-to-put-stop-to-houthi-militia/ HTTP/1.1" 200 20422 "-" "Mozilla/5.0 (compatible; AhrefsBot/7.0; +http://ahrefs.com/robot/)"
162.213.253.84 - - [26/Feb/2026:09:05:31 -0500] "POST /wp-admin/admin-ajax.php?action=async_litespeed&nonce=nQex6MQL9eOGTsUL9oV3nMmHp4xXqlGt&litespeed_type=imgoptm HTTP/1.1" 200 21 "-" "WordPress/6.8.1; http://www.middleeastoday.com"
142.44.220.27 - - [26/Feb/2026:09:06:54 -0500] "GET /uae-leaders-congratulate-us-president-on-independence-day/ HTTP/1.1" 200 19992 "-" "Mozilla/5.0 (compatible; AhrefsBot/7.0; +http://ahrefs.com/robot/)"
14.161.97.52 - - [26/Feb/2026:09:07:24 -0500] "GET http://www.middleeastoday.com/10238-2/ HTTP/1.1" 200 28402 "-" "Mozilla/5.0 (Macintosh; Intel Mac OS X 10_15_3) AppleWebKit/537.36 (KHTML, like Gecko) Chrome/85.0.4183.83 Safari/537.36"
162.213.253.84 - - [26/Feb/2026:09:07:25 -0500] "POST /wp-admin/admin-ajax.php?action=async_litespeed&nonce=0iz5H9a7GOfhdmPAN714qBIKgsEZ3bIf&litespeed_type=imgoptm HTTP/1.1" 200 21 "-" "WordPress/6.8.1; http://www.middleeastoday.com"
91.107.198.222 - - [26/Feb/2026:09:11:41 -0500] "GET /wp-content/uploads/2022/01/Zayed-Sustainability-Prize-850x560.jpg HTTP/1.1" 200 56060 "-" "GuzzleHttp/7"
114.119.130.67 - - [26/Feb/2026:09:14:46 -0500] "GET /uae-russian-presidents-hold-talks-in-moscow-to-strengthen-strategic-partnership/ HTTP/1.1" 200 24302 "http://www.middleeastoday.com/vasu-jit-kalia-honored-with-the-title-of-celebrity-media-strategist-at-the-prestigious-global-leadership-awards-and-business-summit" "Mozilla/5.0 (Linux; Android 7.0;) AppleWebKit/537.36 (KHTML, like Gecko) Mobile Safari/537.36 (compatible; PetalBot;+https://webmaster.petalsearch.com/site/petalbot)"
77.75.78.166 - - [26/Feb/2026:09:14:49 -0500] "GET /mohammed-bin-rashid-issues-decree-forming-supreme-committee-to-supervise-expo-2020-dubai-district/ HTTP/1.1" 200 23980 "-" "Mozilla/5.0 (compatible; SeznamBot/4.0; +https://o-seznam.cz/napoveda/vyhledavani/en/seznambot-crawler/)"
52.73.6.26 - - [26/Feb/2026:09:14:55 -0500] "GET /wp-json/oembed/1.0/embed?url=http://www.middleeastoday.com/maryne-cotty-eslous-a-trailblazer-in-digital-health-innovation-attend-arab-health-2025/ HTTP/1.1" 200 2689 "-" "Mozilla/5.0 AppleWebKit/537.36 (KHTML, like Gecko; compatible; Amazonbot/0.1; +https://developer.amazon.com/support/amazonbot) Chrome/119.0.6045.214 Safari/537.36"
54.90.8.255 - - [26/Feb/2026:09:15:03 -0500] "GET /wp-json/wp/v2/posts/10124 HTTP/1.1" 200 9028 "-" "Mozilla/5.0 AppleWebKit/537.36 (KHTML, like Gecko; compatible; Amazonbot/0.1; +https://developer.amazon.com/support/amazonbot) Chrome/119.0.6045.214 Safari/537.36"
142.44.228.22 - - [26/Feb/2026:09:16:49 -0500] "GET /al-bowardi-visits-pavilions-of-japan-china-syria-at-expo-2020-dubai/ HTTP/1.1" 200 20195 "-" "Mozilla/5.0 (compatible; AhrefsBot/7.0; +http://ahrefs.com/robot/)"
14.243.52.69 - - [26/Feb/2026:09:02:00 -0500] "GET http://www.middleeastoday.com/category/exhibitions/ HTTP/1.1" 200 24406 "-" "Mozilla/5.0 (Windows NT 10.0; Win64; x64) AppleWebKit/537.36 (KHTML, like Gecko) Chrome/92.0.4515.159 Safari/537.36"
51.161.37.143 - - [26/Feb/2026:09:04:01 -0500] "GET /hamdan-bin-mohammed-arrives-in-new-delhi-on-official-visit-to-india/ HTTP/1.1" 200 20245 "-" "Mozilla/5.0 (compatible; AhrefsBot/7.0; +http://ahrefs.com/robot/)"
113.164.220.184 - - [26/Feb/2026:09:05:14 -0500] "GET http://www.middleeastoday.com/category/national-news/page/5/ HTTP/1.1" 200 24063 "-" "Mozilla/5.0 (Windows NT 10.0; Win64; x64) AppleWebKit/537.36 (KHTML, like Gecko) Chrome/86.0.4240.75 Safari/537.36"
162.213.253.84 - - [26/Feb/2026:09:07:24 -0500] "POST /wp-cron.php?doing_wp_cron=1772114844.9493350982666015625000 HTTP/1.1" 200 0 "-" "WordPress/6.8.1; http://www.middleeastoday.com"
54.39.6.108 - - [26/Feb/2026:09:09:53 -0500] "GET /abu-dhabi-chamber-discusses-cementing-cooperation-with-philippine-business-council/ HTTP/1.1" 200 20789 "-" "Mozilla/5.0 (compatible; AhrefsBot/7.0; +http://ahrefs.com/robot/)"
91.107.198.222 - - [26/Feb/2026:09:11:41 -0500] "GET /wp-content/uploads/2022/01/Dubai-Health-Authority-scaled-1-850x560.jpg HTTP/1.1" 200 76831 "-" "GuzzleHttp/7"
15.235.96.126 - - [26/Feb/2026:09:13:16 -0500] "GET /saudi-arabia-celebrates-founding-day-at-expo-2020-dubai/ HTTP/1.1" 200 20211 "-" "Mozilla/5.0 (compatible; AhrefsBot/7.0; +http://ahrefs.com/robot/)"
15.235.27.93 - - [26/Feb/2026:09:14:31 -0500] "GET /dubai-records-aed12-9-bn-in-weeklong-real-estate-transactions/ HTTP/1.1" 200 20270 "-" "Mozilla/5.0 (compatible; AhrefsBot/7.0; +http://ahrefs.com/robot/)"
98.83.178.66 - - [26/Feb/2026:09:14:51 -0500] "GET /wp-json/oembed/1.0/embed?url=http://www.middleeastoday.com/uae-president-vp-preside-over-swearing-in-of-newly-appointed-ministers-of-state/ HTTP/1.1" 200 2663 "-" "Mozilla/5.0 AppleWebKit/537.36 (KHTML, like Gecko; compatible; Amazonbot/0.1; +https://developer.amazon.com/support/amazonbot) Chrome/119.0.6045.214 Safari/537.36"
3.93.253.174 - - [26/Feb/2026:09:15:07 -0500] "GET /wp-json/oembed/1.0/embed?url=http://www.middleeastoday.com/wetex-and-dss-2022-to-offer-field-visits-to-key-dubai-based-sustainability-projects/ HTTP/1.1" 200 2674 "-" "Mozilla/5.0 AppleWebKit/537.36 (KHTML, like Gecko; compatible; Amazonbot/0.1; +https://developer.amazon.com/support/amazonbot) Chrome/119.0.6045.214 Safari/537.36"
142.44.220.45 - - [26/Feb/2026:09:15:37 -0500] "GET /who-releases-new-standard-to-tackle-rising-threat-of-hearing-loss/ HTTP/1.1" 200 21655 "-" "Mozilla/5.0 (compatible; AhrefsBot/7.0; +http://ahrefs.com/robot/)"
114.119.132.207 - - [26/Feb/2026:09:16:08 -0500] "GET /purehealth-proposes-aed343-million-dividend-following-strong-first-year-post-listing/ HTTP/1.1" 200 22994 "http://www.middleeastoday.com/uae-intends-to-join-world-boxing/" "Mozilla/5.0 (Linux; Android 7.0;) AppleWebKit/537.36 (KHTML, like Gecko) Mobile Safari/537.36 (compatible; PetalBot;+https://webmaster.petalsearch.com/site/petalbot)"
162.213.253.84 - - [26/Feb/2026:09:16:49 -0500] "POST /wp-cron.php?doing_wp_cron=1772115409.6304550170898437500000 HTTP/1.1" 200 0 "-" "WordPress/6.8.1; http://www.middleeastoday.com"
114.119.137.98 - - [26/Feb/2026:09:17:37 -0500] "GET /gold-tops-us5000-per-ounce-first-time-ever/ HTTP/1.1" 200 22399 "http://www.middleeastoday.com/vasu-jit-kalia-honored-with-the-title-of-celebrity-media-strategist-at-the-prestigious-global-leadership-awards-and-business-summit" "Mozilla/5.0 (Linux; Android 7.0;) AppleWebKit/537.36 (KHTML, like Gecko) Mobile Safari/537.36 (compatible; PetalBot;+https://webmaster.petalsearch.com/site/petalbot)"
162.213.253.84 - - [26/Feb/2026:09:18:00 -0500] "POST /wp-cron.php?doing_wp_cron=1772115480.2844769954681396484375 HTTP/1.1" 200 0 "-" "WordPress/6.8.1; http://www.middleeastoday.com"
162.213.253.84 - - [26/Feb/2026:09:18:00 -0500] "POST /wp-admin/admin-ajax.php?action=async_litespeed&nonce=3aFnBiux3uPS34Lz4hGVCjolQWrQwkQk&litespeed_type=imgoptm HTTP/1.1" 200 21 "-" "WordPress/6.8.1; http://www.middleeastoday.com"
85.208.96.206 - - [26/Feb/2026:09:18:53 -0500] "GET /abdullah-bin-zayed-and-deputy-prime-minister-of-albania-discuss-prospects-for-bilateral-cooperation/ HTTP/1.1" 200 24521 "-" "Mozilla/5.0 (compatible; SemrushBot/7~bl; +http://www.semrush.com/bot.html)"
69.160.160.60 - - [26/Feb/2026:09:18:54 -0500] "GET / HTTP/1.1" 301 0 "http://middleeastoday.com" "Mozilla/5.0 AppleWebKit/537.36 (KHTML, like Gecko; compatible; Nicecrawler/1.1; +http://www.nicecrawler.com/) Chrome/90.0.4430.97 Safari/537.36"
69.160.160.60 - - [26/Feb/2026:09:18:55 -0500] "GET /wp-content/themes/digiqole/assets/css/all.css?ver=2.1.1 HTTP/1.1" 200 9707 "http://www.middleeastoday.com/" "Mozilla/5.0 (X11; Linux x86_64) AppleWebKit/537.36 (KHTML, like Gecko) HeadlessChrome/92.0.4515.107 Safari/537.36"
69.160.160.60 - - [26/Feb/2026:09:18:55 -0500] "GET /wp-content/plugins/contact-form-7/includes/css/styles.css?ver=6.0.6 HTTP/1.1" 200 1090 "http://www.middleeastoday.com/" "Mozilla/5.0 (X11; Linux x86_64) AppleWebKit/537.36 (KHTML, like Gecko) HeadlessChrome/92.0.4515.107 Safari/537.36"
69.160.160.60 - - [26/Feb/2026:09:18:55 -0500] "GET /wp-content/plugins/elementor-1/assets/css/frontend-lite.min.css?ver=3.21.1 HTTP/1.1" 200 17450 "http://www.middleeastoday.com/" "Mozilla/5.0 (X11; Linux x86_64) AppleWebKit/537.36 (KHTML, like Gecko) HeadlessChrome/92.0.4515.107 Safari/537.36"
69.160.160.60 - - [26/Feb/2026:09:18:55 -0500] "GET /wp-content/plugins/accesspress-social-counter/css/frontend.css?ver=1.9.2 HTTP/1.1" 200 2989 "http://www.middleeastoday.com/" "Mozilla/5.0 (X11; Linux x86_64) AppleWebKit/537.36 (KHTML, like Gecko) HeadlessChrome/92.0.4515.107 Safari/537.36"
69.160.160.60 - - [26/Feb/2026:09:18:55 -0500] "GET /wp-content/plugins/elementor-1/assets/lib/eicons/css/elementor-icons.min.css?ver=5.29.0 HTTP/1.1" 200 4336 "http://www.middleeastoday.com/" "Mozilla/5.0 (X11; Linux x86_64) AppleWebKit/537.36 (KHTML, like Gecko) HeadlessChrome/92.0.4515.107 Safari/537.36"
69.160.160.60 - - [26/Feb/2026:09:18:56 -0500] "GET /wp-content/uploads/elementor/css/post-2526.css?ver=1751111835 HTTP/1.1" 200 3262 "http://www.middleeastoday.com/" "Mozilla/5.0 (X11; Linux x86_64) AppleWebKit/537.36 (KHTML, like Gecko) HeadlessChrome/92.0.4515.107 Safari/537.36"
69.160.160.60 - - [26/Feb/2026:09:18:56 -0500] "GET /wp-content/uploads/elementor/css/post-9.css?ver=1747657839 HTTP/1.1" 200 408 "http://www.middleeastoday.com/" "Mozilla/5.0 (X11; Linux x86_64) AppleWebKit/537.36 (KHTML, like Gecko) HeadlessChrome/92.0.4515.107 Safari/537.36"
69.160.160.60 - - [26/Feb/2026:09:18:56 -0500] "GET /wp-content/themes/digiqole/assets/css/master.css?ver=2.1.1 HTTP/1.1" 200 63912 "http://www.middleeastoday.com/" "Mozilla/5.0 (X11; Linux x86_64) AppleWebKit/537.36 (KHTML, like Gecko) HeadlessChrome/92.0.4515.107 Safari/537.36"
69.160.160.60 - - [26/Feb/2026:09:18:56 -0500] "GET /wp-content/plugins/elementskit-lite/widgets/init/assets/css/responsive.css?ver=3.5.0 HTTP/1.1" 200 3995 "http://www.middleeastoday.com/" "Mozilla/5.0 (X11; Linux x86_64) AppleWebKit/537.36 (KHTML, like Gecko) HeadlessChrome/92.0.4515.107 Safari/537.36"
15.235.27.6 - - [26/Feb/2026:09:17:59 -0500] "GET /air-arabia-abu-dhabi-adds-kuwait-to-its-network/ HTTP/1.1" 200 20303 "-" "Mozilla/5.0 (compatible; AhrefsBot/7.0; +http://ahrefs.com/robot/)"
69.160.160.60 - - [26/Feb/2026:09:18:54 -0500] "GET / HTTP/1.1" 200 38563 "http://middleeastoday.com" "Mozilla/5.0 AppleWebKit/537.36 (KHTML, like Gecko; compatible; Nicecrawler/1.1; +http://www.nicecrawler.com/) Chrome/90.0.4430.97 Safari/537.36"
69.160.160.60 - - [26/Feb/2026:09:18:55 -0500] "GET / HTTP/1.1" 301 0 "-" "Mozilla/5.0 (X11; Linux x86_64) AppleWebKit/537.36 (KHTML, like Gecko) HeadlessChrome/92.0.4515.107 Safari/537.36"
69.160.160.60 - - [26/Feb/2026:09:18:55 -0500] "GET / HTTP/1.1" 200 38598 "-" "Mozilla/5.0 (X11; Linux x86_64) AppleWebKit/537.36 (KHTML, like Gecko) HeadlessChrome/92.0.4515.107 Safari/537.36"
69.160.160.60 - - [26/Feb/2026:09:18:55 -0500] "GET /wp-content/uploads/elementor/css/post-3932.css?ver=1762520240 HTTP/1.1" 200 1410 "http://www.middleeastoday.com/" "Mozilla/5.0 (X11; Linux x86_64) AppleWebKit/537.36 (KHTML, like Gecko) HeadlessChrome/92.0.4515.107 Safari/537.36"
69.160.160.60 - - [26/Feb/2026:09:18:55 -0500] "GET /wp-content/plugins/accesspress-social-counter/css/fontawesome-all.css?ver=1.9.2 HTTP/1.1" 200 9412 "http://www.middleeastoday.com/" "Mozilla/5.0 (X11; Linux x86_64) AppleWebKit/537.36 (KHTML, like Gecko) HeadlessChrome/92.0.4515.107 Safari/537.36"
69.160.160.60 - - [26/Feb/2026:09:18:56 -0500] "GET /wp-content/plugins/elementor-1/assets/lib/swiper/v8/css/swiper.min.css?ver=8.4.5 HTTP/1.1" 200 5115 "http://www.middleeastoday.com/" "Mozilla/5.0 (X11; Linux x86_64) AppleWebKit/537.36 (KHTML, like Gecko) HeadlessChrome/92.0.4515.107 Safari/537.36"
69.160.160.60 - - [26/Feb/2026:09:18:56 -0500] "GET /wp-content/plugins/elementor-pro/assets/css/frontend-lite.min.css?ver=3.6.5 HTTP/1.1" 200 1905 "http://www.middleeastoday.com/" "Mozilla/5.0 (X11; Linux x86_64) AppleWebKit/537.36 (KHTML, like Gecko) HeadlessChrome/92.0.4515.107 Safari/537.36"
69.160.160.60 - - [26/Feb/2026:09:18:56 -0500] "GET /wp-content/uploads/elementor/css/global.css?ver=1747657840 HTTP/1.1" 200 4689 "http://www.middleeastoday.com/" "Mozilla/5.0 (X11; Linux x86_64) AppleWebKit/537.36 (KHTML, like Gecko) HeadlessChrome/92.0.4515.107 Safari/537.36"
69.160.160.60 - - [26/Feb/2026:09:18:56 -0500] "GET /wp-content/themes/digiqole/assets/css/bootstrap.min.css?ver=2.1.1 HTTP/1.1" 200 27427 "http://www.middleeastoday.com/" "Mozilla/5.0 (X11; Linux x86_64) AppleWebKit/537.36 (KHTML, like Gecko) HeadlessChrome/92.0.4515.107 Safari/537.36"
69.160.160.60 - - [26/Feb/2026:09:18:56 -0500] "GET /wp-content/themes/digiqole/assets/css/icon-font.css?ver=2.1.1 HTTP/1.1" 200 1258 "http://www.middleeastoday.com/" "Mozilla/5.0 (X11; Linux x86_64) AppleWebKit/537.36 (KHTML, like Gecko) HeadlessChrome/92.0.4515.107 Safari/537.36"
69.160.160.60 - - [26/Feb/2026:09:18:56 -0500] "GET /wp-content/plugins/elementor-1/assets/lib/font-awesome/css/solid.min.css?ver=5.15.3 HTTP/1.1" 200 315 "http://www.middleeastoday.com/" "Mozilla/5.0 (X11; Linux x86_64) AppleWebKit/537.36 (KHTML, like Gecko) HeadlessChrome/92.0.4515.107 Safari/537.36"
69.160.160.60 - - [26/Feb/2026:09:18:56 -0500] "GET /wp-content/plugins/elementor-1/assets/lib/font-awesome/css/brands.min.css?ver=5.15.3 HTTP/1.1" 200 316 "http://www.middleeastoday.com/" "Mozilla/5.0 (X11; Linux x86_64) AppleWebKit/537.36 (KHTML, like Gecko) HeadlessChrome/92.0.4515.107 Safari/537.36"
69.160.160.60 - - [26/Feb/2026:09:18:56 -0500] "GET /wp-includes/js/jquery/jquery.min.js?ver=3.7.1 HTTP/1.1" 200 34296 "http://www.middleeastoday.com/" "Mozilla/5.0 (X11; Linux x86_64) AppleWebKit/537.36 (KHTML, like Gecko) HeadlessChrome/92.0.4515.107 Safari/537.36"
69.160.160.60 - - [26/Feb/2026:09:18:56 -0500] "GET /wp-content/plugins/elementor-1/assets/lib/animations/animations.min.css?ver=3.21.1 HTTP/1.1" 200 3039 "http://www.middleeastoday.com/" "Mozilla/5.0 (X11; Linux x86_64) AppleWebKit/537.36 (KHTML, like Gecko) HeadlessChrome/92.0.4515.107 Safari/537.36"
69.160.160.60 - - [26/Feb/2026:09:18:56 -0500] "GET /wp-content/plugins/elementskit-lite/widgets/init/assets/css/widget-styles.css?ver=3.5.0 HTTP/1.1" 200 68861 "http://www.middleeastoday.com/" "Mozilla/5.0 (X11; Linux x86_64) AppleWebKit/537.36 (KHTML, like Gecko) HeadlessChrome/92.0.4515.107 Safari/537.36"
69.160.160.60 - - [26/Feb/2026:09:18:56 -0500] "GET /wp-content/plugins/elementor-1/assets/lib/font-awesome/css/fontawesome.min.css?ver=5.15.3 HTTP/1.1" 200 14069 "http://www.middleeastoday.com/" "Mozilla/5.0 (X11; Linux x86_64) AppleWebKit/537.36 (KHTML, like Gecko) HeadlessChrome/92.0.4515.107 Safari/537.36"
69.160.160.60 - - [26/Feb/2026:09:18:56 -0500] "GET /wp-content/plugins/elementskit-lite/modules/elementskit-icon-pack/assets/css/ekiticons.css?ver=3.5.0 HTTP/1.1" 200 15695 "http://www.middleeastoday.com/" "Mozilla/5.0 (X11; Linux x86_64) AppleWebKit/537.36 (KHTML, like Gecko) HeadlessChrome/92.0.4515.107 Safari/537.36"
69.160.160.60 - - [26/Feb/2026:09:18:56 -0500] "GET /wp-content/plugins/elementor-1/assets/css/widget-icon-list.min.css HTTP/1.1" 200 1223 "http://www.middleeastoday.com/" "Mozilla/5.0 (X11; Linux x86_64) AppleWebKit/537.36 (KHTML, like Gecko) HeadlessChrome/92.0.4515.107 Safari/537.36"
69.160.160.60 - - [26/Feb/2026:09:18:56 -0500] "GET /wp-includes/js/jquery/jquery-migrate.min.js?ver=3.4.1 HTTP/1.1" 200 5233 "http://www.middleeastoday.com/" "Mozilla/5.0 (X11; Linux x86_64) AppleWebKit/537.36 (KHTML, like Gecko) HeadlessChrome/92.0.4515.107 Safari/537.36"
69.160.160.60 - - [26/Feb/2026:09:18:56 -0500] "GET /wp-includes/js/dist/hooks.min.js?ver=4d63a3d491d11ffd8ac6 HTTP/1.1" 200 1736 "http://www.middleeastoday.com/" "Mozilla/5.0 (X11; Linux x86_64) AppleWebKit/537.36 (KHTML, like Gecko) HeadlessChrome/92.0.4515.107 Safari/537.36"
69.160.160.60 - - [26/Feb/2026:09:18:56 -0500] "GET /wp-includes/js/dist/i18n.min.js?ver=5e580eb46a90c2b997e6 HTTP/1.1" 200 3844 "http://www.middleeastoday.com/" "Mozilla/5.0 (X11; Linux x86_64) AppleWebKit/537.36 (KHTML, like Gecko) HeadlessChrome/92.0.4515.107 Safari/537.36"
69.160.160.60 - - [26/Feb/2026:09:18:56 -0500] "GET /wp-content/themes/digiqole/assets/js/swiper.min.js?ver=2.1.1 HTTP/1.1" 200 41888 "http://www.middleeastoday.com/" "Mozilla/5.0 (X11; Linux x86_64) AppleWebKit/537.36 (KHTML, like Gecko) HeadlessChrome/92.0.4515.107 Safari/537.36"
69.160.160.60 - - [26/Feb/2026:09:18:56 -0500] "GET /wp-content/plugins/contact-form-7/includes/swv/js/index.js?ver=6.0.6 HTTP/1.1" 200 3835 "http://www.middleeastoday.com/" "Mozilla/5.0 (X11; Linux x86_64) AppleWebKit/537.36 (KHTML, like Gecko) HeadlessChrome/92.0.4515.107 Safari/537.36"
69.160.160.60 - - [26/Feb/2026:09:18:56 -0500] "GET /wp-content/plugins/contact-form-7/includes/js/index.js?ver=6.0.6 HTTP/1.1" 200 4621 "http://www.middleeastoday.com/" "Mozilla/5.0 (X11; Linux x86_64) AppleWebKit/537.36 (KHTML, like Gecko) HeadlessChrome/92.0.4515.107 Safari/537.36"
69.160.160.60 - - [26/Feb/2026:09:18:56 -0500] "GET /wp-content/plugins/elementskit-lite/widgets/init/assets/js/widget-scripts.js?ver=3.5.0 HTTP/1.1" 200 48189 "http://www.middleeastoday.com/" "Mozilla/5.0 (X11; Linux x86_64) AppleWebKit/537.36 (KHTML, like Gecko) HeadlessChrome/92.0.4515.107 Safari/537.36"
69.160.160.60 - - [26/Feb/2026:09:18:56 -0500] "GET /wp-content/themes/digiqole/assets/js/script.js?ver=2.1.1 HTTP/1.1" 200 4382 "http://www.middleeastoday.com/" "Mozilla/5.0 (X11; Linux x86_64) AppleWebKit/537.36 (KHTML, like Gecko) HeadlessChrome/92.0.4515.107 Safari/537.36"
69.160.160.60 - - [26/Feb/2026:09:18:56 -0500] "GET /wp-content/plugins/elementor-pro/assets/js/webpack-pro.runtime.min.js?ver=3.6.5 HTTP/1.1" 200 2398 "http://www.middleeastoday.com/" "Mozilla/5.0 (X11; Linux x86_64) AppleWebKit/537.36 (KHTML, like Gecko) HeadlessChrome/92.0.4515.107 Safari/537.36"
69.160.160.60 - - [26/Feb/2026:09:18:56 -0500] "GET /wp-content/plugins/elementskit-lite/libs/framework/assets/js/frontend-script.js?ver=3.5.0 HTTP/1.1" 200 40 "http://www.middleeastoday.com/" "Mozilla/5.0 (X11; Linux x86_64) AppleWebKit/537.36 (KHTML, like Gecko) HeadlessChrome/92.0.4515.107 Safari/537.36"
69.160.160.60 - - [26/Feb/2026:09:18:56 -0500] "GET /wp-content/themes/digiqole/assets/js/bootstrap.min.js?ver=2.1.1 HTTP/1.1" 200 15451 "http://www.middleeastoday.com/" "Mozilla/5.0 (X11; Linux x86_64) AppleWebKit/537.36 (KHTML, like Gecko) HeadlessChrome/92.0.4515.107 Safari/537.36"
69.160.160.60 - - [26/Feb/2026:09:18:56 -0500] "GET /wp-content/plugins/elementor-pro/assets/lib/smartmenus/jquery.smartmenus.min.js?ver=1.0.1 HTTP/1.1" 200 8310 "http://www.middleeastoday.com/" "Mozilla/5.0 (X11; Linux x86_64) AppleWebKit/537.36 (KHTML, like Gecko) HeadlessChrome/92.0.4515.107 Safari/537.36"
69.160.160.60 - - [26/Feb/2026:09:18:56 -0500] "GET /wp-includes/js/jquery/ui/core.min.js?ver=1.13.3 HTTP/1.1" 200 7751 "http://www.middleeastoday.com/" "Mozilla/5.0 (X11; Linux x86_64) AppleWebKit/537.36 (KHTML, like Gecko) HeadlessChrome/92.0.4515.107 Safari/537.36"
69.160.160.60 - - [26/Feb/2026:09:18:56 -0500] "GET /wp-content/plugins/elementor-1/assets/lib/waypoints/waypoints.min.js?ver=4.0.2 HTTP/1.1" 200 3407 "http://www.middleeastoday.com/" "Mozilla/5.0 (X11; Linux x86_64) AppleWebKit/537.36 (KHTML, like Gecko) HeadlessChrome/92.0.4515.107 Safari/537.36"
69.160.160.60 - - [26/Feb/2026:09:18:56 -0500] "GET /wp-content/themes/digiqole/assets/js/elementor.js?ver=2.1.1 HTTP/1.1" 200 3407 "http://www.middleeastoday.com/" "Mozilla/5.0 (X11; Linux x86_64) AppleWebKit/537.36 (KHTML, like Gecko) HeadlessChrome/92.0.4515.107 Safari/537.36"
69.160.160.60 - - [26/Feb/2026:09:18:56 -0500] "GET /wp-content/plugins/elementskit-lite/widgets/init/assets/js/elementor.js?ver=3.5.0 HTTP/1.1" 200 6103 "http://www.middleeastoday.com/" "Mozilla/5.0 (X11; Linux x86_64) AppleWebKit/537.36 (KHTML, like Gecko) HeadlessChrome/92.0.4515.107 Safari/537.36"
69.160.160.60 - - [26/Feb/2026:09:18:56 -0500] "GET /wp-content/uploads/2022/04/middle-east-today-logo-1.jpg HTTP/1.1" 200 34912 "http://www.middleeastoday.com/" "Mozilla/5.0 (X11; Linux x86_64) AppleWebKit/537.36 (KHTML, like Gecko) HeadlessChrome/92.0.4515.107 Safari/537.36"
69.160.160.60 - - [26/Feb/2026:09:18:57 -0500] "GET /wp-content/plugins/elementor-pro/assets/js/nav-menu.3de49ba5ef86f9a22ff5.bundle.min.js HTTP/1.1" 200 1346 "http://www.middleeastoday.com/" "Mozilla/5.0 (X11; Linux x86_64) AppleWebKit/537.36 (KHTML, like Gecko) HeadlessChrome/92.0.4515.107 Safari/537.36"
69.160.160.60 - - [26/Feb/2026:09:18:57 -0500] "GET /wp-content/plugins/elementor-1/assets/js/video.d11c91c1b2b642a34601.bundle.min.js HTTP/1.1" 200 1335 "http://www.middleeastoday.com/" "Mozilla/5.0 (X11; Linux x86_64) AppleWebKit/537.36 (KHTML, like Gecko) HeadlessChrome/92.0.4515.107 Safari/537.36"
69.160.160.60 - - [26/Feb/2026:09:18:57 -0500] "GET /wp-content/uploads/2026/02/Gabon-600x398.jpg HTTP/1.1" 200 43170 "http://www.middleeastoday.com/" "Mozilla/5.0 (X11; Linux x86_64) AppleWebKit/537.36 (KHTML, like Gecko) HeadlessChrome/92.0.4515.107 Safari/537.36"
69.160.160.60 - - [26/Feb/2026:09:18:57 -0500] "GET /wp-content/uploads/2026/01/Shurooq-600x398.jpg HTTP/1.1" 200 54812 "http://www.middleeastoday.com/" "Mozilla/5.0 (X11; Linux x86_64) AppleWebKit/537.36 (KHTML, like Gecko) HeadlessChrome/92.0.4515.107 Safari/537.36"
69.160.160.60 - - [26/Feb/2026:09:18:57 -0500] "GET /wp-content/uploads/2023/04/Dubai-Metro-600x398.jpg HTTP/1.1" 200 49764 "http://www.middleeastoday.com/" "Mozilla/5.0 (X11; Linux x86_64) AppleWebKit/537.36 (KHTML, like Gecko) HeadlessChrome/92.0.4515.107 Safari/537.36"
69.160.160.60 - - [26/Feb/2026:09:18:57 -0500] "GET /wp-content/uploads/2026/02/AI-600x398.jpg HTTP/1.1" 200 29500 "http://www.middleeastoday.com/" "Mozilla/5.0 (X11; Linux x86_64) AppleWebKit/537.36 (KHTML, like Gecko) HeadlessChrome/92.0.4515.107 Safari/537.36"
69.160.160.60 - - [26/Feb/2026:09:18:56 -0500] "GET /wp-content/themes/digiqole/assets/js/fontfaceobserver.js?ver=1 HTTP/1.1" 200 2350 "http://www.middleeastoday.com/" "Mozilla/5.0 (X11; Linux x86_64) AppleWebKit/537.36 (KHTML, like Gecko) HeadlessChrome/92.0.4515.107 Safari/537.36"
114.119.132.207 - - [26/Feb/2026:09:18:55 -0500] "GET /category/uncategorized/ HTTP/1.1" 200 23502 "http://www.middleeastoday.com/vasu-jit-kalia-honored-with-the-title-of-celebrity-media-strategist-at-the-prestigious-global-leadership-awards-and-business-summit" "Mozilla/5.0 (Linux; Android 7.0;) AppleWebKit/537.36 (KHTML, like Gecko) Mobile Safari/537.36 (compatible; PetalBot;+https://webmaster.petalsearch.com/site/petalbot)"
69.160.160.60 - - [26/Feb/2026:09:18:56 -0500] "GET /wp-content/plugins/elementor-1/assets/js/frontend-modules.min.js?ver=3.21.1 HTTP/1.1" 200 20144 "http://www.middleeastoday.com/" "Mozilla/5.0 (X11; Linux x86_64) AppleWebKit/537.36 (KHTML, like Gecko) HeadlessChrome/92.0.4515.107 Safari/537.36"
69.160.160.60 - - [26/Feb/2026:09:18:56 -0500] "GET /wp-content/plugins/elementor-1/assets/js/webpack.runtime.min.js?ver=3.21.1 HTTP/1.1" 200 2267 "http://www.middleeastoday.com/" "Mozilla/5.0 (X11; Linux x86_64) AppleWebKit/537.36 (KHTML, like Gecko) HeadlessChrome/92.0.4515.107 Safari/537.36"
69.160.160.60 - - [26/Feb/2026:09:18:56 -0500] "GET /wp-content/plugins/elementor-pro/assets/js/frontend.min.js?ver=3.6.5 HTTP/1.1" 200 6182 "http://www.middleeastoday.com/" "Mozilla/5.0 (X11; Linux x86_64) AppleWebKit/537.36 (KHTML, like Gecko) HeadlessChrome/92.0.4515.107 Safari/537.36"
69.160.160.60 - - [26/Feb/2026:09:18:56 -0500] "GET /wp-content/plugins/elementor-1/assets/js/frontend.min.js?ver=3.21.1 HTTP/1.1" 200 13585 "http://www.middleeastoday.com/" "Mozilla/5.0 (X11; Linux x86_64) AppleWebKit/537.36 (KHTML, like Gecko) HeadlessChrome/92.0.4515.107 Safari/537.36"
69.160.160.60 - - [26/Feb/2026:09:18:56 -0500] "GET /wp-content/plugins/elementor-pro/assets/js/elements-handlers.min.js?ver=3.6.5 HTTP/1.1" 200 6194 "http://www.middleeastoday.com/" "Mozilla/5.0 (X11; Linux x86_64) AppleWebKit/537.36 (KHTML, like Gecko) HeadlessChrome/92.0.4515.107 Safari/537.36"
69.160.160.60 - - [26/Feb/2026:09:18:56 -0500] "GET /wp-content/plugins/elementskit-lite/widgets/init/assets/js/animate-circle.min.js?ver=3.5.0 HTTP/1.1" 200 454 "http://www.middleeastoday.com/" "Mozilla/5.0 (X11; Linux x86_64) AppleWebKit/537.36 (KHTML, like Gecko) HeadlessChrome/92.0.4515.107 Safari/537.36"
69.160.160.60 - - [26/Feb/2026:09:18:56 -0500] "GET /wp-content/uploads/2022/04/64c2ad33-5b41-4d59-be1b-293b254ded91-768x119.jpeg HTTP/1.1" 200 18202 "http://www.middleeastoday.com/" "Mozilla/5.0 (X11; Linux x86_64) AppleWebKit/537.36 (KHTML, like Gecko) HeadlessChrome/92.0.4515.107 Safari/537.36"
69.160.160.60 - - [26/Feb/2026:09:18:56 -0500] "GET /wp-content/uploads/2022/04/3438d600-470e-479e-b3da-282bf8dab043.jpg HTTP/1.1" 200 34912 "http://www.middleeastoday.com/" "Mozilla/5.0 (X11; Linux x86_64) AppleWebKit/537.36 (KHTML, like Gecko) HeadlessChrome/92.0.4515.107 Safari/537.36"
69.160.160.60 - - [26/Feb/2026:09:18:56 -0500] "GET /wp-content/themes/digiqole/assets/js/all.js?ver=1 HTTP/1.1" 200 42483 "http://www.middleeastoday.com/" "Mozilla/5.0 (X11; Linux x86_64) AppleWebKit/537.36 (KHTML, like Gecko) HeadlessChrome/92.0.4515.107 Safari/537.36"
69.160.160.60 - - [26/Feb/2026:09:18:56 -0500] "GET /wp-content/uploads/2023/01/knacTag.png HTTP/1.1" 200 17422 "http://www.middleeastoday.com/" "Mozilla/5.0 (X11; Linux x86_64) AppleWebKit/537.36 (KHTML, like Gecko) HeadlessChrome/92.0.4515.107 Safari/537.36"
69.160.160.60 - - [26/Feb/2026:09:18:56 -0500] "GET /wp-includes/js/wp-emoji-release.min.js?ver=6.8.1 HTTP/1.1" 200 5913 "http://www.middleeastoday.com/" "Mozilla/5.0 (X11; Linux x86_64) AppleWebKit/537.36 (KHTML, like Gecko) HeadlessChrome/92.0.4515.107 Safari/537.36"
69.160.160.60 - - [26/Feb/2026:09:18:57 -0500] "GET /wp-content/uploads/2026/02/Millionarie-Lifestyle-wards-600x398.jpeg HTTP/1.1" 200 111937 "http://www.middleeastoday.com/" "Mozilla/5.0 (X11; Linux x86_64) AppleWebKit/537.36 (KHTML, like Gecko) HeadlessChrome/92.0.4515.107 Safari/537.36"
69.160.160.60 - - [26/Feb/2026:09:18:58 -0500] "GET /wp-content/uploads/2025/12/Yango-CEO-600x398.jpg HTTP/1.1" 200 26214 "http://www.middleeastoday.com/" "Mozilla/5.0 (X11; Linux x86_64) AppleWebKit/537.36 (KHTML, like Gecko) HeadlessChrome/92.0.4515.107 Safari/537.36"
69.160.160.60 - - [26/Feb/2026:09:18:58 -0500] "GET /wp-content/uploads/2025/08/Aldar-600x398.jpg HTTP/1.1" 200 66809 "http://www.middleeastoday.com/" "Mozilla/5.0 (X11; Linux x86_64) AppleWebKit/537.36 (KHTML, like Gecko) HeadlessChrome/92.0.4515.107 Safari/537.36"
69.160.160.60 - - [26/Feb/2026:09:18:58 -0500] "GET /wp-content/uploads/2025/10/WhatsApp-Image-2025-10-14-at-07.52.18_16915215-600x398.jpg HTTP/1.1" 200 41937 "http://www.middleeastoday.com/" "Mozilla/5.0 (X11; Linux x86_64) AppleWebKit/537.36 (KHTML, like Gecko) HeadlessChrome/92.0.4515.107 Safari/537.36"
69.160.160.60 - - [26/Feb/2026:09:18:58 -0500] "GET /wp-content/uploads/2025/12/Dubai-Shopping-Festival-600x398.jpg HTTP/1.1" 200 58785 "http://www.middleeastoday.com/" "Mozilla/5.0 (X11; Linux x86_64) AppleWebKit/537.36 (KHTML, like Gecko) HeadlessChrome/92.0.4515.107 Safari/537.36"
69.160.160.60 - - [26/Feb/2026:09:18:58 -0500] "GET /wp-content/uploads/2025/02/WhatsApp-Image-2025-02-24-at-10.33.28-AM-600x398.jpeg HTTP/1.1" 200 23014 "http://www.middleeastoday.com/" "Mozilla/5.0 (X11; Linux x86_64) AppleWebKit/537.36 (KHTML, like Gecko) HeadlessChrome/92.0.4515.107 Safari/537.36"
69.160.160.60 - - [26/Feb/2026:09:18:58 -0500] "GET /wp-content/uploads/2025/05/STOMP-Live-378x398.jpg HTTP/1.1" 200 38789 "http://www.middleeastoday.com/" "Mozilla/5.0 (X11; Linux x86_64) AppleWebKit/537.36 (KHTML, like Gecko) HeadlessChrome/92.0.4515.107 Safari/537.36"
69.160.160.60 - - [26/Feb/2026:09:18:58 -0500] "GET /wp-content/uploads/2025/06/Fajar--600x398.jpg HTTP/1.1" 200 56427 "http://www.middleeastoday.com/" "Mozilla/5.0 (X11; Linux x86_64) AppleWebKit/537.36 (KHTML, like Gecko) HeadlessChrome/92.0.4515.107 Safari/537.36"
69.160.160.60 - - [26/Feb/2026:09:18:58 -0500] "GET /wp-content/uploads/2024/12/New-Years-Eve-2025-ABC-455x300.jpg HTTP/1.1" 200 35485 "http://www.middleeastoday.com/" "Mozilla/5.0 (X11; Linux x86_64) AppleWebKit/537.36 (KHTML, like Gecko) HeadlessChrome/92.0.4515.107 Safari/537.36"
69.160.160.60 - - [26/Feb/2026:09:18:58 -0500] "GET /wp-content/uploads/2024/10/6-Oct-Media-Best.zip-2-455x300.png HTTP/1.1" 200 286995 "http://www.middleeastoday.com/" "Mozilla/5.0 (X11; Linux x86_64) AppleWebKit/537.36 (KHTML, like Gecko) HeadlessChrome/92.0.4515.107 Safari/537.36"
69.160.160.60 - - [26/Feb/2026:09:18:58 -0500] "GET /wp-content/uploads/2024/06/Evelina-2-455x300.jpg HTTP/1.1" 200 25829 "http://www.middleeastoday.com/" "Mozilla/5.0 (X11; Linux x86_64) AppleWebKit/537.36 (KHTML, like Gecko) HeadlessChrome/92.0.4515.107 Safari/537.36"
69.160.160.60 - - [26/Feb/2026:09:18:58 -0500] "GET /wp-content/uploads/2025/12/RR-600x398.jpg HTTP/1.1" 200 37317 "http://www.middleeastoday.com/" "Mozilla/5.0 (X11; Linux x86_64) AppleWebKit/537.36 (KHTML, like Gecko) HeadlessChrome/92.0.4515.107 Safari/537.36"
69.160.160.60 - - [26/Feb/2026:09:18:58 -0500] "GET /wp-content/uploads/2025/10/Dolcegabbana-600x398.jpg HTTP/1.1" 200 32573 "http://www.middleeastoday.com/" "Mozilla/5.0 (X11; Linux x86_64) AppleWebKit/537.36 (KHTML, like Gecko) HeadlessChrome/92.0.4515.107 Safari/537.36"
69.160.160.60 - - [26/Feb/2026:09:18:58 -0500] "GET /wp-content/uploads/2024/10/PRP-Aviator-Banner-1-600x398.jpg HTTP/1.1" 200 23767 "http://www.middleeastoday.com/" "Mozilla/5.0 (X11; Linux x86_64) AppleWebKit/537.36 (KHTML, like Gecko) HeadlessChrome/92.0.4515.107 Safari/537.36"
69.160.160.60 - - [26/Feb/2026:09:18:57 -0500] "GET /wp-content/uploads/2026/01/Gold-1-600x398.jpg HTTP/1.1" 200 27593 "http://www.middleeastoday.com/" "Mozilla/5.0 (X11; Linux x86_64) AppleWebKit/537.36 (KHTML, like Gecko) HeadlessChrome/92.0.4515.107 Safari/537.36"
69.160.160.60 - - [26/Feb/2026:09:18:58 -0500] "GET /wp-content/uploads/2026/01/ADNOC-Gas--600x398.jpeg HTTP/1.1" 200 40376 "http://www.middleeastoday.com/" "Mozilla/5.0 (X11; Linux x86_64) AppleWebKit/537.36 (KHTML, like Gecko) HeadlessChrome/92.0.4515.107 Safari/537.36"
69.160.160.60 - - [26/Feb/2026:09:18:58 -0500] "GET /wp-content/uploads/2026/01/Gold-600x398.jpg HTTP/1.1" 200 35241 "http://www.middleeastoday.com/" "Mozilla/5.0 (X11; Linux x86_64) AppleWebKit/537.36 (KHTML, like Gecko) HeadlessChrome/92.0.4515.107 Safari/537.36"
69.160.160.60 - - [26/Feb/2026:09:18:58 -0500] "GET /wp-content/uploads/2026/01/Yas-Marina-Circuit-600x398.jpeg HTTP/1.1" 200 28556 "http://www.middleeastoday.com/" "Mozilla/5.0 (X11; Linux x86_64) AppleWebKit/537.36 (KHTML, like Gecko) HeadlessChrome/92.0.4515.107 Safari/537.36"
69.160.160.60 - - [26/Feb/2026:09:18:58 -0500] "GET /wp-content/uploads/2025/10/Film-Festival-1-600x398.jpg HTTP/1.1" 200 37619 "http://www.middleeastoday.com/" "Mozilla/5.0 (X11; Linux x86_64) AppleWebKit/537.36 (KHTML, like Gecko) HeadlessChrome/92.0.4515.107 Safari/537.36"
69.160.160.60 - - [26/Feb/2026:09:18:58 -0500] "GET /wp-content/uploads/2025/04/Award-Ceremony-001-455x300.jpg HTTP/1.1" 200 44962 "http://www.middleeastoday.com/" "Mozilla/5.0 (X11; Linux x86_64) AppleWebKit/537.36 (KHTML, like Gecko) HeadlessChrome/92.0.4515.107 Safari/537.36"
69.160.160.60 - - [26/Feb/2026:09:18:58 -0500] "GET /wp-content/uploads/2025/09/Integrated-Transport-Centre-600x398.jpg HTTP/1.1" 200 24610 "http://www.middleeastoday.com/" "Mozilla/5.0 (X11; Linux x86_64) AppleWebKit/537.36 (KHTML, like Gecko) HeadlessChrome/92.0.4515.107 Safari/537.36"
69.160.160.60 - - [26/Feb/2026:09:18:58 -0500] "GET /wp-content/uploads/2024/07/Dubai-South-600x398.jpg HTTP/1.1" 200 53027 "http://www.middleeastoday.com/" "Mozilla/5.0 (X11; Linux x86_64) AppleWebKit/537.36 (KHTML, like Gecko) HeadlessChrome/92.0.4515.107 Safari/537.36"
69.160.160.60 - - [26/Feb/2026:09:18:58 -0500] "GET /wp-content/uploads/2025/08/Me-getting-Award-600x398.jpg HTTP/1.1" 200 81626 "http://www.middleeastoday.com/" "Mozilla/5.0 (X11; Linux x86_64) AppleWebKit/537.36 (KHTML, like Gecko) HeadlessChrome/92.0.4515.107 Safari/537.36"
69.160.160.60 - - [26/Feb/2026:09:18:58 -0500] "GET /wp-content/uploads/2022/04/medium-745515155959562220-1-600x398.jpg HTTP/1.1" 200 50255 "http://www.middleeastoday.com/" "Mozilla/5.0 (X11; Linux x86_64) AppleWebKit/537.36 (KHTML, like Gecko) HeadlessChrome/92.0.4515.107 Safari/537.36"
69.160.160.60 - - [26/Feb/2026:09:19:42 -0500] "GET /?post_type=post&p=8406 HTTP/1.1" 301 0 "-" "Mozilla/5.0 (Windows NT 10.0; Win64; x64) AppleWebKit/537.36 (KHTML, like Gecko) Chrome/79.0.3945.130 Safari/537.36"
69.160.160.60 - - [26/Feb/2026:09:19:42 -0500] "GET /joby-to-launch-air-taxi-service-in-uae/ HTTP/1.1" 200 24833 "-" "Mozilla/5.0 (Windows NT 10.0; Win64; x64) AppleWebKit/537.36 (KHTML, like Gecko) Chrome/79.0.3945.130 Safari/537.36"
69.160.160.60 - - [26/Feb/2026:09:19:43 -0500] "GET /category/travel-tourism/airlines/ HTTP/1.1" 200 24283 "-" "Mozilla/5.0 (Windows NT 10.0; Win64; x64) AppleWebKit/537.36 (KHTML, like Gecko) Chrome/79.0.3945.130 Safari/537.36"
69.160.160.60 - - [26/Feb/2026:09:19:43 -0500] "GET /mohammed-bin-rashid-aerospace-hub-signs-agreement-to-open-mro-engine-test-facility-at-dubai-south/ HTTP/1.1" 200 23715 "-" "Mozilla/5.0 (Windows NT 10.0; Win64; x64) AppleWebKit/537.36 (KHTML, like Gecko) Chrome/79.0.3945.130 Safari/537.36"
69.160.160.60 - - [26/Feb/2026:09:19:44 -0500] "GET /mansour-bin-zayed-turkmen-deputy-prime-minister-discuss-enhancing-bilateral-ties/ HTTP/1.1" 200 23037 "-" "Mozilla/5.0 (Windows NT 10.0; Win64; x64) AppleWebKit/537.36 (KHTML, like Gecko) Chrome/79.0.3945.130 Safari/537.36"
69.160.160.60 - - [26/Feb/2026:09:18:58 -0500] "GET /wp-content/uploads/2024/07/robots-600x398.jpeg HTTP/1.1" 200 42381 "http://www.middleeastoday.com/" "Mozilla/5.0 (X11; Linux x86_64) AppleWebKit/537.36 (KHTML, like Gecko) HeadlessChrome/92.0.4515.107 Safari/537.36"
69.160.160.60 - - [26/Feb/2026:09:18:58 -0500] "GET /wp-content/uploads/2024/02/Joby-1-600x398.jpg HTTP/1.1" 200 45527 "http://www.middleeastoday.com/" "Mozilla/5.0 (X11; Linux x86_64) AppleWebKit/537.36 (KHTML, like Gecko) HeadlessChrome/92.0.4515.107 Safari/537.36"
69.160.160.60 - - [26/Feb/2026:09:18:58 -0500] "GET /wp-content/uploads/2023/08/Samsung-98-QLED-Launch_KV_EN-600x398.jpg HTTP/1.1" 200 34088 "http://www.middleeastoday.com/" "Mozilla/5.0 (X11; Linux x86_64) AppleWebKit/537.36 (KHTML, like Gecko) HeadlessChrome/92.0.4515.107 Safari/537.36"
69.160.160.60 - - [26/Feb/2026:09:18:58 -0500] "GET /wp-content/uploads/2026/01/Russia-600x398.jpg HTTP/1.1" 200 69002 "http://www.middleeastoday.com/" "Mozilla/5.0 (X11; Linux x86_64) AppleWebKit/537.36 (KHTML, like Gecko) HeadlessChrome/92.0.4515.107 Safari/537.36"
69.160.160.60 - - [26/Feb/2026:09:18:58 -0500] "GET /wp-content/uploads/2022/05/medium-543374910260281405-600x398.jpg HTTP/1.1" 200 44594 "http://www.middleeastoday.com/" "Mozilla/5.0 (X11; Linux x86_64) AppleWebKit/537.36 (KHTML, like Gecko) HeadlessChrome/92.0.4515.107 Safari/537.36"
69.160.160.60 - - [26/Feb/2026:09:18:58 -0500] "GET /wp-content/uploads/2022/04/medium-3327802249726485861-600x398.jpg HTTP/1.1" 200 44960 "http://www.middleeastoday.com/" "Mozilla/5.0 (X11; Linux x86_64) AppleWebKit/537.36 (KHTML, like Gecko) HeadlessChrome/92.0.4515.107 Safari/537.36"
69.160.160.60 - - [26/Feb/2026:09:18:58 -0500] "GET /wp-content/uploads/2022/04/medium-1511066645644258337-600x398.jpg HTTP/1.1" 200 40654 "http://www.middleeastoday.com/" "Mozilla/5.0 (X11; Linux x86_64) AppleWebKit/537.36 (KHTML, like Gecko) HeadlessChrome/92.0.4515.107 Safari/537.36"
69.160.160.60 - - [26/Feb/2026:09:18:58 -0500] "GET /wp-content/uploads/2022/04/medium-2700115499464303195-600x398.jpg HTTP/1.1" 200 41784 "http://www.middleeastoday.com/" "Mozilla/5.0 (X11; Linux x86_64) AppleWebKit/537.36 (KHTML, like Gecko) HeadlessChrome/92.0.4515.107 Safari/537.36"
69.160.160.60 - - [26/Feb/2026:09:18:58 -0500] "GET /wp-content/uploads/2022/04/thumbnail-2036915695019058350.jpg HTTP/1.1" 200 21049 "http://www.middleeastoday.com/" "Mozilla/5.0 (X11; Linux x86_64) AppleWebKit/537.36 (KHTML, like Gecko) HeadlessChrome/92.0.4515.107 Safari/537.36"
51.161.65.206 - - [26/Feb/2026:09:19:17 -0500] "GET /dubai-records-over-aed1-8-bn-in-realty-transactions-tuesday/ HTTP/1.1" 200 24459 "-" "Mozilla/5.0 (compatible; AhrefsBot/7.0; +http://ahrefs.com/robot/)"
69.160.160.60 - - [26/Feb/2026:09:19:42 -0500] "GET /mansour-bin-zayed-turkmen-deputy-prime-minister-discuss-enhancing-bilateral-ties/ HTTP/1.1" 200 23037 "-" "Mozilla/5.0 (Windows NT 10.0; Win64; x64) AppleWebKit/537.36 (KHTML, like Gecko) Chrome/79.0.3945.130 Safari/537.36"
69.160.160.60 - - [26/Feb/2026:09:19:43 -0500] "GET /honeywell-aviator-hi-fi-audio-system-that-promises-superior-sound-quality-and-sophistication/ HTTP/1.1" 200 24802 "-" "Mozilla/5.0 (Windows NT 10.0; Win64; x64) AppleWebKit/537.36 (KHTML, like Gecko) Chrome/79.0.3945.130 Safari/537.36"
69.160.160.60 - - [26/Feb/2026:09:19:45 -0500] "GET /masdar-continues-to-strengthen-its-leading-stature-in-clean-energy-sector/ HTTP/1.1" 200 26904 "-" "Mozilla/5.0 (Windows NT 10.0; Win64; x64) AppleWebKit/537.36 (KHTML, like Gecko) Chrome/79.0.3945.130 Safari/537.36"
69.160.160.60 - - [26/Feb/2026:09:19:45 -0500] "GET /dubai-south-announces-successful-first-stage-trials-of-autonomous-vehicle/ HTTP/1.1" 200 24030 "-" "Mozilla/5.0 (Windows NT 10.0; Win64; x64) AppleWebKit/537.36 (KHTML, like Gecko) Chrome/79.0.3945.130 Safari/537.36"
69.160.160.60 - - [26/Feb/2026:09:19:44 -0500] "GET /category/video/ HTTP/1.1" 200 22736 "-" "Mozilla/5.0 (Windows NT 10.0; Win64; x64) AppleWebKit/537.36 (KHTML, like Gecko) Chrome/79.0.3945.130 Safari/537.36"
69.160.160.60 - - [26/Feb/2026:09:19:45 -0500] "GET /dubai-based-fashion-label-fajr-al-sabah-sells-49-stake-for-e100-million-following-jewelry-fashion-week-showcase/ HTTP/1.1" 200 24671 "-" "Mozilla/5.0 (Windows NT 10.0; Win64; x64) AppleWebKit/537.36 (KHTML, like Gecko) Chrome/79.0.3945.130 Safari/537.36"
69.160.160.60 - - [26/Feb/2026:09:19:44 -0500] "GET /uae-cyprus-presidents-discuss-strengthening-comprehensive-strategic-partnership/ HTTP/1.1" 200 23874 "-" "Mozilla/5.0 (Windows NT 10.0; Win64; x64) AppleWebKit/537.36 (KHTML, like Gecko) Chrome/79.0.3945.130 Safari/537.36"
69.160.160.60 - - [26/Feb/2026:09:19:46 -0500] "GET /flydubai-adds-two-destinations-in-saudi-arabia/ HTTP/1.1" 200 23901 "-" "Mozilla/5.0 (Windows NT 10.0; Win64; x64) AppleWebKit/537.36 (KHTML, like Gecko) Chrome/79.0.3945.130 Safari/537.36"
69.160.160.60 - - [26/Feb/2026:09:19:47 -0500] "GET /abu-dhabi-hosts-inaugural-mena-edition-of-bitcoin-conference-in-december/ HTTP/1.1" 200 23547 "-" "Mozilla/5.0 (Windows NT 10.0; Win64; x64) AppleWebKit/537.36 (KHTML, like Gecko) Chrome/79.0.3945.130 Safari/537.36"
69.160.160.60 - - [26/Feb/2026:09:19:47 -0500] "GET /mohammed-bin-rashid-attends-29th-dubai-world-cup/ HTTP/1.1" 200 24021 "-" "Mozilla/5.0 (Windows NT 10.0; Win64; x64) AppleWebKit/537.36 (KHTML, like Gecko) Chrome/79.0.3945.130 Safari/537.36"
69.160.160.60 - - [26/Feb/2026:09:19:48 -0500] "GET /fujairah-ruler-receives-chief-executive-officer-of-enoc-group/ HTTP/1.1" 200 22825 "-" "Mozilla/5.0 (Windows NT 10.0; Win64; x64) AppleWebKit/537.36 (KHTML, like Gecko) Chrome/79.0.3945.130 Safari/537.36"
69.160.160.60 - - [26/Feb/2026:09:19:49 -0500] "GET /adnoc-gas-sees-potential-to-advance-ruwais-lng-commercial-start/ HTTP/1.1" 200 24525 "-" "Mozilla/5.0 (Windows NT 10.0; Win64; x64) AppleWebKit/537.36 (KHTML, like Gecko) Chrome/79.0.3945.130 Safari/537.36"
69.160.160.60 - - [26/Feb/2026:09:19:49 -0500] "GET /category/astrology-tarot/ HTTP/1.1" 200 20960 "-" "Mozilla/5.0 (Windows NT 10.0; Win64; x64) AppleWebKit/537.36 (KHTML, like Gecko) Chrome/79.0.3945.130 Safari/537.36"
69.160.160.60 - - [26/Feb/2026:09:19:52 -0500] "GET /robots.txt HTTP/1.1" 301 0 "-" "Mozilla/5.0 (Windows NT 10.0; Win64; x64) AppleWebKit/537.36 (KHTML, like Gecko) Chrome/58.0.3029.110 Safari/537.3"
69.160.160.60 - - [26/Feb/2026:09:19:53 -0500] "GET /robots.txt HTTP/1.1" 200 122 "-" "Mozilla/5.0 (Windows NT 10.0; Win64; x64) AppleWebKit/537.36 (KHTML, like Gecko) Chrome/58.0.3029.110 Safari/537.3"
114.119.138.37 - - [26/Feb/2026:09:20:19 -0500] "GET /category/music-concerts HTTP/1.1" 301 0 "https://www.middleeastoday.com/category/business/page/6" "Mozilla/5.0 (Linux; Android 7.0;) AppleWebKit/537.36 (KHTML, like Gecko) Mobile Safari/537.36 (compatible; PetalBot;+https://webmaster.petalsearch.com/site/petalbot)"
114.119.154.115 - - [26/Feb/2026:09:21:42 -0500] "GET /10792-2 HTTP/1.1" 301 0 "https://www.middleeastoday.com/?cat=53" "Mozilla/5.0 (Linux; Android 7.0;) AppleWebKit/537.36 (KHTML, like Gecko) Mobile Safari/537.36 (compatible; PetalBot;+https://webmaster.petalsearch.com/site/petalbot)"
162.213.253.84 - - [26/Feb/2026:09:23:41 -0500] "POST /wp-cron.php?doing_wp_cron=1772115821.4444038867950439453125 HTTP/1.1" 200 0 "-" "WordPress/6.8.1; http://www.middleeastoday.com"
185.191.171.16 - - [26/Feb/2026:09:23:40 -0500] "GET /masdar-park-design-earns-estidama-exemplar-sustainability-rating/ HTTP/1.1" 200 27014 "-" "Mozilla/5.0 (compatible; SemrushBot/7~bl; +http://www.semrush.com/bot.html)"
162.213.253.84 - - [26/Feb/2026:09:23:42 -0500] "POST /wp-admin/admin-ajax.php?action=async_litespeed&nonce=OXq4gFdALDEsVjD7ivmDv24tayJveCSk&litespeed_type=imgoptm HTTP/1.1" 200 21 "-" "WordPress/6.8.1; http://www.middleeastoday.com"
46.224.46.48 - - [26/Feb/2026:09:27:39 -0500] "GET /wp-content/uploads/2022/04/Etihad-Airways-850x560.jpg HTTP/1.1" 200 103892 "-" "GuzzleHttp/7"
69.160.160.60 - - [26/Feb/2026:09:19:45 -0500] "GET /indias-celebrity-matchmaker-priya-shah-to-offer-exclusive-personalized-matchmaking-consultations-in-dubai/ HTTP/1.1" 200 23973 "-" "Mozilla/5.0 (Windows NT 10.0; Win64; x64) AppleWebKit/537.36 (KHTML, like Gecko) Chrome/79.0.3945.130 Safari/537.36"
69.160.160.60 - - [26/Feb/2026:09:19:46 -0500] "GET /category/yoga/ HTTP/1.1" 200 20930 "-" "Mozilla/5.0 (Windows NT 10.0; Win64; x64) AppleWebKit/537.36 (KHTML, like Gecko) Chrome/79.0.3945.130 Safari/537.36"
69.160.160.60 - - [26/Feb/2026:09:19:46 -0500] "GET /on-behalf-of-uae-president-crown-prince-of-abu-dhabi-arrives-in-new-delhi-to-participate-in-india-ai-impact-summit/ HTTP/1.1" 200 23330 "-" "Mozilla/5.0 (Windows NT 10.0; Win64; x64) AppleWebKit/537.36 (KHTML, like Gecko) Chrome/79.0.3945.130 Safari/537.36"
69.160.160.60 - - [26/Feb/2026:09:19:46 -0500] "GET /atm-on-track-for-record-attendance-as-visitor-registrations-double-year-on-year/ HTTP/1.1" 200 24384 "-" "Mozilla/5.0 (Windows NT 10.0; Win64; x64) AppleWebKit/537.36 (KHTML, like Gecko) Chrome/79.0.3945.130 Safari/537.36"
69.160.160.60 - - [26/Feb/2026:09:19:47 -0500] "GET /dubai-international-named-worlds-busiest-international-airport-for-10th-consecutive-year/ HTTP/1.1" 200 24604 "-" "Mozilla/5.0 (Windows NT 10.0; Win64; x64) AppleWebKit/537.36 (KHTML, like Gecko) Chrome/79.0.3945.130 Safari/537.36"
69.160.160.60 - - [26/Feb/2026:09:19:48 -0500] "GET /louvre-abu-dhabi-attracts-over-1-2-million-visitors-in-2023/ HTTP/1.1" 200 25393 "-" "Mozilla/5.0 (Windows NT 10.0; Win64; x64) AppleWebKit/537.36 (KHTML, like Gecko) Chrome/79.0.3945.130 Safari/537.36"
69.160.160.60 - - [26/Feb/2026:09:19:49 -0500] "GET /category/business/ HTTP/1.1" 200 24334 "-" "Mozilla/5.0 (Windows NT 10.0; Win64; x64) AppleWebKit/537.36 (KHTML, like Gecko) Chrome/79.0.3945.130 Safari/537.36"
114.119.138.37 - - [26/Feb/2026:09:20:21 -0500] "GET /category/music-concerts/ HTTP/1.1" 200 21863 "https://www.middleeastoday.com/category/business/page/6" "Mozilla/5.0 (Linux; Android 7.0;) AppleWebKit/537.36 (KHTML, like Gecko) Mobile Safari/537.36 (compatible; PetalBot;+https://webmaster.petalsearch.com/site/petalbot)"
15.235.27.138 - - [26/Feb/2026:09:20:24 -0500] "GET /uae-ambassador-presents-credentials-to-chairman-of-libyan-presidential-council/ HTTP/1.1" 200 20365 "-" "Mozilla/5.0 (compatible; AhrefsBot/7.0; +http://ahrefs.com/robot/)"
162.213.253.84 - - [26/Feb/2026:09:21:39 -0500] "POST /wp-cron.php?doing_wp_cron=1772115699.8994660377502441406250 HTTP/1.1" 200 0 "-" "WordPress/6.8.1; http://www.middleeastoday.com"
148.113.128.163 - - [26/Feb/2026:09:21:39 -0500] "GET /uae-cabinet-approves-national-energy-and-hydrogen-strategies-establishes-uae-ministry-of-investment/ HTTP/1.1" 200 23782 "-" "Mozilla/5.0 (compatible; AhrefsBot/7.0; +http://ahrefs.com/robot/)"
114.119.154.115 - - [26/Feb/2026:09:21:44 -0500] "GET /10792-2/ HTTP/1.1" 200 23071 "https://www.middleeastoday.com/?cat=53" "Mozilla/5.0 (Linux; Android 7.0;) AppleWebKit/537.36 (KHTML, like Gecko) Mobile Safari/537.36 (compatible; PetalBot;+https://webmaster.petalsearch.com/site/petalbot)"
51.222.168.1 - - [26/Feb/2026:09:25:32 -0500] "GET /dubai-records-aed1-7-bn-worth-of-realty-transactions-thursday/ HTTP/1.1" 200 19973 "-" "Mozilla/5.0 (compatible; AhrefsBot/7.0; +http://ahrefs.com/robot/)"
77.75.78.166 - - [26/Feb/2026:09:25:37 -0500] "GET /primary-care-conference-focuses-on-latest-updates-and-trends-in-healthcare/ HTTP/1.1" 200 26368 "-" "Mozilla/5.0 (compatible; SeznamBot/4.0; +https://o-seznam.cz/napoveda/vyhledavani/en/seznambot-crawler/)"
123.26.9.132 - - [26/Feb/2026:09:26:54 -0500] "GET http://www.middleeastoday.com/aldar-partners-with-nobu-hospitality-to-bring-luxury-hotel-and-residences-to-mamsha-beach-on-saadiyat-island/ HTTP/1.1" 200 24083 "-" "Mozilla/5.0 (Macintosh; Intel Mac OS X 11_2_2) AppleWebKit/537.36 (KHTML, like Gecko) Brave Chrome/89.0.4389.72 Safari/537.36"
46.224.46.48 - - [26/Feb/2026:09:27:39 -0500] "GET /wp-content/uploads/2022/04/Nahyan-bin-Mubarak-718x560.jpg HTTP/1.1" 200 63233 "-" "GuzzleHttp/7"
46.224.46.48 - - [26/Feb/2026:09:27:39 -0500] "GET /wp-content/uploads/2022/04/IFOS-850x560.jpg HTTP/1.1" 200 37690 "-" "GuzzleHttp/7"
162.213.253.84 - - [26/Feb/2026:09:27:54 -0500] "POST /wp-cron.php?doing_wp_cron=1772116074.5280508995056152343750 HTTP/1.1" 200 0 "-" "WordPress/6.8.1; http://www.middleeastoday.com"
148.113.128.176 - - [26/Feb/2026:09:29:21 -0500] "GET /greece-to-present-its-expanding-media-industrys-prospects-at-abu-dhabis-global-media-congress/ HTTP/1.1" 200 22133 "-" "Mozilla/5.0 (compatible; AhrefsBot/7.0; +http://ahrefs.com/robot/)"
51.222.168.185 - - [26/Feb/2026:09:31:40 -0500] "GET /category/national-news/page/18/ HTTP/1.1" 200 20804 "-" "Mozilla/5.0 (compatible; AhrefsBot/7.0; +http://ahrefs.com/robot/)"
15.235.98.132 - - [26/Feb/2026:09:27:53 -0500] "GET /emirates-to-expand-global-network-with-launch-of-services-to-montreal-in-july/ HTTP/1.1" 200 21758 "-" "Mozilla/5.0 (compatible; AhrefsBot/7.0; +http://ahrefs.com/robot/)"
162.213.253.84 - - [26/Feb/2026:09:34:27 -0500] "POST /wp-cron.php?doing_wp_cron=1772116467.8458108901977539062500 HTTP/1.1" 200 0 "-" "WordPress/6.8.1; http://www.middleeastoday.com"
162.213.253.84 - - [26/Feb/2026:09:34:28 -0500] "POST /wp-admin/admin-ajax.php?action=async_litespeed&nonce=8ffNlSQUFK6dIThHtSr7TIntxMPo5Dzi&litespeed_type=imgoptm HTTP/1.1" 200 21 "-" "WordPress/6.8.1; http://www.middleeastoday.com"
162.213.253.84 - - [26/Feb/2026:09:35:42 -0500] "POST /wp-cron.php?doing_wp_cron=1772116542.7066709995269775390625 HTTP/1.1" 200 0 "-" "WordPress/6.8.1; http://www.middleeastoday.com"
54.39.210.16 - - [26/Feb/2026:09:35:42 -0500] "GET /ruler-of-dubai-inaugurates-aed1-billion-mohammed-bin-rashid-library/ HTTP/1.1" 200 22485 "-" "Mozilla/5.0 (compatible; AhrefsBot/7.0; +http://ahrefs.com/robot/)"
162.213.253.84 - - [26/Feb/2026:09:35:43 -0500] "POST /wp-admin/admin-ajax.php?action=async_litespeed&nonce=BWjITrl3pxKK906BPFa0obimuYBtHKfT&litespeed_type=imgoptm HTTP/1.1" 200 21 "-" "WordPress/6.8.1; http://www.middleeastoday.com"
77.75.78.166 - - [26/Feb/2026:09:36:52 -0500] "GET /dubai-south-records-key-achievements-during-2021/ HTTP/1.1" 200 24625 "-" "Mozilla/5.0 (compatible; SeznamBot/4.0; +https://o-seznam.cz/napoveda/vyhledavani/en/seznambot-crawler/)"
51.161.65.210 - - [26/Feb/2026:09:36:56 -0500] "GET /sharjah-light-festival-taps-into-local-photography-talent-in-collaboration-with-fotouae/ HTTP/1.1" 200 21588 "-" "Mozilla/5.0 (compatible; AhrefsBot/7.0; +http://ahrefs.com/robot/)"
162.213.253.84 - - [26/Feb/2026:09:36:57 -0500] "POST /wp-admin/admin-ajax.php?action=async_litespeed&nonce=qkOvis7ion4oSJ14xXhOLha8TPhD1BPA&litespeed_type=imgoptm HTTP/1.1" 200 21 "-" "WordPress/6.8.1; http://www.middleeastoday.com"
49.13.12.75 - - [26/Feb/2026:09:37:18 -0500] "GET /wp-content/uploads/2024/05/Masdar-850x560.jpeg HTTP/1.1" 200 79640 "-" "GuzzleHttp/7"
