185.191.171.8 - - [27/Feb/2026:05:05:55 -0500] "GET /us-president-arrives-in-riyadh-welcomed-by-saudi-crown-prince/ HTTP/1.1" 200 23606 "-" "Mozilla/5.0 (compatible; SemrushBot/7~bl; +http://www.semrush.com/bot.html)"
157.15.40.88 - - [27/Feb/2026:05:09:59 -0500] "GET /wp-content/txets.php HTTP/1.1" 301 0 "-" "Go-http-client/1.1"
4.204.192.31 - - [27/Feb/2026:05:10:02 -0500] "GET /wp-content/plugins/hellopress/wp_filemanager.php HTTP/1.1" 404 88984 "-" "-"
157.15.40.88 - - [27/Feb/2026:05:10:03 -0500] "GET /wp-admin/txets.php HTTP/1.1" 404 19179 "http://middleeastoday.com/wp-admin/txets.php" "Go-http-client/1.1"
4.204.192.31 - - [27/Feb/2026:05:10:04 -0500] "GET /asc.php HTTP/1.1" 404 88984 "-" "-"
157.15.40.88 - - [27/Feb/2026:05:10:06 -0500] "GET /wp-includes/txets.php HTTP/1.1" 404 19173 "http://middleeastoday.com/wp-includes/txets.php" "Go-http-client/1.1"
157.15.40.88 - - [27/Feb/2026:05:10:07 -0500] "GET /schallfuns.php HTTP/1.1" 301 0 "-" "Go-http-client/1.1"
157.15.40.88 - - [27/Feb/2026:05:10:08 -0500] "GET /schallfuns.php HTTP/1.1" 404 19179 "http://middleeastoday.com/schallfuns.php" "Go-http-client/1.1"
157.15.40.88 - - [27/Feb/2026:05:10:10 -0500] "GET /postnews.php HTTP/1.1" 301 0 "-" "Go-http-client/1.1"
157.15.40.88 - - [27/Feb/2026:05:10:11 -0500] "GET /postnews.php HTTP/1.1" 404 19179 "http://middleeastoday.com/postnews.php" "Go-http-client/1.1"
157.15.40.88 - - [27/Feb/2026:05:10:14 -0500] "GET /wp-content/postnews.php HTTP/1.1" 404 19173 "http://middleeastoday.com/wp-content/postnews.php" "Go-http-client/1.1"
157.15.40.88 - - [27/Feb/2026:05:10:15 -0500] "GET /wp-admin/postnews.php HTTP/1.1" 301 0 "-" "Go-http-client/1.1"
162.213.253.84 - - [27/Feb/2026:05:10:30 -0500] "POST /wp-cron.php?doing_wp_cron=1772187030.2070479393005371093750 HTTP/1.1" 200 0 "-" "WordPress/6.8.1; http://www.middleeastoday.com"
162.213.253.84 - - [27/Feb/2026:05:10:30 -0500] "POST /wp-admin/admin-ajax.php?action=async_litespeed&nonce=DWoP4II5xlgDGKKOGeYwjrr3ysHUeH4Y&litespeed_type=imgoptm HTTP/1.1" 200 21 "-" "WordPress/6.8.1; http://www.middleeastoday.com"
54.39.203.161 - - [27/Feb/2026:05:13:47 -0500] "GET /emirates-signs-mou-with-sri-lanka-tourism/ HTTP/1.1" 200 20996 "-" "Mozilla/5.0 (compatible; AhrefsBot/7.0; +http://ahrefs.com/robot/)"
40.77.167.46 - - [27/Feb/2026:05:16:54 -0500] "GET /dubais-heritage-and-vibrant-history-highlighted-in-washington/ HTTP/1.1" 200 21036 "-" "Mozilla/5.0 AppleWebKit/537.36 (KHTML, like Gecko; compatible; bingbot/2.0; +http://www.bing.com/bingbot.htm) Chrome/116.0.1938.76 Safari/537.36"
162.213.253.84 - - [27/Feb/2026:05:05:55 -0500] "POST /wp-cron.php?doing_wp_cron=1772186755.7501618862152099609375 HTTP/1.1" 200 0 "-" "WordPress/6.8.1; http://www.middleeastoday.com"
152.58.35.216 - - [27/Feb/2026:05:07:58 -0500] "GET /author/admin/page/66/ HTTP/1.1" 200 24067 "-" "Mozilla/5.0 (X11; U; OpenBSD i386; en-US) AppleWebKit/533.3 (KHTML, like Gecko) Chrome/5.0.359.0 Safari/533.3"
157.15.40.88 - - [27/Feb/2026:05:09:56 -0500] "GET /txets.php HTTP/1.1" 301 0 "-" "Go-http-client/1.1"
157.15.40.88 - - [27/Feb/2026:05:09:57 -0500] "GET /txets.php HTTP/1.1" 404 19180 "http://middleeastoday.com/txets.php" "Go-http-client/1.1"
157.15.40.88 - - [27/Feb/2026:05:10:00 -0500] "GET /wp-content/txets.php HTTP/1.1" 404 19179 "http://middleeastoday.com/wp-content/txets.php" "Go-http-client/1.1"
4.204.192.31 - - [27/Feb/2026:05:10:01 -0500] "GET /wp-content/plugins/hellopress/wp_filemanager.php HTTP/1.1" 301 0 "-" "-"
157.15.40.88 - - [27/Feb/2026:05:10:02 -0500] "GET /wp-admin/txets.php HTTP/1.1" 301 0 "-" "Go-http-client/1.1"
4.204.192.31 - - [27/Feb/2026:05:10:03 -0500] "GET /asc.php HTTP/1.1" 301 0 "-" "-"
157.15.40.88 - - [27/Feb/2026:05:10:04 -0500] "GET /wp-includes/txets.php HTTP/1.1" 301 0 "-" "Go-http-client/1.1"
157.15.40.88 - - [27/Feb/2026:05:10:13 -0500] "GET /wp-content/postnews.php HTTP/1.1" 301 0 "-" "Go-http-client/1.1"
157.15.40.88 - - [27/Feb/2026:05:10:16 -0500] "GET /wp-admin/postnews.php HTTP/1.1" 404 19180 "http://middleeastoday.com/wp-admin/postnews.php" "Go-http-client/1.1"
157.15.40.88 - - [27/Feb/2026:05:10:17 -0500] "GET /wp-includes/postnews.php HTTP/1.1" 301 0 "-" "Go-http-client/1.1"
157.15.40.88 - - [27/Feb/2026:05:10:18 -0500] "GET /wp-includes/postnews.php HTTP/1.1" 404 19180 "http://middleeastoday.com/wp-includes/postnews.php" "Go-http-client/1.1"
142.44.233.206 - - [27/Feb/2026:05:10:29 -0500] "GET /the-head-of-state-and-his-two-deputies-congratulate-the-president-of-tanzania-on-the-occasion-of-union-day/ HTTP/1.1" 200 20078 "-" "Mozilla/5.0 (compatible; AhrefsBot/7.0; +http://ahrefs.com/robot/)"
162.213.253.84 - - [27/Feb/2026:05:13:48 -0500] "POST /wp-cron.php?doing_wp_cron=1772187228.1028449535369873046875 HTTP/1.1" 200 0 "-" "WordPress/6.8.1; http://www.middleeastoday.com"
162.213.253.84 - - [27/Feb/2026:05:13:48 -0500] "POST /wp-admin/admin-ajax.php?action=async_litespeed&nonce=uU4SFFHxiK3s0H6Sv1MYI5pQJ3qDew2L&litespeed_type=imgoptm HTTP/1.1" 200 21 "-" "WordPress/6.8.1; http://www.middleeastoday.com"
52.54.95.127 - - [27/Feb/2026:05:18:24 -0500] "GET /wp-json/oembed/1.0/embed?url=http://www.middleeastoday.com/shop-and-win-24-golden-footballs-in-24-carats-at-joyalukkas-summer-of-joy-promotion/ HTTP/1.1" 200 2733 "-" "Mozilla/5.0 AppleWebKit/537.36 (KHTML, like Gecko; compatible; Amazonbot/0.1; +https://developer.amazon.com/support/amazonbot) Chrome/119.0.6045.214 Safari/537.36"
162.213.253.84 - - [27/Feb/2026:05:18:26 -0500] "POST /wp-admin/admin-ajax.php?action=async_litespeed&nonce=sFigEQ4RwrfeViLB1KhPTfvlq61C5vqO&litespeed_type=imgoptm HTTP/1.1" 200 21 "-" "WordPress/6.8.1; http://www.middleeastoday.com"
54.39.89.197 - - [27/Feb/2026:05:22:39 -0500] "GET /etihad-airways-honoured-at-business-traveller-awards-2022/ HTTP/1.1" 200 20490 "-" "Mozilla/5.0 (compatible; AhrefsBot/7.0; +http://ahrefs.com/robot/)"
216.73.216.24 - - [27/Feb/2026:05:23:13 -0500] "GET /robots.txt HTTP/1.1" 200 100 "-" "Mozilla/5.0 AppleWebKit/537.36 (KHTML, like Gecko; compatible; ClaudeBot/1.0; [email protected])"
216.73.216.24 - - [27/Feb/2026:05:23:13 -0500] "GET /wp-sitemap.xml HTTP/1.1" 200 214 "-" "Mozilla/5.0 AppleWebKit/537.36 (KHTML, like Gecko; compatible; ClaudeBot/1.0; [email protected])"
185.191.171.11 - - [27/Feb/2026:05:27:32 -0500] "GET /author/admin/ HTTP/1.1" 200 23526 "-" "Mozilla/5.0 (compatible; SemrushBot/7~bl; +http://www.semrush.com/bot.html)"
162.213.253.84 - - [27/Feb/2026:05:31:53 -0500] "POST /wp-cron.php?doing_wp_cron=1772188313.9094729423522949218750 HTTP/1.1" 200 0 "-" "WordPress/6.8.1; http://www.middleeastoday.com"
114.119.138.37 - - [27/Feb/2026:05:31:55 -0500] "GET /uae-president-commends-mohammed-bin-rashids-initiatives-efforts-in-advancing-nations-progress/ HTTP/1.1" 200 24411 "https://www.middleeastoday.com/category/national-news/page/2" "Mozilla/5.0 (Linux; Android 7.0;) AppleWebKit/537.36 (KHTML, like Gecko) Mobile Safari/537.36 (compatible; PetalBot;+https://webmaster.petalsearch.com/site/petalbot)"
162.213.253.84 - - [27/Feb/2026:05:31:54 -0500] "POST /wp-admin/admin-ajax.php?action=async_litespeed&nonce=SN1rMqlC8a7FHzqYSXvMRMeWbHoDi5PJ&litespeed_type=imgoptm HTTP/1.1" 200 21 "-" "WordPress/6.8.1; http://www.middleeastoday.com"
34.76.189.67 - - [27/Feb/2026:05:32:18 -0500] "GET / HTTP/1.1" 301 0 "-" "Mozilla/5.0 (compatible; VelenPublicWebCrawler/1.0; +https://velen.io)"
162.213.253.84 - - [27/Feb/2026:05:32:23 -0500] "POST /wp-cron.php?doing_wp_cron=1772188343.4419260025024414062500 HTTP/1.1" 200 0 "-" "WordPress/6.8.1; http://www.middleeastoday.com"
34.76.189.67 - - [27/Feb/2026:05:32:22 -0500] "GET /3-pilot-robots-launched-to-deliver-products-in-dubais-sustainable-city HTTP/1.1" 301 0 "-" "Mozilla/5.0 (compatible; VelenPublicWebCrawler/1.0; +https://velen.io)"
162.213.253.84 - - [27/Feb/2026:05:32:24 -0500] "POST /wp-admin/admin-ajax.php?action=async_litespeed&nonce=ZmOBDygfzBByTDvpZYDgD05rXJHWHSkl&litespeed_type=imgoptm HTTP/1.1" 200 21 "-" "WordPress/6.8.1; http://www.middleeastoday.com"
162.213.253.84 - - [27/Feb/2026:05:32:25 -0500] "POST /wp-cron.php?doing_wp_cron=1772188345.2255759239196777343750 HTTP/1.1" 200 0 "-" "WordPress/6.8.1; http://www.middleeastoday.com"
34.76.189.67 - - [27/Feb/2026:05:32:24 -0500] "GET /3-pilot-robots-launched-to-deliver-products-in-dubais-sustainable-city/ HTTP/1.1" 200 23173 "http://www.middleeastoday.com/3-pilot-robots-launched-to-deliver-products-in-dubais-sustainable-city" "Mozilla/5.0 (compatible; VelenPublicWebCrawler/1.0; +https://velen.io)"
34.76.189.67 - - [27/Feb/2026:05:32:27 -0500] "GET /31st-edition-of-dubai-shopping-festival-kicks-off HTTP/1.1" 301 0 "-" "Mozilla/5.0 (compatible; VelenPublicWebCrawler/1.0; +https://velen.io)"
34.76.189.67 - - [27/Feb/2026:05:32:37 -0500] "GET /adnoc-gas-sees-potential-to-advance-ruwais-lng-commercial-start HTTP/1.1" 301 0 "-" "Mozilla/5.0 (compatible; VelenPublicWebCrawler/1.0; +https://velen.io)"
34.76.189.67 - - [27/Feb/2026:05:32:42 -0500] "GET /advertise-us HTTP/1.1" 301 0 "-" "Mozilla/5.0 (compatible; VelenPublicWebCrawler/1.0; +https://velen.io)"
162.213.253.84 - - [27/Feb/2026:05:18:25 -0500] "POST /wp-cron.php?doing_wp_cron=1772187505.4806981086730957031250 HTTP/1.1" 200 0 "-" "WordPress/6.8.1; http://www.middleeastoday.com"
14.162.159.152 - - [27/Feb/2026:05:22:32 -0500] "GET http://www.middleeastoday.com/rakta-launches-internal-bus-service/ HTTP/1.1" 200 23191 "-" "Mozilla/5.0 (Macintosh; Intel Mac OS X 10_7_3) AppleWebKit/537.36 (KHTML, like Gecko, Mediapartners-Google) Chrome/89.0.4389.130 Safari/537.36"
162.213.253.84 - - [27/Feb/2026:05:28:21 -0500] "POST /wp-cron.php?doing_wp_cron=1772188101.8405780792236328125000 HTTP/1.1" 200 0 "-" "WordPress/6.8.1; http://www.middleeastoday.com"
148.113.130.6 - - [27/Feb/2026:05:28:21 -0500] "GET /mariam-almheiri-thani-al-zeyoudi-attend-french-embassy-reception/ HTTP/1.1" 200 20173 "-" "Mozilla/5.0 (compatible; AhrefsBot/7.0; +http://ahrefs.com/robot/)"
162.213.253.84 - - [27/Feb/2026:05:28:22 -0500] "POST /wp-admin/admin-ajax.php?action=async_litespeed&nonce=vDv9D2ta8004cXrJsUh6iqTsf2YXMNtt&litespeed_type=imgoptm HTTP/1.1" 200 21 "-" "WordPress/6.8.1; http://www.middleeastoday.com"
142.44.233.62 - - [27/Feb/2026:05:31:00 -0500] "GET /argentina-back-to-fifa-world-cup-final-in-fine-form-report/ HTTP/1.1" 200 25028 "-" "Mozilla/5.0 (compatible; AhrefsBot/7.0; +http://ahrefs.com/robot/)"
114.119.138.37 - - [27/Feb/2026:05:31:53 -0500] "GET /uae-president-commends-mohammed-bin-rashids-initiatives-efforts-in-advancing-nations-progress HTTP/1.1" 301 0 "https://www.middleeastoday.com/category/national-news/page/2" "Mozilla/5.0 (Linux; Android 7.0;) AppleWebKit/537.36 (KHTML, like Gecko) Mobile Safari/537.36 (compatible; PetalBot;+https://webmaster.petalsearch.com/site/petalbot)"
34.76.189.67 - - [27/Feb/2026:05:32:20 -0500] "GET / HTTP/1.1" 200 38598 "http://middleeastoday.com" "Mozilla/5.0 (compatible; VelenPublicWebCrawler/1.0; +https://velen.io)"
34.76.189.67 - - [27/Feb/2026:05:32:29 -0500] "GET /31st-edition-of-dubai-shopping-festival-kicks-off/ HTTP/1.1" 200 25196 "http://www.middleeastoday.com/31st-edition-of-dubai-shopping-festival-kicks-off" "Mozilla/5.0 (compatible; VelenPublicWebCrawler/1.0; +https://velen.io)"
34.76.189.67 - - [27/Feb/2026:05:32:32 -0500] "GET /abu-dhabi-ship-building-celebrates-25-years-in-business HTTP/1.1" 301 0 "-" "Mozilla/5.0 (compatible; VelenPublicWebCrawler/1.0; +https://velen.io)"
34.76.189.67 - - [27/Feb/2026:05:32:34 -0500] "GET /abu-dhabi-ship-building-celebrates-25-years-in-business/ HTTP/1.1" 200 24042 "http://www.middleeastoday.com/abu-dhabi-ship-building-celebrates-25-years-in-business" "Mozilla/5.0 (compatible; VelenPublicWebCrawler/1.0; +https://velen.io)"
34.76.189.67 - - [27/Feb/2026:05:32:39 -0500] "GET /adnoc-gas-sees-potential-to-advance-ruwais-lng-commercial-start/ HTTP/1.1" 200 24533 "http://www.middleeastoday.com/adnoc-gas-sees-potential-to-advance-ruwais-lng-commercial-start" "Mozilla/5.0 (compatible; VelenPublicWebCrawler/1.0; +https://velen.io)"
34.76.189.67 - - [27/Feb/2026:05:32:43 -0500] "GET /advertise-us/ HTTP/1.1" 200 21389 "http://www.middleeastoday.com/advertise-us" "Mozilla/5.0 (compatible; VelenPublicWebCrawler/1.0; +https://velen.io)"
34.76.189.67 - - [27/Feb/2026:05:32:47 -0500] "GET /air-arabia-abu-dhabi-launches-inaugural-flights-to-yekaterinburg-in-russia HTTP/1.1" 301 0 "-" "Mozilla/5.0 (compatible; VelenPublicWebCrawler/1.0; +https://velen.io)"
34.76.189.67 - - [27/Feb/2026:05:32:52 -0500] "GET /author/admin HTTP/1.1" 301 0 "-" "Mozilla/5.0 (compatible; VelenPublicWebCrawler/1.0; +https://velen.io)"
34.76.189.67 - - [27/Feb/2026:05:32:53 -0500] "GET /author/admin/ HTTP/1.1" 200 23526 "http://www.middleeastoday.com/author/admin" "Mozilla/5.0 (compatible; VelenPublicWebCrawler/1.0; +https://velen.io)"
34.76.189.67 - - [27/Feb/2026:05:32:48 -0500] "GET /air-arabia-abu-dhabi-launches-inaugural-flights-to-yekaterinburg-in-russia/ HTTP/1.1" 200 23109 "http://www.middleeastoday.com/air-arabia-abu-dhabi-launches-inaugural-flights-to-yekaterinburg-in-russia" "Mozilla/5.0 (compatible; VelenPublicWebCrawler/1.0; +https://velen.io)"
34.76.189.67 - - [27/Feb/2026:05:32:57 -0500] "GET /acres-2025-showcases-flagship-real-estate-projects-across-uae HTTP/1.1" 301 0 "-" "Mozilla/5.0 (compatible; VelenPublicWebCrawler/1.0; +https://velen.io)"
34.76.189.67 - - [27/Feb/2026:05:32:58 -0500] "GET /acres-2025-showcases-flagship-real-estate-projects-across-uae/ HTTP/1.1" 200 24162 "http://www.middleeastoday.com/acres-2025-showcases-flagship-real-estate-projects-across-uae" "Mozilla/5.0 (compatible; VelenPublicWebCrawler/1.0; +https://velen.io)"
34.76.189.67 - - [27/Feb/2026:05:33:02 -0500] "GET /being-muskaan-events-creates-an-unforgettable-evening-with-miss-uae-international-2024-and-gulf-achievers-2024 HTTP/1.1" 301 0 "-" "Mozilla/5.0 (compatible; VelenPublicWebCrawler/1.0; +https://velen.io)"
34.76.189.67 - - [27/Feb/2026:05:33:07 -0500] "GET /dubai-based-fashion-label-fajr-al-sabah-sells-49-stake-for-e100-million-following-jewelry-fashion-week-showcase/ HTTP/1.1" 200 24668 "http://www.middleeastoday.com/dubai-based-fashion-label-fajr-al-sabah-sells-49-stake-for-e100-million-following-jewelry-fashion-week-showcase" "Mozilla/5.0 (compatible; VelenPublicWebCrawler/1.0; +https://velen.io)"
34.76.189.67 - - [27/Feb/2026:05:33:15 -0500] "GET /dubai-fitness-challenge-2025-concludes-with-over-3-million-participants HTTP/1.1" 301 0 "-" "Mozilla/5.0 (compatible; VelenPublicWebCrawler/1.0; +https://velen.io)"
114.119.132.207 - - [27/Feb/2026:05:33:17 -0500] "GET /landmark-exhibition-of-dubai-based-artist-trio-opens-at-the-nyuad-art-gallery HTTP/1.1" 301 0 "http://www.middleeastoday.com/who-releases-new-standard-to-tackle-rising-threat-of-hearing-loss" "Mozilla/5.0 (Linux; Android 7.0;) AppleWebKit/537.36 (KHTML, like Gecko) Mobile Safari/537.36 (compatible; PetalBot;+https://webmaster.petalsearch.com/site/petalbot)"
114.119.132.207 - - [27/Feb/2026:05:33:17 -0500] "GET /landmark-exhibition-of-dubai-based-artist-trio-opens-at-the-nyuad-art-gallery/ HTTP/1.1" 200 24192 "http://www.middleeastoday.com/who-releases-new-standard-to-tackle-rising-threat-of-hearing-loss" "Mozilla/5.0 (Linux; Android 7.0;) AppleWebKit/537.36 (KHTML, like Gecko) Mobile Safari/537.36 (compatible; PetalBot;+https://webmaster.petalsearch.com/site/petalbot)"
34.76.189.67 - - [27/Feb/2026:05:33:19 -0500] "GET /dubai-municipality-transforms-old-municipal-street-into-vibrant-pedestrian-tourist-corridor HTTP/1.1" 301 0 "-" "Mozilla/5.0 (compatible; VelenPublicWebCrawler/1.0; +https://velen.io)"
162.213.253.84 - - [27/Feb/2026:05:33:22 -0500] "POST /wp-cron.php?doing_wp_cron=1772188402.1160039901733398437500 HTTP/1.1" 200 0 "-" "WordPress/6.8.1; http://www.middleeastoday.com"
34.76.189.67 - - [27/Feb/2026:05:33:21 -0500] "GET /dubai-municipality-transforms-old-municipal-street-into-vibrant-pedestrian-tourist-corridor/ HTTP/1.1" 200 24061 "http://www.middleeastoday.com/dubai-municipality-transforms-old-municipal-street-into-vibrant-pedestrian-tourist-corridor" "Mozilla/5.0 (compatible; VelenPublicWebCrawler/1.0; +https://velen.io)"
162.213.253.84 - - [27/Feb/2026:05:33:22 -0500] "POST /wp-admin/admin-ajax.php?action=async_litespeed&nonce=hLbdxjNz2Pc9GA3c0qtSxxGGhwvyIZge&litespeed_type=imgoptm HTTP/1.1" 200 21 "-" "WordPress/6.8.1; http://www.middleeastoday.com"
162.213.253.84 - - [27/Feb/2026:05:33:25 -0500] "POST /wp-cron.php?doing_wp_cron=1772188405.2932960987091064453125 HTTP/1.1" 200 0 "-" "WordPress/6.8.1; http://www.middleeastoday.com"
34.76.189.67 - - [27/Feb/2026:05:33:24 -0500] "GET /dubai-south-concludes-successful-2024-across-its-different-districts HTTP/1.1" 301 0 "-" "Mozilla/5.0 (compatible; VelenPublicWebCrawler/1.0; +https://velen.io)"
34.76.189.67 - - [27/Feb/2026:05:33:03 -0500] "GET /being-muskaan-events-creates-an-unforgettable-evening-with-miss-uae-international-2024-and-gulf-achievers-2024/ HTTP/1.1" 200 24218 "http://www.middleeastoday.com/being-muskaan-events-creates-an-unforgettable-evening-with-miss-uae-international-2024-and-gulf-achievers-2024" "Mozilla/5.0 (compatible; VelenPublicWebCrawler/1.0; +https://velen.io)"
34.76.189.67 - - [27/Feb/2026:05:33:06 -0500] "GET /dubai-based-fashion-label-fajr-al-sabah-sells-49-stake-for-e100-million-following-jewelry-fashion-week-showcase HTTP/1.1" 301 0 "-" "Mozilla/5.0 (compatible; VelenPublicWebCrawler/1.0; +https://velen.io)"
34.76.189.67 - - [27/Feb/2026:05:33:10 -0500] "GET /dubai-electricity-and-water-authority-starts-trading-on-dubai-financial-market HTTP/1.1" 301 0 "-" "Mozilla/5.0 (compatible; VelenPublicWebCrawler/1.0; +https://velen.io)"
34.76.189.67 - - [27/Feb/2026:05:33:11 -0500] "GET /dubai-electricity-and-water-authority-starts-trading-on-dubai-financial-market/ HTTP/1.1" 200 24653 "http://www.middleeastoday.com/dubai-electricity-and-water-authority-starts-trading-on-dubai-financial-market" "Mozilla/5.0 (compatible; VelenPublicWebCrawler/1.0; +https://velen.io)"
34.76.189.67 - - [27/Feb/2026:05:33:16 -0500] "GET /dubai-fitness-challenge-2025-concludes-with-over-3-million-participants/ HTTP/1.1" 200 26907 "http://www.middleeastoday.com/dubai-fitness-challenge-2025-concludes-with-over-3-million-participants" "Mozilla/5.0 (compatible; VelenPublicWebCrawler/1.0; +https://velen.io)"
34.76.189.67 - - [27/Feb/2026:05:33:35 -0500] "GET /dubai-metro-hits-new-milestone-with-over-two-billion-riders-since-inauguration/ HTTP/1.1" 200 30833 "http://www.middleeastoday.com/dubai-metro-hits-new-milestone-with-over-two-billion-riders-since-inauguration" "Mozilla/5.0 (compatible; VelenPublicWebCrawler/1.0; +https://velen.io)"
34.76.189.67 - - [27/Feb/2026:05:33:40 -0500] "GET /dxb-tops-air-connectivity-ranking-in-asia-pacific-middle-east/ HTTP/1.1" 200 23408 "http://www.middleeastoday.com/dxb-tops-air-connectivity-ranking-in-asia-pacific-middle-east" "Mozilla/5.0 (compatible; VelenPublicWebCrawler/1.0; +https://velen.io)"
34.76.189.67 - - [27/Feb/2026:05:33:42 -0500] "GET /emirates-drift-championship-returns-to-yas-marina-circuit-for-new-season HTTP/1.1" 301 0 "-" "Mozilla/5.0 (compatible; VelenPublicWebCrawler/1.0; +https://velen.io)"
34.76.189.67 - - [27/Feb/2026:05:33:49 -0500] "GET /emsteel-delivers-first-hydrogen-based-rebar-to-aldar/ HTTP/1.1" 200 23309 "http://www.middleeastoday.com/emsteel-delivers-first-hydrogen-based-rebar-to-aldar" "Mozilla/5.0 (compatible; VelenPublicWebCrawler/1.0; +https://velen.io)"
34.76.189.67 - - [27/Feb/2026:05:33:51 -0500] "GET /evelina-yanchenko-walking-high-on-the-wall-of-fame HTTP/1.1" 301 0 "-" "Mozilla/5.0 (compatible; VelenPublicWebCrawler/1.0; +https://velen.io)"
34.76.189.67 - - [27/Feb/2026:05:33:53 -0500] "GET /evelina-yanchenko-walking-high-on-the-wall-of-fame/ HTTP/1.1" 200 24043 "http://www.middleeastoday.com/evelina-yanchenko-walking-high-on-the-wall-of-fame" "Mozilla/5.0 (compatible; VelenPublicWebCrawler/1.0; +https://velen.io)"
142.44.220.98 - - [27/Feb/2026:05:33:54 -0500] "GET /uae-leaders-congratulate-italian-president-on-republic-day/ HTTP/1.1" 200 19880 "-" "Mozilla/5.0 (compatible; AhrefsBot/7.0; +http://ahrefs.com/robot/)"
143.14.6.223 - - [27/Feb/2026:05:33:55 -0500] "GET /wp-content/uploads/2022/03/Joint-Reconstruction-850x560.jpg HTTP/1.1" 200 92663 "http://www.middleeastoday.com/" "Mozilla/5.0 (Windows NT 10.0; Win64; x64) AppleWebKit/537.36 (KHTML, like Gecko) Chrome/116.0.0.0 Safari/537.36"
34.76.189.67 - - [27/Feb/2026:05:34:01 -0500] "GET /fame-king-vasu-jit-kalia-takes-the-centre-stage-with-the-media-strategist-of-the-year-award HTTP/1.1" 301 0 "-" "Mozilla/5.0 (compatible; VelenPublicWebCrawler/1.0; +https://velen.io)"
34.76.189.67 - - [27/Feb/2026:05:33:26 -0500] "GET /dubai-south-concludes-successful-2024-across-its-different-districts/ HTTP/1.1" 200 24166 "http://www.middleeastoday.com/dubai-south-concludes-successful-2024-across-its-different-districts" "Mozilla/5.0 (compatible; VelenPublicWebCrawler/1.0; +https://velen.io)"
34.76.189.67 - - [27/Feb/2026:05:33:29 -0500] "GET /dubai-south-announces-successful-first-stage-trials-of-autonomous-vehicle HTTP/1.1" 301 0 "-" "Mozilla/5.0 (compatible; VelenPublicWebCrawler/1.0; +https://velen.io)"
34.76.189.67 - - [27/Feb/2026:05:33:31 -0500] "GET /dubai-south-announces-successful-first-stage-trials-of-autonomous-vehicle/ HTTP/1.1" 200 24031 "http://www.middleeastoday.com/dubai-south-announces-successful-first-stage-trials-of-autonomous-vehicle" "Mozilla/5.0 (compatible; VelenPublicWebCrawler/1.0; +https://velen.io)"
34.76.189.67 - - [27/Feb/2026:05:33:33 -0500] "GET /dubai-metro-hits-new-milestone-with-over-two-billion-riders-since-inauguration HTTP/1.1" 301 0 "-" "Mozilla/5.0 (compatible; VelenPublicWebCrawler/1.0; +https://velen.io)"
34.76.189.67 - - [27/Feb/2026:05:33:38 -0500] "GET /dxb-tops-air-connectivity-ranking-in-asia-pacific-middle-east HTTP/1.1" 301 0 "-" "Mozilla/5.0 (compatible; VelenPublicWebCrawler/1.0; +https://velen.io)"
34.76.189.67 - - [27/Feb/2026:05:33:44 -0500] "GET /emirates-drift-championship-returns-to-yas-marina-circuit-for-new-season/ HTTP/1.1" 200 23714 "http://www.middleeastoday.com/emirates-drift-championship-returns-to-yas-marina-circuit-for-new-season" "Mozilla/5.0 (compatible; VelenPublicWebCrawler/1.0; +https://velen.io)"
34.76.189.67 - - [27/Feb/2026:05:33:47 -0500] "GET /emsteel-delivers-first-hydrogen-based-rebar-to-aldar HTTP/1.1" 301 0 "-" "Mozilla/5.0 (compatible; VelenPublicWebCrawler/1.0; +https://velen.io)"
143.14.6.127 - - [27/Feb/2026:05:33:55 -0500] "GET /wp-content/uploads/2022/01/Bayer-Middle-East-850x560.jpg HTTP/1.1" 200 57988 "http://www.middleeastoday.com/" "Mozilla/5.0 (Windows NT 10.0; Win64; x64) AppleWebKit/537.36 (KHTML, like Gecko) Chrome/116.0.0.0 Safari/537.36"
34.76.189.67 - - [27/Feb/2026:05:33:56 -0500] "GET /expo-2020-passes-half-way-mark-with-just-87-days-left HTTP/1.1" 301 0 "-" "Mozilla/5.0 (compatible; VelenPublicWebCrawler/1.0; +https://velen.io)"
34.76.189.67 - - [27/Feb/2026:05:33:58 -0500] "GET /expo-2020-passes-half-way-mark-with-just-87-days-left/ HTTP/1.1" 200 24558 "http://www.middleeastoday.com/expo-2020-passes-half-way-mark-with-just-87-days-left" "Mozilla/5.0 (compatible; VelenPublicWebCrawler/1.0; +https://velen.io)"
34.76.189.67 - - [27/Feb/2026:05:34:06 -0500] "GET /fujairah-ruler-receives-chief-executive-officer-of-enoc-group HTTP/1.1" 301 0 "-" "Mozilla/5.0 (compatible; VelenPublicWebCrawler/1.0; +https://velen.io)"
34.76.189.67 - - [27/Feb/2026:05:34:07 -0500] "GET /fujairah-ruler-receives-chief-executive-officer-of-enoc-group/ HTTP/1.1" 200 22832 "http://www.middleeastoday.com/fujairah-ruler-receives-chief-executive-officer-of-enoc-group" "Mozilla/5.0 (compatible; VelenPublicWebCrawler/1.0; +https://velen.io)"
34.76.189.67 - - [27/Feb/2026:05:34:11 -0500] "GET /get-to-experience-dance-and-fitness-with-deanna-at-dd-dance-studio-dxb/ HTTP/1.1" 200 23136 "http://www.middleeastoday.com/get-to-experience-dance-and-fitness-with-deanna-at-dd-dance-studio-dxb" "Mozilla/5.0 (compatible; VelenPublicWebCrawler/1.0; +https://velen.io)"
34.76.189.67 - - [27/Feb/2026:05:34:14 -0500] "GET /gold-tops-us5000-per-ounce-first-time-ever HTTP/1.1" 301 0 "-" "Mozilla/5.0 (compatible; VelenPublicWebCrawler/1.0; +https://velen.io)"
34.76.189.67 - - [27/Feb/2026:05:34:15 -0500] "GET /gold-tops-us5000-per-ounce-first-time-ever/ HTTP/1.1" 200 22399 "http://www.middleeastoday.com/gold-tops-us5000-per-ounce-first-time-ever" "Mozilla/5.0 (compatible; VelenPublicWebCrawler/1.0; +https://velen.io)"
34.76.189.67 - - [27/Feb/2026:05:34:18 -0500] "GET /joby-to-launch-air-taxi-service-in-uae HTTP/1.1" 301 0 "-" "Mozilla/5.0 (compatible; VelenPublicWebCrawler/1.0; +https://velen.io)"
34.76.189.67 - - [27/Feb/2026:05:34:02 -0500] "GET /fame-king-vasu-jit-kalia-takes-the-centre-stage-with-the-media-strategist-of-the-year-award/ HTTP/1.1" 200 23298 "http://www.middleeastoday.com/fame-king-vasu-jit-kalia-takes-the-centre-stage-with-the-media-strategist-of-the-year-award" "Mozilla/5.0 (compatible; VelenPublicWebCrawler/1.0; +https://velen.io)"
43.173.175.248 - - [27/Feb/2026:05:34:10 -0500] "GET / HTTP/1.1" 200 38598 "-" "Mozilla/5.0 (Windows NT 10.0; Win64; x64) AppleWebKit/537.36 (KHTML, like Gecko) Chrome/116.0.0.0 Safari/537.36"
34.76.189.67 - - [27/Feb/2026:05:34:10 -0500] "GET /get-to-experience-dance-and-fitness-with-deanna-at-dd-dance-studio-dxb HTTP/1.1" 301 0 "-" "Mozilla/5.0 (compatible; VelenPublicWebCrawler/1.0; +https://velen.io)"
162.213.253.84 - - [27/Feb/2026:05:34:24 -0500] "POST /wp-cron.php?doing_wp_cron=1772188464.4376220703125000000000 HTTP/1.1" 200 0 "-" "WordPress/6.8.1; http://www.middleeastoday.com"
162.213.253.84 - - [27/Feb/2026:05:34:26 -0500] "POST /wp-cron.php?doing_wp_cron=1772188466.4024879932403564453125 HTTP/1.1" 200 0 "-" "WordPress/6.8.1; http://www.middleeastoday.com"
43.173.180.99 - - [27/Feb/2026:05:34:28 -0500] "GET /wp-content/plugins/elementor-1/assets/js/video.d11c91c1b2b642a34601.bundle.min.js HTTP/1.1" 200 1335 "http://www.middleeastoday.com/" "Mozilla/5.0 (Windows NT 10.0; Win64; x64) AppleWebKit/537.36 (KHTML, like Gecko) Chrome/116.0.0.0 Safari/537.36"
34.76.189.67 - - [27/Feb/2026:05:34:39 -0500] "GET /uae-cyprus-presidents-discuss-strengthening-comprehensive-strategic-partnership/ HTTP/1.1" 200 23874 "http://www.middleeastoday.com/uae-cyprus-presidents-discuss-strengthening-comprehensive-strategic-partnership" "Mozilla/5.0 (compatible; VelenPublicWebCrawler/1.0; +https://velen.io)"
114.119.137.98 - - [27/Feb/2026:05:34:43 -0500] "GET /etihad-operates-3-flights-to-medan-indonesia/ HTTP/1.1" 200 22772 "https://www.middleeastoday.com/president-of-finland-receives-message-from-uae-president-during-meeting-with-abdullah-bin-zayed" "Mozilla/5.0 (Linux; Android 7.0;) AppleWebKit/537.36 (KHTML, like Gecko) Mobile Safari/537.36 (compatible; PetalBot;+https://webmaster.petalsearch.com/site/petalbot)"
34.76.189.67 - - [27/Feb/2026:05:34:44 -0500] "GET /uae-russian-presidents-hold-talks-in-moscow-to-strengthen-strategic-partnership/ HTTP/1.1" 200 24296 "http://www.middleeastoday.com/uae-russian-presidents-hold-talks-in-moscow-to-strengthen-strategic-partnership" "Mozilla/5.0 (compatible; VelenPublicWebCrawler/1.0; +https://velen.io)"
34.76.189.67 - - [27/Feb/2026:05:34:20 -0500] "GET /joby-to-launch-air-taxi-service-in-uae/ HTTP/1.1" 200 24833 "http://www.middleeastoday.com/joby-to-launch-air-taxi-service-in-uae" "Mozilla/5.0 (compatible; VelenPublicWebCrawler/1.0; +https://velen.io)"
34.76.189.67 - - [27/Feb/2026:05:34:23 -0500] "GET /ruler-of-umm-al-qaiwain-receives-ambassador-of-bahrain HTTP/1.1" 301 0 "-" "Mozilla/5.0 (compatible; VelenPublicWebCrawler/1.0; +https://velen.io)"
162.213.253.84 - - [27/Feb/2026:05:34:25 -0500] "POST /wp-admin/admin-ajax.php?action=async_litespeed&nonce=jUTZcVAitbY89lQe1jjpqRwxQj9xHmhD&litespeed_type=imgoptm HTTP/1.1" 200 21 "-" "WordPress/6.8.1; http://www.middleeastoday.com"
34.76.189.67 - - [27/Feb/2026:05:34:25 -0500] "GET /ruler-of-umm-al-qaiwain-receives-ambassador-of-bahrain/ HTTP/1.1" 200 22827 "http://www.middleeastoday.com/ruler-of-umm-al-qaiwain-receives-ambassador-of-bahrain" "Mozilla/5.0 (compatible; VelenPublicWebCrawler/1.0; +https://velen.io)"
34.76.189.67 - - [27/Feb/2026:05:34:29 -0500] "GET /samsung-launches-98-qled-its-biggest-smart-tv-yet HTTP/1.1" 301 0 "-" "Mozilla/5.0 (compatible; VelenPublicWebCrawler/1.0; +https://velen.io)"
34.76.189.67 - - [27/Feb/2026:05:34:30 -0500] "GET /samsung-launches-98-qled-its-biggest-smart-tv-yet/ HTTP/1.1" 200 23790 "http://www.middleeastoday.com/samsung-launches-98-qled-its-biggest-smart-tv-yet" "Mozilla/5.0 (compatible; VelenPublicWebCrawler/1.0; +https://velen.io)"
34.76.189.67 - - [27/Feb/2026:05:34:33 -0500] "GET /sultan-bin-ahmed-inaugurates-sharjah-international-film-festival HTTP/1.1" 301 0 "-" "Mozilla/5.0 (compatible; VelenPublicWebCrawler/1.0; +https://velen.io)"
34.76.189.67 - - [27/Feb/2026:05:34:34 -0500] "GET /sultan-bin-ahmed-inaugurates-sharjah-international-film-festival/ HTTP/1.1" 200 23116 "http://www.middleeastoday.com/sultan-bin-ahmed-inaugurates-sharjah-international-film-festival" "Mozilla/5.0 (compatible; VelenPublicWebCrawler/1.0; +https://velen.io)"
34.76.189.67 - - [27/Feb/2026:05:34:38 -0500] "GET /uae-cyprus-presidents-discuss-strengthening-comprehensive-strategic-partnership HTTP/1.1" 301 0 "-" "Mozilla/5.0 (compatible; VelenPublicWebCrawler/1.0; +https://velen.io)"
114.119.137.98 - - [27/Feb/2026:05:34:41 -0500] "GET /etihad-operates-3-flights-to-medan-indonesia HTTP/1.1" 301 0 "https://www.middleeastoday.com/president-of-finland-receives-message-from-uae-president-during-meeting-with-abdullah-bin-zayed" "Mozilla/5.0 (Linux; Android 7.0;) AppleWebKit/537.36 (KHTML, like Gecko) Mobile Safari/537.36 (compatible; PetalBot;+https://webmaster.petalsearch.com/site/petalbot)"
34.76.189.67 - - [27/Feb/2026:05:34:42 -0500] "GET /uae-russian-presidents-hold-talks-in-moscow-to-strengthen-strategic-partnership HTTP/1.1" 301 0 "-" "Mozilla/5.0 (compatible; VelenPublicWebCrawler/1.0; +https://velen.io)"
34.76.189.67 - - [27/Feb/2026:05:34:47 -0500] "GET /uae-and-gabon-presidents-discuss-strengthening-bilateral-ties HTTP/1.1" 301 0 "-" "Mozilla/5.0 (compatible; VelenPublicWebCrawler/1.0; +https://velen.io)"
34.76.189.67 - - [27/Feb/2026:05:34:57 -0500] "GET /uae-president-emir-of-qatar-discuss-fraternal-ties-regional-developments-in-phone-call HTTP/1.1" 301 0 "-" "Mozilla/5.0 (compatible; VelenPublicWebCrawler/1.0; +https://velen.io)"
34.76.189.67 - - [27/Feb/2026:05:35:04 -0500] "GET /uae-president-receives-king-of-malaysia/ HTTP/1.1" 200 22979 "http://www.middleeastoday.com/uae-president-receives-king-of-malaysia" "Mozilla/5.0 (compatible; VelenPublicWebCrawler/1.0; +https://velen.io)"
34.76.189.67 - - [27/Feb/2026:05:35:14 -0500] "GET /vasu-jit-kalia-honored-as-celebrity-media-strategist-at-leadership-excellence-awards/ HTTP/1.1" 200 23491 "http://www.middleeastoday.com/vasu-jit-kalia-honored-as-celebrity-media-strategist-at-leadership-excellence-awards" "Mozilla/5.0 (compatible; VelenPublicWebCrawler/1.0; +https://velen.io)"
34.76.189.67 - - [27/Feb/2026:05:35:19 -0500] "GET /the-international-deluxe-beauty-awards-will-be-held-in-dubai-on-april-15/ HTTP/1.1" 200 23353 "http://www.middleeastoday.com/the-international-deluxe-beauty-awards-will-be-held-in-dubai-on-april-15" "Mozilla/5.0 (compatible; VelenPublicWebCrawler/1.0; +https://velen.io)"
162.213.253.84 - - [27/Feb/2026:05:35:25 -0500] "POST /wp-cron.php?doing_wp_cron=1772188525.2463130950927734375000 HTTP/1.1" 200 0 "-" "WordPress/6.8.1; http://www.middleeastoday.com"
34.76.189.67 - - [27/Feb/2026:05:35:29 -0500] "GET /on-behalf-of-uae-president-crown-prince-of-abu-dhabi-arrives-in-new-delhi-to-participate-in-india-ai-impact-summit/ HTTP/1.1" 200 23329 "http://www.middleeastoday.com/on-behalf-of-uae-president-crown-prince-of-abu-dhabi-arrives-in-new-delhi-to-participate-in-india-ai-impact-summit" "Mozilla/5.0 (compatible; VelenPublicWebCrawler/1.0; +https://velen.io)"
34.76.189.67 - - [27/Feb/2026:05:35:31 -0500] "GET /hamdan-bin-zayed-visits-liwa-date-festival-reviews-latest-technologies-in-palm-tree-cultivation HTTP/1.1" 301 0 "-" "Mozilla/5.0 (compatible; VelenPublicWebCrawler/1.0; +https://velen.io)"
34.76.189.67 - - [27/Feb/2026:05:35:33 -0500] "GET /hamdan-bin-zayed-visits-liwa-date-festival-reviews-latest-technologies-in-palm-tree-cultivation/ HTTP/1.1" 200 26595 "http://www.middleeastoday.com/hamdan-bin-zayed-visits-liwa-date-festival-reviews-latest-technologies-in-palm-tree-cultivation" "Mozilla/5.0 (compatible; VelenPublicWebCrawler/1.0; +https://velen.io)"
34.76.189.67 - - [27/Feb/2026:05:35:35 -0500] "GET /sheikh-zayed-festival-announces-new-years-eve-2025-celebrations HTTP/1.1" 301 0 "-" "Mozilla/5.0 (compatible; VelenPublicWebCrawler/1.0; +https://velen.io)"
34.76.189.67 - - [27/Feb/2026:05:35:37 -0500] "GET /sheikh-zayed-festival-announces-new-years-eve-2025-celebrations/ HTTP/1.1" 200 23898 "http://www.middleeastoday.com/sheikh-zayed-festival-announces-new-years-eve-2025-celebrations" "Mozilla/5.0 (compatible; VelenPublicWebCrawler/1.0; +https://velen.io)"
34.76.189.67 - - [27/Feb/2026:05:35:42 -0500] "GET /shurooqs-real-estate-projects-sales-cross-aed5-8-billion/ HTTP/1.1" 200 25059 "http://www.middleeastoday.com/shurooqs-real-estate-projects-sales-cross-aed5-8-billion" "Mozilla/5.0 (compatible; VelenPublicWebCrawler/1.0; +https://velen.io)"
34.76.189.67 - - [27/Feb/2026:05:35:45 -0500] "GET /rolls-royce-motor-cars-dubai-lifts-the-veil-on-centenary-phantom-series HTTP/1.1" 301 0 "-" "Mozilla/5.0 (compatible; VelenPublicWebCrawler/1.0; +https://velen.io)"
34.76.189.67 - - [27/Feb/2026:05:35:47 -0500] "GET /rolls-royce-motor-cars-dubai-lifts-the-veil-on-centenary-phantom-series/ HTTP/1.1" 200 23598 "http://www.middleeastoday.com/rolls-royce-motor-cars-dubai-lifts-the-veil-on-centenary-phantom-series" "Mozilla/5.0 (compatible; VelenPublicWebCrawler/1.0; +https://velen.io)"
34.76.189.67 - - [27/Feb/2026:05:34:49 -0500] "GET /uae-and-gabon-presidents-discuss-strengthening-bilateral-ties/ HTTP/1.1" 200 23209 "http://www.middleeastoday.com/uae-and-gabon-presidents-discuss-strengthening-bilateral-ties" "Mozilla/5.0 (compatible; VelenPublicWebCrawler/1.0; +https://velen.io)"
34.76.189.67 - - [27/Feb/2026:05:34:52 -0500] "GET /uae-leaders-congratulate-ignazio-cassis-on-his-election-as-president-of-swiss-confederation HTTP/1.1" 301 0 "-" "Mozilla/5.0 (compatible; VelenPublicWebCrawler/1.0; +https://velen.io)"
34.76.189.67 - - [27/Feb/2026:05:34:54 -0500] "GET /uae-leaders-congratulate-ignazio-cassis-on-his-election-as-president-of-swiss-confederation/ HTTP/1.1" 200 22794 "http://www.middleeastoday.com/uae-leaders-congratulate-ignazio-cassis-on-his-election-as-president-of-swiss-confederation" "Mozilla/5.0 (compatible; VelenPublicWebCrawler/1.0; +https://velen.io)"
34.76.189.67 - - [27/Feb/2026:05:34:59 -0500] "GET /uae-president-emir-of-qatar-discuss-fraternal-ties-regional-developments-in-phone-call/ HTTP/1.1" 200 22860 "http://www.middleeastoday.com/uae-president-emir-of-qatar-discuss-fraternal-ties-regional-developments-in-phone-call" "Mozilla/5.0 (compatible; VelenPublicWebCrawler/1.0; +https://velen.io)"
34.76.189.67 - - [27/Feb/2026:05:35:02 -0500] "GET /uae-president-receives-king-of-malaysia HTTP/1.1" 301 0 "-" "Mozilla/5.0 (compatible; VelenPublicWebCrawler/1.0; +https://velen.io)"
34.76.189.67 - - [27/Feb/2026:05:35:07 -0500] "GET /uae-president-meets-heads-of-delegations-participating-in-us-russia-ukraine-trilateral-talks HTTP/1.1" 301 0 "-" "Mozilla/5.0 (compatible; VelenPublicWebCrawler/1.0; +https://velen.io)"
34.76.189.67 - - [27/Feb/2026:05:35:09 -0500] "GET /uae-president-meets-heads-of-delegations-participating-in-us-russia-ukraine-trilateral-talks/ HTTP/1.1" 200 23537 "http://www.middleeastoday.com/uae-president-meets-heads-of-delegations-participating-in-us-russia-ukraine-trilateral-talks" "Mozilla/5.0 (compatible; VelenPublicWebCrawler/1.0; +https://velen.io)"
34.76.189.67 - - [27/Feb/2026:05:35:13 -0500] "GET /vasu-jit-kalia-honored-as-celebrity-media-strategist-at-leadership-excellence-awards HTTP/1.1" 301 0 "-" "Mozilla/5.0 (compatible; VelenPublicWebCrawler/1.0; +https://velen.io)"
34.76.189.67 - - [27/Feb/2026:05:35:18 -0500] "GET /the-international-deluxe-beauty-awards-will-be-held-in-dubai-on-april-15 HTTP/1.1" 301 0 "-" "Mozilla/5.0 (compatible; VelenPublicWebCrawler/1.0; +https://velen.io)"
162.213.253.84 - - [27/Feb/2026:05:35:23 -0500] "POST /wp-cron.php?doing_wp_cron=1772188523.5663220882415771484375 HTTP/1.1" 200 0 "-" "WordPress/6.8.1; http://www.middleeastoday.com"
34.76.189.67 - - [27/Feb/2026:05:35:23 -0500] "GET /atm-on-track-for-record-attendance-as-visitor-registrations-double-year-on-year HTTP/1.1" 301 0 "-" "Mozilla/5.0 (compatible; VelenPublicWebCrawler/1.0; +https://velen.io)"
162.213.253.84 - - [27/Feb/2026:05:35:24 -0500] "POST /wp-admin/admin-ajax.php?action=async_litespeed&nonce=mKIDEUSuZ1O6bQJe3g0cFIYH59FH6bpC&litespeed_type=imgoptm HTTP/1.1" 200 21 "-" "WordPress/6.8.1; http://www.middleeastoday.com"
34.76.189.67 - - [27/Feb/2026:05:35:24 -0500] "GET /atm-on-track-for-record-attendance-as-visitor-registrations-double-year-on-year/ HTTP/1.1" 200 24391 "http://www.middleeastoday.com/atm-on-track-for-record-attendance-as-visitor-registrations-double-year-on-year" "Mozilla/5.0 (compatible; VelenPublicWebCrawler/1.0; +https://velen.io)"
34.76.189.67 - - [27/Feb/2026:05:35:27 -0500] "GET /on-behalf-of-uae-president-crown-prince-of-abu-dhabi-arrives-in-new-delhi-to-participate-in-india-ai-impact-summit HTTP/1.1" 301 0 "-" "Mozilla/5.0 (compatible; VelenPublicWebCrawler/1.0; +https://velen.io)"
34.76.189.67 - - [27/Feb/2026:05:35:40 -0500] "GET /shurooqs-real-estate-projects-sales-cross-aed5-8-billion HTTP/1.1" 301 0 "-" "Mozilla/5.0 (compatible; VelenPublicWebCrawler/1.0; +https://velen.io)"
34.76.189.67 - - [27/Feb/2026:05:35:50 -0500] "GET /delta-wealth-partners-announces-strategic-investment-in-taka-sports-at-gitex-global-2025 HTTP/1.1" 301 0 "-" "Mozilla/5.0 (compatible; VelenPublicWebCrawler/1.0; +https://velen.io)"
34.76.189.67 - - [27/Feb/2026:05:35:52 -0500] "GET /delta-wealth-partners-announces-strategic-investment-in-taka-sports-at-gitex-global-2025/ HTTP/1.1" 200 23732 "http://www.middleeastoday.com/delta-wealth-partners-announces-strategic-investment-in-taka-sports-at-gitex-global-2025" "Mozilla/5.0 (compatible; VelenPublicWebCrawler/1.0; +https://velen.io)"
34.76.189.67 - - [27/Feb/2026:05:35:59 -0500] "GET /masdar-continues-to-strengthen-its-leading-stature-in-clean-energy-sector HTTP/1.1" 301 0 "-" "Mozilla/5.0 (compatible; VelenPublicWebCrawler/1.0; +https://velen.io)"
34.76.189.67 - - [27/Feb/2026:05:36:04 -0500] "GET /mohammed-bin-rashid-approves-dubai-governments-general-budget-for-2022-2024-with-aed181-billion-expenditure/ HTTP/1.1" 200 26293 "http://www.middleeastoday.com/mohammed-bin-rashid-approves-dubai-governments-general-budget-for-2022-2024-with-aed181-billion-expenditure" "Mozilla/5.0 (compatible; VelenPublicWebCrawler/1.0; +https://velen.io)"
34.76.189.67 - - [27/Feb/2026:05:36:09 -0500] "GET /mohamed-bin-zayed-directs-treatment-for-3-year-old-afghan-boy-with-cancer/ HTTP/1.1" 200 23774 "http://www.middleeastoday.com/mohamed-bin-zayed-directs-treatment-for-3-year-old-afghan-boy-with-cancer" "Mozilla/5.0 (compatible; VelenPublicWebCrawler/1.0; +https://velen.io)"
34.76.189.67 - - [27/Feb/2026:05:36:13 -0500] "GET /most-noble-numbers-charity-auction-collects-aed53-million-for-1billion-meals-in-less-than-two-hours-in-dubai HTTP/1.1" 301 0 "-" "Mozilla/5.0 (compatible; VelenPublicWebCrawler/1.0; +https://velen.io)"
34.76.189.67 - - [27/Feb/2026:05:36:14 -0500] "GET /most-noble-numbers-charity-auction-collects-aed53-million-for-1billion-meals-in-less-than-two-hours-in-dubai/ HTTP/1.1" 200 24750 "http://www.middleeastoday.com/most-noble-numbers-charity-auction-collects-aed53-million-for-1billion-meals-in-less-than-two-hours-in-dubai" "Mozilla/5.0 (compatible; VelenPublicWebCrawler/1.0; +https://velen.io)"
34.76.189.67 - - [27/Feb/2026:05:36:17 -0500] "GET /integrated-transport-centre-launches-emirates-1st-trial-operation-for-autonomous-delivery-vehicles HTTP/1.1" 301 0 "-" "Mozilla/5.0 (compatible; VelenPublicWebCrawler/1.0; +https://velen.io)"
162.213.253.84 - - [27/Feb/2026:05:36:23 -0500] "POST /wp-admin/admin-ajax.php?action=async_litespeed&nonce=9E644rgSJceWKdxmJ5B6OxzlyY96XSdj&litespeed_type=imgoptm HTTP/1.1" 200 21 "-" "WordPress/6.8.1; http://www.middleeastoday.com"
162.213.253.84 - - [27/Feb/2026:05:36:27 -0500] "POST /wp-cron.php?doing_wp_cron=1772188587.1385490894317626953125 HTTP/1.1" 200 0 "-" "WordPress/6.8.1; http://www.middleeastoday.com"
34.76.189.67 - - [27/Feb/2026:05:36:28 -0500] "GET /honeywell-aviator-hi-fi-audio-system-that-promises-superior-sound-quality-and-sophistication/ HTTP/1.1" 200 24803 "http://www.middleeastoday.com/honeywell-aviator-hi-fi-audio-system-that-promises-superior-sound-quality-and-sophistication" "Mozilla/5.0 (compatible; VelenPublicWebCrawler/1.0; +https://velen.io)"
34.76.189.67 - - [27/Feb/2026:05:36:33 -0500] "GET /stomp-live-makes-uae-debut/ HTTP/1.1" 200 23287 "http://www.middleeastoday.com/stomp-live-makes-uae-debut" "Mozilla/5.0 (compatible; VelenPublicWebCrawler/1.0; +https://velen.io)"
34.76.189.67 - - [27/Feb/2026:05:36:35 -0500] "GET /sharjah-ruler-meets-chief-editors-media-personalities HTTP/1.1" 301 0 "-" "Mozilla/5.0 (compatible; VelenPublicWebCrawler/1.0; +https://velen.io)"
34.76.189.67 - - [27/Feb/2026:05:36:39 -0500] "GET /sharjahs-aed25-billion-coastal-development-to-enhance-emirates-real-estate-landscape HTTP/1.1" 301 0 "-" "Mozilla/5.0 (compatible; VelenPublicWebCrawler/1.0; +https://velen.io)"
34.76.189.67 - - [27/Feb/2026:05:35:54 -0500] "GET /dolcegabbana-eyewear-fw25-campaign-revealed HTTP/1.1" 301 0 "-" "Mozilla/5.0 (compatible; VelenPublicWebCrawler/1.0; +https://velen.io)"
34.76.189.67 - - [27/Feb/2026:05:35:56 -0500] "GET /dolcegabbana-eyewear-fw25-campaign-revealed/ HTTP/1.1" 200 23629 "http://www.middleeastoday.com/dolcegabbana-eyewear-fw25-campaign-revealed" "Mozilla/5.0 (compatible; VelenPublicWebCrawler/1.0; +https://velen.io)"
34.76.189.67 - - [27/Feb/2026:05:36:00 -0500] "GET /masdar-continues-to-strengthen-its-leading-stature-in-clean-energy-sector/ HTTP/1.1" 200 26904 "http://www.middleeastoday.com/masdar-continues-to-strengthen-its-leading-stature-in-clean-energy-sector" "Mozilla/5.0 (compatible; VelenPublicWebCrawler/1.0; +https://velen.io)"
34.76.189.67 - - [27/Feb/2026:05:36:03 -0500] "GET /mohammed-bin-rashid-approves-dubai-governments-general-budget-for-2022-2024-with-aed181-billion-expenditure HTTP/1.1" 301 0 "-" "Mozilla/5.0 (compatible; VelenPublicWebCrawler/1.0; +https://velen.io)"
114.119.130.67 - - [27/Feb/2026:05:36:05 -0500] "GET /category/real-estate/page/4 HTTP/1.1" 301 0 "https://www.middleeastoday.com/?cat=66&paged=3" "Mozilla/5.0 (Linux; Android 7.0;) AppleWebKit/537.36 (KHTML, like Gecko) Mobile Safari/537.36 (compatible; PetalBot;+https://webmaster.petalsearch.com/site/petalbot)"
114.119.130.67 - - [27/Feb/2026:05:36:06 -0500] "GET /category/real-estate/page/4/ HTTP/1.1" 200 23581 "https://www.middleeastoday.com/?cat=66&paged=3" "Mozilla/5.0 (Linux; Android 7.0;) AppleWebKit/537.36 (KHTML, like Gecko) Mobile Safari/537.36 (compatible; PetalBot;+https://webmaster.petalsearch.com/site/petalbot)"
34.76.189.67 - - [27/Feb/2026:05:36:08 -0500] "GET /mohamed-bin-zayed-directs-treatment-for-3-year-old-afghan-boy-with-cancer HTTP/1.1" 301 0 "-" "Mozilla/5.0 (compatible; VelenPublicWebCrawler/1.0; +https://velen.io)"
34.76.189.67 - - [27/Feb/2026:05:36:19 -0500] "GET /integrated-transport-centre-launches-emirates-1st-trial-operation-for-autonomous-delivery-vehicles/ HTTP/1.1" 200 24289 "http://www.middleeastoday.com/integrated-transport-centre-launches-emirates-1st-trial-operation-for-autonomous-delivery-vehicles" "Mozilla/5.0 (compatible; VelenPublicWebCrawler/1.0; +https://velen.io)"
162.213.253.84 - - [27/Feb/2026:05:36:23 -0500] "POST /wp-cron.php?doing_wp_cron=1772188583.0727710723876953125000 HTTP/1.1" 200 0 "-" "WordPress/6.8.1; http://www.middleeastoday.com"
34.76.189.67 - - [27/Feb/2026:05:36:22 -0500] "GET /international-reports-real-estate-key-driver-of-uae-economic-growth HTTP/1.1" 301 0 "-" "Mozilla/5.0 (compatible; VelenPublicWebCrawler/1.0; +https://velen.io)"
34.76.189.67 - - [27/Feb/2026:05:36:24 -0500] "GET /international-reports-real-estate-key-driver-of-uae-economic-growth/ HTTP/1.1" 200 24233 "http://www.middleeastoday.com/international-reports-real-estate-key-driver-of-uae-economic-growth" "Mozilla/5.0 (compatible; VelenPublicWebCrawler/1.0; +https://velen.io)"
34.76.189.67 - - [27/Feb/2026:05:36:26 -0500] "GET /honeywell-aviator-hi-fi-audio-system-that-promises-superior-sound-quality-and-sophistication HTTP/1.1" 301 0 "-" "Mozilla/5.0 (compatible; VelenPublicWebCrawler/1.0; +https://velen.io)"
34.76.189.67 - - [27/Feb/2026:05:36:31 -0500] "GET /stomp-live-makes-uae-debut HTTP/1.1" 301 0 "-" "Mozilla/5.0 (compatible; VelenPublicWebCrawler/1.0; +https://velen.io)"
34.76.189.67 - - [27/Feb/2026:05:36:37 -0500] "GET /sharjah-ruler-meets-chief-editors-media-personalities/ HTTP/1.1" 200 25456 "http://www.middleeastoday.com/sharjah-ruler-meets-chief-editors-media-personalities" "Mozilla/5.0 (compatible; VelenPublicWebCrawler/1.0; +https://velen.io)"
34.76.189.67 - - [27/Feb/2026:05:36:45 -0500] "GET /mansour-bin-zayed-turkmen-deputy-prime-minister-discuss-enhancing-bilateral-ties/ HTTP/1.1" 200 23038 "http://www.middleeastoday.com/mansour-bin-zayed-turkmen-deputy-prime-minister-discuss-enhancing-bilateral-ties" "Mozilla/5.0 (compatible; VelenPublicWebCrawler/1.0; +https://velen.io)"
34.76.189.67 - - [27/Feb/2026:05:36:41 -0500] "GET /sharjahs-aed25-billion-coastal-development-to-enhance-emirates-real-estate-landscape/ HTTP/1.1" 200 23841 "http://www.middleeastoday.com/sharjahs-aed25-billion-coastal-development-to-enhance-emirates-real-estate-landscape" "Mozilla/5.0 (compatible; VelenPublicWebCrawler/1.0; +https://velen.io)"
34.76.189.67 - - [27/Feb/2026:05:36:44 -0500] "GET /mansour-bin-zayed-turkmen-deputy-prime-minister-discuss-enhancing-bilateral-ties HTTP/1.1" 301 0 "-" "Mozilla/5.0 (compatible; VelenPublicWebCrawler/1.0; +https://velen.io)"
34.76.189.67 - - [27/Feb/2026:05:36:50 -0500] "GET /category/awards/ HTTP/1.1" 200 23570 "http://www.middleeastoday.com/category/awards" "Mozilla/5.0 (compatible; VelenPublicWebCrawler/1.0; +https://velen.io)"
34.76.189.67 - - [27/Feb/2026:05:37:00 -0500] "GET /category/business/ HTTP/1.1" 200 24334 "http://www.middleeastoday.com/category/business" "Mozilla/5.0 (compatible; VelenPublicWebCrawler/1.0; +https://velen.io)"
34.76.189.67 - - [27/Feb/2026:05:37:07 -0500] "GET /category/exhibitions HTTP/1.1" 301 0 "-" "Mozilla/5.0 (compatible; VelenPublicWebCrawler/1.0; +https://velen.io)"
34.76.189.67 - - [27/Feb/2026:05:37:08 -0500] "GET /category/exhibitions/ HTTP/1.1" 200 24412 "http://www.middleeastoday.com/category/exhibitions" "Mozilla/5.0 (compatible; VelenPublicWebCrawler/1.0; +https://velen.io)"
34.76.189.67 - - [27/Feb/2026:05:37:12 -0500] "GET /category/jobs HTTP/1.1" 301 0 "-" "Mozilla/5.0 (compatible; VelenPublicWebCrawler/1.0; +https://velen.io)"
34.76.189.67 - - [27/Feb/2026:05:37:13 -0500] "GET /category/jobs/ HTTP/1.1" 200 20910 "http://www.middleeastoday.com/category/jobs" "Mozilla/5.0 (compatible; VelenPublicWebCrawler/1.0; +https://velen.io)"
34.76.189.67 - - [27/Feb/2026:05:37:16 -0500] "GET /category/national-news HTTP/1.1" 301 0 "-" "Mozilla/5.0 (compatible; VelenPublicWebCrawler/1.0; +https://velen.io)"
34.76.189.67 - - [27/Feb/2026:05:37:23 -0500] "GET /category/products/ HTTP/1.1" 200 24436 "http://www.middleeastoday.com/category/products" "Mozilla/5.0 (compatible; VelenPublicWebCrawler/1.0; +https://velen.io)"
162.213.253.84 - - [27/Feb/2026:05:37:26 -0500] "POST /wp-cron.php?doing_wp_cron=1772188646.3200449943542480468750 HTTP/1.1" 200 0 "-" "WordPress/6.8.1; http://www.middleeastoday.com"
114.119.154.115 - - [27/Feb/2026:05:37:28 -0500] "GET /category/music-concerts/ HTTP/1.1" 200 21863 "http://www.middleeastoday.com/his-highness-sheikh-mohammed-bin-rashid-reviews-cultural-district-project-in-dubai-south" "Mozilla/5.0 (Linux; Android 7.0;) AppleWebKit/537.36 (KHTML, like Gecko) Mobile Safari/537.36 (compatible; PetalBot;+https://webmaster.petalsearch.com/site/petalbot)"
34.76.189.67 - - [27/Feb/2026:05:37:30 -0500] "GET /category/travel-tourism HTTP/1.1" 301 0 "-" "Mozilla/5.0 (compatible; VelenPublicWebCrawler/1.0; +https://velen.io)"
34.76.189.67 - - [27/Feb/2026:05:37:37 -0500] "GET /category/travel-tourism/airlines/ HTTP/1.1" 200 24291 "http://www.middleeastoday.com/category/travel-tourism/airlines" "Mozilla/5.0 (compatible; VelenPublicWebCrawler/1.0; +https://velen.io)"
34.76.189.67 - - [27/Feb/2026:05:37:40 -0500] "GET /category/travel-tourism/eating-out HTTP/1.1" 301 0 "-" "Mozilla/5.0 (compatible; VelenPublicWebCrawler/1.0; +https://velen.io)"
34.76.189.67 - - [27/Feb/2026:05:37:41 -0500] "GET /category/travel-tourism/eating-out/ HTTP/1.1" 200 22686 "http://www.middleeastoday.com/category/travel-tourism/eating-out" "Mozilla/5.0 (compatible; VelenPublicWebCrawler/1.0; +https://velen.io)"
34.76.189.67 - - [27/Feb/2026:05:37:46 -0500] "GET /category/travel-tourism/hotels/ HTTP/1.1" 200 22790 "http://www.middleeastoday.com/category/travel-tourism/hotels" "Mozilla/5.0 (compatible; VelenPublicWebCrawler/1.0; +https://velen.io)"
34.76.189.67 - - [27/Feb/2026:05:37:51 -0500] "GET /category/travel-tourism/destinations/ HTTP/1.1" 200 24494 "http://www.middleeastoday.com/category/travel-tourism/destinations" "Mozilla/5.0 (compatible; VelenPublicWebCrawler/1.0; +https://velen.io)"
34.76.189.67 - - [27/Feb/2026:05:36:48 -0500] "GET /category/awards HTTP/1.1" 301 0 "-" "Mozilla/5.0 (compatible; VelenPublicWebCrawler/1.0; +https://velen.io)"
