34.76.189.67 - - [27/Feb/2026:05:36:53 -0500] "GET /category/beauty-fashion HTTP/1.1" 301 0 "-" "Mozilla/5.0 (compatible; VelenPublicWebCrawler/1.0; +https://velen.io)"
34.76.189.67 - - [27/Feb/2026:05:36:55 -0500] "GET /category/beauty-fashion/ HTTP/1.1" 200 24430 "http://www.middleeastoday.com/category/beauty-fashion" "Mozilla/5.0 (compatible; VelenPublicWebCrawler/1.0; +https://velen.io)"
34.76.189.67 - - [27/Feb/2026:05:36:58 -0500] "GET /category/business HTTP/1.1" 301 0 "-" "Mozilla/5.0 (compatible; VelenPublicWebCrawler/1.0; +https://velen.io)"
34.76.189.67 - - [27/Feb/2026:05:37:03 -0500] "GET /category/events HTTP/1.1" 301 0 "-" "Mozilla/5.0 (compatible; VelenPublicWebCrawler/1.0; +https://velen.io)"
34.76.189.67 - - [27/Feb/2026:05:37:04 -0500] "GET /category/events/ HTTP/1.1" 200 21932 "http://www.middleeastoday.com/category/events" "Mozilla/5.0 (compatible; VelenPublicWebCrawler/1.0; +https://velen.io)"
34.76.189.67 - - [27/Feb/2026:05:37:18 -0500] "GET /category/national-news/ HTTP/1.1" 200 23609 "http://www.middleeastoday.com/category/national-news" "Mozilla/5.0 (compatible; VelenPublicWebCrawler/1.0; +https://velen.io)"
162.213.253.84 - - [27/Feb/2026:05:37:22 -0500] "POST /wp-cron.php?doing_wp_cron=1772188642.2200748920440673828125 HTTP/1.1" 200 0 "-" "WordPress/6.8.1; http://www.middleeastoday.com"
34.76.189.67 - - [27/Feb/2026:05:37:21 -0500] "GET /category/products HTTP/1.1" 301 0 "-" "Mozilla/5.0 (compatible; VelenPublicWebCrawler/1.0; +https://velen.io)"
162.213.253.84 - - [27/Feb/2026:05:37:22 -0500] "POST /wp-admin/admin-ajax.php?action=async_litespeed&nonce=PGEVHGsszGMoPgjn7hFbBat8pXKoKYio&litespeed_type=imgoptm HTTP/1.1" 200 21 "-" "WordPress/6.8.1; http://www.middleeastoday.com"
34.76.189.67 - - [27/Feb/2026:05:37:25 -0500] "GET /category/press-releases HTTP/1.1" 301 0 "-" "Mozilla/5.0 (compatible; VelenPublicWebCrawler/1.0; +https://velen.io)"
34.76.189.67 - - [27/Feb/2026:05:37:27 -0500] "GET /category/press-releases/ HTTP/1.1" 200 21528 "http://www.middleeastoday.com/category/press-releases" "Mozilla/5.0 (compatible; VelenPublicWebCrawler/1.0; +https://velen.io)"
34.76.189.67 - - [27/Feb/2026:05:37:32 -0500] "GET /category/travel-tourism/ HTTP/1.1" 200 24391 "http://www.middleeastoday.com/category/travel-tourism" "Mozilla/5.0 (compatible; VelenPublicWebCrawler/1.0; +https://velen.io)"
34.76.189.67 - - [27/Feb/2026:05:37:35 -0500] "GET /category/travel-tourism/airlines HTTP/1.1" 301 0 "-" "Mozilla/5.0 (compatible; VelenPublicWebCrawler/1.0; +https://velen.io)"
185.191.171.11 - - [27/Feb/2026:05:37:41 -0500] "GET /cleveland-clinic-abu-dhabi-completes-50-successful-deep-brain-stimulation-implants-for-parkinsons-treatment/ HTTP/1.1" 200 24184 "-" "Mozilla/5.0 (compatible; SemrushBot/7~bl; +http://www.semrush.com/bot.html)"
34.76.189.67 - - [27/Feb/2026:05:37:45 -0500] "GET /category/travel-tourism/hotels HTTP/1.1" 301 0 "-" "Mozilla/5.0 (compatible; VelenPublicWebCrawler/1.0; +https://velen.io)"
34.76.189.67 - - [27/Feb/2026:05:37:49 -0500] "GET /category/travel-tourism/destinations HTTP/1.1" 301 0 "-" "Mozilla/5.0 (compatible; VelenPublicWebCrawler/1.0; +https://velen.io)"
34.76.189.67 - - [27/Feb/2026:05:38:03 -0500] "GET /category/education HTTP/1.1" 301 0 "-" "Mozilla/5.0 (compatible; VelenPublicWebCrawler/1.0; +https://velen.io)"
34.76.189.67 - - [27/Feb/2026:05:38:05 -0500] "GET /category/education/ HTTP/1.1" 200 24167 "http://www.middleeastoday.com/category/education" "Mozilla/5.0 (compatible; VelenPublicWebCrawler/1.0; +https://velen.io)"
34.76.189.67 - - [27/Feb/2026:05:38:10 -0500] "GET /category/art/ HTTP/1.1" 200 24203 "http://www.middleeastoday.com/category/art" "Mozilla/5.0 (compatible; VelenPublicWebCrawler/1.0; +https://velen.io)"
34.76.189.67 - - [27/Feb/2026:05:37:54 -0500] "GET /category/video HTTP/1.1" 301 0 "-" "Mozilla/5.0 (compatible; VelenPublicWebCrawler/1.0; +https://velen.io)"
34.76.189.67 - - [27/Feb/2026:05:37:56 -0500] "GET /category/video/ HTTP/1.1" 200 22744 "http://www.middleeastoday.com/category/video" "Mozilla/5.0 (compatible; VelenPublicWebCrawler/1.0; +https://velen.io)"
34.76.189.67 - - [27/Feb/2026:05:37:59 -0500] "GET /category/yoga HTTP/1.1" 301 0 "-" "Mozilla/5.0 (compatible; VelenPublicWebCrawler/1.0; +https://velen.io)"
34.76.189.67 - - [27/Feb/2026:05:38:00 -0500] "GET /category/yoga/ HTTP/1.1" 200 20939 "http://www.middleeastoday.com/category/yoga" "Mozilla/5.0 (compatible; VelenPublicWebCrawler/1.0; +https://velen.io)"
34.76.189.67 - - [27/Feb/2026:05:38:08 -0500] "GET /category/art HTTP/1.1" 301 0 "-" "Mozilla/5.0 (compatible; VelenPublicWebCrawler/1.0; +https://velen.io)"
34.76.189.67 - - [27/Feb/2026:05:38:13 -0500] "GET /category/news HTTP/1.1" 301 0 "-" "Mozilla/5.0 (compatible; VelenPublicWebCrawler/1.0; +https://velen.io)"
34.76.189.67 - - [27/Feb/2026:05:38:19 -0500] "GET /category/lifestyle/ HTTP/1.1" 200 23441 "http://www.middleeastoday.com/category/lifestyle" "Mozilla/5.0 (compatible; VelenPublicWebCrawler/1.0; +https://velen.io)"
34.76.189.67 - - [27/Feb/2026:05:38:22 -0500] "GET /category/lifestyle/fashion HTTP/1.1" 301 0 "-" "Mozilla/5.0 (compatible; VelenPublicWebCrawler/1.0; +https://velen.io)"
162.213.253.84 - - [27/Feb/2026:05:38:23 -0500] "POST /wp-admin/admin-ajax.php?action=async_litespeed&nonce=3KOnGTm4Jd65HPrUhSRZL8Z4EG7jvzn8&litespeed_type=imgoptm HTTP/1.1" 200 21 "-" "WordPress/6.8.1; http://www.middleeastoday.com"
34.76.189.67 - - [27/Feb/2026:05:38:27 -0500] "GET /category/lifestyle/sports HTTP/1.1" 301 0 "-" "Mozilla/5.0 (compatible; VelenPublicWebCrawler/1.0; +https://velen.io)"
34.76.189.67 - - [27/Feb/2026:05:38:29 -0500] "GET /category/lifestyle/sports/ HTTP/1.1" 200 22294 "http://www.middleeastoday.com/category/lifestyle/sports" "Mozilla/5.0 (compatible; VelenPublicWebCrawler/1.0; +https://velen.io)"
34.76.189.67 - - [27/Feb/2026:05:38:36 -0500] "GET /category/lifestyle/health HTTP/1.1" 301 0 "-" "Mozilla/5.0 (compatible; VelenPublicWebCrawler/1.0; +https://velen.io)"
34.76.189.67 - - [27/Feb/2026:05:38:38 -0500] "GET /category/lifestyle/health/ HTTP/1.1" 200 22520 "http://www.middleeastoday.com/category/lifestyle/health" "Mozilla/5.0 (compatible; VelenPublicWebCrawler/1.0; +https://velen.io)"
34.76.189.67 - - [27/Feb/2026:05:38:40 -0500] "GET /category/conferences HTTP/1.1" 301 0 "-" "Mozilla/5.0 (compatible; VelenPublicWebCrawler/1.0; +https://velen.io)"
34.76.189.67 - - [27/Feb/2026:05:38:42 -0500] "GET /category/conferences/ HTTP/1.1" 200 23118 "http://www.middleeastoday.com/category/conferences" "Mozilla/5.0 (compatible; VelenPublicWebCrawler/1.0; +https://velen.io)"
34.76.189.67 - - [27/Feb/2026:05:38:50 -0500] "GET /category/astrology-tarot HTTP/1.1" 301 0 "-" "Mozilla/5.0 (compatible; VelenPublicWebCrawler/1.0; +https://velen.io)"
34.76.189.67 - - [27/Feb/2026:05:38:56 -0500] "GET /category/articles/ HTTP/1.1" 200 21839 "http://www.middleeastoday.com/category/articles" "Mozilla/5.0 (compatible; VelenPublicWebCrawler/1.0; +https://velen.io)"
34.76.189.67 - - [27/Feb/2026:05:38:58 -0500] "GET /category/international-news HTTP/1.1" 301 0 "-" "Mozilla/5.0 (compatible; VelenPublicWebCrawler/1.0; +https://velen.io)"
34.76.189.67 - - [27/Feb/2026:05:39:00 -0500] "GET /category/international-news/ HTTP/1.1" 200 24132 "http://www.middleeastoday.com/category/international-news" "Mozilla/5.0 (compatible; VelenPublicWebCrawler/1.0; +https://velen.io)"
34.76.189.67 - - [27/Feb/2026:05:39:04 -0500] "GET /category/health-2/ HTTP/1.1" 200 24369 "http://www.middleeastoday.com/category/health-2" "Mozilla/5.0 (compatible; VelenPublicWebCrawler/1.0; +https://velen.io)"
34.76.189.67 - - [27/Feb/2026:05:39:07 -0500] "GET /category/home_side HTTP/1.1" 301 0 "-" "Mozilla/5.0 (compatible; VelenPublicWebCrawler/1.0; +https://velen.io)"
34.76.189.67 - - [27/Feb/2026:05:38:15 -0500] "GET /category/news/ HTTP/1.1" 200 21787 "http://www.middleeastoday.com/category/news" "Mozilla/5.0 (compatible; VelenPublicWebCrawler/1.0; +https://velen.io)"
34.76.189.67 - - [27/Feb/2026:05:38:17 -0500] "GET /category/lifestyle HTTP/1.1" 301 0 "-" "Mozilla/5.0 (compatible; VelenPublicWebCrawler/1.0; +https://velen.io)"
162.213.253.84 - - [27/Feb/2026:05:38:23 -0500] "POST /wp-cron.php?doing_wp_cron=1772188703.1347689628601074218750 HTTP/1.1" 200 0 "-" "WordPress/6.8.1; http://www.middleeastoday.com"
162.213.253.84 - - [27/Feb/2026:05:38:24 -0500] "POST /wp-cron.php?doing_wp_cron=1772188704.8086829185485839843750 HTTP/1.1" 200 0 "-" "WordPress/6.8.1; http://www.middleeastoday.com"
34.76.189.67 - - [27/Feb/2026:05:38:24 -0500] "GET /category/lifestyle/fashion/ HTTP/1.1" 200 23299 "http://www.middleeastoday.com/category/lifestyle/fashion" "Mozilla/5.0 (compatible; VelenPublicWebCrawler/1.0; +https://velen.io)"
34.76.189.67 - - [27/Feb/2026:05:38:32 -0500] "GET /category/lifestyle/tech HTTP/1.1" 301 0 "-" "Mozilla/5.0 (compatible; VelenPublicWebCrawler/1.0; +https://velen.io)"
34.76.189.67 - - [27/Feb/2026:05:38:33 -0500] "GET /category/lifestyle/tech/ HTTP/1.1" 200 21715 "http://www.middleeastoday.com/category/lifestyle/tech" "Mozilla/5.0 (compatible; VelenPublicWebCrawler/1.0; +https://velen.io)"
34.76.189.67 - - [27/Feb/2026:05:38:45 -0500] "GET /category/entertainment HTTP/1.1" 301 0 "-" "Mozilla/5.0 (compatible; VelenPublicWebCrawler/1.0; +https://velen.io)"
34.76.189.67 - - [27/Feb/2026:05:38:47 -0500] "GET /category/entertainment/ HTTP/1.1" 200 21521 "http://www.middleeastoday.com/category/entertainment" "Mozilla/5.0 (compatible; VelenPublicWebCrawler/1.0; +https://velen.io)"
34.76.189.67 - - [27/Feb/2026:05:38:52 -0500] "GET /category/astrology-tarot/ HTTP/1.1" 200 20966 "http://www.middleeastoday.com/category/astrology-tarot" "Mozilla/5.0 (compatible; VelenPublicWebCrawler/1.0; +https://velen.io)"
114.119.137.153 - - [27/Feb/2026:05:38:52 -0500] "GET /asas-real-estate-launches-second-phase-sales-of-al-rahmaniyah-commercial-lands/ HTTP/1.1" 200 23271 "http://www.middleeastoday.com/category/real-estate/page/3" "Mozilla/5.0 (Linux; Android 7.0;) AppleWebKit/537.36 (KHTML, like Gecko) Mobile Safari/537.36 (compatible; PetalBot;+https://webmaster.petalsearch.com/site/petalbot)"
34.76.189.67 - - [27/Feb/2026:05:38:54 -0500] "GET /category/articles HTTP/1.1" 301 0 "-" "Mozilla/5.0 (compatible; VelenPublicWebCrawler/1.0; +https://velen.io)"
34.76.189.67 - - [27/Feb/2026:05:39:02 -0500] "GET /category/health-2 HTTP/1.1" 301 0 "-" "Mozilla/5.0 (compatible; VelenPublicWebCrawler/1.0; +https://velen.io)"
34.76.189.67 - - [27/Feb/2026:05:39:09 -0500] "GET /category/home_side/ HTTP/1.1" 200 23956 "http://www.middleeastoday.com/category/home_side" "Mozilla/5.0 (compatible; VelenPublicWebCrawler/1.0; +https://velen.io)"
34.76.189.67 - - [27/Feb/2026:05:39:13 -0500] "GET /category/real-estate/ HTTP/1.1" 200 23904 "http://www.middleeastoday.com/category/real-estate" "Mozilla/5.0 (compatible; VelenPublicWebCrawler/1.0; +https://velen.io)"
162.213.253.84 - - [27/Feb/2026:05:39:23 -0500] "POST /wp-cron.php?doing_wp_cron=1772188763.3084690570831298828125 HTTP/1.1" 200 0 "-" "WordPress/6.8.1; http://www.middleeastoday.com"
34.195.60.66 - - [27/Feb/2026:05:39:22 -0500] "GET /wp-json/oembed/1.0/embed?url=http://www.middleeastoday.com/the-countdown-to-presale-started-and-the-initial-coin-offering-is-scheduled-for-march-15-gulfcoin-cryptocurrency-to-provide-digital-services-and-financial-inclusion-to-the-masses/ HTTP/1.1" 200 3150 "-" "Mozilla/5.0 AppleWebKit/537.36 (KHTML, like Gecko; compatible; Amazonbot/0.1; +https://developer.amazon.com/support/amazonbot) Chrome/119.0.6045.214 Safari/537.36"
34.76.189.67 - - [27/Feb/2026:05:39:26 -0500] "GET /precious-metals-kick-off-new-year-on-strong-note HTTP/1.1" 301 0 "-" "Mozilla/5.0 (compatible; VelenPublicWebCrawler/1.0; +https://velen.io)"
34.76.189.67 - - [27/Feb/2026:05:39:11 -0500] "GET /category/real-estate HTTP/1.1" 301 0 "-" "Mozilla/5.0 (compatible; VelenPublicWebCrawler/1.0; +https://velen.io)"
34.76.189.67 - - [27/Feb/2026:05:39:16 -0500] "GET /category/uncategorized HTTP/1.1" 301 0 "-" "Mozilla/5.0 (compatible; VelenPublicWebCrawler/1.0; +https://velen.io)"
34.76.189.67 - - [27/Feb/2026:05:39:18 -0500] "GET /category/uncategorized/ HTTP/1.1" 200 23501 "http://www.middleeastoday.com/category/uncategorized" "Mozilla/5.0 (compatible; VelenPublicWebCrawler/1.0; +https://velen.io)"
34.76.189.67 - - [27/Feb/2026:05:39:21 -0500] "GET /category/music-concerts HTTP/1.1" 301 0 "-" "Mozilla/5.0 (compatible; VelenPublicWebCrawler/1.0; +https://velen.io)"
34.76.189.67 - - [27/Feb/2026:05:39:23 -0500] "GET /category/music-concerts/ HTTP/1.1" 200 21872 "http://www.middleeastoday.com/category/music-concerts" "Mozilla/5.0 (compatible; VelenPublicWebCrawler/1.0; +https://velen.io)"
162.213.253.84 - - [27/Feb/2026:05:39:23 -0500] "POST /wp-admin/admin-ajax.php?action=async_litespeed&nonce=23c53ElVUlkDA5t9mpO2LjSCXkU0ggEf&litespeed_type=imgoptm HTTP/1.1" 200 21 "-" "WordPress/6.8.1; http://www.middleeastoday.com"
162.213.253.84 - - [27/Feb/2026:05:39:26 -0500] "POST /wp-cron.php?doing_wp_cron=1772188766.5688319206237792968750 HTTP/1.1" 200 0 "-" "WordPress/6.8.1; http://www.middleeastoday.com"
34.76.189.67 - - [27/Feb/2026:05:39:32 -0500] "GET /barraquer-eye-hospital-one-stop-shop-for-all-your-vision-needs/ HTTP/1.1" 200 24163 "http://www.middleeastoday.com/barraquer-eye-hospital-one-stop-shop-for-all-your-vision-needs" "Mozilla/5.0 (compatible; VelenPublicWebCrawler/1.0; +https://velen.io)"
52.71.46.142 - - [27/Feb/2026:05:39:34 -0500] "GET /wp-json/oembed/1.0/embed?format=xml&url=http://www.middleeastoday.com/acres-2025-showcases-flagship-real-estate-projects-across-uae/ HTTP/1.1" 200 1266 "-" "Mozilla/5.0 AppleWebKit/537.36 (KHTML, like Gecko; compatible; Amazonbot/0.1; +https://developer.amazon.com/support/amazonbot) Chrome/119.0.6045.214 Safari/537.36"
34.76.189.67 - - [27/Feb/2026:05:39:35 -0500] "GET /for-the-first-time-in-history-olympic-games-paris-2024-opening-ceremony-takes-place-outside-a-stadium HTTP/1.1" 301 0 "-" "Mozilla/5.0 (compatible; VelenPublicWebCrawler/1.0; +https://velen.io)"
34.76.189.67 - - [27/Feb/2026:05:39:37 -0500] "GET /for-the-first-time-in-history-olympic-games-paris-2024-opening-ceremony-takes-place-outside-a-stadium/ HTTP/1.1" 200 23328 "http://www.middleeastoday.com/for-the-first-time-in-history-olympic-games-paris-2024-opening-ceremony-takes-place-outside-a-stadium" "Mozilla/5.0 (compatible; VelenPublicWebCrawler/1.0; +https://velen.io)"
34.76.189.67 - - [27/Feb/2026:05:39:40 -0500] "GET /category/dubai-expo HTTP/1.1" 301 0 "-" "Mozilla/5.0 (compatible; VelenPublicWebCrawler/1.0; +https://velen.io)"
34.231.156.59 - - [27/Feb/2026:05:39:41 -0500] "GET /wp-json/oembed/1.0/embed?url=http://www.middleeastoday.com/aed6-2-billion-in-deals-concluded-as-global-food-week-wraps-up-in-abu-dhabi/ HTTP/1.1" 200 2638 "-" "Mozilla/5.0 AppleWebKit/537.36 (KHTML, like Gecko; compatible; Amazonbot/0.1; +https://developer.amazon.com/support/amazonbot) Chrome/119.0.6045.214 Safari/537.36"
34.76.189.67 - - [27/Feb/2026:05:39:46 -0500] "GET /category/food/ HTTP/1.1" 200 21960 "http://www.middleeastoday.com/category/food" "Mozilla/5.0 (compatible; VelenPublicWebCrawler/1.0; +https://velen.io)"
52.1.157.90 - - [27/Feb/2026:05:39:52 -0500] "GET /wp-json/wp/v2/posts/8938 HTTP/1.1" 200 3322 "-" "Mozilla/5.0 AppleWebKit/537.36 (KHTML, like Gecko; compatible; Amazonbot/0.1; +https://developer.amazon.com/support/amazonbot) Chrome/119.0.6045.214 Safari/537.36"
34.76.189.67 - - [27/Feb/2026:05:39:56 -0500] "GET /dubais-first-time-home-buyer-programme-helps-over-2000-residents-become-homeowners-in-6-months-since-launch/ HTTP/1.1" 200 24943 "http://www.middleeastoday.com/dubais-first-time-home-buyer-programme-helps-over-2000-residents-become-homeowners-in-6-months-since-launch" "Mozilla/5.0 (compatible; VelenPublicWebCrawler/1.0; +https://velen.io)"
34.76.189.67 - - [27/Feb/2026:05:39:27 -0500] "GET /precious-metals-kick-off-new-year-on-strong-note/ HTTP/1.1" 200 23039 "http://www.middleeastoday.com/precious-metals-kick-off-new-year-on-strong-note" "Mozilla/5.0 (compatible; VelenPublicWebCrawler/1.0; +https://velen.io)"
44.220.2.97 - - [27/Feb/2026:05:39:29 -0500] "GET /wp-json/oembed/1.0/embed?url=http://www.middleeastoday.com/globe-soccer-awards-signs-five-year-agreement-with-laliga/ HTTP/1.1" 200 2544 "-" "Mozilla/5.0 AppleWebKit/537.36 (KHTML, like Gecko; compatible; Amazonbot/0.1; +https://developer.amazon.com/support/amazonbot) Chrome/119.0.6045.214 Safari/537.36"
142.44.233.20 - - [27/Feb/2026:05:39:31 -0500] "GET /premier-league-stars-revel-in-tackling-immaculate-majlis-course-ahead-of-dubai-desert-classic/ HTTP/1.1" 200 21502 "-" "Mozilla/5.0 (compatible; AhrefsBot/7.0; +http://ahrefs.com/robot/)"
34.76.189.67 - - [27/Feb/2026:05:39:30 -0500] "GET /barraquer-eye-hospital-one-stop-shop-for-all-your-vision-needs HTTP/1.1" 301 0 "-" "Mozilla/5.0 (compatible; VelenPublicWebCrawler/1.0; +https://velen.io)"
34.76.189.67 - - [27/Feb/2026:05:39:41 -0500] "GET /category/dubai-expo/ HTTP/1.1" 200 22147 "http://www.middleeastoday.com/category/dubai-expo" "Mozilla/5.0 (compatible; VelenPublicWebCrawler/1.0; +https://velen.io)"
34.76.189.67 - - [27/Feb/2026:05:39:44 -0500] "GET /category/food HTTP/1.1" 301 0 "-" "Mozilla/5.0 (compatible; VelenPublicWebCrawler/1.0; +https://velen.io)"
54.163.169.168 - - [27/Feb/2026:05:39:46 -0500] "GET /wp-json/oembed/1.0/embed?url=http://www.middleeastoday.com/air-arabia-abu-dhabi-celebrates-two-years-of-success-flying/ HTTP/1.1" 200 2552 "-" "Mozilla/5.0 AppleWebKit/537.36 (KHTML, like Gecko; compatible; Amazonbot/0.1; +https://developer.amazon.com/support/amazonbot) Chrome/119.0.6045.214 Safari/537.36"
34.76.189.67 - - [27/Feb/2026:05:39:49 -0500] "GET /mohammed-bin-rashid-discusses-with-ecuadors-president-ways-to-enhance-cooperation-deepen-bilateral-ties HTTP/1.1" 301 0 "-" "Mozilla/5.0 (compatible; VelenPublicWebCrawler/1.0; +https://velen.io)"
18.235.158.19 - - [27/Feb/2026:05:39:52 -0500] "GET /robots.txt HTTP/1.1" 200 117 "-" "Mozilla/5.0 AppleWebKit/537.36 (KHTML, like Gecko; compatible; Amazonbot/0.1; +https://developer.amazon.com/support/amazonbot) Chrome/119.0.6045.214 Safari/537.36"
34.76.189.67 - - [27/Feb/2026:05:39:51 -0500] "GET /mohammed-bin-rashid-discusses-with-ecuadors-president-ways-to-enhance-cooperation-deepen-bilateral-ties/ HTTP/1.1" 200 24515 "http://www.middleeastoday.com/mohammed-bin-rashid-discusses-with-ecuadors-president-ways-to-enhance-cooperation-deepen-bilateral-ties" "Mozilla/5.0 (compatible; VelenPublicWebCrawler/1.0; +https://velen.io)"
34.76.189.67 - - [27/Feb/2026:05:39:54 -0500] "GET /dubais-first-time-home-buyer-programme-helps-over-2000-residents-become-homeowners-in-6-months-since-launch HTTP/1.1" 301 0 "-" "Mozilla/5.0 (compatible; VelenPublicWebCrawler/1.0; +https://velen.io)"
34.76.189.67 - - [27/Feb/2026:05:39:59 -0500] "GET /alef-group-announces-launch-of-samr-2-in-hayyan HTTP/1.1" 301 0 "-" "Mozilla/5.0 (compatible; VelenPublicWebCrawler/1.0; +https://velen.io)"
34.76.189.67 - - [27/Feb/2026:05:40:05 -0500] "GET /mansoor-bin-mohammed-crowns-winners-of-15th-globe-soccer-dubai-awards/ HTTP/1.1" 200 24071 "http://www.middleeastoday.com/mansoor-bin-mohammed-crowns-winners-of-15th-globe-soccer-dubai-awards" "Mozilla/5.0 (compatible; VelenPublicWebCrawler/1.0; +https://velen.io)"
34.76.189.67 - - [27/Feb/2026:05:40:09 -0500] "GET /author/admin/page/103 HTTP/1.1" 301 0 "-" "Mozilla/5.0 (compatible; VelenPublicWebCrawler/1.0; +https://velen.io)"
34.76.189.67 - - [27/Feb/2026:05:40:11 -0500] "GET /author/admin/page/103/ HTTP/1.1" 200 23159 "http://www.middleeastoday.com/author/admin/page/103" "Mozilla/5.0 (compatible; VelenPublicWebCrawler/1.0; +https://velen.io)"
34.76.189.67 - - [27/Feb/2026:05:40:14 -0500] "GET /author/admin/page/2 HTTP/1.1" 301 0 "-" "Mozilla/5.0 (compatible; VelenPublicWebCrawler/1.0; +https://velen.io)"
34.76.189.67 - - [27/Feb/2026:05:40:01 -0500] "GET /alef-group-announces-launch-of-samr-2-in-hayyan/ HTTP/1.1" 200 23265 "http://www.middleeastoday.com/alef-group-announces-launch-of-samr-2-in-hayyan" "Mozilla/5.0 (compatible; VelenPublicWebCrawler/1.0; +https://velen.io)"
34.76.189.67 - - [27/Feb/2026:05:40:04 -0500] "GET /mansoor-bin-mohammed-crowns-winners-of-15th-globe-soccer-dubai-awards HTTP/1.1" 301 0 "-" "Mozilla/5.0 (compatible; VelenPublicWebCrawler/1.0; +https://velen.io)"
34.76.189.67 - - [27/Feb/2026:05:40:21 -0500] "GET /author/admin/page/3/ HTTP/1.1" 200 23912 "http://www.middleeastoday.com/author/admin/page/3" "Mozilla/5.0 (compatible; VelenPublicWebCrawler/1.0; +https://velen.io)"
162.213.253.84 - - [27/Feb/2026:05:40:25 -0500] "POST /wp-cron.php?doing_wp_cron=1772188825.1570079326629638671875 HTTP/1.1" 200 0 "-" "WordPress/6.8.1; http://www.middleeastoday.com"
162.213.253.84 - - [27/Feb/2026:05:40:26 -0500] "POST /wp-cron.php?doing_wp_cron=1772188826.9694008827209472656250 HTTP/1.1" 200 0 "-" "WordPress/6.8.1; http://www.middleeastoday.com"
34.76.189.67 - - [27/Feb/2026:05:40:26 -0500] "GET /mohammed-bin-rashid-attends-fashion-friday-at-meydan-racecourse/ HTTP/1.1" 200 23645 "http://www.middleeastoday.com/mohammed-bin-rashid-attends-fashion-friday-at-meydan-racecourse" "Mozilla/5.0 (compatible; VelenPublicWebCrawler/1.0; +https://velen.io)"
34.76.189.67 - - [27/Feb/2026:05:40:31 -0500] "GET /maryne-cotty-eslous-a-trailblazer-in-digital-health-innovation-attend-arab-health-2025/ HTTP/1.1" 200 24907 "http://www.middleeastoday.com/maryne-cotty-eslous-a-trailblazer-in-digital-health-innovation-attend-arab-health-2025" "Mozilla/5.0 (compatible; VelenPublicWebCrawler/1.0; +https://velen.io)"
34.76.189.67 - - [27/Feb/2026:05:40:36 -0500] "GET /uae-ambassadors-to-paraguay-guinea-sworn-in-before-uae-president/ HTTP/1.1" 200 23393 "http://www.middleeastoday.com/uae-ambassadors-to-paraguay-guinea-sworn-in-before-uae-president" "Mozilla/5.0 (compatible; VelenPublicWebCrawler/1.0; +https://velen.io)"
34.76.189.67 - - [27/Feb/2026:05:40:39 -0500] "GET /taraf-unveils-w-residences-in-al-maryah-island-bringing-distinctive-luxury-living-to-abu-dhabi HTTP/1.1" 301 0 "-" "Mozilla/5.0 (compatible; VelenPublicWebCrawler/1.0; +https://velen.io)"
34.76.189.67 - - [27/Feb/2026:05:40:41 -0500] "GET /taraf-unveils-w-residences-in-al-maryah-island-bringing-distinctive-luxury-living-to-abu-dhabi/ HTTP/1.1" 200 24176 "http://www.middleeastoday.com/taraf-unveils-w-residences-in-al-maryah-island-bringing-distinctive-luxury-living-to-abu-dhabi" "Mozilla/5.0 (compatible; VelenPublicWebCrawler/1.0; +https://velen.io)"
34.76.189.67 - - [27/Feb/2026:05:40:44 -0500] "GET /khaled-bin-mohamed-bin-zayed-attends-abu-dhabi-infrastructure-summit HTTP/1.1" 301 0 "-" "Mozilla/5.0 (compatible; VelenPublicWebCrawler/1.0; +https://velen.io)"
34.76.189.67 - - [27/Feb/2026:05:40:51 -0500] "GET /uae-president-receives-sultan-of-dawoodi-bohra-community/ HTTP/1.1" 200 23114 "http://www.middleeastoday.com/uae-president-receives-sultan-of-dawoodi-bohra-community" "Mozilla/5.0 (compatible; VelenPublicWebCrawler/1.0; +https://velen.io)"
34.76.189.67 - - [27/Feb/2026:05:40:54 -0500] "GET /bloom-holding-launches-seville-fifth-phase-of-bloom-living-in-abu-dhabi HTTP/1.1" 301 0 "-" "Mozilla/5.0 (compatible; VelenPublicWebCrawler/1.0; +https://velen.io)"
34.76.189.67 - - [27/Feb/2026:05:40:59 -0500] "GET /vision-care-by-dr-borja-salvador HTTP/1.1" 301 0 "-" "Mozilla/5.0 (compatible; VelenPublicWebCrawler/1.0; +https://velen.io)"
34.76.189.67 - - [27/Feb/2026:05:41:05 -0500] "GET /dr-anas-kozbari-organizes-syrian-business-leaders-summit-spotlight-on-economic-revival-at-key-dubai-conference/ HTTP/1.1" 200 23868 "http://www.middleeastoday.com/dr-anas-kozbari-organizes-syrian-business-leaders-summit-spotlight-on-economic-revival-at-key-dubai-conference" "Mozilla/5.0 (compatible; VelenPublicWebCrawler/1.0; +https://velen.io)"
114.119.137.153 - - [27/Feb/2026:05:40:15 -0500] "GET /arada-enters-dubai-property-market-with-aed240-million-land-purchase-at-palm-jumeirah HTTP/1.1" 301 0 "http://www.middleeastoday.com/arada-enters-dubai-property-market-with-aed240-million-land-purchase-at-palm-jumeirah" "Mozilla/5.0 (Linux; Android 7.0;) AppleWebKit/537.36 (KHTML, like Gecko) Mobile Safari/537.36 (compatible; PetalBot;+https://webmaster.petalsearch.com/site/petalbot)"
114.119.137.153 - - [27/Feb/2026:05:40:16 -0500] "GET /arada-enters-dubai-property-market-with-aed240-million-land-purchase-at-palm-jumeirah/ HTTP/1.1" 200 23632 "http://www.middleeastoday.com/arada-enters-dubai-property-market-with-aed240-million-land-purchase-at-palm-jumeirah" "Mozilla/5.0 (Linux; Android 7.0;) AppleWebKit/537.36 (KHTML, like Gecko) Mobile Safari/537.36 (compatible; PetalBot;+https://webmaster.petalsearch.com/site/petalbot)"
34.76.189.67 - - [27/Feb/2026:05:40:16 -0500] "GET /author/admin/page/2/ HTTP/1.1" 200 23998 "http://www.middleeastoday.com/author/admin/page/2" "Mozilla/5.0 (compatible; VelenPublicWebCrawler/1.0; +https://velen.io)"
34.76.189.67 - - [27/Feb/2026:05:40:19 -0500] "GET /author/admin/page/3 HTTP/1.1" 301 0 "-" "Mozilla/5.0 (compatible; VelenPublicWebCrawler/1.0; +https://velen.io)"
34.76.189.67 - - [27/Feb/2026:05:40:24 -0500] "GET /mohammed-bin-rashid-attends-fashion-friday-at-meydan-racecourse HTTP/1.1" 301 0 "-" "Mozilla/5.0 (compatible; VelenPublicWebCrawler/1.0; +https://velen.io)"
162.213.253.84 - - [27/Feb/2026:05:40:25 -0500] "POST /wp-admin/admin-ajax.php?action=async_litespeed&nonce=PvW8kFOVqOTmz7zL6mnhJOAcYjcLAsZx&litespeed_type=imgoptm HTTP/1.1" 200 21 "-" "WordPress/6.8.1; http://www.middleeastoday.com"
34.76.189.67 - - [27/Feb/2026:05:40:29 -0500] "GET /maryne-cotty-eslous-a-trailblazer-in-digital-health-innovation-attend-arab-health-2025 HTTP/1.1" 301 0 "-" "Mozilla/5.0 (compatible; VelenPublicWebCrawler/1.0; +https://velen.io)"
34.76.189.67 - - [27/Feb/2026:05:40:34 -0500] "GET /uae-ambassadors-to-paraguay-guinea-sworn-in-before-uae-president HTTP/1.1" 301 0 "-" "Mozilla/5.0 (compatible; VelenPublicWebCrawler/1.0; +https://velen.io)"
34.76.189.67 - - [27/Feb/2026:05:40:46 -0500] "GET /khaled-bin-mohamed-bin-zayed-attends-abu-dhabi-infrastructure-summit/ HTTP/1.1" 200 24055 "http://www.middleeastoday.com/khaled-bin-mohamed-bin-zayed-attends-abu-dhabi-infrastructure-summit" "Mozilla/5.0 (compatible; VelenPublicWebCrawler/1.0; +https://velen.io)"
34.76.189.67 - - [27/Feb/2026:05:40:49 -0500] "GET /uae-president-receives-sultan-of-dawoodi-bohra-community HTTP/1.1" 301 0 "-" "Mozilla/5.0 (compatible; VelenPublicWebCrawler/1.0; +https://velen.io)"
34.76.189.67 - - [27/Feb/2026:05:40:55 -0500] "GET /bloom-holding-launches-seville-fifth-phase-of-bloom-living-in-abu-dhabi/ HTTP/1.1" 200 23441 "http://www.middleeastoday.com/bloom-holding-launches-seville-fifth-phase-of-bloom-living-in-abu-dhabi" "Mozilla/5.0 (compatible; VelenPublicWebCrawler/1.0; +https://velen.io)"
34.76.189.67 - - [27/Feb/2026:05:41:00 -0500] "GET /vision-care-by-dr-borja-salvador/ HTTP/1.1" 200 24068 "http://www.middleeastoday.com/vision-care-by-dr-borja-salvador" "Mozilla/5.0 (compatible; VelenPublicWebCrawler/1.0; +https://velen.io)"
34.76.189.67 - - [27/Feb/2026:05:41:03 -0500] "GET /dr-anas-kozbari-organizes-syrian-business-leaders-summit-spotlight-on-economic-revival-at-key-dubai-conference HTTP/1.1" 301 0 "-" "Mozilla/5.0 (compatible; VelenPublicWebCrawler/1.0; +https://velen.io)"
34.76.189.67 - - [27/Feb/2026:05:41:10 -0500] "GET /korean-airlines-fleet-tops-400-setting-record-high/ HTTP/1.1" 200 23227 "http://www.middleeastoday.com/korean-airlines-fleet-tops-400-setting-record-high" "Mozilla/5.0 (compatible; VelenPublicWebCrawler/1.0; +https://velen.io)"
34.76.189.67 - - [27/Feb/2026:05:41:18 -0500] "GET /620-9-billion-dirhams-of-the-assets-of-islamic-banks-at-the-end-of-last-january-an-annual-growth-of-5-6 HTTP/1.1" 301 0 "-" "Mozilla/5.0 (compatible; VelenPublicWebCrawler/1.0; +https://velen.io)"
34.76.189.67 - - [27/Feb/2026:05:41:08 -0500] "GET /korean-airlines-fleet-tops-400-setting-record-high HTTP/1.1" 301 0 "-" "Mozilla/5.0 (compatible; VelenPublicWebCrawler/1.0; +https://velen.io)"
34.76.189.67 - - [27/Feb/2026:05:41:13 -0500] "GET /uae-president-confers-honours-on-indonesian-president-and-coordinating-minister-for-maritime-affairs-and-investment HTTP/1.1" 301 0 "-" "Mozilla/5.0 (compatible; VelenPublicWebCrawler/1.0; +https://velen.io)"
34.76.189.67 - - [27/Feb/2026:05:41:15 -0500] "GET /uae-president-confers-honours-on-indonesian-president-and-coordinating-minister-for-maritime-affairs-and-investment/ HTTP/1.1" 200 23571 "http://www.middleeastoday.com/uae-president-confers-honours-on-indonesian-president-and-coordinating-minister-for-maritime-affairs-and-investment" "Mozilla/5.0 (compatible; VelenPublicWebCrawler/1.0; +https://velen.io)"
34.76.189.67 - - [27/Feb/2026:05:41:22 -0500] "GET /emirates-to-expand-global-network-with-launch-of-services-to-montreal-in-july HTTP/1.1" 301 0 "-" "Mozilla/5.0 (compatible; VelenPublicWebCrawler/1.0; +https://velen.io)"
162.213.253.84 - - [27/Feb/2026:05:41:24 -0500] "POST /wp-admin/admin-ajax.php?action=async_litespeed&nonce=9HOjxtS0zvMDVCMdrziEc7iW1oMEXTzF&litespeed_type=imgoptm HTTP/1.1" 200 21 "-" "WordPress/6.8.1; http://www.middleeastoday.com"
162.213.253.84 - - [27/Feb/2026:05:41:25 -0500] "POST /wp-cron.php?doing_wp_cron=1772188885.1344261169433593750000 HTTP/1.1" 200 0 "-" "WordPress/6.8.1; http://www.middleeastoday.com"
34.76.189.67 - - [27/Feb/2026:05:41:24 -0500] "GET /emirates-to-expand-global-network-with-launch-of-services-to-montreal-in-july/ HTTP/1.1" 200 24537 "http://www.middleeastoday.com/emirates-to-expand-global-network-with-launch-of-services-to-montreal-in-july" "Mozilla/5.0 (compatible; VelenPublicWebCrawler/1.0; +https://velen.io)"
52.4.213.199 - - [27/Feb/2026:05:41:25 -0500] "GET /fichte-co-eyes-on-uae-legislation-overhaul/ HTTP/1.1" 200 24436 "-" "Mozilla/5.0 AppleWebKit/537.36 (KHTML, like Gecko; compatible; Amazonbot/0.1; +https://developer.amazon.com/support/amazonbot) Chrome/119.0.6045.214 Safari/537.36"
34.76.189.67 - - [27/Feb/2026:05:41:29 -0500] "GET /fta-holds-awareness-workshop-in-dubai-on-corporate-tax-rules/ HTTP/1.1" 200 24568 "http://www.middleeastoday.com/fta-holds-awareness-workshop-in-dubai-on-corporate-tax-rules" "Mozilla/5.0 (compatible; VelenPublicWebCrawler/1.0; +https://velen.io)"
34.76.189.67 - - [27/Feb/2026:05:41:34 -0500] "GET /uaes-3-7-billion-tech-economy-takes-spotlight-in-berlin-at-inaugural-gitex-europe/ HTTP/1.1" 200 26283 "http://www.middleeastoday.com/uaes-3-7-billion-tech-economy-takes-spotlight-in-berlin-at-inaugural-gitex-europe" "Mozilla/5.0 (compatible; VelenPublicWebCrawler/1.0; +https://velen.io)"
52.6.5.24 - - [27/Feb/2026:05:41:36 -0500] "GET /uae-president-receives-credentials-of-newly-appointed-ambassadors/ HTTP/1.1" 200 23693 "-" "Mozilla/5.0 AppleWebKit/537.36 (KHTML, like Gecko; compatible; Amazonbot/0.1; +https://developer.amazon.com/support/amazonbot) Chrome/119.0.6045.214 Safari/537.36"
34.76.189.67 - - [27/Feb/2026:05:41:37 -0500] "GET /the-president-of-angola-officially-welcomed-the-uae-president-at-the-presidential-palace HTTP/1.1" 301 0 "-" "Mozilla/5.0 (compatible; VelenPublicWebCrawler/1.0; +https://velen.io)"
44.206.93.215 - - [27/Feb/2026:05:41:39 -0500] "GET /dubai-police-celebrates-world-tourism-day/ HTTP/1.1" 200 23254 "-" "Mozilla/5.0 AppleWebKit/537.36 (KHTML, like Gecko; compatible; Amazonbot/0.1; +https://developer.amazon.com/support/amazonbot) Chrome/119.0.6045.214 Safari/537.36"
34.76.189.67 - - [27/Feb/2026:05:41:41 -0500] "GET /romain-gerardin-fresse-honored-as-top-indo-arab-international-lawyer-of-the-year-by-his-highness-sheikh-sultan-bin-khalid-mohammed-al-qasimi HTTP/1.1" 301 0 "-" "Mozilla/5.0 (compatible; VelenPublicWebCrawler/1.0; +https://velen.io)"
34.76.189.67 - - [27/Feb/2026:05:41:19 -0500] "GET /620-9-billion-dirhams-of-the-assets-of-islamic-banks-at-the-end-of-last-january-an-annual-growth-of-5-6/ HTTP/1.1" 200 23503 "http://www.middleeastoday.com/620-9-billion-dirhams-of-the-assets-of-islamic-banks-at-the-end-of-last-january-an-annual-growth-of-5-6" "Mozilla/5.0 (compatible; VelenPublicWebCrawler/1.0; +https://velen.io)"
162.213.253.84 - - [27/Feb/2026:05:41:23 -0500] "POST /wp-cron.php?doing_wp_cron=1772188883.4519279003143310546875 HTTP/1.1" 200 0 "-" "WordPress/6.8.1; http://www.middleeastoday.com"
34.76.189.67 - - [27/Feb/2026:05:41:27 -0500] "GET /fta-holds-awareness-workshop-in-dubai-on-corporate-tax-rules HTTP/1.1" 301 0 "-" "Mozilla/5.0 (compatible; VelenPublicWebCrawler/1.0; +https://velen.io)"
34.76.189.67 - - [27/Feb/2026:05:41:32 -0500] "GET /uaes-3-7-billion-tech-economy-takes-spotlight-in-berlin-at-inaugural-gitex-europe HTTP/1.1" 301 0 "-" "Mozilla/5.0 (compatible; VelenPublicWebCrawler/1.0; +https://velen.io)"
34.76.189.67 - - [27/Feb/2026:05:41:38 -0500] "GET /the-president-of-angola-officially-welcomed-the-uae-president-at-the-presidential-palace/ HTTP/1.1" 200 23628 "http://www.middleeastoday.com/the-president-of-angola-officially-welcomed-the-uae-president-at-the-presidential-palace" "Mozilla/5.0 (compatible; VelenPublicWebCrawler/1.0; +https://velen.io)"
3.229.2.217 - - [27/Feb/2026:05:41:41 -0500] "GET /mohammed-bin-rashid-announces-opening-of-expo-city-dubai-in-october-2022/ HTTP/1.1" 200 24614 "-" "Mozilla/5.0 AppleWebKit/537.36 (KHTML, like Gecko; compatible; Amazonbot/0.1; +https://developer.amazon.com/support/amazonbot) Chrome/119.0.6045.214 Safari/537.36"
114.119.148.161 - - [27/Feb/2026:05:41:44 -0500] "GET /acres-2025-showcases-flagship-real-estate-projects-across-uae/ HTTP/1.1" 200 24162 "http://www.middleeastoday.com/category/real-estate" "Mozilla/5.0 (Linux; Android 7.0;) AppleWebKit/537.36 (KHTML, like Gecko) Mobile Safari/537.36 (compatible; PetalBot;+https://webmaster.petalsearch.com/site/petalbot)"
23.20.178.124 - - [27/Feb/2026:05:41:47 -0500] "GET /sharjah-ruler-directs-sewa-support-for-sssd-beneficiaries-starting-emiratisation-in-private-schools/ HTTP/1.1" 200 24502 "-" "Mozilla/5.0 AppleWebKit/537.36 (KHTML, like Gecko; compatible; Amazonbot/0.1; +https://developer.amazon.com/support/amazonbot) Chrome/119.0.6045.214 Safari/537.36"
34.76.189.67 - - [27/Feb/2026:05:41:48 -0500] "GET /multi-award-winning-celebrity-media-strategist-vasu-jit-kalia-honoured-at-fashion-factor-season-8/ HTTP/1.1" 200 23771 "http://www.middleeastoday.com/multi-award-winning-celebrity-media-strategist-vasu-jit-kalia-honoured-at-fashion-factor-season-8" "Mozilla/5.0 (compatible; VelenPublicWebCrawler/1.0; +https://velen.io)"
34.76.189.67 - - [27/Feb/2026:05:41:51 -0500] "GET /arabian-hills-real-estate-debuts-aed22-billion-project HTTP/1.1" 301 0 "-" "Mozilla/5.0 (compatible; VelenPublicWebCrawler/1.0; +https://velen.io)"
34.76.189.67 - - [27/Feb/2026:05:41:56 -0500] "GET /president-of-kazakhstan-awards-jubilee-medal-to-suroor-bin-mohammed HTTP/1.1" 301 0 "-" "Mozilla/5.0 (compatible; VelenPublicWebCrawler/1.0; +https://velen.io)"
34.76.189.67 - - [27/Feb/2026:05:41:58 -0500] "GET /president-of-kazakhstan-awards-jubilee-medal-to-suroor-bin-mohammed/ HTTP/1.1" 200 22939 "http://www.middleeastoday.com/president-of-kazakhstan-awards-jubilee-medal-to-suroor-bin-mohammed" "Mozilla/5.0 (compatible; VelenPublicWebCrawler/1.0; +https://velen.io)"
34.76.189.67 - - [27/Feb/2026:05:42:01 -0500] "GET /uae-president-exchanges-medals-gifts-with-italian-president-during-dinner-banquet-hosted-in-his-honour HTTP/1.1" 301 0 "-" "Mozilla/5.0 (compatible; VelenPublicWebCrawler/1.0; +https://velen.io)"
114.119.148.161 - - [27/Feb/2026:05:41:42 -0500] "GET /acres-2025-showcases-flagship-real-estate-projects-across-uae HTTP/1.1" 301 0 "http://www.middleeastoday.com/category/real-estate" "Mozilla/5.0 (Linux; Android 7.0;) AppleWebKit/537.36 (KHTML, like Gecko) Mobile Safari/537.36 (compatible; PetalBot;+https://webmaster.petalsearch.com/site/petalbot)"
34.76.189.67 - - [27/Feb/2026:05:41:43 -0500] "GET /romain-gerardin-fresse-honored-as-top-indo-arab-international-lawyer-of-the-year-by-his-highness-sheikh-sultan-bin-khalid-mohammed-al-qasimi/ HTTP/1.1" 200 24125 "http://www.middleeastoday.com/romain-gerardin-fresse-honored-as-top-indo-arab-international-lawyer-of-the-year-by-his-highness-sheikh-sultan-bin-khalid-mohammed-al-qasimi" "Mozilla/5.0 (compatible; VelenPublicWebCrawler/1.0; +https://velen.io)"
34.76.189.67 - - [27/Feb/2026:05:41:46 -0500] "GET /multi-award-winning-celebrity-media-strategist-vasu-jit-kalia-honoured-at-fashion-factor-season-8 HTTP/1.1" 301 0 "-" "Mozilla/5.0 (compatible; VelenPublicWebCrawler/1.0; +https://velen.io)"
18.205.127.11 - - [27/Feb/2026:05:41:52 -0500] "GET /adek-indias-ministry-of-education-partner-to-establish-first-iit-delhi-international-campus-in-abu-dhabi/ HTTP/1.1" 200 24792 "-" "Mozilla/5.0 AppleWebKit/537.36 (KHTML, like Gecko; compatible; Amazonbot/0.1; +https://developer.amazon.com/support/amazonbot) Chrome/119.0.6045.214 Safari/537.36"
34.76.189.67 - - [27/Feb/2026:05:41:53 -0500] "GET /arabian-hills-real-estate-debuts-aed22-billion-project/ HTTP/1.1" 200 23476 "http://www.middleeastoday.com/arabian-hills-real-estate-debuts-aed22-billion-project" "Mozilla/5.0 (compatible; VelenPublicWebCrawler/1.0; +https://velen.io)"
34.76.189.67 - - [27/Feb/2026:05:42:08 -0500] "GET /mohammed-bin-rashid-visits-idex-in-abu-dhabi/ HTTP/1.1" 200 24200 "http://www.middleeastoday.com/mohammed-bin-rashid-visits-idex-in-abu-dhabi" "Mozilla/5.0 (compatible; VelenPublicWebCrawler/1.0; +https://velen.io)"
34.76.189.67 - - [27/Feb/2026:05:42:11 -0500] "GET /i-love-being-in-dubai-and-i-could-be-a-bond-baddie-shah-rukh-khan HTTP/1.1" 301 0 "-" "Mozilla/5.0 (compatible; VelenPublicWebCrawler/1.0; +https://velen.io)"
34.76.189.67 - - [27/Feb/2026:05:42:16 -0500] "GET /sharjah-light-festival-taps-into-local-photography-talent-in-collaboration-with-fotouae HTTP/1.1" 301 0 "-" "Mozilla/5.0 (compatible; VelenPublicWebCrawler/1.0; +https://velen.io)"
52.71.203.206 - - [27/Feb/2026:05:42:18 -0500] "GET /sharjah-ruler-attends-honouring-ceremony-of-iccrom-award-winners/ HTTP/1.1" 200 24318 "-" "Mozilla/5.0 AppleWebKit/537.36 (KHTML, like Gecko; compatible; Amazonbot/0.1; +https://developer.amazon.com/support/amazonbot) Chrome/119.0.6045.214 Safari/537.36"
34.76.189.67 - - [27/Feb/2026:05:42:21 -0500] "GET /etihad-cargos-inaugural-freighter-flight-to-ezhou-huahu-airport-in-china-arrives-on-august-18 HTTP/1.1" 301 0 "-" "Mozilla/5.0 (compatible; VelenPublicWebCrawler/1.0; +https://velen.io)"
34.76.189.67 - - [27/Feb/2026:05:42:23 -0500] "GET /etihad-cargos-inaugural-freighter-flight-to-ezhou-huahu-airport-in-china-arrives-on-august-18/ HTTP/1.1" 200 27818 "http://www.middleeastoday.com/etihad-cargos-inaugural-freighter-flight-to-ezhou-huahu-airport-in-china-arrives-on-august-18" "Mozilla/5.0 (compatible; VelenPublicWebCrawler/1.0; +https://velen.io)"
162.213.253.84 - - [27/Feb/2026:05:42:27 -0500] "POST /wp-cron.php?doing_wp_cron=1772188947.5737500190734863281250 HTTP/1.1" 200 0 "-" "WordPress/6.8.1; http://www.middleeastoday.com"
34.76.189.67 - - [27/Feb/2026:05:42:27 -0500] "GET /uae-president-receives-credentials-from-foreign-ambassadors/ HTTP/1.1" 200 23712 "http://www.middleeastoday.com/uae-president-receives-credentials-from-foreign-ambassadors" "Mozilla/5.0 (compatible; VelenPublicWebCrawler/1.0; +https://velen.io)"
34.76.189.67 - - [27/Feb/2026:05:42:03 -0500] "GET /uae-president-exchanges-medals-gifts-with-italian-president-during-dinner-banquet-hosted-in-his-honour/ HTTP/1.1" 200 23649 "http://www.middleeastoday.com/uae-president-exchanges-medals-gifts-with-italian-president-during-dinner-banquet-hosted-in-his-honour" "Mozilla/5.0 (compatible; VelenPublicWebCrawler/1.0; +https://velen.io)"
44.207.207.36 - - [27/Feb/2026:05:42:05 -0500] "GET /expo-2020-passes-half-way-mark-with-just-87-days-left/ HTTP/1.1" 200 24550 "-" "Mozilla/5.0 AppleWebKit/537.36 (KHTML, like Gecko; compatible; Amazonbot/0.1; +https://developer.amazon.com/support/amazonbot) Chrome/119.0.6045.214 Safari/537.36"
34.76.189.67 - - [27/Feb/2026:05:42:06 -0500] "GET /mohammed-bin-rashid-visits-idex-in-abu-dhabi HTTP/1.1" 301 0 "-" "Mozilla/5.0 (compatible; VelenPublicWebCrawler/1.0; +https://velen.io)"
34.76.189.67 - - [27/Feb/2026:05:42:13 -0500] "GET /i-love-being-in-dubai-and-i-could-be-a-bond-baddie-shah-rukh-khan/ HTTP/1.1" 200 23871 "http://www.middleeastoday.com/i-love-being-in-dubai-and-i-could-be-a-bond-baddie-shah-rukh-khan" "Mozilla/5.0 (compatible; VelenPublicWebCrawler/1.0; +https://velen.io)"
34.76.189.67 - - [27/Feb/2026:05:42:18 -0500] "GET /sharjah-light-festival-taps-into-local-photography-talent-in-collaboration-with-fotouae/ HTTP/1.1" 200 24401 "http://www.middleeastoday.com/sharjah-light-festival-taps-into-local-photography-talent-in-collaboration-with-fotouae" "Mozilla/5.0 (compatible; VelenPublicWebCrawler/1.0; +https://velen.io)"
162.213.253.84 - - [27/Feb/2026:05:42:25 -0500] "POST /wp-cron.php?doing_wp_cron=1772188945.8470230102539062500000 HTTP/1.1" 200 0 "-" "WordPress/6.8.1; http://www.middleeastoday.com"
34.76.189.67 - - [27/Feb/2026:05:42:25 -0500] "GET /uae-president-receives-credentials-from-foreign-ambassadors HTTP/1.1" 301 0 "-" "Mozilla/5.0 (compatible; VelenPublicWebCrawler/1.0; +https://velen.io)"
162.213.253.84 - - [27/Feb/2026:05:42:26 -0500] "POST /wp-admin/admin-ajax.php?action=async_litespeed&nonce=77Kb8W6p2ZVUrwY3N3PHFZ4s1iM6Wm1i&litespeed_type=imgoptm HTTP/1.1" 200 21 "-" "WordPress/6.8.1; http://www.middleeastoday.com"
34.76.189.67 - - [27/Feb/2026:05:42:31 -0500] "GET /uae-president-iraqi-prime-minister-discuss-bilateral-ties-regional-developments/ HTTP/1.1" 200 23690 "http://www.middleeastoday.com/uae-president-iraqi-prime-minister-discuss-bilateral-ties-regional-developments" "Mozilla/5.0 (compatible; VelenPublicWebCrawler/1.0; +https://velen.io)"
34.76.189.67 - - [27/Feb/2026:05:42:34 -0500] "GET /indias-celebrity-matchmaker-priya-shah-to-offer-exclusive-personalized-matchmaking-consultations-in-dubai HTTP/1.1" 301 0 "-" "Mozilla/5.0 (compatible; VelenPublicWebCrawler/1.0; +https://velen.io)"
34.76.189.67 - - [27/Feb/2026:05:42:36 -0500] "GET /indias-celebrity-matchmaker-priya-shah-to-offer-exclusive-personalized-matchmaking-consultations-in-dubai/ HTTP/1.1" 200 23973 "http://www.middleeastoday.com/indias-celebrity-matchmaker-priya-shah-to-offer-exclusive-personalized-matchmaking-consultations-in-dubai" "Mozilla/5.0 (compatible; VelenPublicWebCrawler/1.0; +https://velen.io)"
52.5.232.250 - - [27/Feb/2026:05:42:38 -0500] "GET /joby-to-launch-air-taxi-service-in-uae/ HTTP/1.1" 200 24833 "-" "Mozilla/5.0 AppleWebKit/537.36 (KHTML, like Gecko; compatible; Amazonbot/0.1; +https://developer.amazon.com/support/amazonbot) Chrome/119.0.6045.214 Safari/537.36"
18.210.58.238 - - [27/Feb/2026:05:42:41 -0500] "GET /category/art/ HTTP/1.1" 200 24196 "-" "Mozilla/5.0 AppleWebKit/537.36 (KHTML, like Gecko; compatible; Amazonbot/0.1; +https://developer.amazon.com/support/amazonbot) Chrome/119.0.6045.214 Safari/537.36"
34.76.189.67 - - [27/Feb/2026:05:42:53 -0500] "GET /uae-president-confers-first-class-order-of-zayed-ii-on-us-ambassador HTTP/1.1" 301 0 "-" "Mozilla/5.0 (compatible; VelenPublicWebCrawler/1.0; +https://velen.io)"
54.156.124.2 - - [27/Feb/2026:05:42:28 -0500] "GET /worlds-smallest-injectable-dissolvable-pacemaker-developed-by-scientists/ HTTP/1.1" 200 24151 "-" "Mozilla/5.0 AppleWebKit/537.36 (KHTML, like Gecko; compatible; Amazonbot/0.1; +https://developer.amazon.com/support/amazonbot) Chrome/119.0.6045.214 Safari/537.36"
34.76.189.67 - - [27/Feb/2026:05:42:30 -0500] "GET /uae-president-iraqi-prime-minister-discuss-bilateral-ties-regional-developments HTTP/1.1" 301 0 "-" "Mozilla/5.0 (compatible; VelenPublicWebCrawler/1.0; +https://velen.io)"
34.76.189.67 - - [27/Feb/2026:05:42:39 -0500] "GET /sheikh-zayed-festival-sets-three-guinness-world-records-with-largest-40-minute-fireworks-display HTTP/1.1" 301 0 "-" "Mozilla/5.0 (compatible; VelenPublicWebCrawler/1.0; +https://velen.io)"
34.76.189.67 - - [27/Feb/2026:05:42:41 -0500] "GET /sheikh-zayed-festival-sets-three-guinness-world-records-with-largest-40-minute-fireworks-display/ HTTP/1.1" 200 23413 "http://www.middleeastoday.com/sheikh-zayed-festival-sets-three-guinness-world-records-with-largest-40-minute-fireworks-display" "Mozilla/5.0 (compatible; VelenPublicWebCrawler/1.0; +https://velen.io)"
34.76.189.67 - - [27/Feb/2026:05:42:44 -0500] "GET /sheikh-zayed-festival-planning-to-host-one-of-the-largest-new-years-eve-celebrations-in-the-uae HTTP/1.1" 301 0 "-" "Mozilla/5.0 (compatible; VelenPublicWebCrawler/1.0; +https://velen.io)"
34.76.189.67 - - [27/Feb/2026:05:42:46 -0500] "GET /sheikh-zayed-festival-planning-to-host-one-of-the-largest-new-years-eve-celebrations-in-the-uae/ HTTP/1.1" 200 23986 "http://www.middleeastoday.com/sheikh-zayed-festival-planning-to-host-one-of-the-largest-new-years-eve-celebrations-in-the-uae" "Mozilla/5.0 (compatible; VelenPublicWebCrawler/1.0; +https://velen.io)"
3.211.181.86 - - [27/Feb/2026:05:42:47 -0500] "GET /servomex-establishes-new-middle-east-hub-at-abu-dhabi-airports-free-zone/ HTTP/1.1" 200 24016 "-" "Mozilla/5.0 AppleWebKit/537.36 (KHTML, like Gecko; compatible; Amazonbot/0.1; +https://developer.amazon.com/support/amazonbot) Chrome/119.0.6045.214 Safari/537.36"
34.76.189.67 - - [27/Feb/2026:05:42:48 -0500] "GET /uae-russian-presidents-discuss-bilateral-strategic-partnership-in-moscow HTTP/1.1" 301 0 "-" "Mozilla/5.0 (compatible; VelenPublicWebCrawler/1.0; +https://velen.io)"
34.76.189.67 - - [27/Feb/2026:05:42:50 -0500] "GET /uae-russian-presidents-discuss-bilateral-strategic-partnership-in-moscow/ HTTP/1.1" 200 24813 "http://www.middleeastoday.com/uae-russian-presidents-discuss-bilateral-strategic-partnership-in-moscow" "Mozilla/5.0 (compatible; VelenPublicWebCrawler/1.0; +https://velen.io)"
34.76.189.67 - - [27/Feb/2026:05:42:59 -0500] "GET /worlds-smallest-injectable-dissolvable-pacemaker-developed-by-scientists/ HTTP/1.1" 200 24159 "http://www.middleeastoday.com/worlds-smallest-injectable-dissolvable-pacemaker-developed-by-scientists" "Mozilla/5.0 (compatible; VelenPublicWebCrawler/1.0; +https://velen.io)"
52.4.229.9 - - [27/Feb/2026:05:43:06 -0500] "GET /dubai-electricity-and-water-authority-starts-trading-on-dubai-financial-market/ HTTP/1.1" 200 24653 "-" "Mozilla/5.0 AppleWebKit/537.36 (KHTML, like Gecko; compatible; Amazonbot/0.1; +https://developer.amazon.com/support/amazonbot) Chrome/119.0.6045.214 Safari/537.36"
34.76.189.67 - - [27/Feb/2026:05:43:07 -0500] "GET /mohammed-bin-rashid-attends-29th-dubai-world-cup HTTP/1.1" 301 0 "-" "Mozilla/5.0 (compatible; VelenPublicWebCrawler/1.0; +https://velen.io)"
34.76.189.67 - - [27/Feb/2026:05:43:16 -0500] "GET /uae-president-awards-order-of-zayed-to-president-erdogan-of-turkiye HTTP/1.1" 301 0 "-" "Mozilla/5.0 (compatible; VelenPublicWebCrawler/1.0; +https://velen.io)"
34.76.189.67 - - [27/Feb/2026:05:43:18 -0500] "GET /uae-president-awards-order-of-zayed-to-president-erdogan-of-turkiye/ HTTP/1.1" 200 23111 "http://www.middleeastoday.com/uae-president-awards-order-of-zayed-to-president-erdogan-of-turkiye" "Mozilla/5.0 (compatible; VelenPublicWebCrawler/1.0; +https://velen.io)"
34.76.189.67 - - [27/Feb/2026:05:42:54 -0500] "GET /uae-president-confers-first-class-order-of-zayed-ii-on-us-ambassador/ HTTP/1.1" 200 23040 "http://www.middleeastoday.com/uae-president-confers-first-class-order-of-zayed-ii-on-us-ambassador" "Mozilla/5.0 (compatible; VelenPublicWebCrawler/1.0; +https://velen.io)"
34.76.189.67 - - [27/Feb/2026:05:42:58 -0500] "GET /worlds-smallest-injectable-dissolvable-pacemaker-developed-by-scientists HTTP/1.1" 301 0 "-" "Mozilla/5.0 (compatible; VelenPublicWebCrawler/1.0; +https://velen.io)"
54.92.171.106 - - [27/Feb/2026:05:42:59 -0500] "GET /khaled-bin-mohamed-bin-zayed-launches-advanced-technology-research-councils-new-ai-company-ai71/ HTTP/1.1" 200 25554 "-" "Mozilla/5.0 AppleWebKit/537.36 (KHTML, like Gecko; compatible; Amazonbot/0.1; +https://developer.amazon.com/support/amazonbot) Chrome/119.0.6045.214 Safari/537.36"
34.76.189.67 - - [27/Feb/2026:05:43:02 -0500] "GET /hamdan-bin-mohammed-arrives-in-new-delhi-on-official-visit-to-india HTTP/1.1" 301 0 "-" "Mozilla/5.0 (compatible; VelenPublicWebCrawler/1.0; +https://velen.io)"
34.76.189.67 - - [27/Feb/2026:05:43:04 -0500] "GET /hamdan-bin-mohammed-arrives-in-new-delhi-on-official-visit-to-india/ HTTP/1.1" 200 23085 "http://www.middleeastoday.com/hamdan-bin-mohammed-arrives-in-new-delhi-on-official-visit-to-india" "Mozilla/5.0 (compatible; VelenPublicWebCrawler/1.0; +https://velen.io)"
34.76.189.67 - - [27/Feb/2026:05:43:09 -0500] "GET /mohammed-bin-rashid-attends-29th-dubai-world-cup/ HTTP/1.1" 200 24022 "http://www.middleeastoday.com/mohammed-bin-rashid-attends-29th-dubai-world-cup" "Mozilla/5.0 (compatible; VelenPublicWebCrawler/1.0; +https://velen.io)"
34.76.189.67 - - [27/Feb/2026:05:43:11 -0500] "GET /adek-indias-ministry-of-education-partner-to-establish-first-iit-delhi-international-campus-in-abu-dhabi HTTP/1.1" 301 0 "-" "Mozilla/5.0 (compatible; VelenPublicWebCrawler/1.0; +https://velen.io)"
34.76.189.67 - - [27/Feb/2026:05:43:13 -0500] "GET /adek-indias-ministry-of-education-partner-to-establish-first-iit-delhi-international-campus-in-abu-dhabi/ HTTP/1.1" 200 24791 "http://www.middleeastoday.com/adek-indias-ministry-of-education-partner-to-establish-first-iit-delhi-international-campus-in-abu-dhabi" "Mozilla/5.0 (compatible; VelenPublicWebCrawler/1.0; +https://velen.io)"
162.213.253.84 - - [27/Feb/2026:05:43:22 -0500] "POST /wp-cron.php?doing_wp_cron=1772189002.1451959609985351562500 HTTP/1.1" 200 0 "-" "WordPress/6.8.1; http://www.middleeastoday.com"
162.213.253.84 - - [27/Feb/2026:05:43:23 -0500] "POST /wp-cron.php?doing_wp_cron=1772189003.8734838962554931640625 HTTP/1.1" 200 0 "-" "WordPress/6.8.1; http://www.middleeastoday.com"
