34.76.189.67 - - [27/Feb/2026:05:43:23 -0500] "GET /mohammed-bin-rashid-reviews-progress-of-aed3-6-billion-hatta-development-projects-visits-hatta-winter-festival/ HTTP/1.1" 200 25751 "http://www.middleeastoday.com/mohammed-bin-rashid-reviews-progress-of-aed3-6-billion-hatta-development-projects-visits-hatta-winter-festival" "Mozilla/5.0 (compatible; VelenPublicWebCrawler/1.0; +https://velen.io)"
34.76.189.67 - - [27/Feb/2026:05:43:28 -0500] "GET /mansour-bin-zayed-meets-emir-of-qatar-in-sharm-el-sheikh/ HTTP/1.1" 200 22970 "http://www.middleeastoday.com/mansour-bin-zayed-meets-emir-of-qatar-in-sharm-el-sheikh" "Mozilla/5.0 (compatible; VelenPublicWebCrawler/1.0; +https://velen.io)"
52.54.95.127 - - [27/Feb/2026:05:43:31 -0500] "GET /zayed-national-museum-establishes-fund-for-research-into-uae-culture-and-history/ HTTP/1.1" 200 26413 "-" "Mozilla/5.0 AppleWebKit/537.36 (KHTML, like Gecko; compatible; Amazonbot/0.1; +https://developer.amazon.com/support/amazonbot) Chrome/119.0.6045.214 Safari/537.36"
34.76.189.67 - - [27/Feb/2026:05:43:31 -0500] "GET /35-growth-rate-of-new-membership-in-ajman-chamber-during-2021 HTTP/1.1" 301 0 "-" "Mozilla/5.0 (compatible; VelenPublicWebCrawler/1.0; +https://velen.io)"
34.76.189.67 - - [27/Feb/2026:05:43:21 -0500] "GET /mohammed-bin-rashid-reviews-progress-of-aed3-6-billion-hatta-development-projects-visits-hatta-winter-festival HTTP/1.1" 301 0 "-" "Mozilla/5.0 (compatible; VelenPublicWebCrawler/1.0; +https://velen.io)"
3.216.86.144 - - [27/Feb/2026:05:43:23 -0500] "GET /within-al-mamsha-seerah-project-alef-group-launches-suroor-3-and-4/ HTTP/1.1" 200 23300 "-" "Mozilla/5.0 AppleWebKit/537.36 (KHTML, like Gecko; compatible; Amazonbot/0.1; +https://developer.amazon.com/support/amazonbot) Chrome/119.0.6045.214 Safari/537.36"
162.213.253.84 - - [27/Feb/2026:05:43:22 -0500] "POST /wp-admin/admin-ajax.php?action=async_litespeed&nonce=tIcd4ovlVoMJJkVdZImvAj0bJYWHt9qn&litespeed_type=imgoptm HTTP/1.1" 200 21 "-" "WordPress/6.8.1; http://www.middleeastoday.com"
34.76.189.67 - - [27/Feb/2026:05:43:26 -0500] "GET /mansour-bin-zayed-meets-emir-of-qatar-in-sharm-el-sheikh HTTP/1.1" 301 0 "-" "Mozilla/5.0 (compatible; VelenPublicWebCrawler/1.0; +https://velen.io)"
44.194.139.149 - - [27/Feb/2026:05:43:35 -0500] "GET /damac-knowledge-fund-establishment-sign-agreement-to-support-dubai-schools-project/ HTTP/1.1" 200 24612 "-" "Mozilla/5.0 AppleWebKit/537.36 (KHTML, like Gecko; compatible; Amazonbot/0.1; +https://developer.amazon.com/support/amazonbot) Chrome/119.0.6045.214 Safari/537.36"
23.21.179.27 - - [27/Feb/2026:05:43:38 -0500] "GET /hamdan-bin-mohammed-performs-eid-al-fitr-prayer-at-zabeel-grand-mosque/ HTTP/1.1" 200 23398 "-" "Mozilla/5.0 AppleWebKit/537.36 (KHTML, like Gecko; compatible; Amazonbot/0.1; +https://developer.amazon.com/support/amazonbot) Chrome/119.0.6045.214 Safari/537.36"
34.76.189.67 - - [27/Feb/2026:05:43:38 -0500] "GET /uae-president-king-of-bahrain-discuss-bilateral-ties-regional-developments/ HTTP/1.1" 200 23744 "http://www.middleeastoday.com/uae-president-king-of-bahrain-discuss-bilateral-ties-regional-developments" "Mozilla/5.0 (compatible; VelenPublicWebCrawler/1.0; +https://velen.io)"
34.76.189.67 - - [27/Feb/2026:05:43:42 -0500] "GET /uae-leaders-congratulate-new-ethiopean-president/ HTTP/1.1" 200 22782 "http://www.middleeastoday.com/uae-leaders-congratulate-new-ethiopean-president" "Mozilla/5.0 (compatible; VelenPublicWebCrawler/1.0; +https://velen.io)"
44.215.210.112 - - [27/Feb/2026:05:43:50 -0500] "GET /sharjah-ruler-reorganises-sharjah-research-technology-and-innovation-park/ HTTP/1.1" 200 27273 "-" "Mozilla/5.0 AppleWebKit/537.36 (KHTML, like Gecko; compatible; Amazonbot/0.1; +https://developer.amazon.com/support/amazonbot) Chrome/119.0.6045.214 Safari/537.36"
34.76.189.67 - - [27/Feb/2026:05:43:49 -0500] "GET /mohammed-bin-rashid-receives-shabab-al-ahli-football-club-following-four-trophy-season HTTP/1.1" 301 0 "-" "Mozilla/5.0 (compatible; VelenPublicWebCrawler/1.0; +https://velen.io)"
34.76.189.67 - - [27/Feb/2026:05:43:51 -0500] "GET /mohammed-bin-rashid-receives-shabab-al-ahli-football-club-following-four-trophy-season/ HTTP/1.1" 200 23688 "http://www.middleeastoday.com/mohammed-bin-rashid-receives-shabab-al-ahli-football-club-following-four-trophy-season" "Mozilla/5.0 (compatible; VelenPublicWebCrawler/1.0; +https://velen.io)"
34.76.189.67 - - [27/Feb/2026:05:43:56 -0500] "GET /ras-al-khaimah-tourism-development-authority-named-one-of-uaes-best-workplaces/ HTTP/1.1" 200 24401 "http://www.middleeastoday.com/ras-al-khaimah-tourism-development-authority-named-one-of-uaes-best-workplaces" "Mozilla/5.0 (compatible; VelenPublicWebCrawler/1.0; +https://velen.io)"
34.76.189.67 - - [27/Feb/2026:05:44:04 -0500] "GET /next50-discusses-uae-companies-access-to-investment-opportunities-in-new-economy-sectors HTTP/1.1" 301 0 "-" "Mozilla/5.0 (compatible; VelenPublicWebCrawler/1.0; +https://velen.io)"
34.76.189.67 - - [27/Feb/2026:05:44:06 -0500] "GET /next50-discusses-uae-companies-access-to-investment-opportunities-in-new-economy-sectors/ HTTP/1.1" 200 24479 "http://www.middleeastoday.com/next50-discusses-uae-companies-access-to-investment-opportunities-in-new-economy-sectors" "Mozilla/5.0 (compatible; VelenPublicWebCrawler/1.0; +https://velen.io)"
34.76.189.67 - - [27/Feb/2026:05:43:33 -0500] "GET /35-growth-rate-of-new-membership-in-ajman-chamber-during-2021/ HTTP/1.1" 200 23737 "http://www.middleeastoday.com/35-growth-rate-of-new-membership-in-ajman-chamber-during-2021" "Mozilla/5.0 (compatible; VelenPublicWebCrawler/1.0; +https://velen.io)"
34.76.189.67 - - [27/Feb/2026:05:43:36 -0500] "GET /uae-president-king-of-bahrain-discuss-bilateral-ties-regional-developments HTTP/1.1" 301 0 "-" "Mozilla/5.0 (compatible; VelenPublicWebCrawler/1.0; +https://velen.io)"
34.76.189.67 - - [27/Feb/2026:05:43:41 -0500] "GET /uae-leaders-congratulate-new-ethiopean-president HTTP/1.1" 301 0 "-" "Mozilla/5.0 (compatible; VelenPublicWebCrawler/1.0; +https://velen.io)"
34.76.189.67 - - [27/Feb/2026:05:43:45 -0500] "GET /experience-the-magic-mamiya-diamonds-spring-2025-collection-arrives HTTP/1.1" 301 0 "-" "Mozilla/5.0 (compatible; VelenPublicWebCrawler/1.0; +https://velen.io)"
34.76.189.67 - - [27/Feb/2026:05:43:47 -0500] "GET /experience-the-magic-mamiya-diamonds-spring-2025-collection-arrives/ HTTP/1.1" 200 23948 "http://www.middleeastoday.com/experience-the-magic-mamiya-diamonds-spring-2025-collection-arrives" "Mozilla/5.0 (compatible; VelenPublicWebCrawler/1.0; +https://velen.io)"
34.76.189.67 - - [27/Feb/2026:05:43:54 -0500] "GET /ras-al-khaimah-tourism-development-authority-named-one-of-uaes-best-workplaces HTTP/1.1" 301 0 "-" "Mozilla/5.0 (compatible; VelenPublicWebCrawler/1.0; +https://velen.io)"
52.70.209.13 - - [27/Feb/2026:05:43:58 -0500] "GET /how-to-get-dubai-residency-via-property-investment/ HTTP/1.1" 200 24329 "-" "Mozilla/5.0 AppleWebKit/537.36 (KHTML, like Gecko; compatible; Amazonbot/0.1; +https://developer.amazon.com/support/amazonbot) Chrome/119.0.6045.214 Safari/537.36"
34.76.189.67 - - [27/Feb/2026:05:43:59 -0500] "GET /vasu-jit-kalia-honored-with-the-title-of-celebrity-media-strategist-at-the-prestigious-global-leadership-awards-and-business-summit HTTP/1.1" 301 0 "-" "Mozilla/5.0 (compatible; VelenPublicWebCrawler/1.0; +https://velen.io)"
34.76.189.67 - - [27/Feb/2026:05:44:01 -0500] "GET /vasu-jit-kalia-honored-with-the-title-of-celebrity-media-strategist-at-the-prestigious-global-leadership-awards-and-business-summit/ HTTP/1.1" 200 23744 "http://www.middleeastoday.com/vasu-jit-kalia-honored-with-the-title-of-celebrity-media-strategist-at-the-prestigious-global-leadership-awards-and-business-summit" "Mozilla/5.0 (compatible; VelenPublicWebCrawler/1.0; +https://velen.io)"
35.153.86.200 - - [27/Feb/2026:05:44:14 -0500] "GET /category/lifestyle/sports/ HTTP/1.1" 200 22285 "-" "Mozilla/5.0 AppleWebKit/537.36 (KHTML, like Gecko; compatible; Amazonbot/0.1; +https://developer.amazon.com/support/amazonbot) Chrome/119.0.6045.214 Safari/537.36"
34.76.189.67 - - [27/Feb/2026:05:44:14 -0500] "GET /centrepoint-all-set-to-celebrate-eid-al-fitr-in-all-style HTTP/1.1" 301 0 "-" "Mozilla/5.0 (compatible; VelenPublicWebCrawler/1.0; +https://velen.io)"
34.76.189.67 - - [27/Feb/2026:05:44:19 -0500] "GET /ad-ports-group-bags-seven-harvard-business-council-international-awards HTTP/1.1" 301 0 "-" "Mozilla/5.0 (compatible; VelenPublicWebCrawler/1.0; +https://velen.io)"
162.213.253.84 - - [27/Feb/2026:05:44:22 -0500] "POST /wp-cron.php?doing_wp_cron=1772189062.0139920711517333984375 HTTP/1.1" 200 0 "-" "WordPress/6.8.1; http://www.middleeastoday.com"
34.76.189.67 - - [27/Feb/2026:05:44:21 -0500] "GET /ad-ports-group-bags-seven-harvard-business-council-international-awards/ HTTP/1.1" 200 27336 "http://www.middleeastoday.com/ad-ports-group-bags-seven-harvard-business-council-international-awards" "Mozilla/5.0 (compatible; VelenPublicWebCrawler/1.0; +https://velen.io)"
162.213.253.84 - - [27/Feb/2026:05:44:25 -0500] "POST /wp-cron.php?doing_wp_cron=1772189065.4740660190582275390625 HTTP/1.1" 200 0 "-" "WordPress/6.8.1; http://www.middleeastoday.com"
34.76.189.67 - - [27/Feb/2026:05:44:09 -0500] "GET /hamdan-bin-mohammed-performs-eid-al-fitr-prayer-at-zabeel-grand-mosque HTTP/1.1" 301 0 "-" "Mozilla/5.0 (compatible; VelenPublicWebCrawler/1.0; +https://velen.io)"
34.76.189.67 - - [27/Feb/2026:05:44:11 -0500] "GET /hamdan-bin-mohammed-performs-eid-al-fitr-prayer-at-zabeel-grand-mosque/ HTTP/1.1" 200 23399 "http://www.middleeastoday.com/hamdan-bin-mohammed-performs-eid-al-fitr-prayer-at-zabeel-grand-mosque" "Mozilla/5.0 (compatible; VelenPublicWebCrawler/1.0; +https://velen.io)"
34.76.189.67 - - [27/Feb/2026:05:44:16 -0500] "GET /centrepoint-all-set-to-celebrate-eid-al-fitr-in-all-style/ HTTP/1.1" 200 23749 "http://www.middleeastoday.com/centrepoint-all-set-to-celebrate-eid-al-fitr-in-all-style" "Mozilla/5.0 (compatible; VelenPublicWebCrawler/1.0; +https://velen.io)"
44.217.255.167 - - [27/Feb/2026:05:44:18 -0500] "GET /uae-leaders-congratulate-new-kazakh-pm-on-his-appointment/ HTTP/1.1" 200 22694 "-" "Mozilla/5.0 AppleWebKit/537.36 (KHTML, like Gecko; compatible; Amazonbot/0.1; +https://developer.amazon.com/support/amazonbot) Chrome/119.0.6045.214 Safari/537.36"
54.83.56.1 - - [27/Feb/2026:05:44:21 -0500] "GET /alaghband-jewelry-celebrates-the-first-anniversary-of-its-flagship-store-on-the-fashion-avenue-of-dubai-mall/ HTTP/1.1" 200 23977 "-" "Mozilla/5.0 AppleWebKit/537.36 (KHTML, like Gecko; compatible; Amazonbot/0.1; +https://developer.amazon.com/support/amazonbot) Chrome/119.0.6045.214 Safari/537.36"
14.166.170.66 - - [27/Feb/2026:05:44:23 -0500] "GET http://www.middleeastoday.com/category/jobs/ HTTP/1.1" 200 20903 "-" "Mozilla/5.0 (Windows NT 10.0) AppleWebKit/537.36 (KHTML, like Gecko) Chrome/66.0.3359.819 Safari/537.36"
162.213.253.84 - - [27/Feb/2026:05:44:22 -0500] "POST /wp-admin/admin-ajax.php?action=async_litespeed&nonce=iw2y1Pbm6kZ7WoYSWI4CNEQDAj3D1z22&litespeed_type=imgoptm HTTP/1.1" 200 21 "-" "WordPress/6.8.1; http://www.middleeastoday.com"
34.76.189.67 - - [27/Feb/2026:05:44:25 -0500] "GET /air-arabia-named-most-punctual-airline-in-2021-at-moscow-domodedovo-airport HTTP/1.1" 301 0 "-" "Mozilla/5.0 (compatible; VelenPublicWebCrawler/1.0; +https://velen.io)"
34.76.189.67 - - [27/Feb/2026:05:44:26 -0500] "GET /air-arabia-named-most-punctual-airline-in-2021-at-moscow-domodedovo-airport/ HTTP/1.1" 200 23201 "http://www.middleeastoday.com/air-arabia-named-most-punctual-airline-in-2021-at-moscow-domodedovo-airport" "Mozilla/5.0 (compatible; VelenPublicWebCrawler/1.0; +https://velen.io)"
34.76.189.67 - - [27/Feb/2026:05:44:39 -0500] "GET /scci-opens-registration-for-sharjah-excellence-award-2024 HTTP/1.1" 301 0 "-" "Mozilla/5.0 (compatible; VelenPublicWebCrawler/1.0; +https://velen.io)"
34.76.189.67 - - [27/Feb/2026:05:44:41 -0500] "GET /scci-opens-registration-for-sharjah-excellence-award-2024/ HTTP/1.1" 200 23506 "http://www.middleeastoday.com/scci-opens-registration-for-sharjah-excellence-award-2024" "Mozilla/5.0 (compatible; VelenPublicWebCrawler/1.0; +https://velen.io)"
34.76.189.67 - - [27/Feb/2026:05:44:46 -0500] "GET /international-mother-language-day-2023-dubai/ HTTP/1.1" 200 24071 "http://www.middleeastoday.com/international-mother-language-day-2023-dubai" "Mozilla/5.0 (compatible; VelenPublicWebCrawler/1.0; +https://velen.io)"
34.76.189.67 - - [27/Feb/2026:05:44:50 -0500] "GET /sharjah-ruler-attends-honouring-ceremony-of-iccrom-award-winners HTTP/1.1" 301 0 "-" "Mozilla/5.0 (compatible; VelenPublicWebCrawler/1.0; +https://velen.io)"
34.76.189.67 - - [27/Feb/2026:05:44:51 -0500] "GET /sharjah-ruler-attends-honouring-ceremony-of-iccrom-award-winners/ HTTP/1.1" 200 24316 "http://www.middleeastoday.com/sharjah-ruler-attends-honouring-ceremony-of-iccrom-award-winners" "Mozilla/5.0 (compatible; VelenPublicWebCrawler/1.0; +https://velen.io)"
52.70.123.241 - - [27/Feb/2026:05:44:26 -0500] "GET /uae-leaders-congratulate-italian-president-on-republic-day/ HTTP/1.1" 200 22710 "-" "Mozilla/5.0 AppleWebKit/537.36 (KHTML, like Gecko; compatible; Amazonbot/0.1; +https://developer.amazon.com/support/amazonbot) Chrome/119.0.6045.214 Safari/537.36"
34.76.189.67 - - [27/Feb/2026:05:44:29 -0500] "GET /dubai-health-authority-wins-international-data-corporation-award HTTP/1.1" 301 0 "-" "Mozilla/5.0 (compatible; VelenPublicWebCrawler/1.0; +https://velen.io)"
34.76.189.67 - - [27/Feb/2026:05:44:31 -0500] "GET /dubai-health-authority-wins-international-data-corporation-award/ HTTP/1.1" 200 25881 "http://www.middleeastoday.com/dubai-health-authority-wins-international-data-corporation-award" "Mozilla/5.0 (compatible; VelenPublicWebCrawler/1.0; +https://velen.io)"
34.76.189.67 - - [27/Feb/2026:05:44:34 -0500] "GET /dxb-live-wins-best-community-event-at-middle-east-event-awards HTTP/1.1" 301 0 "-" "Mozilla/5.0 (compatible; VelenPublicWebCrawler/1.0; +https://velen.io)"
34.76.189.67 - - [27/Feb/2026:05:44:36 -0500] "GET /dxb-live-wins-best-community-event-at-middle-east-event-awards/ HTTP/1.1" 200 23670 "http://www.middleeastoday.com/dxb-live-wins-best-community-event-at-middle-east-event-awards" "Mozilla/5.0 (compatible; VelenPublicWebCrawler/1.0; +https://velen.io)"
34.76.189.67 - - [27/Feb/2026:05:44:44 -0500] "GET /international-mother-language-day-2023-dubai HTTP/1.1" 301 0 "-" "Mozilla/5.0 (compatible; VelenPublicWebCrawler/1.0; +https://velen.io)"
34.76.189.67 - - [27/Feb/2026:05:44:55 -0500] "GET /53rd-wjmes-unveils-luxurious-gold-collections-international-artifacts HTTP/1.1" 301 0 "-" "Mozilla/5.0 (compatible; VelenPublicWebCrawler/1.0; +https://velen.io)"
34.76.189.67 - - [27/Feb/2026:05:44:56 -0500] "GET /53rd-wjmes-unveils-luxurious-gold-collections-international-artifacts/ HTTP/1.1" 200 23675 "http://www.middleeastoday.com/53rd-wjmes-unveils-luxurious-gold-collections-international-artifacts" "Mozilla/5.0 (compatible; VelenPublicWebCrawler/1.0; +https://velen.io)"
34.76.189.67 - - [27/Feb/2026:05:45:05 -0500] "GET /celebrity-skincare-expert-nicole-zysk-judges-fashion-factor-season-5 HTTP/1.1" 301 0 "-" "Mozilla/5.0 (compatible; VelenPublicWebCrawler/1.0; +https://velen.io)"
34.76.189.67 - - [27/Feb/2026:05:45:19 -0500] "GET /category/beauty-fashion/page/3/ HTTP/1.1" 200 24122 "http://www.middleeastoday.com/category/beauty-fashion/page/3" "Mozilla/5.0 (compatible; VelenPublicWebCrawler/1.0; +https://velen.io)"
34.76.189.67 - - [27/Feb/2026:05:45:22 -0500] "GET /category/beauty-fashion/page/7 HTTP/1.1" 301 0 "-" "Mozilla/5.0 (compatible; VelenPublicWebCrawler/1.0; +https://velen.io)"
162.213.253.84 - - [27/Feb/2026:05:45:23 -0500] "POST /wp-admin/admin-ajax.php?action=async_litespeed&nonce=1CSwPNaBog302oldLv28pQQTE9ygnsLu&litespeed_type=imgoptm HTTP/1.1" 200 21 "-" "WordPress/6.8.1; http://www.middleeastoday.com"
162.213.253.84 - - [27/Feb/2026:05:45:25 -0500] "POST /wp-cron.php?doing_wp_cron=1772189125.0773530006408691406250 HTTP/1.1" 200 0 "-" "WordPress/6.8.1; http://www.middleeastoday.com"
34.76.189.67 - - [27/Feb/2026:05:45:27 -0500] "GET /acclaimed-fashion-designer-neena-sharma-unveils-spectacular-bollywood-jazz-collection-at-gmfl-fashion-week-in-dubai HTTP/1.1" 301 0 "-" "Mozilla/5.0 (compatible; VelenPublicWebCrawler/1.0; +https://velen.io)"
34.76.189.67 - - [27/Feb/2026:05:45:29 -0500] "GET /acclaimed-fashion-designer-neena-sharma-unveils-spectacular-bollywood-jazz-collection-at-gmfl-fashion-week-in-dubai/ HTTP/1.1" 200 23555 "http://www.middleeastoday.com/acclaimed-fashion-designer-neena-sharma-unveils-spectacular-bollywood-jazz-collection-at-gmfl-fashion-week-in-dubai" "Mozilla/5.0 (compatible; VelenPublicWebCrawler/1.0; +https://velen.io)"
34.76.189.67 - - [27/Feb/2026:05:45:32 -0500] "GET /10919-2 HTTP/1.1" 301 0 "-" "Mozilla/5.0 (compatible; VelenPublicWebCrawler/1.0; +https://velen.io)"
34.76.189.67 - - [27/Feb/2026:05:45:34 -0500] "GET /10919-2/ HTTP/1.1" 200 25065 "http://www.middleeastoday.com/10919-2" "Mozilla/5.0 (compatible; VelenPublicWebCrawler/1.0; +https://velen.io)"
34.76.189.67 - - [27/Feb/2026:05:45:41 -0500] "GET /category/business/page/11 HTTP/1.1" 301 0 "-" "Mozilla/5.0 (compatible; VelenPublicWebCrawler/1.0; +https://velen.io)"
34.76.189.67 - - [27/Feb/2026:05:45:43 -0500] "GET /category/business/page/11/ HTTP/1.1" 200 22896 "http://www.middleeastoday.com/category/business/page/11" "Mozilla/5.0 (compatible; VelenPublicWebCrawler/1.0; +https://velen.io)"
34.76.189.67 - - [27/Feb/2026:05:45:46 -0500] "GET /category/business/page/2 HTTP/1.1" 301 0 "-" "Mozilla/5.0 (compatible; VelenPublicWebCrawler/1.0; +https://velen.io)"
34.76.189.67 - - [27/Feb/2026:05:45:51 -0500] "GET /category/business/page/3 HTTP/1.1" 301 0 "-" "Mozilla/5.0 (compatible; VelenPublicWebCrawler/1.0; +https://velen.io)"
34.76.189.67 - - [27/Feb/2026:05:45:52 -0500] "GET /category/business/page/3/ HTTP/1.1" 200 24281 "http://www.middleeastoday.com/category/business/page/3" "Mozilla/5.0 (compatible; VelenPublicWebCrawler/1.0; +https://velen.io)"
14.191.115.231 - - [27/Feb/2026:05:45:55 -0500] "GET http://www.middleeastoday.com/dubai-airport-on-right-track-retains-position-as-worlds-busiest-international-airport-deputy-ceo-of-dubai-airports-2/ HTTP/1.1" 200 24912 "-" "Mozilla/5.0 (Windows NT 10.0; Win64; x64) AppleWebKit/537.36 (KHTML, like Gecko) Chrome/93.0.4564.0 Safari/537.36"
34.76.189.67 - - [27/Feb/2026:05:45:56 -0500] "GET /bollywood-superstar-suniel-shetty-presents-media-strategist-of-the-year-award-2024-to-vasu-jit-kalia HTTP/1.1" 301 0 "-" "Mozilla/5.0 (compatible; VelenPublicWebCrawler/1.0; +https://velen.io)"
34.76.189.67 - - [27/Feb/2026:05:46:02 -0500] "GET /sultan-al-qasimi-reviews-achievements-of-sharjah-youth/ HTTP/1.1" 200 28855 "http://www.middleeastoday.com/sultan-al-qasimi-reviews-achievements-of-sharjah-youth" "Mozilla/5.0 (compatible; VelenPublicWebCrawler/1.0; +https://velen.io)"
34.76.189.67 - - [27/Feb/2026:05:45:00 -0500] "GET /majid-bin-sultan-al-qasimi-opens-acres-2023 HTTP/1.1" 301 0 "-" "Mozilla/5.0 (compatible; VelenPublicWebCrawler/1.0; +https://velen.io)"
34.76.189.67 - - [27/Feb/2026:05:45:01 -0500] "GET /majid-bin-sultan-al-qasimi-opens-acres-2023/ HTTP/1.1" 200 29814 "http://www.middleeastoday.com/majid-bin-sultan-al-qasimi-opens-acres-2023" "Mozilla/5.0 (compatible; VelenPublicWebCrawler/1.0; +https://velen.io)"
34.76.189.67 - - [27/Feb/2026:05:45:09 -0500] "GET /celebrity-skincare-expert-nicole-zysk-judges-fashion-factor-season-5/ HTTP/1.1" 200 23664 "http://www.middleeastoday.com/celebrity-skincare-expert-nicole-zysk-judges-fashion-factor-season-5" "Mozilla/5.0 (compatible; VelenPublicWebCrawler/1.0; +https://velen.io)"
34.76.189.67 - - [27/Feb/2026:05:45:12 -0500] "GET /category/beauty-fashion/page/2 HTTP/1.1" 301 0 "-" "Mozilla/5.0 (compatible; VelenPublicWebCrawler/1.0; +https://velen.io)"
34.76.189.67 - - [27/Feb/2026:05:45:14 -0500] "GET /category/beauty-fashion/page/2/ HTTP/1.1" 200 24112 "http://www.middleeastoday.com/category/beauty-fashion/page/2" "Mozilla/5.0 (compatible; VelenPublicWebCrawler/1.0; +https://velen.io)"
34.76.189.67 - - [27/Feb/2026:05:45:17 -0500] "GET /category/beauty-fashion/page/3 HTTP/1.1" 301 0 "-" "Mozilla/5.0 (compatible; VelenPublicWebCrawler/1.0; +https://velen.io)"
162.213.253.84 - - [27/Feb/2026:05:45:23 -0500] "POST /wp-cron.php?doing_wp_cron=1772189123.3662369251251220703125 HTTP/1.1" 200 0 "-" "WordPress/6.8.1; http://www.middleeastoday.com"
34.76.189.67 - - [27/Feb/2026:05:45:24 -0500] "GET /category/beauty-fashion/page/7/ HTTP/1.1" 200 23378 "http://www.middleeastoday.com/category/beauty-fashion/page/7" "Mozilla/5.0 (compatible; VelenPublicWebCrawler/1.0; +https://velen.io)"
34.76.189.67 - - [27/Feb/2026:05:45:36 -0500] "GET /aldar-generates-more-than-aed3-5-billion-in-sales-at-fahid-island-during-launch-week HTTP/1.1" 301 0 "-" "Mozilla/5.0 (compatible; VelenPublicWebCrawler/1.0; +https://velen.io)"
34.76.189.67 - - [27/Feb/2026:05:45:38 -0500] "GET /aldar-generates-more-than-aed3-5-billion-in-sales-at-fahid-island-during-launch-week/ HTTP/1.1" 200 23958 "http://www.middleeastoday.com/aldar-generates-more-than-aed3-5-billion-in-sales-at-fahid-island-during-launch-week" "Mozilla/5.0 (compatible; VelenPublicWebCrawler/1.0; +https://velen.io)"
34.76.189.67 - - [27/Feb/2026:05:45:48 -0500] "GET /category/business/page/2/ HTTP/1.1" 200 24432 "http://www.middleeastoday.com/category/business/page/2" "Mozilla/5.0 (compatible; VelenPublicWebCrawler/1.0; +https://velen.io)"
34.76.189.67 - - [27/Feb/2026:05:45:57 -0500] "GET /bollywood-superstar-suniel-shetty-presents-media-strategist-of-the-year-award-2024-to-vasu-jit-kalia/ HTTP/1.1" 200 24002 "http://www.middleeastoday.com/bollywood-superstar-suniel-shetty-presents-media-strategist-of-the-year-award-2024-to-vasu-jit-kalia" "Mozilla/5.0 (compatible; VelenPublicWebCrawler/1.0; +https://velen.io)"
34.76.189.67 - - [27/Feb/2026:05:46:00 -0500] "GET /sultan-al-qasimi-reviews-achievements-of-sharjah-youth HTTP/1.1" 301 0 "-" "Mozilla/5.0 (compatible; VelenPublicWebCrawler/1.0; +https://velen.io)"
34.76.189.67 - - [27/Feb/2026:05:46:07 -0500] "GET /5000-visitors-attended-sharjah-entrepreneurial-festival-so-far/ HTTP/1.1" 200 27354 "http://www.middleeastoday.com/5000-visitors-attended-sharjah-entrepreneurial-festival-so-far" "Mozilla/5.0 (compatible; VelenPublicWebCrawler/1.0; +https://velen.io)"
34.76.189.67 - - [27/Feb/2026:05:46:11 -0500] "GET /abu-dhabi-hosts-inaugural-mena-edition-of-bitcoin-conference-in-december/ HTTP/1.1" 200 23541 "http://www.middleeastoday.com/abu-dhabi-hosts-inaugural-mena-edition-of-bitcoin-conference-in-december" "Mozilla/5.0 (compatible; VelenPublicWebCrawler/1.0; +https://velen.io)"
162.213.253.84 - - [27/Feb/2026:05:46:22 -0500] "POST /wp-admin/admin-ajax.php?action=async_litespeed&nonce=2o4nszq2zCYJjGHn5UnFFuaGC3CIM5mw&litespeed_type=imgoptm HTTP/1.1" 200 21 "-" "WordPress/6.8.1; http://www.middleeastoday.com"
34.76.189.67 - - [27/Feb/2026:05:46:05 -0500] "GET /5000-visitors-attended-sharjah-entrepreneurial-festival-so-far HTTP/1.1" 301 0 "-" "Mozilla/5.0 (compatible; VelenPublicWebCrawler/1.0; +https://velen.io)"
34.76.189.67 - - [27/Feb/2026:05:46:09 -0500] "GET /abu-dhabi-hosts-inaugural-mena-edition-of-bitcoin-conference-in-december HTTP/1.1" 301 0 "-" "Mozilla/5.0 (compatible; VelenPublicWebCrawler/1.0; +https://velen.io)"
34.76.189.67 - - [27/Feb/2026:05:46:14 -0500] "GET /aed6-2-billion-in-deals-concluded-as-global-food-week-wraps-up-in-abu-dhabi HTTP/1.1" 301 0 "-" "Mozilla/5.0 (compatible; VelenPublicWebCrawler/1.0; +https://velen.io)"
34.76.189.67 - - [27/Feb/2026:05:46:16 -0500] "GET /aed6-2-billion-in-deals-concluded-as-global-food-week-wraps-up-in-abu-dhabi/ HTTP/1.1" 200 24157 "http://www.middleeastoday.com/aed6-2-billion-in-deals-concluded-as-global-food-week-wraps-up-in-abu-dhabi" "Mozilla/5.0 (compatible; VelenPublicWebCrawler/1.0; +https://velen.io)"
34.76.189.67 - - [27/Feb/2026:05:46:19 -0500] "GET /expo-centre-sharjah-concludes-participation-in-ufis-mea-conference HTTP/1.1" 301 0 "-" "Mozilla/5.0 (compatible; VelenPublicWebCrawler/1.0; +https://velen.io)"
162.213.253.84 - - [27/Feb/2026:05:46:22 -0500] "POST /wp-cron.php?doing_wp_cron=1772189182.0027880668640136718750 HTTP/1.1" 200 0 "-" "WordPress/6.8.1; http://www.middleeastoday.com"
34.76.189.67 - - [27/Feb/2026:05:46:21 -0500] "GET /expo-centre-sharjah-concludes-participation-in-ufis-mea-conference/ HTTP/1.1" 200 23885 "http://www.middleeastoday.com/expo-centre-sharjah-concludes-participation-in-ufis-mea-conference" "Mozilla/5.0 (compatible; VelenPublicWebCrawler/1.0; +https://velen.io)"
162.213.253.84 - - [27/Feb/2026:05:46:25 -0500] "POST /wp-cron.php?doing_wp_cron=1772189185.1599800586700439453125 HTTP/1.1" 200 0 "-" "WordPress/6.8.1; http://www.middleeastoday.com"
34.76.189.67 - - [27/Feb/2026:05:46:29 -0500] "GET /the-expand-north-star-2023-exhibition-showcases-cutting-edge-technology HTTP/1.1" 301 0 "-" "Mozilla/5.0 (compatible; VelenPublicWebCrawler/1.0; +https://velen.io)"
34.76.189.67 - - [27/Feb/2026:05:46:31 -0500] "GET /the-expand-north-star-2023-exhibition-showcases-cutting-edge-technology/ HTTP/1.1" 200 24176 "http://www.middleeastoday.com/the-expand-north-star-2023-exhibition-showcases-cutting-edge-technology" "Mozilla/5.0 (compatible; VelenPublicWebCrawler/1.0; +https://velen.io)"
34.76.189.67 - - [27/Feb/2026:05:46:39 -0500] "GET /maktoum-bin-mohammed-tours-gitex-global-2022 HTTP/1.1" 301 0 "-" "Mozilla/5.0 (compatible; VelenPublicWebCrawler/1.0; +https://velen.io)"
34.76.189.67 - - [27/Feb/2026:05:46:41 -0500] "GET /maktoum-bin-mohammed-tours-gitex-global-2022/ HTTP/1.1" 200 23354 "http://www.middleeastoday.com/maktoum-bin-mohammed-tours-gitex-global-2022" "Mozilla/5.0 (compatible; VelenPublicWebCrawler/1.0; +https://velen.io)"
34.76.189.67 - - [27/Feb/2026:05:46:49 -0500] "GET /category/exhibitions/page/3 HTTP/1.1" 301 0 "-" "Mozilla/5.0 (compatible; VelenPublicWebCrawler/1.0; +https://velen.io)"
34.76.189.67 - - [27/Feb/2026:05:46:51 -0500] "GET /category/exhibitions/page/3/ HTTP/1.1" 200 24222 "http://www.middleeastoday.com/category/exhibitions/page/3" "Mozilla/5.0 (compatible; VelenPublicWebCrawler/1.0; +https://velen.io)"
34.76.189.67 - - [27/Feb/2026:05:46:54 -0500] "GET /category/exhibitions/page/5 HTTP/1.1" 301 0 "-" "Mozilla/5.0 (compatible; VelenPublicWebCrawler/1.0; +https://velen.io)"
34.76.189.67 - - [27/Feb/2026:05:46:56 -0500] "GET /category/exhibitions/page/5/ HTTP/1.1" 200 21661 "http://www.middleeastoday.com/category/exhibitions/page/5" "Mozilla/5.0 (compatible; VelenPublicWebCrawler/1.0; +https://velen.io)"
77.75.78.172 - - [27/Feb/2026:05:46:59 -0500] "GET /robots.txt HTTP/1.1" 200 117 "-" "Mozilla/5.0 (compatible; SeznamBot/4.0; +https://o-seznam.cz/napoveda/vyhledavani/en/seznambot-crawler/)"
34.76.189.67 - - [27/Feb/2026:05:46:24 -0500] "GET /fujairah-ruler-receives-participants-of-international-envirocities-conference-2022 HTTP/1.1" 301 0 "-" "Mozilla/5.0 (compatible; VelenPublicWebCrawler/1.0; +https://velen.io)"
34.76.189.67 - - [27/Feb/2026:05:46:26 -0500] "GET /fujairah-ruler-receives-participants-of-international-envirocities-conference-2022/ HTTP/1.1" 200 24829 "http://www.middleeastoday.com/fujairah-ruler-receives-participants-of-international-envirocities-conference-2022" "Mozilla/5.0 (compatible; VelenPublicWebCrawler/1.0; +https://velen.io)"
34.76.189.67 - - [27/Feb/2026:05:46:34 -0500] "GET /theyab-bin-mohamed-bin-zayed-visits-adipec-2023 HTTP/1.1" 301 0 "-" "Mozilla/5.0 (compatible; VelenPublicWebCrawler/1.0; +https://velen.io)"
34.76.189.67 - - [27/Feb/2026:05:46:36 -0500] "GET /theyab-bin-mohamed-bin-zayed-visits-adipec-2023/ HTTP/1.1" 200 24011 "http://www.middleeastoday.com/theyab-bin-mohamed-bin-zayed-visits-adipec-2023" "Mozilla/5.0 (compatible; VelenPublicWebCrawler/1.0; +https://velen.io)"
34.76.189.67 - - [27/Feb/2026:05:46:44 -0500] "GET /category/exhibitions/page/2 HTTP/1.1" 301 0 "-" "Mozilla/5.0 (compatible; VelenPublicWebCrawler/1.0; +https://velen.io)"
34.76.189.67 - - [27/Feb/2026:05:46:46 -0500] "GET /category/exhibitions/page/2/ HTTP/1.1" 200 24247 "http://www.middleeastoday.com/category/exhibitions/page/2" "Mozilla/5.0 (compatible; VelenPublicWebCrawler/1.0; +https://velen.io)"
77.75.78.172 - - [27/Feb/2026:05:46:59 -0500] "GET /khawla-art-and-culture-hosts-a-vibrant-land-exhibition/ HTTP/1.1" 200 23365 "-" "Mozilla/5.0 (compatible; SeznamBot/4.0; +https://o-seznam.cz/napoveda/vyhledavani/en/seznambot-crawler/)"
34.76.189.67 - - [27/Feb/2026:05:46:59 -0500] "GET /uae-president-receives-prime-minister-of-kurdistan-region-of-iraq HTTP/1.1" 301 0 "-" "Mozilla/5.0 (compatible; VelenPublicWebCrawler/1.0; +https://velen.io)"
34.76.189.67 - - [27/Feb/2026:05:47:04 -0500] "GET /uae-president-receives-credentials-of-newly-appointed-ambassadors HTTP/1.1" 301 0 "-" "Mozilla/5.0 (compatible; VelenPublicWebCrawler/1.0; +https://velen.io)"
34.76.189.67 - - [27/Feb/2026:05:47:09 -0500] "GET /category/national-news/page/2 HTTP/1.1" 301 0 "-" "Mozilla/5.0 (compatible; VelenPublicWebCrawler/1.0; +https://velen.io)"
34.76.189.67 - - [27/Feb/2026:05:47:11 -0500] "GET /category/national-news/page/2/ HTTP/1.1" 200 23952 "http://www.middleeastoday.com/category/national-news/page/2" "Mozilla/5.0 (compatible; VelenPublicWebCrawler/1.0; +https://velen.io)"
34.76.189.67 - - [27/Feb/2026:05:47:14 -0500] "GET /category/national-news/page/3 HTTP/1.1" 301 0 "-" "Mozilla/5.0 (compatible; VelenPublicWebCrawler/1.0; +https://velen.io)"
34.76.189.67 - - [27/Feb/2026:05:47:16 -0500] "GET /category/national-news/page/3/ HTTP/1.1" 200 23930 "http://www.middleeastoday.com/category/national-news/page/3" "Mozilla/5.0 (compatible; VelenPublicWebCrawler/1.0; +https://velen.io)"
34.76.189.67 - - [27/Feb/2026:05:47:20 -0500] "GET /category/national-news/page/30 HTTP/1.1" 301 0 "-" "Mozilla/5.0 (compatible; VelenPublicWebCrawler/1.0; +https://velen.io)"
34.76.189.67 - - [27/Feb/2026:05:47:21 -0500] "GET /category/national-news/page/30/ HTTP/1.1" 200 23766 "http://www.middleeastoday.com/category/national-news/page/30" "Mozilla/5.0 (compatible; VelenPublicWebCrawler/1.0; +https://velen.io)"
162.213.253.84 - - [27/Feb/2026:05:47:23 -0500] "POST /wp-admin/admin-ajax.php?action=async_litespeed&nonce=Id4MwzLfKADZEiHFCk0JhW4Gf44Epeb7&litespeed_type=imgoptm HTTP/1.1" 200 21 "-" "WordPress/6.8.1; http://www.middleeastoday.com"
162.213.253.84 - - [27/Feb/2026:05:47:25 -0500] "POST /wp-cron.php?doing_wp_cron=1772189245.9367330074310302734375 HTTP/1.1" 200 0 "-" "WordPress/6.8.1; http://www.middleeastoday.com"
34.76.189.67 - - [27/Feb/2026:05:47:25 -0500] "GET /get-set-to-take-on-the-sun-with-summer-survival-kit-from-sesderma HTTP/1.1" 301 0 "-" "Mozilla/5.0 (compatible; VelenPublicWebCrawler/1.0; +https://velen.io)"
34.76.189.67 - - [27/Feb/2026:05:47:01 -0500] "GET /uae-president-receives-prime-minister-of-kurdistan-region-of-iraq/ HTTP/1.1" 200 23046 "http://www.middleeastoday.com/uae-president-receives-prime-minister-of-kurdistan-region-of-iraq" "Mozilla/5.0 (compatible; VelenPublicWebCrawler/1.0; +https://velen.io)"
34.76.189.67 - - [27/Feb/2026:05:47:06 -0500] "GET /uae-president-receives-credentials-of-newly-appointed-ambassadors/ HTTP/1.1" 200 23695 "http://www.middleeastoday.com/uae-president-receives-credentials-of-newly-appointed-ambassadors" "Mozilla/5.0 (compatible; VelenPublicWebCrawler/1.0; +https://velen.io)"
162.213.253.84 - - [27/Feb/2026:05:47:22 -0500] "POST /wp-cron.php?doing_wp_cron=1772189242.6686210632324218750000 HTTP/1.1" 200 0 "-" "WordPress/6.8.1; http://www.middleeastoday.com"
34.76.189.67 - - [27/Feb/2026:05:47:31 -0500] "GET /limited-edition-aed-8-million-zenvo-hypercar-to-the-middle-east-launched-by-the-elite-cars/ HTTP/1.1" 200 24206 "http://www.middleeastoday.com/limited-edition-aed-8-million-zenvo-hypercar-to-the-middle-east-launched-by-the-elite-cars" "Mozilla/5.0 (compatible; VelenPublicWebCrawler/1.0; +https://velen.io)"
34.76.189.67 - - [27/Feb/2026:05:47:36 -0500] "GET /category/products/page/2/ HTTP/1.1" 200 24320 "http://www.middleeastoday.com/category/products/page/2" "Mozilla/5.0 (compatible; VelenPublicWebCrawler/1.0; +https://velen.io)"
34.76.189.67 - - [27/Feb/2026:05:47:44 -0500] "GET /arabian-travel-market-changes-2022-dates-to-accommodate-new-uae-working-week HTTP/1.1" 301 0 "-" "Mozilla/5.0 (compatible; VelenPublicWebCrawler/1.0; +https://velen.io)"
34.76.189.67 - - [27/Feb/2026:05:47:46 -0500] "GET /arabian-travel-market-changes-2022-dates-to-accommodate-new-uae-working-week/ HTTP/1.1" 200 24217 "http://www.middleeastoday.com/arabian-travel-market-changes-2022-dates-to-accommodate-new-uae-working-week" "Mozilla/5.0 (compatible; VelenPublicWebCrawler/1.0; +https://velen.io)"
34.76.189.67 - - [27/Feb/2026:05:48:06 -0500] "GET /etihad-airways-records-10-4-million-passengers-jan-jul-2024/ HTTP/1.1" 200 23093 "http://www.middleeastoday.com/etihad-airways-records-10-4-million-passengers-jan-jul-2024" "Mozilla/5.0 (compatible; VelenPublicWebCrawler/1.0; +https://velen.io)"
34.76.189.67 - - [27/Feb/2026:05:48:10 -0500] "GET /etihad-operates-3-flights-to-medan-indonesia/ HTTP/1.1" 200 22764 "http://www.middleeastoday.com/etihad-operates-3-flights-to-medan-indonesia" "Mozilla/5.0 (compatible; VelenPublicWebCrawler/1.0; +https://velen.io)"
34.76.189.67 - - [27/Feb/2026:05:48:14 -0500] "GET /mohammed-bin-rashid-aerospace-hub-signs-agreement-to-open-mro-engine-test-facility-at-dubai-south HTTP/1.1" 301 0 "-" "Mozilla/5.0 (compatible; VelenPublicWebCrawler/1.0; +https://velen.io)"
34.76.189.67 - - [27/Feb/2026:05:48:15 -0500] "GET /mohammed-bin-rashid-aerospace-hub-signs-agreement-to-open-mro-engine-test-facility-at-dubai-south/ HTTP/1.1" 200 23709 "http://www.middleeastoday.com/mohammed-bin-rashid-aerospace-hub-signs-agreement-to-open-mro-engine-test-facility-at-dubai-south" "Mozilla/5.0 (compatible; VelenPublicWebCrawler/1.0; +https://velen.io)"
34.76.189.67 - - [27/Feb/2026:05:48:18 -0500] "GET /category/travel-tourism/page/2 HTTP/1.1" 301 0 "-" "Mozilla/5.0 (compatible; VelenPublicWebCrawler/1.0; +https://velen.io)"
34.76.189.67 - - [27/Feb/2026:05:48:20 -0500] "GET /category/travel-tourism/page/2/ HTTP/1.1" 200 24482 "http://www.middleeastoday.com/category/travel-tourism/page/2" "Mozilla/5.0 (compatible; VelenPublicWebCrawler/1.0; +https://velen.io)"
34.76.189.67 - - [27/Feb/2026:05:48:23 -0500] "GET /category/travel-tourism/page/3 HTTP/1.1" 301 0 "-" "Mozilla/5.0 (compatible; VelenPublicWebCrawler/1.0; +https://velen.io)"
162.213.253.84 - - [27/Feb/2026:05:48:26 -0500] "POST /wp-cron.php?doing_wp_cron=1772189306.1504619121551513671875 HTTP/1.1" 200 0 "-" "WordPress/6.8.1; http://www.middleeastoday.com"
34.76.189.67 - - [27/Feb/2026:05:48:28 -0500] "GET /category/travel-tourism/page/9 HTTP/1.1" 301 0 "-" "Mozilla/5.0 (compatible; VelenPublicWebCrawler/1.0; +https://velen.io)"
34.76.189.67 - - [27/Feb/2026:05:47:27 -0500] "GET /get-set-to-take-on-the-sun-with-summer-survival-kit-from-sesderma/ HTTP/1.1" 200 23970 "http://www.middleeastoday.com/get-set-to-take-on-the-sun-with-summer-survival-kit-from-sesderma" "Mozilla/5.0 (compatible; VelenPublicWebCrawler/1.0; +https://velen.io)"
34.76.189.67 - - [27/Feb/2026:05:47:30 -0500] "GET /limited-edition-aed-8-million-zenvo-hypercar-to-the-middle-east-launched-by-the-elite-cars HTTP/1.1" 301 0 "-" "Mozilla/5.0 (compatible; VelenPublicWebCrawler/1.0; +https://velen.io)"
34.76.189.67 - - [27/Feb/2026:05:47:34 -0500] "GET /category/products/page/2 HTTP/1.1" 301 0 "-" "Mozilla/5.0 (compatible; VelenPublicWebCrawler/1.0; +https://velen.io)"
34.76.189.67 - - [27/Feb/2026:05:47:39 -0500] "GET /category/products/page/3 HTTP/1.1" 301 0 "-" "Mozilla/5.0 (compatible; VelenPublicWebCrawler/1.0; +https://velen.io)"
34.76.189.67 - - [27/Feb/2026:05:47:41 -0500] "GET /category/products/page/3/ HTTP/1.1" 200 23002 "http://www.middleeastoday.com/category/products/page/3" "Mozilla/5.0 (compatible; VelenPublicWebCrawler/1.0; +https://velen.io)"
34.76.189.67 - - [27/Feb/2026:05:47:49 -0500] "GET /10795-2 HTTP/1.1" 301 0 "-" "Mozilla/5.0 (compatible; VelenPublicWebCrawler/1.0; +https://velen.io)"
34.76.189.67 - - [27/Feb/2026:05:47:51 -0500] "GET /10795-2/ HTTP/1.1" 200 23187 "http://www.middleeastoday.com/10795-2" "Mozilla/5.0 (compatible; VelenPublicWebCrawler/1.0; +https://velen.io)"
34.76.189.67 - - [27/Feb/2026:05:47:54 -0500] "GET /a-night-of-celebration-at-dusit-thani-dubai HTTP/1.1" 301 0 "-" "Mozilla/5.0 (compatible; VelenPublicWebCrawler/1.0; +https://velen.io)"
34.76.189.67 - - [27/Feb/2026:05:47:56 -0500] "GET /a-night-of-celebration-at-dusit-thani-dubai/ HTTP/1.1" 200 22937 "http://www.middleeastoday.com/a-night-of-celebration-at-dusit-thani-dubai" "Mozilla/5.0 (compatible; VelenPublicWebCrawler/1.0; +https://velen.io)"
34.76.189.67 - - [27/Feb/2026:05:47:59 -0500] "GET /emirates-wins-worlds-best-airline HTTP/1.1" 301 0 "-" "Mozilla/5.0 (compatible; VelenPublicWebCrawler/1.0; +https://velen.io)"
34.76.189.67 - - [27/Feb/2026:05:48:01 -0500] "GET /emirates-wins-worlds-best-airline/ HTTP/1.1" 200 23589 "http://www.middleeastoday.com/emirates-wins-worlds-best-airline" "Mozilla/5.0 (compatible; VelenPublicWebCrawler/1.0; +https://velen.io)"
34.76.189.67 - - [27/Feb/2026:05:48:04 -0500] "GET /etihad-airways-records-10-4-million-passengers-jan-jul-2024 HTTP/1.1" 301 0 "-" "Mozilla/5.0 (compatible; VelenPublicWebCrawler/1.0; +https://velen.io)"
34.76.189.67 - - [27/Feb/2026:05:48:09 -0500] "GET /etihad-operates-3-flights-to-medan-indonesia HTTP/1.1" 301 0 "-" "Mozilla/5.0 (compatible; VelenPublicWebCrawler/1.0; +https://velen.io)"
162.213.253.84 - - [27/Feb/2026:05:48:24 -0500] "POST /wp-cron.php?doing_wp_cron=1772189304.3012709617614746093750 HTTP/1.1" 200 0 "-" "WordPress/6.8.1; http://www.middleeastoday.com"
162.213.253.84 - - [27/Feb/2026:05:48:24 -0500] "POST /wp-admin/admin-ajax.php?action=async_litespeed&nonce=BifBLSkbpgDeOcyE9L21cL6PTPKXAdjf&litespeed_type=imgoptm HTTP/1.1" 200 21 "-" "WordPress/6.8.1; http://www.middleeastoday.com"
34.76.189.67 - - [27/Feb/2026:05:48:25 -0500] "GET /category/travel-tourism/page/3/ HTTP/1.1" 200 24282 "http://www.middleeastoday.com/category/travel-tourism/page/3" "Mozilla/5.0 (compatible; VelenPublicWebCrawler/1.0; +https://velen.io)"
34.76.189.67 - - [27/Feb/2026:05:48:33 -0500] "GET /dubai-international-named-worlds-busiest-international-airport-for-10th-consecutive-year HTTP/1.1" 301 0 "-" "Mozilla/5.0 (compatible; VelenPublicWebCrawler/1.0; +https://velen.io)"
34.76.189.67 - - [27/Feb/2026:05:48:35 -0500] "GET /dubai-international-named-worlds-busiest-international-airport-for-10th-consecutive-year/ HTTP/1.1" 200 24604 "http://www.middleeastoday.com/dubai-international-named-worlds-busiest-international-airport-for-10th-consecutive-year" "Mozilla/5.0 (compatible; VelenPublicWebCrawler/1.0; +https://velen.io)"
34.76.189.67 - - [27/Feb/2026:05:48:30 -0500] "GET /category/travel-tourism/page/9/ HTTP/1.1" 200 23796 "http://www.middleeastoday.com/category/travel-tourism/page/9" "Mozilla/5.0 (compatible; VelenPublicWebCrawler/1.0; +https://velen.io)"
34.76.189.67 - - [27/Feb/2026:05:48:43 -0500] "GET /mohammed-bin-rashid-meets-with-senior-officials-of-emirates-airline-and-group HTTP/1.1" 301 0 "-" "Mozilla/5.0 (compatible; VelenPublicWebCrawler/1.0; +https://velen.io)"
34.76.189.67 - - [27/Feb/2026:05:48:48 -0500] "GET /category/travel-tourism/airlines/page/2 HTTP/1.1" 301 0 "-" "Mozilla/5.0 (compatible; VelenPublicWebCrawler/1.0; +https://velen.io)"
34.76.189.67 - - [27/Feb/2026:05:48:57 -0500] "GET /category/travel-tourism/airlines/page/5 HTTP/1.1" 301 0 "-" "Mozilla/5.0 (compatible; VelenPublicWebCrawler/1.0; +https://velen.io)"
34.76.189.67 - - [27/Feb/2026:05:49:02 -0500] "GET /al-bandar-rotana-to-serve-iftar-with-a-unique-iftar-dining-experience HTTP/1.1" 301 0 "-" "Mozilla/5.0 (compatible; VelenPublicWebCrawler/1.0; +https://velen.io)"
34.76.189.67 - - [27/Feb/2026:05:49:04 -0500] "GET /al-bandar-rotana-to-serve-iftar-with-a-unique-iftar-dining-experience/ HTTP/1.1" 200 23622 "http://www.middleeastoday.com/al-bandar-rotana-to-serve-iftar-with-a-unique-iftar-dining-experience" "Mozilla/5.0 (compatible; VelenPublicWebCrawler/1.0; +https://velen.io)"
34.76.189.67 - - [27/Feb/2026:05:49:09 -0500] "GET /european-style-pancake-day-at-mondoux/ HTTP/1.1" 200 23383 "http://www.middleeastoday.com/european-style-pancake-day-at-mondoux" "Mozilla/5.0 (compatible; VelenPublicWebCrawler/1.0; +https://velen.io)"
34.76.189.67 - - [27/Feb/2026:05:49:14 -0500] "GET /pay-only-73-this-indian-republic-day-at-jehangirs/ HTTP/1.1" 200 23052 "http://www.middleeastoday.com/pay-only-73-this-indian-republic-day-at-jehangirs" "Mozilla/5.0 (compatible; VelenPublicWebCrawler/1.0; +https://velen.io)"
34.76.189.67 - - [27/Feb/2026:05:49:18 -0500] "GET /indulge-in-7-vegetarian-varieties-this-veganuary/ HTTP/1.1" 200 22928 "http://www.middleeastoday.com/indulge-in-7-vegetarian-varieties-this-veganuary" "Mozilla/5.0 (compatible; VelenPublicWebCrawler/1.0; +https://velen.io)"
34.76.189.67 - - [27/Feb/2026:05:49:21 -0500] "GET /celebrate-international-womens-day-at-mondoux HTTP/1.1" 301 0 "-" "Mozilla/5.0 (compatible; VelenPublicWebCrawler/1.0; +https://velen.io)"
162.213.253.84 - - [27/Feb/2026:05:49:23 -0500] "POST /wp-admin/admin-ajax.php?action=async_litespeed&nonce=JHd1YaXEgHnV6Mom13kZKLYvvR4bOy0E&litespeed_type=imgoptm HTTP/1.1" 200 21 "-" "WordPress/6.8.1; http://www.middleeastoday.com"
34.76.189.67 - - [27/Feb/2026:05:49:23 -0500] "GET /celebrate-international-womens-day-at-mondoux/ HTTP/1.1" 200 23591 "http://www.middleeastoday.com/celebrate-international-womens-day-at-mondoux" "Mozilla/5.0 (compatible; VelenPublicWebCrawler/1.0; +https://velen.io)"
34.76.189.67 - - [27/Feb/2026:05:49:33 -0500] "GET /dubai-tourist-police-promotes-security-services-to-15-hotels/ HTTP/1.1" 200 23211 "http://www.middleeastoday.com/dubai-tourist-police-promotes-security-services-to-15-hotels" "Mozilla/5.0 (compatible; VelenPublicWebCrawler/1.0; +https://velen.io)"
34.76.189.67 - - [27/Feb/2026:05:49:38 -0500] "GET /easing-restrictions-will-spice-up-tourism-sector/ HTTP/1.1" 200 23686 "http://www.middleeastoday.com/easing-restrictions-will-spice-up-tourism-sector" "Mozilla/5.0 (compatible; VelenPublicWebCrawler/1.0; +https://velen.io)"
34.76.189.67 - - [27/Feb/2026:05:49:41 -0500] "GET /time-hotels-celebrates-10th-anniversary HTTP/1.1" 301 0 "-" "Mozilla/5.0 (compatible; VelenPublicWebCrawler/1.0; +https://velen.io)"
34.76.189.67 - - [27/Feb/2026:05:49:46 -0500] "GET /abu-dhabi-heritage-authority-showcases-emirati-culture-at-moroccos-tan-tan-moussem HTTP/1.1" 301 0 "-" "Mozilla/5.0 (compatible; VelenPublicWebCrawler/1.0; +https://velen.io)"
34.76.189.67 - - [27/Feb/2026:05:48:38 -0500] "GET /flydubai-adds-two-destinations-in-saudi-arabia HTTP/1.1" 301 0 "-" "Mozilla/5.0 (compatible; VelenPublicWebCrawler/1.0; +https://velen.io)"
34.76.189.67 - - [27/Feb/2026:05:48:40 -0500] "GET /flydubai-adds-two-destinations-in-saudi-arabia/ HTTP/1.1" 200 23903 "http://www.middleeastoday.com/flydubai-adds-two-destinations-in-saudi-arabia" "Mozilla/5.0 (compatible; VelenPublicWebCrawler/1.0; +https://velen.io)"
34.76.189.67 - - [27/Feb/2026:05:48:45 -0500] "GET /mohammed-bin-rashid-meets-with-senior-officials-of-emirates-airline-and-group/ HTTP/1.1" 200 23978 "http://www.middleeastoday.com/mohammed-bin-rashid-meets-with-senior-officials-of-emirates-airline-and-group" "Mozilla/5.0 (compatible; VelenPublicWebCrawler/1.0; +https://velen.io)"
20.219.7.41 - - [27/Feb/2026:05:48:50 -0500] "GET /wp-content/uploads/2023/03/Turkish-leader-850x560.jpg HTTP/1.1" 200 67167 "-" "Mozilla/5.0 (compatible; BingIndexCrawler/1.0)"
34.76.189.67 - - [27/Feb/2026:05:48:50 -0500] "GET /category/travel-tourism/airlines/page/2/ HTTP/1.1" 200 24100 "http://www.middleeastoday.com/category/travel-tourism/airlines/page/2" "Mozilla/5.0 (compatible; VelenPublicWebCrawler/1.0; +https://velen.io)"
34.76.189.67 - - [27/Feb/2026:05:48:53 -0500] "GET /category/travel-tourism/airlines/page/3 HTTP/1.1" 301 0 "-" "Mozilla/5.0 (compatible; VelenPublicWebCrawler/1.0; +https://velen.io)"
34.76.189.67 - - [27/Feb/2026:05:48:54 -0500] "GET /category/travel-tourism/airlines/page/3/ HTTP/1.1" 200 24089 "http://www.middleeastoday.com/category/travel-tourism/airlines/page/3" "Mozilla/5.0 (compatible; VelenPublicWebCrawler/1.0; +https://velen.io)"
34.76.189.67 - - [27/Feb/2026:05:48:59 -0500] "GET /category/travel-tourism/airlines/page/5/ HTTP/1.1" 200 23287 "http://www.middleeastoday.com/category/travel-tourism/airlines/page/5" "Mozilla/5.0 (compatible; VelenPublicWebCrawler/1.0; +https://velen.io)"
34.76.189.67 - - [27/Feb/2026:05:49:07 -0500] "GET /european-style-pancake-day-at-mondoux HTTP/1.1" 301 0 "-" "Mozilla/5.0 (compatible; VelenPublicWebCrawler/1.0; +https://velen.io)"
34.76.189.67 - - [27/Feb/2026:05:49:12 -0500] "GET /pay-only-73-this-indian-republic-day-at-jehangirs HTTP/1.1" 301 0 "-" "Mozilla/5.0 (compatible; VelenPublicWebCrawler/1.0; +https://velen.io)"
34.76.189.67 - - [27/Feb/2026:05:49:17 -0500] "GET /indulge-in-7-vegetarian-varieties-this-veganuary HTTP/1.1" 301 0 "-" "Mozilla/5.0 (compatible; VelenPublicWebCrawler/1.0; +https://velen.io)"
162.213.253.84 - - [27/Feb/2026:05:49:22 -0500] "POST /wp-cron.php?doing_wp_cron=1772189362.4997830390930175781250 HTTP/1.1" 200 0 "-" "WordPress/6.8.1; http://www.middleeastoday.com"
162.213.253.84 - - [27/Feb/2026:05:49:24 -0500] "POST /wp-cron.php?doing_wp_cron=1772189364.1607370376586914062500 HTTP/1.1" 200 0 "-" "WordPress/6.8.1; http://www.middleeastoday.com"
34.76.189.67 - - [27/Feb/2026:05:49:26 -0500] "GET /about-beach-by-five HTTP/1.1" 301 0 "-" "Mozilla/5.0 (compatible; VelenPublicWebCrawler/1.0; +https://velen.io)"
34.76.189.67 - - [27/Feb/2026:05:49:28 -0500] "GET /about-beach-by-five/ HTTP/1.1" 200 24046 "http://www.middleeastoday.com/about-beach-by-five" "Mozilla/5.0 (compatible; VelenPublicWebCrawler/1.0; +https://velen.io)"
34.76.189.67 - - [27/Feb/2026:05:49:31 -0500] "GET /dubai-tourist-police-promotes-security-services-to-15-hotels HTTP/1.1" 301 0 "-" "Mozilla/5.0 (compatible; VelenPublicWebCrawler/1.0; +https://velen.io)"
34.76.189.67 - - [27/Feb/2026:05:49:36 -0500] "GET /easing-restrictions-will-spice-up-tourism-sector HTTP/1.1" 301 0 "-" "Mozilla/5.0 (compatible; VelenPublicWebCrawler/1.0; +https://velen.io)"
34.76.189.67 - - [27/Feb/2026:05:49:43 -0500] "GET /time-hotels-celebrates-10th-anniversary/ HTTP/1.1" 200 24587 "http://www.middleeastoday.com/time-hotels-celebrates-10th-anniversary" "Mozilla/5.0 (compatible; VelenPublicWebCrawler/1.0; +https://velen.io)"
34.76.189.67 - - [27/Feb/2026:05:49:51 -0500] "GET /al-montazah-parks-launches-exciting-summer-campaign HTTP/1.1" 301 0 "-" "Mozilla/5.0 (compatible; VelenPublicWebCrawler/1.0; +https://velen.io)"
34.76.189.67 - - [27/Feb/2026:05:49:55 -0500] "GET /dubai-firmly-on-course-to-achieve-tourism-goals-as-city-welcomes-7-12-million-international-visitors-in-first-half-of-2022 HTTP/1.1" 301 0 "-" "Mozilla/5.0 (compatible; VelenPublicWebCrawler/1.0; +https://velen.io)"
34.76.189.67 - - [27/Feb/2026:05:49:57 -0500] "GET /dubai-firmly-on-course-to-achieve-tourism-goals-as-city-welcomes-7-12-million-international-visitors-in-first-half-of-2022/ HTTP/1.1" 200 25917 "http://www.middleeastoday.com/dubai-firmly-on-course-to-achieve-tourism-goals-as-city-welcomes-7-12-million-international-visitors-in-first-half-of-2022" "Mozilla/5.0 (compatible; VelenPublicWebCrawler/1.0; +https://velen.io)"
34.76.189.67 - - [27/Feb/2026:05:50:02 -0500] "GET /dubai-wins-bids-for-99-events-in-h1-2022/ HTTP/1.1" 200 25059 "http://www.middleeastoday.com/dubai-wins-bids-for-99-events-in-h1-2022" "Mozilla/5.0 (compatible; VelenPublicWebCrawler/1.0; +https://velen.io)"
34.76.189.67 - - [27/Feb/2026:05:50:05 -0500] "GET /dubais-heritage-and-vibrant-history-highlighted-in-washington HTTP/1.1" 301 0 "-" "Mozilla/5.0 (compatible; VelenPublicWebCrawler/1.0; +https://velen.io)"
34.76.189.67 - - [27/Feb/2026:05:50:07 -0500] "GET /dubais-heritage-and-vibrant-history-highlighted-in-washington/ HTTP/1.1" 200 23952 "http://www.middleeastoday.com/dubais-heritage-and-vibrant-history-highlighted-in-washington" "Mozilla/5.0 (compatible; VelenPublicWebCrawler/1.0; +https://velen.io)"
34.76.189.67 - - [27/Feb/2026:05:50:16 -0500] "GET /supreme-committee-to-oversee-the-development-of-hatta-implements-series-of-projects HTTP/1.1" 301 0 "-" "Mozilla/5.0 (compatible; VelenPublicWebCrawler/1.0; +https://velen.io)"
34.76.189.67 - - [27/Feb/2026:05:50:18 -0500] "GET /supreme-committee-to-oversee-the-development-of-hatta-implements-series-of-projects/ HTTP/1.1" 200 32147 "http://www.middleeastoday.com/supreme-committee-to-oversee-the-development-of-hatta-implements-series-of-projects" "Mozilla/5.0 (compatible; VelenPublicWebCrawler/1.0; +https://velen.io)"
162.213.253.84 - - [27/Feb/2026:05:50:23 -0500] "POST /wp-cron.php?doing_wp_cron=1772189423.3630700111389160156250 HTTP/1.1" 200 0 "-" "WordPress/6.8.1; http://www.middleeastoday.com"
162.213.253.84 - - [27/Feb/2026:05:50:23 -0500] "POST /wp-admin/admin-ajax.php?action=async_litespeed&nonce=hkIFBsOhvLarnVignVI8SpHdW664PNjP&litespeed_type=imgoptm HTTP/1.1" 200 21 "-" "WordPress/6.8.1; http://www.middleeastoday.com"
162.213.253.84 - - [27/Feb/2026:05:50:26 -0500] "POST /wp-cron.php?doing_wp_cron=1772189426.4983220100402832031250 HTTP/1.1" 200 0 "-" "WordPress/6.8.1; http://www.middleeastoday.com"
34.76.189.67 - - [27/Feb/2026:05:50:27 -0500] "GET /category/travel-tourism/destinations/page/2/ HTTP/1.1" 200 24292 "http://www.middleeastoday.com/category/travel-tourism/destinations/page/2" "Mozilla/5.0 (compatible; VelenPublicWebCrawler/1.0; +https://velen.io)"
34.76.189.67 - - [27/Feb/2026:05:50:32 -0500] "GET /category/travel-tourism/destinations/page/3/ HTTP/1.1" 200 23245 "http://www.middleeastoday.com/category/travel-tourism/destinations/page/3" "Mozilla/5.0 (compatible; VelenPublicWebCrawler/1.0; +https://velen.io)"
