52.167.144.225 - - [26/Feb/2026:07:26:34 -0500] "GET /wp-content/uploads/2021/01/1-1-700x466.jpg HTTP/1.1" 200 53972 "-" "Mozilla/5.0 AppleWebKit/537.36 (KHTML, like Gecko; compatible; bingbot/2.0; +http://www.bing.com/bingbot.htm) Chrome/116.0.1938.76 Safari/537.36"
162.213.253.84 - - [26/Feb/2026:08:06:45 -0500] "POST /wp-cron.php?doing_wp_cron=1772111205.6190650463104248046875 HTTP/1.1" 200 0 "http://www.escapetravelservices.com/wp-cron.php?doing_wp_cron=1772111205.6190650463104248046875" "WordPress/6.0; http://www.escapetravelservices.com"
162.213.253.84 - - [26/Feb/2026:08:14:32 -0500] "POST /wp-cron.php?doing_wp_cron=1772111672.6604769229888916015625 HTTP/1.1" 200 0 "http://www.escapetravelservices.com/wp-cron.php?doing_wp_cron=1772111672.6604769229888916015625" "WordPress/6.0; http://www.escapetravelservices.com"
113.163.132.221 - - [26/Feb/2026:08:14:31 -0500] "GET http://www.escapetravelservices.com/tour/romantic-andaman-05-nights-06-days/ HTTP/1.1" 200 25770 "-" "Mozilla/5.0 (Windows NT 6.1; Win64; x64) AppleWebKit/537.36 (KHTML, like Gecko) Chrome/102.0.5005.115 Safari/537.36"
162.213.253.84 - - [26/Feb/2026:08:16:50 -0500] "POST /wp-cron.php?doing_wp_cron=1772111810.6173288822174072265625 HTTP/1.1" 200 0 "http://www.escapetravelservices.com/wp-cron.php?doing_wp_cron=1772111810.6173288822174072265625" "WordPress/6.0; http://www.escapetravelservices.com"
157.66.27.22 - - [26/Feb/2026:08:16:50 -0500] "POST /wp-login.php HTTP/1.1" 200 2227 "-" "Mozilla/5.0 (Windows NT 10.0; WOW64) AppleWebKit/537.36 (KHTML, like Gecko) Chrome/139.0.0.0 Safari/537.36"
66.249.79.74 - - [26/Feb/2026:08:06:44 -0500] "GET /robots.txt HTTP/1.1" 200 6494 "-" "Mozilla/5.0 (compatible; Googlebot/2.1; +http://www.google.com/bot.html)"
66.249.79.72 - - [26/Feb/2026:08:06:44 -0500] "GET /destinationcat/world/ HTTP/1.1" 200 18381 "-" "Mozilla/5.0 (compatible; Googlebot/2.1; +http://www.google.com/bot.html)"
54.147.80.137 - - [26/Feb/2026:08:15:14 -0500] "GET /wp-json/oembed/1.0/embed?url=http://www.escapetravelservices.com/blog/ HTTP/1.1" 200 2564 "-" "Mozilla/5.0 AppleWebKit/537.36 (KHTML, like Gecko; compatible; Amazonbot/0.1; +https://developer.amazon.com/support/amazonbot) Chrome/119.0.6045.214 Safari/537.36"
18.97.9.102 - - [26/Feb/2026:08:22:38 -0500] "GET /robots.txt HTTP/1.1" 200 41801 "-" "Mozilla/5.0 AppleWebKit/537.36 (KHTML, like Gecko; compatible; PerplexityBot/1.0; +https://perplexity.ai/perplexitybot)"
18.97.9.97 - - [26/Feb/2026:08:22:38 -0500] "GET /2021/01/09/best-treks-for-winter-season-in-india-himalayas/ HTTP/1.1" 200 26012 "-" "Mozilla/5.0 AppleWebKit/537.36 (KHTML, like Gecko; compatible; PerplexityBot/1.0; +https://perplexity.ai/perplexitybot)"
107.20.236.150 - - [26/Feb/2026:08:22:43 -0500] "GET /wp-content/uploads/2016/12/treks-in-winter.jpg HTTP/1.1" 200 48180 "-" "Mozilla/5.0 AppleWebKit/537.36 (KHTML, like Gecko; compatible; PerplexityBot/1.0; +https://perplexity.ai/perplexitybot)"
162.213.253.84 - - [26/Feb/2026:08:42:40 -0500] "POST /wp-cron.php?doing_wp_cron=1772113360.9048008918762207031250 HTTP/1.1" 200 0 "http://www.escapetravelservices.com/wp-cron.php?doing_wp_cron=1772113360.9048008918762207031250" "WordPress/6.0; http://www.escapetravelservices.com"
187.95.234.205 - - [26/Feb/2026:08:42:39 -0500] "GET http://www.escapetravelservices.com/tour/stunning-phuket-03-nights-04-days/ HTTP/1.1" 200 25162 "-" "Mozilla/5.0 (Macintosh; Intel Mac OS X 10_13_6) AppleWebKit/537.36 (KHTML, like Gecko) Chrome/68.0.3440.84 Safari/537.36"
222.254.120.111 - - [26/Feb/2026:08:43:12 -0500] "GET http://www.escapetravelservices.com/tour/stunning-phuket-03-nights-04-days/ HTTP/1.1" 200 25162 "-" "Mozilla/5.0 (Windows NT 6.1; Win64; x64) AppleWebKit/537.36 (KHTML, like Gecko) Chrome/66.0.3359.117 Safari/537.36"
102.133.161.83 - - [26/Feb/2026:08:50:47 -0500] "GET /wp-content/uploads/2022/06/maldives-tour-package-from-kerala-700x466.jpg HTTP/1.1" 200 36614 "-" "Mozilla/5.0 (compatible; BingIndexCrawler/1.0)"
66.249.79.72 - - [26/Feb/2026:09:07:14 -0500] "GET /wp-includes/js/wp-emoji-release.min.js HTTP/1.1" 200 4619 "http://www.escapetravelservices.com/2021/01/09/top-5-most-romantic-honeymoon-destinations-in-india/" "Mozilla/5.0 (Linux; Android 6.0.1; Nexus 5X Build/MMB29P) AppleWebKit/537.36 (KHTML, like Gecko) Chrome/144.0.7559.132 Mobile Safari/537.36 (compatible; Googlebot/2.1; +http://www.google.com/bot.html)"
66.249.79.73 - - [26/Feb/2026:09:07:14 -0500] "GET /wp-content/plugins/grandtour-custom-post/css/fontawesome-stars-o.css HTTP/1.1" 404 23405 "http://www.escapetravelservices.com/2021/01/09/top-5-most-romantic-honeymoon-destinations-in-india/" "Mozilla/5.0 (Linux; Android 6.0.1; Nexus 5X Build/MMB29P) AppleWebKit/537.36 (KHTML, like Gecko) Chrome/144.0.7559.132 Mobile Safari/537.36 (compatible; Googlebot/2.1; +http://www.google.com/bot.html)"
20.164.45.78 - - [26/Feb/2026:09:05:13 -0500] "GET /wp-content/uploads/2022/06/Captivating-Bangkok-Pattaya-700x466.jpg HTTP/1.1" 200 80026 "-" "Mozilla/5.0 (compatible; BingIndexCrawler/1.0)"
66.249.79.72 - - [26/Feb/2026:09:07:02 -0500] "GET /robots.txt HTTP/1.1" 200 6494 "-" "Mozilla/5.0 (compatible; Googlebot/2.1; +http://www.google.com/bot.html)"
66.249.79.74 - - [26/Feb/2026:09:07:02 -0500] "GET /2021/01/09/top-5-most-romantic-honeymoon-destinations-in-india/ HTTP/1.1" 200 22215 "-" "Mozilla/5.0 (Linux; Android 6.0.1; Nexus 5X Build/MMB29P) AppleWebKit/537.36 (KHTML, like Gecko) Chrome/144.0.7559.132 Mobile Safari/537.36 (compatible; Googlebot/2.1; +http://www.google.com/bot.html)"
66.249.79.73 - - [26/Feb/2026:09:07:14 -0500] "GET /wp-includes/js/jquery/ui/datepicker.min.js HTTP/1.1" 200 10499 "http://www.escapetravelservices.com/2021/01/09/top-5-most-romantic-honeymoon-destinations-in-india/" "Mozilla/5.0 (Linux; Android 6.0.1; Nexus 5X Build/MMB29P) AppleWebKit/537.36 (KHTML, like Gecko) Chrome/144.0.7559.132 Mobile Safari/537.36 (compatible; Googlebot/2.1; +http://www.google.com/bot.html)"
66.249.79.72 - - [26/Feb/2026:09:07:14 -0500] "GET /wp-content/plugins/booked/assets/js/functions.js HTTP/1.1" 200 8736 "http://www.escapetravelservices.com/2021/01/09/top-5-most-romantic-honeymoon-destinations-in-india/" "Mozilla/5.0 (Linux; Android 6.0.1; Nexus 5X Build/MMB29P) AppleWebKit/537.36 (KHTML, like Gecko) Chrome/144.0.7559.132 Mobile Safari/537.36 (compatible; Googlebot/2.1; +http://www.google.com/bot.html)"
162.213.253.84 - - [26/Feb/2026:09:07:14 -0500] "POST /wp-cron.php?doing_wp_cron=1772114834.7673170566558837890625 HTTP/1.1" 200 0 "http://www.escapetravelservices.com/wp-cron.php?doing_wp_cron=1772114834.7673170566558837890625" "WordPress/6.0; http://www.escapetravelservices.com"
66.249.79.72 - - [26/Feb/2026:09:07:17 -0500] "GET /wp-json/contact-form-7/v1/contact-forms/3075/refill HTTP/1.1" 200 2 "http://www.escapetravelservices.com/2021/01/09/top-5-most-romantic-honeymoon-destinations-in-india/" "Mozilla/5.0 (Linux; Android 6.0.1; Nexus 5X Build/MMB29P) AppleWebKit/537.36 (KHTML, like Gecko) Chrome/144.0.7559.132 Mobile Safari/537.36 (compatible; Googlebot/2.1; +http://www.google.com/bot.html)"
157.245.81.119 - - [26/Feb/2026:09:38:21 -0500] "GET / HTTP/1.1" 301 0 "-" "Mozilla/5.0 (X11; Linux x86_64; rv:142.0) Gecko/20100101 Firefox/142.0"
157.245.81.119 - - [26/Feb/2026:09:38:23 -0500] "GET /favicon.ico HTTP/1.1" 404 1251 "http://escapetravelservices.com/" "Mozilla/5.0 (X11; Linux x86_64; rv:142.0) Gecko/20100101 Firefox/142.0"
162.213.253.84 - - [26/Feb/2026:09:39:33 -0500] "POST /wp-cron.php?doing_wp_cron=1772116773.2272999286651611328125 HTTP/1.1" 200 0 "http://www.escapetravelservices.com/wp-cron.php?doing_wp_cron=1772116773.2272999286651611328125" "WordPress/6.0; http://www.escapetravelservices.com"
162.213.253.84 - - [26/Feb/2026:09:38:22 -0500] "POST /wp-cron.php?doing_wp_cron=1772116702.5065948963165283203125 HTTP/1.1" 200 0 "http://www.escapetravelservices.com/wp-cron.php?doing_wp_cron=1772116702.5065948963165283203125" "WordPress/6.0; http://www.escapetravelservices.com"
54.91.122.193 - - [26/Feb/2026:09:39:32 -0500] "GET /wp-json/oembed/1.0/embed?format=xml&url=http://www.escapetravelservices.com/tour/blissful-andaman/ HTTP/1.1" 200 1391 "-" "Mozilla/5.0 AppleWebKit/537.36 (KHTML, like Gecko; compatible; Amazonbot/0.1; +https://developer.amazon.com/support/amazonbot) Chrome/119.0.6045.214 Safari/537.36"
157.50.161.225 - - [26/Feb/2026:09:51:45 -0500] "GET / HTTP/1.1" 200 32609 "-" "Mozilla/5.0 (Macintosh; Intel Mac OS X 10_15_7) AppleWebKit/537.36 (KHTML, like Gecko) Chrome/145.0.0.0 Safari/537.36"
157.50.161.225 - - [26/Feb/2026:09:51:46 -0500] "GET /wp-includes/css/dist/block-library/style.min.css HTTP/1.1" 200 14760 "http://www.escapetravelservices.com/" "Mozilla/5.0 (Macintosh; Intel Mac OS X 10_15_7) AppleWebKit/537.36 (KHTML, like Gecko) Chrome/145.0.0.0 Safari/537.36"
157.50.161.225 - - [26/Feb/2026:09:51:47 -0500] "GET /wp-content/plugins/booked/assets/js/tooltipster/css/themes/tooltipster-light.css HTTP/1.1" 200 226 "http://www.escapetravelservices.com/" "Mozilla/5.0 (Macintosh; Intel Mac OS X 10_15_7) AppleWebKit/537.36 (KHTML, like Gecko) Chrome/145.0.0.0 Safari/537.36"
157.50.161.225 - - [26/Feb/2026:09:51:47 -0500] "GET /wp-content/plugins/contact-form-7/includes/css/styles.css HTTP/1.1" 200 776 "http://www.escapetravelservices.com/" "Mozilla/5.0 (Macintosh; Intel Mac OS X 10_15_7) AppleWebKit/537.36 (KHTML, like Gecko) Chrome/145.0.0.0 Safari/537.36"
157.50.161.225 - - [26/Feb/2026:09:51:47 -0500] "GET /wp-content/plugins/revslider/public/assets/css/rs6.css HTTP/1.1" 200 15207 "http://www.escapetravelservices.com/" "Mozilla/5.0 (Macintosh; Intel Mac OS X 10_15_7) AppleWebKit/537.36 (KHTML, like Gecko) Chrome/145.0.0.0 Safari/537.36"
157.50.161.225 - - [26/Feb/2026:09:51:47 -0500] "GET /wp-content/plugins/booked/assets/css/animations.css HTTP/1.1" 200 562 "http://www.escapetravelservices.com/" "Mozilla/5.0 (Macintosh; Intel Mac OS X 10_15_7) AppleWebKit/537.36 (KHTML, like Gecko) Chrome/145.0.0.0 Safari/537.36"
157.50.161.225 - - [26/Feb/2026:09:51:47 -0500] "GET /wp-content/plugins/whatsapp-for-wordpress/assets/css/style.css HTTP/1.1" 200 4693 "http://www.escapetravelservices.com/" "Mozilla/5.0 (Macintosh; Intel Mac OS X 10_15_7) AppleWebKit/537.36 (KHTML, like Gecko) Chrome/145.0.0.0 Safari/537.36"
157.50.161.225 - - [26/Feb/2026:09:51:48 -0500] "GET /wp-content/themes/escapetour/css/animation.css HTTP/1.1" 200 1055 "http://www.escapetravelservices.com/" "Mozilla/5.0 (Macintosh; Intel Mac OS X 10_15_7) AppleWebKit/537.36 (KHTML, like Gecko) Chrome/145.0.0.0 Safari/537.36"
157.50.161.225 - - [26/Feb/2026:09:51:48 -0500] "GET /wp-content/themes/escapetour/css/jqueryui/custom.css HTTP/1.1" 200 5287 "http://www.escapetravelservices.com/" "Mozilla/5.0 (Macintosh; Intel Mac OS X 10_15_7) AppleWebKit/537.36 (KHTML, like Gecko) Chrome/145.0.0.0 Safari/537.36"
157.50.161.225 - - [26/Feb/2026:09:51:48 -0500] "GET /wp-content/themes/escapetour/css/odometer-theme-minimal.css HTTP/1.1" 200 629 "http://www.escapetravelservices.com/" "Mozilla/5.0 (Macintosh; Intel Mac OS X 10_15_7) AppleWebKit/537.36 (KHTML, like Gecko) Chrome/145.0.0.0 Safari/537.36"
157.50.161.225 - - [26/Feb/2026:09:51:48 -0500] "GET /wp-content/themes/escapetour/css/menus/leftalignmenu.css HTTP/1.1" 200 862 "http://www.escapetravelservices.com/" "Mozilla/5.0 (Macintosh; Intel Mac OS X 10_15_7) AppleWebKit/537.36 (KHTML, like Gecko) Chrome/145.0.0.0 Safari/537.36"
157.50.161.225 - - [26/Feb/2026:09:51:48 -0500] "GET /wp-content/themes/escapetour/css/font-awesome.min.css HTTP/1.1" 200 7749 "http://www.escapetravelservices.com/" "Mozilla/5.0 (Macintosh; Intel Mac OS X 10_15_7) AppleWebKit/537.36 (KHTML, like Gecko) Chrome/145.0.0.0 Safari/537.36"
157.50.161.225 - - [26/Feb/2026:09:51:48 -0500] "GET /wp-content/themes/escapetour/css/themify-icons.css HTTP/1.1" 200 3159 "http://www.escapetravelservices.com/" "Mozilla/5.0 (Macintosh; Intel Mac OS X 10_15_7) AppleWebKit/537.36 (KHTML, like Gecko) Chrome/145.0.0.0 Safari/537.36"
157.50.161.225 - - [26/Feb/2026:09:51:49 -0500] "GET /wp-content/plugins/meks-easy-instagram-widget/css/widget.css HTTP/1.1" 200 302 "http://www.escapetravelservices.com/" "Mozilla/5.0 (Macintosh; Intel Mac OS X 10_15_7) AppleWebKit/537.36 (KHTML, like Gecko) Chrome/145.0.0.0 Safari/537.36"
157.50.161.225 - - [26/Feb/2026:09:51:47 -0500] "GET /wp-content/plugins/booked/assets/css/icons.css HTTP/1.1" 200 6618 "http://www.escapetravelservices.com/" "Mozilla/5.0 (Macintosh; Intel Mac OS X 10_15_7) AppleWebKit/537.36 (KHTML, like Gecko) Chrome/145.0.0.0 Safari/537.36"
157.50.161.225 - - [26/Feb/2026:09:51:47 -0500] "GET /wp-content/plugins/booked/assets/js/tooltipster/css/tooltipster.css HTTP/1.1" 200 1970 "http://www.escapetravelservices.com/" "Mozilla/5.0 (Macintosh; Intel Mac OS X 10_15_7) AppleWebKit/537.36 (KHTML, like Gecko) Chrome/145.0.0.0 Safari/537.36"
157.50.161.225 - - [26/Feb/2026:09:51:47 -0500] "GET /wp-content/plugins/booked/dist/booked.css HTTP/1.1" 200 10925 "http://www.escapetravelservices.com/" "Mozilla/5.0 (Macintosh; Intel Mac OS X 10_15_7) AppleWebKit/537.36 (KHTML, like Gecko) Chrome/145.0.0.0 Safari/537.36"
157.50.161.225 - - [26/Feb/2026:09:51:47 -0500] "GET /wp-content/themes/escapetour/css/reset.css HTTP/1.1" 200 334 "http://www.escapetravelservices.com/" "Mozilla/5.0 (Macintosh; Intel Mac OS X 10_15_7) AppleWebKit/537.36 (KHTML, like Gecko) Chrome/145.0.0.0 Safari/537.36"
157.50.161.225 - - [26/Feb/2026:09:51:48 -0500] "GET /wp-content/themes/escapetour/css/wordpress.css HTTP/1.1" 200 1176 "http://www.escapetravelservices.com/" "Mozilla/5.0 (Macintosh; Intel Mac OS X 10_15_7) AppleWebKit/537.36 (KHTML, like Gecko) Chrome/145.0.0.0 Safari/537.36"
157.50.161.225 - - [26/Feb/2026:09:51:48 -0500] "GET /wp-content/themes/escapetour/css/ilightbox/ilightbox.css HTTP/1.1" 200 1778 "http://www.escapetravelservices.com/" "Mozilla/5.0 (Macintosh; Intel Mac OS X 10_15_7) AppleWebKit/537.36 (KHTML, like Gecko) Chrome/145.0.0.0 Safari/537.36"
157.50.161.225 - - [26/Feb/2026:09:51:48 -0500] "GET /wp-includes/js/mediaelement/mediaelementplayer-legacy.min.css HTTP/1.1" 200 2967 "http://www.escapetravelservices.com/" "Mozilla/5.0 (Macintosh; Intel Mac OS X 10_15_7) AppleWebKit/537.36 (KHTML, like Gecko) Chrome/145.0.0.0 Safari/537.36"
157.50.161.225 - - [26/Feb/2026:09:51:48 -0500] "GET /wp-content/themes/escapetour/js/flexslider/flexslider.css HTTP/1.1" 200 2042 "http://www.escapetravelservices.com/" "Mozilla/5.0 (Macintosh; Intel Mac OS X 10_15_7) AppleWebKit/537.36 (KHTML, like Gecko) Chrome/145.0.0.0 Safari/537.36"
157.50.161.225 - - [26/Feb/2026:09:51:48 -0500] "GET /wp-content/themes/escapetour/css/tooltipster.css HTTP/1.1" 200 1874 "http://www.escapetravelservices.com/" "Mozilla/5.0 (Macintosh; Intel Mac OS X 10_15_7) AppleWebKit/537.36 (KHTML, like Gecko) Chrome/145.0.0.0 Safari/537.36"
157.50.161.225 - - [26/Feb/2026:09:51:48 -0500] "GET /wp-content/themes/escapetour/css/screen.css HTTP/1.1" 200 38946 "http://www.escapetravelservices.com/" "Mozilla/5.0 (Macintosh; Intel Mac OS X 10_15_7) AppleWebKit/537.36 (KHTML, like Gecko) Chrome/145.0.0.0 Safari/537.36"
157.50.161.225 - - [26/Feb/2026:09:51:49 -0500] "GET /wp-content/plugins/sliding-enquiry-form/css/sliding-enquiry.css HTTP/1.1" 200 2015 "http://www.escapetravelservices.com/" "Mozilla/5.0 (Macintosh; Intel Mac OS X 10_15_7) AppleWebKit/537.36 (KHTML, like Gecko) Chrome/145.0.0.0 Safari/537.36"
157.50.161.225 - - [26/Feb/2026:09:51:49 -0500] "GET /wp-content/themes/escapetour/css/grid.css HTTP/1.1" 200 9765 "http://www.escapetravelservices.com/" "Mozilla/5.0 (Macintosh; Intel Mac OS X 10_15_7) AppleWebKit/537.36 (KHTML, like Gecko) Chrome/145.0.0.0 Safari/537.36"
157.50.161.225 - - [26/Feb/2026:09:51:49 -0500] "GET /wp-content/themes/escapetour/css/dark-skin/skin.css HTTP/1.1" 200 1525 "http://www.escapetravelservices.com/wp-content/themes/escapetour/css/ilightbox/ilightbox.css" "Mozilla/5.0 (Macintosh; Intel Mac OS X 10_15_7) AppleWebKit/537.36 (KHTML, like Gecko) Chrome/145.0.0.0 Safari/537.36"
157.50.161.225 - - [26/Feb/2026:09:51:49 -0500] "GET /wp-content/themes/escapetour/css/parade-skin/skin.css HTTP/1.1" 200 636 "http://www.escapetravelservices.com/wp-content/themes/escapetour/css/ilightbox/ilightbox.css" "Mozilla/5.0 (Macintosh; Intel Mac OS X 10_15_7) AppleWebKit/537.36 (KHTML, like Gecko) Chrome/145.0.0.0 Safari/537.36"
157.50.161.225 - - [26/Feb/2026:09:51:49 -0500] "GET /wp-content/plugins/sliding-enquiry-form/css/font-awesome.min.css HTTP/1.1" 200 7749 "http://www.escapetravelservices.com/" "Mozilla/5.0 (Macintosh; Intel Mac OS X 10_15_7) AppleWebKit/537.36 (KHTML, like Gecko) Chrome/145.0.0.0 Safari/537.36"
162.213.253.84 - - [26/Feb/2026:09:51:48 -0500] "POST /wp-cron.php?doing_wp_cron=1772117508.3610019683837890625000 HTTP/1.1" 200 0 "http://www.escapetravelservices.com/wp-cron.php?doing_wp_cron=1772117508.3610019683837890625000" "WordPress/6.0; http://www.escapetravelservices.com"
157.50.161.225 - - [26/Feb/2026:09:51:49 -0500] "GET /wp-content/themes/escapetour/modules/kirki/assets/css/kirki-styles.css HTTP/1.1" 200 0 "http://www.escapetravelservices.com/" "Mozilla/5.0 (Macintosh; Intel Mac OS X 10_15_7) AppleWebKit/537.36 (KHTML, like Gecko) Chrome/145.0.0.0 Safari/537.36"
157.50.161.225 - - [26/Feb/2026:09:51:49 -0500] "GET /wp-content/themes/escapetour/css/light-skin/skin.css HTTP/1.1" 200 1532 "http://www.escapetravelservices.com/wp-content/themes/escapetour/css/ilightbox/ilightbox.css" "Mozilla/5.0 (Macintosh; Intel Mac OS X 10_15_7) AppleWebKit/537.36 (KHTML, like Gecko) Chrome/145.0.0.0 Safari/537.36"
157.50.161.225 - - [26/Feb/2026:09:51:49 -0500] "GET /wp-content/themes/escapetour/css/metro-white-skin/skin.css HTTP/1.1" 200 1523 "http://www.escapetravelservices.com/wp-content/themes/escapetour/css/ilightbox/ilightbox.css" "Mozilla/5.0 (Macintosh; Intel Mac OS X 10_15_7) AppleWebKit/537.36 (KHTML, like Gecko) Chrome/145.0.0.0 Safari/537.36"
157.50.161.225 - - [26/Feb/2026:09:51:49 -0500] "GET /wp-content/themes/escapetour/css/smooth-skin/skin.css HTTP/1.1" 200 1660 "http://www.escapetravelservices.com/wp-content/themes/escapetour/css/ilightbox/ilightbox.css" "Mozilla/5.0 (Macintosh; Intel Mac OS X 10_15_7) AppleWebKit/537.36 (KHTML, like Gecko) Chrome/145.0.0.0 Safari/537.36"
157.50.161.225 - - [26/Feb/2026:09:51:50 -0500] "GET /wp-content/plugins/revslider/public/assets/js/rs6.min.js HTTP/1.1" 200 100200 "http://www.escapetravelservices.com/" "Mozilla/5.0 (Macintosh; Intel Mac OS X 10_15_7) AppleWebKit/537.36 (KHTML, like Gecko) Chrome/145.0.0.0 Safari/537.36"
157.50.161.225 - - [26/Feb/2026:09:51:50 -0500] "GET /wp-content/plugins/revslider/public/assets/js/rbtools.min.js HTTP/1.1" 200 50897 "http://www.escapetravelservices.com/" "Mozilla/5.0 (Macintosh; Intel Mac OS X 10_15_7) AppleWebKit/537.36 (KHTML, like Gecko) Chrome/145.0.0.0 Safari/537.36"
157.50.161.225 - - [26/Feb/2026:09:51:50 -0500] "GET /wp-content/plugins/whatsapp-for-wordpress/assets/js/main.js HTTP/1.1" 200 1644 "http://www.escapetravelservices.com/" "Mozilla/5.0 (Macintosh; Intel Mac OS X 10_15_7) AppleWebKit/537.36 (KHTML, like Gecko) Chrome/145.0.0.0 Safari/537.36"
157.50.161.225 - - [26/Feb/2026:09:51:50 -0500] "GET /wp-content/uploads/2022/06/escape-travel-services-ceo-150x150.jpg HTTP/1.1" 200 4381 "http://www.escapetravelservices.com/" "Mozilla/5.0 (Macintosh; Intel Mac OS X 10_15_7) AppleWebKit/537.36 (KHTML, like Gecko) Chrome/145.0.0.0 Safari/537.36"
157.50.161.225 - - [26/Feb/2026:09:51:50 -0500] "GET /wp-content/uploads/2021/01/escape-logo-black2.png HTTP/1.1" 200 32505 "http://www.escapetravelservices.com/" "Mozilla/5.0 (Macintosh; Intel Mac OS X 10_15_7) AppleWebKit/537.36 (KHTML, like Gecko) Chrome/145.0.0.0 Safari/537.36"
157.50.161.225 - - [26/Feb/2026:09:51:51 -0500] "GET /wp-content/uploads/2022/06/Thrilling-Malaysia-700x466.jpg HTTP/1.1" 200 24375 "http://www.escapetravelservices.com/" "Mozilla/5.0 (Macintosh; Intel Mac OS X 10_15_7) AppleWebKit/537.36 (KHTML, like Gecko) Chrome/145.0.0.0 Safari/537.36"
157.50.161.225 - - [26/Feb/2026:09:51:51 -0500] "GET /wp-content/uploads/trustindex-google-widget.css HTTP/1.1" 200 3707 "http://www.escapetravelservices.com/" "Mozilla/5.0 (Macintosh; Intel Mac OS X 10_15_7) AppleWebKit/537.36 (KHTML, like Gecko) Chrome/145.0.0.0 Safari/537.36"
157.50.161.225 - - [26/Feb/2026:09:51:48 -0500] "GET /wp-admin/admin-ajax.php?action=grandtour_custom_css HTTP/1.1" 200 1626 "http://www.escapetravelservices.com/" "Mozilla/5.0 (Macintosh; Intel Mac OS X 10_15_7) AppleWebKit/537.36 (KHTML, like Gecko) Chrome/145.0.0.0 Safari/537.36"
157.50.161.225 - - [26/Feb/2026:09:51:49 -0500] "GET /wp-content/themes/escapetour/css/metro-black-skin/skin.css HTTP/1.1" 200 1364 "http://www.escapetravelservices.com/wp-content/themes/escapetour/css/ilightbox/ilightbox.css" "Mozilla/5.0 (Macintosh; Intel Mac OS X 10_15_7) AppleWebKit/537.36 (KHTML, like Gecko) Chrome/145.0.0.0 Safari/537.36"
157.50.161.225 - - [26/Feb/2026:09:51:49 -0500] "GET /wp-content/themes/escapetour/css/mac-skin/skin.css HTTP/1.1" 200 2033 "http://www.escapetravelservices.com/wp-content/themes/escapetour/css/ilightbox/ilightbox.css" "Mozilla/5.0 (Macintosh; Intel Mac OS X 10_15_7) AppleWebKit/537.36 (KHTML, like Gecko) Chrome/145.0.0.0 Safari/537.36"
157.50.161.225 - - [26/Feb/2026:09:51:49 -0500] "GET /wp-includes/js/jquery/jquery.min.js HTTP/1.1" 200 34819 "http://www.escapetravelservices.com/" "Mozilla/5.0 (Macintosh; Intel Mac OS X 10_15_7) AppleWebKit/537.36 (KHTML, like Gecko) Chrome/145.0.0.0 Safari/537.36"
157.50.161.225 - - [26/Feb/2026:09:51:49 -0500] "GET /wp-includes/js/jquery/jquery-migrate.min.js HTTP/1.1" 200 4461 "http://www.escapetravelservices.com/" "Mozilla/5.0 (Macintosh; Intel Mac OS X 10_15_7) AppleWebKit/537.36 (KHTML, like Gecko) Chrome/145.0.0.0 Safari/537.36"
157.50.161.225 - - [26/Feb/2026:09:51:50 -0500] "GET /wp-content/plugins/sliding-enquiry-form/js/modernizr.custom.js HTTP/1.1" 200 3857 "http://www.escapetravelservices.com/" "Mozilla/5.0 (Macintosh; Intel Mac OS X 10_15_7) AppleWebKit/537.36 (KHTML, like Gecko) Chrome/145.0.0.0 Safari/537.36"
157.50.161.225 - - [26/Feb/2026:09:51:47 -0500] "GET /wp-content/plugins/grandtour-custom-post/css/fontawesome-stars-o.css HTTP/1.1" 404 26873 "http://www.escapetravelservices.com/" "Mozilla/5.0 (Macintosh; Intel Mac OS X 10_15_7) AppleWebKit/537.36 (KHTML, like Gecko) Chrome/145.0.0.0 Safari/537.36"
157.50.161.225 - - [26/Feb/2026:09:51:50 -0500] "GET /wp-content/plugins/sliding-enquiry-form/js/validation.js HTTP/1.1" 200 764 "http://www.escapetravelservices.com/" "Mozilla/5.0 (Macintosh; Intel Mac OS X 10_15_7) AppleWebKit/537.36 (KHTML, like Gecko) Chrome/145.0.0.0 Safari/537.36"
157.50.161.225 - - [26/Feb/2026:09:51:50 -0500] "GET /wp-content/uploads/2021/01/escape-logo-white1.png HTTP/1.1" 200 33369 "http://www.escapetravelservices.com/" "Mozilla/5.0 (Macintosh; Intel Mac OS X 10_15_7) AppleWebKit/537.36 (KHTML, like Gecko) Chrome/145.0.0.0 Safari/537.36"
157.50.161.225 - - [26/Feb/2026:09:51:51 -0500] "GET /wp-includes/js/jquery/ui/core.min.js HTTP/1.1" 200 7544 "http://www.escapetravelservices.com/" "Mozilla/5.0 (Macintosh; Intel Mac OS X 10_15_7) AppleWebKit/537.36 (KHTML, like Gecko) Chrome/145.0.0.0 Safari/537.36"
157.50.161.225 - - [26/Feb/2026:09:51:51 -0500] "GET /wp-content/uploads/2022/06/Delightful-Seychlles-700x466.jpg HTTP/1.1" 200 107321 "http://www.escapetravelservices.com/" "Mozilla/5.0 (Macintosh; Intel Mac OS X 10_15_7) AppleWebKit/537.36 (KHTML, like Gecko) Chrome/145.0.0.0 Safari/537.36"
157.50.161.225 - - [26/Feb/2026:09:51:51 -0500] "GET /wp-content/themes/escapetour/fonts/themify.woff HTTP/1.1" 200 56108 "http://www.escapetravelservices.com/wp-content/themes/escapetour/css/themify-icons.css" "Mozilla/5.0 (Macintosh; Intel Mac OS X 10_15_7) AppleWebKit/537.36 (KHTML, like Gecko) Chrome/145.0.0.0 Safari/537.36"
157.50.161.225 - - [26/Feb/2026:09:51:51 -0500] "GET /wp-content/plugins/sliding-enquiry-form/fonts/fontawesome-webfont.woff2?v=4.7.0 HTTP/1.1" 200 77160 "http://www.escapetravelservices.com/wp-content/plugins/sliding-enquiry-form/css/font-awesome.min.css" "Mozilla/5.0 (Macintosh; Intel Mac OS X 10_15_7) AppleWebKit/537.36 (KHTML, like Gecko) Chrome/145.0.0.0 Safari/537.36"
157.50.161.225 - - [26/Feb/2026:09:51:51 -0500] "GET /wp-content/plugins/whatsapp-for-wordpress/assets/img/whatsapp_logo.svg HTTP/1.1" 200 967 "http://www.escapetravelservices.com/wp-content/plugins/whatsapp-for-wordpress/assets/css/style.css" "Mozilla/5.0 (Macintosh; Intel Mac OS X 10_15_7) AppleWebKit/537.36 (KHTML, like Gecko) Chrome/145.0.0.0 Safari/537.36"
157.50.161.225 - - [26/Feb/2026:09:51:51 -0500] "GET /wp-content/uploads/2022/06/uttarakhand-tour-package-for-10-days-700x466.jpg HTTP/1.1" 200 54299 "http://www.escapetravelservices.com/" "Mozilla/5.0 (Macintosh; Intel Mac OS X 10_15_7) AppleWebKit/537.36 (KHTML, like Gecko) Chrome/145.0.0.0 Safari/537.36"
157.50.161.225 - - [26/Feb/2026:09:51:52 -0500] "GET /wp-content/uploads/2022/06/Luxurious-Maldives-700x466.jpg HTTP/1.1" 200 43619 "http://www.escapetravelservices.com/" "Mozilla/5.0 (Macintosh; Intel Mac OS X 10_15_7) AppleWebKit/537.36 (KHTML, like Gecko) Chrome/145.0.0.0 Safari/537.36"
157.50.161.225 - - [26/Feb/2026:09:51:52 -0500] "GET /wp-content/plugins/whatsapp-for-wordpress/assets/img/x_icon.svg HTTP/1.1" 200 383 "http://www.escapetravelservices.com/wp-content/plugins/whatsapp-for-wordpress/assets/css/style.css" "Mozilla/5.0 (Macintosh; Intel Mac OS X 10_15_7) AppleWebKit/537.36 (KHTML, like Gecko) Chrome/145.0.0.0 Safari/537.36"
157.50.161.225 - - [26/Feb/2026:09:51:52 -0500] "GET /wp-content/uploads/2022/06/shimla-manali-tour-package-from-mumbai-700x466.jpg HTTP/1.1" 200 97903 "http://www.escapetravelservices.com/" "Mozilla/5.0 (Macintosh; Intel Mac OS X 10_15_7) AppleWebKit/537.36 (KHTML, like Gecko) Chrome/145.0.0.0 Safari/537.36"
157.50.161.225 - - [26/Feb/2026:09:51:52 -0500] "GET /wp-content/plugins/booked/assets/js/spin.min.js HTTP/1.1" 200 2133 "http://www.escapetravelservices.com/" "Mozilla/5.0 (Macintosh; Intel Mac OS X 10_15_7) AppleWebKit/537.36 (KHTML, like Gecko) Chrome/145.0.0.0 Safari/537.36"
157.50.161.225 - - [26/Feb/2026:09:51:52 -0500] "GET /wp-content/plugins/booked/assets/js/spin.jquery.js HTTP/1.1" 200 815 "http://www.escapetravelservices.com/" "Mozilla/5.0 (Macintosh; Intel Mac OS X 10_15_7) AppleWebKit/537.36 (KHTML, like Gecko) Chrome/145.0.0.0 Safari/537.36"
157.50.161.225 - - [26/Feb/2026:09:51:53 -0500] "GET /wp-content/plugins/booked/assets/js/functions.js HTTP/1.1" 200 11157 "http://www.escapetravelservices.com/" "Mozilla/5.0 (Macintosh; Intel Mac OS X 10_15_7) AppleWebKit/537.36 (KHTML, like Gecko) Chrome/145.0.0.0 Safari/537.36"
157.50.161.225 - - [26/Feb/2026:09:51:53 -0500] "GET /wp-content/plugins/contact-form-7/includes/js/scripts.js HTTP/1.1" 200 4567 "http://www.escapetravelservices.com/" "Mozilla/5.0 (Macintosh; Intel Mac OS X 10_15_7) AppleWebKit/537.36 (KHTML, like Gecko) Chrome/145.0.0.0 Safari/537.36"
157.50.161.225 - - [26/Feb/2026:09:51:53 -0500] "GET /wp-content/themes/escapetour/js/jquery.easing.js HTTP/1.1" 200 2186 "http://www.escapetravelservices.com/" "Mozilla/5.0 (Macintosh; Intel Mac OS X 10_15_7) AppleWebKit/537.36 (KHTML, like Gecko) Chrome/145.0.0.0 Safari/537.36"
157.50.161.225 - - [26/Feb/2026:09:51:53 -0500] "GET /wp-content/themes/escapetour/js/jquery.tooltipster.min.js HTTP/1.1" 200 5312 "http://www.escapetravelservices.com/" "Mozilla/5.0 (Macintosh; Intel Mac OS X 10_15_7) AppleWebKit/537.36 (KHTML, like Gecko) Chrome/145.0.0.0 Safari/537.36"
157.50.161.225 - - [26/Feb/2026:09:51:53 -0500] "GET /wp-content/themes/escapetour/js/jarallax.js HTTP/1.1" 200 10878 "http://www.escapetravelservices.com/" "Mozilla/5.0 (Macintosh; Intel Mac OS X 10_15_7) AppleWebKit/537.36 (KHTML, like Gecko) Chrome/145.0.0.0 Safari/537.36"
157.50.161.225 - - [26/Feb/2026:09:51:53 -0500] "GET /wp-content/themes/escapetour/js/jquery.sticky-kit.min.js HTTP/1.1" 200 1340 "http://www.escapetravelservices.com/" "Mozilla/5.0 (Macintosh; Intel Mac OS X 10_15_7) AppleWebKit/537.36 (KHTML, like Gecko) Chrome/145.0.0.0 Safari/537.36"
157.50.161.225 - - [26/Feb/2026:09:51:51 -0500] "GET /wp-content/uploads/2021/01/Sri-Lanka-667x466.jpg HTTP/1.1" 200 99457 "http://www.escapetravelservices.com/" "Mozilla/5.0 (Macintosh; Intel Mac OS X 10_15_7) AppleWebKit/537.36 (KHTML, like Gecko) Chrome/145.0.0.0 Safari/537.36"
157.50.161.225 - - [26/Feb/2026:09:51:52 -0500] "GET /wp-content/uploads/2021/01/dubai-banner.jpg HTTP/1.1" 200 89714 "http://www.escapetravelservices.com/" "Mozilla/5.0 (Macintosh; Intel Mac OS X 10_15_7) AppleWebKit/537.36 (KHTML, like Gecko) Chrome/145.0.0.0 Safari/537.36"
157.50.161.225 - - [26/Feb/2026:09:51:52 -0500] "GET /wp-content/plugins/whatsapp-for-wordpress/assets/img/whatsapp_logo_green.svg HTTP/1.1" 200 967 "http://www.escapetravelservices.com/wp-content/plugins/whatsapp-for-wordpress/assets/css/style.css" "Mozilla/5.0 (Macintosh; Intel Mac OS X 10_15_7) AppleWebKit/537.36 (KHTML, like Gecko) Chrome/145.0.0.0 Safari/537.36"
157.50.161.225 - - [26/Feb/2026:09:51:52 -0500] "GET /wp-content/plugins/sliding-enquiry-form/captha/CaptchaSecurityImages.php?width=100&height=40&characters=5&code=w5wxvg HTTP/1.1" 200 201 "http://www.escapetravelservices.com/" "Mozilla/5.0 (Macintosh; Intel Mac OS X 10_15_7) AppleWebKit/537.36 (KHTML, like Gecko) Chrome/145.0.0.0 Safari/537.36"
157.50.161.225 - - [26/Feb/2026:09:51:52 -0500] "GET /wp-includes/js/jquery/ui/datepicker.min.js HTTP/1.1" 200 12350 "http://www.escapetravelservices.com/" "Mozilla/5.0 (Macintosh; Intel Mac OS X 10_15_7) AppleWebKit/537.36 (KHTML, like Gecko) Chrome/145.0.0.0 Safari/537.36"
157.50.161.225 - - [26/Feb/2026:09:51:53 -0500] "GET /wp-content/plugins/booked/assets/js/tooltipster/js/jquery.tooltipster.min.js HTTP/1.1" 200 5485 "http://www.escapetravelservices.com/" "Mozilla/5.0 (Macintosh; Intel Mac OS X 10_15_7) AppleWebKit/537.36 (KHTML, like Gecko) Chrome/145.0.0.0 Safari/537.36"
157.50.161.225 - - [26/Feb/2026:09:51:53 -0500] "GET /wp-content/plugins/booked/includes/add-ons/frontend-agents/js/functions.js HTTP/1.1" 200 1311 "http://www.escapetravelservices.com/" "Mozilla/5.0 (Macintosh; Intel Mac OS X 10_15_7) AppleWebKit/537.36 (KHTML, like Gecko) Chrome/145.0.0.0 Safari/537.36"
157.50.161.225 - - [26/Feb/2026:09:51:53 -0500] "GET /wp-content/themes/escapetour/js/jquery.requestAnimationFrame.js HTTP/1.1" 200 686 "http://www.escapetravelservices.com/" "Mozilla/5.0 (Macintosh; Intel Mac OS X 10_15_7) AppleWebKit/537.36 (KHTML, like Gecko) Chrome/145.0.0.0 Safari/537.36"
157.50.161.225 - - [26/Feb/2026:09:51:53 -0500] "GET /wp-content/themes/escapetour/js/ilightbox.packed.js HTTP/1.1" 200 26301 "http://www.escapetravelservices.com/" "Mozilla/5.0 (Macintosh; Intel Mac OS X 10_15_7) AppleWebKit/537.36 (KHTML, like Gecko) Chrome/145.0.0.0 Safari/537.36"
157.50.161.225 - - [26/Feb/2026:09:51:53 -0500] "GET /wp-content/themes/escapetour/js/waypoints.min.js HTTP/1.1" 200 2830 "http://www.escapetravelservices.com/" "Mozilla/5.0 (Macintosh; Intel Mac OS X 10_15_7) AppleWebKit/537.36 (KHTML, like Gecko) Chrome/145.0.0.0 Safari/537.36"
157.50.161.225 - - [26/Feb/2026:09:51:53 -0500] "GET /wp-content/themes/escapetour/js/jquery.isotope.js HTTP/1.1" 200 5637 "http://www.escapetravelservices.com/" "Mozilla/5.0 (Macintosh; Intel Mac OS X 10_15_7) AppleWebKit/537.36 (KHTML, like Gecko) Chrome/145.0.0.0 Safari/537.36"
157.50.161.225 - - [26/Feb/2026:09:51:53 -0500] "GET /wp-content/themes/escapetour/js/jquery.masory.js HTTP/1.1" 200 8144 "http://www.escapetravelservices.com/" "Mozilla/5.0 (Macintosh; Intel Mac OS X 10_15_7) AppleWebKit/537.36 (KHTML, like Gecko) Chrome/145.0.0.0 Safari/537.36"
157.50.161.225 - - [26/Feb/2026:09:51:53 -0500] "GET /wp-content/themes/escapetour/js/jquery.stellar.min.js HTTP/1.1" 200 3845 "http://www.escapetravelservices.com/" "Mozilla/5.0 (Macintosh; Intel Mac OS X 10_15_7) AppleWebKit/537.36 (KHTML, like Gecko) Chrome/145.0.0.0 Safari/537.36"
157.50.161.225 - - [26/Feb/2026:09:51:53 -0500] "GET /wp-content/themes/escapetour/js/custom_plugins.js HTTP/1.1" 200 2016 "http://www.escapetravelservices.com/" "Mozilla/5.0 (Macintosh; Intel Mac OS X 10_15_7) AppleWebKit/537.36 (KHTML, like Gecko) Chrome/145.0.0.0 Safari/537.36"
157.50.161.225 - - [26/Feb/2026:09:51:53 -0500] "GET /wp-content/themes/escapetour/js/custom.js HTTP/1.1" 200 5360 "http://www.escapetravelservices.com/" "Mozilla/5.0 (Macintosh; Intel Mac OS X 10_15_7) AppleWebKit/537.36 (KHTML, like Gecko) Chrome/145.0.0.0 Safari/537.36"
157.50.161.225 - - [26/Feb/2026:09:51:53 -0500] "GET /wp-content/themes/escapetour/js/custom_onepage.js HTTP/1.1" 200 684 "http://www.escapetravelservices.com/" "Mozilla/5.0 (Macintosh; Intel Mac OS X 10_15_7) AppleWebKit/537.36 (KHTML, like Gecko) Chrome/145.0.0.0 Safari/537.36"
157.50.161.225 - - [26/Feb/2026:09:51:53 -0500] "GET /wp-includes/js/wp-emoji-release.min.js HTTP/1.1" 200 5712 "http://www.escapetravelservices.com/" "Mozilla/5.0 (Macintosh; Intel Mac OS X 10_15_7) AppleWebKit/537.36 (KHTML, like Gecko) Chrome/145.0.0.0 Safari/537.36"
157.50.161.225 - - [26/Feb/2026:09:51:54 -0500] "GET /wp-content/uploads/2021/01/498263-700x466.jpg HTTP/1.1" 200 70629 "http://www.escapetravelservices.com/" "Mozilla/5.0 (Macintosh; Intel Mac OS X 10_15_7) AppleWebKit/537.36 (KHTML, like Gecko) Chrome/145.0.0.0 Safari/537.36"
157.50.161.225 - - [26/Feb/2026:09:51:54 -0500] "GET /wp-content/uploads/2022/06/Marvelous-Phuket-Krabi-700x466.jpg HTTP/1.1" 200 60497 "http://www.escapetravelservices.com/" "Mozilla/5.0 (Macintosh; Intel Mac OS X 10_15_7) AppleWebKit/537.36 (KHTML, like Gecko) Chrome/145.0.0.0 Safari/537.36"
157.50.161.225 - - [26/Feb/2026:09:51:54 -0500] "GET /wp-content/uploads/2022/06/Luxury-Mauritius-700x466.jpg HTTP/1.1" 200 68250 "http://www.escapetravelservices.com/" "Mozilla/5.0 (Macintosh; Intel Mac OS X 10_15_7) AppleWebKit/537.36 (KHTML, like Gecko) Chrome/145.0.0.0 Safari/537.36"
157.50.161.225 - - [26/Feb/2026:09:51:54 -0500] "GET /wp-content/uploads/2022/06/Luxe-Dubai-700x466.jpg HTTP/1.1" 200 70497 "http://www.escapetravelservices.com/" "Mozilla/5.0 (Macintosh; Intel Mac OS X 10_15_7) AppleWebKit/537.36 (KHTML, like Gecko) Chrome/145.0.0.0 Safari/537.36"
157.50.161.225 - - [26/Feb/2026:09:51:54 -0500] "GET /wp-content/uploads/2022/06/Jubiliant-Bali-700x466.jpg HTTP/1.1" 200 42842 "http://www.escapetravelservices.com/" "Mozilla/5.0 (Macintosh; Intel Mac OS X 10_15_7) AppleWebKit/537.36 (KHTML, like Gecko) Chrome/145.0.0.0 Safari/537.36"
157.50.161.225 - - [26/Feb/2026:09:51:54 -0500] "GET /wp-content/uploads/2021/01/Malaysia-960x636.jpg HTTP/1.1" 200 117872 "http://www.escapetravelservices.com/" "Mozilla/5.0 (Macintosh; Intel Mac OS X 10_15_7) AppleWebKit/537.36 (KHTML, like Gecko) Chrome/145.0.0.0 Safari/537.36"
157.50.161.225 - - [26/Feb/2026:09:51:54 -0500] "GET /wp-content/uploads/2022/06/kashmir-tour-package-from-delhi-700x466.jpg HTTP/1.1" 200 75674 "http://www.escapetravelservices.com/" "Mozilla/5.0 (Macintosh; Intel Mac OS X 10_15_7) AppleWebKit/537.36 (KHTML, like Gecko) Chrome/145.0.0.0 Safari/537.36"
157.50.161.225 - - [26/Feb/2026:09:51:54 -0500] "GET /wp-content/uploads/2022/06/himachal-pradesh-tour-packages-from-delhi-700x466.jpg HTTP/1.1" 200 85358 "http://www.escapetravelservices.com/" "Mozilla/5.0 (Macintosh; Intel Mac OS X 10_15_7) AppleWebKit/537.36 (KHTML, like Gecko) Chrome/145.0.0.0 Safari/537.36"
157.50.161.225 - - [26/Feb/2026:09:51:54 -0500] "GET /wp-content/uploads/2022/06/escape-travel-services-ceo-960x636.jpg HTTP/1.1" 200 68034 "http://www.escapetravelservices.com/" "Mozilla/5.0 (Macintosh; Intel Mac OS X 10_15_7) AppleWebKit/537.36 (KHTML, like Gecko) Chrome/145.0.0.0 Safari/537.36"
157.50.161.225 - - [26/Feb/2026:09:52:17 -0500] "GET /wp-content/plugins/grandtour-custom-post/css/fontawesome-stars-o.css HTTP/1.1" 404 26873 "http://www.escapetravelservices.com/" "Mozilla/5.0 (Macintosh; Intel Mac OS X 10_15_7) AppleWebKit/537.36 (KHTML, like Gecko) Chrome/145.0.0.0 Safari/537.36"
157.50.161.225 - - [26/Feb/2026:09:52:18 -0500] "GET /wp-content/uploads/2022/06/cropped-escape-logo-white1-32x32.jpg HTTP/1.1" 200 666 "http://www.escapetravelservices.com/" "Mozilla/5.0 (Macintosh; Intel Mac OS X 10_15_7) AppleWebKit/537.36 (KHTML, like Gecko) Chrome/145.0.0.0 Safari/537.36"
157.50.161.225 - - [26/Feb/2026:09:52:19 -0500] "GET /wp-content/uploads/2016/12/Worldwide-Location-300x300.png HTTP/1.1" 200 16531 "http://www.escapetravelservices.com/" "Mozilla/5.0 (Macintosh; Intel Mac OS X 10_15_7) AppleWebKit/537.36 (KHTML, like Gecko) Chrome/145.0.0.0 Safari/537.36"
66.249.79.73 - - [26/Feb/2026:09:56:11 -0500] "GET /destinations/ HTTP/1.1" 200 25340 "-" "Mozilla/5.0 (Linux; Android 6.0.1; Nexus 5X Build/MMB29P) AppleWebKit/537.36 (KHTML, like Gecko) Chrome/144.0.7559.132 Mobile Safari/537.36 (compatible; Googlebot/2.1; +http://www.google.com/bot.html)"
23.105.193.86 - - [26/Feb/2026:10:05:17 -0500] "POST /wp-login.php HTTP/1.1" 200 2227 "-" "Mozilla/5.0 (Windows NT 10.0; WOW64) AppleWebKit/537.36 (KHTML, like Gecko) Chrome/139.0.0.0 Safari/537.36"
157.50.161.225 - - [26/Feb/2026:09:51:53 -0500] "GET /wp-content/themes/escapetour/js/jquery.cookie.js HTTP/1.1" 200 1452 "http://www.escapetravelservices.com/" "Mozilla/5.0 (Macintosh; Intel Mac OS X 10_15_7) AppleWebKit/537.36 (KHTML, like Gecko) Chrome/145.0.0.0 Safari/537.36"
157.50.161.225 - - [26/Feb/2026:09:51:53 -0500] "GET /wp-content/themes/escapetour/js/jarallax-video.js HTTP/1.1" 200 11177 "http://www.escapetravelservices.com/" "Mozilla/5.0 (Macintosh; Intel Mac OS X 10_15_7) AppleWebKit/537.36 (KHTML, like Gecko) Chrome/145.0.0.0 Safari/537.36"
157.50.161.225 - - [26/Feb/2026:09:51:54 -0500] "GET /wp-content/uploads/2022/06/Captivating-Bangkok-Pattaya-700x466.jpg HTTP/1.1" 200 80026 "http://www.escapetravelservices.com/" "Mozilla/5.0 (Macintosh; Intel Mac OS X 10_15_7) AppleWebKit/537.36 (KHTML, like Gecko) Chrome/145.0.0.0 Safari/537.36"
157.50.161.225 - - [26/Feb/2026:09:51:54 -0500] "GET /wp-content/uploads/2016/12/treks-in-winter-960x636.jpg HTTP/1.1" 200 78892 "http://www.escapetravelservices.com/" "Mozilla/5.0 (Macintosh; Intel Mac OS X 10_15_7) AppleWebKit/537.36 (KHTML, like Gecko) Chrome/145.0.0.0 Safari/537.36"
157.50.161.225 - - [26/Feb/2026:09:51:54 -0500] "GET /wp-content/uploads/2021/01/Honeymoon-Destinations-in-India.jpg HTTP/1.1" 200 130539 "http://www.escapetravelservices.com/" "Mozilla/5.0 (Macintosh; Intel Mac OS X 10_15_7) AppleWebKit/537.36 (KHTML, like Gecko) Chrome/145.0.0.0 Safari/537.36"
157.50.161.225 - - [26/Feb/2026:09:52:16 -0500] "GET / HTTP/1.1" 200 32609 "-" "Mozilla/5.0 (Macintosh; Intel Mac OS X 10_15_7) AppleWebKit/537.36 (KHTML, like Gecko) Chrome/145.0.0.0 Safari/537.36"
157.50.161.225 - - [26/Feb/2026:09:52:19 -0500] "GET /wp-content/uploads/2016/12/Hot-Air-Balloon-300x300.png HTTP/1.1" 200 15489 "http://www.escapetravelservices.com/" "Mozilla/5.0 (Macintosh; Intel Mac OS X 10_15_7) AppleWebKit/537.36 (KHTML, like Gecko) Chrome/145.0.0.0 Safari/537.36"
162.213.253.84 - - [26/Feb/2026:10:05:17 -0500] "POST /wp-cron.php?doing_wp_cron=1772118317.9700100421905517578125 HTTP/1.1" 200 0 "http://www.escapetravelservices.com/wp-cron.php?doing_wp_cron=1772118317.9700100421905517578125" "WordPress/6.0; http://www.escapetravelservices.com"
20.51.144.20 - - [26/Feb/2026:10:12:42 -0500] "GET /wp-content/uploads/2022/06/maldives-tour-packages-from-india-700x466.jpg HTTP/1.1" 200 36166 "-" "Mozilla/5.0 (compatible; BingIndexCrawler/1.0)"
52.167.144.225 - - [26/Feb/2026:10:13:28 -0500] "GET /wp-content/plugins/booked/includes/add-ons/frontend-agents/js/functions.js HTTP/1.1" 200 1050 "-" "Mozilla/5.0 AppleWebKit/537.36 (KHTML, like Gecko; compatible; bingbot/2.0; +http://www.bing.com/bingbot.htm) Chrome/116.0.1938.76 Safari/537.36"
40.77.167.54 - - [26/Feb/2026:10:13:32 -0500] "GET /wp-content/themes/escapetour/css/metro-black-skin/skin.css HTTP/1.1" 200 1091 "-" "Mozilla/5.0 AppleWebKit/537.36 (KHTML, like Gecko; compatible; bingbot/2.0; +http://www.bing.com/bingbot.htm) Chrome/116.0.1938.76 Safari/537.36"
40.77.167.54 - - [26/Feb/2026:10:13:32 -0500] "GET /wp-content/themes/escapetour/css/reset.css HTTP/1.1" 200 269 "-" "Mozilla/5.0 AppleWebKit/537.36 (KHTML, like Gecko; compatible; bingbot/2.0; +http://www.bing.com/bingbot.htm) Chrome/116.0.1938.76 Safari/537.36"
40.77.167.71 - - [26/Feb/2026:10:13:37 -0500] "GET /wp-content/plugins/booked/assets/js/tooltipster/css/tooltipster.css HTTP/1.1" 200 1505 "-" "Mozilla/5.0 AppleWebKit/537.36 (KHTML, like Gecko; compatible; bingbot/2.0; +http://www.bing.com/bingbot.htm) Chrome/116.0.1938.76 Safari/537.36"
40.77.167.71 - - [26/Feb/2026:10:13:37 -0500] "GET /wp-content/themes/escapetour/css/jqueryui/custom.css HTTP/1.1" 200 4184 "-" "Mozilla/5.0 AppleWebKit/537.36 (KHTML, like Gecko; compatible; bingbot/2.0; +http://www.bing.com/bingbot.htm) Chrome/116.0.1938.76 Safari/537.36"
52.167.144.225 - - [26/Feb/2026:10:12:14 -0500] "GET /tour/stunning-phuket-03-nights-04-days/ HTTP/1.1" 200 21688 "-" "Mozilla/5.0 AppleWebKit/537.36 (KHTML, like Gecko; compatible; bingbot/2.0; +http://www.bing.com/bingbot.htm) Chrome/116.0.1938.76 Safari/537.36"
52.167.144.225 - - [26/Feb/2026:10:13:27 -0500] "GET /wp-content/plugins/booked/dist/booked.css HTTP/1.1" 200 8075 "-" "Mozilla/5.0 AppleWebKit/537.36 (KHTML, like Gecko; compatible; bingbot/2.0; +http://www.bing.com/bingbot.htm) Chrome/116.0.1938.76 Safari/537.36"
52.167.144.225 - - [26/Feb/2026:10:13:28 -0500] "GET /wp-content/themes/escapetour/css/dark-skin/skin.css HTTP/1.1" 200 1196 "-" "Mozilla/5.0 AppleWebKit/537.36 (KHTML, like Gecko; compatible; bingbot/2.0; +http://www.bing.com/bingbot.htm) Chrome/116.0.1938.76 Safari/537.36"
40.77.167.54 - - [26/Feb/2026:10:13:32 -0500] "GET /wp-content/themes/escapetour/css/reset.css HTTP/1.1" 200 269 "-" "Mozilla/5.0 AppleWebKit/537.36 (KHTML, like Gecko; compatible; bingbot/2.0; +http://www.bing.com/bingbot.htm) Chrome/116.0.1938.76 Safari/537.36"
40.77.167.71 - - [26/Feb/2026:10:13:38 -0500] "GET /wp-json/contact-form-7/v1/contact-forms/165/refill HTTP/1.1" 200 2 "-" "Mozilla/5.0 AppleWebKit/537.36 (KHTML, like Gecko; compatible; bingbot/2.0; +http://www.bing.com/bingbot.htm) Chrome/116.0.1938.76 Safari/537.36"
40.77.167.71 - - [26/Feb/2026:10:13:38 -0500] "GET /wp-content/themes/escapetour/js/waypoints.min.js HTTP/1.1" 200 2461 "-" "Mozilla/5.0 AppleWebKit/537.36 (KHTML, like Gecko; compatible; bingbot/2.0; +http://www.bing.com/bingbot.htm) Chrome/116.0.1938.76 Safari/537.36"
162.213.253.84 - - [26/Feb/2026:10:18:32 -0500] "POST /wp-cron.php?doing_wp_cron=1772119112.0976250171661376953125 HTTP/1.1" 200 0 "http://www.escapetravelservices.com/wp-cron.php?doing_wp_cron=1772119112.0976250171661376953125" "WordPress/6.0; http://www.escapetravelservices.com"
78.88.230.100 - - [26/Feb/2026:10:18:31 -0500] "POST /wp-login.php HTTP/1.1" 200 2227 "-" "Mozilla/5.0 (Windows NT 10.0; Win64; x64) AppleWebKit/537.36 (KHTML, like Gecko) Chrome/139.0.0.0 Safari/537.36"
185.93.89.110 - - [26/Feb/2026:11:06:33 -0500] "GET /destinations//.git/HEAD HTTP/1.1" 403 1242 "-" "Go-http-client/1.1"
114.119.138.67 - - [26/Feb/2026:11:11:50 -0500] "GET /robots.txt HTTP/1.1" 200 7131 "-" "Mozilla/5.0 (compatible;PetalBot;+https://webmaster.petalsearch.com/site/petalbot)"
162.213.253.84 - - [26/Feb/2026:11:04:30 -0500] "POST /wp-cron.php?doing_wp_cron=1772121870.4742760658264160156250 HTTP/1.1" 200 0 "http://www.escapetravelservices.com/wp-cron.php?doing_wp_cron=1772121870.4742760658264160156250" "WordPress/6.0; http://www.escapetravelservices.com"
43.135.145.73 - - [26/Feb/2026:11:04:29 -0500] "GET / HTTP/1.1" 301 0 "-" "Mozilla/5.0 (iPhone; CPU iPhone OS 13_2_3 like Mac OS X) AppleWebKit/605.1.15 (KHTML, like Gecko) Version/13.0.3 Mobile/15E148 Safari/604.1"
43.135.145.73 - - [26/Feb/2026:11:04:31 -0500] "GET / HTTP/1.1" 200 32609 "http://escapetravelservices.com" "Mozilla/5.0 (iPhone; CPU iPhone OS 13_2_3 like Mac OS X) AppleWebKit/605.1.15 (KHTML, like Gecko) Version/13.0.3 Mobile/15E148 Safari/604.1"
162.213.253.84 - - [26/Feb/2026:11:13:51 -0500] "POST /wp-cron.php?doing_wp_cron=1772122431.1403689384460449218750 HTTP/1.1" 200 0 "http://www.escapetravelservices.com/wp-cron.php?doing_wp_cron=1772122431.1403689384460449218750" "WordPress/6.0; http://www.escapetravelservices.com"
51.89.19.88 - - [26/Feb/2026:11:13:50 -0500] "POST /wp-login.php HTTP/1.1" 200 2227 "-" "Mozilla/5.0 (Windows NT 10.0) AppleWebKit/537.43 (KHTML, like Gecko) Chrome/135.0.0.0 Safari/537.36 OPR/120.0.0.0"
43.167.245.18 - - [26/Feb/2026:11:27:43 -0500] "GET /tour/luxury-mauritius-06-nights-07-days/ HTTP/1.1" 200 25447 "-" "Mozilla/5.0 (iPhone; CPU iPhone OS 13_2_3 like Mac OS X) AppleWebKit/605.1.15 (KHTML, like Gecko) Version/13.0.3 Mobile/15E148 Safari/604.1"
43.164.196.57 - - [26/Feb/2026:11:38:04 -0500] "GET /comments/feed/ HTTP/1.1" 200 7597 "-" "Mozilla/5.0 (iPhone; CPU iPhone OS 13_2_3 like Mac OS X) AppleWebKit/605.1.15 (KHTML, like Gecko) Version/13.0.3 Mobile/15E148 Safari/604.1"
162.213.253.84 - - [26/Feb/2026:11:48:55 -0500] "POST /wp-cron.php?doing_wp_cron=1772124535.7158939838409423828125 HTTP/1.1" 200 0 "http://www.escapetravelservices.com/wp-cron.php?doing_wp_cron=1772124535.7158939838409423828125" "WordPress/6.0; http://www.escapetravelservices.com"
43.130.101.151 - - [26/Feb/2026:11:48:55 -0500] "GET /wp-json/wp/v2/pages/3102 HTTP/1.1" 200 19681 "-" "Mozilla/5.0 (iPhone; CPU iPhone OS 13_2_3 like Mac OS X) AppleWebKit/605.1.15 (KHTML, like Gecko) Version/13.0.3 Mobile/15E148 Safari/604.1"
162.213.253.84 - - [26/Feb/2026:11:38:05 -0500] "POST /wp-cron.php?doing_wp_cron=1772123885.2430379390716552734375 HTTP/1.1" 200 0 "http://www.escapetravelservices.com/wp-cron.php?doing_wp_cron=1772123885.2430379390716552734375" "WordPress/6.0; http://www.escapetravelservices.com"
162.213.253.84 - - [26/Feb/2026:11:58:51 -0500] "POST /wp-cron.php?doing_wp_cron=1772125131.6162760257720947265625 HTTP/1.1" 200 0 "http://www.escapetravelservices.com/wp-cron.php?doing_wp_cron=1772125131.6162760257720947265625" "WordPress/6.0; http://www.escapetravelservices.com"
162.213.253.84 - - [26/Feb/2026:12:03:47 -0500] "POST /wp-cron.php?doing_wp_cron=1772125427.8501489162445068359375 HTTP/1.1" 200 0 "http://www.escapetravelservices.com/wp-cron.php?doing_wp_cron=1772125427.8501489162445068359375" "WordPress/6.0; http://www.escapetravelservices.com"
185.191.171.14 - - [26/Feb/2026:12:03:47 -0500] "GET /tour/romantic-bali-05-nights-06-days/ HTTP/1.1" 200 26509 "-" "Mozilla/5.0 (compatible; SemrushBot/7~bl; +http://www.semrush.com/bot.html)"
162.213.253.84 - - [26/Feb/2026:11:58:02 -0500] "POST /wp-cron.php?doing_wp_cron=1772125082.8268160820007324218750 HTTP/1.1" 200 0 "http://www.escapetravelservices.com/wp-cron.php?doing_wp_cron=1772125082.8268160820007324218750" "WordPress/6.0; http://www.escapetravelservices.com"
80.232.222.215 - - [26/Feb/2026:11:58:01 -0500] "POST /wp-login.php HTTP/1.1" 200 2227 "-" "Mozilla/5.0 (Windows NT 10.0) AppleWebKit/537.36 (KHTML, like Gecko) Chrome/142.0.0.0 Safari/537.36"
43.165.65.180 - - [26/Feb/2026:11:58:51 -0500] "GET /wp-json/oembed/1.0/embed?url=http%3A%2F%2Fwww.escapetravelservices.com%2F HTTP/1.1" 200 2685 "-" "Mozilla/5.0 (iPhone; CPU iPhone OS 13_2_3 like Mac OS X) AppleWebKit/605.1.15 (KHTML, like Gecko) Version/13.0.3 Mobile/15E148 Safari/604.1"
185.191.171.14 - - [26/Feb/2026:12:03:46 -0500] "GET /robots.txt HTTP/1.1" 200 7131 "-" "Mozilla/5.0 (compatible; SemrushBot/7~bl; +http://www.semrush.com/bot.html)"
100.30.5.6 - - [26/Feb/2026:12:07:59 -0500] "GET /robots.txt HTTP/1.1" 200 7131 "-" "Mozilla/5.0 (Macintosh; Intel Mac OS X 10_10_1) AppleWebKit/600.2.5 (KHTML, like Gecko) Version/8.0.2 Safari/600.2.5 (Gort)"
162.213.253.84 - - [26/Feb/2026:12:14:48 -0500] "POST /wp-cron.php?doing_wp_cron=1772126088.3139090538024902343750 HTTP/1.1" 200 0 "http://www.escapetravelservices.com/wp-cron.php?doing_wp_cron=1772126088.3139090538024902343750" "WordPress/6.0; http://www.escapetravelservices.com"
151.11.51.9 - - [26/Feb/2026:12:14:47 -0500] "POST /wp-login.php HTTP/1.1" 200 2263 "-" "Mozilla/5.0 (Windows NT 10.0) AppleWebKit/537.43 (KHTML, like Gecko) Chrome/134.0.0.0 Safari/537.36 OPR/119.0.0.0"
170.106.35.187 - - [26/Feb/2026:12:09:20 -0500] "GET /destination/himachal-pradesh/ HTTP/1.1" 200 22574 "-" "Mozilla/5.0 (iPhone; CPU iPhone OS 13_2_3 like Mac OS X) AppleWebKit/605.1.15 (KHTML, like Gecko) Version/13.0.3 Mobile/15E148 Safari/604.1"
162.213.253.84 - - [26/Feb/2026:12:18:47 -0500] "POST /wp-cron.php?doing_wp_cron=1772126327.5832319259643554687500 HTTP/1.1" 200 0 "http://www.escapetravelservices.com/wp-cron.php?doing_wp_cron=1772126327.5832319259643554687500" "WordPress/6.0; http://www.escapetravelservices.com"
43.153.12.58 - - [26/Feb/2026:12:18:46 -0500] "GET /wp-json/oembed/1.0/embed?url=http%3A%2F%2Fwww.escapetravelservices.com%2Ftour%2Fluxury-mauritius-06-nights-07-days%2F&format=xml HTTP/1.1" 200 1420 "-" "Mozilla/5.0 (iPhone; CPU iPhone OS 13_2_3 like Mac OS X) AppleWebKit/605.1.15 (KHTML, like Gecko) Version/13.0.3 Mobile/15E148 Safari/604.1"
162.213.253.84 - - [26/Feb/2026:12:28:50 -0500] "POST /wp-cron.php?doing_wp_cron=1772126930.8629050254821777343750 HTTP/1.1" 200 0 "http://www.escapetravelservices.com/wp-cron.php?doing_wp_cron=1772126930.8629050254821777343750" "WordPress/6.0; http://www.escapetravelservices.com"
43.166.238.12 - - [26/Feb/2026:12:29:33 -0500] "GET /wp-content/plugins/sliding-enquiry-form/captha/CaptchaSecurityImages.php?width=100&height=40&characters=5&code=td8dwf HTTP/1.1" 200 201 "-" "Mozilla/5.0 (iPhone; CPU iPhone OS 13_2_3 like Mac OS X) AppleWebKit/605.1.15 (KHTML, like Gecko) Version/13.0.3 Mobile/15E148 Safari/604.1"
