Path : /home/vishqocm/access-logs/
File Upload :
Current File : /home/vishqocm/access-logs/bagpackvacation.vishalwebtech.com-ssl_log

91.92.242.178 - - [26/Feb/2026:07:22:02 -0500] "GET /wp-content/index.php HTTP/1.1" 301 795 "-" "Mozilla/5.0 (Linux; Android 7.0; SM-G892A Build/NRD90M; wv) AppleWebKit/537.36 (KHTML, Gecko) Version/4.0 Chrome/60.0.3112.107 Mobile Safari/537.36"
162.213.253.84 - - [26/Feb/2026:07:22:03 -0500] "POST /wp-admin/admin-ajax.php?action=async_litespeed&nonce=1Q7IVXnt0avOD0kYnW84II3pbknb0LiH&litespeed_type=imgoptm HTTP/1.1" 200 0 "-" "WordPress/6.9.1; https://www.bagpackvacation.com"
91.92.242.178 - - [26/Feb/2026:07:22:04 -0500] "GET /wp-content/index.php HTTP/1.1" 200 0 "-" "Mozilla/5.0 (Linux; Android 7.0; SM-G892A Build/NRD90M; wv) AppleWebKit/537.36 (KHTML, Gecko) Version/4.0 Chrome/60.0.3112.107 Mobile Safari/537.36"
91.92.242.178 - - [26/Feb/2026:07:22:07 -0500] "GET /autoload_classmap.php HTTP/1.1" 404 18638 "-" "Mozilla/5.0 (Linux; Android 7.0; SM-G892A Build/NRD90M; wv) AppleWebKit/537.36 (KHTML, Gecko) Version/4.0 Chrome/60.0.3112.107 Mobile Safari/537.36"
91.92.242.178 - - [26/Feb/2026:07:22:11 -0500] "GET /wp-content/plugins/pwnd/pwnd.php HTTP/1.1" 404 18640 "-" "Mozilla/5.0 (Linux; Android 7.0; SM-G892A Build/NRD90M; wv) AppleWebKit/537.36 (KHTML, Gecko) Version/4.0 Chrome/60.0.3112.107 Mobile Safari/537.36"
91.92.242.178 - - [26/Feb/2026:07:22:13 -0500] "GET /wp-content/plugins/pwnd-1/pwnd.php HTTP/1.1" 301 795 "-" "Mozilla/5.0 (Linux; Android 7.0; SM-G892A Build/NRD90M; wv) AppleWebKit/537.36 (KHTML, Gecko) Version/4.0 Chrome/60.0.3112.107 Mobile Safari/537.36"
91.92.242.178 - - [26/Feb/2026:07:22:19 -0500] "GET /wp-content/plugins/simple/simple.php HTTP/1.1" 301 795 "-" "Mozilla/5.0 (Linux; Android 7.0; SM-G892A Build/NRD90M; wv) AppleWebKit/537.36 (KHTML, Gecko) Version/4.0 Chrome/60.0.3112.107 Mobile Safari/537.36"
91.92.242.178 - - [26/Feb/2026:07:22:20 -0500] "GET /wp-content/plugins/simple/simple.php HTTP/1.1" 404 18616 "-" "Mozilla/5.0 (Linux; Android 7.0; SM-G892A Build/NRD90M; wv) AppleWebKit/537.36 (KHTML, Gecko) Version/4.0 Chrome/60.0.3112.107 Mobile Safari/537.36"
91.92.242.178 - - [26/Feb/2026:07:22:24 -0500] "GET /worksec.php HTTP/1.1" 301 795 "-" "Mozilla/5.0 (Linux; Android 7.0; SM-G892A Build/NRD90M; wv) AppleWebKit/537.36 (KHTML, Gecko) Version/4.0 Chrome/60.0.3112.107 Mobile Safari/537.36"
91.92.242.178 - - [26/Feb/2026:07:22:25 -0500] "GET /worksec.php HTTP/1.1" 404 18602 "-" "Mozilla/5.0 (Linux; Android 7.0; SM-G892A Build/NRD90M; wv) AppleWebKit/537.36 (KHTML, Gecko) Version/4.0 Chrome/60.0.3112.107 Mobile Safari/537.36"
91.92.242.178 - - [26/Feb/2026:07:22:28 -0500] "GET /wp-content/worksec.php HTTP/1.1" 301 795 "-" "Mozilla/5.0 (Linux; Android 7.0; SM-G892A Build/NRD90M; wv) AppleWebKit/537.36 (KHTML, Gecko) Version/4.0 Chrome/60.0.3112.107 Mobile Safari/537.36"
91.92.242.178 - - [26/Feb/2026:07:22:29 -0500] "GET /wp-content/worksec.php HTTP/1.1" 404 18624 "-" "Mozilla/5.0 (Linux; Android 7.0; SM-G892A Build/NRD90M; wv) AppleWebKit/537.36 (KHTML, Gecko) Version/4.0 Chrome/60.0.3112.107 Mobile Safari/537.36"
162.213.253.84 - - [26/Feb/2026:07:22:31 -0500] "POST /wp-admin/admin-ajax.php?action=async_litespeed&nonce=ygIqFTKb6QS75ILrhxTBA3bJx1oAr654&litespeed_type=imgoptm HTTP/1.1" 200 21 "-" "WordPress/6.9.1; https://www.bagpackvacation.com"
91.92.242.178 - - [26/Feb/2026:07:22:33 -0500] "GET /wp-content/cache/index.php HTTP/1.1" 301 0 "-" "Mozilla/5.0 (Linux; Android 7.0; SM-G892A Build/NRD90M; wv) AppleWebKit/537.36 (KHTML, Gecko) Version/4.0 Chrome/60.0.3112.107 Mobile Safari/537.36"
91.92.242.178 - - [26/Feb/2026:07:22:34 -0500] "GET /wp-content/cache/ HTTP/1.1" 404 18636 "-" "Mozilla/5.0 (Linux; Android 7.0; SM-G892A Build/NRD90M; wv) AppleWebKit/537.36 (KHTML, Gecko) Version/4.0 Chrome/60.0.3112.107 Mobile Safari/537.36"
91.92.242.178 - - [26/Feb/2026:07:22:38 -0500] "GET /wp-content/index.php HTTP/1.1" 301 795 "-" "Mozilla/5.0 (Linux; Android 7.0; SM-G892A Build/NRD90M; wv) AppleWebKit/537.36 (KHTML, Gecko) Version/4.0 Chrome/60.0.3112.107 Mobile Safari/537.36"
91.92.242.178 - - [26/Feb/2026:07:21:58 -0500] "GET /wp-content/plugins/fix/up.php HTTP/1.1" 301 795 "-" "Mozilla/5.0 (Linux; Android 7.0; SM-G892A Build/NRD90M; wv) AppleWebKit/537.36 (KHTML, Gecko) Version/4.0 Chrome/60.0.3112.107 Mobile Safari/537.36"
162.213.253.84 - - [26/Feb/2026:07:22:01 -0500] "POST /wp-cron.php?doing_wp_cron=1772108521.5214250087738037109375 HTTP/1.1" 200 0 "-" "WordPress/6.9.1; https://www.bagpackvacation.com"
91.92.242.178 - - [26/Feb/2026:07:21:59 -0500] "GET /wp-content/plugins/fix/up.php HTTP/1.1" 404 18648 "-" "Mozilla/5.0 (Linux; Android 7.0; SM-G892A Build/NRD90M; wv) AppleWebKit/537.36 (KHTML, Gecko) Version/4.0 Chrome/60.0.3112.107 Mobile Safari/537.36"
91.92.242.178 - - [26/Feb/2026:07:22:05 -0500] "GET /autoload_classmap.php HTTP/1.1" 301 795 "-" "Mozilla/5.0 (Linux; Android 7.0; SM-G892A Build/NRD90M; wv) AppleWebKit/537.36 (KHTML, Gecko) Version/4.0 Chrome/60.0.3112.107 Mobile Safari/537.36"
91.92.242.178 - - [26/Feb/2026:07:22:10 -0500] "GET /wp-content/plugins/pwnd/pwnd.php HTTP/1.1" 301 795 "-" "Mozilla/5.0 (Linux; Android 7.0; SM-G892A Build/NRD90M; wv) AppleWebKit/537.36 (KHTML, Gecko) Version/4.0 Chrome/60.0.3112.107 Mobile Safari/537.36"
91.92.242.178 - - [26/Feb/2026:07:22:15 -0500] "GET /wp-content/plugins/pwnd-1/pwnd.php HTTP/1.1" 404 18627 "-" "Mozilla/5.0 (Linux; Android 7.0; SM-G892A Build/NRD90M; wv) AppleWebKit/537.36 (KHTML, Gecko) Version/4.0 Chrome/60.0.3112.107 Mobile Safari/537.36"
162.213.253.84 - - [26/Feb/2026:07:22:30 -0500] "POST /wp-cron.php?doing_wp_cron=1772108550.6069109439849853515625 HTTP/1.1" 200 0 "-" "WordPress/6.9.1; https://www.bagpackvacation.com"
91.92.242.178 - - [26/Feb/2026:07:22:31 -0500] "GET /wp-content/cache/index.php HTTP/1.1" 301 795 "-" "Mozilla/5.0 (Linux; Android 7.0; SM-G892A Build/NRD90M; wv) AppleWebKit/537.36 (KHTML, Gecko) Version/4.0 Chrome/60.0.3112.107 Mobile Safari/537.36"
91.92.242.178 - - [26/Feb/2026:07:22:39 -0500] "GET /wp-content/index.php HTTP/1.1" 200 0 "-" "Mozilla/5.0 (Linux; Android 7.0; SM-G892A Build/NRD90M; wv) AppleWebKit/537.36 (KHTML, Gecko) Version/4.0 Chrome/60.0.3112.107 Mobile Safari/537.36"
91.92.242.178 - - [26/Feb/2026:07:22:41 -0500] "GET /wp-content/languages/index.php HTTP/1.1" 301 0 "-" "Mozilla/5.0 (Linux; Android 7.0; SM-G892A Build/NRD90M; wv) AppleWebKit/537.36 (KHTML, Gecko) Version/4.0 Chrome/60.0.3112.107 Mobile Safari/537.36"
91.92.242.178 - - [26/Feb/2026:07:22:42 -0500] "GET /wp-content/languages/ HTTP/1.1" 404 18628 "-" "Mozilla/5.0 (Linux; Android 7.0; SM-G892A Build/NRD90M; wv) AppleWebKit/537.36 (KHTML, Gecko) Version/4.0 Chrome/60.0.3112.107 Mobile Safari/537.36"
91.92.242.178 - - [26/Feb/2026:07:22:45 -0500] "GET /wp-content/plugins/index.php HTTP/1.1" 301 795 "-" "Mozilla/5.0 (Linux; Android 7.0; SM-G892A Build/NRD90M; wv) AppleWebKit/537.36 (KHTML, Gecko) Version/4.0 Chrome/60.0.3112.107 Mobile Safari/537.36"
91.92.242.178 - - [26/Feb/2026:07:22:52 -0500] "GET /wp-content/upgrade/ HTTP/1.1" 403 1242 "-" "Mozilla/5.0 (Linux; Android 7.0; SM-G892A Build/NRD90M; wv) AppleWebKit/537.36 (KHTML, Gecko) Version/4.0 Chrome/60.0.3112.107 Mobile Safari/537.36"
91.92.242.178 - - [26/Feb/2026:07:22:53 -0500] "GET /wp-content/uploads/index.php HTTP/1.1" 301 795 "-" "Mozilla/5.0 (Linux; Android 7.0; SM-G892A Build/NRD90M; wv) AppleWebKit/537.36 (KHTML, Gecko) Version/4.0 Chrome/60.0.3112.107 Mobile Safari/537.36"
91.92.242.178 - - [26/Feb/2026:07:22:54 -0500] "GET /wp-content/uploads/index.php HTTP/1.1" 301 0 "-" "Mozilla/5.0 (Linux; Android 7.0; SM-G892A Build/NRD90M; wv) AppleWebKit/537.36 (KHTML, Gecko) Version/4.0 Chrome/60.0.3112.107 Mobile Safari/537.36"
91.92.242.178 - - [26/Feb/2026:07:22:58 -0500] "GET /wp-login.php?redirect_to=https%3A%2F%2Fwww.bagpackvacation.com%2Fwp-admin%2Findex.php&reauth=1 HTTP/1.1" 200 1795 "-" "Mozilla/5.0 (Linux; Android 7.0; SM-G892A Build/NRD90M; wv) AppleWebKit/537.36 (KHTML, Gecko) Version/4.0 Chrome/60.0.3112.107 Mobile Safari/537.36"
91.92.242.178 - - [26/Feb/2026:07:22:40 -0500] "GET /wp-content/languages/index.php HTTP/1.1" 301 795 "-" "Mozilla/5.0 (Linux; Android 7.0; SM-G892A Build/NRD90M; wv) AppleWebKit/537.36 (KHTML, Gecko) Version/4.0 Chrome/60.0.3112.107 Mobile Safari/537.36"
91.92.242.178 - - [26/Feb/2026:07:22:45 -0500] "GET /wp-content/plugins/index.php HTTP/1.1" 200 0 "-" "Mozilla/5.0 (Linux; Android 7.0; SM-G892A Build/NRD90M; wv) AppleWebKit/537.36 (KHTML, Gecko) Version/4.0 Chrome/60.0.3112.107 Mobile Safari/537.36"
91.92.242.178 - - [26/Feb/2026:07:22:48 -0500] "GET /wp-content/themes/index.php HTTP/1.1" 301 795 "-" "Mozilla/5.0 (Linux; Android 7.0; SM-G892A Build/NRD90M; wv) AppleWebKit/537.36 (KHTML, Gecko) Version/4.0 Chrome/60.0.3112.107 Mobile Safari/537.36"
91.92.242.178 - - [26/Feb/2026:07:22:49 -0500] "GET /wp-content/themes/index.php HTTP/1.1" 200 0 "-" "Mozilla/5.0 (Linux; Android 7.0; SM-G892A Build/NRD90M; wv) AppleWebKit/537.36 (KHTML, Gecko) Version/4.0 Chrome/60.0.3112.107 Mobile Safari/537.36"
91.92.242.178 - - [26/Feb/2026:07:22:50 -0500] "GET /wp-content/upgrade/index.php HTTP/1.1" 301 795 "-" "Mozilla/5.0 (Linux; Android 7.0; SM-G892A Build/NRD90M; wv) AppleWebKit/537.36 (KHTML, Gecko) Version/4.0 Chrome/60.0.3112.107 Mobile Safari/537.36"
162.213.253.84 - - [26/Feb/2026:07:22:52 -0500] "POST /wp-cron.php?doing_wp_cron=1772108572.4650540351867675781250 HTTP/1.1" 200 0 "-" "WordPress/6.9.1; https://www.bagpackvacation.com"
91.92.242.178 - - [26/Feb/2026:07:22:51 -0500] "GET /wp-content/upgrade/index.php HTTP/1.1" 301 0 "-" "Mozilla/5.0 (Linux; Android 7.0; SM-G892A Build/NRD90M; wv) AppleWebKit/537.36 (KHTML, Gecko) Version/4.0 Chrome/60.0.3112.107 Mobile Safari/537.36"
91.92.242.178 - - [26/Feb/2026:07:22:55 -0500] "GET /wp-content/uploads/ HTTP/1.1" 403 1242 "-" "Mozilla/5.0 (Linux; Android 7.0; SM-G892A Build/NRD90M; wv) AppleWebKit/537.36 (KHTML, Gecko) Version/4.0 Chrome/60.0.3112.107 Mobile Safari/537.36"
91.92.242.178 - - [26/Feb/2026:07:22:56 -0500] "GET /wp-admin/index.php HTTP/1.1" 301 795 "-" "Mozilla/5.0 (Linux; Android 7.0; SM-G892A Build/NRD90M; wv) AppleWebKit/537.36 (KHTML, Gecko) Version/4.0 Chrome/60.0.3112.107 Mobile Safari/537.36"
91.92.242.178 - - [26/Feb/2026:07:22:57 -0500] "GET /wp-admin/index.php HTTP/1.1" 302 0 "-" "Mozilla/5.0 (Linux; Android 7.0; SM-G892A Build/NRD90M; wv) AppleWebKit/537.36 (KHTML, Gecko) Version/4.0 Chrome/60.0.3112.107 Mobile Safari/537.36"
66.220.149.41 - - [26/Feb/2026:07:23:35 -0500] "GET / HTTP/1.1" 200 254363 "-" "facebookexternalhit/1.1 (+http://www.facebook.com/externalhit_uatext.php)"
66.220.149.24 - - [26/Feb/2026:07:23:36 -0500] "GET / HTTP/1.1" 200 254363 "-" "facebookexternalhit/1.1 (+http://www.facebook.com/externalhit_uatext.php)"
162.213.253.84 - - [26/Feb/2026:07:23:53 -0500] "POST /wp-cron.php?doing_wp_cron=1772108633.9796659946441650390625 HTTP/1.1" 200 0 "-" "WordPress/6.9.1; https://www.bagpackvacation.com"
113.188.207.100 - - [26/Feb/2026:07:23:52 -0500] "GET /6-night-7-days-luxury-honeymoon-package/ HTTP/1.1" 200 30687 "-" "Mozilla/5.0 (Macintosh; Intel Mac OS X 10_7_3) AppleWebKit/537.36 (KHTML, like Gecko, Mediapartners-Google) Chrome/87.0.4280.90 Safari/537.36"
162.213.253.84 - - [26/Feb/2026:07:35:16 -0500] "POST /wp-cron.php?doing_wp_cron=1772109316.6838040351867675781250 HTTP/1.1" 200 0 "-" "WordPress/6.9.1; https://www.bagpackvacation.com"
69.171.231.18 - - [26/Feb/2026:07:23:35 -0500] "GET / HTTP/1.1" 200 254363 "-" "facebookexternalhit/1.1 (+http://www.facebook.com/externalhit_uatext.php)"
162.213.253.84 - - [26/Feb/2026:07:23:36 -0500] "POST /wp-admin/admin-ajax.php?action=async_litespeed&nonce=rAT0cKVhll7zTrir6VKBcvMLa47cqwrQ&litespeed_type=imgoptm HTTP/1.1" 200 0 "-" "WordPress/6.9.1; https://www.bagpackvacation.com"
162.213.253.84 - - [26/Feb/2026:07:28:05 -0500] "POST /wp-cron.php?doing_wp_cron=1772108885.2668409347534179687500 HTTP/1.1" 200 0 "-" "WordPress/6.9.1; https://www.bagpackvacation.com"
123.31.132.146 - - [26/Feb/2026:07:28:03 -0500] "GET /5-night-6-days-maldives-romantic-package/ HTTP/1.1" 200 27822 "-" "Mozilla/5.0 (X11; Linux x86_64) AppleWebKit/537.36 (KHTML, like Gecko) Chrome/41.0.2227.0 Safari/537.36"
162.213.253.84 - - [26/Feb/2026:07:28:06 -0500] "POST /wp-admin/admin-ajax.php?action=async_litespeed&nonce=r8SyRNyULwwcUWFyNzdjeApqbnP0BD0u&litespeed_type=imgoptm HTTP/1.1" 200 0 "-" "WordPress/6.9.1; https://www.bagpackvacation.com"
14.230.157.75 - - [26/Feb/2026:07:35:15 -0500] "GET /3-night-4-days-bali-loaded/ HTTP/1.1" 200 29761 "-" "Mozilla/5.0 (Macintosh; Intel Mac OS X 10_14_6) AppleWebKit/537.36 (KHTML, like Gecko) Chrome/100.0.4896.75 Safari/537.36"
162.213.253.84 - - [26/Feb/2026:07:35:17 -0500] "POST /wp-admin/admin-ajax.php?action=async_litespeed&nonce=ArwcnNXQ80TaC7aTSZr5g5mnKBzz7DoQ&litespeed_type=imgoptm HTTP/1.1" 200 0 "-" "WordPress/6.9.1; https://www.bagpackvacation.com"
162.213.253.84 - - [26/Feb/2026:07:45:02 -0500] "POST /wp-cron.php?doing_wp_cron=1772109902.2678480148315429687500 HTTP/1.1" 200 0 "-" "WordPress/6.9.1; https://www.bagpackvacation.com"
162.213.253.84 - - [26/Feb/2026:07:45:03 -0500] "POST /wp-admin/admin-ajax.php?action=async_litespeed&nonce=KnpqfE7pnfMEknfPr4CIDA4lHNcuRZHt&litespeed_type=imgoptm HTTP/1.1" 200 0 "-" "WordPress/6.9.1; https://www.bagpackvacation.com"
98.82.214.73 - - [26/Feb/2026:07:45:08 -0500] "GET /5-night-6-days-maldives-romantic-package/ HTTP/1.1" 200 27822 "-" "Mozilla/5.0 AppleWebKit/537.36 (KHTML, like Gecko; compatible; Amazonbot/0.1; +https://developer.amazon.com/support/amazonbot) Chrome/119.0.6045.214 Safari/537.36"
107.189.21.225 - - [26/Feb/2026:07:45:55 -0500] "GET /wp-content/plugins/product-blocks/assets/js/blocks-placeholder.js HTTP/1.1" 301 795 "-" "Mozilla/5.0 (Windows NT 11.0; Win64; x64) AppleWebKit/537.36 (KHTML, like Gecko) Chrome/126.0.6478.115 Safari/537.36"
107.189.21.225 - - [26/Feb/2026:07:45:56 -0500] "GET /wp-content/plugins/product-blocks/assets/js/blocks-placeholder.js HTTP/1.1" 404 18662 "-" "Mozilla/5.0 (Windows NT 11.0; Win64; x64) AppleWebKit/537.36 (KHTML, like Gecko) Chrome/126.0.6478.115 Safari/537.36"
107.189.21.225 - - [26/Feb/2026:07:45:59 -0500] "GET /wp-content/plugins/product-blocks/readme.txt HTTP/1.1" 301 795 "-" "Mozilla/5.0 (Windows NT 11.0; Win64; x64) AppleWebKit/537.36 (KHTML, like Gecko) Chrome/126.0.6478.115 Safari/537.36"
162.213.253.84 - - [26/Feb/2026:07:45:59 -0500] "POST /wp-admin/admin-ajax.php?action=async_litespeed&nonce=XgioGm0mAFu8So4SDpGCbDChJdPfMgIY&litespeed_type=imgoptm HTTP/1.1" 200 0 "-" "WordPress/6.9.1; https://www.bagpackvacation.com"
198.20.177.178 - - [26/Feb/2026:07:59:29 -0500] "GET /feed/ HTTP/1.1" 200 448 "-" "Mozilla/5.0 (X11; Linux x86_64) AppleWebKit/537.36 (KHTML, like Gecko) Chrome/143.0.0.0 Safari/537.36"
198.20.177.178 - - [26/Feb/2026:07:59:29 -0500] "GET /?rest_route=/wp/v2/users&per_page=100&_fields=slug HTTP/1.1" 200 18 "-" "Mozilla/5.0 (X11; Linux x86_64) AppleWebKit/537.36 (KHTML, like Gecko) Chrome/143.0.0.0 Safari/537.36"
198.20.177.178 - - [26/Feb/2026:07:59:29 -0500] "GET /wp-json/wp/v2/users?per_page=100&_fields=slug HTTP/1.1" 200 18 "-" "Mozilla/5.0 (X11; Linux x86_64) AppleWebKit/537.36 (KHTML, like Gecko) Chrome/143.0.0.0 Safari/537.36"
198.20.177.178 - - [26/Feb/2026:07:59:29 -0500] "GET /author-sitemap.xml HTTP/1.1" 404 18638 "-" "Mozilla/5.0 (X11; Linux x86_64) AppleWebKit/537.36 (KHTML, like Gecko) Chrome/143.0.0.0 Safari/537.36"
198.20.177.178 - - [26/Feb/2026:07:59:29 -0500] "GET /wp-sitemap-users-1.xml HTTP/1.1" 404 18634 "-" "Mozilla/5.0 (X11; Linux x86_64) AppleWebKit/537.36 (KHTML, like Gecko) Chrome/143.0.0.0 Safari/537.36"
162.213.253.84 - - [26/Feb/2026:07:59:33 -0500] "POST /wp-admin/admin-ajax.php?action=async_litespeed&nonce=65D2BVMnQAmbtg79AhtUUHecPpmYpdtx&litespeed_type=imgoptm HTTP/1.1" 200 0 "-" "WordPress/6.9.1; https://www.bagpackvacation.com"
66.116.196.26 - - [26/Feb/2026:07:59:34 -0500] "GET /author-sitemap.xml HTTP/1.1" 404 18638 "-" "Mozilla/5.0 (X11; Linux x86_64) AppleWebKit/537.36 (KHTML, like Gecko) Chrome/143.0.0.0 Safari/537.36"
46.101.96.32 - - [26/Feb/2026:07:59:35 -0500] "GET /wp-sitemap-users-1.xml HTTP/1.1" 404 18634 "-" "Mozilla/5.0 (X11; Linux x86_64) AppleWebKit/537.36 (KHTML, like Gecko) Chrome/143.0.0.0 Safari/537.36"
103.255.134.61 - - [26/Feb/2026:07:59:37 -0500] "GET /comments/feed/ HTTP/1.1" 200 407 "-" "Mozilla/5.0 (X11; Linux x86_64) AppleWebKit/537.36 (KHTML, like Gecko) Chrome/143.0.0.0 Safari/537.36"
103.255.134.61 - - [26/Feb/2026:07:59:37 -0500] "GET /wp-json/wp/v2/posts?per_page=20&_embed=author&_fields=_embedded HTTP/1.1" 200 2 "-" "Mozilla/5.0 (X11; Linux x86_64) AppleWebKit/537.36 (KHTML, like Gecko) Chrome/143.0.0.0 Safari/537.36"
103.255.134.61 - - [26/Feb/2026:07:59:37 -0500] "GET /feed/atom/ HTTP/1.1" 200 660 "-" "Mozilla/5.0 (X11; Linux x86_64) AppleWebKit/537.36 (KHTML, like Gecko) Chrome/143.0.0.0 Safari/537.36"
47.128.125.124 - - [26/Feb/2026:07:44:59 -0500] "GET /4-night-5-days-best-of-bali-package/ HTTP/1.1" 200 25610 "-" "Mozilla/5.0 (Linux; Android 5.0) AppleWebKit/537.36 (KHTML, like Gecko) Mobile Safari/537.36 (compatible; Bytespider; [email protected])"
47.128.125.124 - - [26/Feb/2026:07:45:07 -0500] "GET /wp-content/uploads/elementor/css/post-1933.css?ver=1715225840 HTTP/1.1" 200 2278 "https://www.bagpackvacation.com/4-night-5-days-best-of-bali-package/" "Mozilla/5.0 (Linux; Android 5.0) AppleWebKit/537.36 (KHTML, like Gecko) Mobile Safari/537.36 (compatible; Bytespider; [email protected])"
47.128.125.124 - - [26/Feb/2026:07:45:09 -0500] "GET /wp-content/uploads/2023/02/harry-kessell-eE2trMn-6a0-unsplash.jpg HTTP/1.1" 206 500 "https://www.bagpackvacation.com/4-night-5-days-best-of-bali-package/" "Mozilla/5.0 (Linux; Android 5.0) AppleWebKit/537.36 (KHTML, like Gecko) Mobile Safari/537.36 (compatible; Bytespider; [email protected])"
31.13.127.20 - - [26/Feb/2026:07:45:11 -0500] "GET / HTTP/1.1" 200 254363 "-" "meta-externalagent/1.1 (+https://developers.facebook.com/docs/sharing/webmasters/crawler)"
162.213.253.84 - - [26/Feb/2026:07:45:57 -0500] "POST /wp-cron.php?doing_wp_cron=1772109957.9224059581756591796875 HTTP/1.1" 200 0 "-" "WordPress/6.9.1; https://www.bagpackvacation.com"
107.189.21.225 - - [26/Feb/2026:07:46:00 -0500] "GET /wp-content/plugins/product-blocks/readme.txt HTTP/1.1" 404 18649 "-" "Mozilla/5.0 (Windows NT 11.0; Win64; x64) AppleWebKit/537.36 (KHTML, like Gecko) Chrome/126.0.6478.115 Safari/537.36"
110.249.201.50 - - [26/Feb/2026:07:53:02 -0500] "GET /robots.txt HTTP/1.1" 200 129 "-" "Mozilla/5.0 (Linux; Android 5.0) AppleWebKit/537.36 (KHTML, like Gecko) Mobile Safari/537.36 (compatible; Bytespider; https://zhanzhang.toutiao.com/)"
198.20.177.178 - - [26/Feb/2026:07:59:28 -0500] "GET / HTTP/1.1" 200 34037 "-" "Mozilla/5.0 (X11; Linux x86_64) AppleWebKit/537.36 (KHTML, like Gecko) Chrome/143.0.0.0 Safari/537.36"
162.213.253.84 - - [26/Feb/2026:07:59:32 -0500] "POST /wp-cron.php?doing_wp_cron=1772110772.6221959590911865234375 HTTP/1.1" 200 0 "-" "WordPress/6.9.1; https://www.bagpackvacation.com"
45.6.51.97 - - [26/Feb/2026:07:59:34 -0500] "GET /wp-sitemap-users-1.xml HTTP/1.1" 404 18634 "-" "Mozilla/5.0 (X11; Linux x86_64) AppleWebKit/537.36 (KHTML, like Gecko) Chrome/143.0.0.0 Safari/537.36"
57.130.20.252 - - [26/Feb/2026:07:59:35 -0500] "GET /author-sitemap.xml HTTP/1.1" 404 18638 "-" "Mozilla/5.0 (X11; Linux x86_64) AppleWebKit/537.36 (KHTML, like Gecko) Chrome/143.0.0.0 Safari/537.36"
103.255.134.61 - - [26/Feb/2026:07:59:37 -0500] "GET /wp-json/oembed/1.0/embed?url=https%3A%2F%2Fwww.bagpackvacation.com&format=json HTTP/1.1" 200 2258 "-" "Mozilla/5.0 (X11; Linux x86_64) AppleWebKit/537.36 (KHTML, like Gecko) Chrome/143.0.0.0 Safari/537.36"
66.116.196.26 - - [26/Feb/2026:07:59:43 -0500] "POST /graphql HTTP/1.1" 404 18533 "-" "Mozilla/5.0 (X11; Linux x86_64) AppleWebKit/537.36 (KHTML, like Gecko) Chrome/143.0.0.0 Safari/537.36"
41.76.213.235 - - [26/Feb/2026:07:59:46 -0500] "POST /graphql HTTP/1.1" 404 18533 "-" "Mozilla/5.0 (X11; Linux x86_64) AppleWebKit/537.36 (KHTML, like Gecko) Chrome/143.0.0.0 Safari/537.36"
69.163.140.2 - - [26/Feb/2026:07:59:49 -0500] "POST /api/graphql HTTP/1.1" 404 18553 "-" "Mozilla/5.0 (X11; Linux x86_64) AppleWebKit/537.36 (KHTML, like Gecko) Chrome/143.0.0.0 Safari/537.36"
162.213.253.84 - - [26/Feb/2026:07:59:53 -0500] "POST /wp-cron.php?doing_wp_cron=1772110793.7583711147308349609375 HTTP/1.1" 200 0 "-" "WordPress/6.9.1; https://www.bagpackvacation.com"
97.74.83.20 - - [26/Feb/2026:07:59:55 -0500] "POST /api/graphql HTTP/1.1" 404 18554 "-" "Mozilla/5.0 (X11; Linux x86_64) AppleWebKit/537.36 (KHTML, like Gecko) Chrome/143.0.0.0 Safari/537.36"
159.65.19.147 - - [26/Feb/2026:07:59:57 -0500] "GET /?author=3 HTTP/1.1" 404 18643 "-" "Mozilla/5.0 (X11; Linux x86_64) AppleWebKit/537.36 (KHTML, like Gecko) Chrome/143.0.0.0 Safari/537.36"
103.255.134.61 - - [26/Feb/2026:07:59:37 -0500] "POST /graphql HTTP/1.1" 404 18533 "-" "Mozilla/5.0 (X11; Linux x86_64) AppleWebKit/537.36 (KHTML, like Gecko) Chrome/143.0.0.0 Safari/537.36"
153.153.154.61 - - [26/Feb/2026:07:59:52 -0500] "POST /api/graphql HTTP/1.1" 404 18555 "-" "Mozilla/5.0 (X11; Linux x86_64) AppleWebKit/537.36 (KHTML, like Gecko) Chrome/143.0.0.0 Safari/537.36"
159.65.19.147 - - [26/Feb/2026:07:59:57 -0500] "GET /?author=1 HTTP/1.1" 301 0 "-" "Mozilla/5.0 (X11; Linux x86_64) AppleWebKit/537.36 (KHTML, like Gecko) Chrome/143.0.0.0 Safari/537.36"
159.65.19.147 - - [26/Feb/2026:07:59:57 -0500] "GET /wp-json/wp/v2/posts?per_page=100&_fields=author HTTP/1.1" 200 2 "-" "Mozilla/5.0 (X11; Linux x86_64) AppleWebKit/537.36 (KHTML, like Gecko) Chrome/143.0.0.0 Safari/537.36"
159.65.19.147 - - [26/Feb/2026:07:59:57 -0500] "GET /wp-json/wp/v2/pages?per_page=100&_fields=author HTTP/1.1" 200 1002 "-" "Mozilla/5.0 (X11; Linux x86_64) AppleWebKit/537.36 (KHTML, like Gecko) Chrome/143.0.0.0 Safari/537.36"
50.6.224.234 - - [26/Feb/2026:08:00:01 -0500] "GET /?author=3 HTTP/1.1" 404 18643 "-" "Mozilla/5.0 (X11; Linux x86_64) AppleWebKit/537.36 (KHTML, like Gecko) Chrome/143.0.0.0 Safari/537.36"
66.116.196.26 - - [26/Feb/2026:08:00:02 -0500] "GET /?author=2 HTTP/1.1" 404 18641 "-" "Mozilla/5.0 (X11; Linux x86_64) AppleWebKit/537.36 (KHTML, like Gecko) Chrome/143.0.0.0 Safari/537.36"
213.160.71.30 - - [26/Feb/2026:08:00:04 -0500] "GET /?author=2 HTTP/1.1" 404 18641 "-" "Mozilla/5.0 (X11; Linux x86_64) AppleWebKit/537.36 (KHTML, like Gecko) Chrome/143.0.0.0 Safari/537.36"
23.21.179.27 - - [26/Feb/2026:08:13:16 -0500] "GET /wp-json/oembed/1.0/embed?url=https://www.bagpackvacation.com/4-nights-05-days-best-holiday-package-for-malaysia/ HTTP/1.1" 200 2533 "-" "Mozilla/5.0 AppleWebKit/537.36 (KHTML, like Gecko; compatible; Amazonbot/0.1; +https://developer.amazon.com/support/amazonbot) Chrome/119.0.6045.214 Safari/537.36"
159.65.19.147 - - [26/Feb/2026:07:59:57 -0500] "GET /?author=2 HTTP/1.1" 404 18641 "-" "Mozilla/5.0 (X11; Linux x86_64) AppleWebKit/537.36 (KHTML, like Gecko) Chrome/143.0.0.0 Safari/537.36"
50.6.226.221 - - [26/Feb/2026:08:00:02 -0500] "GET /?author=3 HTTP/1.1" 404 18643 "-" "Mozilla/5.0 (X11; Linux x86_64) AppleWebKit/537.36 (KHTML, like Gecko) Chrome/143.0.0.0 Safari/537.36"
159.65.19.147 - - [26/Feb/2026:08:00:01 -0500] "GET /author/admin/ HTTP/1.1" 200 17983 "-" "Mozilla/5.0 (X11; Linux x86_64) AppleWebKit/537.36 (KHTML, like Gecko) Chrome/143.0.0.0 Safari/537.36"
162.213.253.84 - - [26/Feb/2026:08:13:18 -0500] "POST /wp-cron.php?doing_wp_cron=1772111598.0868959426879882812500 HTTP/1.1" 200 0 "-" "WordPress/6.9.1; https://www.bagpackvacation.com"
162.213.253.84 - - [26/Feb/2026:08:13:19 -0500] "POST /wp-admin/admin-ajax.php?action=async_litespeed&nonce=O2IVabn1J1hJnPXxbeTvk81DeXJll9pa&litespeed_type=imgoptm HTTP/1.1" 200 0 "-" "WordPress/6.9.1; https://www.bagpackvacation.com"
216.73.216.58 - - [26/Feb/2026:08:18:05 -0500] "GET /robots.txt HTTP/1.1" 301 795 "-" "Mozilla/5.0 AppleWebKit/537.36 (KHTML, like Gecko; compatible; ClaudeBot/1.0; [email protected])"
216.73.216.58 - - [26/Feb/2026:08:18:05 -0500] "GET /robots.txt HTTP/1.1" 200 108 "https://bagpackvacation.com/robots.txt" "Mozilla/5.0 AppleWebKit/537.36 (KHTML, like Gecko; compatible; ClaudeBot/1.0; [email protected])"
216.73.216.58 - - [26/Feb/2026:08:18:05 -0500] "GET /sitemap.xml HTTP/1.1" 301 795 "-" "Mozilla/5.0 AppleWebKit/537.36 (KHTML, like Gecko; compatible; ClaudeBot/1.0; [email protected])"
162.213.253.84 - - [26/Feb/2026:08:18:07 -0500] "POST /wp-cron.php?doing_wp_cron=1772111887.7558240890502929687500 HTTP/1.1" 200 0 "-" "WordPress/6.9.1; https://www.bagpackvacation.com"
20.78.169.245 - - [26/Feb/2026:08:18:32 -0500] "GET /.well-known/radio.php HTTP/1.1" 301 795 "-" "Mozilla/5.0 (Windows NT 10.0; Win64; x64) AppleWebKit/537.36 (KHTML, like Gecko) Chrome/120.0.0.0 Safari/537.36"
20.78.169.245 - - [26/Feb/2026:08:18:32 -0500] "GET /modules/ HTTP/1.1" 301 795 "-" "Mozilla/5.0 (Windows NT 10.0; Win64; x64) AppleWebKit/537.36 (KHTML, like Gecko) Chrome/120.0.0.0 Safari/537.36"
20.78.169.245 - - [26/Feb/2026:08:18:33 -0500] "GET /wp-includes/images/crystal/ HTTP/1.1" 301 795 "-" "Mozilla/5.0 (Windows NT 10.0; Win64; x64) AppleWebKit/537.36 (KHTML, like Gecko) Chrome/120.0.0.0 Safari/537.36"
20.78.169.245 - - [26/Feb/2026:08:18:33 -0500] "GET /admin/controller/extension/extension/ultra.php HTTP/1.1" 301 795 "-" "Mozilla/5.0 (Windows NT 10.0; Win64; x64) AppleWebKit/537.36 (KHTML, like Gecko) Chrome/120.0.0.0 Safari/537.36"
20.78.169.245 - - [26/Feb/2026:08:18:33 -0500] "GET /admin/upload/css.php HTTP/1.1" 301 795 "-" "Mozilla/5.0 (Windows NT 10.0; Win64; x64) AppleWebKit/537.36 (KHTML, like Gecko) Chrome/120.0.0.0 Safari/537.36"
20.78.169.245 - - [26/Feb/2026:08:18:33 -0500] "GET /wp-includes/Text/Diff/Engine/ HTTP/1.1" 301 795 "-" "Mozilla/5.0 (Windows NT 10.0; Win64; x64) AppleWebKit/537.36 (KHTML, like Gecko) Chrome/120.0.0.0 Safari/537.36"
20.78.169.245 - - [26/Feb/2026:08:18:34 -0500] "GET /.well-known/autoload_classmap.php HTTP/1.1" 301 795 "-" "Mozilla/5.0 (Windows NT 10.0; Win64; x64) AppleWebKit/537.36 (KHTML, like Gecko) Chrome/120.0.0.0 Safari/537.36"
20.78.169.245 - - [26/Feb/2026:08:18:34 -0500] "GET /wp-includes/style-engine/ HTTP/1.1" 301 795 "-" "Mozilla/5.0 (Windows NT 10.0; Win64; x64) AppleWebKit/537.36 (KHTML, like Gecko) Chrome/120.0.0.0 Safari/537.36"
20.78.169.245 - - [26/Feb/2026:08:18:34 -0500] "GET /sts.php HTTP/1.1" 301 795 "-" "Mozilla/5.0 (Windows NT 10.0; Win64; x64) AppleWebKit/537.36 (KHTML, like Gecko) Chrome/120.0.0.0 Safari/537.36"
20.78.169.245 - - [26/Feb/2026:08:18:34 -0500] "GET /php/ HTTP/1.1" 301 795 "-" "Mozilla/5.0 (Windows NT 10.0; Win64; x64) AppleWebKit/537.36 (KHTML, like Gecko) Chrome/120.0.0.0 Safari/537.36"
20.78.169.245 - - [26/Feb/2026:08:18:34 -0500] "GET /wp-content/uploads/chosen.php HTTP/1.1" 301 795 "-" "Mozilla/5.0 (Windows NT 10.0; Win64; x64) AppleWebKit/537.36 (KHTML, like Gecko) Chrome/120.0.0.0 Safari/537.36"
20.78.169.245 - - [26/Feb/2026:08:18:35 -0500] "GET /wp-includes/widgets/about.php HTTP/1.1" 301 795 "-" "Mozilla/5.0 (Windows NT 10.0; Win64; x64) AppleWebKit/537.36 (KHTML, like Gecko) Chrome/120.0.0.0 Safari/537.36"
20.78.169.245 - - [26/Feb/2026:08:18:35 -0500] "GET /wp-content/plugins/1rkkiu7z/autoload_classmap.php HTTP/1.1" 301 795 "-" "Mozilla/5.0 (Windows NT 10.0; Win64; x64) AppleWebKit/537.36 (KHTML, like Gecko) Chrome/120.0.0.0 Safari/537.36"
20.78.169.245 - - [26/Feb/2026:08:18:35 -0500] "GET /wp-includes/js/tinymce/plugins/fullscreen/ HTTP/1.1" 301 795 "-" "Mozilla/5.0 (Windows NT 10.0; Win64; x64) AppleWebKit/537.36 (KHTML, like Gecko) Chrome/120.0.0.0 Safari/537.36"
20.78.169.245 - - [26/Feb/2026:08:18:35 -0500] "GET /.well-known/pki-validation/feedcreator.php HTTP/1.1" 404 1251 "-" "Mozilla/5.0 (Windows NT 10.0; Win64; x64) AppleWebKit/537.36 (KHTML, like Gecko) Chrome/120.0.0.0 Safari/537.36"
216.73.216.58 - - [26/Feb/2026:08:18:05 -0500] "GET /sitemap.xml HTTP/1.1" 301 0 "https://bagpackvacation.com/sitemap.xml" "Mozilla/5.0 AppleWebKit/537.36 (KHTML, like Gecko; compatible; ClaudeBot/1.0; [email protected])"
216.73.216.58 - - [26/Feb/2026:08:18:05 -0500] "GET /wp-sitemap.xml HTTP/1.1" 404 18609 "https://www.bagpackvacation.com/sitemap.xml" "Mozilla/5.0 AppleWebKit/537.36 (KHTML, like Gecko; compatible; ClaudeBot/1.0; [email protected])"
162.213.253.84 - - [26/Feb/2026:08:18:08 -0500] "POST /wp-admin/admin-ajax.php?action=async_litespeed&nonce=hBCBrlEeqdMT6jErRQZRelXBbeMKHGJc&litespeed_type=imgoptm HTTP/1.1" 200 0 "-" "WordPress/6.9.1; https://www.bagpackvacation.com"
20.78.169.245 - - [26/Feb/2026:08:18:32 -0500] "GET / HTTP/1.1" 301 795 "-" "Mozilla/5.0 (Windows NT 10.0; Win64; x64) AppleWebKit/537.36 (KHTML, like Gecko) Chrome/120.0.0.0 Safari/537.36"
20.78.169.245 - - [26/Feb/2026:08:18:33 -0500] "GET /wp-content/plugins/kwhbgb2h/autoload_classmap.php HTTP/1.1" 301 795 "-" "Mozilla/5.0 (Windows NT 10.0; Win64; x64) AppleWebKit/537.36 (KHTML, like Gecko) Chrome/120.0.0.0 Safari/537.36"
20.78.169.245 - - [26/Feb/2026:08:18:33 -0500] "GET /makeasmtp.php HTTP/1.1" 301 795 "-" "Mozilla/5.0 (Windows NT 10.0; Win64; x64) AppleWebKit/537.36 (KHTML, like Gecko) Chrome/120.0.0.0 Safari/537.36"
20.78.169.245 - - [26/Feb/2026:08:18:33 -0500] "GET /wp-includes/Text/Diff/ HTTP/1.1" 301 795 "-" "Mozilla/5.0 (Windows NT 10.0; Win64; x64) AppleWebKit/537.36 (KHTML, like Gecko) Chrome/120.0.0.0 Safari/537.36"
20.78.169.245 - - [26/Feb/2026:08:18:33 -0500] "GET /pages.php HTTP/1.1" 301 795 "-" "Mozilla/5.0 (Windows NT 10.0; Win64; x64) AppleWebKit/537.36 (KHTML, like Gecko) Chrome/120.0.0.0 Safari/537.36"
20.78.169.245 - - [26/Feb/2026:08:18:34 -0500] "GET /alfa-rex.php7 HTTP/1.1" 301 795 "-" "Mozilla/5.0 (Windows NT 10.0; Win64; x64) AppleWebKit/537.36 (KHTML, like Gecko) Chrome/120.0.0.0 Safari/537.36"
20.78.169.245 - - [26/Feb/2026:08:18:34 -0500] "GET /wp-includes/css/ HTTP/1.1" 301 795 "-" "Mozilla/5.0 (Windows NT 10.0; Win64; x64) AppleWebKit/537.36 (KHTML, like Gecko) Chrome/120.0.0.0 Safari/537.36"
20.78.169.245 - - [26/Feb/2026:08:18:34 -0500] "GET /wp-admin/css/colors/ectoplasm/wp-login.php HTTP/1.1" 301 795 "-" "Mozilla/5.0 (Windows NT 10.0; Win64; x64) AppleWebKit/537.36 (KHTML, like Gecko) Chrome/120.0.0.0 Safari/537.36"
20.78.169.245 - - [26/Feb/2026:08:18:35 -0500] "GET /wp-content/plugins/d9j2zkkt/autoload_classmap.php HTTP/1.1" 301 795 "-" "Mozilla/5.0 (Windows NT 10.0; Win64; x64) AppleWebKit/537.36 (KHTML, like Gecko) Chrome/120.0.0.0 Safari/537.36"
20.78.169.245 - - [26/Feb/2026:08:18:35 -0500] "GET /link.php/wp-includes/Text/ HTTP/1.1" 301 795 "-" "Mozilla/5.0 (Windows NT 10.0; Win64; x64) AppleWebKit/537.36 (KHTML, like Gecko) Chrome/120.0.0.0 Safari/537.36"
20.78.169.245 - - [26/Feb/2026:08:18:36 -0500] "GET /wordpress/wp-includes/wp-config-sample.php HTTP/1.1" 301 795 "-" "Mozilla/5.0 (Windows NT 10.0; Win64; x64) AppleWebKit/537.36 (KHTML, like Gecko) Chrome/120.0.0.0 Safari/537.36"
20.78.169.245 - - [26/Feb/2026:08:18:36 -0500] "GET /wp-includes/rest-api/endpoints/ HTTP/1.1" 301 795 "-" "Mozilla/5.0 (Windows NT 10.0; Win64; x64) AppleWebKit/537.36 (KHTML, like Gecko) Chrome/120.0.0.0 Safari/537.36"
20.78.169.245 - - [26/Feb/2026:08:18:36 -0500] "GET /wp-admin/chosen.php HTTP/1.1" 301 795 "-" "Mozilla/5.0 (Windows NT 10.0; Win64; x64) AppleWebKit/537.36 (KHTML, like Gecko) Chrome/120.0.0.0 Safari/537.36"
20.78.169.245 - - [26/Feb/2026:08:18:36 -0500] "GET /akc.php HTTP/1.1" 301 795 "-" "Mozilla/5.0 (Windows NT 10.0; Win64; x64) AppleWebKit/537.36 (KHTML, like Gecko) Chrome/120.0.0.0 Safari/537.36"
20.78.169.245 - - [26/Feb/2026:08:18:37 -0500] "GET /wp-includes/Text/Diff/Engine/Engine/ HTTP/1.1" 301 795 "-" "Mozilla/5.0 (Windows NT 10.0; Win64; x64) AppleWebKit/537.36 (KHTML, like Gecko) Chrome/120.0.0.0 Safari/537.36"
20.78.169.245 - - [26/Feb/2026:08:18:35 -0500] "GET /wp-admin/network/about.php HTTP/1.1" 301 795 "-" "Mozilla/5.0 (Windows NT 10.0; Win64; x64) AppleWebKit/537.36 (KHTML, like Gecko) Chrome/120.0.0.0 Safari/537.36"
20.78.169.245 - - [26/Feb/2026:08:18:36 -0500] "GET /wp-includes/Text/about.php HTTP/1.1" 301 795 "-" "Mozilla/5.0 (Windows NT 10.0; Win64; x64) AppleWebKit/537.36 (KHTML, like Gecko) Chrome/120.0.0.0 Safari/537.36"
20.78.169.245 - - [26/Feb/2026:08:18:36 -0500] "GET /wp-content/plugins/zx0yfycm/xleet.php HTTP/1.1" 301 795 "-" "Mozilla/5.0 (Windows NT 10.0; Win64; x64) AppleWebKit/537.36 (KHTML, like Gecko) Chrome/120.0.0.0 Safari/537.36"
20.78.169.245 - - [26/Feb/2026:08:18:36 -0500] "GET /wp-content/plugins/dmf8grdl/xleet.php HTTP/1.1" 301 795 "-" "Mozilla/5.0 (Windows NT 10.0; Win64; x64) AppleWebKit/537.36 (KHTML, like Gecko) Chrome/120.0.0.0 Safari/537.36"
20.78.169.245 - - [26/Feb/2026:08:18:37 -0500] "GET /images/class-config.php HTTP/1.1" 301 795 "-" "Mozilla/5.0 (Windows NT 10.0; Win64; x64) AppleWebKit/537.36 (KHTML, like Gecko) Chrome/120.0.0.0 Safari/537.36"
20.78.169.245 - - [26/Feb/2026:08:18:37 -0500] "GET /auth.php HTTP/1.1" 301 795 "-" "Mozilla/5.0 (Windows NT 10.0; Win64; x64) AppleWebKit/537.36 (KHTML, like Gecko) Chrome/120.0.0.0 Safari/537.36"
20.78.169.245 - - [26/Feb/2026:08:18:37 -0500] "GET /h.php HTTP/1.1" 301 795 "-" "Mozilla/5.0 (Windows NT 10.0; Win64; x64) AppleWebKit/537.36 (KHTML, like Gecko) Chrome/120.0.0.0 Safari/537.36"
20.78.169.245 - - [26/Feb/2026:08:18:38 -0500] "GET //wso.php HTTP/1.1" 301 795 "-" "Mozilla/5.0 (Windows NT 10.0; Win64; x64) AppleWebKit/537.36 (KHTML, like Gecko) Chrome/120.0.0.0 Safari/537.36"
20.78.169.245 - - [26/Feb/2026:08:18:38 -0500] "GET /template/ HTTP/1.1" 301 795 "-" "Mozilla/5.0 (Windows NT 10.0; Win64; x64) AppleWebKit/537.36 (KHTML, like Gecko) Chrome/120.0.0.0 Safari/537.36"
20.78.169.245 - - [26/Feb/2026:08:18:38 -0500] "GET /bi.php HTTP/1.1" 301 795 "-" "Mozilla/5.0 (Windows NT 10.0; Win64; x64) AppleWebKit/537.36 (KHTML, like Gecko) Chrome/120.0.0.0 Safari/537.36"
20.78.169.245 - - [26/Feb/2026:08:18:38 -0500] "GET /goat.php HTTP/1.1" 301 795 "-" "Mozilla/5.0 (Windows NT 10.0; Win64; x64) AppleWebKit/537.36 (KHTML, like Gecko) Chrome/120.0.0.0 Safari/537.36"
20.78.169.245 - - [26/Feb/2026:08:18:39 -0500] "GET /alfa.php HTTP/1.1" 301 795 "-" "Mozilla/5.0 (Windows NT 10.0; Win64; x64) AppleWebKit/537.36 (KHTML, like Gecko) Chrome/120.0.0.0 Safari/537.36"
20.78.169.245 - - [26/Feb/2026:08:18:39 -0500] "GET /wp-content/plugins/t68bkokm/autoload_classmap.php HTTP/1.1" 301 795 "-" "Mozilla/5.0 (Windows NT 10.0; Win64; x64) AppleWebKit/537.36 (KHTML, like Gecko) Chrome/120.0.0.0 Safari/537.36"
20.78.169.245 - - [26/Feb/2026:08:18:39 -0500] "GET /system_log.php HTTP/1.1" 301 795 "-" "Mozilla/5.0 (Windows NT 10.0; Win64; x64) AppleWebKit/537.36 (KHTML, like Gecko) Chrome/120.0.0.0 Safari/537.36"
20.78.169.245 - - [26/Feb/2026:08:18:40 -0500] "GET /uploads/alfa-rex.php HTTP/1.1" 301 795 "-" "Mozilla/5.0 (Windows NT 10.0; Win64; x64) AppleWebKit/537.36 (KHTML, like Gecko) Chrome/120.0.0.0 Safari/537.36"
20.78.169.245 - - [26/Feb/2026:08:18:40 -0500] "GET /assets/ HTTP/1.1" 301 795 "-" "Mozilla/5.0 (Windows NT 10.0; Win64; x64) AppleWebKit/537.36 (KHTML, like Gecko) Chrome/120.0.0.0 Safari/537.36"
20.78.169.245 - - [26/Feb/2026:08:18:40 -0500] "GET /.well-known//index.php HTTP/1.1" 301 795 "-" "Mozilla/5.0 (Windows NT 10.0; Win64; x64) AppleWebKit/537.36 (KHTML, like Gecko) Chrome/120.0.0.0 Safari/537.36"
20.78.169.245 - - [26/Feb/2026:08:18:40 -0500] "GET /wp-includes/Requests/Exception/HTTP/ HTTP/1.1" 301 795 "-" "Mozilla/5.0 (Windows NT 10.0; Win64; x64) AppleWebKit/537.36 (KHTML, like Gecko) Chrome/120.0.0.0 Safari/537.36"
20.78.169.245 - - [26/Feb/2026:08:18:40 -0500] "GET /wp-content/languages/autoload_classmap.php HTTP/1.1" 301 795 "-" "Mozilla/5.0 (Windows NT 10.0; Win64; x64) AppleWebKit/537.36 (KHTML, like Gecko) Chrome/120.0.0.0 Safari/537.36"
20.78.169.245 - - [26/Feb/2026:08:18:37 -0500] "GET /wp-admin/includes/header.php HTTP/1.1" 301 795 "-" "Mozilla/5.0 (Windows NT 10.0; Win64; x64) AppleWebKit/537.36 (KHTML, like Gecko) Chrome/120.0.0.0 Safari/537.36"
20.78.169.245 - - [26/Feb/2026:08:18:37 -0500] "GET /wp-admin/js/about.php HTTP/1.1" 301 795 "-" "Mozilla/5.0 (Windows NT 10.0; Win64; x64) AppleWebKit/537.36 (KHTML, like Gecko) Chrome/120.0.0.0 Safari/537.36"
20.78.169.245 - - [26/Feb/2026:08:18:37 -0500] "GET /wp-includes/sodium_compat/src/ HTTP/1.1" 301 795 "-" "Mozilla/5.0 (Windows NT 10.0; Win64; x64) AppleWebKit/537.36 (KHTML, like Gecko) Chrome/120.0.0.0 Safari/537.36"
20.78.169.245 - - [26/Feb/2026:08:18:38 -0500] "GET /wp-includes/rest-api/fields/ HTTP/1.1" 301 795 "-" "Mozilla/5.0 (Windows NT 10.0; Win64; x64) AppleWebKit/537.36 (KHTML, like Gecko) Chrome/120.0.0.0 Safari/537.36"
20.78.169.245 - - [26/Feb/2026:08:18:38 -0500] "GET /wp-content/plugins/o3b7w1ez/autoload_classmap.php HTTP/1.1" 301 795 "-" "Mozilla/5.0 (Windows NT 10.0; Win64; x64) AppleWebKit/537.36 (KHTML, like Gecko) Chrome/120.0.0.0 Safari/537.36"
20.78.169.245 - - [26/Feb/2026:08:18:38 -0500] "GET /.well-known/pki-validation/xmrlpc.php HTTP/1.1" 404 1251 "-" "Mozilla/5.0 (Windows NT 10.0; Win64; x64) AppleWebKit/537.36 (KHTML, like Gecko) Chrome/120.0.0.0 Safari/537.36"
20.78.169.245 - - [26/Feb/2026:08:18:39 -0500] "GET /inputs.php HTTP/1.1" 301 795 "-" "Mozilla/5.0 (Windows NT 10.0; Win64; x64) AppleWebKit/537.36 (KHTML, like Gecko) Chrome/120.0.0.0 Safari/537.36"
20.78.169.245 - - [26/Feb/2026:08:18:39 -0500] "GET /wp-admin/css/colors/ectoplasm/about.php HTTP/1.1" 301 795 "-" "Mozilla/5.0 (Windows NT 10.0; Win64; x64) AppleWebKit/537.36 (KHTML, like Gecko) Chrome/120.0.0.0 Safari/537.36"
20.78.169.245 - - [26/Feb/2026:08:18:39 -0500] "GET /as.php HTTP/1.1" 301 795 "-" "Mozilla/5.0 (Windows NT 10.0; Win64; x64) AppleWebKit/537.36 (KHTML, like Gecko) Chrome/120.0.0.0 Safari/537.36"
20.78.169.245 - - [26/Feb/2026:08:18:39 -0500] "GET /wp-includes/Requests/Response/ HTTP/1.1" 301 795 "-" "Mozilla/5.0 (Windows NT 10.0; Win64; x64) AppleWebKit/537.36 (KHTML, like Gecko) Chrome/120.0.0.0 Safari/537.36"
20.78.169.245 - - [26/Feb/2026:08:18:40 -0500] "GET /2.php HTTP/1.1" 301 795 "-" "Mozilla/5.0 (Windows NT 10.0; Win64; x64) AppleWebKit/537.36 (KHTML, like Gecko) Chrome/120.0.0.0 Safari/537.36"
20.78.169.245 - - [26/Feb/2026:08:18:40 -0500] "GET /wp-admin/wp-conflg.php HTTP/1.1" 301 795 "-" "Mozilla/5.0 (Windows NT 10.0; Win64; x64) AppleWebKit/537.36 (KHTML, like Gecko) Chrome/120.0.0.0 Safari/537.36"
20.78.169.245 - - [26/Feb/2026:08:18:40 -0500] "GET /wp-includes/IXR/chosen.php HTTP/1.1" 301 795 "-" "Mozilla/5.0 (Windows NT 10.0; Win64; x64) AppleWebKit/537.36 (KHTML, like Gecko) Chrome/120.0.0.0 Safari/537.36"
20.78.169.245 - - [26/Feb/2026:08:18:41 -0500] "GET /autoload_classmap/function.php HTTP/1.1" 301 795 "-" "Mozilla/5.0 (Windows NT 10.0; Win64; x64) AppleWebKit/537.36 (KHTML, like Gecko) Chrome/120.0.0.0 Safari/537.36"
20.78.169.245 - - [26/Feb/2026:08:18:41 -0500] "GET /wp-includes/SimplePie/Content/ HTTP/1.1" 301 795 "-" "Mozilla/5.0 (Windows NT 10.0; Win64; x64) AppleWebKit/537.36 (KHTML, like Gecko) Chrome/120.0.0.0 Safari/537.36"
20.78.169.245 - - [26/Feb/2026:08:18:41 -0500] "GET /wp-admin/images/moon.php HTTP/1.1" 301 795 "-" "Mozilla/5.0 (Windows NT 10.0; Win64; x64) AppleWebKit/537.36 (KHTML, like Gecko) Chrome/120.0.0.0 Safari/537.36"
20.78.169.245 - - [26/Feb/2026:08:18:41 -0500] "GET /wp-content/plugins/26zjegzp/autoload_classmap.php HTTP/1.1" 301 795 "-" "Mozilla/5.0 (Windows NT 10.0; Win64; x64) AppleWebKit/537.36 (KHTML, like Gecko) Chrome/120.0.0.0 Safari/537.36"
20.78.169.245 - - [26/Feb/2026:08:18:41 -0500] "GET /wp-admin/maint/autoload_classmap.php HTTP/1.1" 301 795 "-" "Mozilla/5.0 (Windows NT 10.0; Win64; x64) AppleWebKit/537.36 (KHTML, like Gecko) Chrome/120.0.0.0 Safari/537.36"
20.78.169.245 - - [26/Feb/2026:08:18:42 -0500] "GET /aleXus.php HTTP/1.1" 301 795 "-" "Mozilla/5.0 (Windows NT 10.0; Win64; x64) AppleWebKit/537.36 (KHTML, like Gecko) Chrome/120.0.0.0 Safari/537.36"
20.78.169.245 - - [26/Feb/2026:08:18:42 -0500] "GET /wp-admin/network/post.php HTTP/1.1" 301 795 "-" "Mozilla/5.0 (Windows NT 10.0; Win64; x64) AppleWebKit/537.36 (KHTML, like Gecko) Chrome/120.0.0.0 Safari/537.36"
20.78.169.245 - - [26/Feb/2026:08:18:42 -0500] "GET /wp-content/uploads/ HTTP/1.1" 301 795 "-" "Mozilla/5.0 (Windows NT 10.0; Win64; x64) AppleWebKit/537.36 (KHTML, like Gecko) Chrome/120.0.0.0 Safari/537.36"
20.78.169.245 - - [26/Feb/2026:08:18:42 -0500] "GET /embed.php HTTP/1.1" 301 795 "-" "Mozilla/5.0 (Windows NT 10.0; Win64; x64) AppleWebKit/537.36 (KHTML, like Gecko) Chrome/120.0.0.0 Safari/537.36"
20.78.169.245 - - [26/Feb/2026:08:18:43 -0500] "GET /wp-content/plugins/up/main.php HTTP/1.1" 301 795 "-" "Mozilla/5.0 (Windows NT 10.0; Win64; x64) AppleWebKit/537.36 (KHTML, like Gecko) Chrome/120.0.0.0 Safari/537.36"
20.78.169.245 - - [26/Feb/2026:08:18:43 -0500] "GET /wp-content/plugins/t0qkwnsf/xleet.php HTTP/1.1" 301 795 "-" "Mozilla/5.0 (Windows NT 10.0; Win64; x64) AppleWebKit/537.36 (KHTML, like Gecko) Chrome/120.0.0.0 Safari/537.36"
20.78.169.245 - - [26/Feb/2026:08:18:43 -0500] "GET /1.php HTTP/1.1" 301 795 "-" "Mozilla/5.0 (Windows NT 10.0; Win64; x64) AppleWebKit/537.36 (KHTML, like Gecko) Chrome/120.0.0.0 Safari/537.36"
20.78.169.245 - - [26/Feb/2026:08:18:43 -0500] "GET /cloud.php HTTP/1.1" 301 795 "-" "Mozilla/5.0 (Windows NT 10.0; Win64; x64) AppleWebKit/537.36 (KHTML, like Gecko) Chrome/120.0.0.0 Safari/537.36"
20.78.169.245 - - [26/Feb/2026:08:18:43 -0500] "GET /wp-includes/ HTTP/1.1" 301 795 "-" "Mozilla/5.0 (Windows NT 10.0; Win64; x64) AppleWebKit/537.36 (KHTML, like Gecko) Chrome/120.0.0.0 Safari/537.36"
20.78.169.245 - - [26/Feb/2026:08:18:43 -0500] "GET /gelay.php HTTP/1.1" 301 795 "-" "Mozilla/5.0 (Windows NT 10.0; Win64; x64) AppleWebKit/537.36 (KHTML, like Gecko) Chrome/120.0.0.0 Safari/537.36"
20.78.169.245 - - [26/Feb/2026:08:18:44 -0500] "GET /.well-known/in HTTP/1.1" 301 795 "-" "Mozilla/5.0 (Windows NT 10.0; Win64; x64) AppleWebKit/537.36 (KHTML, like Gecko) Chrome/120.0.0.0 Safari/537.36"
20.78.169.245 - - [26/Feb/2026:08:18:41 -0500] "GET /aa.php HTTP/1.1" 301 795 "-" "Mozilla/5.0 (Windows NT 10.0; Win64; x64) AppleWebKit/537.36 (KHTML, like Gecko) Chrome/120.0.0.0 Safari/537.36"
20.78.169.245 - - [26/Feb/2026:08:18:41 -0500] "GET /wp-content/plugins/phpad/acp.php HTTP/1.1" 301 795 "-" "Mozilla/5.0 (Windows NT 10.0; Win64; x64) AppleWebKit/537.36 (KHTML, like Gecko) Chrome/120.0.0.0 Safari/537.36"
20.78.169.245 - - [26/Feb/2026:08:18:42 -0500] "GET /wp-includes/css/dist/ HTTP/1.1" 301 795 "-" "Mozilla/5.0 (Windows NT 10.0; Win64; x64) AppleWebKit/537.36 (KHTML, like Gecko) Chrome/120.0.0.0 Safari/537.36"
20.78.169.245 - - [26/Feb/2026:08:18:42 -0500] "GET /wp-includes/SimplePie/Decode/HTML/ HTTP/1.1" 301 795 "-" "Mozilla/5.0 (Windows NT 10.0; Win64; x64) AppleWebKit/537.36 (KHTML, like Gecko) Chrome/120.0.0.0 Safari/537.36"
20.78.169.245 - - [26/Feb/2026:08:18:42 -0500] "GET /wp-includes/images/about.php HTTP/1.1" 301 795 "-" "Mozilla/5.0 (Windows NT 10.0; Win64; x64) AppleWebKit/537.36 (KHTML, like Gecko) Chrome/120.0.0.0 Safari/537.36"
20.78.169.245 - - [26/Feb/2026:08:18:42 -0500] "GET /atomlib.php HTTP/1.1" 301 795 "-" "Mozilla/5.0 (Windows NT 10.0; Win64; x64) AppleWebKit/537.36 (KHTML, like Gecko) Chrome/120.0.0.0 Safari/537.36"
20.78.169.245 - - [26/Feb/2026:08:18:43 -0500] "GET /file5.php HTTP/1.1" 301 795 "-" "Mozilla/5.0 (Windows NT 10.0; Win64; x64) AppleWebKit/537.36 (KHTML, like Gecko) Chrome/120.0.0.0 Safari/537.36"
20.78.169.245 - - [26/Feb/2026:08:18:43 -0500] "GET /error.php HTTP/1.1" 301 795 "-" "Mozilla/5.0 (Windows NT 10.0; Win64; x64) AppleWebKit/537.36 (KHTML, like Gecko) Chrome/120.0.0.0 Safari/537.36"
20.78.169.245 - - [26/Feb/2026:08:18:44 -0500] "GET /wp-includes/images/media/autoload_classmap.php HTTP/1.1" 301 795 "-" "Mozilla/5.0 (Windows NT 10.0; Win64; x64) AppleWebKit/537.36 (KHTML, like Gecko) Chrome/120.0.0.0 Safari/537.36"
20.78.169.245 - - [26/Feb/2026:08:18:44 -0500] "GET /admin/controller/extension/extension/ HTTP/1.1" 301 795 "-" "Mozilla/5.0 (Windows NT 10.0; Win64; x64) AppleWebKit/537.36 (KHTML, like Gecko) Chrome/120.0.0.0 Safari/537.36"
20.78.169.245 - - [26/Feb/2026:08:18:44 -0500] "GET /catalog/ HTTP/1.1" 301 795 "-" "Mozilla/5.0 (Windows NT 10.0; Win64; x64) AppleWebKit/537.36 (KHTML, like Gecko) Chrome/120.0.0.0 Safari/537.36"
212.47.70.96 - - [26/Feb/2026:08:20:14 -0500] "GET /wp-login.php HTTP/1.1" 301 795 "-" "Mozilla/5.0 (Windows NT 6.3; WOW64; Trident/7.0; Touch; MALNJS; rv:11.0) like Gecko"
212.47.70.96 - - [26/Feb/2026:08:20:16 -0500] "GET /wp-login.php HTTP/1.1" 200 1797 "https://bagpackvacation.com/wp-login.php" "Mozilla/5.0 (Windows NT 6.3; WOW64; Trident/7.0; Touch; MALNJS; rv:11.0) like Gecko"
212.47.70.96 - - [26/Feb/2026:08:20:17 -0500] "POST /wp-login.php HTTP/1.1" 301 795 "https://bagpackvacation.com/wp-login.php" "Mozilla/5.0 (Windows NT 6.3; WOW64; Trident/7.0; Touch; MALNJS; rv:11.0) like Gecko"
212.47.70.96 - - [26/Feb/2026:08:20:17 -0500] "GET /wp-login.php HTTP/1.1" 200 1797 "https://bagpackvacation.com/wp-login.php" "Mozilla/5.0 (Windows NT 6.3; WOW64; Trident/7.0; Touch; MALNJS; rv:11.0) like Gecko"
37.187.75.30 - - [26/Feb/2026:08:38:13 -0500] "GET /wp-login.php HTTP/1.1" 200 1797 "https://bagpackvacation.com/wp-login.php" "Mozilla/5.0 (Windows NT 6.1; WOW64; Trident/7.0; yie10; rv:11.0) like Gecko"
37.187.75.30 - - [26/Feb/2026:08:38:22 -0500] "GET /wp-login.php HTTP/1.1" 301 795 "-" "Mozilla/5.0 (Windows NT 6.1; WOW64; Trident/7.0; yie10; rv:11.0) like Gecko"
37.187.75.30 - - [26/Feb/2026:08:38:46 -0500] "GET /wp-login.php HTTP/1.1" 301 795 "-" "Mozilla/5.0 (Windows NT 6.1; WOW64; Trident/7.0; yie10; rv:11.0) like Gecko"
49.51.180.2 - - [26/Feb/2026:08:34:21 -0500] "GET / HTTP/1.1" 200 40195 "http://bagpackvacation.com" "Mozilla/5.0 (iPhone; CPU iPhone OS 13_2_3 like Mac OS X) AppleWebKit/605.1.15 (KHTML, like Gecko) Version/13.0.3 Mobile/15E148 Safari/604.1"
37.187.75.30 - - [26/Feb/2026:08:38:03 -0500] "GET /wp-login.php HTTP/1.1" 301 795 "-" "Mozilla/5.0 (Windows NT 6.1; WOW64; Trident/7.0; yie10; rv:11.0) like Gecko"
37.187.75.30 - - [26/Feb/2026:08:38:34 -0500] "GET /wp-login.php HTTP/1.1" 200 1797 "https://bagpackvacation.com/wp-login.php" "Mozilla/5.0 (Windows NT 6.1; WOW64; Trident/7.0; yie10; rv:11.0) like Gecko"
194.26.192.20 - - [26/Feb/2026:08:45:54 -0500] "GET /.env HTTP/1.1" 301 795 "-" "Mozilla/5.0 (X11; Linux x86_64) AppleWebKit/537.36 (KHTML, like Gecko) Chrome/81.0.4044.129 Safari/537.36"
194.26.192.20 - - [26/Feb/2026:08:45:54 -0500] "POST / HTTP/1.1" 301 795 "-" "Mozilla/5.0 (X11; Linux x86_64) AppleWebKit/537.36 (KHTML, like Gecko) Chrome/81.0.4044.129 Safari/537.36"
103.154.176.224 - - [26/Feb/2026:08:50:44 -0500] "GET /wp-login.php HTTP/1.1" 301 795 "-" "Mozilla/5.0 (Windows NT 6.2; Win64; x64) AppleWebKit/537.36 (KHTML, like Gecko) Chrome/52.0.2743.116 Safari/537.36 Edge/15.15063"
103.154.176.224 - - [26/Feb/2026:08:50:53 -0500] "GET /wp-login.php HTTP/1.1" 200 1797 "https://bagpackvacation.com/wp-login.php" "Mozilla/5.0 (Windows NT 6.2; Win64; x64) AppleWebKit/537.36 (KHTML, like Gecko) Chrome/52.0.2743.116 Safari/537.36 Edge/15.15063"
103.154.176.224 - - [26/Feb/2026:08:51:17 -0500] "GET /wp-login.php HTTP/1.1" 200 1797 "https://bagpackvacation.com/wp-login.php" "Mozilla/5.0 (Windows NT 6.2; Win64; x64) AppleWebKit/537.36 (KHTML, like Gecko) Chrome/52.0.2743.116 Safari/537.36 Edge/15.15063"
162.213.253.84 - - [26/Feb/2026:08:56:20 -0500] "POST /wp-cron.php?doing_wp_cron=1772114180.2707259654998779296875 HTTP/1.1" 200 0 "-" "WordPress/6.9.1; https://www.bagpackvacation.com"
103.154.176.224 - - [26/Feb/2026:08:51:09 -0500] "GET /wp-login.php HTTP/1.1" 301 795 "-" "Mozilla/5.0 (Windows NT 6.2; Win64; x64) AppleWebKit/537.36 (KHTML, like Gecko) Chrome/52.0.2743.116 Safari/537.36 Edge/15.15063"
103.154.176.224 - - [26/Feb/2026:08:51:26 -0500] "GET /wp-login.php HTTP/1.1" 301 795 "-" "Mozilla/5.0 (Windows NT 6.2; Win64; x64) AppleWebKit/537.36 (KHTML, like Gecko) Chrome/52.0.2743.116 Safari/537.36 Edge/15.15063"
177.85.21.163 - - [26/Feb/2026:08:56:17 -0500] "POST /xmlrpc.php HTTP/1.1" 301 795 "-" "Mozilla/5.0 (Macintosh; Intel Mac OS X 10_15_7; x86) AppleWebKit/537.36 (KHTML, like Gecko) Safari/10.0.0.0 Safari/537.36"
177.85.21.163 - - [26/Feb/2026:08:56:18 -0500] "GET /xmlrpc.php HTTP/1.1" 405 42 "-" "Mozilla/5.0 (Macintosh; Intel Mac OS X 10_15_7; x86) AppleWebKit/537.36 (KHTML, like Gecko) Safari/10.0.0.0 Safari/537.36"
162.213.253.84 - - [26/Feb/2026:08:56:21 -0500] "POST /wp-admin/admin-ajax.php?action=async_litespeed&nonce=UzWJqEmUEM7AvQRQxnebqFshYVbvnn1s&litespeed_type=imgoptm HTTP/1.1" 200 0 "-" "WordPress/6.9.1; https://www.bagpackvacation.com"
162.213.253.84 - - [26/Feb/2026:08:56:22 -0500] "POST /wp-admin/admin-ajax.php?action=wp_1_wc_privacy_cleanup&nonce=cc0b8fd481 HTTP/1.1" 200 0 "-" "WordPress/6.9.1; https://www.bagpackvacation.com"
51.195.5.200 - - [26/Feb/2026:09:04:31 -0500] "POST /wp-login.php HTTP/1.1" 301 795 "https://bagpackvacation.com/wp-login.php" "Mozilla/5.0 (Windows NT 6.1) AppleWebKit/537.36 (KHTML, like Gecko) Chrome/66.0.3359.117 Safari/537.36"
51.195.5.200 - - [26/Feb/2026:09:04:32 -0500] "GET /wp-login.php HTTP/1.1" 200 1797 "https://bagpackvacation.com/wp-login.php" "Mozilla/5.0 (Windows NT 6.1) AppleWebKit/537.36 (KHTML, like Gecko) Chrome/66.0.3359.117 Safari/537.36"
63.250.47.43 - - [26/Feb/2026:09:13:46 -0500] "GET /wp-login.php HTTP/1.1" 301 795 "-" "Mozilla/5.0 (Windows NT 6.3; WOW64; rv:60.0) Gecko/20100101 Firefox/60.0"
63.250.47.43 - - [26/Feb/2026:09:13:47 -0500] "POST /wp-login.php HTTP/1.1" 301 795 "https://bagpackvacation.com/wp-login.php" "Mozilla/5.0 (Windows NT 6.3; WOW64; rv:60.0) Gecko/20100101 Firefox/60.0"
63.250.47.43 - - [26/Feb/2026:09:13:47 -0500] "GET /wp-login.php HTTP/1.1" 200 1797 "https://bagpackvacation.com/wp-login.php" "Mozilla/5.0 (Windows NT 6.3; WOW64; rv:60.0) Gecko/20100101 Firefox/60.0"
