34.127.40.27 - - [26/Feb/2026:19:48:18 -0500] "HEAD /backup/ HTTP/1.1" 404 0 "http://bagpackvacation.com/backup/" "Mozilla/5.0 (Linux; U; Android 10; en-US; CPH2015) AppleWebKit/537.36 (KHTML, like Gecko) UCBrowser/13.5.8.1311 Mobile Safari/537.36"
34.127.40.27 - - [26/Feb/2026:19:48:19 -0500] "HEAD /wp/ HTTP/1.1" 404 0 "http://bagpackvacation.com/wp/" "Mozilla/5.0 (Linux; Android 12; TECNO CK6n) AppleWebKit/537.36 (KHTML, like Gecko) Chrome/125.0.6422.50 Mobile Safari/537.36"
34.127.40.27 - - [26/Feb/2026:19:48:22 -0500] "HEAD / HTTP/1.1" 200 0 "http://bagpackvacation.com/" "Mozilla/5.0 (iPad; CPU OS 17_4 like Mac OS X) AppleWebKit/605.1.15 (KHTML, like Gecko) Version/17.4 Mobile/15E148 Safari/604.1"
173.252.87.13 - - [26/Feb/2026:19:51:57 -0500] "GET / HTTP/1.1" 200 254363 "-" "facebookexternalhit/1.1 (+http://www.facebook.com/externalhit_uatext.php)"
69.171.234.14 - - [26/Feb/2026:19:51:58 -0500] "GET / HTTP/1.1" 200 254363 "-" "facebookexternalhit/1.1 (+http://www.facebook.com/externalhit_uatext.php)"
43.153.123.3 - - [26/Feb/2026:19:58:42 -0500] "GET / HTTP/1.1" 200 40195 "http://www.bagpackvacation.com" "Mozilla/5.0 (iPhone; CPU iPhone OS 13_2_3 like Mac OS X) AppleWebKit/605.1.15 (KHTML, like Gecko) Version/13.0.3 Mobile/15E148 Safari/604.1"
162.213.253.84 - - [26/Feb/2026:19:58:43 -0500] "POST /wp-admin/admin-ajax.php?action=async_litespeed&nonce=Hw3aacydI3ww8kcpgSMpV1Pnx7abhPf2&litespeed_type=imgoptm HTTP/1.1" 200 0 "-" "WordPress/6.9.1; https://www.bagpackvacation.com"
173.252.83.4 - - [26/Feb/2026:19:51:57 -0500] "GET / HTTP/1.1" 200 254363 "-" "facebookexternalhit/1.1 (+http://www.facebook.com/externalhit_uatext.php)"
162.213.253.84 - - [26/Feb/2026:19:51:58 -0500] "POST /wp-admin/admin-ajax.php?action=async_litespeed&nonce=ynYnW8eKQa8jug1goQsM1fIGKWyeCC0i&litespeed_type=imgoptm HTTP/1.1" 200 0 "-" "WordPress/6.9.1; https://www.bagpackvacation.com"
31.13.127.57 - - [26/Feb/2026:19:51:59 -0500] "GET / HTTP/1.1" 200 254363 "-" "facebookexternalhit/1.1 (+http://www.facebook.com/externalhit_uatext.php)"
114.119.150.6 - - [26/Feb/2026:20:01:42 -0500] "GET /wp-content/uploads/2023/03/beach-g5382e7f85_640.jpg HTTP/1.1" 200 88641 "https://www.bagpackvacation.com/location/maldives" "Mozilla/5.0 (Linux; Android 7.0;) AppleWebKit/537.36 (KHTML, like Gecko) Mobile Safari/537.36 (compatible; PetalBot;+https://webmaster.petalsearch.com/site/petalbot)"
162.213.253.84 - - [26/Feb/2026:20:09:47 -0500] "POST /wp-cron.php?doing_wp_cron=1772154587.2488069534301757812500 HTTP/1.1" 200 0 "-" "WordPress/6.9.1; https://www.bagpackvacation.com"
91.92.242.178 - - [26/Feb/2026:20:09:45 -0500] "GET /wp-content/plugins/fix/up.php HTTP/1.1" 404 18647 "-" "Mozilla/5.0 (Linux; Android 7.0; SM-G892A Build/NRD90M; wv) AppleWebKit/537.36 (KHTML, Gecko) Version/4.0 Chrome/60.0.3112.107 Mobile Safari/537.36"
91.92.242.178 - - [26/Feb/2026:20:09:48 -0500] "GET /wp-content/index.php HTTP/1.1" 301 795 "-" "Mozilla/5.0 (Linux; Android 7.0; SM-G892A Build/NRD90M; wv) AppleWebKit/537.36 (KHTML, Gecko) Version/4.0 Chrome/60.0.3112.107 Mobile Safari/537.36"
91.92.242.178 - - [26/Feb/2026:20:09:49 -0500] "GET /wp-content/index.php HTTP/1.1" 200 0 "-" "Mozilla/5.0 (Linux; Android 7.0; SM-G892A Build/NRD90M; wv) AppleWebKit/537.36 (KHTML, Gecko) Version/4.0 Chrome/60.0.3112.107 Mobile Safari/537.36"
162.213.253.84 - - [26/Feb/2026:20:09:48 -0500] "POST /wp-admin/admin-ajax.php?action=async_litespeed&nonce=lLTjjYwQLasIOIBaASE0xRVbOKbG6usM&litespeed_type=imgoptm HTTP/1.1" 200 0 "-" "WordPress/6.9.1; https://www.bagpackvacation.com"
91.92.242.178 - - [26/Feb/2026:20:09:50 -0500] "GET /autoload_classmap.php HTTP/1.1" 301 795 "-" "Mozilla/5.0 (Linux; Android 7.0; SM-G892A Build/NRD90M; wv) AppleWebKit/537.36 (KHTML, Gecko) Version/4.0 Chrome/60.0.3112.107 Mobile Safari/537.36"
209.126.12.65 - - [26/Feb/2026:20:09:52 -0500] "GET /wp-login.php HTTP/1.1" 301 795 "-" "Mozilla/5.0 (compatible; MSIE 10.0; Windows NT 6.2; Trident/7.0)"
209.126.12.65 - - [26/Feb/2026:20:09:54 -0500] "GET /wp-login.php HTTP/1.1" 200 1797 "https://bagpackvacation.com/wp-login.php" "Mozilla/5.0 (compatible; MSIE 10.0; Windows NT 6.2; Trident/7.0)"
91.92.242.178 - - [26/Feb/2026:20:09:55 -0500] "GET /wp-content/plugins/pwnd/pwnd.php HTTP/1.1" 404 18639 "-" "Mozilla/5.0 (Linux; Android 7.0; SM-G892A Build/NRD90M; wv) AppleWebKit/537.36 (KHTML, Gecko) Version/4.0 Chrome/60.0.3112.107 Mobile Safari/537.36"
91.92.242.178 - - [26/Feb/2026:20:09:57 -0500] "GET /wp-content/plugins/pwnd-1/pwnd.php HTTP/1.1" 301 795 "-" "Mozilla/5.0 (Linux; Android 7.0; SM-G892A Build/NRD90M; wv) AppleWebKit/537.36 (KHTML, Gecko) Version/4.0 Chrome/60.0.3112.107 Mobile Safari/537.36"
91.92.242.178 - - [26/Feb/2026:20:10:00 -0500] "GET /wp-content/plugins/pwnd-1/pwnd.php HTTP/1.1" 404 18629 "-" "Mozilla/5.0 (Linux; Android 7.0; SM-G892A Build/NRD90M; wv) AppleWebKit/537.36 (KHTML, Gecko) Version/4.0 Chrome/60.0.3112.107 Mobile Safari/537.36"
162.213.253.84 - - [26/Feb/2026:20:10:07 -0500] "POST /wp-cron.php?doing_wp_cron=1772154607.3019950389862060546875 HTTP/1.1" 200 0 "-" "WordPress/6.9.1; https://www.bagpackvacation.com"
91.92.242.178 - - [26/Feb/2026:20:10:08 -0500] "GET /worksec.php HTTP/1.1" 301 795 "-" "Mozilla/5.0 (Linux; Android 7.0; SM-G892A Build/NRD90M; wv) AppleWebKit/537.36 (KHTML, Gecko) Version/4.0 Chrome/60.0.3112.107 Mobile Safari/537.36"
91.92.242.178 - - [26/Feb/2026:20:10:09 -0500] "GET /worksec.php HTTP/1.1" 404 18599 "-" "Mozilla/5.0 (Linux; Android 7.0; SM-G892A Build/NRD90M; wv) AppleWebKit/537.36 (KHTML, Gecko) Version/4.0 Chrome/60.0.3112.107 Mobile Safari/537.36"
91.92.242.178 - - [26/Feb/2026:20:10:12 -0500] "GET /wp-content/worksec.php HTTP/1.1" 301 795 "-" "Mozilla/5.0 (Linux; Android 7.0; SM-G892A Build/NRD90M; wv) AppleWebKit/537.36 (KHTML, Gecko) Version/4.0 Chrome/60.0.3112.107 Mobile Safari/537.36"
91.92.242.178 - - [26/Feb/2026:20:10:12 -0500] "GET /wp-content/worksec.php HTTP/1.1" 404 18619 "-" "Mozilla/5.0 (Linux; Android 7.0; SM-G892A Build/NRD90M; wv) AppleWebKit/537.36 (KHTML, Gecko) Version/4.0 Chrome/60.0.3112.107 Mobile Safari/537.36"
91.92.242.178 - - [26/Feb/2026:20:10:21 -0500] "GET /wp-content/cache/index.php HTTP/1.1" 301 0 "-" "Mozilla/5.0 (Linux; Android 7.0; SM-G892A Build/NRD90M; wv) AppleWebKit/537.36 (KHTML, Gecko) Version/4.0 Chrome/60.0.3112.107 Mobile Safari/537.36"
91.92.242.178 - - [26/Feb/2026:20:09:43 -0500] "GET /wp-content/plugins/fix/up.php HTTP/1.1" 301 795 "-" "Mozilla/5.0 (Linux; Android 7.0; SM-G892A Build/NRD90M; wv) AppleWebKit/537.36 (KHTML, Gecko) Version/4.0 Chrome/60.0.3112.107 Mobile Safari/537.36"
162.213.253.84 - - [26/Feb/2026:20:09:52 -0500] "POST /wp-cron.php?doing_wp_cron=1772154592.6068120002746582031250 HTTP/1.1" 200 0 "-" "WordPress/6.9.1; https://www.bagpackvacation.com"
91.92.242.178 - - [26/Feb/2026:20:09:50 -0500] "GET /autoload_classmap.php HTTP/1.1" 404 18637 "-" "Mozilla/5.0 (Linux; Android 7.0; SM-G892A Build/NRD90M; wv) AppleWebKit/537.36 (KHTML, Gecko) Version/4.0 Chrome/60.0.3112.107 Mobile Safari/537.36"
91.92.242.178 - - [26/Feb/2026:20:09:54 -0500] "GET /wp-content/plugins/pwnd/pwnd.php HTTP/1.1" 301 795 "-" "Mozilla/5.0 (Linux; Android 7.0; SM-G892A Build/NRD90M; wv) AppleWebKit/537.36 (KHTML, Gecko) Version/4.0 Chrome/60.0.3112.107 Mobile Safari/537.36"
209.126.12.65 - - [26/Feb/2026:20:09:54 -0500] "POST /wp-login.php HTTP/1.1" 301 795 "https://bagpackvacation.com/wp-login.php" "Mozilla/5.0 (compatible; MSIE 10.0; Windows NT 6.2; Trident/7.0)"
209.126.12.65 - - [26/Feb/2026:20:09:55 -0500] "GET /wp-login.php HTTP/1.1" 200 1797 "https://bagpackvacation.com/wp-login.php" "Mozilla/5.0 (compatible; MSIE 10.0; Windows NT 6.2; Trident/7.0)"
91.92.242.178 - - [26/Feb/2026:20:10:03 -0500] "GET /wp-content/plugins/simple/simple.php HTTP/1.1" 301 795 "-" "Mozilla/5.0 (Linux; Android 7.0; SM-G892A Build/NRD90M; wv) AppleWebKit/537.36 (KHTML, Gecko) Version/4.0 Chrome/60.0.3112.107 Mobile Safari/537.36"
91.92.242.178 - - [26/Feb/2026:20:10:04 -0500] "GET /wp-content/plugins/simple/simple.php HTTP/1.1" 404 18617 "-" "Mozilla/5.0 (Linux; Android 7.0; SM-G892A Build/NRD90M; wv) AppleWebKit/537.36 (KHTML, Gecko) Version/4.0 Chrome/60.0.3112.107 Mobile Safari/537.36"
91.92.242.178 - - [26/Feb/2026:20:10:15 -0500] "GET /wp-content/cache/index.php HTTP/1.1" 301 795 "-" "Mozilla/5.0 (Linux; Android 7.0; SM-G892A Build/NRD90M; wv) AppleWebKit/537.36 (KHTML, Gecko) Version/4.0 Chrome/60.0.3112.107 Mobile Safari/537.36"
91.92.242.178 - - [26/Feb/2026:20:10:25 -0500] "GET /wp-content/index.php HTTP/1.1" 301 795 "-" "Mozilla/5.0 (Linux; Android 7.0; SM-G892A Build/NRD90M; wv) AppleWebKit/537.36 (KHTML, Gecko) Version/4.0 Chrome/60.0.3112.107 Mobile Safari/537.36"
91.92.242.178 - - [26/Feb/2026:20:10:26 -0500] "GET /wp-content/index.php HTTP/1.1" 200 0 "-" "Mozilla/5.0 (Linux; Android 7.0; SM-G892A Build/NRD90M; wv) AppleWebKit/537.36 (KHTML, Gecko) Version/4.0 Chrome/60.0.3112.107 Mobile Safari/537.36"
91.92.242.178 - - [26/Feb/2026:20:10:26 -0500] "GET /wp-content/languages/index.php HTTP/1.1" 301 795 "-" "Mozilla/5.0 (Linux; Android 7.0; SM-G892A Build/NRD90M; wv) AppleWebKit/537.36 (KHTML, Gecko) Version/4.0 Chrome/60.0.3112.107 Mobile Safari/537.36"
91.92.242.178 - - [26/Feb/2026:20:10:27 -0500] "GET /wp-content/languages/index.php HTTP/1.1" 301 0 "-" "Mozilla/5.0 (Linux; Android 7.0; SM-G892A Build/NRD90M; wv) AppleWebKit/537.36 (KHTML, Gecko) Version/4.0 Chrome/60.0.3112.107 Mobile Safari/537.36"
91.92.242.178 - - [26/Feb/2026:20:10:29 -0500] "GET /wp-content/languages/ HTTP/1.1" 404 18624 "-" "Mozilla/5.0 (Linux; Android 7.0; SM-G892A Build/NRD90M; wv) AppleWebKit/537.36 (KHTML, Gecko) Version/4.0 Chrome/60.0.3112.107 Mobile Safari/537.36"
162.213.253.84 - - [26/Feb/2026:20:10:31 -0500] "POST /wp-admin/admin-ajax.php?action=async_litespeed&nonce=o5iKHhMaOME4kWGzaBWM01TeSCOUwFT7&litespeed_type=imgoptm HTTP/1.1" 200 0 "-" "WordPress/6.9.1; https://www.bagpackvacation.com"
91.92.242.178 - - [26/Feb/2026:20:10:32 -0500] "GET /wp-content/plugins/index.php HTTP/1.1" 200 0 "-" "Mozilla/5.0 (Linux; Android 7.0; SM-G892A Build/NRD90M; wv) AppleWebKit/537.36 (KHTML, Gecko) Version/4.0 Chrome/60.0.3112.107 Mobile Safari/537.36"
91.92.242.178 - - [26/Feb/2026:20:10:22 -0500] "GET /wp-content/cache/ HTTP/1.1" 404 18632 "-" "Mozilla/5.0 (Linux; Android 7.0; SM-G892A Build/NRD90M; wv) AppleWebKit/537.36 (KHTML, Gecko) Version/4.0 Chrome/60.0.3112.107 Mobile Safari/537.36"
162.213.253.84 - - [26/Feb/2026:20:10:30 -0500] "POST /wp-cron.php?doing_wp_cron=1772154630.4198091030120849609375 HTTP/1.1" 200 0 "-" "WordPress/6.9.1; https://www.bagpackvacation.com"
91.92.242.178 - - [26/Feb/2026:20:10:31 -0500] "GET /wp-content/plugins/index.php HTTP/1.1" 301 795 "-" "Mozilla/5.0 (Linux; Android 7.0; SM-G892A Build/NRD90M; wv) AppleWebKit/537.36 (KHTML, Gecko) Version/4.0 Chrome/60.0.3112.107 Mobile Safari/537.36"
91.92.242.178 - - [26/Feb/2026:20:10:33 -0500] "GET /wp-content/themes/index.php HTTP/1.1" 301 795 "-" "Mozilla/5.0 (Linux; Android 7.0; SM-G892A Build/NRD90M; wv) AppleWebKit/537.36 (KHTML, Gecko) Version/4.0 Chrome/60.0.3112.107 Mobile Safari/537.36"
91.92.242.178 - - [26/Feb/2026:20:10:35 -0500] "GET /wp-content/upgrade/index.php HTTP/1.1" 301 795 "-" "Mozilla/5.0 (Linux; Android 7.0; SM-G892A Build/NRD90M; wv) AppleWebKit/537.36 (KHTML, Gecko) Version/4.0 Chrome/60.0.3112.107 Mobile Safari/537.36"
91.92.242.178 - - [26/Feb/2026:20:10:36 -0500] "GET /wp-content/upgrade/index.php HTTP/1.1" 301 0 "-" "Mozilla/5.0 (Linux; Android 7.0; SM-G892A Build/NRD90M; wv) AppleWebKit/537.36 (KHTML, Gecko) Version/4.0 Chrome/60.0.3112.107 Mobile Safari/537.36"
91.92.242.178 - - [26/Feb/2026:20:10:41 -0500] "GET /wp-content/uploads/ HTTP/1.1" 403 1242 "-" "Mozilla/5.0 (Linux; Android 7.0; SM-G892A Build/NRD90M; wv) AppleWebKit/537.36 (KHTML, Gecko) Version/4.0 Chrome/60.0.3112.107 Mobile Safari/537.36"
91.92.242.178 - - [26/Feb/2026:20:10:41 -0500] "GET /wp-admin/index.php HTTP/1.1" 301 795 "-" "Mozilla/5.0 (Linux; Android 7.0; SM-G892A Build/NRD90M; wv) AppleWebKit/537.36 (KHTML, Gecko) Version/4.0 Chrome/60.0.3112.107 Mobile Safari/537.36"
91.92.242.178 - - [26/Feb/2026:20:10:42 -0500] "GET /wp-admin/index.php HTTP/1.1" 302 0 "-" "Mozilla/5.0 (Linux; Android 7.0; SM-G892A Build/NRD90M; wv) AppleWebKit/537.36 (KHTML, Gecko) Version/4.0 Chrome/60.0.3112.107 Mobile Safari/537.36"
162.213.253.84 - - [26/Feb/2026:20:15:43 -0500] "POST /wp-cron.php?doing_wp_cron=1772154943.6376299858093261718750 HTTP/1.1" 200 0 "-" "WordPress/6.9.1; https://www.bagpackvacation.com"
43.173.173.227 - - [26/Feb/2026:20:15:42 -0500] "GET /?p=2366 HTTP/1.1" 301 0 "-" "Mozilla/5.0 (Windows NT 10.0; Win64; x64) AppleWebKit/537.36 (KHTML, like Gecko) Chrome/103.0.0.0 Safari/537.36"
43.173.173.227 - - [26/Feb/2026:20:15:43 -0500] "GET /travel-insurance/ HTTP/1.1" 200 25027 "https://www.bagpackvacation.com/?p=2366" "Mozilla/5.0 (Windows NT 10.0; Win64; x64) AppleWebKit/537.36 (KHTML, like Gecko) Chrome/103.0.0.0 Safari/537.36"
43.173.173.172 - - [26/Feb/2026:20:15:53 -0500] "GET /?p=2366 HTTP/1.1" 301 0 "-" "Mozilla/5.0 (Windows NT 10.0; Win64; x64) AppleWebKit/537.36 (KHTML, like Gecko) Chrome/131.0.0.0 Safari/537.36"
91.92.242.178 - - [26/Feb/2026:20:10:34 -0500] "GET /wp-content/themes/index.php HTTP/1.1" 200 0 "-" "Mozilla/5.0 (Linux; Android 7.0; SM-G892A Build/NRD90M; wv) AppleWebKit/537.36 (KHTML, Gecko) Version/4.0 Chrome/60.0.3112.107 Mobile Safari/537.36"
91.92.242.178 - - [26/Feb/2026:20:10:37 -0500] "GET /wp-content/upgrade/ HTTP/1.1" 403 1242 "-" "Mozilla/5.0 (Linux; Android 7.0; SM-G892A Build/NRD90M; wv) AppleWebKit/537.36 (KHTML, Gecko) Version/4.0 Chrome/60.0.3112.107 Mobile Safari/537.36"
91.92.242.178 - - [26/Feb/2026:20:10:38 -0500] "GET /wp-content/uploads/index.php HTTP/1.1" 301 795 "-" "Mozilla/5.0 (Linux; Android 7.0; SM-G892A Build/NRD90M; wv) AppleWebKit/537.36 (KHTML, Gecko) Version/4.0 Chrome/60.0.3112.107 Mobile Safari/537.36"
91.92.242.178 - - [26/Feb/2026:20:10:39 -0500] "GET /wp-content/uploads/index.php HTTP/1.1" 301 0 "-" "Mozilla/5.0 (Linux; Android 7.0; SM-G892A Build/NRD90M; wv) AppleWebKit/537.36 (KHTML, Gecko) Version/4.0 Chrome/60.0.3112.107 Mobile Safari/537.36"
91.92.242.178 - - [26/Feb/2026:20:10:44 -0500] "GET /wp-login.php?redirect_to=https%3A%2F%2Fwww.bagpackvacation.com%2Fwp-admin%2Findex.php&reauth=1 HTTP/1.1" 200 1793 "-" "Mozilla/5.0 (Linux; Android 7.0; SM-G892A Build/NRD90M; wv) AppleWebKit/537.36 (KHTML, Gecko) Version/4.0 Chrome/60.0.3112.107 Mobile Safari/537.36"
43.173.174.212 - - [26/Feb/2026:20:15:45 -0500] "GET /wp-content/uploads/elementor/css/post-2366.css?ver=1714935572 HTTP/1.1" 200 600 "https://www.bagpackvacation.com/?p=2366" "Mozilla/5.0 (Windows NT 10.0; Win64; x64) AppleWebKit/537.36 (KHTML, like Gecko) Chrome/103.0.0.0 Safari/537.36"
162.213.253.84 - - [26/Feb/2026:20:15:45 -0500] "POST /wp-admin/admin-ajax.php?action=async_litespeed&nonce=ReuKhkyOTgyR97j1p0Ak3duttpFXqnSK&litespeed_type=imgoptm HTTP/1.1" 200 0 "-" "WordPress/6.9.1; https://www.bagpackvacation.com"
43.173.173.172 - - [26/Feb/2026:20:15:54 -0500] "GET /travel-insurance/ HTTP/1.1" 200 25027 "https://www.bagpackvacation.com/?p=2366" "Mozilla/5.0 (Windows NT 10.0; Win64; x64) AppleWebKit/537.36 (KHTML, like Gecko) Chrome/131.0.0.0 Safari/537.36"
198.20.177.178 - - [26/Feb/2026:20:18:13 -0500] "GET /wp-login.php HTTP/1.1" 301 795 "-" "Mozilla/5.0 (Windows NT 6.1) AppleWebKit/537.36 (KHTML, like Gecko) Chrome/67.0.3396.79 Safari/537.36"
198.20.177.178 - - [26/Feb/2026:20:18:14 -0500] "GET /wp-login.php HTTP/1.1" 200 1797 "https://bagpackvacation.com/wp-login.php" "Mozilla/5.0 (Windows NT 6.1) AppleWebKit/537.36 (KHTML, like Gecko) Chrome/67.0.3396.79 Safari/537.36"
198.20.177.178 - - [26/Feb/2026:20:18:14 -0500] "POST /wp-login.php HTTP/1.1" 301 795 "https://bagpackvacation.com/wp-login.php" "Mozilla/5.0 (Windows NT 6.1) AppleWebKit/537.36 (KHTML, like Gecko) Chrome/67.0.3396.79 Safari/537.36"
198.20.177.178 - - [26/Feb/2026:20:18:14 -0500] "GET /wp-login.php HTTP/1.1" 200 1797 "https://bagpackvacation.com/wp-login.php" "Mozilla/5.0 (Windows NT 6.1) AppleWebKit/537.36 (KHTML, like Gecko) Chrome/67.0.3396.79 Safari/537.36"
67.207.86.6 - - [26/Feb/2026:20:30:19 -0500] "GET /wp-login.php HTTP/1.1" 200 1797 "https://bagpackvacation.com/wp-login.php" "Mozilla/5.0 (MSIE 10.0; Windows NT 6.1; WOW64; Trident/7.0; rv:11.0) like Gecko"
3.110.255.184 - - [26/Feb/2026:20:34:07 -0500] "GET /wp-login.php HTTP/1.1" 200 1797 "https://bagpackvacation.com/wp-login.php" "Mozilla/5.0 (Windows NT 6.1; WOW64; Trident/7.0; MASP; rv:11.0) like Gecko"
3.110.255.184 - - [26/Feb/2026:20:34:08 -0500] "POST /wp-login.php HTTP/1.1" 301 795 "https://bagpackvacation.com/wp-login.php" "Mozilla/5.0 (Windows NT 6.1; WOW64; Trident/7.0; MASP; rv:11.0) like Gecko"
3.110.255.184 - - [26/Feb/2026:20:34:09 -0500] "GET /wp-login.php HTTP/1.1" 200 1797 "https://bagpackvacation.com/wp-login.php" "Mozilla/5.0 (Windows NT 6.1; WOW64; Trident/7.0; MASP; rv:11.0) like Gecko"
162.213.253.84 - - [26/Feb/2026:20:36:27 -0500] "POST /wp-admin/admin-ajax.php?action=async_litespeed&nonce=5a3sx7EGjKz5ti6mdbzemztz5TEP8ZAx&litespeed_type=imgoptm HTTP/1.1" 200 0 "-" "WordPress/6.9.1; https://www.bagpackvacation.com"
51.68.236.64 - - [26/Feb/2026:20:37:39 -0500] "GET /robots.txt HTTP/1.1" 301 795 "-" "Mozilla/5.0 (compatible; MJ12bot/v2.0.5; http://mj12bot.com/)"
51.68.236.64 - - [26/Feb/2026:20:37:40 -0500] "GET / HTTP/1.1" 301 795 "-" "Mozilla/5.0 (compatible; MJ12bot/v2.0.5; http://mj12bot.com/)"
51.68.236.64 - - [26/Feb/2026:20:37:40 -0500] "GET / HTTP/1.1" 200 34037 "-" "Mozilla/5.0 (compatible; MJ12bot/v2.0.5; http://mj12bot.com/)"
167.172.79.172 - - [26/Feb/2026:20:42:21 -0500] "POST /wp-login.php HTTP/1.1" 301 795 "https://bagpackvacation.com/wp-login.php" "Mozilla/5.0 (Windows NT 6.1; WOW64; Trident/7.0; FSJB; rv:11.0) like Gecko"
167.172.79.172 - - [26/Feb/2026:20:42:22 -0500] "GET /wp-login.php HTTP/1.1" 200 1797 "https://bagpackvacation.com/wp-login.php" "Mozilla/5.0 (Windows NT 6.1; WOW64; Trident/7.0; FSJB; rv:11.0) like Gecko"
67.207.86.6 - - [26/Feb/2026:20:30:18 -0500] "GET /wp-login.php HTTP/1.1" 301 795 "-" "Mozilla/5.0 (MSIE 10.0; Windows NT 6.1; WOW64; Trident/7.0; rv:11.0) like Gecko"
67.207.86.6 - - [26/Feb/2026:20:30:18 -0500] "GET /wp-login.php HTTP/1.1" 200 1797 "https://bagpackvacation.com/wp-login.php" "Mozilla/5.0 (MSIE 10.0; Windows NT 6.1; WOW64; Trident/7.0; rv:11.0) like Gecko"
67.207.86.6 - - [26/Feb/2026:20:30:19 -0500] "POST /wp-login.php HTTP/1.1" 301 795 "https://bagpackvacation.com/wp-login.php" "Mozilla/5.0 (MSIE 10.0; Windows NT 6.1; WOW64; Trident/7.0; rv:11.0) like Gecko"
3.110.255.184 - - [26/Feb/2026:20:34:06 -0500] "GET /wp-login.php HTTP/1.1" 301 795 "-" "Mozilla/5.0 (Windows NT 6.1; WOW64; Trident/7.0; MASP; rv:11.0) like Gecko"
209.50.172.234 - - [26/Feb/2026:20:36:23 -0500] "GET /contact-us/ HTTP/1.1" 200 22376 "-" "Mozilla/5.0 (Macintosh; Intel Mac OS X 12_5) AppleWebKit/537.36 (KHTML, like Gecko) Chrome/114.0.0.0 YaBrowser/22.7.0 Yowser/2.5 Safari/537.36"
162.213.253.84 - - [26/Feb/2026:20:36:25 -0500] "POST /wp-cron.php?doing_wp_cron=1772156185.7542550563812255859375 HTTP/1.1" 200 0 "-" "WordPress/6.9.1; https://www.bagpackvacation.com"
209.50.172.234 - - [26/Feb/2026:20:36:24 -0500] "POST /wp-admin/admin-ajax.php HTTP/1.1" 200 17 "https://www.bagpackvacation.com/contact-us/" "Mozilla/5.0 (Macintosh; Intel Mac OS X 12_5) AppleWebKit/537.36 (KHTML, like Gecko) Chrome/114.0.0.0 YaBrowser/22.7.0 Yowser/2.5 Safari/537.36"
51.68.236.64 - - [26/Feb/2026:20:37:39 -0500] "GET /robots.txt HTTP/1.1" 200 108 "-" "Mozilla/5.0 (compatible; MJ12bot/v2.0.5; http://mj12bot.com/)"
167.172.79.172 - - [26/Feb/2026:20:42:19 -0500] "GET /wp-login.php HTTP/1.1" 301 795 "-" "Mozilla/5.0 (Windows NT 6.1; WOW64; Trident/7.0; FSJB; rv:11.0) like Gecko"
167.172.79.172 - - [26/Feb/2026:20:42:20 -0500] "GET /wp-login.php HTTP/1.1" 200 1797 "https://bagpackvacation.com/wp-login.php" "Mozilla/5.0 (Windows NT 6.1; WOW64; Trident/7.0; FSJB; rv:11.0) like Gecko"
212.42.58.120 - - [26/Feb/2026:20:50:36 -0500] "GET /wp-login.php HTTP/1.1" 200 1797 "https://bagpackvacation.com/wp-login.php" "Mozilla/5.0 (Windows NT 6.0; Win64; x64) AppleWebKit/537.36 (KHTML, like Gecko) Chrome/52.0.2743.116 Safari/537.36 Edge/15.15063"
110.249.202.86 - - [26/Feb/2026:20:52:56 -0500] "GET /robots.txt HTTP/1.1" 200 129 "-" "Mozilla/5.0 (Linux; Android 5.0) AppleWebKit/537.36 (KHTML, like Gecko) Mobile Safari/537.36 (compatible; Bytespider; https://zhanzhang.toutiao.com/)"
123.28.12.90 - - [26/Feb/2026:20:49:42 -0500] "GET /5-night-6-days-maldives-romantic-package/ HTTP/1.1" 200 27822 "-" "Mozilla/5.0 (Macintosh; Intel Mac OS X 10_9_5) AppleWebKit/537.36 (KHTML, like Gecko) Chrome/67.0.3396.87 Safari/537.36"
212.42.58.120 - - [26/Feb/2026:20:50:35 -0500] "GET /wp-login.php HTTP/1.1" 301 795 "-" "Mozilla/5.0 (Windows NT 6.0; Win64; x64) AppleWebKit/537.36 (KHTML, like Gecko) Chrome/52.0.2743.116 Safari/537.36 Edge/15.15063"
212.42.58.120 - - [26/Feb/2026:20:50:36 -0500] "POST /wp-login.php HTTP/1.1" 301 795 "https://bagpackvacation.com/wp-login.php" "Mozilla/5.0 (Windows NT 6.0; Win64; x64) AppleWebKit/537.36 (KHTML, like Gecko) Chrome/52.0.2743.116 Safari/537.36 Edge/15.15063"
212.42.58.120 - - [26/Feb/2026:20:50:37 -0500] "GET /wp-login.php HTTP/1.1" 200 1797 "https://bagpackvacation.com/wp-login.php" "Mozilla/5.0 (Windows NT 6.0; Win64; x64) AppleWebKit/537.36 (KHTML, like Gecko) Chrome/52.0.2743.116 Safari/537.36 Edge/15.15063"
110.249.202.56 - - [26/Feb/2026:20:52:53 -0500] "GET /robots.txt HTTP/1.1" 301 795 "-" "Mozilla/5.0 (Linux; Android 5.0) AppleWebKit/537.36 (KHTML, like Gecko) Mobile Safari/537.36 (compatible; Bytespider; https://zhanzhang.toutiao.com/)"
66.249.77.231 - - [26/Feb/2026:21:01:03 -0500] "GET /robots.txt HTTP/1.1" 200 108 "-" "Mozilla/5.0 (compatible; Googlebot/2.1; +http://www.google.com/bot.html)"
66.249.77.231 - - [26/Feb/2026:21:01:03 -0500] "GET / HTTP/1.1" 200 34037 "-" "Mozilla/5.0 (Linux; Android 6.0.1; Nexus 5X Build/MMB29P) AppleWebKit/537.36 (KHTML, like Gecko) Chrome/144.0.7559.132 Mobile Safari/537.36 (compatible; Googlebot/2.1; +http://www.google.com/bot.html)"
216.73.216.85 - - [26/Feb/2026:21:02:37 -0500] "GET /wp-sitemap.xml HTTP/1.1" 404 18609 "https://www.bagpackvacation.com/sitemap.xml" "Mozilla/5.0 AppleWebKit/537.36 (KHTML, like Gecko; compatible; ClaudeBot/1.0; [email protected])"
162.213.253.84 - - [26/Feb/2026:21:02:39 -0500] "POST /wp-cron.php?doing_wp_cron=1772157759.4185891151428222656250 HTTP/1.1" 200 0 "-" "WordPress/6.9.1; https://www.bagpackvacation.com"
162.213.253.84 - - [26/Feb/2026:21:02:40 -0500] "POST /wp-admin/admin-ajax.php?action=async_litespeed&nonce=e6Xjc4ncmnhAzfb31WeUrzHTILxVPkEN&litespeed_type=imgoptm HTTP/1.1" 200 0 "-" "WordPress/6.9.1; https://www.bagpackvacation.com"
86.48.7.1 - - [26/Feb/2026:21:03:07 -0500] "GET /wp-login.php HTTP/1.1" 200 1797 "https://bagpackvacation.com/wp-login.php" "Mozilla/5.0 (Windows NT 6.3; Win64; x64) AppleWebKit/537.36 (KHTML, like Gecko) Chrome/65.0.3325.146 Safari/537.36"
162.213.253.84 - - [26/Feb/2026:21:06:03 -0500] "POST /wp-cron.php?doing_wp_cron=1772157963.4864580631256103515625 HTTP/1.1" 200 0 "-" "WordPress/6.9.1; https://www.bagpackvacation.com"
114.119.149.92 - - [26/Feb/2026:21:06:02 -0500] "GET /3-night-4-days-exotic-maldives HTTP/1.1" 301 0 "https://www.bagpackvacation.com/maldives-tour-packages" "Mozilla/5.0 (Linux; Android 7.0;) AppleWebKit/537.36 (KHTML, like Gecko) Mobile Safari/537.36 (compatible; PetalBot;+https://webmaster.petalsearch.com/site/petalbot)"
114.119.149.92 - - [26/Feb/2026:21:06:05 -0500] "GET /3-night-4-days-exotic-maldives/ HTTP/1.1" 200 27747 "https://www.bagpackvacation.com/maldives-tour-packages" "Mozilla/5.0 (Linux; Android 7.0;) AppleWebKit/537.36 (KHTML, like Gecko) Mobile Safari/537.36 (compatible; PetalBot;+https://webmaster.petalsearch.com/site/petalbot)"
162.213.253.84 - - [26/Feb/2026:21:06:04 -0500] "POST /wp-admin/admin-ajax.php?action=async_litespeed&nonce=3OZ7UQcT4tmnHQ73vskn8BurG1AH2HaE&litespeed_type=imgoptm HTTP/1.1" 200 0 "-" "WordPress/6.9.1; https://www.bagpackvacation.com"
110.249.202.80 - - [26/Feb/2026:21:12:36 -0500] "GET /robots.txt HTTP/1.1" 200 129 "-" "Mozilla/5.0 (Linux; Android 5.0) AppleWebKit/537.36 (KHTML, like Gecko) Mobile Safari/537.36 (compatible; Bytespider; https://zhanzhang.toutiao.com/)"
85.215.241.149 - - [26/Feb/2026:21:15:43 -0500] "GET /wp-login.php HTTP/1.1" 200 1797 "https://bagpackvacation.com/wp-login.php" "Mozilla/5.0 (Windows NT 6.1; WOW64) AppleWebKit/537.36 (KHTML, like Gecko) Chrome/67.0.3396.62 Safari/537.36"
85.215.241.149 - - [26/Feb/2026:21:15:48 -0500] "POST /wp-login.php HTTP/1.1" 301 795 "https://bagpackvacation.com/wp-login.php" "Mozilla/5.0 (Windows NT 6.1; WOW64) AppleWebKit/537.36 (KHTML, like Gecko) Chrome/67.0.3396.62 Safari/537.36"
85.215.241.149 - - [26/Feb/2026:21:15:48 -0500] "GET /wp-login.php HTTP/1.1" 200 1797 "https://bagpackvacation.com/wp-login.php" "Mozilla/5.0 (Windows NT 6.1; WOW64) AppleWebKit/537.36 (KHTML, like Gecko) Chrome/67.0.3396.62 Safari/537.36"
162.213.253.84 - - [26/Feb/2026:21:17:07 -0500] "POST /wp-cron.php?doing_wp_cron=1772158627.6534938812255859375000 HTTP/1.1" 200 0 "-" "WordPress/6.9.1; https://www.bagpackvacation.com"
107.189.21.225 - - [26/Feb/2026:21:17:09 -0500] "GET /wp-content/plugins/optin/readme.txt HTTP/1.1" 301 795 "-" "Mozilla/5.0 (Windows NT 11.0; Win64; x64) AppleWebKit/537.36 (KHTML, like Gecko) Chrome/126.0.6478.115 Safari/537.36"
107.189.21.225 - - [26/Feb/2026:21:17:10 -0500] "GET /wp-content/plugins/optin/readme.txt HTTP/1.1" 404 18579 "-" "Mozilla/5.0 (Windows NT 11.0; Win64; x64) AppleWebKit/537.36 (KHTML, like Gecko) Chrome/126.0.6478.115 Safari/537.36"
216.73.216.85 - - [26/Feb/2026:21:02:34 -0500] "GET /robots.txt HTTP/1.1" 301 795 "-" "Mozilla/5.0 AppleWebKit/537.36 (KHTML, like Gecko; compatible; ClaudeBot/1.0; [email protected])"
216.73.216.85 - - [26/Feb/2026:21:02:37 -0500] "GET /robots.txt HTTP/1.1" 200 108 "https://bagpackvacation.com/robots.txt" "Mozilla/5.0 AppleWebKit/537.36 (KHTML, like Gecko; compatible; ClaudeBot/1.0; [email protected])"
216.73.216.85 - - [26/Feb/2026:21:02:37 -0500] "GET /sitemap.xml HTTP/1.1" 301 795 "-" "Mozilla/5.0 AppleWebKit/537.36 (KHTML, like Gecko; compatible; ClaudeBot/1.0; [email protected])"
216.73.216.85 - - [26/Feb/2026:21:02:37 -0500] "GET /sitemap.xml HTTP/1.1" 301 0 "https://bagpackvacation.com/sitemap.xml" "Mozilla/5.0 AppleWebKit/537.36 (KHTML, like Gecko; compatible; ClaudeBot/1.0; [email protected])"
86.48.7.1 - - [26/Feb/2026:21:03:05 -0500] "GET /wp-login.php HTTP/1.1" 301 795 "-" "Mozilla/5.0 (Windows NT 6.3; Win64; x64) AppleWebKit/537.36 (KHTML, like Gecko) Chrome/65.0.3325.146 Safari/537.36"
86.48.7.1 - - [26/Feb/2026:21:03:06 -0500] "GET /wp-login.php HTTP/1.1" 200 1797 "https://bagpackvacation.com/wp-login.php" "Mozilla/5.0 (Windows NT 6.3; Win64; x64) AppleWebKit/537.36 (KHTML, like Gecko) Chrome/65.0.3325.146 Safari/537.36"
86.48.7.1 - - [26/Feb/2026:21:03:07 -0500] "POST /wp-login.php HTTP/1.1" 301 795 "https://bagpackvacation.com/wp-login.php" "Mozilla/5.0 (Windows NT 6.3; Win64; x64) AppleWebKit/537.36 (KHTML, like Gecko) Chrome/65.0.3325.146 Safari/537.36"
57.128.2.15 - - [26/Feb/2026:21:07:01 -0500] "GET /wp-login.php HTTP/1.1" 301 795 "-" "Mozilla/5.0 (Windows NT 6.1; WOW64; Trident/7.0; EIE10;ENGBMSN; rv:11.0) like Gecko"
57.128.2.15 - - [26/Feb/2026:21:07:01 -0500] "GET /wp-login.php HTTP/1.1" 200 1797 "https://bagpackvacation.com/wp-login.php" "Mozilla/5.0 (Windows NT 6.1; WOW64; Trident/7.0; EIE10;ENGBMSN; rv:11.0) like Gecko"
57.128.2.15 - - [26/Feb/2026:21:07:01 -0500] "POST /wp-login.php HTTP/1.1" 301 795 "https://bagpackvacation.com/wp-login.php" "Mozilla/5.0 (Windows NT 6.1; WOW64; Trident/7.0; EIE10;ENGBMSN; rv:11.0) like Gecko"
57.128.2.15 - - [26/Feb/2026:21:07:02 -0500] "GET /wp-login.php HTTP/1.1" 200 1797 "https://bagpackvacation.com/wp-login.php" "Mozilla/5.0 (Windows NT 6.1; WOW64; Trident/7.0; EIE10;ENGBMSN; rv:11.0) like Gecko"
85.215.241.149 - - [26/Feb/2026:21:15:36 -0500] "GET /wp-login.php HTTP/1.1" 301 795 "-" "Mozilla/5.0 (Windows NT 6.1; WOW64) AppleWebKit/537.36 (KHTML, like Gecko) Chrome/67.0.3396.62 Safari/537.36"
107.189.21.225 - - [26/Feb/2026:21:17:02 -0500] "GET /wp-content/plugins/optin/frontend/css/wowoptin-public.min.css HTTP/1.1" 301 795 "-" "Mozilla/5.0 (Windows NT 11.0; Win64; x64) AppleWebKit/537.36 (KHTML, like Gecko) Chrome/126.0.6478.115 Safari/537.36"
107.189.21.225 - - [26/Feb/2026:21:17:04 -0500] "GET /wp-content/plugins/optin/frontend/css/wowoptin-public.min.css HTTP/1.1" 404 18659 "-" "Mozilla/5.0 (Windows NT 11.0; Win64; x64) AppleWebKit/537.36 (KHTML, like Gecko) Chrome/126.0.6478.115 Safari/537.36"
162.213.253.84 - - [26/Feb/2026:21:17:08 -0500] "POST /wp-admin/admin-ajax.php?action=async_litespeed&nonce=MgsAaydXOrc3Oqf8O46yWCnP36c3Zz4n&litespeed_type=imgoptm HTTP/1.1" 200 0 "-" "WordPress/6.9.1; https://www.bagpackvacation.com"
93.26.203.5 - - [26/Feb/2026:21:18:46 -0500] "GET /maldives-tour-packages/ HTTP/1.1" 200 28763 "-" "Mozilla/5.0 (Macintosh; U; Intel Mac OS X 10_8; en-US) AppleWebKit/532.5 (KHTML, like Gecko) Chrome/4.0.249.0 Safari/532.5"
51.195.116.187 - - [26/Feb/2026:21:28:30 -0500] "GET /wp-login.php HTTP/1.1" 301 795 "-" "Mozilla/5.0 (Windows NT 6.3; Win64; x64; Trident/7.0; TNJB; rv:11.0) like Gecko"
51.195.116.187 - - [26/Feb/2026:21:28:33 -0500] "GET /wp-login.php HTTP/1.1" 200 1797 "https://bagpackvacation.com/wp-login.php" "Mozilla/5.0 (Windows NT 6.3; Win64; x64; Trident/7.0; TNJB; rv:11.0) like Gecko"
51.195.116.187 - - [26/Feb/2026:21:28:34 -0500] "POST /wp-login.php HTTP/1.1" 301 795 "https://bagpackvacation.com/wp-login.php" "Mozilla/5.0 (Windows NT 6.3; Win64; x64; Trident/7.0; TNJB; rv:11.0) like Gecko"
51.195.116.187 - - [26/Feb/2026:21:28:35 -0500] "GET /wp-login.php HTTP/1.1" 200 1797 "https://bagpackvacation.com/wp-login.php" "Mozilla/5.0 (Windows NT 6.3; Win64; x64; Trident/7.0; TNJB; rv:11.0) like Gecko"
162.213.253.84 - - [26/Feb/2026:21:31:17 -0500] "POST /wp-admin/admin-ajax.php?action=async_litespeed&nonce=EQhClyom4Ef9Nm6A81BigB9OH9SisSOR&litespeed_type=imgoptm HTTP/1.1" 200 0 "-" "WordPress/6.9.1; https://www.bagpackvacation.com"
52.54.157.23 - - [26/Feb/2026:21:31:16 -0500] "GET /jim-corbett-tour-packages/ HTTP/1.1" 200 27547 "-" "Mozilla/5.0 AppleWebKit/537.36 (KHTML, like Gecko; compatible; Amazonbot/0.1; +https://developer.amazon.com/support/amazonbot) Chrome/119.0.6045.214 Safari/537.36"
162.213.253.84 - - [26/Feb/2026:21:35:30 -0500] "POST /wp-cron.php?doing_wp_cron=1772159729.8245410919189453125000 HTTP/1.1" 200 0 "-" "WordPress/6.9.1; https://www.bagpackvacation.com"
172.190.142.176 - - [26/Feb/2026:21:35:33 -0500] "GET /work.php HTTP/1.1" 404 103047 "-" "-"
172.190.142.176 - - [26/Feb/2026:21:35:43 -0500] "GET /sc.php HTTP/1.1" 404 103043 "-" "-"
172.190.142.176 - - [26/Feb/2026:21:35:47 -0500] "GET /vgtyu.php HTTP/1.1" 404 103049 "-" "-"
172.190.142.176 - - [26/Feb/2026:21:35:53 -0500] "GET /x123.php HTTP/1.1" 404 103047 "-" "-"
172.190.142.176 - - [26/Feb/2026:21:35:55 -0500] "GET /wp-act.php HTTP/1.1" 404 103051 "-" "-"
172.190.142.176 - - [26/Feb/2026:21:36:00 -0500] "GET /dom.php HTTP/1.1" 404 103045 "-" "-"
172.190.142.176 - - [26/Feb/2026:21:36:02 -0500] "GET /ws60.php HTTP/1.1" 404 103047 "-" "-"
172.190.142.176 - - [26/Feb/2026:21:36:04 -0500] "GET /samiri.php HTTP/1.1" 404 103051 "-" "-"
172.190.142.176 - - [26/Feb/2026:21:36:10 -0500] "GET /xoot.php HTTP/1.1" 404 103047 "-" "-"
172.190.142.176 - - [26/Feb/2026:21:36:12 -0500] "GET /X57.php HTTP/1.1" 404 103045 "-" "-"
172.190.142.176 - - [26/Feb/2026:21:36:14 -0500] "GET /vx.php HTTP/1.1" 404 103043 "-" "-"
172.190.142.176 - - [26/Feb/2026:21:36:20 -0500] "GET /shas.php HTTP/1.1" 404 103047 "-" "-"
172.190.142.176 - - [26/Feb/2026:21:36:23 -0500] "GET /xa.php HTTP/1.1" 404 103043 "-" "-"
172.190.142.176 - - [26/Feb/2026:21:36:25 -0500] "GET /xda.php HTTP/1.1" 404 103045 "-" "-"
172.190.142.176 - - [26/Feb/2026:21:36:27 -0500] "GET /er.php HTTP/1.1" 404 103043 "-" "-"
162.213.253.84 - - [26/Feb/2026:21:36:30 -0500] "POST /wp-cron.php?doing_wp_cron=1772159790.4655160903930664062500 HTTP/1.1" 200 0 "-" "WordPress/6.9.1; https://www.bagpackvacation.com"
172.190.142.176 - - [26/Feb/2026:21:36:28 -0500] "GET /fault.php HTTP/1.1" 404 103049 "-" "-"
172.190.142.176 - - [26/Feb/2026:21:36:30 -0500] "GET /motu.php HTTP/1.1" 404 103047 "-" "-"
172.190.142.176 - - [26/Feb/2026:21:36:32 -0500] "GET /66.php HTTP/1.1" 404 103043 "-" "-"
172.190.142.176 - - [26/Feb/2026:21:36:39 -0500] "GET /nw.php HTTP/1.1" 404 103043 "-" "-"
172.190.142.176 - - [26/Feb/2026:21:36:43 -0500] "GET /666.php HTTP/1.1" 404 103045 "-" "-"
172.190.142.176 - - [26/Feb/2026:21:36:45 -0500] "GET /kj.php HTTP/1.1" 404 103043 "-" "-"
162.213.253.84 - - [26/Feb/2026:21:36:51 -0500] "POST /wp-cron.php?doing_wp_cron=1772159811.2573609352111816406250 HTTP/1.1" 200 0 "-" "WordPress/6.9.1; https://www.bagpackvacation.com"
172.190.142.176 - - [26/Feb/2026:21:36:49 -0500] "GET /fs.php HTTP/1.1" 404 103043 "-" "-"
172.190.142.176 - - [26/Feb/2026:21:36:51 -0500] "GET /ms.php HTTP/1.1" 404 103043 "-" "-"
172.190.142.176 - - [26/Feb/2026:21:36:53 -0500] "GET /login8.php HTTP/1.1" 404 103051 "-" "-"
172.190.142.176 - - [26/Feb/2026:21:36:54 -0500] "GET /nnyvn.php HTTP/1.1" 404 103049 "-" "-"
172.190.142.176 - - [26/Feb/2026:21:36:56 -0500] "GET /cu.php HTTP/1.1" 404 103043 "-" "-"
172.190.142.176 - - [26/Feb/2026:21:37:00 -0500] "GET /0.php HTTP/1.1" 404 103041 "-" "-"
162.213.253.84 - - [26/Feb/2026:21:37:05 -0500] "POST /wp-cron.php?doing_wp_cron=1772159825.3610239028930664062500 HTTP/1.1" 200 0 "-" "WordPress/6.9.1; https://www.bagpackvacation.com"
172.190.142.176 - - [26/Feb/2026:21:37:03 -0500] "GET /ya.php HTTP/1.1" 404 103043 "-" "-"
172.190.142.176 - - [26/Feb/2026:21:37:05 -0500] "GET /grsiuk.php HTTP/1.1" 404 103051 "-" "-"
172.190.142.176 - - [26/Feb/2026:21:37:07 -0500] "GET /wp-blog.php HTTP/1.1" 404 103053 "-" "-"
172.190.142.176 - - [26/Feb/2026:21:37:09 -0500] "GET /wp-access.php HTTP/1.1" 404 103057 "-" "-"
172.190.142.176 - - [26/Feb/2026:21:37:12 -0500] "GET /sbhu.php HTTP/1.1" 404 103047 "-" "-"
172.190.142.176 - - [26/Feb/2026:21:37:16 -0500] "GET /06.php HTTP/1.1" 404 103043 "-" "-"
172.190.142.176 - - [26/Feb/2026:21:37:24 -0500] "GET /erty.php HTTP/1.1" 404 103047 "-" "-"
172.190.142.176 - - [26/Feb/2026:21:37:26 -0500] "GET /dev1s.php HTTP/1.1" 404 103049 "-" "-"
172.190.142.176 - - [26/Feb/2026:21:35:28 -0500] "GET /wp-content/plugins/hellopress/wp_filemanager.php HTTP/1.1" 404 103127 "-" "-"
172.190.142.176 - - [26/Feb/2026:21:35:31 -0500] "GET /myfile.php HTTP/1.1" 404 103051 "-" "-"
172.190.142.176 - - [26/Feb/2026:21:35:37 -0500] "GET /C.php HTTP/1.1" 404 103041 "-" "-"
172.190.142.176 - - [26/Feb/2026:21:35:39 -0500] "GET /ze.php HTTP/1.1" 404 103043 "-" "-"
172.190.142.176 - - [26/Feb/2026:21:35:42 -0500] "GET /new4.php HTTP/1.1" 404 103047 "-" "-"
172.190.142.176 - - [26/Feb/2026:21:35:45 -0500] "GET /pouhg.php HTTP/1.1" 404 103049 "-" "-"
172.190.142.176 - - [26/Feb/2026:21:35:49 -0500] "GET /aq.php HTTP/1.1" 404 103043 "-" "-"
172.190.142.176 - - [26/Feb/2026:21:35:51 -0500] "GET /opts.php HTTP/1.1" 404 103047 "-" "-"
172.190.142.176 - - [26/Feb/2026:21:35:57 -0500] "GET /moshou.php HTTP/1.1" 404 103051 "-" "-"
172.190.142.176 - - [26/Feb/2026:21:35:59 -0500] "GET /seetox.php HTTP/1.1" 404 103051 "-" "-"
172.190.142.176 - - [26/Feb/2026:21:36:06 -0500] "GET /plugins.php?p= HTTP/1.1" 301 0 "-" "-"
172.190.142.176 - - [26/Feb/2026:21:36:08 -0500] "GET /plugins.php HTTP/1.1" 404 103053 "-" "-"
172.190.142.176 - - [26/Feb/2026:21:36:16 -0500] "GET /file59.php HTTP/1.1" 404 103051 "-" "-"
172.190.142.176 - - [26/Feb/2026:21:36:18 -0500] "GET /wp-admin/css/bolt.php HTTP/1.1" 404 103073 "-" "-"
162.213.253.84 - - [26/Feb/2026:21:36:31 -0500] "POST /wp-admin/admin-ajax.php?action=async_litespeed&nonce=TegR95C3OUu1STrnyQnmfXGb2yqp1gYM&litespeed_type=imgoptm HTTP/1.1" 200 0 "-" "WordPress/6.9.1; https://www.bagpackvacation.com"
172.190.142.176 - - [26/Feb/2026:21:36:34 -0500] "GET /leuk.php HTTP/1.1" 404 103047 "-" "-"
172.190.142.176 - - [26/Feb/2026:21:36:36 -0500] "GET /xqq.php HTTP/1.1" 404 103045 "-" "-"
172.190.142.176 - - [26/Feb/2026:21:36:38 -0500] "GET /kolda.php HTTP/1.1" 404 103049 "-" "-"
172.190.142.176 - - [26/Feb/2026:21:36:41 -0500] "GET /god.php HTTP/1.1" 404 103045 "-" "-"
172.190.142.176 - - [26/Feb/2026:21:36:47 -0500] "GET /un.php HTTP/1.1" 404 103043 "-" "-"
172.190.142.176 - - [26/Feb/2026:21:36:58 -0500] "GET /lul.php HTTP/1.1" 404 103045 "-" "-"
172.190.142.176 - - [26/Feb/2026:21:37:02 -0500] "GET /ms-edit.php HTTP/1.1" 404 103053 "-" "-"
172.190.142.176 - - [26/Feb/2026:21:37:11 -0500] "GET /a1vx.php HTTP/1.1" 404 103047 "-" "-"
172.190.142.176 - - [26/Feb/2026:21:37:14 -0500] "GET /wp-the.php HTTP/1.1" 404 103051 "-" "-"
172.190.142.176 - - [26/Feb/2026:21:37:17 -0500] "GET /wp5.php HTTP/1.1" 404 103045 "-" "-"
172.190.142.176 - - [26/Feb/2026:21:37:19 -0500] "GET /fot.php HTTP/1.1" 404 103045 "-" "-"
172.190.142.176 - - [26/Feb/2026:21:37:21 -0500] "GET /ff1.php HTTP/1.1" 404 103045 "-" "-"
172.190.142.176 - - [26/Feb/2026:21:37:22 -0500] "GET /forbidals.php HTTP/1.1" 404 103057 "-" "-"
162.213.253.84 - - [26/Feb/2026:21:37:30 -0500] "POST /wp-admin/admin-ajax.php?action=async_litespeed&nonce=cmlwOX8MB77CrwY8UnvwoWhXbZ6jw8jB&litespeed_type=imgoptm HTTP/1.1" 200 0 "-" "WordPress/6.9.1; https://www.bagpackvacation.com"
40.80.89.74 - - [26/Feb/2026:21:41:46 -0500] "GET /wk/index.php HTTP/1.1" 301 795 "-" "Mozilla/5.0 (Windows NT 10.0; Win64; x64) AppleWebKit/537.36 (KHTML, like Gecko) Chrome/120.0.0.0 Safari/537.36"
40.80.89.74 - - [26/Feb/2026:21:41:46 -0500] "GET /inputs.php HTTP/1.1" 301 795 "-" "Mozilla/5.0 (Windows NT 10.0; Win64; x64) AppleWebKit/537.36 (KHTML, like Gecko) Chrome/120.0.0.0 Safari/537.36"
40.80.89.74 - - [26/Feb/2026:21:41:47 -0500] "GET /rip.php HTTP/1.1" 301 795 "-" "Mozilla/5.0 (Windows NT 10.0; Win64; x64) AppleWebKit/537.36 (KHTML, like Gecko) Chrome/120.0.0.0 Safari/537.36"
40.80.89.74 - - [26/Feb/2026:21:41:47 -0500] "GET /admin.php HTTP/1.1" 301 795 "-" "Mozilla/5.0 (Windows NT 10.0; Win64; x64) AppleWebKit/537.36 (KHTML, like Gecko) Chrome/120.0.0.0 Safari/537.36"
40.80.89.74 - - [26/Feb/2026:21:41:47 -0500] "GET /cache.php HTTP/1.1" 301 795 "-" "Mozilla/5.0 (Windows NT 10.0; Win64; x64) AppleWebKit/537.36 (KHTML, like Gecko) Chrome/120.0.0.0 Safari/537.36"
162.213.253.84 - - [26/Feb/2026:21:37:29 -0500] "POST /wp-cron.php?doing_wp_cron=1772159849.4698929786682128906250 HTTP/1.1" 200 0 "-" "WordPress/6.9.1; https://www.bagpackvacation.com"
172.190.142.176 - - [26/Feb/2026:21:37:28 -0500] "GET /ffd.php HTTP/1.1" 404 103045 "-" "-"
40.80.89.74 - - [26/Feb/2026:21:41:46 -0500] "GET /ioxi-o.php HTTP/1.1" 301 795 "-" "Mozilla/5.0 (Windows NT 10.0; Win64; x64) AppleWebKit/537.36 (KHTML, like Gecko) Chrome/120.0.0.0 Safari/537.36"
40.80.89.74 - - [26/Feb/2026:21:41:47 -0500] "GET /function/function.php HTTP/1.1" 301 795 "-" "Mozilla/5.0 (Windows NT 10.0; Win64; x64) AppleWebKit/537.36 (KHTML, like Gecko) Chrome/120.0.0.0 Safari/537.36"
40.80.89.74 - - [26/Feb/2026:21:41:47 -0500] "GET /wp-content/uploads/index.php HTTP/1.1" 301 795 "-" "Mozilla/5.0 (Windows NT 10.0; Win64; x64) AppleWebKit/537.36 (KHTML, like Gecko) Chrome/120.0.0.0 Safari/537.36"
40.80.89.74 - - [26/Feb/2026:21:41:48 -0500] "GET /themes.php HTTP/1.1" 301 795 "-" "Mozilla/5.0 (Windows NT 10.0; Win64; x64) AppleWebKit/537.36 (KHTML, like Gecko) Chrome/120.0.0.0 Safari/537.36"
40.80.89.74 - - [26/Feb/2026:21:41:48 -0500] "GET /an.php HTTP/1.1" 301 795 "-" "Mozilla/5.0 (Windows NT 10.0; Win64; x64) AppleWebKit/537.36 (KHTML, like Gecko) Chrome/120.0.0.0 Safari/537.36"
40.80.89.74 - - [26/Feb/2026:21:41:48 -0500] "GET /index/function.php HTTP/1.1" 301 795 "-" "Mozilla/5.0 (Windows NT 10.0; Win64; x64) AppleWebKit/537.36 (KHTML, like Gecko) Chrome/120.0.0.0 Safari/537.36"
40.80.89.74 - - [26/Feb/2026:21:41:48 -0500] "GET /randkeyword.PhP7 HTTP/1.1" 301 795 "-" "Mozilla/5.0 (Windows NT 10.0; Win64; x64) AppleWebKit/537.36 (KHTML, like Gecko) Chrome/120.0.0.0 Safari/537.36"
40.80.89.74 - - [26/Feb/2026:21:41:49 -0500] "GET /ws.php HTTP/1.1" 301 795 "-" "Mozilla/5.0 (Windows NT 10.0; Win64; x64) AppleWebKit/537.36 (KHTML, like Gecko) Chrome/120.0.0.0 Safari/537.36"
40.80.89.74 - - [26/Feb/2026:21:41:49 -0500] "GET /404.php HTTP/1.1" 301 795 "-" "Mozilla/5.0 (Windows NT 10.0; Win64; x64) AppleWebKit/537.36 (KHTML, like Gecko) Chrome/120.0.0.0 Safari/537.36"
40.80.89.74 - - [26/Feb/2026:21:41:49 -0500] "GET /wp-admin/user/index.php HTTP/1.1" 301 795 "-" "Mozilla/5.0 (Windows NT 10.0; Win64; x64) AppleWebKit/537.36 (KHTML, like Gecko) Chrome/120.0.0.0 Safari/537.36"
40.80.89.74 - - [26/Feb/2026:21:41:50 -0500] "GET /wp-content/themes/hideo/network.php HTTP/1.1" 301 795 "-" "Mozilla/5.0 (Windows NT 10.0; Win64; x64) AppleWebKit/537.36 (KHTML, like Gecko) Chrome/120.0.0.0 Safari/537.36"
40.80.89.74 - - [26/Feb/2026:21:41:50 -0500] "GET /wp-login.php HTTP/1.1" 301 795 "-" "Mozilla/5.0 (Windows NT 10.0; Win64; x64) AppleWebKit/537.36 (KHTML, like Gecko) Chrome/120.0.0.0 Safari/537.36"
40.80.89.74 - - [26/Feb/2026:21:41:51 -0500] "GET /as.php HTTP/1.1" 301 795 "-" "Mozilla/5.0 (Windows NT 10.0; Win64; x64) AppleWebKit/537.36 (KHTML, like Gecko) Chrome/120.0.0.0 Safari/537.36"
40.80.89.74 - - [26/Feb/2026:21:41:51 -0500] "GET /wp-trackback.php HTTP/1.1" 301 795 "-" "Mozilla/5.0 (Windows NT 10.0; Win64; x64) AppleWebKit/537.36 (KHTML, like Gecko) Chrome/120.0.0.0 Safari/537.36"
40.80.89.74 - - [26/Feb/2026:21:41:51 -0500] "GET /about.php HTTP/1.1" 301 795 "-" "Mozilla/5.0 (Windows NT 10.0; Win64; x64) AppleWebKit/537.36 (KHTML, like Gecko) Chrome/120.0.0.0 Safari/537.36"
40.80.89.74 - - [26/Feb/2026:21:41:51 -0500] "GET /file.php HTTP/1.1" 301 795 "-" "Mozilla/5.0 (Windows NT 10.0; Win64; x64) AppleWebKit/537.36 (KHTML, like Gecko) Chrome/120.0.0.0 Safari/537.36"
40.80.89.74 - - [26/Feb/2026:21:41:52 -0500] "GET /xmlrpc.php HTTP/1.1" 301 795 "-" "Mozilla/5.0 (Windows NT 10.0; Win64; x64) AppleWebKit/537.36 (KHTML, like Gecko) Chrome/120.0.0.0 Safari/537.36"
40.80.89.74 - - [26/Feb/2026:21:41:52 -0500] "GET /class-t.api.php HTTP/1.1" 301 795 "-" "Mozilla/5.0 (Windows NT 10.0; Win64; x64) AppleWebKit/537.36 (KHTML, like Gecko) Chrome/120.0.0.0 Safari/537.36"
40.80.89.74 - - [26/Feb/2026:21:41:49 -0500] "GET /wp-conf.php HTTP/1.1" 301 795 "-" "Mozilla/5.0 (Windows NT 10.0; Win64; x64) AppleWebKit/537.36 (KHTML, like Gecko) Chrome/120.0.0.0 Safari/537.36"
40.80.89.74 - - [26/Feb/2026:21:41:50 -0500] "GET /abc.php HTTP/1.1" 301 795 "-" "Mozilla/5.0 (Windows NT 10.0; Win64; x64) AppleWebKit/537.36 (KHTML, like Gecko) Chrome/120.0.0.0 Safari/537.36"
40.80.89.74 - - [26/Feb/2026:21:41:50 -0500] "GET /abcd.php HTTP/1.1" 301 795 "-" "Mozilla/5.0 (Windows NT 10.0; Win64; x64) AppleWebKit/537.36 (KHTML, like Gecko) Chrome/120.0.0.0 Safari/537.36"
40.80.89.74 - - [26/Feb/2026:21:41:51 -0500] "GET /adminfuns.php HTTP/1.1" 301 795 "-" "Mozilla/5.0 (Windows NT 10.0; Win64; x64) AppleWebKit/537.36 (KHTML, like Gecko) Chrome/120.0.0.0 Safari/537.36"
40.80.89.74 - - [26/Feb/2026:21:41:52 -0500] "GET /wp-good.php HTTP/1.1" 301 795 "-" "Mozilla/5.0 (Windows NT 10.0; Win64; x64) AppleWebKit/537.36 (KHTML, like Gecko) Chrome/120.0.0.0 Safari/537.36"
40.80.89.74 - - [26/Feb/2026:21:41:52 -0500] "GET /goods.php HTTP/1.1" 301 795 "-" "Mozilla/5.0 (Windows NT 10.0; Win64; x64) AppleWebKit/537.36 (KHTML, like Gecko) Chrome/120.0.0.0 Safari/537.36"
40.80.89.74 - - [26/Feb/2026:21:41:53 -0500] "GET /kbfr.php HTTP/1.1" 301 795 "-" "Mozilla/5.0 (Windows NT 10.0; Win64; x64) AppleWebKit/537.36 (KHTML, like Gecko) Chrome/120.0.0.0 Safari/537.36"
40.80.89.74 - - [26/Feb/2026:21:41:53 -0500] "GET /autoload_classmap.php HTTP/1.1" 301 795 "-" "Mozilla/5.0 (Windows NT 10.0; Win64; x64) AppleWebKit/537.36 (KHTML, like Gecko) Chrome/120.0.0.0 Safari/537.36"
40.80.89.74 - - [26/Feb/2026:21:41:53 -0500] "GET /chosen.php?p= HTTP/1.1" 301 795 "-" "Mozilla/5.0 (Windows NT 10.0; Win64; x64) AppleWebKit/537.36 (KHTML, like Gecko) Chrome/120.0.0.0 Safari/537.36"
40.80.89.74 - - [26/Feb/2026:21:41:54 -0500] "GET /defaults.php HTTP/1.1" 301 795 "-" "Mozilla/5.0 (Windows NT 10.0; Win64; x64) AppleWebKit/537.36 (KHTML, like Gecko) Chrome/120.0.0.0 Safari/537.36"
40.80.89.74 - - [26/Feb/2026:21:41:54 -0500] "GET /wp-includes/ HTTP/1.1" 301 795 "-" "Mozilla/5.0 (Windows NT 10.0; Win64; x64) AppleWebKit/537.36 (KHTML, like Gecko) Chrome/120.0.0.0 Safari/537.36"
40.80.89.74 - - [26/Feb/2026:21:41:54 -0500] "GET /.well-known/ HTTP/1.1" 301 795 "-" "Mozilla/5.0 (Windows NT 10.0; Win64; x64) AppleWebKit/537.36 (KHTML, like Gecko) Chrome/120.0.0.0 Safari/537.36"
40.80.89.74 - - [26/Feb/2026:21:41:55 -0500] "GET /cgi-bin/ HTTP/1.1" 301 795 "-" "Mozilla/5.0 (Windows NT 10.0; Win64; x64) AppleWebKit/537.36 (KHTML, like Gecko) Chrome/120.0.0.0 Safari/537.36"
40.80.89.74 - - [26/Feb/2026:21:41:55 -0500] "GET /uploads/ HTTP/1.1" 301 795 "-" "Mozilla/5.0 (Windows NT 10.0; Win64; x64) AppleWebKit/537.36 (KHTML, like Gecko) Chrome/120.0.0.0 Safari/537.36"
40.80.89.74 - - [26/Feb/2026:21:41:55 -0500] "GET /wp-admin/images/ HTTP/1.1" 301 795 "-" "Mozilla/5.0 (Windows NT 10.0; Win64; x64) AppleWebKit/537.36 (KHTML, like Gecko) Chrome/120.0.0.0 Safari/537.36"
40.80.89.74 - - [26/Feb/2026:21:41:55 -0500] "GET /wp-includes/Requests/src/Response/about.php HTTP/1.1" 301 795 "-" "Mozilla/5.0 (Windows NT 10.0; Win64; x64) AppleWebKit/537.36 (KHTML, like Gecko) Chrome/120.0.0.0 Safari/537.36"
40.80.89.74 - - [26/Feb/2026:21:41:56 -0500] "GET /wp-admin/css/colors/ectoplasm/ HTTP/1.1" 301 795 "-" "Mozilla/5.0 (Windows NT 10.0; Win64; x64) AppleWebKit/537.36 (KHTML, like Gecko) Chrome/120.0.0.0 Safari/537.36"
40.80.89.74 - - [26/Feb/2026:21:41:57 -0500] "GET /wp-content/themes/admin.php HTTP/1.1" 301 795 "-" "Mozilla/5.0 (Windows NT 10.0; Win64; x64) AppleWebKit/537.36 (KHTML, like Gecko) Chrome/120.0.0.0 Safari/537.36"
40.80.89.74 - - [26/Feb/2026:21:41:57 -0500] "GET /wp-content/plugins/index.php HTTP/1.1" 301 795 "-" "Mozilla/5.0 (Windows NT 10.0; Win64; x64) AppleWebKit/537.36 (KHTML, like Gecko) Chrome/120.0.0.0 Safari/537.36"
40.80.89.74 - - [26/Feb/2026:21:41:57 -0500] "GET /wp-includes/images/ HTTP/1.1" 301 795 "-" "Mozilla/5.0 (Windows NT 10.0; Win64; x64) AppleWebKit/537.36 (KHTML, like Gecko) Chrome/120.0.0.0 Safari/537.36"
40.80.89.74 - - [26/Feb/2026:21:41:53 -0500] "GET /sf.php HTTP/1.1" 301 795 "-" "Mozilla/5.0 (Windows NT 10.0; Win64; x64) AppleWebKit/537.36 (KHTML, like Gecko) Chrome/120.0.0.0 Safari/537.36"
40.80.89.74 - - [26/Feb/2026:21:41:54 -0500] "GET /classwithtostring.php HTTP/1.1" 301 795 "-" "Mozilla/5.0 (Windows NT 10.0; Win64; x64) AppleWebKit/537.36 (KHTML, like Gecko) Chrome/120.0.0.0 Safari/537.36"
40.80.89.74 - - [26/Feb/2026:21:41:54 -0500] "GET /info.php HTTP/1.1" 301 795 "-" "Mozilla/5.0 (Windows NT 10.0; Win64; x64) AppleWebKit/537.36 (KHTML, like Gecko) Chrome/120.0.0.0 Safari/537.36"
40.80.89.74 - - [26/Feb/2026:21:41:56 -0500] "GET /wp-includes/html-api/ HTTP/1.1" 301 795 "-" "Mozilla/5.0 (Windows NT 10.0; Win64; x64) AppleWebKit/537.36 (KHTML, like Gecko) Chrome/120.0.0.0 Safari/537.36"
40.80.89.74 - - [26/Feb/2026:21:41:56 -0500] "GET /wp-content/admin.php HTTP/1.1" 301 795 "-" "Mozilla/5.0 (Windows NT 10.0; Win64; x64) AppleWebKit/537.36 (KHTML, like Gecko) Chrome/120.0.0.0 Safari/537.36"
40.80.89.74 - - [26/Feb/2026:21:41:56 -0500] "GET /wp-content/uploads/ HTTP/1.1" 301 795 "-" "Mozilla/5.0 (Windows NT 10.0; Win64; x64) AppleWebKit/537.36 (KHTML, like Gecko) Chrome/120.0.0.0 Safari/537.36"
40.80.89.74 - - [26/Feb/2026:21:41:57 -0500] "GET /wp-content/themes/index.php HTTP/1.1" 301 795 "-" "Mozilla/5.0 (Windows NT 10.0; Win64; x64) AppleWebKit/537.36 (KHTML, like Gecko) Chrome/120.0.0.0 Safari/537.36"
40.80.89.74 - - [26/Feb/2026:21:41:57 -0500] "GET /wp-includes/PHPMailer/ HTTP/1.1" 301 795 "-" "Mozilla/5.0 (Windows NT 10.0; Win64; x64) AppleWebKit/537.36 (KHTML, like Gecko) Chrome/120.0.0.0 Safari/537.36"
40.80.89.74 - - [26/Feb/2026:21:41:58 -0500] "GET /wp-content/plugins/WordPressCore/ HTTP/1.1" 301 795 "-" "Mozilla/5.0 (Windows NT 10.0; Win64; x64) AppleWebKit/537.36 (KHTML, like Gecko) Chrome/120.0.0.0 Safari/537.36"
162.213.253.84 - - [26/Feb/2026:21:42:13 -0500] "POST /wp-cron.php?doing_wp_cron=1772160133.8458640575408935546875 HTTP/1.1" 200 0 "-" "WordPress/6.9.1; https://www.bagpackvacation.com"
14.163.135.238 - - [26/Feb/2026:21:42:11 -0500] "GET /4-night-5-days-best-of-bali-with-split-stay/ HTTP/1.1" 200 30141 "-" "Mozilla/5.0 (Windows NT 6.2) AppleWebKit/537.36 (KHTML, like Gecko) Chrome/28.0.1464.0 Safari/537.36"
162.213.253.84 - - [26/Feb/2026:21:42:15 -0500] "POST /wp-admin/admin-ajax.php?action=async_litespeed&nonce=j7lxy2p3M78r4NpJUBO8IQCazBoc5pBL&litespeed_type=imgoptm HTTP/1.1" 200 0 "-" "WordPress/6.9.1; https://www.bagpackvacation.com"
113.178.94.41 - - [26/Feb/2026:21:53:37 -0500] "GET /romantic-goa-with-dudh-sagar-waterfall-4-night-5-days/ HTTP/1.1" 200 29026 "-" "Mozilla/5.0 (Windows NT 6.2) AppleWebKit/537.36 (KHTML, like Gecko) Chrome/28.0.1464.0 Safari/537.36"
74.7.230.36 - - [26/Feb/2026:21:54:58 -0500] "GET /robots.txt HTTP/1.1" 200 108 "-" "Mozilla/5.0 (Macintosh; Intel Mac OS X 10_15_7) AppleWebKit/537.36 (KHTML, like Gecko) Chrome/131.0.0.0 Safari/537.36; compatible; OAI-SearchBot/1.3; robots.txt; +https://openai.com/searchbot"
14.167.169.152 - - [26/Feb/2026:21:51:47 -0500] "GET /thailand-tour-packages/ HTTP/1.1" 200 28887 "-" "Mozilla/5.0 (Windows NT 10.0; Win64; x64) AppleWebKit/537.36 (KHTML, like Gecko) Chrome/89.0.4389.91 Safari/537.36"
