74.7.243.251 - - [26/Feb/2026:14:59:52 -0500] "GET /wp-content/plugins/elementor/assets/lib/font-awesome/css/fontawesome.min.css?ver=5.15.3 HTTP/1.1" 200 12164 "https://www.bagpackvacation.com/" "Mozilla/5.0 AppleWebKit/537.36 (KHTML, like Gecko; compatible; GPTBot/1.3; +https://openai.com/gptbot)"
74.7.243.251 - - [26/Feb/2026:14:59:52 -0500] "GET /wp-content/plugins/elementor/assets/css/conditionals/e-swiper.min.css?ver=3.28.4 HTTP/1.1" 200 699 "https://www.bagpackvacation.com/" "Mozilla/5.0 AppleWebKit/537.36 (KHTML, like Gecko; compatible; GPTBot/1.3; +https://openai.com/gptbot)"
74.7.243.251 - - [26/Feb/2026:14:59:54 -0500] "GET /wp-content/plugins/elementor/assets/css/widget-icon-box.min.css?ver=3.28.4 HTTP/1.1" 200 656 "https://www.bagpackvacation.com/" "Mozilla/5.0 AppleWebKit/537.36 (KHTML, like Gecko; compatible; GPTBot/1.3; +https://openai.com/gptbot)"
74.7.243.251 - - [26/Feb/2026:14:59:54 -0500] "GET /wp-content/plugins/elementor/assets/css/widget-video.min.css?ver=3.28.4 HTTP/1.1" 200 354 "https://www.bagpackvacation.com/" "Mozilla/5.0 AppleWebKit/537.36 (KHTML, like Gecko; compatible; GPTBot/1.3; +https://openai.com/gptbot)"
74.7.243.251 - - [26/Feb/2026:14:59:55 -0500] "GET /wp-content/plugins/elementor/assets/css/widget-spacer.min.css?ver=3.28.4 HTTP/1.1" 200 315 "https://www.bagpackvacation.com/" "Mozilla/5.0 AppleWebKit/537.36 (KHTML, like Gecko; compatible; GPTBot/1.3; +https://openai.com/gptbot)"
74.7.243.251 - - [26/Feb/2026:14:59:56 -0500] "GET /wp-content/plugins/elementor/assets/css/widget-icon-list.min.css?ver=3.28.4 HTTP/1.1" 200 957 "https://www.bagpackvacation.com/" "Mozilla/5.0 AppleWebKit/537.36 (KHTML, like Gecko; compatible; GPTBot/1.3; +https://openai.com/gptbot)"
74.7.243.251 - - [26/Feb/2026:14:59:56 -0500] "GET /wp-content/plugins/elementskit-lite/widgets/init/assets/css/responsive.css?ver=3.5.0 HTTP/1.1" 200 2859 "https://www.bagpackvacation.com/" "Mozilla/5.0 AppleWebKit/537.36 (KHTML, like Gecko; compatible; GPTBot/1.3; +https://openai.com/gptbot)"
74.7.243.251 - - [26/Feb/2026:14:59:57 -0500] "GET /wp-content/plugins/elementskit-lite/modules/elementskit-icon-pack/assets/css/ekiticons.css?ver=3.5.0 HTTP/1.1" 200 11776 "https://www.bagpackvacation.com/" "Mozilla/5.0 AppleWebKit/537.36 (KHTML, like Gecko; compatible; GPTBot/1.3; +https://openai.com/gptbot)"
74.7.243.251 - - [26/Feb/2026:14:59:58 -0500] "GET /wp-content/plugins/elementor/assets/lib/swiper/v8/css/swiper.min.css?ver=8.4.5 HTTP/1.1" 200 4248 "https://www.bagpackvacation.com/" "Mozilla/5.0 AppleWebKit/537.36 (KHTML, like Gecko; compatible; GPTBot/1.3; +https://openai.com/gptbot)"
74.7.243.251 - - [26/Feb/2026:14:59:59 -0500] "GET /wp-content/uploads/elementor/google-fonts/css/opensans.css?ver=1742228203 HTTP/1.1" 200 1828 "https://www.bagpackvacation.com/" "Mozilla/5.0 AppleWebKit/537.36 (KHTML, like Gecko; compatible; GPTBot/1.3; +https://openai.com/gptbot)"
74.7.243.251 - - [26/Feb/2026:15:00:00 -0500] "GET /wp-content/plugins/primary-addon-for-elementor/assets/css/magnific-popup.min.css?ver=1.0 HTTP/1.1" 200 1432 "https://www.bagpackvacation.com/" "Mozilla/5.0 AppleWebKit/537.36 (KHTML, like Gecko; compatible; GPTBot/1.3; +https://openai.com/gptbot)"
74.7.243.251 - - [26/Feb/2026:15:00:00 -0500] "GET /wp-content/plugins/primary-addon-for-elementor/assets/css/flickity.min.css?ver=2.2.1 HTTP/1.1" 200 553 "https://www.bagpackvacation.com/" "Mozilla/5.0 AppleWebKit/537.36 (KHTML, like Gecko; compatible; GPTBot/1.3; +https://openai.com/gptbot)"
74.7.243.251 - - [26/Feb/2026:14:59:51 -0500] "GET /wp-content/plugins/elementor/assets/lib/eicons/css/elementor-icons.min.css?ver=5.36.0 HTTP/1.1" 200 3845 "https://www.bagpackvacation.com/" "Mozilla/5.0 AppleWebKit/537.36 (KHTML, like Gecko; compatible; GPTBot/1.3; +https://openai.com/gptbot)"
74.7.243.251 - - [26/Feb/2026:14:59:53 -0500] "GET /wp-content/plugins/woocommerce/assets/css/woocommerce.css?ver=9.8.6 HTTP/1.1" 200 10163 "https://www.bagpackvacation.com/" "Mozilla/5.0 AppleWebKit/537.36 (KHTML, like Gecko; compatible; GPTBot/1.3; +https://openai.com/gptbot)"
74.7.243.251 - - [26/Feb/2026:14:59:53 -0500] "GET /wp-content/plugins/woocommerce/assets/css/woocommerce-layout.css?ver=9.8.6 HTTP/1.1" 200 3160 "https://www.bagpackvacation.com/" "Mozilla/5.0 AppleWebKit/537.36 (KHTML, like Gecko; compatible; GPTBot/1.3; +https://openai.com/gptbot)"
74.7.243.251 - - [26/Feb/2026:14:59:55 -0500] "GET /wp-content/plugins/elementor/assets/css/widget-image-carousel.min.css?ver=3.28.4 HTTP/1.1" 200 163 "https://www.bagpackvacation.com/" "Mozilla/5.0 AppleWebKit/537.36 (KHTML, like Gecko; compatible; GPTBot/1.3; +https://openai.com/gptbot)"
74.7.243.251 - - [26/Feb/2026:14:59:57 -0500] "GET /wp-content/plugins/wpforms-lite/assets/css/frontend/classic/wpforms-full.min.css?ver=1.9.5.1 HTTP/1.1" 200 8483 "https://www.bagpackvacation.com/" "Mozilla/5.0 AppleWebKit/537.36 (KHTML, like Gecko; compatible; GPTBot/1.3; +https://openai.com/gptbot)"
74.7.243.251 - - [26/Feb/2026:14:59:58 -0500] "GET /wp-content/plugins/primary-addon-for-elementor/assets/css/responsive.css?ver=1.2 HTTP/1.1" 200 1433 "https://www.bagpackvacation.com/" "Mozilla/5.0 AppleWebKit/537.36 (KHTML, like Gecko; compatible; GPTBot/1.3; +https://openai.com/gptbot)"
74.7.243.251 - - [26/Feb/2026:14:59:59 -0500] "GET /wp-content/plugins/primary-addon-for-elementor/assets/css/owl.carousel.min.css?ver=2.3.4 HTTP/1.1" 200 915 "https://www.bagpackvacation.com/" "Mozilla/5.0 AppleWebKit/537.36 (KHTML, like Gecko; compatible; GPTBot/1.3; +https://openai.com/gptbot)"
74.7.243.251 - - [26/Feb/2026:15:00:01 -0500] "GET /wp-content/uploads/elementor/css/post-76.css?ver=1714710805 HTTP/1.1" 200 2495 "https://www.bagpackvacation.com/" "Mozilla/5.0 AppleWebKit/537.36 (KHTML, like Gecko; compatible; GPTBot/1.3; +https://openai.com/gptbot)"
162.213.253.84 - - [26/Feb/2026:15:01:36 -0500] "POST /wp-cron.php?doing_wp_cron=1772136096.1718509197235107421875 HTTP/1.1" 200 0 "-" "WordPress/6.9.1; https://www.bagpackvacation.com"
114.119.149.92 - - [26/Feb/2026:15:01:34 -0500] "GET /maldives-tour-packages HTTP/1.1" 301 0 "https://www.bagpackvacation.com/fun-with-family-in-goa" "Mozilla/5.0 (Linux; Android 7.0;) AppleWebKit/537.36 (KHTML, like Gecko) Mobile Safari/537.36 (compatible; PetalBot;+https://webmaster.petalsearch.com/site/petalbot)"
114.119.149.92 - - [26/Feb/2026:15:01:37 -0500] "GET /maldives-tour-packages/ HTTP/1.1" 200 28763 "https://www.bagpackvacation.com/fun-with-family-in-goa" "Mozilla/5.0 (Linux; Android 7.0;) AppleWebKit/537.36 (KHTML, like Gecko) Mobile Safari/537.36 (compatible; PetalBot;+https://webmaster.petalsearch.com/site/petalbot)"
117.18.124.211 - - [26/Feb/2026:15:06:42 -0500] "POST /wp-login.php HTTP/1.1" 301 795 "https://bagpackvacation.com/wp-login.php" "Mozilla/5.0 (X11; Linux x86_64) AppleWebKit/537.36 (KHTML, like Gecko) Chrome/65.0.3325.181 Safari/537.36"
103.56.161.126 - - [26/Feb/2026:15:11:53 -0500] "GET /wp-login.php HTTP/1.1" 301 795 "-" "Mozilla/4.0 (compatible; MSIE 7.0; Windows NT 6.1; Trident/7.0; SLCC2; .NET CLR 2.0.50727; .NET CLR 3.5.30729; .NET CLR 3.0.30729; Media Center PC 6.0; .NET4.0C; .NET4.0E; InfoPath.3)"
103.56.161.126 - - [26/Feb/2026:15:11:54 -0500] "GET /wp-login.php HTTP/1.1" 200 1797 "https://bagpackvacation.com/wp-login.php" "Mozilla/4.0 (compatible; MSIE 7.0; Windows NT 6.1; Trident/7.0; SLCC2; .NET CLR 2.0.50727; .NET CLR 3.5.30729; .NET CLR 3.0.30729; Media Center PC 6.0; .NET4.0C; .NET4.0E; InfoPath.3)"
162.213.253.84 - - [26/Feb/2026:15:01:37 -0500] "POST /wp-admin/admin-ajax.php?action=async_litespeed&nonce=Gn1dGkJddWYMDM4Bz71p1P7T4ujAwWiW&litespeed_type=imgoptm HTTP/1.1" 200 0 "-" "WordPress/6.9.1; https://www.bagpackvacation.com"
117.18.124.211 - - [26/Feb/2026:15:06:40 -0500] "GET /wp-login.php HTTP/1.1" 301 795 "-" "Mozilla/5.0 (X11; Linux x86_64) AppleWebKit/537.36 (KHTML, like Gecko) Chrome/65.0.3325.181 Safari/537.36"
117.18.124.211 - - [26/Feb/2026:15:06:42 -0500] "GET /wp-login.php HTTP/1.1" 200 1797 "https://bagpackvacation.com/wp-login.php" "Mozilla/5.0 (X11; Linux x86_64) AppleWebKit/537.36 (KHTML, like Gecko) Chrome/65.0.3325.181 Safari/537.36"
117.18.124.211 - - [26/Feb/2026:15:06:43 -0500] "GET /wp-login.php HTTP/1.1" 200 1797 "https://bagpackvacation.com/wp-login.php" "Mozilla/5.0 (X11; Linux x86_64) AppleWebKit/537.36 (KHTML, like Gecko) Chrome/65.0.3325.181 Safari/537.36"
103.56.161.126 - - [26/Feb/2026:15:11:54 -0500] "POST /wp-login.php HTTP/1.1" 301 795 "https://bagpackvacation.com/wp-login.php" "Mozilla/4.0 (compatible; MSIE 7.0; Windows NT 6.1; Trident/7.0; SLCC2; .NET CLR 2.0.50727; .NET CLR 3.5.30729; .NET CLR 3.0.30729; Media Center PC 6.0; .NET4.0C; .NET4.0E; InfoPath.3)"
103.56.161.126 - - [26/Feb/2026:15:11:55 -0500] "GET /wp-login.php HTTP/1.1" 200 1797 "https://bagpackvacation.com/wp-login.php" "Mozilla/4.0 (compatible; MSIE 7.0; Windows NT 6.1; Trident/7.0; SLCC2; .NET CLR 2.0.50727; .NET CLR 3.5.30729; .NET CLR 3.0.30729; Media Center PC 6.0; .NET4.0C; .NET4.0E; InfoPath.3)"
14.178.180.138 - - [26/Feb/2026:15:18:18 -0500] "GET /3-night-4-days-malaysia-weekend-getaway/ HTTP/1.1" 200 29145 "-" "Mozilla/5.0 (Macintosh; Intel Mac OS X 10_13_6) AppleWebKit/537.36 (KHTML, like Gecko) Brave Chrome/90.0.4430.72 Safari/537.36"
64.188.91.93 - - [26/Feb/2026:15:21:13 -0500] "POST /wp-content/plugins/simple-file-list/ee-file-engine.php HTTP/1.1" 301 795 "-" "Mozilla/5.0 (Windows NT 10.0; Win64; x64; rv:123.0) Gecko/20100101 Firefox/123"
177.38.22.204 - - [26/Feb/2026:15:24:16 -0500] "GET /3-night-4-days-spectacular-maldives-tour-package/ HTTP/1.1" 200 27683 "-" "Mozilla/5.0 (Windows NT 6.1) AppleWebKit/537.36 (KHTML, like Gecko) Chrome/98.0.4758.81 Safari/537.36"
69.49.112.62 - - [26/Feb/2026:15:25:25 -0500] "GET /wp-login.php HTTP/1.1" 301 795 "-" "Mozilla/5.0 (Windows NT 6.3; WOW64; Trident/7.0; Touch; LCJB; rv:11.0) like Gecko"
69.49.112.62 - - [26/Feb/2026:15:25:31 -0500] "GET /wp-login.php HTTP/1.1" 200 1797 "https://bagpackvacation.com/wp-login.php" "Mozilla/5.0 (Windows NT 6.3; WOW64; Trident/7.0; Touch; LCJB; rv:11.0) like Gecko"
69.49.112.62 - - [26/Feb/2026:15:25:32 -0500] "GET /wp-login.php HTTP/1.1" 200 1797 "https://bagpackvacation.com/wp-login.php" "Mozilla/5.0 (Windows NT 6.3; WOW64; Trident/7.0; Touch; LCJB; rv:11.0) like Gecko"
192.241.255.165 - - [26/Feb/2026:15:29:29 -0500] "GET /wp-login.php HTTP/1.1" 301 795 "-" "Mozilla/5.0 (Windows NT 10.0; Win64; x64) AppleWebKit/537.36 (KHTML, like Gecko) Chrome/58.0.3029.110 Safari/537.36 Edge/16.16299"
192.241.255.165 - - [26/Feb/2026:15:29:29 -0500] "GET /wp-login.php HTTP/1.1" 200 1797 "https://bagpackvacation.com/wp-login.php" "Mozilla/5.0 (Windows NT 10.0; Win64; x64) AppleWebKit/537.36 (KHTML, like Gecko) Chrome/58.0.3029.110 Safari/537.36 Edge/16.16299"
192.241.255.165 - - [26/Feb/2026:15:29:30 -0500] "POST /wp-login.php HTTP/1.1" 301 795 "https://bagpackvacation.com/wp-login.php" "Mozilla/5.0 (Windows NT 10.0; Win64; x64) AppleWebKit/537.36 (KHTML, like Gecko) Chrome/58.0.3029.110 Safari/537.36 Edge/16.16299"
192.241.255.165 - - [26/Feb/2026:15:29:30 -0500] "GET /wp-login.php HTTP/1.1" 200 1797 "https://bagpackvacation.com/wp-login.php" "Mozilla/5.0 (Windows NT 10.0; Win64; x64) AppleWebKit/537.36 (KHTML, like Gecko) Chrome/58.0.3029.110 Safari/537.36 Edge/16.16299"
43.225.189.99 - - [26/Feb/2026:15:30:10 -0500] "GET /contact-us/ HTTP/1.1" 200 22376 "-" "Mozilla/5.0 (Macintosh; Intel Mac OS X 12_5) AppleWebKit/537.36 (KHTML, like Gecko) Chrome/114.0.0.0 Safari/537.36 Vivaldi/5.3.2679.68"
162.213.253.84 - - [26/Feb/2026:15:30:16 -0500] "POST /wp-cron.php?doing_wp_cron=1772137816.7568271160125732421875 HTTP/1.1" 200 0 "-" "WordPress/6.9.1; https://www.bagpackvacation.com"
64.188.91.93 - - [26/Feb/2026:15:21:13 -0500] "POST /wp-content/plugins/simple-file-list/ee-upload-engine.php HTTP/1.1" 301 795 "-" "Mozilla/5.0 (X11; Ubuntu; Linux x86_64; rv:71.0) Gecko/20100101 Firefox/71.0"
64.188.91.93 - - [26/Feb/2026:15:21:14 -0500] "GET /wp-content/uploads/simple-file-list/hfiecae.php HTTP/1.1" 301 795 "-" "Mozilla/5.0 (Windows NT 6.1; rv:38.0) Gecko/20100101 Firefox/38.0"
69.49.112.62 - - [26/Feb/2026:15:25:32 -0500] "POST /wp-login.php HTTP/1.1" 301 795 "https://bagpackvacation.com/wp-login.php" "Mozilla/5.0 (Windows NT 6.3; WOW64; Trident/7.0; Touch; LCJB; rv:11.0) like Gecko"
43.225.189.99 - - [26/Feb/2026:15:30:14 -0500] "POST /wp-admin/admin-ajax.php HTTP/1.1" 200 17 "https://www.bagpackvacation.com/contact-us/" "Mozilla/5.0 (Macintosh; Intel Mac OS X 12_5) AppleWebKit/537.36 (KHTML, like Gecko) Chrome/114.0.0.0 Safari/537.36 Vivaldi/5.3.2679.68"
162.213.253.84 - - [26/Feb/2026:15:30:18 -0500] "POST /wp-admin/admin-ajax.php?action=async_litespeed&nonce=UWQQX8AVT3lB3BYio4mj9BpaeSM4DXrf&litespeed_type=imgoptm HTTP/1.1" 200 0 "-" "WordPress/6.9.1; https://www.bagpackvacation.com"
204.76.203.25 - - [26/Feb/2026:15:37:14 -0500] "GET / HTTP/1.1" 200 254363 "-" "Mozilla/5.0 (Windows NT 10.0; Win64; x64) AppleWebKit/537.36 (KHTML, like Gecko) Chrome/134.0.0.0 Safari/537.3"
170.106.15.3 - - [26/Feb/2026:15:42:42 -0500] "GET / HTTP/1.1" 200 40195 "http://bagpackvacation.com" "Mozilla/5.0 (iPhone; CPU iPhone OS 13_2_3 like Mac OS X) AppleWebKit/605.1.15 (KHTML, like Gecko) Version/13.0.3 Mobile/15E148 Safari/604.1"
216.73.216.58 - - [26/Feb/2026:15:48:43 -0500] "GET /robots.txt HTTP/1.1" 200 108 "https://bagpackvacation.com/robots.txt" "Mozilla/5.0 AppleWebKit/537.36 (KHTML, like Gecko; compatible; ClaudeBot/1.0; [email protected])"
216.73.216.58 - - [26/Feb/2026:15:48:43 -0500] "GET / HTTP/1.1" 301 795 "-" "Mozilla/5.0 AppleWebKit/537.36 (KHTML, like Gecko; compatible; ClaudeBot/1.0; [email protected])"
216.73.216.58 - - [26/Feb/2026:15:48:43 -0500] "GET / HTTP/1.1" 200 34037 "https://bagpackvacation.com/" "Mozilla/5.0 AppleWebKit/537.36 (KHTML, like Gecko; compatible; ClaudeBot/1.0; [email protected])"
65.21.12.180 - - [26/Feb/2026:15:51:00 -0500] "POST /wp-login.php HTTP/1.1" 301 795 "https://bagpackvacation.com/wp-login.php" "Mozilla/5.0 (Windows NT 6.1; WOW64; Trident/7.0; rv:11.0; MSN 9.0;MSN 9.1;MSN 9.6;MSN 10.0;MSN 10.2;MSN 10.5; MSNbMSNI; MSNmen-us; MSNcIA)"
65.21.12.180 - - [26/Feb/2026:15:51:00 -0500] "GET /wp-login.php HTTP/1.1" 200 1797 "https://bagpackvacation.com/wp-login.php" "Mozilla/5.0 (Windows NT 6.1; WOW64; Trident/7.0; rv:11.0; MSN 9.0;MSN 9.1;MSN 9.6;MSN 10.0;MSN 10.2;MSN 10.5; MSNbMSNI; MSNmen-us; MSNcIA)"
204.76.203.25 - - [26/Feb/2026:15:37:11 -0500] "GET / HTTP/1.1" 301 795 "-" "Mozilla/5.0 (Windows NT 10.0; Win64; x64) AppleWebKit/537.36 (KHTML, like Gecko) Chrome/134.0.0.0 Safari/537.3"
216.73.216.58 - - [26/Feb/2026:15:48:41 -0500] "GET /robots.txt HTTP/1.1" 301 795 "-" "Mozilla/5.0 AppleWebKit/537.36 (KHTML, like Gecko; compatible; ClaudeBot/1.0; [email protected])"
65.21.12.180 - - [26/Feb/2026:15:50:58 -0500] "GET /wp-login.php HTTP/1.1" 301 795 "-" "Mozilla/5.0 (Windows NT 6.1; WOW64; Trident/7.0; rv:11.0; MSN 9.0;MSN 9.1;MSN 9.6;MSN 10.0;MSN 10.2;MSN 10.5; MSNbMSNI; MSNmen-us; MSNcIA)"
65.21.12.180 - - [26/Feb/2026:15:50:59 -0500] "GET /wp-login.php HTTP/1.1" 200 1797 "https://bagpackvacation.com/wp-login.php" "Mozilla/5.0 (Windows NT 6.1; WOW64; Trident/7.0; rv:11.0; MSN 9.0;MSN 9.1;MSN 9.6;MSN 10.0;MSN 10.2;MSN 10.5; MSNbMSNI; MSNmen-us; MSNcIA)"
89.117.54.98 - - [26/Feb/2026:15:59:31 -0500] "POST /wp-login.php HTTP/1.1" 301 795 "https://bagpackvacation.com/wp-login.php" "Mozilla/4.0 (compatible; MSIE 7.0; Windows NT 6.1; Trident/7.0; SLCC2; Media Center PC 6.0; .NET CLR 3.5.30729; .NET CLR 3.0.30729; .NET CLR 2.0.50727; .NET4.0C; .NET4.0E)"
45.157.54.16 - - [26/Feb/2026:16:06:47 -0500] "POST /xmlrpc.php HTTP/1.1" 301 795 "-" "Mozilla/5.0 (Windows NT 10.0; Win64; x64) AppleWebKit/537.36 (KHTML, like Gecko) Chrome/127.0.0.0 Safari/537.36"
45.157.54.16 - - [26/Feb/2026:16:06:47 -0500] "POST /xmlrpc.php HTTP/1.1" 301 795 "-" "Mozilla/5.0 (Windows NT 10.0; Win64; x64) AppleWebKit/537.36 (KHTML, like Gecko) Chrome/127.0.0.0 Safari/537.36"
89.117.54.98 - - [26/Feb/2026:15:59:30 -0500] "GET /wp-login.php HTTP/1.1" 301 795 "-" "Mozilla/4.0 (compatible; MSIE 7.0; Windows NT 6.1; Trident/7.0; SLCC2; Media Center PC 6.0; .NET CLR 3.5.30729; .NET CLR 3.0.30729; .NET CLR 2.0.50727; .NET4.0C; .NET4.0E)"
89.117.54.98 - - [26/Feb/2026:15:59:31 -0500] "GET /wp-login.php HTTP/1.1" 200 1797 "https://bagpackvacation.com/wp-login.php" "Mozilla/4.0 (compatible; MSIE 7.0; Windows NT 6.1; Trident/7.0; SLCC2; Media Center PC 6.0; .NET CLR 3.5.30729; .NET CLR 3.0.30729; .NET CLR 2.0.50727; .NET4.0C; .NET4.0E)"
89.117.54.98 - - [26/Feb/2026:15:59:32 -0500] "GET /wp-login.php HTTP/1.1" 200 1797 "https://bagpackvacation.com/wp-login.php" "Mozilla/4.0 (compatible; MSIE 7.0; Windows NT 6.1; Trident/7.0; SLCC2; Media Center PC 6.0; .NET CLR 3.5.30729; .NET CLR 3.0.30729; .NET CLR 2.0.50727; .NET4.0C; .NET4.0E)"
142.93.120.13 - - [26/Feb/2026:16:12:17 -0500] "GET /wp-login.php HTTP/1.1" 301 795 "-" "Mozilla/4.0 (compatible; MSIE 7.0; Windows NT 6.2; WOW64; Trident/7.0; .NET4.0E; .NET4.0C; .NET CLR 3.5.30729; .NET CLR 2.0.50727; .NET CLR 3.0.30729; Tablet PC 2.0)"
142.93.120.13 - - [26/Feb/2026:16:12:17 -0500] "GET /wp-login.php HTTP/1.1" 200 1797 "https://bagpackvacation.com/wp-login.php" "Mozilla/4.0 (compatible; MSIE 7.0; Windows NT 6.2; WOW64; Trident/7.0; .NET4.0E; .NET4.0C; .NET CLR 3.5.30729; .NET CLR 2.0.50727; .NET CLR 3.0.30729; Tablet PC 2.0)"
194.103.212.184 - - [26/Feb/2026:16:12:45 -0500] "GET /romantic-sikkim-delight-with-gangtok-darjeeling-pelling/ HTTP/1.1" 200 29773 "-" "Mozilla/5.0 (iPhone; CPU iPhone OS 17_3_1 like Mac OS X) AppleWebKit/605.1.15 (KHTML, like Gecko) Version/17.3.1 Mobile/15E148 Safari/604"
192.71.2.57 - - [26/Feb/2026:16:12:45 -0500] "GET /romantic-goa-with-dudh-sagar-waterfall-4-night-5-days/ HTTP/1.1" 200 29026 "-" "Mozilla/5.0 (iPhone; CPU iPhone OS 17_3_1 like Mac OS X) AppleWebKit/605.1.15 (KHTML, like Gecko) Version/17.3.1 Mobile/15E148 Safari/604"
192.71.142.146 - - [26/Feb/2026:16:12:46 -0500] "GET /relaxing-shimla-with-narkanda-3-night-4-days/ HTTP/1.1" 200 29452 "-" "Mozilla/5.0 (iPhone; CPU iPhone OS 17_3_1 like Mac OS X) AppleWebKit/605.1.15 (KHTML, like Gecko) Version/17.3.1 Mobile/15E148 Safari/604"
51.195.215.193 - - [26/Feb/2026:16:10:44 -0500] "GET /robots.txt HTTP/1.1" 200 108 "-" "Mozilla/5.0 (compatible; AhrefsBot/7.0; +http://ahrefs.com/robot/)"
167.114.139.109 - - [26/Feb/2026:16:10:50 -0500] "GET / HTTP/1.1" 200 34037 "-" "Mozilla/5.0 (compatible; AhrefsBot/7.0; +http://ahrefs.com/robot/)"
142.93.120.13 - - [26/Feb/2026:16:12:17 -0500] "POST /wp-login.php HTTP/1.1" 301 795 "https://bagpackvacation.com/wp-login.php" "Mozilla/4.0 (compatible; MSIE 7.0; Windows NT 6.2; WOW64; Trident/7.0; .NET4.0E; .NET4.0C; .NET CLR 3.5.30729; .NET CLR 2.0.50727; .NET CLR 3.0.30729; Tablet PC 2.0)"
142.93.120.13 - - [26/Feb/2026:16:12:18 -0500] "GET /wp-login.php HTTP/1.1" 200 1797 "https://bagpackvacation.com/wp-login.php" "Mozilla/4.0 (compatible; MSIE 7.0; Windows NT 6.2; WOW64; Trident/7.0; .NET4.0E; .NET4.0C; .NET CLR 3.5.30729; .NET CLR 2.0.50727; .NET CLR 3.0.30729; Tablet PC 2.0)"
192.71.126.207 - - [26/Feb/2026:16:12:44 -0500] "GET / HTTP/1.1" 200 40195 "http://bagpackvacation.com/" "Mozilla/5.0 (iPhone; CPU iPhone OS 17_3_1 like Mac OS X) AppleWebKit/605.1.15 (KHTML, like Gecko) Version/17.3.1 Mobile/15E148 Safari/604"
104.210.140.131 - - [26/Feb/2026:16:39:07 -0500] "GET /robots.txt HTTP/1.1" 200 108 "-" "Mozilla/5.0 (Macintosh; Intel Mac OS X 10_15_7) AppleWebKit/537.36 (KHTML, like Gecko) Chrome/131.0.0.0 Safari/537.36; compatible; OAI-SearchBot/1.0; +https://openai.com/searchbot"
162.213.253.84 - - [26/Feb/2026:16:41:54 -0500] "POST /wp-cron.php?doing_wp_cron=1772142114.7627720832824707031250 HTTP/1.1" 200 0 "-" "WordPress/6.9.1; https://www.bagpackvacation.com"
114.119.137.238 - - [26/Feb/2026:16:41:52 -0500] "GET /4-night-5-days-singapore-honeymoon-special-2/ HTTP/1.1" 200 30994 "https://www.bagpackvacation.com/location/singapore" "Mozilla/5.0 (Linux; Android 7.0;) AppleWebKit/537.36 (KHTML, like Gecko) Mobile Safari/537.36 (compatible; PetalBot;+https://webmaster.petalsearch.com/site/petalbot)"
162.213.253.84 - - [26/Feb/2026:16:41:57 -0500] "POST /wp-admin/admin-ajax.php?action=async_litespeed&nonce=wvJdPGgs2OoaqwjYBCRohFTaFZYPoKTu&litespeed_type=imgoptm HTTP/1.1" 200 0 "-" "WordPress/6.9.1; https://www.bagpackvacation.com"
154.38.160.164 - - [26/Feb/2026:16:42:13 -0500] "GET /wp-login.php HTTP/1.1" 301 795 "-" "Mozilla/5.0 (Windows NT 6.3; Win64; x64) AppleWebKit/537.36 (KHTML, like Gecko) Chrome/67.0.3396.79 Safari/537.36"
154.38.160.164 - - [26/Feb/2026:16:42:14 -0500] "GET /wp-login.php HTTP/1.1" 200 1797 "https://bagpackvacation.com/wp-login.php" "Mozilla/5.0 (Windows NT 6.3; Win64; x64) AppleWebKit/537.36 (KHTML, like Gecko) Chrome/67.0.3396.79 Safari/537.36"
154.38.160.164 - - [26/Feb/2026:16:42:15 -0500] "GET /wp-login.php HTTP/1.1" 200 1797 "https://bagpackvacation.com/wp-login.php" "Mozilla/5.0 (Windows NT 6.3; Win64; x64) AppleWebKit/537.36 (KHTML, like Gecko) Chrome/67.0.3396.79 Safari/537.36"
104.210.140.143 - - [26/Feb/2026:16:39:07 -0500] "GET /robots.txt HTTP/1.1" 301 795 "-" "Mozilla/5.0 (Macintosh; Intel Mac OS X 10_15_7) AppleWebKit/537.36 (KHTML, like Gecko) Chrome/131.0.0.0 Safari/537.36; compatible; OAI-SearchBot/1.0; +https://openai.com/searchbot"
154.38.160.164 - - [26/Feb/2026:16:42:15 -0500] "POST /wp-login.php HTTP/1.1" 301 795 "https://bagpackvacation.com/wp-login.php" "Mozilla/5.0 (Windows NT 6.3; Win64; x64) AppleWebKit/537.36 (KHTML, like Gecko) Chrome/67.0.3396.79 Safari/537.36"
121.127.34.140 - - [26/Feb/2026:16:51:30 -0500] "GET / HTTP/1.1" 200 34037 "http://bagpackvacation.com/" "Mozilla/5.0 (Macintosh; Intel Mac OS X 10.15; rv:133.0) Gecko/20100101 Firefox/133.0"
52.3.102.51 - - [26/Feb/2026:16:52:05 -0500] "GET / HTTP/1.1" 200 40195 "-" "Mozilla/5.0 AppleWebKit/537.36 (KHTML, like Gecko; compatible; Amazonbot/0.1; +https://developer.amazon.com/support/amazonbot) Chrome/119.0.6045.214 Safari/537.36"
216.73.216.58 - - [26/Feb/2026:16:54:46 -0500] "GET /robots.txt HTTP/1.1" 200 108 "https://bagpackvacation.com/robots.txt" "Mozilla/5.0 AppleWebKit/537.36 (KHTML, like Gecko; compatible; ClaudeBot/1.0; [email protected])"
216.73.216.58 - - [26/Feb/2026:16:54:46 -0500] "GET /sitemap.xml HTTP/1.1" 301 795 "-" "Mozilla/5.0 AppleWebKit/537.36 (KHTML, like Gecko; compatible; ClaudeBot/1.0; [email protected])"
216.73.216.58 - - [26/Feb/2026:16:54:47 -0500] "GET /sitemap.xml HTTP/1.1" 301 0 "https://bagpackvacation.com/sitemap.xml" "Mozilla/5.0 AppleWebKit/537.36 (KHTML, like Gecko; compatible; ClaudeBot/1.0; [email protected])"
216.73.216.58 - - [26/Feb/2026:16:54:47 -0500] "GET /wp-sitemap.xml HTTP/1.1" 404 18609 "https://www.bagpackvacation.com/sitemap.xml" "Mozilla/5.0 AppleWebKit/537.36 (KHTML, like Gecko; compatible; ClaudeBot/1.0; [email protected])"
162.213.253.84 - - [26/Feb/2026:16:54:50 -0500] "POST /wp-admin/admin-ajax.php?action=async_litespeed&nonce=7DhR4wTtXr7BFbZ8E51xt3lX926rw3d8&litespeed_type=imgoptm HTTP/1.1" 200 0 "-" "WordPress/6.9.1; https://www.bagpackvacation.com"
103.56.161.126 - - [26/Feb/2026:16:55:17 -0500] "GET /wp-login.php HTTP/1.1" 200 1797 "https://bagpackvacation.com/wp-login.php" "Mozilla/5.0 (Macintosh; Intel Mac OS X 10_12_6) AppleWebKit/537.36 (KHTML, like Gecko) Chrome/65.0.3325.162 Safari/537.36"
103.56.161.126 - - [26/Feb/2026:16:55:19 -0500] "GET /wp-login.php HTTP/1.1" 200 1797 "https://bagpackvacation.com/wp-login.php" "Mozilla/5.0 (Macintosh; Intel Mac OS X 10_12_6) AppleWebKit/537.36 (KHTML, like Gecko) Chrome/65.0.3325.162 Safari/537.36"
5.182.33.60 - - [26/Feb/2026:16:59:05 -0500] "GET /wp-login.php HTTP/1.1" 301 795 "-" "Mozilla/5.0 (Macintosh; Intel Mac OS X 10_13_3) AppleWebKit/537.36 (KHTML, like Gecko) Chrome/67.0.3396.87 Safari/537.36"
98.82.39.241 - - [26/Feb/2026:16:52:00 -0500] "GET /robots.txt HTTP/1.1" 200 129 "-" "Mozilla/5.0 AppleWebKit/537.36 (KHTML, like Gecko; compatible; Amazonbot/0.1; +https://developer.amazon.com/support/amazonbot) Chrome/119.0.6045.214 Safari/537.36"
52.7.13.143 - - [26/Feb/2026:16:52:08 -0500] "GET /about-us/ HTTP/1.1" 200 25373 "-" "Mozilla/5.0 AppleWebKit/537.36 (KHTML, like Gecko; compatible; Amazonbot/0.1; +https://developer.amazon.com/support/amazonbot) Chrome/119.0.6045.214 Safari/537.36"
216.73.216.58 - - [26/Feb/2026:16:54:46 -0500] "GET /robots.txt HTTP/1.1" 301 795 "-" "Mozilla/5.0 AppleWebKit/537.36 (KHTML, like Gecko; compatible; ClaudeBot/1.0; [email protected])"
162.213.253.84 - - [26/Feb/2026:16:54:48 -0500] "POST /wp-cron.php?doing_wp_cron=1772142888.9681620597839355468750 HTTP/1.1" 200 0 "-" "WordPress/6.9.1; https://www.bagpackvacation.com"
162.213.253.84 - - [26/Feb/2026:16:54:51 -0500] "POST /wp-admin/admin-ajax.php?action=as_async_request_queue_runner&nonce=ad0fac6c55 HTTP/1.1" 200 0 "-" "WordPress/6.9.1; https://www.bagpackvacation.com"
103.56.161.126 - - [26/Feb/2026:16:55:11 -0500] "GET /wp-login.php HTTP/1.1" 301 795 "-" "Mozilla/5.0 (Macintosh; Intel Mac OS X 10_12_6) AppleWebKit/537.36 (KHTML, like Gecko) Chrome/65.0.3325.162 Safari/537.36"
103.56.161.126 - - [26/Feb/2026:16:55:18 -0500] "POST /wp-login.php HTTP/1.1" 301 795 "https://bagpackvacation.com/wp-login.php" "Mozilla/5.0 (Macintosh; Intel Mac OS X 10_12_6) AppleWebKit/537.36 (KHTML, like Gecko) Chrome/65.0.3325.162 Safari/537.36"
5.182.33.60 - - [26/Feb/2026:16:59:06 -0500] "GET /wp-login.php HTTP/1.1" 200 1797 "https://bagpackvacation.com/wp-login.php" "Mozilla/5.0 (Macintosh; Intel Mac OS X 10_13_3) AppleWebKit/537.36 (KHTML, like Gecko) Chrome/67.0.3396.87 Safari/537.36"
5.182.33.60 - - [26/Feb/2026:16:59:06 -0500] "POST /wp-login.php HTTP/1.1" 301 795 "https://bagpackvacation.com/wp-login.php" "Mozilla/5.0 (Macintosh; Intel Mac OS X 10_13_3) AppleWebKit/537.36 (KHTML, like Gecko) Chrome/67.0.3396.87 Safari/537.36"
5.182.33.60 - - [26/Feb/2026:16:59:07 -0500] "GET /wp-login.php HTTP/1.1" 200 1797 "https://bagpackvacation.com/wp-login.php" "Mozilla/5.0 (Macintosh; Intel Mac OS X 10_13_3) AppleWebKit/537.36 (KHTML, like Gecko) Chrome/67.0.3396.87 Safari/537.36"
97.74.83.20 - - [26/Feb/2026:17:15:40 -0500] "GET /wp-login.php HTTP/1.1" 301 795 "-" "Mozilla/5.0 (Macintosh; Intel Mac OS X 10_10_5) AppleWebKit/602.1.50 (KHTML, like Gecko) Version/10.0 Safari/602.1.50"
97.74.83.20 - - [26/Feb/2026:17:15:43 -0500] "GET /wp-login.php HTTP/1.1" 200 1797 "https://bagpackvacation.com/wp-login.php" "Mozilla/5.0 (Macintosh; Intel Mac OS X 10_10_5) AppleWebKit/602.1.50 (KHTML, like Gecko) Version/10.0 Safari/602.1.50"
97.74.83.20 - - [26/Feb/2026:17:15:44 -0500] "POST /wp-login.php HTTP/1.1" 301 795 "https://bagpackvacation.com/wp-login.php" "Mozilla/5.0 (Macintosh; Intel Mac OS X 10_10_5) AppleWebKit/602.1.50 (KHTML, like Gecko) Version/10.0 Safari/602.1.50"
97.74.83.20 - - [26/Feb/2026:17:15:45 -0500] "GET /wp-login.php HTTP/1.1" 200 1797 "https://bagpackvacation.com/wp-login.php" "Mozilla/5.0 (Macintosh; Intel Mac OS X 10_10_5) AppleWebKit/602.1.50 (KHTML, like Gecko) Version/10.0 Safari/602.1.50"
66.116.207.52 - - [26/Feb/2026:17:28:19 -0500] "GET /wp-login.php HTTP/1.1" 301 795 "-" "Mozilla/4.0 (compatible; MSIE 7.0; Windows NT 6.1; WOW64; Trident/7.0; SLCC2; .NET CLR 2.0.50727; .NET CLR 3.5.30729; .NET CLR 3.0.30729; Media Center PC 6.0; .NET4.0C; InfoPath.3; .NET4.0E)"
66.116.207.52 - - [26/Feb/2026:17:28:23 -0500] "GET /wp-login.php HTTP/1.1" 200 1797 "https://bagpackvacation.com/wp-login.php" "Mozilla/4.0 (compatible; MSIE 7.0; Windows NT 6.1; WOW64; Trident/7.0; SLCC2; .NET CLR 2.0.50727; .NET CLR 3.5.30729; .NET CLR 3.0.30729; Media Center PC 6.0; .NET4.0C; InfoPath.3; .NET4.0E)"
144.76.99.104 - - [26/Feb/2026:17:32:29 -0500] "POST /wp-login.php HTTP/1.1" 301 795 "https://bagpackvacation.com/wp-login.php" "Mozilla/5.0 (Windows NT 10.0; Win64; x64) AppleWebKit/537.36 (KHTML, like Gecko) Chrome/64.0.3282.186 Safari/537.36 OPR/51.0.2830.55"
212.227.100.3 - - [26/Feb/2026:17:18:16 -0500] "GET /wp-admin/css/ HTTP/1.1" 403 1242 "binance.com" "Mozilla/5.0 (Windows NT 10.0; Win64; x64) AppleWebKit/537.36 (KHTML, like Gecko) Chrome/90.0.4430.85 Safari/537.36"
66.116.207.52 - - [26/Feb/2026:17:28:24 -0500] "POST /wp-login.php HTTP/1.1" 301 795 "https://bagpackvacation.com/wp-login.php" "Mozilla/4.0 (compatible; MSIE 7.0; Windows NT 6.1; WOW64; Trident/7.0; SLCC2; .NET CLR 2.0.50727; .NET CLR 3.5.30729; .NET CLR 3.0.30729; Media Center PC 6.0; .NET4.0C; InfoPath.3; .NET4.0E)"
66.116.207.52 - - [26/Feb/2026:17:28:26 -0500] "GET /wp-login.php HTTP/1.1" 200 1797 "https://bagpackvacation.com/wp-login.php" "Mozilla/4.0 (compatible; MSIE 7.0; Windows NT 6.1; WOW64; Trident/7.0; SLCC2; .NET CLR 2.0.50727; .NET CLR 3.5.30729; .NET CLR 3.0.30729; Media Center PC 6.0; .NET4.0C; InfoPath.3; .NET4.0E)"
144.76.99.104 - - [26/Feb/2026:17:32:28 -0500] "GET /wp-login.php HTTP/1.1" 301 795 "-" "Mozilla/5.0 (Windows NT 10.0; Win64; x64) AppleWebKit/537.36 (KHTML, like Gecko) Chrome/64.0.3282.186 Safari/537.36 OPR/51.0.2830.55"
144.76.99.104 - - [26/Feb/2026:17:32:29 -0500] "GET /wp-login.php HTTP/1.1" 200 1797 "https://bagpackvacation.com/wp-login.php" "Mozilla/5.0 (Windows NT 10.0; Win64; x64) AppleWebKit/537.36 (KHTML, like Gecko) Chrome/64.0.3282.186 Safari/537.36 OPR/51.0.2830.55"
144.76.99.104 - - [26/Feb/2026:17:32:29 -0500] "GET /wp-login.php HTTP/1.1" 200 1797 "https://bagpackvacation.com/wp-login.php" "Mozilla/5.0 (Windows NT 10.0; Win64; x64) AppleWebKit/537.36 (KHTML, like Gecko) Chrome/64.0.3282.186 Safari/537.36 OPR/51.0.2830.55"
74.7.228.55 - - [26/Feb/2026:17:34:50 -0500] "GET /robots.txt HTTP/1.1" 301 795 "-" "Mozilla/5.0 (Macintosh; Intel Mac OS X 10_15_7) AppleWebKit/537.36 (KHTML, like Gecko) Chrome/131.0.0.0 Safari/537.36; compatible; OAI-SearchBot/1.3; robots.txt; +https://openai.com/searchbot"
74.7.243.217 - - [26/Feb/2026:17:34:50 -0500] "GET / HTTP/1.1" 301 795 "-" "Mozilla/5.0 AppleWebKit/537.36 (KHTML, like Gecko; compatible; GPTBot/1.3; +https://openai.com/gptbot)"
74.7.228.55 - - [26/Feb/2026:17:34:50 -0500] "GET /robots.txt HTTP/1.1" 200 108 "https://mail.bagpackvacation.com/robots.txt" "Mozilla/5.0 (Macintosh; Intel Mac OS X 10_15_7) AppleWebKit/537.36 (KHTML, like Gecko) Chrome/131.0.0.0 Safari/537.36; compatible; OAI-SearchBot/1.3; robots.txt; +https://openai.com/searchbot"
179.108.84.136 - - [26/Feb/2026:17:36:39 -0500] "POST /wp-login.php HTTP/1.1" 301 795 "https://bagpackvacation.com/wp-login.php" "Mozilla/5.0 (X11; CrOS x86_64 10323.62.0) AppleWebKit/537.36 (KHTML, like Gecko) Chrome/65.0.3325.184 Safari/537.36"
14.254.249.187 - - [26/Feb/2026:17:50:11 -0500] "GET /fun-with-family-in-goa/ HTTP/1.1" 200 28677 "-" "Mozilla/5.0 (Macintosh; Intel Mac OS X 10_14_6) AppleWebKit/537.36 (KHTML, like Gecko) Chrome/88.0.4324.146 Safari/537.36"
179.108.84.136 - - [26/Feb/2026:17:36:34 -0500] "GET /wp-login.php HTTP/1.1" 301 795 "-" "Mozilla/5.0 (X11; CrOS x86_64 10323.62.0) AppleWebKit/537.36 (KHTML, like Gecko) Chrome/65.0.3325.184 Safari/537.36"
179.108.84.136 - - [26/Feb/2026:17:36:38 -0500] "GET /wp-login.php HTTP/1.1" 200 1797 "https://bagpackvacation.com/wp-login.php" "Mozilla/5.0 (X11; CrOS x86_64 10323.62.0) AppleWebKit/537.36 (KHTML, like Gecko) Chrome/65.0.3325.184 Safari/537.36"
179.108.84.136 - - [26/Feb/2026:17:36:39 -0500] "GET /wp-login.php HTTP/1.1" 200 1797 "https://bagpackvacation.com/wp-login.php" "Mozilla/5.0 (X11; CrOS x86_64 10323.62.0) AppleWebKit/537.36 (KHTML, like Gecko) Chrome/65.0.3325.184 Safari/537.36"
103.56.163.133 - - [26/Feb/2026:17:53:38 -0500] "GET /wp-login.php HTTP/1.1" 301 795 "-" "Mozilla/5.0 (Windows NT 10.0) AppleWebKit/537.36 (KHTML, like Gecko) Chrome/65.0.3325.181 Safari/537.36"
103.56.163.133 - - [26/Feb/2026:17:53:40 -0500] "GET /wp-login.php HTTP/1.1" 200 1797 "https://bagpackvacation.com/wp-login.php" "Mozilla/5.0 (Windows NT 10.0) AppleWebKit/537.36 (KHTML, like Gecko) Chrome/65.0.3325.181 Safari/537.36"
103.56.163.133 - - [26/Feb/2026:17:53:41 -0500] "GET /wp-login.php HTTP/1.1" 200 1797 "https://bagpackvacation.com/wp-login.php" "Mozilla/5.0 (Windows NT 10.0) AppleWebKit/537.36 (KHTML, like Gecko) Chrome/65.0.3325.181 Safari/537.36"
162.240.233.32 - - [26/Feb/2026:17:57:29 -0500] "GET /wp-login.php HTTP/1.1" 301 795 "-" "Mozilla/5.0 (Windows NT 6.0; Win64; x64) AppleWebKit/537.36 (KHTML, like Gecko) Chrome/58.0.3029.110 Safari/537.36 Edge/16.16299"
97.74.83.20 - - [26/Feb/2026:18:01:46 -0500] "POST /wp-login.php HTTP/1.1" 301 795 "https://bagpackvacation.com/wp-login.php" "Mozilla/5.0 (Windows NT 6.1; Win64; x64; Trident/7.0; rv:11.0) like Gecko"
97.74.83.20 - - [26/Feb/2026:18:01:46 -0500] "GET /wp-login.php HTTP/1.1" 200 1797 "https://bagpackvacation.com/wp-login.php" "Mozilla/5.0 (Windows NT 6.1; Win64; x64; Trident/7.0; rv:11.0) like Gecko"
216.73.216.85 - - [26/Feb/2026:18:02:01 -0500] "GET /robots.txt HTTP/1.1" 200 108 "https://bagpackvacation.com/robots.txt" "Mozilla/5.0 AppleWebKit/537.36 (KHTML, like Gecko; compatible; ClaudeBot/1.0; [email protected])"
162.213.253.84 - - [26/Feb/2026:18:02:03 -0500] "POST /wp-cron.php?doing_wp_cron=1772146923.7791860103607177734375 HTTP/1.1" 200 0 "-" "WordPress/6.9.1; https://www.bagpackvacation.com"
216.73.216.85 - - [26/Feb/2026:18:02:02 -0500] "GET /wp-sitemap.xml HTTP/1.1" 404 18609 "https://www.bagpackvacation.com/sitemap.xml" "Mozilla/5.0 AppleWebKit/537.36 (KHTML, like Gecko; compatible; ClaudeBot/1.0; [email protected])"
103.56.163.133 - - [26/Feb/2026:17:53:40 -0500] "POST /wp-login.php HTTP/1.1" 301 795 "https://bagpackvacation.com/wp-login.php" "Mozilla/5.0 (Windows NT 10.0) AppleWebKit/537.36 (KHTML, like Gecko) Chrome/65.0.3325.181 Safari/537.36"
162.240.233.32 - - [26/Feb/2026:17:57:29 -0500] "GET /wp-login.php HTTP/1.1" 200 1797 "https://bagpackvacation.com/wp-login.php" "Mozilla/5.0 (Windows NT 6.0; Win64; x64) AppleWebKit/537.36 (KHTML, like Gecko) Chrome/58.0.3029.110 Safari/537.36 Edge/16.16299"
162.240.233.32 - - [26/Feb/2026:17:57:30 -0500] "POST /wp-login.php HTTP/1.1" 301 795 "https://bagpackvacation.com/wp-login.php" "Mozilla/5.0 (Windows NT 6.0; Win64; x64) AppleWebKit/537.36 (KHTML, like Gecko) Chrome/58.0.3029.110 Safari/537.36 Edge/16.16299"
162.240.233.32 - - [26/Feb/2026:17:57:30 -0500] "GET /wp-login.php HTTP/1.1" 200 1797 "https://bagpackvacation.com/wp-login.php" "Mozilla/5.0 (Windows NT 6.0; Win64; x64) AppleWebKit/537.36 (KHTML, like Gecko) Chrome/58.0.3029.110 Safari/537.36 Edge/16.16299"
97.74.83.20 - - [26/Feb/2026:18:01:44 -0500] "GET /wp-login.php HTTP/1.1" 301 795 "-" "Mozilla/5.0 (Windows NT 6.1; Win64; x64; Trident/7.0; rv:11.0) like Gecko"
97.74.83.20 - - [26/Feb/2026:18:01:45 -0500] "GET /wp-login.php HTTP/1.1" 200 1797 "https://bagpackvacation.com/wp-login.php" "Mozilla/5.0 (Windows NT 6.1; Win64; x64; Trident/7.0; rv:11.0) like Gecko"
216.73.216.85 - - [26/Feb/2026:18:02:01 -0500] "GET /robots.txt HTTP/1.1" 301 795 "-" "Mozilla/5.0 AppleWebKit/537.36 (KHTML, like Gecko; compatible; ClaudeBot/1.0; [email protected])"
216.73.216.85 - - [26/Feb/2026:18:02:01 -0500] "GET /sitemap.xml HTTP/1.1" 301 795 "-" "Mozilla/5.0 AppleWebKit/537.36 (KHTML, like Gecko; compatible; ClaudeBot/1.0; [email protected])"
216.73.216.85 - - [26/Feb/2026:18:02:01 -0500] "GET /sitemap.xml HTTP/1.1" 301 0 "https://bagpackvacation.com/sitemap.xml" "Mozilla/5.0 AppleWebKit/537.36 (KHTML, like Gecko; compatible; ClaudeBot/1.0; [email protected])"
162.213.253.84 - - [26/Feb/2026:18:02:05 -0500] "POST /wp-admin/admin-ajax.php?action=async_litespeed&nonce=pLJAE6VgAPfT0ebRRsr6MQNhHolGxNXh&litespeed_type=imgoptm HTTP/1.1" 200 0 "-" "WordPress/6.9.1; https://www.bagpackvacation.com"
74.91.223.129 - - [26/Feb/2026:18:16:20 -0500] "POST /wp-login.php HTTP/1.1" 301 795 "https://bagpackvacation.com/wp-login.php" "Mozilla/5.0 (Windows NT 6.3) AppleWebKit/537.36 (KHTML, like Gecko) Chrome/66.0.3359.139 Safari/537.36"
74.91.223.129 - - [26/Feb/2026:18:16:21 -0500] "GET /wp-login.php HTTP/1.1" 200 1797 "https://bagpackvacation.com/wp-login.php" "Mozilla/5.0 (Windows NT 6.3) AppleWebKit/537.36 (KHTML, like Gecko) Chrome/66.0.3359.139 Safari/537.36"
74.91.223.129 - - [26/Feb/2026:18:16:18 -0500] "GET /wp-login.php HTTP/1.1" 301 795 "-" "Mozilla/5.0 (Windows NT 6.3) AppleWebKit/537.36 (KHTML, like Gecko) Chrome/66.0.3359.139 Safari/537.36"
74.91.223.129 - - [26/Feb/2026:18:16:19 -0500] "GET /wp-login.php HTTP/1.1" 200 1797 "https://bagpackvacation.com/wp-login.php" "Mozilla/5.0 (Windows NT 6.3) AppleWebKit/537.36 (KHTML, like Gecko) Chrome/66.0.3359.139 Safari/537.36"
51.77.152.196 - - [26/Feb/2026:18:27:09 -0500] "GET /wp-login.php HTTP/1.1" 301 795 "-" "Mozilla/5.0 (Macintosh; Intel Mac OS X 10_11_6) AppleWebKit/604.1.38 (KHTML, like Gecko) Version/11.0 Safari/604.1.38"
51.77.152.196 - - [26/Feb/2026:18:27:10 -0500] "POST /wp-login.php HTTP/1.1" 301 795 "https://bagpackvacation.com/wp-login.php" "Mozilla/5.0 (Macintosh; Intel Mac OS X 10_11_6) AppleWebKit/604.1.38 (KHTML, like Gecko) Version/11.0 Safari/604.1.38"
51.77.152.196 - - [26/Feb/2026:18:27:09 -0500] "GET /wp-login.php HTTP/1.1" 200 1797 "https://bagpackvacation.com/wp-login.php" "Mozilla/5.0 (Macintosh; Intel Mac OS X 10_11_6) AppleWebKit/604.1.38 (KHTML, like Gecko) Version/11.0 Safari/604.1.38"
51.77.152.196 - - [26/Feb/2026:18:27:10 -0500] "GET /wp-login.php HTTP/1.1" 200 1797 "https://bagpackvacation.com/wp-login.php" "Mozilla/5.0 (Macintosh; Intel Mac OS X 10_11_6) AppleWebKit/604.1.38 (KHTML, like Gecko) Version/11.0 Safari/604.1.38"
114.119.152.5 - - [26/Feb/2026:18:31:45 -0500] "GET /explore-kullu-with-manali-4-nights-5-days/ HTTP/1.1" 200 29265 "-" "Mozilla/5.0 (Linux; Android 7.0;) AppleWebKit/537.36 (KHTML, like Gecko) Mobile Safari/537.36 (compatible; PetalBot;+https://webmaster.petalsearch.com/site/petalbot)"
162.213.253.84 - - [26/Feb/2026:18:31:44 -0500] "POST /wp-cron.php?doing_wp_cron=1772148704.4890980720520019531250 HTTP/1.1" 200 0 "-" "WordPress/6.9.1; https://www.bagpackvacation.com"
114.119.152.5 - - [26/Feb/2026:18:31:43 -0500] "GET /explore-kullu-with-manali-4-nights-5-days HTTP/1.1" 301 0 "-" "Mozilla/5.0 (Linux; Android 7.0;) AppleWebKit/537.36 (KHTML, like Gecko) Mobile Safari/537.36 (compatible; PetalBot;+https://webmaster.petalsearch.com/site/petalbot)"
162.213.253.84 - - [26/Feb/2026:18:31:45 -0500] "POST /wp-admin/admin-ajax.php?action=async_litespeed&nonce=cFQ6ZvPnUlFTmxDZUqwIyNZG0SehGV1G&litespeed_type=imgoptm HTTP/1.1" 200 0 "-" "WordPress/6.9.1; https://www.bagpackvacation.com"
69.57.172.96 - - [26/Feb/2026:18:56:25 -0500] "GET /wp-login.php HTTP/1.1" 301 795 "-" "Mozilla/5.0 (X11; CrOS x86_64 10323.67.0) AppleWebKit/537.36 (KHTML, like Gecko) Chrome/65.0.3325.209 Safari/537.36"
69.57.172.96 - - [26/Feb/2026:18:57:06 -0500] "GET /wp-login.php HTTP/1.1" 301 795 "-" "Mozilla/5.0 (X11; CrOS x86_64 10323.67.0) AppleWebKit/537.36 (KHTML, like Gecko) Chrome/65.0.3325.209 Safari/537.36"
207.180.205.85 - - [26/Feb/2026:18:58:41 -0500] "GET /.env HTTP/1.1" 404 103070 "http://bagpackvacation.com/.env" "Go-http-client/2.0"
162.213.253.84 - - [26/Feb/2026:18:58:43 -0500] "POST /wp-admin/admin-ajax.php?action=async_litespeed&nonce=3FsgWzoLQrFLe6S3HBmjojoj1nDwUlbL&litespeed_type=imgoptm HTTP/1.1" 200 0 "-" "WordPress/6.9.1; https://www.bagpackvacation.com"
162.213.253.84 - - [26/Feb/2026:19:00:36 -0500] "POST /wp-admin/admin-ajax.php?action=async_litespeed&nonce=gFAvoLhRWkdOSonbXRiQracHsJtOf5Oa&litespeed_type=imgoptm HTTP/1.1" 200 0 "-" "WordPress/6.9.1; https://www.bagpackvacation.com"
69.57.172.96 - - [26/Feb/2026:18:56:35 -0500] "GET /wp-login.php HTTP/1.1" 200 1797 "https://bagpackvacation.com/wp-login.php" "Mozilla/5.0 (X11; CrOS x86_64 10323.67.0) AppleWebKit/537.36 (KHTML, like Gecko) Chrome/65.0.3325.209 Safari/537.36"
69.57.172.96 - - [26/Feb/2026:18:56:48 -0500] "GET /wp-login.php HTTP/1.1" 301 795 "-" "Mozilla/5.0 (X11; CrOS x86_64 10323.67.0) AppleWebKit/537.36 (KHTML, like Gecko) Chrome/65.0.3325.209 Safari/537.36"
69.57.172.96 - - [26/Feb/2026:18:57:17 -0500] "GET /wp-login.php HTTP/1.1" 200 1797 "https://bagpackvacation.com/wp-login.php" "Mozilla/5.0 (X11; CrOS x86_64 10323.67.0) AppleWebKit/537.36 (KHTML, like Gecko) Chrome/65.0.3325.209 Safari/537.36"
162.213.253.84 - - [26/Feb/2026:18:58:42 -0500] "POST /wp-cron.php?doing_wp_cron=1772150322.6728940010070800781250 HTTP/1.1" 200 0 "-" "WordPress/6.9.1; https://www.bagpackvacation.com"
216.73.216.85 - - [26/Feb/2026:19:06:17 -0500] "GET /robots.txt HTTP/1.1" 301 795 "-" "Mozilla/5.0 AppleWebKit/537.36 (KHTML, like Gecko; compatible; ClaudeBot/1.0; [email protected])"
216.73.216.85 - - [26/Feb/2026:19:06:18 -0500] "GET /robots.txt HTTP/1.1" 200 108 "https://bagpackvacation.com/robots.txt" "Mozilla/5.0 AppleWebKit/537.36 (KHTML, like Gecko; compatible; ClaudeBot/1.0; [email protected])"
216.73.216.85 - - [26/Feb/2026:19:06:18 -0500] "GET /sitemap.xml HTTP/1.1" 301 0 "https://bagpackvacation.com/sitemap.xml" "Mozilla/5.0 AppleWebKit/537.36 (KHTML, like Gecko; compatible; ClaudeBot/1.0; [email protected])"
162.213.253.84 - - [26/Feb/2026:19:06:20 -0500] "POST /wp-cron.php?doing_wp_cron=1772150780.2022690773010253906250 HTTP/1.1" 200 0 "-" "WordPress/6.9.1; https://www.bagpackvacation.com"
52.38.3.21 - - [26/Feb/2026:19:06:23 -0500] "GET /wp-login.php HTTP/1.1" 301 795 "-" "Mozilla/4.0 (compatible; MSIE 7.0; Windows NT 6.1; WOW64; Trident/7.0; SLCC2; .NET CLR 2.0.50727; .NET CLR 3.5.30729; .NET CLR 3.0.30729; Media Center PC 6.0; .NET4.0C; .NET4.0E; .NET CLR 1.1.4322)"
52.38.3.21 - - [26/Feb/2026:19:06:24 -0500] "GET /wp-login.php HTTP/1.1" 200 1797 "https://bagpackvacation.com/wp-login.php" "Mozilla/4.0 (compatible; MSIE 7.0; Windows NT 6.1; WOW64; Trident/7.0; SLCC2; .NET CLR 2.0.50727; .NET CLR 3.5.30729; .NET CLR 3.0.30729; Media Center PC 6.0; .NET4.0C; .NET4.0E; .NET CLR 1.1.4322)"
104.244.78.102 - - [26/Feb/2026:19:13:48 -0500] "POST /wp-login.php HTTP/1.1" 301 795 "-" "Mozilla/5.0 (Macintosh; Intel Mac OS X 10_9_4) AppleWebKit/537.77.4 (KHTML, like Gecko) Version/7.0.5 Safari/537.77.4"
104.244.78.102 - - [26/Feb/2026:19:16:29 -0500] "GET /wp-admin/themes.php HTTP/1.1" 301 795 "-" "python-requests/2.27.1"
216.73.216.85 - - [26/Feb/2026:19:06:18 -0500] "GET /sitemap.xml HTTP/1.1" 301 795 "-" "Mozilla/5.0 AppleWebKit/537.36 (KHTML, like Gecko; compatible; ClaudeBot/1.0; [email protected])"
216.73.216.85 - - [26/Feb/2026:19:06:18 -0500] "GET /wp-sitemap.xml HTTP/1.1" 404 18609 "https://www.bagpackvacation.com/sitemap.xml" "Mozilla/5.0 AppleWebKit/537.36 (KHTML, like Gecko; compatible; ClaudeBot/1.0; [email protected])"
162.213.253.84 - - [26/Feb/2026:19:06:21 -0500] "POST /wp-admin/admin-ajax.php?action=async_litespeed&nonce=g4aRQX7GUJN3Q9q5soQSEgmQXpLNN966&litespeed_type=imgoptm HTTP/1.1" 200 0 "-" "WordPress/6.9.1; https://www.bagpackvacation.com"
52.38.3.21 - - [26/Feb/2026:19:06:24 -0500] "POST /wp-login.php HTTP/1.1" 301 795 "https://bagpackvacation.com/wp-login.php" "Mozilla/4.0 (compatible; MSIE 7.0; Windows NT 6.1; WOW64; Trident/7.0; SLCC2; .NET CLR 2.0.50727; .NET CLR 3.5.30729; .NET CLR 3.0.30729; Media Center PC 6.0; .NET4.0C; .NET4.0E; .NET CLR 1.1.4322)"
52.38.3.21 - - [26/Feb/2026:19:06:24 -0500] "GET /wp-login.php HTTP/1.1" 200 1797 "https://bagpackvacation.com/wp-login.php" "Mozilla/4.0 (compatible; MSIE 7.0; Windows NT 6.1; WOW64; Trident/7.0; SLCC2; .NET CLR 2.0.50727; .NET CLR 3.5.30729; .NET CLR 3.0.30729; Media Center PC 6.0; .NET4.0C; .NET4.0E; .NET CLR 1.1.4322)"
104.244.78.102 - - [26/Feb/2026:19:10:57 -0500] "GET /wp-login.php HTTP/1.1" 301 795 "-" "Mozilla/5.0 (Macintosh; Intel Mac OS X 10_9_4) AppleWebKit/537.77.4 (KHTML, like Gecko) Version/7.0.5 Safari/537.77.4"
104.244.78.102 - - [26/Feb/2026:19:12:09 -0500] "GET /wp-login.php HTTP/1.1" 200 5761 "-" "Mozilla/5.0 (Macintosh; Intel Mac OS X 10_9_4) AppleWebKit/537.77.4 (KHTML, like Gecko) Version/7.0.5 Safari/537.77.4"
104.244.78.102 - - [26/Feb/2026:19:15:17 -0500] "GET /wp-login.php HTTP/1.1" 200 5761 "-" "Mozilla/5.0 (Macintosh; Intel Mac OS X 10_9_4) AppleWebKit/537.77.4 (KHTML, like Gecko) Version/7.0.5 Safari/537.77.4"
162.213.253.84 - - [26/Feb/2026:19:17:56 -0500] "POST /wp-cron.php?doing_wp_cron=1772151475.9948279857635498046875 HTTP/1.1" 200 0 "-" "WordPress/6.9.1; https://www.bagpackvacation.com"
104.244.78.102 - - [26/Feb/2026:19:17:54 -0500] "GET /wp-admin/themes.php HTTP/1.1" 302 0 "-" "python-requests/2.27.1"
104.244.78.102 - - [26/Feb/2026:19:17:56 -0500] "GET /wp-login.php?redirect_to=https%3A%2F%2Fwww.bagpackvacation.com%2Fwp-admin%2Fthemes.php&reauth=1 HTTP/1.1" 200 2031 "-" "python-requests/2.27.1"
162.213.253.84 - - [26/Feb/2026:19:17:57 -0500] "POST /wp-admin/admin-ajax.php?action=async_litespeed&nonce=iz8ZrssoYFC432iQLD0ijB38E2n2AJxW&litespeed_type=imgoptm HTTP/1.1" 200 0 "-" "WordPress/6.9.1; https://www.bagpackvacation.com"
104.244.78.102 - - [26/Feb/2026:19:19:30 -0500] "GET /wp-admin/plugin-install.php?tab=upload HTTP/1.1" 301 795 "-" "python-requests/2.27.1"
66.220.149.46 - - [26/Feb/2026:19:20:48 -0500] "GET / HTTP/1.1" 200 254363 "-" "facebookexternalhit/1.1 (+http://www.facebook.com/externalhit_uatext.php)"
162.213.253.84 - - [26/Feb/2026:19:20:49 -0500] "POST /wp-admin/admin-ajax.php?action=async_litespeed&nonce=L9vBLsJJjnQiINKb4Wq7m088uXxToVTg&litespeed_type=imgoptm HTTP/1.1" 200 0 "-" "WordPress/6.9.1; https://www.bagpackvacation.com"
104.244.78.102 - - [26/Feb/2026:19:20:49 -0500] "GET /wp-login.php?redirect_to=https%3A%2F%2Fwww.bagpackvacation.com%2Fwp-admin%2Fplugin-install.php%3Ftab%3Dupload&reauth=1 HTTP/1.1" 200 2037 "-" "python-requests/2.27.1"
144.172.114.76 - - [26/Feb/2026:19:23:54 -0500] "GET /unzip.php HTTP/1.1" 404 103049 "-" "Python-urllib/2.7"
162.213.253.84 - - [26/Feb/2026:19:23:57 -0500] "POST /wp-admin/admin-ajax.php?action=async_litespeed&nonce=8UYwJtUmStrzb4JqPM5Jx0mAZ2Rgh6Bh&litespeed_type=imgoptm HTTP/1.1" 200 0 "-" "WordPress/6.9.1; https://www.bagpackvacation.com"
31.173.87.93 - - [26/Feb/2026:19:24:58 -0500] "GET /contact-us/ HTTP/1.0" 200 128326 "https://www.bagpackvacation.com/contact-us/" "Mozilla/5.0 (Windows NT 10.0; Win64; x64) AppleWebKit/537.36 (KHTML, like Gecko) Chrome/130.0.0.0 Safari/537.36"
162.213.253.84 - - [26/Feb/2026:19:25:02 -0500] "POST /wp-cron.php?doing_wp_cron=1772151902.6705160140991210937500 HTTP/1.1" 200 0 "-" "WordPress/6.9.1; https://www.bagpackvacation.com"
176.31.224.40 - - [26/Feb/2026:19:29:55 -0500] "GET /wp-login.php HTTP/1.1" 301 795 "-" "Mozilla/5.0 (X11; Linux x86_64) AppleWebKit/537.36 (KHTML, like Gecko) Chrome/66.0.3359.117 Safari/537.36"
82.27.17.99 - - [26/Feb/2026:19:33:55 -0500] "GET /wp-login.php HTTP/1.1" 200 1797 "https://bagpackvacation.com/wp-login.php" "Mozilla/5.0 (X11; Ubuntu; Linux x86_64; rv:60.0) Gecko/20100101 Firefox/60.0"
104.244.78.102 - - [26/Feb/2026:19:20:48 -0500] "GET /wp-admin/plugin-install.php?tab=upload HTTP/1.1" 302 0 "-" "python-requests/2.27.1"
162.213.253.84 - - [26/Feb/2026:19:23:56 -0500] "POST /wp-cron.php?doing_wp_cron=1772151836.4828450679779052734375 HTTP/1.1" 200 0 "-" "WordPress/6.9.1; https://www.bagpackvacation.com"
31.173.87.93 - - [26/Feb/2026:19:25:00 -0500] "POST /wp-admin/admin-ajax.php HTTP/1.0" 200 111 "https://www.bagpackvacation.com/contact-us/" "Mozilla/5.0 (Windows NT 10.0; Win64; x64) AppleWebKit/537.36 (KHTML, like Gecko) Chrome/130.0.0.0 Safari/537.36"
162.213.253.84 - - [26/Feb/2026:19:25:04 -0500] "POST /wp-admin/admin-ajax.php?action=async_litespeed&nonce=HMuxGp3L4J6u54laWUIIG7x4wjeUsxTq&litespeed_type=imgoptm HTTP/1.1" 200 0 "-" "WordPress/6.9.1; https://www.bagpackvacation.com"
31.173.83.53 - - [26/Feb/2026:19:27:40 -0500] "GET /contact-us/ HTTP/1.0" 200 128326 "https://www.bagpackvacation.com/contact-us/" "Mozilla/5.0 (Windows NT 10.0; Win64; x64) AppleWebKit/537.36 (KHTML, like Gecko) Chrome/130.0.0.0 Safari/537.36"
123.22.196.226 - - [26/Feb/2026:19:28:18 -0500] "GET /4-night-5-days-best-of-bali-package/ HTTP/1.1" 200 30012 "-" "Mozilla/5.0 (Macintosh; Intel Mac OS X 10_11_6) AppleWebKit/537.36 (KHTML, like Gecko) Brave Chrome/86.0.4240.75 Safari/537.36"
82.27.17.99 - - [26/Feb/2026:19:33:42 -0500] "GET /wp-login.php HTTP/1.1" 301 795 "-" "Mozilla/5.0 (X11; Ubuntu; Linux x86_64; rv:60.0) Gecko/20100101 Firefox/60.0"
82.27.17.99 - - [26/Feb/2026:19:33:50 -0500] "GET /wp-login.php HTTP/1.1" 200 1797 "https://bagpackvacation.com/wp-login.php" "Mozilla/5.0 (X11; Ubuntu; Linux x86_64; rv:60.0) Gecko/20100101 Firefox/60.0"
82.27.17.99 - - [26/Feb/2026:19:33:53 -0500] "POST /wp-login.php HTTP/1.1" 301 795 "https://bagpackvacation.com/wp-login.php" "Mozilla/5.0 (X11; Ubuntu; Linux x86_64; rv:60.0) Gecko/20100101 Firefox/60.0"
34.127.40.27 - - [26/Feb/2026:19:48:15 -0500] "HEAD /wordpress/ HTTP/1.1" 404 0 "http://bagpackvacation.com/wordpress/" "Mozilla/5.0 (Linux; Android 10; vivo 1904) AppleWebKit/537.36 (KHTML, like Gecko) Chrome/117.0.5938.60 Mobile Safari/537.36"
34.127.40.27 - - [26/Feb/2026:19:48:17 -0500] "HEAD /blog/ HTTP/1.1" 404 0 "http://bagpackvacation.com/blog/" "Mozilla/5.0 (Windows NT 11.0; Win64; x64) AppleWebKit/537.36 (KHTML, like Gecko) Chrome/128.0.6540.18 Safari/537.36"
34.127.40.27 - - [26/Feb/2026:19:48:20 -0500] "HEAD /new/ HTTP/1.1" 404 0 "http://bagpackvacation.com/new/" "Mozilla/5.0 (Linux; Android 12; TECNO CK6n) AppleWebKit/537.36 (KHTML, like Gecko) Chrome/125.0.6422.50 Mobile Safari/537.36"
34.127.40.27 - - [26/Feb/2026:19:48:21 -0500] "HEAD /old/ HTTP/1.1" 404 0 "http://bagpackvacation.com/old/" "Mozilla/5.0 (Linux; Android 13; Pixel 7a) AppleWebKit/537.36 (KHTML, like Gecko) Chrome/124.0.6367.82 Mobile Safari/537.36"
162.213.253.84 - - [26/Feb/2026:19:48:17 -0500] "POST /wp-cron.php?doing_wp_cron=1772153297.0905530452728271484375 HTTP/1.1" 200 0 "-" "WordPress/6.9.1; https://www.bagpackvacation.com"
162.213.253.84 - - [26/Feb/2026:19:48:18 -0500] "POST /wp-admin/admin-ajax.php?action=async_litespeed&nonce=pMNhzVSefeJiuyLY7fuwZkWLRDjkTLPu&litespeed_type=imgoptm HTTP/1.1" 200 0 "-" "WordPress/6.9.1; https://www.bagpackvacation.com"
