121.37.96.207 - - [14/Apr/2026:09:19:00 -0400] "GET /wp-content/uploads/elementor/css/post-1641.css?ver=1714710806 HTTP/1.1" 200 416 "https://www.bagpackvacation.com/5-night-6-days-malaysia-family-tour/" "Mozilla/5.0 (Macintosh; Intel Mac OS X 10_15_7) AppleWebKit/537.36 (KHTML, like Gecko) Chrome/143.0.0.0 Safari/537.36"
121.37.96.207 - - [14/Apr/2026:09:19:00 -0400] "GET /wp-content/plugins/elementor/assets/lib/font-awesome/css/fontawesome.min.css?ver=5.15.3 HTTP/1.1" 200 12164 "https://www.bagpackvacation.com/5-night-6-days-malaysia-family-tour/" "Mozilla/5.0 (Macintosh; Intel Mac OS X 10_15_7) AppleWebKit/537.36 (KHTML, like Gecko) Chrome/143.0.0.0 Safari/537.36"
121.37.96.207 - - [14/Apr/2026:09:19:00 -0400] "GET /wp-content/plugins/elementor/assets/css/widget-star-rating.min.css?ver=3.28.4 HTTP/1.1" 200 472 "https://www.bagpackvacation.com/5-night-6-days-malaysia-family-tour/" "Mozilla/5.0 (Macintosh; Intel Mac OS X 10_15_7) AppleWebKit/537.36 (KHTML, like Gecko) Chrome/143.0.0.0 Safari/537.36"
121.37.96.207 - - [14/Apr/2026:09:19:00 -0400] "GET /wp-includes/js/jquery/jquery.min.js?ver=3.7.1 HTTP/1.1" 200 29744 "https://www.bagpackvacation.com/5-night-6-days-malaysia-family-tour/" "Mozilla/5.0 (Macintosh; Intel Mac OS X 10_15_7) AppleWebKit/537.36 (KHTML, like Gecko) Chrome/143.0.0.0 Safari/537.36"
121.37.96.207 - - [14/Apr/2026:09:19:01 -0400] "GET /wp-content/plugins/woocommerce/assets/js/frontend/order-attribution.min.js?ver=9.8.7 HTTP/1.1" 200 1006 "https://www.bagpackvacation.com/5-night-6-days-malaysia-family-tour/" "Mozilla/5.0 (Macintosh; Intel Mac OS X 10_15_7) AppleWebKit/537.36 (KHTML, like Gecko) Chrome/143.0.0.0 Safari/537.36"
121.37.96.207 - - [14/Apr/2026:09:19:01 -0400] "GET /wp-content/plugins/primary-addon-for-elementor/assets/js/isotope.min.js?ver=3.0.6 HTTP/1.1" 200 9601 "https://www.bagpackvacation.com/5-night-6-days-malaysia-family-tour/" "Mozilla/5.0 (Macintosh; Intel Mac OS X 10_15_7) AppleWebKit/537.36 (KHTML, like Gecko) Chrome/143.0.0.0 Safari/537.36"
121.37.96.207 - - [14/Apr/2026:09:19:01 -0400] "GET /wp-content/plugins/elementor/assets/lib/swiper/v8/swiper.min.js?ver=8.4.5 HTTP/1.1" 200 38152 "https://www.bagpackvacation.com/5-night-6-days-malaysia-family-tour/" "Mozilla/5.0 (Macintosh; Intel Mac OS X 10_15_7) AppleWebKit/537.36 (KHTML, like Gecko) Chrome/143.0.0.0 Safari/537.36"
121.37.96.207 - - [14/Apr/2026:09:19:01 -0400] "GET /wp-content/plugins/primary-addon-for-elementor/assets/js/packery-mode.pkgd.min.js?ver=2.1.2 HTTP/1.1" 200 9510 "https://www.bagpackvacation.com/5-night-6-days-malaysia-family-tour/" "Mozilla/5.0 (Macintosh; Intel Mac OS X 10_15_7) AppleWebKit/537.36 (KHTML, like Gecko) Chrome/143.0.0.0 Safari/537.36"
121.37.96.207 - - [14/Apr/2026:09:19:01 -0400] "GET /wp-content/plugins/primary-addon-for-elementor/assets/js/InstagramFeed.min.js?ver=1.3.8 HTTP/1.1" 200 1983 "https://www.bagpackvacation.com/5-night-6-days-malaysia-family-tour/" "Mozilla/5.0 (Macintosh; Intel Mac OS X 10_15_7) AppleWebKit/537.36 (KHTML, like Gecko) Chrome/143.0.0.0 Safari/537.36"
121.37.96.207 - - [14/Apr/2026:09:19:01 -0400] "GET /wp-content/plugins/woocommerce/assets/js/sourcebuster/sourcebuster.min.js?ver=9.8.7 HTTP/1.1" 200 4609 "https://www.bagpackvacation.com/5-night-6-days-malaysia-family-tour/" "Mozilla/5.0 (Macintosh; Intel Mac OS X 10_15_7) AppleWebKit/537.36 (KHTML, like Gecko) Chrome/143.0.0.0 Safari/537.36"
121.37.96.207 - - [14/Apr/2026:09:19:01 -0400] "GET /wp-content/plugins/primary-addon-for-elementor/assets/js/juxtapose.js?ver=1.2.1 HTTP/1.1" 200 5679 "https://www.bagpackvacation.com/5-night-6-days-malaysia-family-tour/" "Mozilla/5.0 (Macintosh; Intel Mac OS X 10_15_7) AppleWebKit/537.36 (KHTML, like Gecko) Chrome/143.0.0.0 Safari/537.36"
121.37.96.207 - - [14/Apr/2026:09:19:01 -0400] "GET /wp-content/plugins/wpforms-lite/assets/js/integrations/elementor/frontend.min.js?ver=1.9.5.1 HTTP/1.1" 200 548 "https://www.bagpackvacation.com/5-night-6-days-malaysia-family-tour/" "Mozilla/5.0 (Macintosh; Intel Mac OS X 10_15_7) AppleWebKit/537.36 (KHTML, like Gecko) Chrome/143.0.0.0 Safari/537.36"
121.37.96.207 - - [14/Apr/2026:09:19:00 -0400] "GET /wp-content/plugins/primary-addon-for-elementor/assets/js/jquery.magnific-popup.min.js?ver=1.1.0 HTTP/1.1" 200 7045 "https://www.bagpackvacation.com/5-night-6-days-malaysia-family-tour/" "Mozilla/5.0 (Macintosh; Intel Mac OS X 10_15_7) AppleWebKit/537.36 (KHTML, like Gecko) Chrome/143.0.0.0 Safari/537.36"
121.37.96.207 - - [14/Apr/2026:09:19:00 -0400] "GET /wp-content/plugins/primary-addon-for-elementor/assets/js/jquery.waypoints.js?ver=2.0.3 HTTP/1.1" 200 3505 "https://www.bagpackvacation.com/5-night-6-days-malaysia-family-tour/" "Mozilla/5.0 (Macintosh; Intel Mac OS X 10_15_7) AppleWebKit/537.36 (KHTML, like Gecko) Chrome/143.0.0.0 Safari/537.36"
121.37.96.207 - - [14/Apr/2026:09:19:01 -0400] "GET /wp-includes/js/jquery/jquery-migrate.min.js?ver=3.4.1 HTTP/1.1" 200 4678 "https://www.bagpackvacation.com/5-night-6-days-malaysia-family-tour/" "Mozilla/5.0 (Macintosh; Intel Mac OS X 10_15_7) AppleWebKit/537.36 (KHTML, like Gecko) Chrome/143.0.0.0 Safari/537.36"
121.37.96.207 - - [14/Apr/2026:09:19:01 -0400] "GET /wp-content/plugins/primary-addon-for-elementor/assets/js/flickity.pkgd.min.js?ver=2.2.1 HTTP/1.1" 200 13241 "https://www.bagpackvacation.com/5-night-6-days-malaysia-family-tour/" "Mozilla/5.0 (Macintosh; Intel Mac OS X 10_15_7) AppleWebKit/537.36 (KHTML, like Gecko) Chrome/143.0.0.0 Safari/537.36"
121.37.96.207 - - [14/Apr/2026:09:19:01 -0400] "GET /wp-content/themes/hello-elementor/assets/js/hello-frontend.min.js?ver=3.3.0 HTTP/1.1" 200 548 "https://www.bagpackvacation.com/5-night-6-days-malaysia-family-tour/" "Mozilla/5.0 (Macintosh; Intel Mac OS X 10_15_7) AppleWebKit/537.36 (KHTML, like Gecko) Chrome/143.0.0.0 Safari/537.36"
121.37.96.207 - - [14/Apr/2026:09:19:01 -0400] "GET /wp-content/plugins/primary-addon-for-elementor/assets/js/scripts.js?ver=1.2 HTTP/1.1" 200 1876 "https://www.bagpackvacation.com/5-night-6-days-malaysia-family-tour/" "Mozilla/5.0 (Macintosh; Intel Mac OS X 10_15_7) AppleWebKit/537.36 (KHTML, like Gecko) Chrome/143.0.0.0 Safari/537.36"
121.37.96.207 - - [14/Apr/2026:09:19:01 -0400] "GET /wp-includes/js/imagesloaded.min.js?ver=5.0.0 HTTP/1.1" 200 1687 "https://www.bagpackvacation.com/5-night-6-days-malaysia-family-tour/" "Mozilla/5.0 (Macintosh; Intel Mac OS X 10_15_7) AppleWebKit/537.36 (KHTML, like Gecko) Chrome/143.0.0.0 Safari/537.36"
121.37.96.207 - - [14/Apr/2026:09:19:01 -0400] "GET /wp-content/plugins/primary-addon-for-elementor/assets/js/jquery.counterup.min.js?ver=1.0 HTTP/1.1" 200 497 "https://www.bagpackvacation.com/5-night-6-days-malaysia-family-tour/" "Mozilla/5.0 (Macintosh; Intel Mac OS X 10_15_7) AppleWebKit/537.36 (KHTML, like Gecko) Chrome/143.0.0.0 Safari/537.36"
121.37.96.207 - - [14/Apr/2026:09:19:01 -0400] "GET /wp-content/plugins/elementskit-lite/widgets/init/assets/js/elementor.js?ver=3.5.0 HTTP/1.1" 200 5290 "https://www.bagpackvacation.com/5-night-6-days-malaysia-family-tour/" "Mozilla/5.0 (Macintosh; Intel Mac OS X 10_15_7) AppleWebKit/537.36 (KHTML, like Gecko) Chrome/143.0.0.0 Safari/537.36"
121.37.96.207 - - [14/Apr/2026:09:19:01 -0400] "GET /wp-content/plugins/primary-addon-for-elementor/assets/js/Chart.min.js?ver=2.9.3 HTTP/1.1" 200 55517 "https://www.bagpackvacation.com/5-night-6-days-malaysia-family-tour/" "Mozilla/5.0 (Macintosh; Intel Mac OS X 10_15_7) AppleWebKit/537.36 (KHTML, like Gecko) Chrome/143.0.0.0 Safari/537.36"
121.37.96.207 - - [14/Apr/2026:09:19:01 -0400] "GET /wp-content/plugins/elementor/assets/js/webpack.runtime.min.js?ver=3.28.4 HTTP/1.1" 200 2228 "https://www.bagpackvacation.com/5-night-6-days-malaysia-family-tour/" "Mozilla/5.0 (Macintosh; Intel Mac OS X 10_15_7) AppleWebKit/537.36 (KHTML, like Gecko) Chrome/143.0.0.0 Safari/537.36"
121.37.96.207 - - [14/Apr/2026:09:19:01 -0400] "GET /wp-content/plugins/elementor/assets/js/frontend-modules.min.js?ver=3.28.4 HTTP/1.1" 200 14421 "https://www.bagpackvacation.com/5-night-6-days-malaysia-family-tour/" "Mozilla/5.0 (Macintosh; Intel Mac OS X 10_15_7) AppleWebKit/537.36 (KHTML, like Gecko) Chrome/143.0.0.0 Safari/537.36"
121.37.96.207 - - [14/Apr/2026:09:19:01 -0400] "GET /wp-content/plugins/primary-addon-for-elementor/elementor//js/prim-elementor.js?ver=6.9.4 HTTP/1.1" 200 3039 "https://www.bagpackvacation.com/5-night-6-days-malaysia-family-tour/" "Mozilla/5.0 (Macintosh; Intel Mac OS X 10_15_7) AppleWebKit/537.36 (KHTML, like Gecko) Chrome/143.0.0.0 Safari/537.36"
121.37.96.207 - - [14/Apr/2026:09:19:01 -0400] "GET /wp-content/plugins/elementskit-lite/libs/framework/assets/js/frontend-script.js?ver=3.5.0 HTTP/1.1" 200 40 "https://www.bagpackvacation.com/5-night-6-days-malaysia-family-tour/" "Mozilla/5.0 (Macintosh; Intel Mac OS X 10_15_7) AppleWebKit/537.36 (KHTML, like Gecko) Chrome/143.0.0.0 Safari/537.36"
121.37.96.207 - - [14/Apr/2026:09:19:01 -0400] "GET /wp-content/plugins/wp-whatsapp/assets/dist/js/njt-whatsapp.js?ver=3.7.2 HTTP/1.1" 200 17990 "https://www.bagpackvacation.com/5-night-6-days-malaysia-family-tour/" "Mozilla/5.0 (Macintosh; Intel Mac OS X 10_15_7) AppleWebKit/537.36 (KHTML, like Gecko) Chrome/143.0.0.0 Safari/537.36"
121.37.96.207 - - [14/Apr/2026:09:19:01 -0400] "GET /wp-content/plugins/elementor-pro/assets/js/webpack-pro.runtime.min.js?ver=3.7.3 HTTP/1.1" 200 2190 "https://www.bagpackvacation.com/5-night-6-days-malaysia-family-tour/" "Mozilla/5.0 (Macintosh; Intel Mac OS X 10_15_7) AppleWebKit/537.36 (KHTML, like Gecko) Chrome/143.0.0.0 Safari/537.36"
121.37.96.207 - - [14/Apr/2026:09:19:01 -0400] "GET /wp-content/plugins/primary-addon-for-elementor/assets/js/typed.min.js?ver=2.0.11 HTTP/1.1" 200 3320 "https://www.bagpackvacation.com/5-night-6-days-malaysia-family-tour/" "Mozilla/5.0 (Macintosh; Intel Mac OS X 10_15_7) AppleWebKit/537.36 (KHTML, like Gecko) Chrome/143.0.0.0 Safari/537.36"
121.37.96.207 - - [14/Apr/2026:09:19:01 -0400] "GET /wp-content/plugins/primary-addon-for-elementor/assets/js/jquery.matchHeight.min.js?ver=0.7.2 HTTP/1.1" 200 1257 "https://www.bagpackvacation.com/5-night-6-days-malaysia-family-tour/" "Mozilla/5.0 (Macintosh; Intel Mac OS X 10_15_7) AppleWebKit/537.36 (KHTML, like Gecko) Chrome/143.0.0.0 Safari/537.36"
121.37.96.207 - - [14/Apr/2026:09:19:01 -0400] "GET /wp-content/plugins/elementskit-lite/widgets/init/assets/js/widget-scripts.js?ver=3.5.0 HTTP/1.1" 200 40425 "https://www.bagpackvacation.com/5-night-6-days-malaysia-family-tour/" "Mozilla/5.0 (Macintosh; Intel Mac OS X 10_15_7) AppleWebKit/537.36 (KHTML, like Gecko) Chrome/143.0.0.0 Safari/537.36"
121.37.96.207 - - [14/Apr/2026:09:19:01 -0400] "GET /wp-content/plugins/wpforms-lite/assets/js/frontend/wpforms.min.js?ver=1.9.5.1 HTTP/1.1" 200 13241 "https://www.bagpackvacation.com/5-night-6-days-malaysia-family-tour/" "Mozilla/5.0 (Macintosh; Intel Mac OS X 10_15_7) AppleWebKit/537.36 (KHTML, like Gecko) Chrome/143.0.0.0 Safari/537.36"
121.37.96.207 - - [14/Apr/2026:09:19:01 -0400] "GET /wp-content/plugins/wpforms-lite/assets/lib/punycode.min.js?ver=1.0.0 HTTP/1.1" 200 833 "https://www.bagpackvacation.com/5-night-6-days-malaysia-family-tour/" "Mozilla/5.0 (Macintosh; Intel Mac OS X 10_15_7) AppleWebKit/537.36 (KHTML, like Gecko) Chrome/143.0.0.0 Safari/537.36"
121.37.96.207 - - [14/Apr/2026:09:19:01 -0400] "GET /wp-includes/js/wp-util.min.js?ver=6.9.4 HTTP/1.1" 200 693 "https://www.bagpackvacation.com/5-night-6-days-malaysia-family-tour/" "Mozilla/5.0 (Macintosh; Intel Mac OS X 10_15_7) AppleWebKit/537.36 (KHTML, like Gecko) Chrome/143.0.0.0 Safari/537.36"
121.37.96.207 - - [14/Apr/2026:09:19:01 -0400] "GET /wp-content/plugins/elementskit-lite/widgets/init/assets/js/animate-circle.min.js?ver=3.5.0 HTTP/1.1" 200 393 "https://www.bagpackvacation.com/5-night-6-days-malaysia-family-tour/" "Mozilla/5.0 (Macintosh; Intel Mac OS X 10_15_7) AppleWebKit/537.36 (KHTML, like Gecko) Chrome/143.0.0.0 Safari/537.36"
121.37.96.207 - - [14/Apr/2026:09:19:01 -0400] "GET /wp-includes/js/jquery/ui/core.min.js?ver=1.13.3 HTTP/1.1" 200 6812 "https://www.bagpackvacation.com/5-night-6-days-malaysia-family-tour/" "Mozilla/5.0 (Macintosh; Intel Mac OS X 10_15_7) AppleWebKit/537.36 (KHTML, like Gecko) Chrome/143.0.0.0 Safari/537.36"
121.37.96.207 - - [14/Apr/2026:09:19:01 -0400] "GET /wp-includes/js/dist/hooks.min.js?ver=dd5603f07f9220ed27f1 HTTP/1.1" 200 1852 "https://www.bagpackvacation.com/5-night-6-days-malaysia-family-tour/" "Mozilla/5.0 (Macintosh; Intel Mac OS X 10_15_7) AppleWebKit/537.36 (KHTML, like Gecko) Chrome/143.0.0.0 Safari/537.36"
121.37.96.207 - - [14/Apr/2026:09:19:01 -0400] "GET /wp-content/plugins/elementor-pro/assets/js/frontend.min.js?ver=3.7.3 HTTP/1.1" 200 5506 "https://www.bagpackvacation.com/5-night-6-days-malaysia-family-tour/" "Mozilla/5.0 (Macintosh; Intel Mac OS X 10_15_7) AppleWebKit/537.36 (KHTML, like Gecko) Chrome/143.0.0.0 Safari/537.36"
121.37.96.207 - - [14/Apr/2026:09:19:01 -0400] "GET /wp-content/plugins/primary-addon-for-elementor/assets/js/owl.carousel.min.js?ver=2.3.4 HTTP/1.1" 200 11140 "https://www.bagpackvacation.com/5-night-6-days-malaysia-family-tour/" "Mozilla/5.0 (Macintosh; Intel Mac OS X 10_15_7) AppleWebKit/537.36 (KHTML, like Gecko) Chrome/143.0.0.0 Safari/537.36"
121.37.96.207 - - [14/Apr/2026:09:19:01 -0400] "GET /wp-content/plugins/wp-whatsapp/assets/js/whatsapp-popup.js?ver=3.7.2 HTTP/1.1" 200 328 "https://www.bagpackvacation.com/5-night-6-days-malaysia-family-tour/" "Mozilla/5.0 (Macintosh; Intel Mac OS X 10_15_7) AppleWebKit/537.36 (KHTML, like Gecko) Chrome/143.0.0.0 Safari/537.36"
121.37.96.207 - - [14/Apr/2026:09:19:01 -0400] "GET /wp-content/plugins/wpforms-lite/assets/lib/jquery.validate.min.js?ver=1.21.0 HTTP/1.1" 200 7806 "https://www.bagpackvacation.com/5-night-6-days-malaysia-family-tour/" "Mozilla/5.0 (Macintosh; Intel Mac OS X 10_15_7) AppleWebKit/537.36 (KHTML, like Gecko) Chrome/143.0.0.0 Safari/537.36"
121.37.96.207 - - [14/Apr/2026:09:19:01 -0400] "GET /wp-content/plugins/wpforms-lite/assets/js/frontend/fields/address.min.js?ver=1.9.5.1 HTTP/1.1" 200 420 "https://www.bagpackvacation.com/5-night-6-days-malaysia-family-tour/" "Mozilla/5.0 (Macintosh; Intel Mac OS X 10_15_7) AppleWebKit/537.36 (KHTML, like Gecko) Chrome/143.0.0.0 Safari/537.36"
121.37.96.207 - - [14/Apr/2026:09:19:01 -0400] "GET /wp-content/plugins/elementor-pro/assets/lib/smartmenus/jquery.smartmenus.min.js?ver=1.0.1 HTTP/1.1" 200 6935 "https://www.bagpackvacation.com/5-night-6-days-malaysia-family-tour/" "Mozilla/5.0 (Macintosh; Intel Mac OS X 10_15_7) AppleWebKit/537.36 (KHTML, like Gecko) Chrome/143.0.0.0 Safari/537.36"
121.37.96.207 - - [14/Apr/2026:09:19:01 -0400] "GET /wp-content/plugins/wpforms-lite/assets/lib/mailcheck.min.js?ver=1.1.2 HTTP/1.1" 200 1615 "https://www.bagpackvacation.com/5-night-6-days-malaysia-family-tour/" "Mozilla/5.0 (Macintosh; Intel Mac OS X 10_15_7) AppleWebKit/537.36 (KHTML, like Gecko) Chrome/143.0.0.0 Safari/537.36"
121.37.96.207 - - [14/Apr/2026:09:19:15 -0400] "GET /wp-content/plugins/woocommerce/assets/js/js-cookie/js.cookie.min.js?ver=2.1.4-wc.9.8.7 HTTP/1.1" 200 760 "https://www.bagpackvacation.com/5-night-6-days-malaysia-family-tour/" "Mozilla/5.0 (Macintosh; Intel Mac OS X 10_15_7) AppleWebKit/537.36 (KHTML, like Gecko) Chrome/143.0.0.0 Safari/537.36"
121.37.96.207 - - [14/Apr/2026:09:19:15 -0400] "GET /wp-content/plugins/woocommerce/assets/js/frontend/woocommerce.min.js?ver=9.8.7 HTTP/1.1" 200 1241 "https://www.bagpackvacation.com/5-night-6-days-malaysia-family-tour/" "Mozilla/5.0 (Macintosh; Intel Mac OS X 10_15_7) AppleWebKit/537.36 (KHTML, like Gecko) Chrome/143.0.0.0 Safari/537.36"
121.37.96.207 - - [14/Apr/2026:09:19:15 -0400] "GET /wp-content/plugins/woocommerce/assets/css/woocommerce-smallscreen.css?ver=9.8.7 HTTP/1.1" 200 1165 "https://www.bagpackvacation.com/5-night-6-days-malaysia-family-tour/" "Mozilla/5.0 (Macintosh; Intel Mac OS X 10_15_7) AppleWebKit/537.36 (KHTML, like Gecko) Chrome/143.0.0.0 Safari/537.36"
121.37.96.207 - - [14/Apr/2026:09:19:15 -0400] "GET /wp-content/plugins/woocommerce/assets/js/jquery-blockui/jquery.blockUI.min.js?ver=2.7.0-wc.9.8.7 HTTP/1.1" 200 3277 "https://www.bagpackvacation.com/5-night-6-days-malaysia-family-tour/" "Mozilla/5.0 (Macintosh; Intel Mac OS X 10_15_7) AppleWebKit/537.36 (KHTML, like Gecko) Chrome/143.0.0.0 Safari/537.36"
162.213.253.84 - - [14/Apr/2026:09:21:53 -0400] "POST /wp-admin/admin-ajax.php?action=async_litespeed&nonce=TjBbskqyuCERPBzXKRnh1ueQyc6AGoAg&litespeed_type=imgoptm HTTP/1.1" 200 0 "-" "WordPress/6.9.4; https://www.bagpackvacation.com"
216.244.66.245 - - [14/Apr/2026:09:26:49 -0400] "GET /robots.txt HTTP/1.1" 200 216 "-" "Mozilla/5.0 (compatible; DotBot/1.2; +https://opensiteexplorer.org/dotbot; [email protected])"
162.213.253.84 - - [14/Apr/2026:09:27:38 -0400] "POST /wp-cron.php?doing_wp_cron=1776173258.7054579257965087890625 HTTP/1.1" 200 0 "-" "WordPress/6.9.4; https://www.bagpackvacation.com"
45.138.68.203 - - [14/Apr/2026:09:27:37 -0400] "POST /xmlrpc.php HTTP/1.1" 200 205 "-" "Mozilla/5.0 (Macintosh; Intel Mac OS X 10_11_6) AppleWebKit/605.1.15 (KHTML, like Gecko) Version/11.1 Safari/605.1.15"
103.216.119.20 - - [14/Apr/2026:09:33:06 -0400] "POST /xmlrpc.php HTTP/1.1" 200 205 "-" "Mozilla/4.0 (compatible; MSIE 7.0; Windows NT 6.1; WOW64; Trident/7.0; SLCC2; .NET CLR 2.0.50727; .NET CLR 3.5.30729; .NET CLR 3.0.30729; Media Center PC 6.0; .NET4.0C; InfoPath.3; .NET4.0E)"
162.213.253.84 - - [14/Apr/2026:09:33:09 -0400] "POST /wp-admin/admin-ajax.php?action=async_litespeed&nonce=URmrLBRBCMQWFtJE6NnBkr1DaLnYVUfH&litespeed_type=imgoptm HTTP/1.1" 200 0 "-" "WordPress/6.9.4; https://www.bagpackvacation.com"
121.37.96.207 - - [14/Apr/2026:09:19:01 -0400] "GET /wp-content/plugins/wpforms-lite/assets/js/share/utils.min.js?ver=1.9.5.1 HTTP/1.1" 200 733 "https://www.bagpackvacation.com/5-night-6-days-malaysia-family-tour/" "Mozilla/5.0 (Macintosh; Intel Mac OS X 10_15_7) AppleWebKit/537.36 (KHTML, like Gecko) Chrome/143.0.0.0 Safari/537.36"
121.37.96.207 - - [14/Apr/2026:09:19:01 -0400] "GET /wp-content/plugins/elementor/assets/js/frontend.min.js?ver=3.28.4 HTTP/1.1" 200 13099 "https://www.bagpackvacation.com/5-night-6-days-malaysia-family-tour/" "Mozilla/5.0 (Macintosh; Intel Mac OS X 10_15_7) AppleWebKit/537.36 (KHTML, like Gecko) Chrome/143.0.0.0 Safari/537.36"
121.37.96.207 - - [14/Apr/2026:09:19:01 -0400] "GET /wp-content/plugins/elementor-pro/assets/js/preloaded-elements-handlers.min.js?ver=3.7.3 HTTP/1.1" 200 30189 "https://www.bagpackvacation.com/5-night-6-days-malaysia-family-tour/" "Mozilla/5.0 (Macintosh; Intel Mac OS X 10_15_7) AppleWebKit/537.36 (KHTML, like Gecko) Chrome/143.0.0.0 Safari/537.36"
121.37.96.207 - - [14/Apr/2026:09:19:01 -0400] "GET /wp-includes/js/underscore.min.js?ver=1.13.7 HTTP/1.1" 200 7185 "https://www.bagpackvacation.com/5-night-6-days-malaysia-family-tour/" "Mozilla/5.0 (Macintosh; Intel Mac OS X 10_15_7) AppleWebKit/537.36 (KHTML, like Gecko) Chrome/143.0.0.0 Safari/537.36"
121.37.96.207 - - [14/Apr/2026:09:19:01 -0400] "GET /wp-includes/js/dist/i18n.min.js?ver=c26c3dc7bed366793375 HTTP/1.1" 200 2119 "https://www.bagpackvacation.com/5-night-6-days-malaysia-family-tour/" "Mozilla/5.0 (Macintosh; Intel Mac OS X 10_15_7) AppleWebKit/537.36 (KHTML, like Gecko) Chrome/143.0.0.0 Safari/537.36"
121.37.96.207 - - [14/Apr/2026:09:19:15 -0400] "GET /wp-content/plugins/woocommerce/assets/js/frontend/add-to-cart.min.js?ver=9.8.7 HTTP/1.1" 200 1225 "https://www.bagpackvacation.com/5-night-6-days-malaysia-family-tour/" "Mozilla/5.0 (Macintosh; Intel Mac OS X 10_15_7) AppleWebKit/537.36 (KHTML, like Gecko) Chrome/143.0.0.0 Safari/537.36"
162.213.253.84 - - [14/Apr/2026:09:21:51 -0400] "POST /wp-cron.php?doing_wp_cron=1776172911.7710618972778320312500 HTTP/1.1" 200 0 "-" "WordPress/6.9.4; https://www.bagpackvacation.com"
197.159.192.39 - - [14/Apr/2026:09:21:50 -0400] "POST /xmlrpc.php HTTP/1.1" 200 205 "-" "Mozilla/5.0 (Macintosh; Intel Mac OS X 10_13) AppleWebKit/603.1.13 (KHTML, like Gecko) Version/10.1 Safari/603.1.13"
103.216.117.42 - - [14/Apr/2026:09:21:50 -0400] "POST /xmlrpc.php HTTP/1.1" 200 205 "-" "Mozilla/4.0 (compatible; MSIE 7.0; Windows NT 6.3; WOW64; Trident/7.0; .NET4.0E; .NET4.0C; InfoPath.3)"
115.146.125.52 - - [14/Apr/2026:09:27:37 -0400] "POST /xmlrpc.php HTTP/1.1" 200 205 "-" "Mozilla/5.0 (Macintosh; Intel Mac OS X 10_11_6) AppleWebKit/604.4.7 (KHTML, like Gecko) Version/11.0.2 Safari/604.4.7"
162.213.253.84 - - [14/Apr/2026:09:27:40 -0400] "POST /wp-admin/admin-ajax.php?action=async_litespeed&nonce=6lCJeCAYUlMlwhy0OlffwkQpwPFipQvO&litespeed_type=imgoptm HTTP/1.1" 200 0 "-" "WordPress/6.9.4; https://www.bagpackvacation.com"
162.213.253.84 - - [14/Apr/2026:09:33:08 -0400] "POST /wp-cron.php?doing_wp_cron=1776173588.2200219631195068359375 HTTP/1.1" 200 0 "-" "WordPress/6.9.4; https://www.bagpackvacation.com"
222.165.190.235 - - [14/Apr/2026:09:33:06 -0400] "POST /xmlrpc.php HTTP/1.1" 200 205 "-" "Mozilla/5.0 (Macintosh; Intel Mac OS X 10_13_4) AppleWebKit/537.36 (KHTML, like Gecko) Chrome/66.0.3359.170 Safari/537.36"
216.244.66.245 - - [14/Apr/2026:09:38:03 -0400] "GET /tour?_layout=map HTTP/1.1" 301 795 "-" "Mozilla/5.0 (compatible; DotBot/1.2; +https://opensiteexplorer.org/dotbot; [email protected])"
160.25.42.55 - - [14/Apr/2026:09:39:03 -0400] "GET /5-night-6-days-splendours-of-sri-lanka-package/ HTTP/1.1" 200 30018 "-" "Mozilla/5.0 (Macintosh; Intel Mac OS X 10_7_3) AppleWebKit/537.36 (KHTML, like Gecko, Mediapartners-Google) Chrome/81.0.4044.108 Safari/537.36"
192.144.148.122 - - [14/Apr/2026:09:40:16 -0400] "GET / HTTP/1.1" 200 40197 "http://bagpackvacation.com" "Mozilla/5.0 (iPhone; CPU iPhone OS 13_2_3 like Mac OS X) AppleWebKit/605.1.15 (KHTML, like Gecko) Version/13.0.3 Mobile/15E148 Safari/604.1"
216.75.132.211 - - [14/Apr/2026:09:46:53 -0400] "GET /wp-json/oembed/1.0/embed?url=https%3A%2F%2Fwww.bagpackvacation.com%2F3-night-4-days-malaysia-weekend-getaway%2F HTTP/1.1" 200 2475 "-" "Mozilla/5.0 (Macintosh; Intel Mac OS X 10_15_7) AppleWebKit/537.36 (KHTML, like Gecko) Chrome/135.0.0.0 Safari/537.36"
198.235.24.70 - - [14/Apr/2026:09:55:14 -0400] "GET / HTTP/1.1" 301 795 "-" "Hello from Palo Alto Networks, find out more about our scans in https://docs-cortex.paloaltonetworks.com/r/1/Cortex-Xpanse/Scanning-activity"
43.130.12.43 - - [14/Apr/2026:10:06:04 -0400] "GET / HTTP/1.1" 200 40197 "http://www.bagpackvacation.com" "Mozilla/5.0 (iPhone; CPU iPhone OS 13_2_3 like Mac OS X) AppleWebKit/605.1.15 (KHTML, like Gecko) Version/13.0.3 Mobile/15E148 Safari/604.1"
162.213.253.84 - - [14/Apr/2026:10:06:04 -0400] "POST /wp-admin/admin-ajax.php?action=async_litespeed&nonce=5N3RtgMVE5ppC69t2S9KkLBuF3r5TUxE&litespeed_type=imgoptm HTTP/1.1" 200 0 "-" "WordPress/6.9.4; https://www.bagpackvacation.com"
162.213.253.84 - - [14/Apr/2026:10:06:05 -0400] "POST /wp-admin/admin-ajax.php?action=wp_1_wc_privacy_cleanup&nonce=d169301564 HTTP/1.1" 200 0 "-" "WordPress/6.9.4; https://www.bagpackvacation.com"
44.252.59.175 - - [14/Apr/2026:10:34:55 -0400] "GET / HTTP/1.1" 200 40197 "-" "Mozilla/4.0 (compatible; MSIE 6.0; Windows NT 5.1; FSL 7.0.6.01001)"
51.68.111.218 - - [14/Apr/2026:10:35:35 -0400] "GET /robots.txt HTTP/1.1" 200 108 "-" "Mozilla/5.0 (compatible; MJ12bot/v2.0.5; http://mj12bot.com/)"
113.165.110.27 - - [14/Apr/2026:10:28:10 -0400] "GET /5-night-6-days-spectacular-mauritius-with-casela-bird-park/ HTTP/1.1" 200 30902 "-" "Mozilla/5.0 (Macintosh; Intel Mac OS X 10_12_6) AppleWebKit/537.36 (KHTML, like Gecko) Brave Chrome/87.0.4280.67 Safari/537.36"
154.54.100.171 - - [14/Apr/2026:10:34:38 -0400] "GET /.git/config HTTP/1.1" 403 1242 "-" "Mozilla/5.0 (compatible; Konqueror/4.5; FreeBSD) KHTML/4.5.4 (like Gecko)"
51.68.111.218 - - [14/Apr/2026:10:35:35 -0400] "GET / HTTP/1.1" 200 34035 "-" "Mozilla/5.0 (compatible; MJ12bot/v2.0.5; http://mj12bot.com/)"
51.195.244.202 - - [14/Apr/2026:10:51:37 -0400] "GET /robots.txt HTTP/1.1" 200 108 "-" "Mozilla/5.0 (compatible; AhrefsBot/7.0; +http://ahrefs.com/robot/)"
142.44.228.168 - - [14/Apr/2026:10:51:38 -0400] "GET / HTTP/1.1" 301 795 "-" "Mozilla/5.0 (compatible; AhrefsBot/7.0; +http://ahrefs.com/robot/)"
51.195.244.202 - - [14/Apr/2026:10:51:36 -0400] "GET /robots.txt HTTP/1.1" 301 795 "-" "Mozilla/5.0 (compatible; AhrefsBot/7.0; +http://ahrefs.com/robot/)"
162.213.253.84 - - [14/Apr/2026:11:10:03 -0400] "POST /wp-admin/admin-ajax.php?action=async_litespeed&nonce=rV6tMrOBTOu677HQ1bNhchBVHD76bCPy&litespeed_type=imgoptm HTTP/1.1" 200 0 "-" "WordPress/6.9.4; https://www.bagpackvacation.com"
138.197.126.23 - - [14/Apr/2026:11:11:32 -0400] "GET /wp-admin/css/ HTTP/1.1" 403 1242 "binance.com" "Mozilla/5.0 (Windows NT 10.0; Win64; x64) AppleWebKit/537.36 (KHTML, like Gecko) Chrome/90.0.4430.85 Safari/537.36"
186.61.147.197 - - [14/Apr/2026:11:23:32 -0400] "GET /fun-with-family-in-goa/ HTTP/1.1" 200 28677 "-" "Mozilla/5.0 (Windows NT 10.0; Win64; x64; rv:125.0) Gecko/20100101 Firefox/125.0"
158.101.15.41 - - [14/Apr/2026:11:37:23 -0400] "GET /wp-login.php HTTP/1.1" 200 2018 "https://bagpackvacation.com/wp-login.php" "Mozilla/5.0 (X11; Linux x86_64) Gecko/20100101 Firefox/117.0"
158.101.15.41 - - [14/Apr/2026:11:37:23 -0400] "GET /wp-admin/ HTTP/1.1" 301 795 "-" "Mozilla/5.0 (iPhone; CPU iPhone OS 17_4_1 like Mac OS X) AppleWebKit/605.1.15 Mobile/15E148"
162.213.253.84 - - [14/Apr/2026:11:37:25 -0400] "POST /wp-cron.php?doing_wp_cron=1776181045.2504990100860595703125 HTTP/1.1" 200 0 "-" "WordPress/6.9.4; https://www.bagpackvacation.com"
158.101.15.41 - - [14/Apr/2026:11:37:23 -0400] "GET /wp-admin/ HTTP/1.1" 302 0 "https://bagpackvacation.com/wp-admin/" "Mozilla/5.0 (iPhone; CPU iPhone OS 17_4_1 like Mac OS X) AppleWebKit/605.1.15 Mobile/15E148"
158.101.15.41 - - [14/Apr/2026:11:37:25 -0400] "GET /wp-login.php?redirect_to=https%3A%2F%2Fwww.bagpackvacation.com%2Fwp-admin%2F&reauth=1 HTTP/1.1" 200 2017 "https://www.bagpackvacation.com/wp-admin/" "Mozilla/5.0 (iPhone; CPU iPhone OS 17_4_1 like Mac OS X) AppleWebKit/605.1.15 Mobile/15E148"
162.213.253.84 - - [14/Apr/2026:11:37:26 -0400] "POST /wp-admin/admin-ajax.php?action=async_litespeed&nonce=bn9okdWkWY014rq0BrZvFPt188auu4KN&litespeed_type=imgoptm HTTP/1.1" 200 0 "-" "WordPress/6.9.4; https://www.bagpackvacation.com"
162.213.253.84 - - [14/Apr/2026:11:37:30 -0400] "POST /wp-cron.php?doing_wp_cron=1776181050.4125139713287353515625 HTTP/1.1" 200 0 "-" "WordPress/6.9.4; https://www.bagpackvacation.com"
158.101.15.41 - - [14/Apr/2026:11:37:28 -0400] "GET /user/login HTTP/1.1" 404 21143 "https://bagpackvacation.com/user/login" "Mozilla/5.0 (iPad; CPU OS 17_4 like Mac OS X) AppleWebKit/605.1.15 Mobile/15E148"
158.101.15.41 - - [14/Apr/2026:11:37:30 -0400] "GET /admin HTTP/1.1" 301 795 "-" "Mozilla/5.0 (Windows NT 10.0; Win64; x64) AppleWebKit/537.36 Chrome/116.0 Safari/537.36"
158.101.15.41 - - [14/Apr/2026:11:37:30 -0400] "GET /admin HTTP/1.1" 302 0 "https://bagpackvacation.com/admin" "Mozilla/5.0 (Windows NT 10.0; Win64; x64) AppleWebKit/537.36 Chrome/116.0 Safari/537.36"
158.101.15.41 - - [14/Apr/2026:11:37:32 -0400] "GET /wp-admin/ HTTP/1.1" 302 0 "https://www.bagpackvacation.com/admin" "Mozilla/5.0 (Windows NT 10.0; Win64; x64) AppleWebKit/537.36 Chrome/116.0 Safari/537.36"
158.101.15.41 - - [14/Apr/2026:11:37:33 -0400] "GET /wp-login.php?redirect_to=https%3A%2F%2Fwww.bagpackvacation.com%2Fwp-admin%2F&reauth=1 HTTP/1.1" 200 2017 "https://www.bagpackvacation.com/wp-admin/" "Mozilla/5.0 (Windows NT 10.0; Win64; x64) AppleWebKit/537.36 Chrome/116.0 Safari/537.36"
158.101.15.41 - - [14/Apr/2026:11:37:34 -0400] "GET /login HTTP/1.1" 302 0 "https://bagpackvacation.com/login" "Mozilla/5.0 (iPhone; CPU iPhone OS 17_4_1 like Mac OS X) AppleWebKit/605.1.15 Mobile/15E148"
158.101.15.41 - - [14/Apr/2026:11:37:35 -0400] "GET /register HTTP/1.1" 301 795 "-" "Mozilla/5.0 (iPhone; CPU iPhone OS 17_4_1 like Mac OS X) AppleWebKit/605.1.15 Mobile/15E148"
158.101.15.41 - - [14/Apr/2026:11:37:35 -0400] "GET /register HTTP/1.1" 404 21142 "https://bagpackvacation.com/register" "Mozilla/5.0 (iPhone; CPU iPhone OS 17_4_1 like Mac OS X) AppleWebKit/605.1.15 Mobile/15E148"
158.101.15.41 - - [14/Apr/2026:11:37:37 -0400] "GET /admin HTTP/1.1" 302 0 "https://bagpackvacation.com/admin" "Mozilla/5.0 (X11; Linux x86_64) Gecko/20100101 Firefox/117.0"
158.101.15.41 - - [14/Apr/2026:11:37:37 -0400] "GET /wp-admin/ HTTP/1.1" 302 0 "https://www.bagpackvacation.com/admin" "Mozilla/5.0 (X11; Linux x86_64) Gecko/20100101 Firefox/117.0"
158.101.15.41 - - [14/Apr/2026:11:37:39 -0400] "GET /wp-login.php?redirect_to=https%3A%2F%2Fwww.bagpackvacation.com%2Fwp-admin%2F&reauth=1 HTTP/1.1" 200 2017 "https://www.bagpackvacation.com/wp-admin/" "Mozilla/5.0 (X11; Linux x86_64) Gecko/20100101 Firefox/117.0"
158.101.15.41 - - [14/Apr/2026:11:37:40 -0400] "GET /login HTTP/1.1" 301 795 "-" "Mozilla/5.0 (Android 13; Mobile; rv:117.0) Gecko/117.0 Firefox/117.0"
158.101.15.41 - - [14/Apr/2026:11:37:22 -0400] "GET / HTTP/1.1" 301 795 "-" "Mozilla/5.0 (Android 13; Mobile; rv:117.0) Gecko/117.0 Firefox/117.0"
158.101.15.41 - - [14/Apr/2026:11:37:23 -0400] "GET / HTTP/1.1" 301 795 "-" "Mozilla/5.0 (iPhone; CPU iPhone OS 17_4_1 like Mac OS X) AppleWebKit/605.1.15 Mobile/15E148"
158.101.15.41 - - [14/Apr/2026:11:37:23 -0400] "GET / HTTP/1.1" 200 40197 "https://bagpackvacation.com" "Mozilla/5.0 (iPhone; CPU iPhone OS 17_4_1 like Mac OS X) AppleWebKit/605.1.15 Mobile/15E148"
158.101.15.41 - - [14/Apr/2026:11:37:23 -0400] "GET / HTTP/1.1" 301 795 "-" "Go-http-client/2.0"
158.101.15.41 - - [14/Apr/2026:11:37:23 -0400] "GET / HTTP/1.1" 200 40197 "https://bagpackvacation.com" "Go-http-client/2.0"
158.101.15.41 - - [14/Apr/2026:11:37:23 -0400] "GET /wp-login.php HTTP/1.1" 301 795 "-" "Mozilla/5.0 (X11; Linux x86_64) Gecko/20100101 Firefox/117.0"
158.101.15.41 - - [14/Apr/2026:11:37:26 -0400] "GET /administrator/ HTTP/1.1" 301 795 "-" "Mozilla/5.0 (iPhone; CPU iPhone OS 17_4_1 like Mac OS X) AppleWebKit/605.1.15 Mobile/15E148"
158.101.15.41 - - [14/Apr/2026:11:37:26 -0400] "GET /administrator/ HTTP/1.1" 404 21148 "https://bagpackvacation.com/administrator/" "Mozilla/5.0 (iPhone; CPU iPhone OS 17_4_1 like Mac OS X) AppleWebKit/605.1.15 Mobile/15E148"
158.101.15.41 - - [14/Apr/2026:11:37:28 -0400] "GET /user/login HTTP/1.1" 301 795 "-" "Mozilla/5.0 (iPad; CPU OS 17_4 like Mac OS X) AppleWebKit/605.1.15 Mobile/15E148"
162.213.253.84 - - [14/Apr/2026:11:37:31 -0400] "POST /wp-admin/admin-ajax.php?action=async_litespeed&nonce=kmevV8DG7f29ClVipyZ8ThtEjGB7oZNH&litespeed_type=imgoptm HTTP/1.1" 200 0 "-" "WordPress/6.9.4; https://www.bagpackvacation.com"
158.101.15.41 - - [14/Apr/2026:11:37:34 -0400] "GET /login HTTP/1.1" 301 795 "-" "Mozilla/5.0 (iPhone; CPU iPhone OS 17_4_1 like Mac OS X) AppleWebKit/605.1.15 Mobile/15E148"
158.101.15.41 - - [14/Apr/2026:11:37:35 -0400] "GET /wp-login.php HTTP/1.1" 200 2018 "https://www.bagpackvacation.com/login" "Mozilla/5.0 (iPhone; CPU iPhone OS 17_4_1 like Mac OS X) AppleWebKit/605.1.15 Mobile/15E148"
158.101.15.41 - - [14/Apr/2026:11:37:37 -0400] "GET /admin HTTP/1.1" 301 795 "-" "Mozilla/5.0 (X11; Linux x86_64) Gecko/20100101 Firefox/117.0"
158.101.15.41 - - [14/Apr/2026:11:37:40 -0400] "GET /login HTTP/1.1" 302 0 "https://bagpackvacation.com/login" "Mozilla/5.0 (Android 13; Mobile; rv:117.0) Gecko/117.0 Firefox/117.0"
158.101.15.41 - - [14/Apr/2026:11:37:40 -0400] "GET /wp-login.php HTTP/1.1" 200 2018 "https://www.bagpackvacation.com/login" "Mozilla/5.0 (Android 13; Mobile; rv:117.0) Gecko/117.0 Firefox/117.0"
216.244.66.245 - - [14/Apr/2026:11:45:48 -0400] "GET /robots.txt HTTP/1.1" 200 216 "-" "Mozilla/5.0 (compatible; DotBot/1.2; +https://opensiteexplorer.org/dotbot; [email protected])"
162.213.253.84 - - [14/Apr/2026:11:52:14 -0400] "POST /wp-cron.php?doing_wp_cron=1776181934.9061410427093505859375 HTTP/1.1" 200 0 "-" "WordPress/6.9.4; https://www.bagpackvacation.com"
14.244.39.34 - - [14/Apr/2026:11:52:13 -0400] "GET /6-night-7-days-luxury-honeymoon-package/tel:9211684078 HTTP/1.1" 404 21166 "-" "Mozilla/5.0 (Windows NT 6.3; Win64; x64) AppleWebKit/537.36 (KHTML, like Gecko) Chrome/100.0.4896.127 Safari/537.36"
91.84.111.146 - - [14/Apr/2026:11:53:13 -0400] "GET / HTTP/1.0" 200 254371 "https://www.bagpackvacation.com/" "Mozilla/5.0 (Windows NT 10.0; Win64; x64) AppleWebKit/537.36 (KHTML, like Gecko) Chrome/131.0.0.0 Safari/537.36"
91.84.111.146 - - [14/Apr/2026:11:53:22 -0400] "GET /contact-us/ HTTP/1.0" 200 128240 "https://www.bagpackvacation.com/contact-us/" "Mozilla/5.0 (Windows NT 10.0; Win64; x64) AppleWebKit/537.36 (KHTML, like Gecko) Chrome/131.0.0.0 Safari/537.36"
162.213.253.84 - - [14/Apr/2026:11:53:24 -0400] "POST /wp-cron.php?doing_wp_cron=1776182004.2457189559936523437500 HTTP/1.1" 200 0 "-" "WordPress/6.9.4; https://www.bagpackvacation.com"
114.119.156.124 - - [14/Apr/2026:11:53:23 -0400] "GET /5-night-6-days-maldives-romantic-package HTTP/1.1" 301 0 "https://www.bagpackvacation.com/5-night-6-days-maldives-romantic-package" "Mozilla/5.0 (Linux; Android 7.0;) AppleWebKit/537.36 (KHTML, like Gecko) Mobile Safari/537.36 (compatible; PetalBot;+https://webmaster.petalsearch.com/site/petalbot)"
162.213.253.84 - - [14/Apr/2026:11:53:25 -0400] "POST /wp-admin/admin-ajax.php?action=async_litespeed&nonce=qN92AsI9he12KZZBHOX541FivZtpAxQM&litespeed_type=imgoptm HTTP/1.1" 200 0 "-" "WordPress/6.9.4; https://www.bagpackvacation.com"
14.254.216.175 - - [14/Apr/2026:11:53:30 -0400] "GET /malaysia-tour-packages/ HTTP/1.1" 200 28976 "-" "Mozilla/5.0 (Macintosh; Intel Mac OS X 12.4; rv:131.0) Gecko/20100101 Firefox/131.0"
114.119.156.124 - - [14/Apr/2026:11:53:32 -0400] "GET /5-night-6-days-maldives-romantic-package/ HTTP/1.1" 200 27807 "https://www.bagpackvacation.com/5-night-6-days-maldives-romantic-package" "Mozilla/5.0 (Linux; Android 7.0;) AppleWebKit/537.36 (KHTML, like Gecko) Mobile Safari/537.36 (compatible; PetalBot;+https://webmaster.petalsearch.com/site/petalbot)"
216.244.66.245 - - [14/Apr/2026:12:00:13 -0400] "GET /tour?page=2 HTTP/1.1" 301 795 "-" "Mozilla/5.0 (compatible; DotBot/1.2; +https://opensiteexplorer.org/dotbot; [email protected])"
162.213.253.84 - - [14/Apr/2026:11:52:15 -0400] "POST /wp-admin/admin-ajax.php?action=async_litespeed&nonce=be34j9RQYXchWMRkPQY3BWGnWLrrObgK&litespeed_type=imgoptm HTTP/1.1" 200 0 "-" "WordPress/6.9.4; https://www.bagpackvacation.com"
190.134.190.131 - - [14/Apr/2026:12:09:59 -0400] "GET /4-night-5-days-family-special-dubai-holiday/ HTTP/1.1" 200 29897 "-" "Mozilla/5.0 (Windows NT 4.0; WOW64) AppleWebKit/537.36 (KHTML, like Gecko) Chrome/37.0.2049.0 Safari/537.36"
37.27.51.131 - - [14/Apr/2026:12:18:47 -0400] "GET /robots.txt HTTP/1.1" 200 129 "-" "Mozilla/5.0 (compatible; SERankingBacklinksBot/1.0; +https://seranking.com/backlinks-crawler)"
37.27.51.131 - - [14/Apr/2026:12:18:48 -0400] "GET /robots.txt HTTP/1.1" 200 129 "-" "Mozilla/5.0 (compatible; SERankingBacklinksBot/1.0; +https://seranking.com/backlinks-crawler)"
37.27.51.131 - - [14/Apr/2026:12:18:49 -0400] "GET /tour/spirit-of-singapore-with-cruise-5-nights HTTP/1.1" 404 21150 "-" "Mozilla/5.0 (compatible; SERankingBacklinksBot/1.0; +https://seranking.com/backlinks-crawler)"
87.236.176.62 - - [14/Apr/2026:12:34:01 -0400] "GET / HTTP/1.1" 200 40197 "https://mail.bagpackvacation.com" "Mozilla/5.0 (compatible; InternetMeasurement/1.0; +https://internet-measurement.com/)"
64.227.108.146 - - [14/Apr/2026:12:34:05 -0400] "GET /favicon.ico HTTP/1.1" 404 1251 "-" "Mozilla/5.0 (compatible; InternetMeasurement/1.0; +https://internet-measurement.com/)"
43.131.26.226 - - [14/Apr/2026:12:33:43 -0400] "GET / HTTP/1.1" 200 40197 "http://bagpackvacation.com" "Mozilla/5.0 (iPhone; CPU iPhone OS 13_2_3 like Mac OS X) AppleWebKit/605.1.15 (KHTML, like Gecko) Version/13.0.3 Mobile/15E148 Safari/604.1"
87.236.176.62 - - [14/Apr/2026:12:34:01 -0400] "GET / HTTP/1.1" 301 795 "-" "Mozilla/5.0 (compatible; InternetMeasurement/1.0; +https://internet-measurement.com/)"
185.247.137.241 - - [14/Apr/2026:12:34:03 -0400] "GET /favicon.ico HTTP/1.1" 404 1251 "-" "Mozilla/5.0 (compatible; InternetMeasurement/1.0; +https://internet-measurement.com/)"
160.22.215.254 - - [14/Apr/2026:12:44:01 -0400] "GET /wp-json/wp/v2/posts HTTP/1.0" 200 2 "-" "Mozilla/5.0 (Windows NT 10.0; Win64; x64) AppleWebKit/537.36 (KHTML, like Gecko) Chrome/120.0.0.0 Safari/537.36"
77.68.103.59 - - [14/Apr/2026:12:57:37 -0400] "POST /wp-login.php HTTP/1.1" 301 795 "https://bagpackvacation.com/wp-login.php" "Mozilla/4.0 (compatible; MSIE 7.0; Windows NT 6.1; WOW64; Trident/7.0; SLCC2; .NET CLR 2.0.50727; .NET4.0C; .NET4.0E; FBViewer-6.0.4.0; .NET CLR 3.5.30729; .NET CLR 3.0.30729)"
100.29.160.53 - - [14/Apr/2026:12:59:15 -0400] "GET /explore-kullu-with-manali-4-nights-5-days/ HTTP/1.1" 200 29315 "-" "Mozilla/5.0 AppleWebKit/537.36 (KHTML, like Gecko; compatible; Amazonbot/0.1; +https://developer.amazon.com/support/amazonbot) Chrome/119.0.6045.214 Safari/537.36"
77.68.103.59 - - [14/Apr/2026:12:57:35 -0400] "GET /wp-login.php HTTP/1.1" 301 795 "-" "Mozilla/4.0 (compatible; MSIE 7.0; Windows NT 6.1; WOW64; Trident/7.0; SLCC2; .NET CLR 2.0.50727; .NET4.0C; .NET4.0E; FBViewer-6.0.4.0; .NET CLR 3.5.30729; .NET CLR 3.0.30729)"
77.68.103.59 - - [14/Apr/2026:12:57:37 -0400] "GET /wp-login.php HTTP/1.1" 200 1795 "https://bagpackvacation.com/wp-login.php" "Mozilla/4.0 (compatible; MSIE 7.0; Windows NT 6.1; WOW64; Trident/7.0; SLCC2; .NET CLR 2.0.50727; .NET4.0C; .NET4.0E; FBViewer-6.0.4.0; .NET CLR 3.5.30729; .NET CLR 3.0.30729)"
77.68.103.59 - - [14/Apr/2026:12:57:38 -0400] "GET /wp-login.php HTTP/1.1" 200 1795 "https://bagpackvacation.com/wp-login.php" "Mozilla/4.0 (compatible; MSIE 7.0; Windows NT 6.1; WOW64; Trident/7.0; SLCC2; .NET CLR 2.0.50727; .NET4.0C; .NET4.0E; FBViewer-6.0.4.0; .NET CLR 3.5.30729; .NET CLR 3.0.30729)"
47.128.21.147 - - [14/Apr/2026:13:10:27 -0400] "GET /dubai-tour-packages/ HTTP/1.1" 200 24630 "-" "Mozilla/5.0 (Linux; Android 5.0) AppleWebKit/537.36 (KHTML, like Gecko) Mobile Safari/537.36 (compatible; Bytespider; [email protected])"
47.128.21.147 - - [14/Apr/2026:13:10:28 -0400] "GET /wp-content/plugins/woocommerce/assets/client/blocks/wc-blocks.css?ver=wc-9.8.7 HTTP/1.1" 200 2282 "https://www.bagpackvacation.com/dubai-tour-packages/" "Mozilla/5.0 (Linux; Android 5.0) AppleWebKit/537.36 (KHTML, like Gecko) Mobile Safari/537.36 (compatible; Bytespider; [email protected])"
47.128.21.147 - - [14/Apr/2026:13:10:29 -0400] "GET /wp-content/plugins/wp-whatsapp/assets/dist/css/style.css?ver=6.9.4 HTTP/1.1" 200 4704 "https://www.bagpackvacation.com/dubai-tour-packages/" "Mozilla/5.0 (Linux; Android 5.0) AppleWebKit/537.36 (KHTML, like Gecko) Mobile Safari/537.36 (compatible; Bytespider; [email protected])"
47.128.21.147 - - [14/Apr/2026:13:10:29 -0400] "GET /wp-content/plugins/primary-addon-for-elementor/assets/css/niche-frame.css?ver=1.2 HTTP/1.1" 200 1009 "https://www.bagpackvacation.com/dubai-tour-packages/" "Mozilla/5.0 (Linux; Android 5.0) AppleWebKit/537.36 (KHTML, like Gecko) Mobile Safari/537.36 (compatible; Bytespider; [email protected])"
47.128.21.147 - - [14/Apr/2026:13:10:29 -0400] "GET /wp-content/plugins/primary-addon-for-elementor/assets/css/linea.min.css?ver=1.0.0 HTTP/1.1" 200 5115 "https://www.bagpackvacation.com/dubai-tour-packages/" "Mozilla/5.0 (Linux; Android 5.0) AppleWebKit/537.36 (KHTML, like Gecko) Mobile Safari/537.36 (compatible; Bytespider; [email protected])"
47.128.21.147 - - [14/Apr/2026:13:10:29 -0400] "GET /wp-content/plugins/primary-addon-for-elementor/assets/css/hover-min.css?ver=2.3.2 HTTP/1.1" 200 6307 "https://www.bagpackvacation.com/dubai-tour-packages/" "Mozilla/5.0 (Linux; Android 5.0) AppleWebKit/537.36 (KHTML, like Gecko) Mobile Safari/537.36 (compatible; Bytespider; [email protected])"
47.128.21.147 - - [14/Apr/2026:13:10:29 -0400] "GET /wp-content/plugins/primary-addon-for-elementor/assets/css/flickity.min.css?ver=2.2.1 HTTP/1.1" 200 553 "https://www.bagpackvacation.com/dubai-tour-packages/" "Mozilla/5.0 (Linux; Android 5.0) AppleWebKit/537.36 (KHTML, like Gecko) Mobile Safari/537.36 (compatible; Bytespider; [email protected])"
47.128.21.147 - - [14/Apr/2026:13:10:29 -0400] "GET /wp-content/plugins/primary-addon-for-elementor/assets/css/icofont.min.css?ver=1.0.1 HTTP/1.1" 200 1600 "https://www.bagpackvacation.com/dubai-tour-packages/" "Mozilla/5.0 (Linux; Android 5.0) AppleWebKit/537.36 (KHTML, like Gecko) Mobile Safari/537.36 (compatible; Bytespider; [email protected])"
47.128.21.147 - - [14/Apr/2026:13:10:29 -0400] "GET /wp-content/plugins/primary-addon-for-elementor/assets/css/owl.carousel.min.css?ver=2.3.4 HTTP/1.1" 200 915 "https://www.bagpackvacation.com/dubai-tour-packages/" "Mozilla/5.0 (Linux; Android 5.0) AppleWebKit/537.36 (KHTML, like Gecko) Mobile Safari/537.36 (compatible; Bytespider; [email protected])"
47.128.21.147 - - [14/Apr/2026:13:10:29 -0400] "GET /wp-content/plugins/primary-addon-for-elementor/assets/css/magnific-popup.min.css?ver=1.0 HTTP/1.1" 200 1432 "https://www.bagpackvacation.com/dubai-tour-packages/" "Mozilla/5.0 (Linux; Android 5.0) AppleWebKit/537.36 (KHTML, like Gecko) Mobile Safari/537.36 (compatible; Bytespider; [email protected])"
47.128.21.147 - - [14/Apr/2026:13:10:29 -0400] "GET /wp-content/plugins/woocommerce/assets/css/woocommerce-layout.css?ver=9.8.7 HTTP/1.1" 200 3160 "https://www.bagpackvacation.com/dubai-tour-packages/" "Mozilla/5.0 (Linux; Android 5.0) AppleWebKit/537.36 (KHTML, like Gecko) Mobile Safari/537.36 (compatible; Bytespider; [email protected])"
47.128.21.147 - - [14/Apr/2026:13:10:29 -0400] "GET /wp-content/plugins/elementor/assets/css/frontend.min.css?ver=3.28.4 HTTP/1.1" 200 6453 "https://www.bagpackvacation.com/dubai-tour-packages/" "Mozilla/5.0 (Linux; Android 5.0) AppleWebKit/537.36 (KHTML, like Gecko) Mobile Safari/537.36 (compatible; Bytespider; [email protected])"
47.128.21.147 - - [14/Apr/2026:13:10:29 -0400] "GET /wp-content/themes/hello-elementor/style.min.css?ver=3.3.0 HTTP/1.1" 200 1591 "https://www.bagpackvacation.com/dubai-tour-packages/" "Mozilla/5.0 (Linux; Android 5.0) AppleWebKit/537.36 (KHTML, like Gecko) Mobile Safari/537.36 (compatible; Bytespider; [email protected])"
47.128.21.147 - - [14/Apr/2026:13:10:29 -0400] "GET /wp-content/uploads/elementor/css/post-133.css?ver=1714710804 HTTP/1.1" 200 1536 "https://www.bagpackvacation.com/dubai-tour-packages/" "Mozilla/5.0 (Linux; Android 5.0) AppleWebKit/537.36 (KHTML, like Gecko) Mobile Safari/537.36 (compatible; Bytespider; [email protected])"
47.128.21.147 - - [14/Apr/2026:13:10:29 -0400] "GET /wp-content/themes/hello-elementor/header-footer.min.css?ver=3.3.0 HTTP/1.1" 200 1292 "https://www.bagpackvacation.com/dubai-tour-packages/" "Mozilla/5.0 (Linux; Android 5.0) AppleWebKit/537.36 (KHTML, like Gecko) Mobile Safari/537.36 (compatible; Bytespider; [email protected])"
47.128.21.147 - - [14/Apr/2026:13:10:29 -0400] "GET /wp-content/plugins/elementor/assets/lib/eicons/css/elementor-icons.min.css?ver=5.36.0 HTTP/1.1" 200 3845 "https://www.bagpackvacation.com/dubai-tour-packages/" "Mozilla/5.0 (Linux; Android 5.0) AppleWebKit/537.36 (KHTML, like Gecko) Mobile Safari/537.36 (compatible; Bytespider; [email protected])"
47.128.21.147 - - [14/Apr/2026:13:10:29 -0400] "GET /wp-content/plugins/popup-maker/assets/css/pum-site.min.css?ver=1.20.4 HTTP/1.1" 200 1710 "https://www.bagpackvacation.com/dubai-tour-packages/" "Mozilla/5.0 (Linux; Android 5.0) AppleWebKit/537.36 (KHTML, like Gecko) Mobile Safari/537.36 (compatible; Bytespider; [email protected])"
47.128.21.147 - - [14/Apr/2026:13:10:29 -0400] "GET /wp-content/uploads/elementor/css/post-76.css?ver=1714710805 HTTP/1.1" 200 2495 "https://www.bagpackvacation.com/dubai-tour-packages/" "Mozilla/5.0 (Linux; Android 5.0) AppleWebKit/537.36 (KHTML, like Gecko) Mobile Safari/537.36 (compatible; Bytespider; [email protected])"
47.128.21.147 - - [14/Apr/2026:13:10:29 -0400] "GET /wp-content/plugins/elementskit-lite/widgets/init/assets/css/responsive.css?ver=3.5.0 HTTP/1.1" 200 2859 "https://www.bagpackvacation.com/dubai-tour-packages/" "Mozilla/5.0 (Linux; Android 5.0) AppleWebKit/537.36 (KHTML, like Gecko) Mobile Safari/537.36 (compatible; Bytespider; [email protected])"
47.128.21.147 - - [14/Apr/2026:13:10:29 -0400] "GET /wp-content/uploads/elementor/google-fonts/css/orienta.css?ver=1742228155 HTTP/1.1" 200 347 "https://www.bagpackvacation.com/dubai-tour-packages/" "Mozilla/5.0 (Linux; Android 5.0) AppleWebKit/537.36 (KHTML, like Gecko) Mobile Safari/537.36 (compatible; Bytespider; [email protected])"
47.128.21.147 - - [14/Apr/2026:13:10:29 -0400] "GET /wp-content/uploads/elementor/google-fonts/css/opensans.css?ver=1742228203 HTTP/1.1" 200 1828 "https://www.bagpackvacation.com/dubai-tour-packages/" "Mozilla/5.0 (Linux; Android 5.0) AppleWebKit/537.36 (KHTML, like Gecko) Mobile Safari/537.36 (compatible; Bytespider; [email protected])"
47.128.21.147 - - [14/Apr/2026:13:10:29 -0400] "GET /wp-content/plugins/elementor-pro/assets/css/frontend.min.css?ver=3.7.3 HTTP/1.1" 200 39924 "https://www.bagpackvacation.com/dubai-tour-packages/" "Mozilla/5.0 (Linux; Android 5.0) AppleWebKit/537.36 (KHTML, like Gecko) Mobile Safari/537.36 (compatible; Bytespider; [email protected])"
47.128.21.147 - - [14/Apr/2026:13:10:29 -0400] "GET /wp-content/plugins/elementor/assets/lib/font-awesome/css/font-awesome.min.css?ver=4.7.0 HTTP/1.1" 200 6657 "https://www.bagpackvacation.com/dubai-tour-packages/" "Mozilla/5.0 (Linux; Android 5.0) AppleWebKit/537.36 (KHTML, like Gecko) Mobile Safari/537.36 (compatible; Bytespider; [email protected])"
47.128.21.147 - - [14/Apr/2026:13:10:29 -0400] "GET /wp-content/plugins/primary-addon-for-elementor/assets/css/animate.min.css?ver=3.7.2 HTTP/1.1" 200 4011 "https://www.bagpackvacation.com/dubai-tour-packages/" "Mozilla/5.0 (Linux; Android 5.0) AppleWebKit/537.36 (KHTML, like Gecko) Mobile Safari/537.36 (compatible; Bytespider; [email protected])"
47.128.21.147 - - [14/Apr/2026:13:10:29 -0400] "GET /wp-content/plugins/primary-addon-for-elementor/assets/css/themify-icons.min.css?ver=1.0.0 HTTP/1.1" 200 2620 "https://www.bagpackvacation.com/dubai-tour-packages/" "Mozilla/5.0 (Linux; Android 5.0) AppleWebKit/537.36 (KHTML, like Gecko) Mobile Safari/537.36 (compatible; Bytespider; [email protected])"
47.128.21.147 - - [14/Apr/2026:13:10:29 -0400] "GET /wp-content/plugins/primary-addon-for-elementor/assets/css/juxtapose.css?ver=1.2.1 HTTP/1.1" 200 1256 "https://www.bagpackvacation.com/dubai-tour-packages/" "Mozilla/5.0 (Linux; Android 5.0) AppleWebKit/537.36 (KHTML, like Gecko) Mobile Safari/537.36 (compatible; Bytespider; [email protected])"
47.128.21.147 - - [14/Apr/2026:13:10:29 -0400] "GET /wp-content/plugins/primary-addon-for-elementor/assets/css/responsive.css?ver=1.2 HTTP/1.1" 200 1433 "https://www.bagpackvacation.com/dubai-tour-packages/" "Mozilla/5.0 (Linux; Android 5.0) AppleWebKit/537.36 (KHTML, like Gecko) Mobile Safari/537.36 (compatible; Bytespider; [email protected])"
47.128.21.147 - - [14/Apr/2026:13:10:29 -0400] "GET /wp-content/plugins/primary-addon-for-elementor/assets/css/styles.css?ver=1.2 HTTP/1.1" 200 13347 "https://www.bagpackvacation.com/dubai-tour-packages/" "Mozilla/5.0 (Linux; Android 5.0) AppleWebKit/537.36 (KHTML, like Gecko) Mobile Safari/537.36 (compatible; Bytespider; [email protected])"
47.128.21.147 - - [14/Apr/2026:13:10:29 -0400] "GET /wp-content/plugins/woocommerce/assets/css/woocommerce-smallscreen.css?ver=9.8.7 HTTP/1.1" 200 1165 "https://www.bagpackvacation.com/dubai-tour-packages/" "Mozilla/5.0 (Linux; Android 5.0) AppleWebKit/537.36 (KHTML, like Gecko) Mobile Safari/537.36 (compatible; Bytespider; [email protected])"
47.128.21.147 - - [14/Apr/2026:13:10:29 -0400] "GET /wp-content/plugins/woocommerce/assets/css/brands.css?ver=9.8.7 HTTP/1.1" 200 579 "https://www.bagpackvacation.com/dubai-tour-packages/" "Mozilla/5.0 (Linux; Android 5.0) AppleWebKit/537.36 (KHTML, like Gecko) Mobile Safari/537.36 (compatible; Bytespider; [email protected])"
47.128.21.147 - - [14/Apr/2026:13:10:29 -0400] "GET /wp-content/uploads/elementor/css/post-25.css?ver=1714710805 HTTP/1.1" 200 1774 "https://www.bagpackvacation.com/dubai-tour-packages/" "Mozilla/5.0 (Linux; Android 5.0) AppleWebKit/537.36 (KHTML, like Gecko) Mobile Safari/537.36 (compatible; Bytespider; [email protected])"
47.128.21.147 - - [14/Apr/2026:13:10:29 -0400] "GET /wp-content/uploads/elementor/css/post-313.css?ver=1714727288 HTTP/1.1" 200 2920 "https://www.bagpackvacation.com/dubai-tour-packages/" "Mozilla/5.0 (Linux; Android 5.0) AppleWebKit/537.36 (KHTML, like Gecko) Mobile Safari/537.36 (compatible; Bytespider; [email protected])"
47.128.21.147 - - [14/Apr/2026:13:10:29 -0400] "GET /wp-content/themes/hello-elementor/theme.min.css?ver=3.3.0 HTTP/1.1" 200 1131 "https://www.bagpackvacation.com/dubai-tour-packages/" "Mozilla/5.0 (Linux; Android 5.0) AppleWebKit/537.36 (KHTML, like Gecko) Mobile Safari/537.36 (compatible; Bytespider; [email protected])"
47.128.21.147 - - [14/Apr/2026:13:10:30 -0400] "GET /wp-content/plugins/elementor/assets/css/widget-icon-list.min.css?ver=3.28.4 HTTP/1.1" 200 957 "https://www.bagpackvacation.com/dubai-tour-packages/" "Mozilla/5.0 (Linux; Android 5.0) AppleWebKit/537.36 (KHTML, like Gecko) Mobile Safari/537.36 (compatible; Bytespider; [email protected])"
47.128.21.147 - - [14/Apr/2026:13:10:30 -0400] "GET /wp-content/plugins/elementskit-lite/widgets/init/assets/css/widget-styles.css?ver=3.5.0 HTTP/1.1" 200 48223 "https://www.bagpackvacation.com/dubai-tour-packages/" "Mozilla/5.0 (Linux; Android 5.0) AppleWebKit/537.36 (KHTML, like Gecko) Mobile Safari/537.36 (compatible; Bytespider; [email protected])"
