216.73.216.85 - - [26/Feb/2026:22:08:52 -0500] "GET /robots.txt HTTP/1.1" 200 108 "https://bagpackvacation.com/robots.txt" "Mozilla/5.0 AppleWebKit/537.36 (KHTML, like Gecko; compatible; ClaudeBot/1.0; [email protected])"
216.73.216.85 - - [26/Feb/2026:22:08:52 -0500] "GET /sitemap.xml HTTP/1.1" 301 795 "-" "Mozilla/5.0 AppleWebKit/537.36 (KHTML, like Gecko; compatible; ClaudeBot/1.0; [email protected])"
66.249.77.229 - - [26/Feb/2026:22:14:15 -0500] "GET /wp-content/plugins/elementor/assets/lib/swiper/v8/css/swiper.min.css?ver=8.4.5 HTTP/1.1" 200 4248 "https://www.bagpackvacation.com/" "Mozilla/5.0 (Linux; Android 6.0.1; Nexus 5X Build/MMB29P) AppleWebKit/537.36 (KHTML, like Gecko) Chrome/144.0.7559.132 Mobile Safari/537.36 (compatible; Googlebot/2.1; +http://www.google.com/bot.html)"
66.249.77.230 - - [26/Feb/2026:22:14:16 -0500] "GET /wp-content/themes/hello-elementor/theme.min.css?ver=3.3.0 HTTP/1.1" 200 1131 "https://www.bagpackvacation.com/" "Mozilla/5.0 (Linux; Android 6.0.1; Nexus 5X Build/MMB29P) AppleWebKit/537.36 (KHTML, like Gecko) Chrome/144.0.7559.132 Mobile Safari/537.36 (compatible; Googlebot/2.1; +http://www.google.com/bot.html)"
66.249.77.230 - - [26/Feb/2026:22:14:16 -0500] "GET /wp-includes/js/imagesloaded.min.js?ver=5.0.0 HTTP/1.1" 200 1687 "https://www.bagpackvacation.com/" "Mozilla/5.0 (Linux; Android 6.0.1; Nexus 5X Build/MMB29P) AppleWebKit/537.36 (KHTML, like Gecko) Chrome/144.0.7559.132 Mobile Safari/537.36 (compatible; Googlebot/2.1; +http://www.google.com/bot.html)"
66.249.77.230 - - [26/Feb/2026:22:14:17 -0500] "GET /wp-content/plugins/elementor/assets/js/frontend-modules.min.js?ver=3.28.4 HTTP/1.1" 200 14421 "https://www.bagpackvacation.com/" "Mozilla/5.0 (Linux; Android 6.0.1; Nexus 5X Build/MMB29P) AppleWebKit/537.36 (KHTML, like Gecko) Chrome/144.0.7559.132 Mobile Safari/537.36 (compatible; Googlebot/2.1; +http://www.google.com/bot.html)"
66.249.77.229 - - [26/Feb/2026:22:14:18 -0500] "GET /wp-content/plugins/elementor/assets/js/image-carousel.6167d20b95b33386757b.bundle.min.js HTTP/1.1" 200 256 "https://www.bagpackvacation.com/" "Mozilla/5.0 (Linux; Android 6.0.1; Nexus 5X Build/MMB29P) AppleWebKit/537.36 (KHTML, like Gecko) Chrome/144.0.7559.132 Mobile Safari/537.36 (compatible; Googlebot/2.1; +http://www.google.com/bot.html)"
66.249.77.230 - - [26/Feb/2026:22:14:18 -0500] "GET /wp-content/plugins/elementor/assets/js/counter.12335f45aaa79d244f24.bundle.min.js HTTP/1.1" 200 442 "https://www.bagpackvacation.com/" "Mozilla/5.0 (Linux; Android 6.0.1; Nexus 5X Build/MMB29P) AppleWebKit/537.36 (KHTML, like Gecko) Chrome/144.0.7559.132 Mobile Safari/537.36 (compatible; Googlebot/2.1; +http://www.google.com/bot.html)"
216.73.216.85 - - [26/Feb/2026:22:08:51 -0500] "GET /robots.txt HTTP/1.1" 301 795 "-" "Mozilla/5.0 AppleWebKit/537.36 (KHTML, like Gecko; compatible; ClaudeBot/1.0; [email protected])"
216.73.216.85 - - [26/Feb/2026:22:08:52 -0500] "GET /sitemap.xml HTTP/1.1" 301 0 "https://bagpackvacation.com/sitemap.xml" "Mozilla/5.0 AppleWebKit/537.36 (KHTML, like Gecko; compatible; ClaudeBot/1.0; [email protected])"
162.213.253.84 - - [26/Feb/2026:22:08:54 -0500] "POST /wp-cron.php?doing_wp_cron=1772161734.5993070602416992187500 HTTP/1.1" 200 0 "-" "WordPress/6.9.1; https://www.bagpackvacation.com"
216.73.216.85 - - [26/Feb/2026:22:08:52 -0500] "GET /wp-sitemap.xml HTTP/1.1" 404 18610 "https://www.bagpackvacation.com/sitemap.xml" "Mozilla/5.0 AppleWebKit/537.36 (KHTML, like Gecko; compatible; ClaudeBot/1.0; [email protected])"
162.213.253.84 - - [26/Feb/2026:22:08:55 -0500] "POST /wp-admin/admin-ajax.php?action=async_litespeed&nonce=cKzaneNdldF20xJLYy5AGFwJPezv3Vtt&litespeed_type=imgoptm HTTP/1.1" 200 0 "-" "WordPress/6.9.1; https://www.bagpackvacation.com"
66.249.77.231 - - [26/Feb/2026:22:14:06 -0500] "GET /robots.txt HTTP/1.1" 200 108 "-" "Mozilla/5.0 (compatible; Googlebot/2.1; +http://www.google.com/bot.html)"
66.249.77.229 - - [26/Feb/2026:22:14:16 -0500] "GET /wp-content/plugins/elementor/assets/lib/font-awesome/css/solid.min.css?ver=5.15.3 HTTP/1.1" 200 286 "https://www.bagpackvacation.com/" "Mozilla/5.0 (Linux; Android 6.0.1; Nexus 5X Build/MMB29P) AppleWebKit/537.36 (KHTML, like Gecko) Chrome/144.0.7559.132 Mobile Safari/537.36 (compatible; Googlebot/2.1; +http://www.google.com/bot.html)"
66.249.77.229 - - [26/Feb/2026:22:14:17 -0500] "GET /wp-content/plugins/elementor/assets/lib/dialog/dialog.min.js?ver=4.9.3 HTTP/1.1" 200 3487 "https://www.bagpackvacation.com/" "Mozilla/5.0 (Linux; Android 6.0.1; Nexus 5X Build/MMB29P) AppleWebKit/537.36 (KHTML, like Gecko) Chrome/144.0.7559.132 Mobile Safari/537.36 (compatible; Googlebot/2.1; +http://www.google.com/bot.html)"
198.20.177.178 - - [26/Feb/2026:22:33:31 -0500] "GET /wp-login.php HTTP/1.1" 200 1797 "https://bagpackvacation.com/wp-login.php" "Mozilla/4.0 (compatible; MSIE 7.0; Windows NT 6.1; Win64; x64; Trident/7.0; .NET CLR 2.0.50727; SLCC2; .NET CLR 3.5.30729; .NET CLR 3.0.30729; Media Center PC 6.0; .NET4.0C; .NET4.0E; GWX:QUALIFIED)"
198.20.177.178 - - [26/Feb/2026:22:33:30 -0500] "GET /wp-login.php HTTP/1.1" 301 795 "-" "Mozilla/4.0 (compatible; MSIE 7.0; Windows NT 6.1; Win64; x64; Trident/7.0; .NET CLR 2.0.50727; SLCC2; .NET CLR 3.5.30729; .NET CLR 3.0.30729; Media Center PC 6.0; .NET4.0C; .NET4.0E; GWX:QUALIFIED)"
198.20.177.178 - - [26/Feb/2026:22:33:31 -0500] "POST /wp-login.php HTTP/1.1" 301 795 "https://bagpackvacation.com/wp-login.php" "Mozilla/4.0 (compatible; MSIE 7.0; Windows NT 6.1; Win64; x64; Trident/7.0; .NET CLR 2.0.50727; SLCC2; .NET CLR 3.5.30729; .NET CLR 3.0.30729; Media Center PC 6.0; .NET4.0C; .NET4.0E; GWX:QUALIFIED)"
198.20.177.178 - - [26/Feb/2026:22:33:31 -0500] "GET /wp-login.php HTTP/1.1" 200 1797 "https://bagpackvacation.com/wp-login.php" "Mozilla/4.0 (compatible; MSIE 7.0; Windows NT 6.1; Win64; x64; Trident/7.0; .NET CLR 2.0.50727; SLCC2; .NET CLR 3.5.30729; .NET CLR 3.0.30729; Media Center PC 6.0; .NET4.0C; .NET4.0E; GWX:QUALIFIED)"
43.159.143.187 - - [26/Feb/2026:22:56:47 -0500] "GET / HTTP/1.1" 200 40195 "http://bagpackvacation.com" "Mozilla/5.0 (iPhone; CPU iPhone OS 13_2_3 like Mac OS X) AppleWebKit/605.1.15 (KHTML, like Gecko) Version/13.0.3 Mobile/15E148 Safari/604.1"
124.236.100.56 - - [26/Feb/2026:23:00:15 -0500] "GET / HTTP/1.1" 200 40195 "-" "Mozilla/5.0 (Windows NT 6.1; Win64; x64; rv:25.0) Gecko/20100101 Firefox/29.0"
162.213.253.84 - - [26/Feb/2026:22:56:31 -0500] "POST /wp-cron.php?doing_wp_cron=1772164591.4815950393676757812500 HTTP/1.1" 200 0 "-" "WordPress/6.9.1; https://www.bagpackvacation.com"
181.215.182.167 - - [26/Feb/2026:22:56:29 -0500] "GET /.env HTTP/1.1" 404 21135 "-" "Mozilla/5.0 (Macintosh; Intel Mac OS X 10.15; rv:77.0) Gecko/20100101 Firefox/77.0"
162.213.253.84 - - [26/Feb/2026:22:56:32 -0500] "POST /wp-admin/admin-ajax.php?action=async_litespeed&nonce=3MTDypicD08MmLZ4jvxk2EaHI6cjwBBs&litespeed_type=imgoptm HTTP/1.1" 200 0 "-" "WordPress/6.9.1; https://www.bagpackvacation.com"
142.93.120.13 - - [26/Feb/2026:22:59:39 -0500] "GET /wp-login.php HTTP/1.1" 301 795 "-" "Mozilla/5.0 (Windows NT 6.1; WOW64; Trident/7.0; MDDCJS; rv:11.0) like Gecko"
50.6.226.221 - - [26/Feb/2026:23:07:58 -0500] "GET /wp-login.php HTTP/1.1" 301 795 "-" "Mozilla/4.0 (compatible; MSIE 7.0; Windows NT 6.2; WOW64; Trident/7.0; .NET4.0C; .NET4.0E; .NET CLR 2.0.50727; .NET CLR 3.0.30729; .NET CLR 3.5.30729)"
50.6.226.221 - - [26/Feb/2026:23:08:01 -0500] "POST /wp-login.php HTTP/1.1" 301 795 "https://bagpackvacation.com/wp-login.php" "Mozilla/4.0 (compatible; MSIE 7.0; Windows NT 6.2; WOW64; Trident/7.0; .NET4.0C; .NET4.0E; .NET CLR 2.0.50727; .NET CLR 3.0.30729; .NET CLR 3.5.30729)"
50.6.226.221 - - [26/Feb/2026:23:08:02 -0500] "GET /wp-login.php HTTP/1.1" 200 1797 "https://bagpackvacation.com/wp-login.php" "Mozilla/4.0 (compatible; MSIE 7.0; Windows NT 6.2; WOW64; Trident/7.0; .NET4.0C; .NET4.0E; .NET CLR 2.0.50727; .NET CLR 3.0.30729; .NET CLR 3.5.30729)"
138.246.253.24 - - [26/Feb/2026:23:16:44 -0500] "GET /robots.txt HTTP/1.1" 301 795 "-" "Mozilla/5.0 (Windows NT 10.0; Win64; x64) AppleWebKit/537.36 (KHTML, like Gecko) Chrome/103.0.5060.134 Safari/537.36"
50.6.226.221 - - [26/Feb/2026:23:08:01 -0500] "GET /wp-login.php HTTP/1.1" 200 1797 "https://bagpackvacation.com/wp-login.php" "Mozilla/4.0 (compatible; MSIE 7.0; Windows NT 6.2; WOW64; Trident/7.0; .NET4.0C; .NET4.0E; .NET CLR 2.0.50727; .NET CLR 3.0.30729; .NET CLR 3.5.30729)"
57.130.20.252 - - [26/Feb/2026:23:16:50 -0500] "GET /wp-login.php HTTP/1.1" 301 795 "-" "Mozilla/5.0 (Macintosh; Intel Mac OS X 10_12_2) AppleWebKit/602.3.12 (KHTML, like Gecko) Version/10.0.2 Safari/602.3.12"
57.130.20.252 - - [26/Feb/2026:23:16:51 -0500] "GET /wp-login.php HTTP/1.1" 200 1797 "https://bagpackvacation.com/wp-login.php" "Mozilla/5.0 (Macintosh; Intel Mac OS X 10_12_2) AppleWebKit/602.3.12 (KHTML, like Gecko) Version/10.0.2 Safari/602.3.12"
57.130.20.252 - - [26/Feb/2026:23:16:51 -0500] "POST /wp-login.php HTTP/1.1" 301 795 "https://bagpackvacation.com/wp-login.php" "Mozilla/5.0 (Macintosh; Intel Mac OS X 10_12_2) AppleWebKit/602.3.12 (KHTML, like Gecko) Version/10.0.2 Safari/602.3.12"
57.130.20.252 - - [26/Feb/2026:23:16:52 -0500] "GET /wp-login.php HTTP/1.1" 200 1797 "https://bagpackvacation.com/wp-login.php" "Mozilla/5.0 (Macintosh; Intel Mac OS X 10_12_2) AppleWebKit/602.3.12 (KHTML, like Gecko) Version/10.0.2 Safari/602.3.12"
54.234.18.56 - - [26/Feb/2026:23:21:51 -0500] "GET / HTTP/1.1" 200 40195 "-" "Mozilla/5.0 (Windows NT 10.0; Win64; x64) AppleWebKit/537.36 (KHTML, like Gecko) Chrome/86.0.4240.75 Safari/537.36"
114.119.150.6 - - [26/Feb/2026:23:17:55 -0500] "GET /romantic-goa-with-dudh-sagar-waterfall-4-night-5-days HTTP/1.1" 301 0 "https://www.bagpackvacation.com/goa-tour-packages" "Mozilla/5.0 (Linux; Android 7.0;) AppleWebKit/537.36 (KHTML, like Gecko) Mobile Safari/537.36 (compatible; PetalBot;+https://webmaster.petalsearch.com/site/petalbot)"
114.119.150.6 - - [26/Feb/2026:23:17:57 -0500] "GET /romantic-goa-with-dudh-sagar-waterfall-4-night-5-days/ HTTP/1.1" 200 29026 "https://www.bagpackvacation.com/goa-tour-packages" "Mozilla/5.0 (Linux; Android 7.0;) AppleWebKit/537.36 (KHTML, like Gecko) Mobile Safari/537.36 (compatible; PetalBot;+https://webmaster.petalsearch.com/site/petalbot)"
162.213.253.84 - - [26/Feb/2026:23:36:54 -0500] "POST /wp-admin/admin-ajax.php?action=async_litespeed&nonce=pDlZUnbfJjWNIzNv9yStaEeYh9iMS5hL&litespeed_type=imgoptm HTTP/1.1" 200 0 "-" "WordPress/6.9.1; https://www.bagpackvacation.com"
162.213.253.84 - - [26/Feb/2026:23:36:53 -0500] "POST /wp-cron.php?doing_wp_cron=1772167013.7676889896392822265625 HTTP/1.1" 200 0 "-" "WordPress/6.9.1; https://www.bagpackvacation.com"
114.119.136.251 - - [26/Feb/2026:23:36:52 -0500] "GET /4-night-5-days-soothing-sri-lanka-package/ HTTP/1.1" 200 30084 "https://www.bagpackvacation.com/sri-lanka-tour-packages/" "Mozilla/5.0 (Linux; Android 7.0;) AppleWebKit/537.36 (KHTML, like Gecko) Mobile Safari/537.36 (compatible; PetalBot;+https://webmaster.petalsearch.com/site/petalbot)"
4.204.200.32 - - [26/Feb/2026:23:40:36 -0500] "GET /myfile.php HTTP/1.1" 404 103051 "-" "-"
162.213.253.84 - - [26/Feb/2026:23:40:37 -0500] "POST /wp-admin/admin-ajax.php?action=async_litespeed&nonce=EISMQxjW7Wc5KJaX3o3DNgzLcepSuYoB&litespeed_type=imgoptm HTTP/1.1" 200 0 "-" "WordPress/6.9.1; https://www.bagpackvacation.com"
4.204.200.32 - - [26/Feb/2026:23:40:40 -0500] "GET /C.php HTTP/1.1" 404 103041 "-" "-"
4.204.200.32 - - [26/Feb/2026:23:40:42 -0500] "GET /ze.php HTTP/1.1" 404 103043 "-" "-"
4.204.200.32 - - [26/Feb/2026:23:40:46 -0500] "GET /pouhg.php HTTP/1.1" 404 103049 "-" "-"
162.213.253.84 - - [26/Feb/2026:23:40:51 -0500] "POST /wp-cron.php?doing_wp_cron=1772167251.5646591186523437500000 HTTP/1.1" 200 0 "-" "WordPress/6.9.1; https://www.bagpackvacation.com"
4.204.200.32 - - [26/Feb/2026:23:40:54 -0500] "GET /x123.php HTTP/1.1" 404 103047 "-" "-"
4.204.200.32 - - [26/Feb/2026:23:40:57 -0500] "GET /moshou.php HTTP/1.1" 404 103051 "-" "-"
162.213.253.84 - - [26/Feb/2026:23:41:04 -0500] "POST /wp-cron.php?doing_wp_cron=1772167264.0328440666198730468750 HTTP/1.1" 200 0 "-" "WordPress/6.9.1; https://www.bagpackvacation.com"
4.204.200.32 - - [26/Feb/2026:23:41:07 -0500] "GET /plugins.php HTTP/1.1" 404 103053 "-" "-"
4.204.200.32 - - [26/Feb/2026:23:41:08 -0500] "GET /xoot.php HTTP/1.1" 404 103047 "-" "-"
4.204.200.32 - - [26/Feb/2026:23:41:10 -0500] "GET /X57.php HTTP/1.1" 404 103045 "-" "-"
4.204.200.32 - - [26/Feb/2026:23:41:14 -0500] "GET /file59.php HTTP/1.1" 404 103051 "-" "-"
4.204.200.32 - - [26/Feb/2026:23:41:16 -0500] "GET /wp-admin/css/bolt.php HTTP/1.1" 404 103073 "-" "-"
4.204.200.32 - - [26/Feb/2026:23:41:19 -0500] "GET /shas.php HTTP/1.1" 404 103047 "-" "-"
4.204.200.32 - - [26/Feb/2026:23:41:21 -0500] "GET /xa.php HTTP/1.1" 404 103043 "-" "-"
4.204.200.32 - - [26/Feb/2026:23:41:22 -0500] "GET /xda.php HTTP/1.1" 404 103045 "-" "-"
4.204.200.32 - - [26/Feb/2026:23:41:25 -0500] "GET /fault.php HTTP/1.1" 404 103049 "-" "-"
4.204.200.32 - - [26/Feb/2026:23:41:27 -0500] "GET /motu.php HTTP/1.1" 404 103047 "-" "-"
162.213.253.84 - - [26/Feb/2026:23:41:30 -0500] "POST /wp-cron.php?doing_wp_cron=1772167290.8831229209899902343750 HTTP/1.1" 200 0 "-" "WordPress/6.9.1; https://www.bagpackvacation.com"
4.204.200.32 - - [26/Feb/2026:23:41:29 -0500] "GET /66.php HTTP/1.1" 404 103043 "-" "-"
4.204.200.32 - - [26/Feb/2026:23:41:31 -0500] "GET /leuk.php HTTP/1.1" 404 103047 "-" "-"
4.204.200.32 - - [26/Feb/2026:23:41:32 -0500] "GET /xqq.php HTTP/1.1" 404 103045 "-" "-"
4.204.200.32 - - [26/Feb/2026:23:41:34 -0500] "GET /kolda.php HTTP/1.1" 404 103049 "-" "-"
4.204.200.32 - - [26/Feb/2026:23:41:35 -0500] "GET /nw.php HTTP/1.1" 404 103043 "-" "-"
4.204.200.32 - - [26/Feb/2026:23:41:44 -0500] "GET /fs.php HTTP/1.1" 404 103043 "-" "-"
4.204.200.32 - - [26/Feb/2026:23:41:49 -0500] "GET /nnyvn.php HTTP/1.1" 404 103049 "-" "-"
162.213.253.84 - - [26/Feb/2026:23:41:52 -0500] "POST /wp-cron.php?doing_wp_cron=1772167312.4394600391387939453125 HTTP/1.1" 200 0 "-" "WordPress/6.9.1; https://www.bagpackvacation.com"
4.204.200.32 - - [26/Feb/2026:23:41:54 -0500] "GET /0.php HTTP/1.1" 404 103041 "-" "-"
4.204.200.32 - - [26/Feb/2026:23:41:56 -0500] "GET /ms-edit.php HTTP/1.1" 404 103053 "-" "-"
4.204.200.32 - - [26/Feb/2026:23:42:01 -0500] "GET /wp-blog.php HTTP/1.1" 404 103053 "-" "-"
162.213.253.84 - - [26/Feb/2026:23:42:05 -0500] "POST /wp-cron.php?doing_wp_cron=1772167325.3385040760040283203125 HTTP/1.1" 200 0 "-" "WordPress/6.9.1; https://www.bagpackvacation.com"
4.204.200.32 - - [26/Feb/2026:23:42:05 -0500] "GET /a1vx.php HTTP/1.1" 404 103047 "-" "-"
4.204.200.32 - - [26/Feb/2026:23:42:08 -0500] "GET /sbhu.php HTTP/1.1" 404 103047 "-" "-"
4.204.200.32 - - [26/Feb/2026:23:42:12 -0500] "GET /06.php HTTP/1.1" 404 103043 "-" "-"
4.204.200.32 - - [26/Feb/2026:23:42:23 -0500] "GET /dev1s.php HTTP/1.1" 404 103049 "-" "-"
52.38.3.21 - - [26/Feb/2026:23:47:17 -0500] "GET /wp-login.php HTTP/1.1" 301 795 "-" "Mozilla/5.0 (Windows NT 6.3; Win64; x64; Trident/7.0; MAARJS; rv:11.0) like Gecko"
162.213.253.84 - - [26/Feb/2026:23:40:35 -0500] "POST /wp-cron.php?doing_wp_cron=1772167235.8432810306549072265625 HTTP/1.1" 200 0 "-" "WordPress/6.9.1; https://www.bagpackvacation.com"
4.204.200.32 - - [26/Feb/2026:23:40:34 -0500] "GET /wp-content/plugins/hellopress/wp_filemanager.php HTTP/1.1" 404 103127 "-" "-"
4.204.200.32 - - [26/Feb/2026:23:40:38 -0500] "GET /work.php HTTP/1.1" 404 103047 "-" "-"
4.204.200.32 - - [26/Feb/2026:23:40:43 -0500] "GET /new4.php HTTP/1.1" 404 103047 "-" "-"
4.204.200.32 - - [26/Feb/2026:23:40:45 -0500] "GET /sc.php HTTP/1.1" 404 103043 "-" "-"
4.204.200.32 - - [26/Feb/2026:23:40:48 -0500] "GET /vgtyu.php HTTP/1.1" 404 103049 "-" "-"
4.204.200.32 - - [26/Feb/2026:23:40:50 -0500] "GET /aq.php HTTP/1.1" 404 103043 "-" "-"
4.204.200.32 - - [26/Feb/2026:23:40:51 -0500] "GET /opts.php HTTP/1.1" 404 103047 "-" "-"
4.204.200.32 - - [26/Feb/2026:23:40:55 -0500] "GET /wp-act.php HTTP/1.1" 404 103051 "-" "-"
4.204.200.32 - - [26/Feb/2026:23:40:59 -0500] "GET /seetox.php HTTP/1.1" 404 103051 "-" "-"
4.204.200.32 - - [26/Feb/2026:23:41:01 -0500] "GET /dom.php HTTP/1.1" 404 103045 "-" "-"
4.204.200.32 - - [26/Feb/2026:23:41:02 -0500] "GET /ws60.php HTTP/1.1" 404 103047 "-" "-"
4.204.200.32 - - [26/Feb/2026:23:41:04 -0500] "GET /samiri.php HTTP/1.1" 404 103051 "-" "-"
4.204.200.32 - - [26/Feb/2026:23:41:06 -0500] "GET /plugins.php?p= HTTP/1.1" 301 0 "-" "-"
4.204.200.32 - - [26/Feb/2026:23:41:12 -0500] "GET /vx.php HTTP/1.1" 404 103043 "-" "-"
4.204.200.32 - - [26/Feb/2026:23:41:24 -0500] "GET /er.php HTTP/1.1" 404 103043 "-" "-"
162.213.253.84 - - [26/Feb/2026:23:41:31 -0500] "POST /wp-admin/admin-ajax.php?action=async_litespeed&nonce=3obxrorXe4G0H9lRNfzPDJNTPscRKvt0&litespeed_type=imgoptm HTTP/1.1" 200 0 "-" "WordPress/6.9.1; https://www.bagpackvacation.com"
4.204.200.32 - - [26/Feb/2026:23:41:37 -0500] "GET /god.php HTTP/1.1" 404 103045 "-" "-"
4.204.200.32 - - [26/Feb/2026:23:41:39 -0500] "GET /666.php HTTP/1.1" 404 103045 "-" "-"
4.204.200.32 - - [26/Feb/2026:23:41:40 -0500] "GET /kj.php HTTP/1.1" 404 103043 "-" "-"
4.204.200.32 - - [26/Feb/2026:23:41:42 -0500] "GET /un.php HTTP/1.1" 404 103043 "-" "-"
4.204.200.32 - - [26/Feb/2026:23:41:46 -0500] "GET /ms.php HTTP/1.1" 404 103043 "-" "-"
4.204.200.32 - - [26/Feb/2026:23:41:48 -0500] "GET /login8.php HTTP/1.1" 404 103051 "-" "-"
4.204.200.32 - - [26/Feb/2026:23:41:51 -0500] "GET /cu.php HTTP/1.1" 404 103043 "-" "-"
4.204.200.32 - - [26/Feb/2026:23:41:52 -0500] "GET /lul.php HTTP/1.1" 404 103045 "-" "-"
4.204.200.32 - - [26/Feb/2026:23:41:58 -0500] "GET /ya.php HTTP/1.1" 404 103043 "-" "-"
4.204.200.32 - - [26/Feb/2026:23:42:00 -0500] "GET /grsiuk.php HTTP/1.1" 404 103051 "-" "-"
4.204.200.32 - - [26/Feb/2026:23:42:03 -0500] "GET /wp-access.php HTTP/1.1" 404 103057 "-" "-"
4.204.200.32 - - [26/Feb/2026:23:42:10 -0500] "GET /wp-the.php HTTP/1.1" 404 103051 "-" "-"
4.204.200.32 - - [26/Feb/2026:23:42:14 -0500] "GET /wp5.php HTTP/1.1" 404 103045 "-" "-"
4.204.200.32 - - [26/Feb/2026:23:42:15 -0500] "GET /fot.php HTTP/1.1" 404 103045 "-" "-"
4.204.200.32 - - [26/Feb/2026:23:42:17 -0500] "GET /ff1.php HTTP/1.1" 404 103045 "-" "-"
4.204.200.32 - - [26/Feb/2026:23:42:19 -0500] "GET /forbidals.php HTTP/1.1" 404 103057 "-" "-"
4.204.200.32 - - [26/Feb/2026:23:42:22 -0500] "GET /erty.php HTTP/1.1" 404 103047 "-" "-"
4.204.200.32 - - [26/Feb/2026:23:42:25 -0500] "GET /ffd.php HTTP/1.1" 404 103045 "-" "-"
52.38.3.21 - - [26/Feb/2026:23:47:18 -0500] "POST /wp-login.php HTTP/1.1" 301 795 "https://bagpackvacation.com/wp-login.php" "Mozilla/5.0 (Windows NT 6.3; Win64; x64; Trident/7.0; MAARJS; rv:11.0) like Gecko"
52.38.3.21 - - [26/Feb/2026:23:47:18 -0500] "GET /wp-login.php HTTP/1.1" 200 1797 "https://bagpackvacation.com/wp-login.php" "Mozilla/5.0 (Windows NT 6.3; Win64; x64; Trident/7.0; MAARJS; rv:11.0) like Gecko"
52.38.3.21 - - [26/Feb/2026:23:47:18 -0500] "GET /wp-login.php HTTP/1.1" 200 1797 "https://bagpackvacation.com/wp-login.php" "Mozilla/5.0 (Windows NT 6.3; Win64; x64; Trident/7.0; MAARJS; rv:11.0) like Gecko"
216.73.216.85 - - [26/Feb/2026:23:51:23 -0500] "GET /robots.txt HTTP/1.1" 301 795 "-" "Mozilla/5.0 AppleWebKit/537.36 (KHTML, like Gecko; compatible; ClaudeBot/1.0; [email protected])"
216.73.216.85 - - [26/Feb/2026:23:51:24 -0500] "GET /robots.txt HTTP/1.1" 200 108 "https://bagpackvacation.com/robots.txt" "Mozilla/5.0 AppleWebKit/537.36 (KHTML, like Gecko; compatible; ClaudeBot/1.0; [email protected])"
216.73.216.85 - - [26/Feb/2026:23:51:24 -0500] "GET /wp-sitemap.xml HTTP/1.1" 404 18610 "https://www.bagpackvacation.com/sitemap.xml" "Mozilla/5.0 AppleWebKit/537.36 (KHTML, like Gecko; compatible; ClaudeBot/1.0; [email protected])"
162.213.253.84 - - [26/Feb/2026:23:51:27 -0500] "POST /wp-admin/admin-ajax.php?action=async_litespeed&nonce=bI681HZhbO7KUWNKCV9dTK3eUheTZjaF&litespeed_type=imgoptm HTTP/1.1" 200 0 "-" "WordPress/6.9.1; https://www.bagpackvacation.com"
209.126.12.65 - - [26/Feb/2026:23:55:04 -0500] "GET /wp-login.php HTTP/1.1" 301 795 "-" "Mozilla/5.0 (Macintosh; Intel Mac OS X 10_11_6) AppleWebKit/537.36 (KHTML, like Gecko) Chrome/67.0.3396.87 Safari/537.36"
209.126.12.65 - - [26/Feb/2026:23:55:05 -0500] "GET /wp-login.php HTTP/1.1" 200 1797 "https://bagpackvacation.com/wp-login.php" "Mozilla/5.0 (Macintosh; Intel Mac OS X 10_11_6) AppleWebKit/537.36 (KHTML, like Gecko) Chrome/67.0.3396.87 Safari/537.36"
209.126.12.65 - - [26/Feb/2026:23:55:07 -0500] "POST /wp-login.php HTTP/1.1" 301 795 "https://bagpackvacation.com/wp-login.php" "Mozilla/5.0 (Macintosh; Intel Mac OS X 10_11_6) AppleWebKit/537.36 (KHTML, like Gecko) Chrome/67.0.3396.87 Safari/537.36"
209.126.12.65 - - [26/Feb/2026:23:55:07 -0500] "GET /wp-login.php HTTP/1.1" 200 1797 "https://bagpackvacation.com/wp-login.php" "Mozilla/5.0 (Macintosh; Intel Mac OS X 10_11_6) AppleWebKit/537.36 (KHTML, like Gecko) Chrome/67.0.3396.87 Safari/537.36"
216.73.216.85 - - [26/Feb/2026:23:51:24 -0500] "GET /sitemap.xml HTTP/1.1" 301 795 "-" "Mozilla/5.0 AppleWebKit/537.36 (KHTML, like Gecko; compatible; ClaudeBot/1.0; [email protected])"
216.73.216.85 - - [26/Feb/2026:23:51:24 -0500] "GET /sitemap.xml HTTP/1.1" 301 0 "https://bagpackvacation.com/sitemap.xml" "Mozilla/5.0 AppleWebKit/537.36 (KHTML, like Gecko; compatible; ClaudeBot/1.0; [email protected])"
162.213.253.84 - - [26/Feb/2026:23:51:26 -0500] "POST /wp-cron.php?doing_wp_cron=1772167886.2745120525360107421875 HTTP/1.1" 200 0 "-" "WordPress/6.9.1; https://www.bagpackvacation.com"
157.20.105.176 - - [27/Feb/2026:00:03:30 -0500] "GET /wp-login.php HTTP/1.1" 200 1797 "https://bagpackvacation.com/wp-login.php" "Mozilla/5.0 (Macintosh; Intel Mac OS X 10_10_5) AppleWebKit/602.3.12 (KHTML, like Gecko) Version/10.0.2 Safari/602.3.12"
157.20.105.176 - - [27/Feb/2026:00:03:31 -0500] "GET /wp-login.php HTTP/1.1" 200 1797 "https://bagpackvacation.com/wp-login.php" "Mozilla/5.0 (Macintosh; Intel Mac OS X 10_10_5) AppleWebKit/602.3.12 (KHTML, like Gecko) Version/10.0.2 Safari/602.3.12"
157.20.105.176 - - [27/Feb/2026:00:03:29 -0500] "GET /wp-login.php HTTP/1.1" 301 795 "-" "Mozilla/5.0 (Macintosh; Intel Mac OS X 10_10_5) AppleWebKit/602.3.12 (KHTML, like Gecko) Version/10.0.2 Safari/602.3.12"
157.20.105.176 - - [27/Feb/2026:00:03:31 -0500] "POST /wp-login.php HTTP/1.1" 301 795 "https://bagpackvacation.com/wp-login.php" "Mozilla/5.0 (Macintosh; Intel Mac OS X 10_10_5) AppleWebKit/602.3.12 (KHTML, like Gecko) Version/10.0.2 Safari/602.3.12"
162.213.253.84 - - [27/Feb/2026:00:11:01 -0500] "POST /wp-admin/admin-ajax.php?action=async_litespeed&nonce=OdckFJGpmKXJ09aZXznW1IVPxnTINFhR&litespeed_type=imgoptm HTTP/1.1" 200 0 "-" "WordPress/6.9.1; https://www.bagpackvacation.com"
157.20.105.176 - - [27/Feb/2026:00:15:18 -0500] "GET /wp-login.php HTTP/1.1" 301 795 "-" "Mozilla/5.0 (Windows NT 10.0; WOW64; Trident/7.0; Touch; MALNJS; rv:11.0) like Gecko"
157.20.105.176 - - [27/Feb/2026:00:15:32 -0500] "GET /wp-login.php HTTP/1.1" 301 795 "-" "Mozilla/5.0 (Windows NT 10.0; WOW64; Trident/7.0; Touch; MALNJS; rv:11.0) like Gecko"
157.20.105.176 - - [27/Feb/2026:00:15:36 -0500] "GET /wp-login.php HTTP/1.1" 200 1797 "https://bagpackvacation.com/wp-login.php" "Mozilla/5.0 (Windows NT 10.0; WOW64; Trident/7.0; Touch; MALNJS; rv:11.0) like Gecko"
162.213.253.84 - - [27/Feb/2026:00:11:00 -0500] "POST /wp-cron.php?doing_wp_cron=1772169060.4506371021270751953125 HTTP/1.1" 200 0 "-" "WordPress/6.9.1; https://www.bagpackvacation.com"
114.119.152.5 - - [27/Feb/2026:00:10:58 -0500] "GET /uploads/0000/1/2020/01/16/wanderon-auli.jpg HTTP/1.1" 404 21174 "https://bagpackvacation.com/tour/auli" "Mozilla/5.0 (Linux; Android 7.0;) AppleWebKit/537.36 (KHTML, like Gecko) Mobile Safari/537.36 (compatible; PetalBot;+https://webmaster.petalsearch.com/site/petalbot)"
157.20.105.176 - - [27/Feb/2026:00:15:35 -0500] "GET /wp-login.php HTTP/1.1" 200 1797 "https://bagpackvacation.com/wp-login.php" "Mozilla/5.0 (Windows NT 10.0; WOW64; Trident/7.0; Touch; MALNJS; rv:11.0) like Gecko"
157.20.105.176 - - [27/Feb/2026:00:15:36 -0500] "POST /wp-login.php HTTP/1.1" 301 795 "https://bagpackvacation.com/wp-login.php" "Mozilla/5.0 (Windows NT 10.0; WOW64; Trident/7.0; Touch; MALNJS; rv:11.0) like Gecko"
43.173.172.60 - - [27/Feb/2026:00:18:24 -0500] "GET /thailand-tour-packages/ HTTP/1.1" 200 28887 "-" "Mozilla/5.0 (Windows NT 10.0; Win64; x64) AppleWebKit/537.36 (KHTML, like Gecko) Chrome/110.0.0.0 Safari/537.36"
43.173.175.226 - - [27/Feb/2026:00:18:25 -0500] "GET /wp-content/uploads/elementor/css/post-308.css?ver=1714710821 HTTP/1.1" 200 6726 "https://www.bagpackvacation.com/thailand-tour-packages/" "Mozilla/5.0 (Windows NT 10.0; Win64; x64) AppleWebKit/537.36 (KHTML, like Gecko) Chrome/110.0.0.0 Safari/537.36"
43.173.174.68 - - [27/Feb/2026:00:18:38 -0500] "GET /thailand-tour-packages/ HTTP/1.1" 200 28887 "-" "Mozilla/5.0 (Windows NT 10.0; Win64; x64) AppleWebKit/537.36 (KHTML, like Gecko) Chrome/106.0.5249.119 Safari/537.36"
182.42.104.32 - - [27/Feb/2026:00:41:34 -0500] "GET / HTTP/1.1" 200 40195 "http://bagpackvacation.com" "Mozilla/5.0 (iPhone; CPU iPhone OS 13_2_3 like Mac OS X) AppleWebKit/605.1.15 (KHTML, like Gecko) Version/13.0.3 Mobile/15E148 Safari/604.1"
142.93.159.82 - - [27/Feb/2026:00:35:38 -0500] "GET / HTTP/1.1" 200 34037 "-" "Mozilla/5.0 (Windows NT 10.0; Win64; x64) AppleWebKit/537.36 (KHTML, like Gecko) Chrome/120.0.0.0 Safari/537.36 Alfseec-Scanner/2026"
209.126.12.65 - - [27/Feb/2026:00:39:08 -0500] "GET /wp-login.php HTTP/1.1" 301 795 "-" "Mozilla/5.0 (Windows NT 6.3; Win64; x64; Trident/7.0; Touch; MDDCJS; rv:11.0) like Gecko"
54.84.169.196 - - [27/Feb/2026:00:45:50 -0500] "GET /robots.txt HTTP/1.1" 200 129 "-" "Mozilla/5.0 AppleWebKit/537.36 (KHTML, like Gecko; compatible; Amazonbot/0.1; +https://developer.amazon.com/support/amazonbot) Chrome/119.0.6045.214 Safari/537.36"
54.80.185.200 - - [27/Feb/2026:00:45:57 -0500] "GET /bali-tour-packages/ HTTP/1.1" 200 27311 "-" "Mozilla/5.0 AppleWebKit/537.36 (KHTML, like Gecko; compatible; Amazonbot/0.1; +https://developer.amazon.com/support/amazonbot) Chrome/119.0.6045.214 Safari/537.36"
162.213.253.84 - - [27/Feb/2026:00:46:01 -0500] "POST /wp-cron.php?doing_wp_cron=1772171161.0205318927764892578125 HTTP/1.1" 200 0 "-" "WordPress/6.9.1; https://www.bagpackvacation.com"
162.213.253.84 - - [27/Feb/2026:00:46:02 -0500] "POST /wp-admin/admin-ajax.php?action=async_litespeed&nonce=179npGILJpitoFkuhXrISCqen8LGGAbY&litespeed_type=imgoptm HTTP/1.1" 200 0 "-" "WordPress/6.9.1; https://www.bagpackvacation.com"
162.213.253.84 - - [27/Feb/2026:00:46:05 -0500] "POST /wp-cron.php?doing_wp_cron=1772171165.7111029624938964843750 HTTP/1.1" 200 0 "-" "WordPress/6.9.1; https://www.bagpackvacation.com"
54.144.185.255 - - [27/Feb/2026:00:46:04 -0500] "GET /3-night-4-days-thailand-pattaya-weekend-getaway/ HTTP/1.1" 200 28984 "-" "Mozilla/5.0 AppleWebKit/537.36 (KHTML, like Gecko; compatible; Amazonbot/0.1; +https://developer.amazon.com/support/amazonbot) Chrome/119.0.6045.214 Safari/537.36"
216.73.216.85 - - [27/Feb/2026:00:53:33 -0500] "GET /robots.txt HTTP/1.1" 301 795 "-" "Mozilla/5.0 AppleWebKit/537.36 (KHTML, like Gecko; compatible; ClaudeBot/1.0; [email protected])"
162.213.253.84 - - [27/Feb/2026:00:53:35 -0500] "POST /wp-cron.php?doing_wp_cron=1772171615.7385730743408203125000 HTTP/1.1" 200 0 "-" "WordPress/6.9.1; https://www.bagpackvacation.com"
216.73.216.85 - - [27/Feb/2026:00:53:34 -0500] "GET /wp-sitemap.xml HTTP/1.1" 404 18610 "https://www.bagpackvacation.com/sitemap.xml" "Mozilla/5.0 AppleWebKit/537.36 (KHTML, like Gecko; compatible; ClaudeBot/1.0; [email protected])"
44.195.50.71 - - [27/Feb/2026:00:45:59 -0500] "GET /5-night-6-days-splendours-of-sri-lanka-package/ HTTP/1.1" 200 30018 "-" "Mozilla/5.0 AppleWebKit/537.36 (KHTML, like Gecko; compatible; Amazonbot/0.1; +https://developer.amazon.com/support/amazonbot) Chrome/119.0.6045.214 Safari/537.36"
216.73.216.85 - - [27/Feb/2026:00:53:34 -0500] "GET /robots.txt HTTP/1.1" 200 108 "https://bagpackvacation.com/robots.txt" "Mozilla/5.0 AppleWebKit/537.36 (KHTML, like Gecko; compatible; ClaudeBot/1.0; [email protected])"
216.73.216.85 - - [27/Feb/2026:00:53:34 -0500] "GET /sitemap.xml HTTP/1.1" 301 795 "-" "Mozilla/5.0 AppleWebKit/537.36 (KHTML, like Gecko; compatible; ClaudeBot/1.0; [email protected])"
216.73.216.85 - - [27/Feb/2026:00:53:34 -0500] "GET /sitemap.xml HTTP/1.1" 301 0 "https://bagpackvacation.com/sitemap.xml" "Mozilla/5.0 AppleWebKit/537.36 (KHTML, like Gecko; compatible; ClaudeBot/1.0; [email protected])"
162.213.253.84 - - [27/Feb/2026:00:53:36 -0500] "POST /wp-admin/admin-ajax.php?action=async_litespeed&nonce=WH4TZI0Wjdm0CmvbQVZ38lwMq9NIA3w4&litespeed_type=imgoptm HTTP/1.1" 200 0 "-" "WordPress/6.9.1; https://www.bagpackvacation.com"
144.76.99.104 - - [27/Feb/2026:01:11:34 -0500] "GET /wp-login.php HTTP/1.1" 200 1797 "https://bagpackvacation.com/wp-login.php" "Mozilla/5.0 (Macintosh; Intel Mac OS X 10_13_2) AppleWebKit/537.36 (KHTML, like Gecko) Chrome/65.0.3325.181 Safari/537.36"
144.76.99.104 - - [27/Feb/2026:01:11:35 -0500] "POST /wp-login.php HTTP/1.1" 301 795 "https://bagpackvacation.com/wp-login.php" "Mozilla/5.0 (Macintosh; Intel Mac OS X 10_13_2) AppleWebKit/537.36 (KHTML, like Gecko) Chrome/65.0.3325.181 Safari/537.36"
144.76.99.104 - - [27/Feb/2026:01:11:35 -0500] "GET /wp-login.php HTTP/1.1" 200 1797 "https://bagpackvacation.com/wp-login.php" "Mozilla/5.0 (Macintosh; Intel Mac OS X 10_13_2) AppleWebKit/537.36 (KHTML, like Gecko) Chrome/65.0.3325.181 Safari/537.36"
197.113.177.254 - - [27/Feb/2026:01:16:54 -0500] "GET /5-night-6-days-spectacular-mauritius-with-casela-bird-park/ HTTP/1.1" 200 30883 "-" "Mozilla/5.0 (Windows NT 10.0; Win64; x64) AppleWebKit/537.36 (KHTML, like Gecko) Chrome/80.0.3987.132 Safari/537.36"
144.76.99.104 - - [27/Feb/2026:01:11:33 -0500] "GET /wp-login.php HTTP/1.1" 301 795 "-" "Mozilla/5.0 (Macintosh; Intel Mac OS X 10_13_2) AppleWebKit/537.36 (KHTML, like Gecko) Chrome/65.0.3325.181 Safari/537.36"
114.119.141.118 - - [27/Feb/2026:01:13:55 -0500] "GET /robots.txt HTTP/1.1" 200 129 "-" "Mozilla/5.0 (compatible;PetalBot;+https://webmaster.petalsearch.com/site/petalbot)"
172.96.172.67 - - [27/Feb/2026:01:20:04 -0500] "GET /wp-login.php HTTP/1.1" 301 795 "-" "Mozilla/5.0 (X11; Linux x86_64) AppleWebKit/537.36 (KHTML, like Gecko) Chrome/65.0.3325.146 Safari/537.36"
172.96.172.67 - - [27/Feb/2026:01:20:05 -0500] "POST /wp-login.php HTTP/1.1" 301 795 "https://bagpackvacation.com/wp-login.php" "Mozilla/5.0 (X11; Linux x86_64) AppleWebKit/537.36 (KHTML, like Gecko) Chrome/65.0.3325.146 Safari/537.36"
172.96.172.67 - - [27/Feb/2026:01:20:05 -0500] "GET /wp-login.php HTTP/1.1" 200 1797 "https://bagpackvacation.com/wp-login.php" "Mozilla/5.0 (X11; Linux x86_64) AppleWebKit/537.36 (KHTML, like Gecko) Chrome/65.0.3325.146 Safari/537.36"
47.128.121.212 - - [27/Feb/2026:01:25:05 -0500] "GET /robots.txt HTTP/1.1" 200 129 "-" "Mozilla/5.0 (Linux; Android 5.0) AppleWebKit/537.36 (KHTML, like Gecko) Mobile Safari/537.36 (compatible; Bytespider; [email protected])"
172.96.172.67 - - [27/Feb/2026:01:20:05 -0500] "GET /wp-login.php HTTP/1.1" 200 1797 "https://bagpackvacation.com/wp-login.php" "Mozilla/5.0 (X11; Linux x86_64) AppleWebKit/537.36 (KHTML, like Gecko) Chrome/65.0.3325.146 Safari/537.36"
162.213.253.84 - - [27/Feb/2026:01:44:03 -0500] "POST /wp-cron.php?doing_wp_cron=1772174643.6505939960479736328125 HTTP/1.1" 200 0 "-" "WordPress/6.9.1; https://www.bagpackvacation.com"
114.119.149.92 - - [27/Feb/2026:01:44:02 -0500] "GET /fun-with-family-in-goa HTTP/1.1" 301 0 "https://www.bagpackvacation.com/fun-with-family-in-goa" "Mozilla/5.0 (Linux; Android 7.0;) AppleWebKit/537.36 (KHTML, like Gecko) Mobile Safari/537.36 (compatible; PetalBot;+https://webmaster.petalsearch.com/site/petalbot)"
114.119.149.92 - - [27/Feb/2026:01:44:05 -0500] "GET /fun-with-family-in-goa/ HTTP/1.1" 200 28677 "https://www.bagpackvacation.com/fun-with-family-in-goa" "Mozilla/5.0 (Linux; Android 7.0;) AppleWebKit/537.36 (KHTML, like Gecko) Mobile Safari/537.36 (compatible; PetalBot;+https://webmaster.petalsearch.com/site/petalbot)"
77.36.124.181 - - [27/Feb/2026:01:45:54 -0500] "GET /about-us/ HTTP/1.1" 200 22228 "-" "Mozilla/5.0 (Windows NT 10.0; Win64; x64) AppleWebKit/537.36 (KHTML, like Gecko) Chrome/145.0.0.0 Safari/537.36"
77.36.124.181 - - [27/Feb/2026:01:45:54 -0500] "GET /kashmir/ HTTP/1.1" 200 24082 "-" "Mozilla/5.0 (Windows NT 10.0; Win64; x64) AppleWebKit/537.36 (KHTML, like Gecko) Chrome/145.0.0.0 Safari/537.36"
77.36.124.181 - - [27/Feb/2026:01:45:54 -0500] "GET /wp-includes/js/imagesloaded.min.js?ver=5.0.0 HTTP/1.1" 200 1687 "-" "Mozilla/5.0 (Windows NT 10.0; Win64; x64) AppleWebKit/537.36 (KHTML, like Gecko) Chrome/145.0.0.0 Safari/537.36"
77.36.124.181 - - [27/Feb/2026:01:45:54 -0500] "GET /wp-content/plugins/primary-addon-for-elementor/assets/js/juxtapose.js?ver=1.2.1 HTTP/1.1" 200 5679 "-" "Mozilla/5.0 (Windows NT 10.0; Win64; x64) AppleWebKit/537.36 (KHTML, like Gecko) Chrome/145.0.0.0 Safari/537.36"
77.36.124.181 - - [27/Feb/2026:01:45:55 -0500] "GET /wp-content/plugins/primary-addon-for-elementor/assets/js/InstagramFeed.min.js?ver=1.3.8 HTTP/1.1" 200 1983 "-" "Mozilla/5.0 (Windows NT 10.0; Win64; x64) AppleWebKit/537.36 (KHTML, like Gecko) Chrome/145.0.0.0 Safari/537.36"
103.55.124.200 - - [27/Feb/2026:01:49:31 -0500] "GET /wp-login.php HTTP/1.1" 200 1797 "https://bagpackvacation.com/wp-login.php" "Mozilla/4.0 (compatible; MSIE 7.0; Windows NT 6.1; Trident/7.0; SLCC2; .NET CLR 2.0.50727; .NET CLR 3.5.30729; .NET CLR 3.0.30729; Media Center PC 6.0; .NET4.0C; .NET4.0E; InfoPath.3; Tablet PC 2.0)"
103.55.124.200 - - [27/Feb/2026:01:49:33 -0500] "GET /wp-login.php HTTP/1.1" 200 1797 "https://bagpackvacation.com/wp-login.php" "Mozilla/4.0 (compatible; MSIE 7.0; Windows NT 6.1; Trident/7.0; SLCC2; .NET CLR 2.0.50727; .NET CLR 3.5.30729; .NET CLR 3.0.30729; Media Center PC 6.0; .NET4.0C; .NET4.0E; InfoPath.3; Tablet PC 2.0)"
162.213.253.84 - - [27/Feb/2026:01:44:04 -0500] "POST /wp-admin/admin-ajax.php?action=async_litespeed&nonce=wKE7Qjkh190XZypmPbmcOm0bKVr5EsS6&litespeed_type=imgoptm HTTP/1.1" 200 0 "-" "WordPress/6.9.1; https://www.bagpackvacation.com"
77.36.124.181 - - [27/Feb/2026:01:45:53 -0500] "GET / HTTP/1.1" 200 34037 "-" "Mozilla/5.0 (Windows NT 10.0; Win64; x64) AppleWebKit/537.36 (KHTML, like Gecko) Chrome/145.0.0.0 Safari/537.36"
77.36.124.181 - - [27/Feb/2026:01:45:54 -0500] "GET /contact-us/ HTTP/1.1" 200 22376 "-" "Mozilla/5.0 (Windows NT 10.0; Win64; x64) AppleWebKit/537.36 (KHTML, like Gecko) Chrome/145.0.0.0 Safari/537.36"
77.36.124.181 - - [27/Feb/2026:01:45:54 -0500] "GET /wp-content/plugins/woocommerce/assets/js/frontend/add-to-cart.min.js?ver=9.8.6 HTTP/1.1" 200 1225 "-" "Mozilla/5.0 (Windows NT 10.0; Win64; x64) AppleWebKit/537.36 (KHTML, like Gecko) Chrome/145.0.0.0 Safari/537.36"
77.36.124.181 - - [27/Feb/2026:01:45:55 -0500] "GET /wp-content/plugins/primary-addon-for-elementor/assets/js/typed.min.js?ver=2.0.11 HTTP/1.1" 200 3320 "-" "Mozilla/5.0 (Windows NT 10.0; Win64; x64) AppleWebKit/537.36 (KHTML, like Gecko) Chrome/145.0.0.0 Safari/537.36"
103.55.124.200 - - [27/Feb/2026:01:49:27 -0500] "GET /wp-login.php HTTP/1.1" 301 795 "-" "Mozilla/4.0 (compatible; MSIE 7.0; Windows NT 6.1; Trident/7.0; SLCC2; .NET CLR 2.0.50727; .NET CLR 3.5.30729; .NET CLR 3.0.30729; Media Center PC 6.0; .NET4.0C; .NET4.0E; InfoPath.3; Tablet PC 2.0)"
103.55.124.200 - - [27/Feb/2026:01:49:33 -0500] "POST /wp-login.php HTTP/1.1" 301 795 "https://bagpackvacation.com/wp-login.php" "Mozilla/4.0 (compatible; MSIE 7.0; Windows NT 6.1; Trident/7.0; SLCC2; .NET CLR 2.0.50727; .NET CLR 3.5.30729; .NET CLR 3.0.30729; Media Center PC 6.0; .NET4.0C; .NET4.0E; InfoPath.3; Tablet PC 2.0)"
17.246.23.38 - - [27/Feb/2026:01:52:48 -0500] "GET /3-night-4-days-thailand-pattaya-weekend-getaway/ HTTP/1.1" 200 28984 "-" "Mozilla/5.0 (Macintosh; Intel Mac OS X 10_15_7) AppleWebKit/605.1.15 (KHTML, like Gecko) Version/17.4 Safari/605.1.15 (Applebot/0.1; +http://www.apple.com/go/applebot)"
162.213.253.84 - - [27/Feb/2026:01:58:50 -0500] "POST /wp-cron.php?doing_wp_cron=1772175530.1745979785919189453125 HTTP/1.1" 200 0 "-" "WordPress/6.9.1; https://www.bagpackvacation.com"
162.213.253.84 - - [27/Feb/2026:01:58:51 -0500] "POST /wp-admin/admin-ajax.php?action=async_litespeed&nonce=4gM2s9IwQLTRf3rhwk09tje5RfUZYzxI&litespeed_type=imgoptm HTTP/1.1" 200 0 "-" "WordPress/6.9.1; https://www.bagpackvacation.com"
64.89.163.69 - - [27/Feb/2026:02:01:47 -0500] "GET /fnxldaxg.php?Fox=d3wL7 HTTP/1.1" 200 0 "www.google.com" "Mozilla/5.0 (Linux; Android 7.0; SM-G892A Bulid/NRD90M; wv) AppleWebKit/537.36 (KHTML, like Gecko) Version/4.0 Chrome/60.0.3112.107 Moblie Safari/537.36"
64.89.163.69 - - [27/Feb/2026:02:01:55 -0500] "GET /fnxldaxg.php?Fox=d3wL7 HTTP/1.1" 404 103096 "www.google.com" "Mozilla/5.0 (Linux; Android 7.0; SM-G892A Bulid/NRD90M; wv) AppleWebKit/537.36 (KHTML, like Gecko) Version/4.0 Chrome/60.0.3112.107 Moblie Safari/537.36"
17.246.23.128 - - [27/Feb/2026:02:03:15 -0500] "GET /wp-content/plugins/primary-addon-for-elementor/assets/css/niche-frame.css?ver=1.2 HTTP/1.1" 200 1568 "https://www.bagpackvacation.com/3-night-4-days-thailand-pattaya-weekend-getaway/" "Mozilla/5.0 (Macintosh; Intel Mac OS X 10_15_7) AppleWebKit/605.1.15 (KHTML, like Gecko) Version/17.4 Safari/605.1.15 (Applebot/0.1; +http://www.apple.com/go/applebot)"
17.246.19.230 - - [27/Feb/2026:02:03:18 -0500] "GET /wp-content/plugins/primary-addon-for-elementor/assets/css/animate.min.css?ver=3.7.2 HTTP/1.1" 200 5772 "https://www.bagpackvacation.com/3-night-4-days-thailand-pattaya-weekend-getaway/" "Mozilla/5.0 (Macintosh; Intel Mac OS X 10_15_7) AppleWebKit/605.1.15 (KHTML, like Gecko) Version/17.4 Safari/605.1.15 (Applebot/0.1; +http://www.apple.com/go/applebot)"
17.246.15.197 - - [27/Feb/2026:02:03:19 -0500] "GET /wp-content/plugins/wp-whatsapp/assets/dist/css/style.css?ver=6.9.1 HTTP/1.1" 200 6121 "https://www.bagpackvacation.com/3-night-4-days-thailand-pattaya-weekend-getaway/" "Mozilla/5.0 (Macintosh; Intel Mac OS X 10_15_7) AppleWebKit/605.1.15 (KHTML, like Gecko) Version/17.4 Safari/605.1.15 (Applebot/0.1; +http://www.apple.com/go/applebot)"
17.246.19.14 - - [27/Feb/2026:02:03:21 -0500] "GET /wp-content/plugins/woocommerce/assets/client/blocks/wc-blocks.css?ver=wc-9.8.6 HTTP/1.1" 200 2832 "https://www.bagpackvacation.com/3-night-4-days-thailand-pattaya-weekend-getaway/" "Mozilla/5.0 (Macintosh; Intel Mac OS X 10_15_7) AppleWebKit/605.1.15 (KHTML, like Gecko) Version/17.4 Safari/605.1.15 (Applebot/0.1; +http://www.apple.com/go/applebot)"
17.246.23.190 - - [27/Feb/2026:02:03:22 -0500] "GET /wp-content/plugins/primary-addon-for-elementor/assets/css/themify-icons.min.css?ver=1.0.0 HTTP/1.1" 200 3083 "https://www.bagpackvacation.com/3-night-4-days-thailand-pattaya-weekend-getaway/" "Mozilla/5.0 (Macintosh; Intel Mac OS X 10_15_7) AppleWebKit/605.1.15 (KHTML, like Gecko) Version/17.4 Safari/605.1.15 (Applebot/0.1; +http://www.apple.com/go/applebot)"
17.246.15.119 - - [27/Feb/2026:02:03:24 -0500] "GET /wp-content/plugins/primary-addon-for-elementor/assets/css/hover-min.css?ver=2.3.2 HTTP/1.1" 200 9129 "https://www.bagpackvacation.com/3-night-4-days-thailand-pattaya-weekend-getaway/" "Mozilla/5.0 (Macintosh; Intel Mac OS X 10_15_7) AppleWebKit/605.1.15 (KHTML, like Gecko) Version/17.4 Safari/605.1.15 (Applebot/0.1; +http://www.apple.com/go/applebot)"
17.246.15.10 - - [27/Feb/2026:02:03:25 -0500] "GET /wp-content/plugins/primary-addon-for-elementor/assets/css/icofont.min.css?ver=1.0.1 HTTP/1.1" 200 1866 "https://www.bagpackvacation.com/3-night-4-days-thailand-pattaya-weekend-getaway/" "Mozilla/5.0 (Macintosh; Intel Mac OS X 10_15_7) AppleWebKit/605.1.15 (KHTML, like Gecko) Version/17.4 Safari/605.1.15 (Applebot/0.1; +http://www.apple.com/go/applebot)"
17.246.23.38 - - [27/Feb/2026:01:52:48 -0500] "GET /robots.txt HTTP/1.1" 200 129 "-" "Mozilla/5.0 (Macintosh; Intel Mac OS X 10_15_7) AppleWebKit/605.1.15 (KHTML, like Gecko) Version/17.4 Safari/605.1.15 (Applebot/0.1; +http://www.apple.com/go/applebot)"
4.204.192.31 - - [27/Feb/2026:01:58:48 -0500] "GET /wp-content/plugins/hellopress/wp_filemanager.php HTTP/1.1" 404 103127 "-" "-"
4.204.192.31 - - [27/Feb/2026:01:58:50 -0500] "GET /asc.php HTTP/1.1" 404 103045 "-" "-"
64.89.163.69 - - [27/Feb/2026:02:01:38 -0500] "GET /wp-content/themes/seotheme/db.php?u HTTP/1.1" 404 103122 "www.google.com" "Mozlila/5.0 (Linux; Android 7.0; SM-G892A Bulid/NRD90M; wv) AppleWebKit/537.36 (KHTML, like Gecko) Version/4.0 Chrome/60.0.3112.107 Moblie Safari/537.36"
64.89.163.69 - - [27/Feb/2026:02:01:45 -0500] "GET / HTTP/1.1" 200 254363 "-" "Mozlila/5.0 (Linux; Android 7.0; SM-G892A Bulid/NRD90M; wv) AppleWebKit/537.36 (KHTML, like Gecko) Version/4.0 Chrome/60.0.3112.107 Moblie Safari/537.36"
64.89.163.69 - - [27/Feb/2026:02:01:46 -0500] "GET /wp-content/plugins/apikey/apikey.php?test=hello HTTP/1.1" 404 103125 "-" "Mozlila/5.0 (Linux; Android 7.0; SM-G892A Bulid/NRD90M; wv) AppleWebKit/537.36 (KHTML, like Gecko) Version/4.0 Chrome/60.0.3112.107 Moblie Safari/537.36"
64.89.163.69 - - [27/Feb/2026:02:01:48 -0500] "GET /plugins/content/apismtp/apismtp.php?test=hello HTTP/1.1" 404 103123 "-" "Mozlila/5.0 (Linux; Android 7.0; SM-G892A Bulid/NRD90M; wv) AppleWebKit/537.36 (KHTML, like Gecko) Version/4.0 Chrome/60.0.3112.107 Moblie Safari/537.36"
64.89.163.69 - - [27/Feb/2026:02:01:51 -0500] "GET /wp-content/plugins/apikey/apikey.php.suspected?test=hello HTTP/1.1" 404 103145 "-" "Mozlila/5.0 (Linux; Android 7.0; SM-G892A Bulid/NRD90M; wv) AppleWebKit/537.36 (KHTML, like Gecko) Version/4.0 Chrome/60.0.3112.107 Moblie Safari/537.36"
64.89.163.69 - - [27/Feb/2026:02:01:54 -0500] "GET /plugins/content/apismtp/apismtp.php.suspected?test=hello HTTP/1.1" 404 103143 "-" "Mozlila/5.0 (Linux; Android 7.0; SM-G892A Bulid/NRD90M; wv) AppleWebKit/537.36 (KHTML, like Gecko) Version/4.0 Chrome/60.0.3112.107 Moblie Safari/537.36"
114.119.152.5 - - [27/Feb/2026:02:02:40 -0500] "GET /wp-content/uploads/2023/09/arnav-singhal-8xOQa06q90Q-unsplash.jpg HTTP/1.1" 200 96638 "http://www.bagpackvacation.com/tour/jim-corbett" "Mozilla/5.0 (Linux; Android 7.0;) AppleWebKit/537.36 (KHTML, like Gecko) Mobile Safari/537.36 (compatible; PetalBot;+https://webmaster.petalsearch.com/site/petalbot)"
17.246.15.162 - - [27/Feb/2026:02:03:13 -0500] "GET /wp-content/plugins/elementor/assets/lib/font-awesome/css/font-awesome.min.css?ver=4.7.0 HTTP/1.1" 200 7747 "https://www.bagpackvacation.com/3-night-4-days-thailand-pattaya-weekend-getaway/" "Mozilla/5.0 (Macintosh; Intel Mac OS X 10_15_7) AppleWebKit/605.1.15 (KHTML, like Gecko) Version/17.4 Safari/605.1.15 (Applebot/0.1; +http://www.apple.com/go/applebot)"
17.246.15.60 - - [27/Feb/2026:02:03:22 -0500] "GET /wp-content/plugins/primary-addon-for-elementor/assets/css/linea.min.css?ver=1.0.0 HTTP/1.1" 200 6532 "https://www.bagpackvacation.com/3-night-4-days-thailand-pattaya-weekend-getaway/" "Mozilla/5.0 (Macintosh; Intel Mac OS X 10_15_7) AppleWebKit/605.1.15 (KHTML, like Gecko) Version/17.4 Safari/605.1.15 (Applebot/0.1; +http://www.apple.com/go/applebot)"
17.246.15.210 - - [27/Feb/2026:02:03:34 -0500] "GET /wp-content/plugins/primary-addon-for-elementor/assets/css/responsive.css?ver=1.2 HTTP/1.1" 200 1865 "https://www.bagpackvacation.com/3-night-4-days-thailand-pattaya-weekend-getaway/" "Mozilla/5.0 (Macintosh; Intel Mac OS X 10_15_7) AppleWebKit/605.1.15 (KHTML, like Gecko) Version/17.4 Safari/605.1.15 (Applebot/0.1; +http://www.apple.com/go/applebot)"
17.246.23.53 - - [27/Feb/2026:02:03:38 -0500] "GET /wp-content/plugins/woocommerce/assets/css/brands.css?ver=9.8.6 HTTP/1.1" 200 725 "https://www.bagpackvacation.com/3-night-4-days-thailand-pattaya-weekend-getaway/" "Mozilla/5.0 (Macintosh; Intel Mac OS X 10_15_7) AppleWebKit/605.1.15 (KHTML, like Gecko) Version/17.4 Safari/605.1.15 (Applebot/0.1; +http://www.apple.com/go/applebot)"
17.246.15.210 - - [27/Feb/2026:02:03:26 -0500] "GET /wp-content/plugins/primary-addon-for-elementor/assets/css/magnific-popup.min.css?ver=1.0 HTTP/1.1" 200 1767 "https://www.bagpackvacation.com/3-night-4-days-thailand-pattaya-weekend-getaway/" "Mozilla/5.0 (Macintosh; Intel Mac OS X 10_15_7) AppleWebKit/605.1.15 (KHTML, like Gecko) Version/17.4 Safari/605.1.15 (Applebot/0.1; +http://www.apple.com/go/applebot)"
17.246.19.208 - - [27/Feb/2026:02:03:28 -0500] "GET /wp-content/plugins/primary-addon-for-elementor/assets/css/flickity.min.css?ver=2.2.1 HTTP/1.1" 200 683 "https://www.bagpackvacation.com/3-night-4-days-thailand-pattaya-weekend-getaway/" "Mozilla/5.0 (Macintosh; Intel Mac OS X 10_15_7) AppleWebKit/605.1.15 (KHTML, like Gecko) Version/17.4 Safari/605.1.15 (Applebot/0.1; +http://www.apple.com/go/applebot)"
17.246.19.251 - - [27/Feb/2026:02:03:29 -0500] "GET /wp-content/plugins/primary-addon-for-elementor/assets/css/owl.carousel.min.css?ver=2.3.4 HTTP/1.1" 200 1134 "https://www.bagpackvacation.com/3-night-4-days-thailand-pattaya-weekend-getaway/" "Mozilla/5.0 (Macintosh; Intel Mac OS X 10_15_7) AppleWebKit/605.1.15 (KHTML, like Gecko) Version/17.4 Safari/605.1.15 (Applebot/0.1; +http://www.apple.com/go/applebot)"
17.246.19.234 - - [27/Feb/2026:02:03:31 -0500] "GET /wp-content/plugins/primary-addon-for-elementor/assets/css/juxtapose.css?ver=1.2.1 HTTP/1.1" 200 1601 "https://www.bagpackvacation.com/3-night-4-days-thailand-pattaya-weekend-getaway/" "Mozilla/5.0 (Macintosh; Intel Mac OS X 10_15_7) AppleWebKit/605.1.15 (KHTML, like Gecko) Version/17.4 Safari/605.1.15 (Applebot/0.1; +http://www.apple.com/go/applebot)"
17.246.15.10 - - [27/Feb/2026:02:03:32 -0500] "GET /wp-content/plugins/primary-addon-for-elementor/assets/css/styles.css?ver=1.2 HTTP/1.1" 200 18636 "https://www.bagpackvacation.com/3-night-4-days-thailand-pattaya-weekend-getaway/" "Mozilla/5.0 (Macintosh; Intel Mac OS X 10_15_7) AppleWebKit/605.1.15 (KHTML, like Gecko) Version/17.4 Safari/605.1.15 (Applebot/0.1; +http://www.apple.com/go/applebot)"
17.246.23.190 - - [27/Feb/2026:02:03:35 -0500] "GET /wp-content/plugins/woocommerce/assets/css/woocommerce-layout.css?ver=9.8.6 HTTP/1.1" 200 3924 "https://www.bagpackvacation.com/3-night-4-days-thailand-pattaya-weekend-getaway/" "Mozilla/5.0 (Macintosh; Intel Mac OS X 10_15_7) AppleWebKit/605.1.15 (KHTML, like Gecko) Version/17.4 Safari/605.1.15 (Applebot/0.1; +http://www.apple.com/go/applebot)"
17.246.15.192 - - [27/Feb/2026:02:03:37 -0500] "GET /wp-content/plugins/woocommerce/assets/css/woocommerce.css?ver=9.8.6 HTTP/1.1" 200 13201 "https://www.bagpackvacation.com/3-night-4-days-thailand-pattaya-weekend-getaway/" "Mozilla/5.0 (Macintosh; Intel Mac OS X 10_15_7) AppleWebKit/605.1.15 (KHTML, like Gecko) Version/17.4 Safari/605.1.15 (Applebot/0.1; +http://www.apple.com/go/applebot)"
17.246.15.95 - - [27/Feb/2026:02:03:40 -0500] "GET /wp-content/themes/hello-elementor/style.min.css?ver=3.3.0 HTTP/1.1" 200 1924 "https://www.bagpackvacation.com/3-night-4-days-thailand-pattaya-weekend-getaway/" "Mozilla/5.0 (Macintosh; Intel Mac OS X 10_15_7) AppleWebKit/605.1.15 (KHTML, like Gecko) Version/17.4 Safari/605.1.15 (Applebot/0.1; +http://www.apple.com/go/applebot)"
17.246.15.10 - - [27/Feb/2026:02:03:41 -0500] "GET /wp-content/themes/hello-elementor/theme.min.css?ver=3.3.0 HTTP/1.1" 200 1422 "https://www.bagpackvacation.com/3-night-4-days-thailand-pattaya-weekend-getaway/" "Mozilla/5.0 (Macintosh; Intel Mac OS X 10_15_7) AppleWebKit/605.1.15 (KHTML, like Gecko) Version/17.4 Safari/605.1.15 (Applebot/0.1; +http://www.apple.com/go/applebot)"
17.246.19.212 - - [27/Feb/2026:02:03:44 -0500] "GET /wp-content/plugins/elementor/assets/css/frontend.min.css?ver=3.28.4 HTTP/1.1" 200 8711 "https://www.bagpackvacation.com/3-night-4-days-thailand-pattaya-weekend-getaway/" "Mozilla/5.0 (Macintosh; Intel Mac OS X 10_15_7) AppleWebKit/605.1.15 (KHTML, like Gecko) Version/17.4 Safari/605.1.15 (Applebot/0.1; +http://www.apple.com/go/applebot)"
17.246.15.154 - - [27/Feb/2026:02:03:47 -0500] "GET /wp-content/plugins/elementor/assets/lib/eicons/css/elementor-icons.min.css?ver=5.36.0 HTTP/1.1" 200 4474 "https://www.bagpackvacation.com/3-night-4-days-thailand-pattaya-weekend-getaway/" "Mozilla/5.0 (Macintosh; Intel Mac OS X 10_15_7) AppleWebKit/605.1.15 (KHTML, like Gecko) Version/17.4 Safari/605.1.15 (Applebot/0.1; +http://www.apple.com/go/applebot)"
17.246.15.95 - - [27/Feb/2026:02:03:48 -0500] "GET /wp-content/plugins/elementor-pro/assets/css/frontend.min.css?ver=3.7.3 HTTP/1.1" 200 56104 "https://www.bagpackvacation.com/3-night-4-days-thailand-pattaya-weekend-getaway/" "Mozilla/5.0 (Macintosh; Intel Mac OS X 10_15_7) AppleWebKit/605.1.15 (KHTML, like Gecko) Version/17.4 Safari/605.1.15 (Applebot/0.1; +http://www.apple.com/go/applebot)"
17.246.15.89 - - [27/Feb/2026:02:03:50 -0500] "GET /wp-content/uploads/elementor/css/post-553.css?ver=1714710833 HTTP/1.1" 200 3387 "https://www.bagpackvacation.com/3-night-4-days-thailand-pattaya-weekend-getaway/" "Mozilla/5.0 (Macintosh; Intel Mac OS X 10_15_7) AppleWebKit/605.1.15 (KHTML, like Gecko) Version/17.4 Safari/605.1.15 (Applebot/0.1; +http://www.apple.com/go/applebot)"
17.246.19.214 - - [27/Feb/2026:02:03:51 -0500] "GET /wp-content/uploads/elementor/css/post-25.css?ver=1714710805 HTTP/1.1" 200 2463 "https://www.bagpackvacation.com/3-night-4-days-thailand-pattaya-weekend-getaway/" "Mozilla/5.0 (Macintosh; Intel Mac OS X 10_15_7) AppleWebKit/605.1.15 (KHTML, like Gecko) Version/17.4 Safari/605.1.15 (Applebot/0.1; +http://www.apple.com/go/applebot)"
17.246.19.214 - - [27/Feb/2026:02:04:00 -0500] "GET /wp-content/uploads/elementor/google-fonts/css/opensans.css?ver=1742228203 HTTP/1.1" 200 3365 "https://www.bagpackvacation.com/3-night-4-days-thailand-pattaya-weekend-getaway/" "Mozilla/5.0 (Macintosh; Intel Mac OS X 10_15_7) AppleWebKit/605.1.15 (KHTML, like Gecko) Version/17.4 Safari/605.1.15 (Applebot/0.1; +http://www.apple.com/go/applebot)"
