20.43.27.35 - - [26/Feb/2026:13:58:56 -0500] "GET /webadmin.php HTTP/1.1" 301 795 "-" "Mozilla/5.0 (Windows NT 10.0; Win64; x64) AppleWebKit/537.36 (KHTML, like Gecko) Chrome/120.0.0.0 Safari/537.36"
20.43.27.35 - - [26/Feb/2026:13:58:56 -0500] "GET /wp-includes/css/ HTTP/1.1" 301 795 "-" "Mozilla/5.0 (Windows NT 10.0; Win64; x64) AppleWebKit/537.36 (KHTML, like Gecko) Chrome/120.0.0.0 Safari/537.36"
20.43.27.35 - - [26/Feb/2026:13:58:57 -0500] "GET /OthioNDwMEK.php HTTP/1.1" 301 795 "-" "Mozilla/5.0 (Windows NT 10.0; Win64; x64) AppleWebKit/537.36 (KHTML, like Gecko) Chrome/120.0.0.0 Safari/537.36"
20.43.27.35 - - [26/Feb/2026:13:58:57 -0500] "GET /wp-admin/images/file.php HTTP/1.1" 301 795 "-" "Mozilla/5.0 (Windows NT 10.0; Win64; x64) AppleWebKit/537.36 (KHTML, like Gecko) Chrome/120.0.0.0 Safari/537.36"
20.43.27.35 - - [26/Feb/2026:13:58:57 -0500] "GET /byp.php HTTP/1.1" 301 795 "-" "Mozilla/5.0 (Windows NT 10.0; Win64; x64) AppleWebKit/537.36 (KHTML, like Gecko) Chrome/120.0.0.0 Safari/537.36"
20.43.27.35 - - [26/Feb/2026:13:58:57 -0500] "GET /wp-content/plugins/dummyyummy/wp-signup.php HTTP/1.1" 301 795 "-" "Mozilla/5.0 (Windows NT 10.0; Win64; x64) AppleWebKit/537.36 (KHTML, like Gecko) Chrome/120.0.0.0 Safari/537.36"
20.43.27.35 - - [26/Feb/2026:13:58:57 -0500] "GET /widgets.php HTTP/1.1" 301 795 "-" "Mozilla/5.0 (Windows NT 10.0; Win64; x64) AppleWebKit/537.36 (KHTML, like Gecko) Chrome/120.0.0.0 Safari/537.36"
20.43.27.35 - - [26/Feb/2026:13:58:57 -0500] "GET /cd.php HTTP/1.1" 301 795 "-" "Mozilla/5.0 (Windows NT 10.0; Win64; x64) AppleWebKit/537.36 (KHTML, like Gecko) Chrome/120.0.0.0 Safari/537.36"
20.43.27.35 - - [26/Feb/2026:13:58:57 -0500] "GET /f.php HTTP/1.1" 301 795 "-" "Mozilla/5.0 (Windows NT 10.0; Win64; x64) AppleWebKit/537.36 (KHTML, like Gecko) Chrome/120.0.0.0 Safari/537.36"
20.43.27.35 - - [26/Feb/2026:13:58:58 -0500] "GET /erin1.PhP7 HTTP/1.1" 301 795 "-" "Mozilla/5.0 (Windows NT 10.0; Win64; x64) AppleWebKit/537.36 (KHTML, like Gecko) Chrome/120.0.0.0 Safari/537.36"
20.43.27.35 - - [26/Feb/2026:13:58:58 -0500] "GET /delpaths.php HTTP/1.1" 301 795 "-" "Mozilla/5.0 (Windows NT 10.0; Win64; x64) AppleWebKit/537.36 (KHTML, like Gecko) Chrome/120.0.0.0 Safari/537.36"
20.43.27.35 - - [26/Feb/2026:13:58:54 -0500] "GET /wp-admin/css/colors/modern/ HTTP/1.1" 301 795 "-" "Mozilla/5.0 (Windows NT 10.0; Win64; x64) AppleWebKit/537.36 (KHTML, like Gecko) Chrome/120.0.0.0 Safari/537.36"
20.43.27.35 - - [26/Feb/2026:13:58:55 -0500] "GET /uploader.php HTTP/1.1" 301 795 "-" "Mozilla/5.0 (Windows NT 10.0; Win64; x64) AppleWebKit/537.36 (KHTML, like Gecko) Chrome/120.0.0.0 Safari/537.36"
20.43.27.35 - - [26/Feb/2026:13:58:55 -0500] "GET /network.php HTTP/1.1" 301 795 "-" "Mozilla/5.0 (Windows NT 10.0; Win64; x64) AppleWebKit/537.36 (KHTML, like Gecko) Chrome/120.0.0.0 Safari/537.36"
20.43.27.35 - - [26/Feb/2026:13:58:55 -0500] "GET /wp-admin/includes/xmrlpc.php HTTP/1.1" 301 795 "-" "Mozilla/5.0 (Windows NT 10.0; Win64; x64) AppleWebKit/537.36 (KHTML, like Gecko) Chrome/120.0.0.0 Safari/537.36"
20.43.27.35 - - [26/Feb/2026:13:58:55 -0500] "GET /block-bindings.php HTTP/1.1" 301 795 "-" "Mozilla/5.0 (Windows NT 10.0; Win64; x64) AppleWebKit/537.36 (KHTML, like Gecko) Chrome/120.0.0.0 Safari/537.36"
20.43.27.35 - - [26/Feb/2026:13:58:56 -0500] "GET /wp-includes/qqzqflcv.php HTTP/1.1" 301 795 "-" "Mozilla/5.0 (Windows NT 10.0; Win64; x64) AppleWebKit/537.36 (KHTML, like Gecko) Chrome/120.0.0.0 Safari/537.36"
20.43.27.35 - - [26/Feb/2026:13:58:56 -0500] "GET /colour.php HTTP/1.1" 301 795 "-" "Mozilla/5.0 (Windows NT 10.0; Win64; x64) AppleWebKit/537.36 (KHTML, like Gecko) Chrome/120.0.0.0 Safari/537.36"
20.43.27.35 - - [26/Feb/2026:13:58:56 -0500] "GET /wp-includes/css/index.php HTTP/1.1" 301 795 "-" "Mozilla/5.0 (Windows NT 10.0; Win64; x64) AppleWebKit/537.36 (KHTML, like Gecko) Chrome/120.0.0.0 Safari/537.36"
20.43.27.35 - - [26/Feb/2026:13:58:56 -0500] "GET /wp-admin/css/wp-login.php HTTP/1.1" 301 795 "-" "Mozilla/5.0 (Windows NT 10.0; Win64; x64) AppleWebKit/537.36 (KHTML, like Gecko) Chrome/120.0.0.0 Safari/537.36"
20.43.27.35 - - [26/Feb/2026:13:58:57 -0500] "GET /wp-includes/ HTTP/1.1" 301 795 "-" "Mozilla/5.0 (Windows NT 10.0; Win64; x64) AppleWebKit/537.36 (KHTML, like Gecko) Chrome/120.0.0.0 Safari/537.36"
20.43.27.35 - - [26/Feb/2026:13:58:57 -0500] "GET /wp-includes/images/ HTTP/1.1" 301 795 "-" "Mozilla/5.0 (Windows NT 10.0; Win64; x64) AppleWebKit/537.36 (KHTML, like Gecko) Chrome/120.0.0.0 Safari/537.36"
20.43.27.35 - - [26/Feb/2026:13:58:57 -0500] "GET /hehehehe.php HTTP/1.1" 301 795 "-" "Mozilla/5.0 (Windows NT 10.0; Win64; x64) AppleWebKit/537.36 (KHTML, like Gecko) Chrome/120.0.0.0 Safari/537.36"
20.43.27.35 - - [26/Feb/2026:13:58:57 -0500] "GET /samll.php HTTP/1.1" 301 795 "-" "Mozilla/5.0 (Windows NT 10.0; Win64; x64) AppleWebKit/537.36 (KHTML, like Gecko) Chrome/120.0.0.0 Safari/537.36"
20.43.27.35 - - [26/Feb/2026:13:58:57 -0500] "GET /images/class-config.php HTTP/1.1" 301 795 "-" "Mozilla/5.0 (Windows NT 10.0; Win64; x64) AppleWebKit/537.36 (KHTML, like Gecko) Chrome/120.0.0.0 Safari/537.36"
20.43.27.35 - - [26/Feb/2026:13:58:58 -0500] "GET /cc.php HTTP/1.1" 301 795 "-" "Mozilla/5.0 (Windows NT 10.0; Win64; x64) AppleWebKit/537.36 (KHTML, like Gecko) Chrome/120.0.0.0 Safari/537.36"
20.43.27.35 - - [26/Feb/2026:13:58:58 -0500] "GET /images/index.php HTTP/1.1" 301 795 "-" "Mozilla/5.0 (Windows NT 10.0; Win64; x64) AppleWebKit/537.36 (KHTML, like Gecko) Chrome/120.0.0.0 Safari/537.36"
20.43.27.35 - - [26/Feb/2026:13:58:58 -0500] "GET /wp-content/admin.php HTTP/1.1" 301 795 "-" "Mozilla/5.0 (Windows NT 10.0; Win64; x64) AppleWebKit/537.36 (KHTML, like Gecko) Chrome/120.0.0.0 Safari/537.36"
20.43.27.35 - - [26/Feb/2026:13:58:58 -0500] "GET /god4m.php HTTP/1.1" 301 795 "-" "Mozilla/5.0 (Windows NT 10.0; Win64; x64) AppleWebKit/537.36 (KHTML, like Gecko) Chrome/120.0.0.0 Safari/537.36"
20.43.27.35 - - [26/Feb/2026:13:58:58 -0500] "GET /print/bkindex.php HTTP/1.1" 301 795 "-" "Mozilla/5.0 (Windows NT 10.0; Win64; x64) AppleWebKit/537.36 (KHTML, like Gecko) Chrome/120.0.0.0 Safari/537.36"
20.43.27.35 - - [26/Feb/2026:13:58:59 -0500] "GET /wp-includes/rest-api/about.php HTTP/1.1" 301 795 "-" "Mozilla/5.0 (Windows NT 10.0; Win64; x64) AppleWebKit/537.36 (KHTML, like Gecko) Chrome/120.0.0.0 Safari/537.36"
20.43.27.35 - - [26/Feb/2026:13:58:59 -0500] "GET /about.php525 HTTP/1.1" 301 795 "-" "Mozilla/5.0 (Windows NT 10.0; Win64; x64) AppleWebKit/537.36 (KHTML, like Gecko) Chrome/120.0.0.0 Safari/537.36"
20.43.27.35 - - [26/Feb/2026:13:58:59 -0500] "GET /config.php7 HTTP/1.1" 301 795 "-" "Mozilla/5.0 (Windows NT 10.0; Win64; x64) AppleWebKit/537.36 (KHTML, like Gecko) Chrome/120.0.0.0 Safari/537.36"
20.43.27.35 - - [26/Feb/2026:13:58:59 -0500] "GET /class-bulk-skin.php HTTP/1.1" 301 795 "-" "Mozilla/5.0 (Windows NT 10.0; Win64; x64) AppleWebKit/537.36 (KHTML, like Gecko) Chrome/120.0.0.0 Safari/537.36"
65.254.95.236 - - [26/Feb/2026:14:07:01 -0500] "GET /wp-login.php HTTP/1.1" 301 795 "-" "Mozilla/5.0 (Windows NT 10.0; Win64; x64) AppleWebKit/537.36 (KHTML, like Gecko) Chrome/67.0.3396.87 Safari/537.36"
65.254.95.236 - - [26/Feb/2026:14:07:05 -0500] "POST /wp-login.php HTTP/1.1" 301 795 "https://bagpackvacation.com/wp-login.php" "Mozilla/5.0 (Windows NT 10.0; Win64; x64) AppleWebKit/537.36 (KHTML, like Gecko) Chrome/67.0.3396.87 Safari/537.36"
65.254.95.236 - - [26/Feb/2026:14:07:05 -0500] "GET /wp-login.php HTTP/1.1" 200 1797 "https://bagpackvacation.com/wp-login.php" "Mozilla/5.0 (Windows NT 10.0; Win64; x64) AppleWebKit/537.36 (KHTML, like Gecko) Chrome/67.0.3396.87 Safari/537.36"
20.43.27.35 - - [26/Feb/2026:13:58:58 -0500] "GET /browse.php HTTP/1.1" 301 795 "-" "Mozilla/5.0 (Windows NT 10.0; Win64; x64) AppleWebKit/537.36 (KHTML, like Gecko) Chrome/120.0.0.0 Safari/537.36"
20.43.27.35 - - [26/Feb/2026:13:58:58 -0500] "GET /wp-includes/SimplePie/gzdecodes.php.suspected HTTP/1.1" 301 795 "-" "Mozilla/5.0 (Windows NT 10.0; Win64; x64) AppleWebKit/537.36 (KHTML, like Gecko) Chrome/120.0.0.0 Safari/537.36"
20.43.27.35 - - [26/Feb/2026:13:58:58 -0500] "GET /wp-includes/Text/autoload_classmap.php HTTP/1.1" 301 795 "-" "Mozilla/5.0 (Windows NT 10.0; Win64; x64) AppleWebKit/537.36 (KHTML, like Gecko) Chrome/120.0.0.0 Safari/537.36"
20.43.27.35 - - [26/Feb/2026:13:58:58 -0500] "GET /wp-file.php HTTP/1.1" 301 795 "-" "Mozilla/5.0 (Windows NT 10.0; Win64; x64) AppleWebKit/537.36 (KHTML, like Gecko) Chrome/120.0.0.0 Safari/537.36"
20.43.27.35 - - [26/Feb/2026:13:58:59 -0500] "GET /wp-includes/blocks/post-author/ HTTP/1.1" 301 795 "-" "Mozilla/5.0 (Windows NT 10.0; Win64; x64) AppleWebKit/537.36 (KHTML, like Gecko) Chrome/120.0.0.0 Safari/537.36"
20.43.27.35 - - [26/Feb/2026:13:58:59 -0500] "GET /NFXxUAA.php HTTP/1.1" 301 795 "-" "Mozilla/5.0 (Windows NT 10.0; Win64; x64) AppleWebKit/537.36 (KHTML, like Gecko) Chrome/120.0.0.0 Safari/537.36"
20.43.27.35 - - [26/Feb/2026:13:58:59 -0500] "GET /cache-base.php HTTP/1.1" 301 795 "-" "Mozilla/5.0 (Windows NT 10.0; Win64; x64) AppleWebKit/537.36 (KHTML, like Gecko) Chrome/120.0.0.0 Safari/537.36"
20.43.27.35 - - [26/Feb/2026:13:58:59 -0500] "GET /makeasmtp.php/payment.php HTTP/1.1" 301 795 "-" "Mozilla/5.0 (Windows NT 10.0; Win64; x64) AppleWebKit/537.36 (KHTML, like Gecko) Chrome/120.0.0.0 Safari/537.36"
216.73.216.58 - - [26/Feb/2026:14:06:02 -0500] "GET /robots.txt HTTP/1.1" 301 795 "-" "Mozilla/5.0 AppleWebKit/537.36 (KHTML, like Gecko; compatible; ClaudeBot/1.0; [email protected])"
216.73.216.58 - - [26/Feb/2026:14:06:03 -0500] "GET /robots.txt HTTP/1.1" 200 108 "https://bagpackvacation.com/robots.txt" "Mozilla/5.0 AppleWebKit/537.36 (KHTML, like Gecko; compatible; ClaudeBot/1.0; [email protected])"
216.73.216.58 - - [26/Feb/2026:14:06:03 -0500] "GET /sitemap.xml HTTP/1.1" 301 795 "-" "Mozilla/5.0 AppleWebKit/537.36 (KHTML, like Gecko; compatible; ClaudeBot/1.0; [email protected])"
216.73.216.58 - - [26/Feb/2026:14:06:03 -0500] "GET /sitemap.xml HTTP/1.1" 301 0 "https://bagpackvacation.com/sitemap.xml" "Mozilla/5.0 AppleWebKit/537.36 (KHTML, like Gecko; compatible; ClaudeBot/1.0; [email protected])"
162.213.253.84 - - [26/Feb/2026:14:06:05 -0500] "POST /wp-cron.php?doing_wp_cron=1772132765.1931149959564208984375 HTTP/1.1" 200 0 "-" "WordPress/6.9.1; https://www.bagpackvacation.com"
216.73.216.58 - - [26/Feb/2026:14:06:03 -0500] "GET /wp-sitemap.xml HTTP/1.1" 404 18608 "https://www.bagpackvacation.com/sitemap.xml" "Mozilla/5.0 AppleWebKit/537.36 (KHTML, like Gecko; compatible; ClaudeBot/1.0; [email protected])"
162.213.253.84 - - [26/Feb/2026:14:06:06 -0500] "POST /wp-admin/admin-ajax.php?action=async_litespeed&nonce=xi7UpWxzyZFQ3H8Jm9kW7OfHYwHEbHNJ&litespeed_type=imgoptm HTTP/1.1" 200 0 "-" "WordPress/6.9.1; https://www.bagpackvacation.com"
65.254.95.236 - - [26/Feb/2026:14:07:04 -0500] "GET /wp-login.php HTTP/1.1" 200 1797 "https://bagpackvacation.com/wp-login.php" "Mozilla/5.0 (Windows NT 10.0; Win64; x64) AppleWebKit/537.36 (KHTML, like Gecko) Chrome/67.0.3396.87 Safari/537.36"
44.195.201.244 - - [26/Feb/2026:14:10:31 -0500] "GET /robots.txt HTTP/1.1" 200 129 "-" "Mozilla/5.0 (Macintosh; Intel Mac OS X 10_10_1) AppleWebKit/600.2.5 (KHTML, like Gecko) Version/8.0.2 Safari/600.2.5 (Gort)"
142.93.126.47 - - [26/Feb/2026:14:17:03 -0500] "HEAD / HTTP/1.1" 200 0 "http://bagpackvacation.com/" "Mozilla/5.0 (Linux; Android 14; OnePlus 12) AppleWebKit/537.36 (KHTML, like Gecko) Chrome/125.0.6422.102 Mobile Safari/537.36"
142.93.126.47 - - [26/Feb/2026:14:17:04 -0500] "HEAD /wordpress/ HTTP/1.1" 404 0 "http://bagpackvacation.com/wordpress/" "Mozilla/5.0 (iPhone; CPU iPhone OS 16_7 like Mac OS X) AppleWebKit/605.1.15 (KHTML, like Gecko) Version/16.7 Mobile/15E148 Safari/604.1"
142.93.126.47 - - [26/Feb/2026:14:17:06 -0500] "HEAD /backup/ HTTP/1.1" 404 0 "http://bagpackvacation.com/backup/" "Mozilla/5.0 (Windows NT 11.0; Win64; x64) AppleWebKit/537.36 (KHTML, like Gecko) Edg/128.0.2790.25 Chrome/128.0.6540.22 Safari/537.36"
142.93.126.47 - - [26/Feb/2026:14:17:08 -0500] "HEAD /wp/ HTTP/1.1" 404 0 "http://bagpackvacation.com/wp/" "Mozilla/5.0 (Linux; Android 13; Pixel 7a) AppleWebKit/537.36 (KHTML, like Gecko) Chrome/124.0.6367.82 Mobile Safari/537.36"
162.213.253.84 - - [26/Feb/2026:14:17:03 -0500] "POST /wp-cron.php?doing_wp_cron=1772133423.2563199996948242187500 HTTP/1.1" 200 0 "-" "WordPress/6.9.1; https://www.bagpackvacation.com"
142.93.126.47 - - [26/Feb/2026:14:17:02 -0500] "HEAD /blog/ HTTP/1.1" 404 0 "http://bagpackvacation.com/blog/" "Mozilla/5.0 (Linux; Android 10; vivo 1904) AppleWebKit/537.36 (KHTML, like Gecko) Chrome/117.0.5938.60 Mobile Safari/537.36"
142.93.126.47 - - [26/Feb/2026:14:17:03 -0500] "HEAD /old/ HTTP/1.1" 404 0 "http://bagpackvacation.com/old/" "Mozilla/5.0 (Windows NT 11.0; Win64; x64) AppleWebKit/537.36 (KHTML, like Gecko) Edg/128.0.2790.25 Chrome/128.0.6540.22 Safari/537.36"
162.213.253.84 - - [26/Feb/2026:14:17:04 -0500] "POST /wp-admin/admin-ajax.php?action=async_litespeed&nonce=Xb9A8Kshk3N5jPqE9NwX8IvabyotA0ji&litespeed_type=imgoptm HTTP/1.1" 200 0 "-" "WordPress/6.9.1; https://www.bagpackvacation.com"
142.93.126.47 - - [26/Feb/2026:14:17:09 -0500] "HEAD /new/ HTTP/1.1" 404 0 "http://bagpackvacation.com/new/" "Mozilla/5.0 (Windows NT 11.0; Win64; x64) AppleWebKit/537.36 (KHTML, like Gecko) Edg/128.0.2790.25 Chrome/128.0.6540.22 Safari/537.36"
158.106.129.89 - - [26/Feb/2026:14:25:19 -0500] "GET /wp-login.php HTTP/1.1" 301 795 "-" "Mozilla/5.0 (Windows NT 6.3; WOW64; Trident/7.0; MDDCJS; rv:11.0) like Gecko"
200.104.201.25 - - [26/Feb/2026:14:31:04 -0500] "GET /3-night-4-days-bali-loaded/ HTTP/1.1" 200 29761 "-" "Mozilla/5.0 (Macintosh; Intel Mac OS X 10_13_6) AppleWebKit/537.36 (KHTML, like Gecko) Brave Chrome/80.0.3987.87 Safari/537.36"
66.116.207.123 - - [26/Feb/2026:14:34:47 -0500] "GET /wp-login.php HTTP/1.1" 301 795 "-" "Mozilla/5.0 (X11; Linux x86_64) AppleWebKit/537.36 (KHTML, like Gecko) Chrome/66.0.3359.158 Safari/537.36"
114.119.153.104 - - [26/Feb/2026:14:37:52 -0500] "GET /3-night-4-days-sri-lanka-loaded/ HTTP/1.1" 200 29809 "https://www.bagpackvacation.com/3-night-4-days-sri-lanka-loaded" "Mozilla/5.0 (Linux; Android 7.0;) AppleWebKit/537.36 (KHTML, like Gecko) Mobile Safari/537.36 (compatible; PetalBot;+https://webmaster.petalsearch.com/site/petalbot)"
162.213.253.84 - - [26/Feb/2026:14:39:17 -0500] "POST /wp-admin/admin-ajax.php?action=async_litespeed&nonce=dGGTy6tJKOOjxfqfpmfIRNoaKZGihN81&litespeed_type=imgoptm HTTP/1.1" 200 0 "-" "WordPress/6.9.1; https://www.bagpackvacation.com"
142.93.150.134 - - [26/Feb/2026:14:43:08 -0500] "POST /wp-login.php HTTP/1.1" 301 795 "https://bagpackvacation.com/wp-login.php" "Mozilla/4.0 (compatible; MSIE 7.0; Windows NT 6.1; WOW64; Trident/7.0; SLCC2; .NET CLR 2.0.50727; .NET CLR 3.5.30729; .NET CLR 3.0.30729; Media Center PC 6.0; InfoPath.2; .NET4.0C; .NET4.0E)"
66.116.207.123 - - [26/Feb/2026:14:34:49 -0500] "GET /wp-login.php HTTP/1.1" 200 1797 "https://bagpackvacation.com/wp-login.php" "Mozilla/5.0 (X11; Linux x86_64) AppleWebKit/537.36 (KHTML, like Gecko) Chrome/66.0.3359.158 Safari/537.36"
66.116.207.123 - - [26/Feb/2026:14:34:50 -0500] "POST /wp-login.php HTTP/1.1" 301 795 "https://bagpackvacation.com/wp-login.php" "Mozilla/5.0 (X11; Linux x86_64) AppleWebKit/537.36 (KHTML, like Gecko) Chrome/66.0.3359.158 Safari/537.36"
66.116.207.123 - - [26/Feb/2026:14:34:50 -0500] "GET /wp-login.php HTTP/1.1" 200 1797 "https://bagpackvacation.com/wp-login.php" "Mozilla/5.0 (X11; Linux x86_64) AppleWebKit/537.36 (KHTML, like Gecko) Chrome/66.0.3359.158 Safari/537.36"
162.213.253.84 - - [26/Feb/2026:14:37:51 -0500] "POST /wp-cron.php?doing_wp_cron=1772134671.5510239601135253906250 HTTP/1.1" 200 0 "-" "WordPress/6.9.1; https://www.bagpackvacation.com"
114.119.153.104 - - [26/Feb/2026:14:37:50 -0500] "GET /3-night-4-days-sri-lanka-loaded HTTP/1.1" 301 0 "https://www.bagpackvacation.com/3-night-4-days-sri-lanka-loaded" "Mozilla/5.0 (Linux; Android 7.0;) AppleWebKit/537.36 (KHTML, like Gecko) Mobile Safari/537.36 (compatible; PetalBot;+https://webmaster.petalsearch.com/site/petalbot)"
162.213.253.84 - - [26/Feb/2026:14:37:52 -0500] "POST /wp-admin/admin-ajax.php?action=async_litespeed&nonce=rtyPmENu6hXZp4LVQCr1dH7Bul9hZq6r&litespeed_type=imgoptm HTTP/1.1" 200 0 "-" "WordPress/6.9.1; https://www.bagpackvacation.com"
142.93.150.134 - - [26/Feb/2026:14:43:07 -0500] "GET /wp-login.php HTTP/1.1" 301 795 "-" "Mozilla/4.0 (compatible; MSIE 7.0; Windows NT 6.1; WOW64; Trident/7.0; SLCC2; .NET CLR 2.0.50727; .NET CLR 3.5.30729; .NET CLR 3.0.30729; Media Center PC 6.0; InfoPath.2; .NET4.0C; .NET4.0E)"
142.93.150.134 - - [26/Feb/2026:14:43:08 -0500] "GET /wp-login.php HTTP/1.1" 200 1797 "https://bagpackvacation.com/wp-login.php" "Mozilla/4.0 (compatible; MSIE 7.0; Windows NT 6.1; WOW64; Trident/7.0; SLCC2; .NET CLR 2.0.50727; .NET CLR 3.5.30729; .NET CLR 3.0.30729; Media Center PC 6.0; InfoPath.2; .NET4.0C; .NET4.0E)"
142.93.150.134 - - [26/Feb/2026:14:43:08 -0500] "GET /wp-login.php HTTP/1.1" 200 1797 "https://bagpackvacation.com/wp-login.php" "Mozilla/4.0 (compatible; MSIE 7.0; Windows NT 6.1; WOW64; Trident/7.0; SLCC2; .NET CLR 2.0.50727; .NET CLR 3.5.30729; .NET CLR 3.0.30729; Media Center PC 6.0; InfoPath.2; .NET4.0C; .NET4.0E)"
45.133.5.107 - - [26/Feb/2026:14:46:01 -0500] "GET /wp-admin/ HTTP/1.1" 301 795 "-" "Mozilla/5.0"
72.167.46.126 - - [26/Feb/2026:14:51:13 -0500] "POST /wp-login.php HTTP/1.1" 301 795 "https://bagpackvacation.com/wp-login.php" "Mozilla/5.0 (Macintosh; Intel Mac OS X 10_13_5) AppleWebKit/537.36 (KHTML, like Gecko) Chrome/66.0.3359.181 Safari/537.36"
72.167.46.126 - - [26/Feb/2026:14:51:13 -0500] "GET /wp-login.php HTTP/1.1" 200 1797 "https://bagpackvacation.com/wp-login.php" "Mozilla/5.0 (Macintosh; Intel Mac OS X 10_13_5) AppleWebKit/537.36 (KHTML, like Gecko) Chrome/66.0.3359.181 Safari/537.36"
107.189.21.225 - - [26/Feb/2026:14:53:56 -0500] "GET /wp-content/plugins/product-addons/assets/js/frontend-script.js HTTP/1.1" 301 795 "-" "Mozilla/5.0 (Windows NT 11.0; Win64; x64) AppleWebKit/537.36 (KHTML, like Gecko) Chrome/126.0.6478.115 Safari/537.36"
162.213.253.84 - - [26/Feb/2026:14:54:00 -0500] "POST /wp-cron.php?doing_wp_cron=1772135640.7632589340209960937500 HTTP/1.1" 200 0 "-" "WordPress/6.9.1; https://www.bagpackvacation.com"
107.189.21.225 - - [26/Feb/2026:14:54:02 -0500] "GET /wp-content/plugins/product-addons/readme.txt HTTP/1.1" 301 795 "-" "Mozilla/5.0 (Windows NT 11.0; Win64; x64) AppleWebKit/537.36 (KHTML, like Gecko) Chrome/126.0.6478.115 Safari/537.36"
162.213.253.84 - - [26/Feb/2026:14:54:05 -0500] "POST /wp-cron.php?doing_wp_cron=1772135645.5519959926605224609375 HTTP/1.1" 200 0 "-" "WordPress/6.9.1; https://www.bagpackvacation.com"
74.7.243.251 - - [26/Feb/2026:14:58:21 -0500] "GET / HTTP/1.1" 200 34037 "https://www.distrilist.eu" "Mozilla/5.0 AppleWebKit/537.36 (KHTML, like Gecko; compatible; GPTBot/1.3; +https://openai.com/gptbot)"
74.7.243.251 - - [26/Feb/2026:14:58:24 -0500] "GET /north-east-tour-packages/ HTTP/1.1" 200 24047 "https://www.bagpackvacation.com/" "Mozilla/5.0 AppleWebKit/537.36 (KHTML, like Gecko; compatible; GPTBot/1.3; +https://openai.com/gptbot)"
74.7.243.251 - - [26/Feb/2026:14:58:27 -0500] "GET /wp-content/plugins/primary-addon-for-elementor/assets/js/juxtapose.js?ver=1.2.1 HTTP/1.1" 200 5679 "https://www.bagpackvacation.com/" "Mozilla/5.0 AppleWebKit/537.36 (KHTML, like Gecko; compatible; GPTBot/1.3; +https://openai.com/gptbot)"
74.7.243.251 - - [26/Feb/2026:14:58:32 -0500] "GET /wp-content/uploads/elementor/css/post-133.css?ver=1714710804 HTTP/1.1" 200 1536 "https://www.bagpackvacation.com/" "Mozilla/5.0 AppleWebKit/537.36 (KHTML, like Gecko; compatible; GPTBot/1.3; +https://openai.com/gptbot)"
74.7.243.251 - - [26/Feb/2026:14:58:34 -0500] "GET /wp-content/plugins/woocommerce/assets/js/jquery-blockui/jquery.blockUI.min.js?ver=2.7.0-wc.9.8.6 HTTP/1.1" 200 3277 "https://www.bagpackvacation.com/" "Mozilla/5.0 AppleWebKit/537.36 (KHTML, like Gecko; compatible; GPTBot/1.3; +https://openai.com/gptbot)"
74.7.243.251 - - [26/Feb/2026:14:58:36 -0500] "GET /romantic-goa-with-dudh-sagar-waterfall-4-night-5-days/ HTTP/1.1" 200 24782 "https://www.bagpackvacation.com/" "Mozilla/5.0 AppleWebKit/537.36 (KHTML, like Gecko; compatible; GPTBot/1.3; +https://openai.com/gptbot)"
74.7.243.251 - - [26/Feb/2026:14:58:37 -0500] "GET /wp-includes/js/underscore.min.js?ver=1.13.7 HTTP/1.1" 200 7185 "https://www.bagpackvacation.com/" "Mozilla/5.0 AppleWebKit/537.36 (KHTML, like Gecko; compatible; GPTBot/1.3; +https://openai.com/gptbot)"
162.213.253.84 - - [26/Feb/2026:14:58:41 -0500] "POST /wp-cron.php?doing_wp_cron=1772135921.2200140953063964843750 HTTP/1.1" 200 0 "-" "WordPress/6.9.1; https://www.bagpackvacation.com"
74.7.243.251 - - [26/Feb/2026:14:58:39 -0500] "GET /jim-corbett-tour-packages/ HTTP/1.1" 200 24066 "https://www.bagpackvacation.com/" "Mozilla/5.0 AppleWebKit/537.36 (KHTML, like Gecko; compatible; GPTBot/1.3; +https://openai.com/gptbot)"
162.213.253.84 - - [26/Feb/2026:14:58:42 -0500] "POST /wp-admin/admin-ajax.php?action=async_litespeed&nonce=J6fvRT21bL5C3m6Ol5i6udxluXE8Umph&litespeed_type=imgoptm HTTP/1.1" 200 21 "-" "WordPress/6.9.1; https://www.bagpackvacation.com"
45.133.5.107 - - [26/Feb/2026:14:46:01 -0500] "GET /wp-login.php HTTP/1.1" 301 795 "-" "Mozilla/5.0"
72.167.46.126 - - [26/Feb/2026:14:51:12 -0500] "GET /wp-login.php HTTP/1.1" 301 795 "-" "Mozilla/5.0 (Macintosh; Intel Mac OS X 10_13_5) AppleWebKit/537.36 (KHTML, like Gecko) Chrome/66.0.3359.181 Safari/537.36"
72.167.46.126 - - [26/Feb/2026:14:51:13 -0500] "GET /wp-login.php HTTP/1.1" 200 1797 "https://bagpackvacation.com/wp-login.php" "Mozilla/5.0 (Macintosh; Intel Mac OS X 10_13_5) AppleWebKit/537.36 (KHTML, like Gecko) Chrome/66.0.3359.181 Safari/537.36"
107.189.21.225 - - [26/Feb/2026:14:53:58 -0500] "GET /wp-content/plugins/product-addons/assets/js/frontend-script.js HTTP/1.1" 404 18640 "-" "Mozilla/5.0 (Windows NT 11.0; Win64; x64) AppleWebKit/537.36 (KHTML, like Gecko) Chrome/126.0.6478.115 Safari/537.36"
162.213.253.84 - - [26/Feb/2026:14:54:02 -0500] "POST /wp-admin/admin-ajax.php?action=async_litespeed&nonce=DGUaYhHnc7O5dkPEvT1GRbSisoU2OkSS&litespeed_type=imgoptm HTTP/1.1" 200 0 "-" "WordPress/6.9.1; https://www.bagpackvacation.com"
107.189.21.225 - - [26/Feb/2026:14:54:04 -0500] "GET /wp-content/plugins/product-addons/readme.txt HTTP/1.1" 404 18648 "-" "Mozilla/5.0 (Windows NT 11.0; Win64; x64) AppleWebKit/537.36 (KHTML, like Gecko) Chrome/126.0.6478.115 Safari/537.36"
74.7.230.36 - - [26/Feb/2026:14:57:55 -0500] "GET /robots.txt HTTP/1.1" 200 108 "-" "Mozilla/5.0 (Macintosh; Intel Mac OS X 10_15_7) AppleWebKit/537.36 (KHTML, like Gecko) Chrome/131.0.0.0 Safari/537.36; compatible; OAI-SearchBot/1.3; robots.txt; +https://openai.com/searchbot"
162.213.253.84 - - [26/Feb/2026:14:58:26 -0500] "POST /wp-cron.php?doing_wp_cron=1772135906.5454249382019042968750 HTTP/1.1" 200 0 "-" "WordPress/6.9.1; https://www.bagpackvacation.com"
162.213.253.84 - - [26/Feb/2026:14:58:27 -0500] "POST /wp-admin/admin-ajax.php?action=async_litespeed&nonce=4sXeJfZ2hQnnoaNtYJkEdDmQtn6lwXAQ&litespeed_type=imgoptm HTTP/1.1" 200 0 "-" "WordPress/6.9.1; https://www.bagpackvacation.com"
74.7.243.251 - - [26/Feb/2026:14:58:30 -0500] "GET /wp-content/plugins/elementor/assets/css/frontend.min.css?ver=3.28.4 HTTP/1.1" 200 6453 "https://www.bagpackvacation.com/" "Mozilla/5.0 AppleWebKit/537.36 (KHTML, like Gecko; compatible; GPTBot/1.3; +https://openai.com/gptbot)"
74.7.243.251 - - [26/Feb/2026:14:58:41 -0500] "GET /wp-content/plugins/elementor/assets/lib/font-awesome/css/brands.min.css?ver=5.15.3 HTTP/1.1" 200 284 "https://www.bagpackvacation.com/" "Mozilla/5.0 AppleWebKit/537.36 (KHTML, like Gecko; compatible; GPTBot/1.3; +https://openai.com/gptbot)"
74.7.243.251 - - [26/Feb/2026:14:58:45 -0500] "GET /?p=259 HTTP/1.1" 301 0 "https://www.bagpackvacation.com/north-east-tour-packages/" "Mozilla/5.0 AppleWebKit/537.36 (KHTML, like Gecko; compatible; GPTBot/1.3; +https://openai.com/gptbot)"
74.7.243.251 - - [26/Feb/2026:14:58:47 -0500] "GET /north-east-tour-packages/ HTTP/1.1" 200 24047 "https://www.bagpackvacation.com/?p=259" "Mozilla/5.0 AppleWebKit/537.36 (KHTML, like Gecko; compatible; GPTBot/1.3; +https://openai.com/gptbot)"
74.7.243.251 - - [26/Feb/2026:14:58:47 -0500] "GET /terms-conditions-with-cancellation-policy/ HTTP/1.1" 200 24665 "https://www.bagpackvacation.com/" "Mozilla/5.0 AppleWebKit/537.36 (KHTML, like Gecko; compatible; GPTBot/1.3; +https://openai.com/gptbot)"
74.7.243.251 - - [26/Feb/2026:14:58:48 -0500] "GET /beauty-of-nature-kerala/ HTTP/1.1" 200 24980 "https://www.bagpackvacation.com/" "Mozilla/5.0 AppleWebKit/537.36 (KHTML, like Gecko; compatible; GPTBot/1.3; +https://openai.com/gptbot)"
74.7.243.251 - - [26/Feb/2026:14:58:48 -0500] "GET /singapore-tour-packages/ HTTP/1.1" 200 25191 "https://www.bagpackvacation.com/" "Mozilla/5.0 AppleWebKit/537.36 (KHTML, like Gecko; compatible; GPTBot/1.3; +https://openai.com/gptbot)"
74.7.243.251 - - [26/Feb/2026:14:58:49 -0500] "GET /fun-with-family-in-kashmir-5-night-6-days/ HTTP/1.1" 200 25901 "https://www.bagpackvacation.com/" "Mozilla/5.0 AppleWebKit/537.36 (KHTML, like Gecko; compatible; GPTBot/1.3; +https://openai.com/gptbot)"
74.7.243.251 - - [26/Feb/2026:14:58:51 -0500] "GET /?p=3119 HTTP/1.1" 301 0 "https://www.bagpackvacation.com/romantic-goa-with-dudh-sagar-waterfall-4-night-5-days/" "Mozilla/5.0 AppleWebKit/537.36 (KHTML, like Gecko; compatible; GPTBot/1.3; +https://openai.com/gptbot)"
74.7.243.251 - - [26/Feb/2026:14:58:53 -0500] "GET /?p=279 HTTP/1.1" 301 0 "https://www.bagpackvacation.com/jim-corbett-tour-packages/" "Mozilla/5.0 AppleWebKit/537.36 (KHTML, like Gecko; compatible; GPTBot/1.3; +https://openai.com/gptbot)"
74.7.243.251 - - [26/Feb/2026:14:58:54 -0500] "GET /malaysia-tour-packages/ HTTP/1.1" 200 25462 "https://www.bagpackvacation.com/" "Mozilla/5.0 AppleWebKit/537.36 (KHTML, like Gecko; compatible; GPTBot/1.3; +https://openai.com/gptbot)"
74.7.243.251 - - [26/Feb/2026:14:58:57 -0500] "GET /romantic-sikkim-delight-with-gangtok-darjeeling-pelling/ HTTP/1.1" 200 25432 "https://www.bagpackvacation.com/?p=2981" "Mozilla/5.0 AppleWebKit/537.36 (KHTML, like Gecko; compatible; GPTBot/1.3; +https://openai.com/gptbot)"
74.7.243.251 - - [26/Feb/2026:14:58:57 -0500] "GET /nainital-corbett-special-3-night-4-days/ HTTP/1.1" 200 24777 "https://www.bagpackvacation.com/" "Mozilla/5.0 AppleWebKit/537.36 (KHTML, like Gecko; compatible; GPTBot/1.3; +https://openai.com/gptbot)"
74.7.243.251 - - [26/Feb/2026:14:58:58 -0500] "GET /?p=2357 HTTP/1.1" 301 0 "https://www.bagpackvacation.com/terms-conditions-with-cancellation-policy/" "Mozilla/5.0 AppleWebKit/537.36 (KHTML, like Gecko; compatible; GPTBot/1.3; +https://openai.com/gptbot)"
74.7.243.251 - - [26/Feb/2026:14:58:59 -0500] "GET /terms-conditions-with-cancellation-policy/ HTTP/1.1" 200 24665 "https://www.bagpackvacation.com/?p=2357" "Mozilla/5.0 AppleWebKit/537.36 (KHTML, like Gecko; compatible; GPTBot/1.3; +https://openai.com/gptbot)"
74.7.243.251 - - [26/Feb/2026:14:59:00 -0500] "GET /beauty-of-nature-kerala/ HTTP/1.1" 200 24980 "https://www.bagpackvacation.com/?p=2479" "Mozilla/5.0 AppleWebKit/537.36 (KHTML, like Gecko; compatible; GPTBot/1.3; +https://openai.com/gptbot)"
74.7.243.251 - - [26/Feb/2026:14:59:02 -0500] "GET /singapore-tour-packages/ HTTP/1.1" 200 25191 "https://www.bagpackvacation.com/?p=329" "Mozilla/5.0 AppleWebKit/537.36 (KHTML, like Gecko; compatible; GPTBot/1.3; +https://openai.com/gptbot)"
74.7.243.251 - - [26/Feb/2026:14:59:02 -0500] "GET /?p=2870 HTTP/1.1" 301 0 "https://www.bagpackvacation.com/fun-with-family-in-kashmir-5-night-6-days/" "Mozilla/5.0 AppleWebKit/537.36 (KHTML, like Gecko; compatible; GPTBot/1.3; +https://openai.com/gptbot)"
162.213.253.84 - - [26/Feb/2026:14:59:05 -0500] "POST /wp-cron.php?doing_wp_cron=1772135945.0430550575256347656250 HTTP/1.1" 200 0 "-" "WordPress/6.9.1; https://www.bagpackvacation.com"
74.7.243.251 - - [26/Feb/2026:14:59:03 -0500] "GET /honeymoon-wow-andaman-5-nights-6-days/ HTTP/1.1" 200 25162 "https://www.bagpackvacation.com/" "Mozilla/5.0 AppleWebKit/537.36 (KHTML, like Gecko; compatible; GPTBot/1.3; +https://openai.com/gptbot)"
74.7.243.251 - - [26/Feb/2026:14:59:05 -0500] "GET /?p=308 HTTP/1.1" 301 0 "https://www.bagpackvacation.com/thailand-tour-packages/" "Mozilla/5.0 AppleWebKit/537.36 (KHTML, like Gecko; compatible; GPTBot/1.3; +https://openai.com/gptbot)"
74.7.243.251 - - [26/Feb/2026:14:59:07 -0500] "GET /?p=334 HTTP/1.1" 301 0 "https://www.bagpackvacation.com/malaysia-tour-packages/" "Mozilla/5.0 AppleWebKit/537.36 (KHTML, like Gecko; compatible; GPTBot/1.3; +https://openai.com/gptbot)"
74.7.243.251 - - [26/Feb/2026:14:59:08 -0500] "GET /malaysia-tour-packages/ HTTP/1.1" 200 25462 "https://www.bagpackvacation.com/?p=334" "Mozilla/5.0 AppleWebKit/537.36 (KHTML, like Gecko; compatible; GPTBot/1.3; +https://openai.com/gptbot)"
74.7.243.251 - - [26/Feb/2026:14:59:09 -0500] "GET /ooty-tour-packages/ HTTP/1.1" 200 24008 "https://www.bagpackvacation.com/" "Mozilla/5.0 AppleWebKit/537.36 (KHTML, like Gecko; compatible; GPTBot/1.3; +https://openai.com/gptbot)"
74.7.243.251 - - [26/Feb/2026:14:58:42 -0500] "GET /kashmir/ HTTP/1.1" 200 24082 "https://www.bagpackvacation.com/" "Mozilla/5.0 AppleWebKit/537.36 (KHTML, like Gecko; compatible; GPTBot/1.3; +https://openai.com/gptbot)"
74.7.243.251 - - [26/Feb/2026:14:58:44 -0500] "GET /romantic-sikkim-delight-with-gangtok-darjeeling-pelling/ HTTP/1.1" 200 25432 "https://www.bagpackvacation.com/" "Mozilla/5.0 AppleWebKit/537.36 (KHTML, like Gecko; compatible; GPTBot/1.3; +https://openai.com/gptbot)"
162.213.253.84 - - [26/Feb/2026:14:58:51 -0500] "POST /wp-cron.php?doing_wp_cron=1772135931.1424870491027832031250 HTTP/1.1" 200 0 "-" "WordPress/6.9.1; https://www.bagpackvacation.com"
74.7.243.251 - - [26/Feb/2026:14:58:52 -0500] "GET /romantic-goa-with-dudh-sagar-waterfall-4-night-5-days/ HTTP/1.1" 200 24782 "https://www.bagpackvacation.com/?p=3119" "Mozilla/5.0 AppleWebKit/537.36 (KHTML, like Gecko; compatible; GPTBot/1.3; +https://openai.com/gptbot)"
74.7.243.251 - - [26/Feb/2026:14:58:52 -0500] "GET /thailand-tour-packages/ HTTP/1.1" 200 25287 "https://www.bagpackvacation.com/" "Mozilla/5.0 AppleWebKit/537.36 (KHTML, like Gecko; compatible; GPTBot/1.3; +https://openai.com/gptbot)"
74.7.243.251 - - [26/Feb/2026:14:58:54 -0500] "GET /jim-corbett-tour-packages/ HTTP/1.1" 200 24066 "https://www.bagpackvacation.com/?p=279" "Mozilla/5.0 AppleWebKit/537.36 (KHTML, like Gecko; compatible; GPTBot/1.3; +https://openai.com/gptbot)"
74.7.243.251 - - [26/Feb/2026:14:58:55 -0500] "GET /?p=226 HTTP/1.1" 301 0 "https://www.bagpackvacation.com/kashmir/" "Mozilla/5.0 AppleWebKit/537.36 (KHTML, like Gecko; compatible; GPTBot/1.3; +https://openai.com/gptbot)"
74.7.243.251 - - [26/Feb/2026:14:58:56 -0500] "GET /kashmir/ HTTP/1.1" 200 24082 "https://www.bagpackvacation.com/?p=226" "Mozilla/5.0 AppleWebKit/537.36 (KHTML, like Gecko; compatible; GPTBot/1.3; +https://openai.com/gptbot)"
74.7.243.251 - - [26/Feb/2026:14:58:56 -0500] "GET /?p=2981 HTTP/1.1" 301 0 "https://www.bagpackvacation.com/romantic-sikkim-delight-with-gangtok-darjeeling-pelling/" "Mozilla/5.0 AppleWebKit/537.36 (KHTML, like Gecko; compatible; GPTBot/1.3; +https://openai.com/gptbot)"
74.7.243.251 - - [26/Feb/2026:14:58:59 -0500] "GET /?p=2479 HTTP/1.1" 301 0 "https://www.bagpackvacation.com/beauty-of-nature-kerala/" "Mozilla/5.0 AppleWebKit/537.36 (KHTML, like Gecko; compatible; GPTBot/1.3; +https://openai.com/gptbot)"
74.7.243.251 - - [26/Feb/2026:14:59:01 -0500] "GET /?p=329 HTTP/1.1" 301 0 "https://www.bagpackvacation.com/singapore-tour-packages/" "Mozilla/5.0 AppleWebKit/537.36 (KHTML, like Gecko; compatible; GPTBot/1.3; +https://openai.com/gptbot)"
74.7.243.251 - - [26/Feb/2026:14:59:03 -0500] "GET /fun-with-family-in-kashmir-5-night-6-days/ HTTP/1.1" 200 25901 "https://www.bagpackvacation.com/?p=2870" "Mozilla/5.0 AppleWebKit/537.36 (KHTML, like Gecko; compatible; GPTBot/1.3; +https://openai.com/gptbot)"
74.7.243.251 - - [26/Feb/2026:14:59:06 -0500] "GET /thailand-tour-packages/ HTTP/1.1" 200 25287 "https://www.bagpackvacation.com/?p=308" "Mozilla/5.0 AppleWebKit/537.36 (KHTML, like Gecko; compatible; GPTBot/1.3; +https://openai.com/gptbot)"
74.7.243.251 - - [26/Feb/2026:14:59:06 -0500] "GET /relaxing-shimla-with-narkanda-3-night-4-days/ HTTP/1.1" 200 25155 "https://www.bagpackvacation.com/" "Mozilla/5.0 AppleWebKit/537.36 (KHTML, like Gecko; compatible; GPTBot/1.3; +https://openai.com/gptbot)"
74.7.243.251 - - [26/Feb/2026:14:59:08 -0500] "GET /beautiful-shimla-2-night-3-days/ HTTP/1.1" 200 24803 "https://www.bagpackvacation.com/" "Mozilla/5.0 AppleWebKit/537.36 (KHTML, like Gecko; compatible; GPTBot/1.3; +https://openai.com/gptbot)"
74.7.243.251 - - [26/Feb/2026:14:59:11 -0500] "GET /?p=3360 HTTP/1.1" 301 0 "https://www.bagpackvacation.com/nainital-corbett-special-3-night-4-days/" "Mozilla/5.0 AppleWebKit/537.36 (KHTML, like Gecko; compatible; GPTBot/1.3; +https://openai.com/gptbot)"
74.7.243.251 - - [26/Feb/2026:14:59:12 -0500] "GET /nainital-corbett-special-3-night-4-days/ HTTP/1.1" 200 24777 "https://www.bagpackvacation.com/?p=3360" "Mozilla/5.0 AppleWebKit/537.36 (KHTML, like Gecko; compatible; GPTBot/1.3; +https://openai.com/gptbot)"
74.7.243.251 - - [26/Feb/2026:14:59:14 -0500] "GET /manali-tour-packages/ HTTP/1.1" 200 24054 "https://www.bagpackvacation.com/" "Mozilla/5.0 AppleWebKit/537.36 (KHTML, like Gecko; compatible; GPTBot/1.3; +https://openai.com/gptbot)"
74.7.243.251 - - [26/Feb/2026:14:59:15 -0500] "GET /travel-insurance/ HTTP/1.1" 200 21887 "https://www.bagpackvacation.com/" "Mozilla/5.0 AppleWebKit/537.36 (KHTML, like Gecko; compatible; GPTBot/1.3; +https://openai.com/gptbot)"
74.7.243.251 - - [26/Feb/2026:14:59:18 -0500] "GET /wp-content/plugins/elementor-pro/modules/lottie/assets/animations/default.json HTTP/1.1" 200 112811 "https://www.bagpackvacation.com/" "Mozilla/5.0 AppleWebKit/537.36 (KHTML, like Gecko; compatible; GPTBot/1.3; +https://openai.com/gptbot)"
74.7.243.251 - - [26/Feb/2026:14:59:20 -0500] "GET /relaxing-shimla-with-narkanda-3-night-4-days/ HTTP/1.1" 200 25155 "https://www.bagpackvacation.com/?p=3185" "Mozilla/5.0 AppleWebKit/537.36 (KHTML, like Gecko; compatible; GPTBot/1.3; +https://openai.com/gptbot)"
74.7.243.251 - - [26/Feb/2026:14:59:20 -0500] "GET /xmlrpc.php?rsd HTTP/1.1" 200 297 "https://www.bagpackvacation.com/" "Mozilla/5.0 AppleWebKit/537.36 (KHTML, like Gecko; compatible; GPTBot/1.3; +https://openai.com/gptbot)"
74.7.243.251 - - [26/Feb/2026:14:59:21 -0500] "GET /?p=3226 HTTP/1.1" 301 0 "https://www.bagpackvacation.com/beautiful-shimla-2-night-3-days/" "Mozilla/5.0 AppleWebKit/537.36 (KHTML, like Gecko; compatible; GPTBot/1.3; +https://openai.com/gptbot)"
74.7.243.251 - - [26/Feb/2026:14:59:24 -0500] "GET /ooty-tour-packages/ HTTP/1.1" 200 24008 "https://www.bagpackvacation.com/?p=288" "Mozilla/5.0 AppleWebKit/537.36 (KHTML, like Gecko; compatible; GPTBot/1.3; +https://openai.com/gptbot)"
74.7.243.251 - - [26/Feb/2026:14:59:25 -0500] "GET /?p=324 HTTP/1.1" 301 0 "https://www.bagpackvacation.com/bali-tour-packages/" "Mozilla/5.0 AppleWebKit/537.36 (KHTML, like Gecko; compatible; GPTBot/1.3; +https://openai.com/gptbot)"
74.7.243.251 - - [26/Feb/2026:14:59:26 -0500] "GET /?p=274 HTTP/1.1" 301 0 "https://www.bagpackvacation.com/manali-tour-packages/" "Mozilla/5.0 AppleWebKit/537.36 (KHTML, like Gecko; compatible; GPTBot/1.3; +https://openai.com/gptbot)"
74.7.243.251 - - [26/Feb/2026:14:59:27 -0500] "GET /manali-tour-packages/ HTTP/1.1" 200 24054 "https://www.bagpackvacation.com/?p=274" "Mozilla/5.0 AppleWebKit/537.36 (KHTML, like Gecko; compatible; GPTBot/1.3; +https://openai.com/gptbot)"
74.7.243.251 - - [26/Feb/2026:14:59:27 -0500] "GET /?p=313 HTTP/1.1" 301 0 "https://www.bagpackvacation.com/dubai-tour-packages/" "Mozilla/5.0 AppleWebKit/537.36 (KHTML, like Gecko; compatible; GPTBot/1.3; +https://openai.com/gptbot)"
162.213.253.84 - - [26/Feb/2026:14:59:30 -0500] "POST /wp-cron.php?doing_wp_cron=1772135970.1386940479278564453125 HTTP/1.1" 200 0 "-" "WordPress/6.9.1; https://www.bagpackvacation.com"
74.7.243.251 - - [26/Feb/2026:14:59:29 -0500] "GET /?p=2366 HTTP/1.1" 301 0 "https://www.bagpackvacation.com/travel-insurance/" "Mozilla/5.0 AppleWebKit/537.36 (KHTML, like Gecko; compatible; GPTBot/1.3; +https://openai.com/gptbot)"
162.213.253.84 - - [26/Feb/2026:14:59:31 -0500] "POST /wp-admin/admin-ajax.php?action=async_litespeed&nonce=rJVljdfOqlNpnWLrIUheYOyBTdpfkMAB&litespeed_type=imgoptm HTTP/1.1" 200 0 "-" "WordPress/6.9.1; https://www.bagpackvacation.com"
74.7.243.251 - - [26/Feb/2026:14:59:30 -0500] "GET /wp-json/wp/v2/pages/146 HTTP/1.1" 200 155754 "https://www.bagpackvacation.com/" "Mozilla/5.0 AppleWebKit/537.36 (KHTML, like Gecko; compatible; GPTBot/1.3; +https://openai.com/gptbot)"
74.7.243.251 - - [26/Feb/2026:14:59:13 -0500] "GET /bali-tour-packages/ HTTP/1.1" 200 24004 "https://www.bagpackvacation.com/" "Mozilla/5.0 AppleWebKit/537.36 (KHTML, like Gecko; compatible; GPTBot/1.3; +https://openai.com/gptbot)"
74.7.243.251 - - [26/Feb/2026:14:59:15 -0500] "GET /dubai-tour-packages/ HTTP/1.1" 200 24627 "https://www.bagpackvacation.com/" "Mozilla/5.0 AppleWebKit/537.36 (KHTML, like Gecko; compatible; GPTBot/1.3; +https://openai.com/gptbot)"
74.7.243.251 - - [26/Feb/2026:14:59:17 -0500] "GET /?p=2901 HTTP/1.1" 301 0 "https://www.bagpackvacation.com/honeymoon-wow-andaman-5-nights-6-days/" "Mozilla/5.0 AppleWebKit/537.36 (KHTML, like Gecko; compatible; GPTBot/1.3; +https://openai.com/gptbot)"
74.7.243.251 - - [26/Feb/2026:14:59:18 -0500] "GET /honeymoon-wow-andaman-5-nights-6-days/ HTTP/1.1" 200 25162 "https://www.bagpackvacation.com/?p=2901" "Mozilla/5.0 AppleWebKit/537.36 (KHTML, like Gecko; compatible; GPTBot/1.3; +https://openai.com/gptbot)"
74.7.243.251 - - [26/Feb/2026:14:59:19 -0500] "GET /?p=3185 HTTP/1.1" 301 0 "https://www.bagpackvacation.com/relaxing-shimla-with-narkanda-3-night-4-days/" "Mozilla/5.0 AppleWebKit/537.36 (KHTML, like Gecko; compatible; GPTBot/1.3; +https://openai.com/gptbot)"
74.7.243.251 - - [26/Feb/2026:14:59:23 -0500] "GET /beautiful-shimla-2-night-3-days/ HTTP/1.1" 200 24803 "https://www.bagpackvacation.com/?p=3226" "Mozilla/5.0 AppleWebKit/537.36 (KHTML, like Gecko; compatible; GPTBot/1.3; +https://openai.com/gptbot)"
74.7.243.251 - - [26/Feb/2026:14:59:23 -0500] "GET /?p=288 HTTP/1.1" 301 0 "https://www.bagpackvacation.com/ooty-tour-packages/" "Mozilla/5.0 AppleWebKit/537.36 (KHTML, like Gecko; compatible; GPTBot/1.3; +https://openai.com/gptbot)"
74.7.243.251 - - [26/Feb/2026:14:59:24 -0500] "GET /contact-us/ HTTP/1.1" 200 22376 "https://www.bagpackvacation.com/" "Mozilla/5.0 AppleWebKit/537.36 (KHTML, like Gecko; compatible; GPTBot/1.3; +https://openai.com/gptbot)"
74.7.243.251 - - [26/Feb/2026:14:59:26 -0500] "GET /bali-tour-packages/ HTTP/1.1" 200 24004 "https://www.bagpackvacation.com/?p=324" "Mozilla/5.0 AppleWebKit/537.36 (KHTML, like Gecko; compatible; GPTBot/1.3; +https://openai.com/gptbot)"
74.7.243.251 - - [26/Feb/2026:14:59:28 -0500] "GET /dubai-tour-packages/ HTTP/1.1" 200 24627 "https://www.bagpackvacation.com/?p=313" "Mozilla/5.0 AppleWebKit/537.36 (KHTML, like Gecko; compatible; GPTBot/1.3; +https://openai.com/gptbot)"
74.7.243.251 - - [26/Feb/2026:14:59:30 -0500] "GET /travel-insurance/ HTTP/1.1" 200 21887 "https://www.bagpackvacation.com/?p=2366" "Mozilla/5.0 AppleWebKit/537.36 (KHTML, like Gecko; compatible; GPTBot/1.3; +https://openai.com/gptbot)"
74.7.243.251 - - [26/Feb/2026:14:59:30 -0500] "GET /wp-content/plugins/wp-whatsapp/assets/img/whatsapp_logo.svg HTTP/1.1" 200 882 "https://www.bagpackvacation.com/" "Mozilla/5.0 AppleWebKit/537.36 (KHTML, like Gecko; compatible; GPTBot/1.3; +https://openai.com/gptbot)"
74.7.243.251 - - [26/Feb/2026:14:59:33 -0500] "GET /wp-includes/js/jquery/jquery-migrate.min.js?ver=3.4.1 HTTP/1.1" 200 4678 "https://www.bagpackvacation.com/" "Mozilla/5.0 AppleWebKit/537.36 (KHTML, like Gecko; compatible; GPTBot/1.3; +https://openai.com/gptbot)"
74.7.243.251 - - [26/Feb/2026:14:59:34 -0500] "GET /wp-content/plugins/wpforms-lite/assets/js/integrations/elementor/frontend.min.js?ver=1.9.5.1 HTTP/1.1" 200 548 "https://www.bagpackvacation.com/" "Mozilla/5.0 AppleWebKit/537.36 (KHTML, like Gecko; compatible; GPTBot/1.3; +https://openai.com/gptbot)"
74.7.243.251 - - [26/Feb/2026:14:59:35 -0500] "GET /?p=196 HTTP/1.1" 301 0 "https://www.bagpackvacation.com/contact-us/" "Mozilla/5.0 AppleWebKit/537.36 (KHTML, like Gecko; compatible; GPTBot/1.3; +https://openai.com/gptbot)"
74.7.243.251 - - [26/Feb/2026:14:59:36 -0500] "GET /contact-us/ HTTP/1.1" 200 22376 "https://www.bagpackvacation.com/?p=196" "Mozilla/5.0 AppleWebKit/537.36 (KHTML, like Gecko; compatible; GPTBot/1.3; +https://openai.com/gptbot)"
74.7.243.251 - - [26/Feb/2026:14:59:32 -0500] "GET /wp-content/plugins/elementor/assets/lib/swiper/v8/swiper.min.js?ver=8.4.5 HTTP/1.1" 200 38152 "https://www.bagpackvacation.com/" "Mozilla/5.0 AppleWebKit/537.36 (KHTML, like Gecko; compatible; GPTBot/1.3; +https://openai.com/gptbot)"
74.7.243.251 - - [26/Feb/2026:14:59:33 -0500] "GET /wp-content/plugins/elementskit-lite/widgets/init/assets/js/widget-scripts.js?ver=3.5.0 HTTP/1.1" 200 40425 "https://www.bagpackvacation.com/" "Mozilla/5.0 AppleWebKit/537.36 (KHTML, like Gecko; compatible; GPTBot/1.3; +https://openai.com/gptbot)"
74.7.243.251 - - [26/Feb/2026:14:59:36 -0500] "GET /wp-content/plugins/elementskit-lite/libs/framework/assets/js/frontend-script.js?ver=3.5.0 HTTP/1.1" 200 40 "https://www.bagpackvacation.com/" "Mozilla/5.0 AppleWebKit/537.36 (KHTML, like Gecko; compatible; GPTBot/1.3; +https://openai.com/gptbot)"
74.7.243.251 - - [26/Feb/2026:14:59:37 -0500] "GET /wp-includes/js/dist/i18n.min.js?ver=c26c3dc7bed366793375 HTTP/1.1" 200 2119 "https://www.bagpackvacation.com/" "Mozilla/5.0 AppleWebKit/537.36 (KHTML, like Gecko; compatible; GPTBot/1.3; +https://openai.com/gptbot)"
74.7.243.251 - - [26/Feb/2026:14:59:38 -0500] "GET /wp-content/plugins/elementor/assets/js/frontend.min.js?ver=3.28.4 HTTP/1.1" 200 13099 "https://www.bagpackvacation.com/" "Mozilla/5.0 AppleWebKit/537.36 (KHTML, like Gecko; compatible; GPTBot/1.3; +https://openai.com/gptbot)"
74.7.243.251 - - [26/Feb/2026:14:59:38 -0500] "GET /wp-content/plugins/primary-addon-for-elementor/assets/js/jquery.magnific-popup.min.js?ver=1.1.0 HTTP/1.1" 200 7045 "https://www.bagpackvacation.com/" "Mozilla/5.0 AppleWebKit/537.36 (KHTML, like Gecko; compatible; GPTBot/1.3; +https://openai.com/gptbot)"
74.7.243.251 - - [26/Feb/2026:14:59:40 -0500] "GET /wp-content/plugins/primary-addon-for-elementor/assets/js/packery-mode.pkgd.min.js?ver=2.1.2 HTTP/1.1" 200 9510 "https://www.bagpackvacation.com/" "Mozilla/5.0 AppleWebKit/537.36 (KHTML, like Gecko; compatible; GPTBot/1.3; +https://openai.com/gptbot)"
74.7.243.251 - - [26/Feb/2026:14:59:41 -0500] "GET /wp-content/plugins/popup-maker/assets/js/site.min.js?defer&ver=1.20.4 HTTP/1.1" 200 16552 "https://www.bagpackvacation.com/" "Mozilla/5.0 AppleWebKit/537.36 (KHTML, like Gecko; compatible; GPTBot/1.3; +https://openai.com/gptbot)"
74.7.243.251 - - [26/Feb/2026:14:59:41 -0500] "GET /wp-content/plugins/primary-addon-for-elementor/assets/js/Chart.min.js?ver=2.9.3 HTTP/1.1" 200 55517 "https://www.bagpackvacation.com/" "Mozilla/5.0 AppleWebKit/537.36 (KHTML, like Gecko; compatible; GPTBot/1.3; +https://openai.com/gptbot)"
74.7.243.251 - - [26/Feb/2026:14:59:43 -0500] "GET /wp-content/plugins/primary-addon-for-elementor/assets/js/isotope.min.js?ver=3.0.6 HTTP/1.1" 200 9601 "https://www.bagpackvacation.com/" "Mozilla/5.0 AppleWebKit/537.36 (KHTML, like Gecko; compatible; GPTBot/1.3; +https://openai.com/gptbot)"
74.7.243.251 - - [26/Feb/2026:14:59:44 -0500] "GET /wp-content/plugins/elementor-pro/assets/js/webpack-pro.runtime.min.js?ver=3.7.3 HTTP/1.1" 200 2190 "https://www.bagpackvacation.com/" "Mozilla/5.0 AppleWebKit/537.36 (KHTML, like Gecko; compatible; GPTBot/1.3; +https://openai.com/gptbot)"
74.7.243.251 - - [26/Feb/2026:14:59:44 -0500] "GET /wp-content/plugins/primary-addon-for-elementor/assets/js/jquery.counterup.min.js?ver=1.0 HTTP/1.1" 200 497 "https://www.bagpackvacation.com/" "Mozilla/5.0 AppleWebKit/537.36 (KHTML, like Gecko; compatible; GPTBot/1.3; +https://openai.com/gptbot)"
74.7.243.251 - - [26/Feb/2026:14:59:45 -0500] "GET /wp-content/plugins/primary-addon-for-elementor/assets/js/scripts.js?ver=1.2 HTTP/1.1" 200 1876 "https://www.bagpackvacation.com/" "Mozilla/5.0 AppleWebKit/537.36 (KHTML, like Gecko; compatible; GPTBot/1.3; +https://openai.com/gptbot)"
74.7.243.251 - - [26/Feb/2026:14:59:46 -0500] "GET /wp-content/plugins/primary-addon-for-elementor/assets/js/flickity.pkgd.min.js?ver=2.2.1 HTTP/1.1" 200 13241 "https://www.bagpackvacation.com/" "Mozilla/5.0 AppleWebKit/537.36 (KHTML, like Gecko; compatible; GPTBot/1.3; +https://openai.com/gptbot)"
74.7.243.251 - - [26/Feb/2026:14:59:36 -0500] "GET /wp-content/plugins/elementskit-lite/widgets/init/assets/js/animate-circle.min.js?ver=3.5.0 HTTP/1.1" 200 393 "https://www.bagpackvacation.com/" "Mozilla/5.0 AppleWebKit/537.36 (KHTML, like Gecko; compatible; GPTBot/1.3; +https://openai.com/gptbot)"
74.7.243.251 - - [26/Feb/2026:14:59:37 -0500] "GET /wp-includes/js/wp-emoji-release.min.js?ver=6.9.1 HTTP/1.1" 200 4949 "https://www.bagpackvacation.com/" "Mozilla/5.0 AppleWebKit/537.36 (KHTML, like Gecko; compatible; GPTBot/1.3; +https://openai.com/gptbot)"
74.7.243.251 - - [26/Feb/2026:14:59:39 -0500] "GET /wp-content/plugins/elementor/assets/js/webpack.runtime.min.js?ver=3.28.4 HTTP/1.1" 200 2228 "https://www.bagpackvacation.com/" "Mozilla/5.0 AppleWebKit/537.36 (KHTML, like Gecko; compatible; GPTBot/1.3; +https://openai.com/gptbot)"
74.7.243.251 - - [26/Feb/2026:14:59:40 -0500] "GET /wp-content/plugins/elementor/assets/js/frontend-modules.min.js?ver=3.28.4 HTTP/1.1" 200 14421 "https://www.bagpackvacation.com/" "Mozilla/5.0 AppleWebKit/537.36 (KHTML, like Gecko; compatible; GPTBot/1.3; +https://openai.com/gptbot)"
74.7.243.251 - - [26/Feb/2026:14:59:42 -0500] "GET /wp-content/themes/hello-elementor/assets/js/hello-frontend.min.js?ver=3.3.0 HTTP/1.1" 200 548 "https://www.bagpackvacation.com/" "Mozilla/5.0 AppleWebKit/537.36 (KHTML, like Gecko; compatible; GPTBot/1.3; +https://openai.com/gptbot)"
74.7.243.251 - - [26/Feb/2026:14:59:42 -0500] "GET /wp-content/plugins/primary-addon-for-elementor/assets/js/owl.carousel.min.js?ver=2.3.4 HTTP/1.1" 200 11140 "https://www.bagpackvacation.com/" "Mozilla/5.0 AppleWebKit/537.36 (KHTML, like Gecko; compatible; GPTBot/1.3; +https://openai.com/gptbot)"
74.7.243.251 - - [26/Feb/2026:14:59:43 -0500] "GET /wp-content/plugins/primary-addon-for-elementor/assets/js/InstagramFeed.min.js?ver=1.3.8 HTTP/1.1" 200 1983 "https://www.bagpackvacation.com/" "Mozilla/5.0 AppleWebKit/537.36 (KHTML, like Gecko; compatible; GPTBot/1.3; +https://openai.com/gptbot)"
74.7.243.251 - - [26/Feb/2026:14:59:45 -0500] "GET /wp-content/plugins/primary-addon-for-elementor/assets/js/jquery.waypoints.js?ver=2.0.3 HTTP/1.1" 200 3505 "https://www.bagpackvacation.com/" "Mozilla/5.0 AppleWebKit/537.36 (KHTML, like Gecko; compatible; GPTBot/1.3; +https://openai.com/gptbot)"
74.7.243.251 - - [26/Feb/2026:14:59:46 -0500] "GET /wp-content/plugins/primary-addon-for-elementor/elementor/js/prim-elementor.js?ver=6.9.1 HTTP/1.1" 200 3039 "https://www.bagpackvacation.com/" "Mozilla/5.0 AppleWebKit/537.36 (KHTML, like Gecko; compatible; GPTBot/1.3; +https://openai.com/gptbot)"
74.7.243.251 - - [26/Feb/2026:14:59:47 -0500] "GET /wp-content/plugins/wp-whatsapp/assets/js/whatsapp-popup.js?ver=3.7.2 HTTP/1.1" 200 328 "https://www.bagpackvacation.com/" "Mozilla/5.0 AppleWebKit/537.36 (KHTML, like Gecko; compatible; GPTBot/1.3; +https://openai.com/gptbot)"
74.7.243.251 - - [26/Feb/2026:14:59:48 -0500] "GET /wp-content/plugins/wp-whatsapp/assets/dist/js/njt-whatsapp.js?ver=3.7.2 HTTP/1.1" 200 17990 "https://www.bagpackvacation.com/" "Mozilla/5.0 AppleWebKit/537.36 (KHTML, like Gecko; compatible; GPTBot/1.3; +https://openai.com/gptbot)"
74.7.243.251 - - [26/Feb/2026:14:59:49 -0500] "GET /wp-content/themes/hello-elementor/theme.min.css?ver=3.3.0 HTTP/1.1" 200 1131 "https://www.bagpackvacation.com/" "Mozilla/5.0 AppleWebKit/537.36 (KHTML, like Gecko; compatible; GPTBot/1.3; +https://openai.com/gptbot)"
74.7.243.251 - - [26/Feb/2026:14:59:50 -0500] "GET /wp-content/themes/hello-elementor/header-footer.min.css?ver=3.3.0 HTTP/1.1" 200 1292 "https://www.bagpackvacation.com/" "Mozilla/5.0 AppleWebKit/537.36 (KHTML, like Gecko; compatible; GPTBot/1.3; +https://openai.com/gptbot)"
74.7.243.251 - - [26/Feb/2026:14:59:51 -0500] "GET /wp-content/plugins/woocommerce/assets/client/blocks/wc-blocks.css?ver=wc-9.8.6 HTTP/1.1" 200 2282 "https://www.bagpackvacation.com/" "Mozilla/5.0 AppleWebKit/537.36 (KHTML, like Gecko; compatible; GPTBot/1.3; +https://openai.com/gptbot)"
74.7.243.251 - - [26/Feb/2026:14:59:47 -0500] "GET /wp-content/plugins/woocommerce/assets/js/js-cookie/js.cookie.min.js?ver=2.1.4-wc.9.8.6 HTTP/1.1" 200 760 "https://www.bagpackvacation.com/" "Mozilla/5.0 AppleWebKit/537.36 (KHTML, like Gecko; compatible; GPTBot/1.3; +https://openai.com/gptbot)"
74.7.243.251 - - [26/Feb/2026:14:59:48 -0500] "GET /wp-content/plugins/elementor-pro/assets/lib/smartmenus/jquery.smartmenus.min.js?ver=1.0.1 HTTP/1.1" 200 6935 "https://www.bagpackvacation.com/" "Mozilla/5.0 AppleWebKit/537.36 (KHTML, like Gecko; compatible; GPTBot/1.3; +https://openai.com/gptbot)"
74.7.243.251 - - [26/Feb/2026:14:59:50 -0500] "GET /wp-content/plugins/wpforms-lite/assets/js/share/utils.min.js?ver=1.9.5.1 HTTP/1.1" 200 733 "https://www.bagpackvacation.com/" "Mozilla/5.0 AppleWebKit/537.36 (KHTML, like Gecko; compatible; GPTBot/1.3; +https://openai.com/gptbot)"
