47.128.21.147 - - [14/Apr/2026:13:10:29 -0400] "GET /wp-content/plugins/woocommerce/assets/css/woocommerce.css?ver=9.8.7 HTTP/1.1" 200 10163 "https://www.bagpackvacation.com/dubai-tour-packages/" "Mozilla/5.0 (Linux; Android 5.0) AppleWebKit/537.36 (KHTML, like Gecko) Mobile Safari/537.36 (compatible; Bytespider; [email protected])"
47.128.21.147 - - [14/Apr/2026:13:10:30 -0400] "GET /wp-content/plugins/elementskit-lite/modules/elementskit-icon-pack/assets/css/ekiticons.css?ver=3.5.0 HTTP/1.1" 200 11776 "https://www.bagpackvacation.com/dubai-tour-packages/" "Mozilla/5.0 (Linux; Android 5.0) AppleWebKit/537.36 (KHTML, like Gecko) Mobile Safari/537.36 (compatible; Bytespider; [email protected])"
47.128.21.147 - - [14/Apr/2026:13:10:30 -0400] "GET /wp-content/plugins/elementor/assets/css/widget-icon-box.min.css?ver=3.28.4 HTTP/1.1" 200 656 "https://www.bagpackvacation.com/dubai-tour-packages/" "Mozilla/5.0 (Linux; Android 5.0) AppleWebKit/537.36 (KHTML, like Gecko) Mobile Safari/537.36 (compatible; Bytespider; [email protected])"
47.128.21.147 - - [14/Apr/2026:13:10:30 -0400] "GET /wp-content/plugins/elementor/assets/lib/font-awesome/css/brands.min.css?ver=5.15.3 HTTP/1.1" 200 284 "https://www.bagpackvacation.com/dubai-tour-packages/" "Mozilla/5.0 (Linux; Android 5.0) AppleWebKit/537.36 (KHTML, like Gecko) Mobile Safari/537.36 (compatible; Bytespider; [email protected])"
47.128.21.147 - - [14/Apr/2026:13:10:30 -0400] "GET /wp-content/plugins/elementor/assets/css/widget-divider.min.css?ver=3.28.4 HTTP/1.1" 200 707 "https://www.bagpackvacation.com/dubai-tour-packages/" "Mozilla/5.0 (Linux; Android 5.0) AppleWebKit/537.36 (KHTML, like Gecko) Mobile Safari/537.36 (compatible; Bytespider; [email protected])"
47.128.21.147 - - [14/Apr/2026:13:10:30 -0400] "GET /wp-content/plugins/elementor/assets/css/widget-image-carousel.min.css?ver=3.28.4 HTTP/1.1" 200 163 "https://www.bagpackvacation.com/dubai-tour-packages/" "Mozilla/5.0 (Linux; Android 5.0) AppleWebKit/537.36 (KHTML, like Gecko) Mobile Safari/537.36 (compatible; Bytespider; [email protected])"
47.128.21.147 - - [14/Apr/2026:13:10:30 -0400] "GET /wp-content/plugins/wpforms-lite/assets/css/frontend/classic/wpforms-full.min.css?ver=1.9.5.1 HTTP/1.1" 200 8483 "https://www.bagpackvacation.com/dubai-tour-packages/" "Mozilla/5.0 (Linux; Android 5.0) AppleWebKit/537.36 (KHTML, like Gecko) Mobile Safari/537.36 (compatible; Bytespider; [email protected])"
47.128.21.147 - - [14/Apr/2026:13:10:31 -0400] "GET /wp-content/uploads/2023/02/IMG_1369.jpg HTTP/1.1" 206 500 "https://www.bagpackvacation.com/dubai-tour-packages/" "Mozilla/5.0 (Linux; Android 5.0) AppleWebKit/537.36 (KHTML, like Gecko) Mobile Safari/537.36 (compatible; Bytespider; [email protected])"
47.128.21.147 - - [14/Apr/2026:13:10:31 -0400] "GET /wp-content/uploads/2023/02/IMG_1369.jpg HTTP/1.1" 304 0 "https://www.bagpackvacation.com/dubai-tour-packages/" "Mozilla/5.0 (Linux; Android 5.0) AppleWebKit/537.36 (KHTML, like Gecko) Mobile Safari/537.36 (compatible; Bytespider; [email protected])"
47.128.21.147 - - [14/Apr/2026:13:10:29 -0400] "GET /wp-content/plugins/elementor/assets/lib/font-awesome/css/fontawesome.min.css?ver=5.15.3 HTTP/1.1" 200 12164 "https://www.bagpackvacation.com/dubai-tour-packages/" "Mozilla/5.0 (Linux; Android 5.0) AppleWebKit/537.36 (KHTML, like Gecko) Mobile Safari/537.36 (compatible; Bytespider; [email protected])"
47.128.21.147 - - [14/Apr/2026:13:10:29 -0400] "GET /wp-content/plugins/elementor/assets/lib/font-awesome/css/regular.min.css?ver=5.15.3 HTTP/1.1" 200 283 "https://www.bagpackvacation.com/dubai-tour-packages/" "Mozilla/5.0 (Linux; Android 5.0) AppleWebKit/537.36 (KHTML, like Gecko) Mobile Safari/537.36 (compatible; Bytespider; [email protected])"
47.128.21.147 - - [14/Apr/2026:13:10:29 -0400] "GET /wp-content/plugins/elementor/assets/lib/font-awesome/css/solid.min.css?ver=5.15.3 HTTP/1.1" 200 286 "https://www.bagpackvacation.com/dubai-tour-packages/" "Mozilla/5.0 (Linux; Android 5.0) AppleWebKit/537.36 (KHTML, like Gecko) Mobile Safari/537.36 (compatible; Bytespider; [email protected])"
47.128.21.147 - - [14/Apr/2026:13:10:30 -0400] "GET /wp-content/plugins/elementor/assets/css/widget-image.min.css?ver=3.28.4 HTTP/1.1" 200 254 "https://www.bagpackvacation.com/dubai-tour-packages/" "Mozilla/5.0 (Linux; Android 5.0) AppleWebKit/537.36 (KHTML, like Gecko) Mobile Safari/537.36 (compatible; Bytespider; [email protected])"
47.128.21.147 - - [14/Apr/2026:13:10:30 -0400] "GET /wp-content/plugins/elementor/assets/css/widget-heading.min.css?ver=3.28.4 HTTP/1.1" 200 154 "https://www.bagpackvacation.com/dubai-tour-packages/" "Mozilla/5.0 (Linux; Android 5.0) AppleWebKit/537.36 (KHTML, like Gecko) Mobile Safari/537.36 (compatible; Bytespider; [email protected])"
47.128.21.147 - - [14/Apr/2026:13:10:30 -0400] "GET /wp-content/plugins/elementor/assets/lib/swiper/v8/css/swiper.min.css?ver=8.4.5 HTTP/1.1" 200 4248 "https://www.bagpackvacation.com/dubai-tour-packages/" "Mozilla/5.0 (Linux; Android 5.0) AppleWebKit/537.36 (KHTML, like Gecko) Mobile Safari/537.36 (compatible; Bytespider; [email protected])"
47.128.21.147 - - [14/Apr/2026:13:10:30 -0400] "GET /wp-content/plugins/elementor/assets/css/conditionals/e-swiper.min.css?ver=3.28.4 HTTP/1.1" 200 699 "https://www.bagpackvacation.com/dubai-tour-packages/" "Mozilla/5.0 (Linux; Android 5.0) AppleWebKit/537.36 (KHTML, like Gecko) Mobile Safari/537.36 (compatible; Bytespider; [email protected])"
47.128.21.147 - - [14/Apr/2026:13:10:30 -0400] "GET /wp-content/uploads/elementor/css/post-1641.css?ver=1714710806 HTTP/1.1" 200 416 "https://www.bagpackvacation.com/dubai-tour-packages/" "Mozilla/5.0 (Linux; Android 5.0) AppleWebKit/537.36 (KHTML, like Gecko) Mobile Safari/537.36 (compatible; Bytespider; [email protected])"
47.128.21.147 - - [14/Apr/2026:13:10:31 -0400] "GET /wp-content/uploads/2023/01/bagpack-vacation-logo.png HTTP/1.1" 206 500 "https://www.bagpackvacation.com/dubai-tour-packages/" "Mozilla/5.0 (Linux; Android 5.0) AppleWebKit/537.36 (KHTML, like Gecko) Mobile Safari/537.36 (compatible; Bytespider; [email protected])"
47.128.21.147 - - [14/Apr/2026:13:10:32 -0400] "GET /wp-content/uploads/2023/02/54899-min-e1676124127886.jpg HTTP/1.1" 206 500 "https://www.bagpackvacation.com/dubai-tour-packages/" "Mozilla/5.0 (Linux; Android 5.0) AppleWebKit/537.36 (KHTML, like Gecko) Mobile Safari/537.36 (compatible; Bytespider; [email protected])"
47.128.21.147 - - [14/Apr/2026:13:10:33 -0400] "GET /wp-content/uploads/2023/02/31904.jpeg HTTP/1.1" 206 500 "https://www.bagpackvacation.com/dubai-tour-packages/" "Mozilla/5.0 (Linux; Android 5.0) AppleWebKit/537.36 (KHTML, like Gecko) Mobile Safari/537.36 (compatible; Bytespider; [email protected])"
47.128.21.147 - - [14/Apr/2026:13:10:32 -0400] "GET /wp-content/uploads/2023/02/IMG_1369.jpg HTTP/1.1" 206 196048 "https://www.bagpackvacation.com/dubai-tour-packages/" "Mozilla/5.0 (Linux; Android 5.0) AppleWebKit/537.36 (KHTML, like Gecko) Mobile Safari/537.36 (compatible; Bytespider; [email protected])"
47.128.21.147 - - [14/Apr/2026:13:10:32 -0400] "GET /wp-content/uploads/2023/02/7dad94d6-9e6a-4dd3-8405-eb52c0fdf6ab.jpg HTTP/1.1" 206 500 "https://www.bagpackvacation.com/dubai-tour-packages/" "Mozilla/5.0 (Linux; Android 5.0) AppleWebKit/537.36 (KHTML, like Gecko) Mobile Safari/537.36 (compatible; Bytespider; [email protected])"
47.128.21.147 - - [14/Apr/2026:13:10:32 -0400] "GET /wp-content/uploads/2023/02/IMG_1670.jpg HTTP/1.1" 206 500 "https://www.bagpackvacation.com/dubai-tour-packages/" "Mozilla/5.0 (Linux; Android 5.0) AppleWebKit/537.36 (KHTML, like Gecko) Mobile Safari/537.36 (compatible; Bytespider; [email protected])"
47.128.21.147 - - [14/Apr/2026:13:10:32 -0400] "GET /wp-content/uploads/2023/02/31774844-04ab-414b-ad2d-f48fa23da053.jpg HTTP/1.1" 206 500 "https://www.bagpackvacation.com/dubai-tour-packages/" "Mozilla/5.0 (Linux; Android 5.0) AppleWebKit/537.36 (KHTML, like Gecko) Mobile Safari/537.36 (compatible; Bytespider; [email protected])"
47.128.21.147 - - [14/Apr/2026:13:10:32 -0400] "GET /wp-content/uploads/2023/02/IMG_3247.jpg HTTP/1.1" 206 500 "https://www.bagpackvacation.com/dubai-tour-packages/" "Mozilla/5.0 (Linux; Android 5.0) AppleWebKit/537.36 (KHTML, like Gecko) Mobile Safari/537.36 (compatible; Bytespider; [email protected])"
47.128.21.147 - - [14/Apr/2026:13:10:32 -0400] "GET /wp-content/uploads/2023/01/shape8-1.png HTTP/1.1" 206 500 "https://www.bagpackvacation.com/wp-content/uploads/elementor/css/post-313.css?ver=1714727288" "Mozilla/5.0 (Linux; Android 5.0) AppleWebKit/537.36 (KHTML, like Gecko) Mobile Safari/537.36 (compatible; Bytespider; [email protected])"
47.128.21.147 - - [14/Apr/2026:13:10:32 -0400] "GET /wp-content/uploads/2023/02/dubai-tour-packages.png HTTP/1.1" 206 500 "https://www.bagpackvacation.com/wp-content/uploads/elementor/css/post-313.css?ver=1714727288" "Mozilla/5.0 (Linux; Android 5.0) AppleWebKit/537.36 (KHTML, like Gecko) Mobile Safari/537.36 (compatible; Bytespider; [email protected])"
47.128.21.147 - - [14/Apr/2026:13:10:33 -0400] "GET /wp-content/uploads/elementor/thumbs/DUBAI-WEEKEND-GETAWAY-q28k822pmzmdcyinjs7kl6h2uxt1ozehogad2chg3c.jpg HTTP/1.1" 206 500 "https://www.bagpackvacation.com/dubai-tour-packages/" "Mozilla/5.0 (Linux; Android 5.0) AppleWebKit/537.36 (KHTML, like Gecko) Mobile Safari/537.36 (compatible; Bytespider; [email protected])"
47.128.21.147 - - [14/Apr/2026:13:10:33 -0400] "GET /wp-content/uploads/elementor/thumbs/DUBAI-HOLIDAY-WITH-BURJ-KHALIFA-q28kafm0wwvgph2eob6me2w0x03g5fu2c7njqiymd4.jpg HTTP/1.1" 206 500 "https://www.bagpackvacation.com/dubai-tour-packages/" "Mozilla/5.0 (Linux; Android 5.0) AppleWebKit/537.36 (KHTML, like Gecko) Mobile Safari/537.36 (compatible; Bytespider; [email protected])"
47.128.21.147 - - [14/Apr/2026:13:10:34 -0400] "GET /wp-content/uploads/2023/01/bag-pack-logo-removebg-preview.png HTTP/1.1" 206 500 "https://www.bagpackvacation.com/dubai-tour-packages/" "Mozilla/5.0 (Linux; Android 5.0) AppleWebKit/537.36 (KHTML, like Gecko) Mobile Safari/537.36 (compatible; Bytespider; [email protected])"
47.128.21.147 - - [14/Apr/2026:13:10:34 -0400] "GET /wp-content/uploads/2023/02/IMG_3455.jpg HTTP/1.1" 206 500 "https://www.bagpackvacation.com/dubai-tour-packages/" "Mozilla/5.0 (Linux; Android 5.0) AppleWebKit/537.36 (KHTML, like Gecko) Mobile Safari/537.36 (compatible; Bytespider; [email protected])"
47.128.21.147 - - [14/Apr/2026:13:10:33 -0400] "GET /wp-content/uploads/2023/02/2eeb28f7-9e39-4f2a-8e78-453d0768e7bd.jpg HTTP/1.1" 206 500 "https://www.bagpackvacation.com/dubai-tour-packages/" "Mozilla/5.0 (Linux; Android 5.0) AppleWebKit/537.36 (KHTML, like Gecko) Mobile Safari/537.36 (compatible; Bytespider; [email protected])"
47.128.21.147 - - [14/Apr/2026:13:10:33 -0400] "GET /wp-content/uploads/2023/02/IMG_1671.jpg HTTP/1.1" 206 500 "https://www.bagpackvacation.com/dubai-tour-packages/" "Mozilla/5.0 (Linux; Android 5.0) AppleWebKit/537.36 (KHTML, like Gecko) Mobile Safari/537.36 (compatible; Bytespider; [email protected])"
47.128.21.147 - - [14/Apr/2026:13:10:34 -0400] "GET /wp-content/uploads/elementor/thumbs/FAMILY-SPECIAL-DUBAI-HOLIDAY-q28kd6b2uimkkj31nzug5vzfagkzlnpvps5j4kwa7s.jpg HTTP/1.1" 206 500 "https://www.bagpackvacation.com/dubai-tour-packages/" "Mozilla/5.0 (Linux; Android 5.0) AppleWebKit/537.36 (KHTML, like Gecko) Mobile Safari/537.36 (compatible; Bytespider; [email protected])"
47.128.21.147 - - [14/Apr/2026:13:10:34 -0400] "GET /wp-content/uploads/2023/01/testimonial1.png HTTP/1.1" 206 500 "https://www.bagpackvacation.com/wp-content/uploads/elementor/css/post-76.css?ver=1714710805" "Mozilla/5.0 (Linux; Android 5.0) AppleWebKit/537.36 (KHTML, like Gecko) Mobile Safari/537.36 (compatible; Bytespider; [email protected])"
47.128.21.147 - - [14/Apr/2026:13:10:34 -0400] "GET /wp-content/plugins/wpforms-lite/assets/images/submit-spin.svg HTTP/1.1" 206 500 "https://www.bagpackvacation.com/dubai-tour-packages/" "Mozilla/5.0 (Linux; Android 5.0) AppleWebKit/537.36 (KHTML, like Gecko) Mobile Safari/537.36 (compatible; Bytespider; [email protected])"
47.128.21.147 - - [14/Apr/2026:13:10:34 -0400] "GET /wp-content/uploads/elementor/thumbs/Best-Of-Dubai-With-Dubai-Theme-Parks-q28kqb3wc6lsse09z67si2oa39um5euv6sarirf9a0.jpg HTTP/1.1" 206 500 "https://www.bagpackvacation.com/dubai-tour-packages/" "Mozilla/5.0 (Linux; Android 5.0) AppleWebKit/537.36 (KHTML, like Gecko) Mobile Safari/537.36 (compatible; Bytespider; [email protected])"
47.128.21.147 - - [14/Apr/2026:13:10:34 -0400] "GET /wp-content/uploads/elementor/thumbs/Best-Of-Dubai-With-Museum-Of-Future-q28kv4279p6k4n11x8z58v13e665hpxh6kc3toath4.jpg HTTP/1.1" 206 500 "https://www.bagpackvacation.com/dubai-tour-packages/" "Mozilla/5.0 (Linux; Android 5.0) AppleWebKit/537.36 (KHTML, like Gecko) Mobile Safari/537.36 (compatible; Bytespider; [email protected])"
47.128.21.147 - - [14/Apr/2026:13:10:35 -0400] "GET /wp-content/uploads/2023/02/IMG_3247.jpg HTTP/1.1" 304 0 "https://www.bagpackvacation.com/dubai-tour-packages/" "Mozilla/5.0 (Linux; Android 5.0) AppleWebKit/537.36 (KHTML, like Gecko) Mobile Safari/537.36 (compatible; Bytespider; [email protected])"
47.128.21.147 - - [14/Apr/2026:13:10:36 -0400] "GET /wp-content/uploads/2023/02/IMG_3247.jpg HTTP/1.1" 206 250592 "https://www.bagpackvacation.com/dubai-tour-packages/" "Mozilla/5.0 (Linux; Android 5.0) AppleWebKit/537.36 (KHTML, like Gecko) Mobile Safari/537.36 (compatible; Bytespider; [email protected])"
47.128.21.147 - - [14/Apr/2026:13:10:36 -0400] "GET /wp-content/plugins/wpforms-lite/assets/images/submit-spin.svg HTTP/1.1" 304 0 "https://www.bagpackvacation.com/dubai-tour-packages/" "Mozilla/5.0 (Linux; Android 5.0) AppleWebKit/537.36 (KHTML, like Gecko) Mobile Safari/537.36 (compatible; Bytespider; [email protected])"
47.128.21.147 - - [14/Apr/2026:13:10:36 -0400] "GET /wp-content/uploads/2023/02/IMG_1670.jpg HTTP/1.1" 206 156294 "https://www.bagpackvacation.com/dubai-tour-packages/" "Mozilla/5.0 (Linux; Android 5.0) AppleWebKit/537.36 (KHTML, like Gecko) Mobile Safari/537.36 (compatible; Bytespider; [email protected])"
47.128.21.147 - - [14/Apr/2026:13:10:36 -0400] "GET /wp-content/uploads/2023/02/IMG_3455.jpg HTTP/1.1" 206 449064 "https://www.bagpackvacation.com/dubai-tour-packages/" "Mozilla/5.0 (Linux; Android 5.0) AppleWebKit/537.36 (KHTML, like Gecko) Mobile Safari/537.36 (compatible; Bytespider; [email protected])"
193.5.232.233 - - [14/Apr/2026:13:13:16 -0400] "POST /xmlrpc.php HTTP/1.1" 301 795 "-" "Mozilla/5.0 (Windows NT 6.3; x86) AppleWebKit/537.36 (KHTML, like Gecko) Firefox/78.0.0.0 Safari/537.36"
162.213.253.84 - - [14/Apr/2026:13:13:18 -0400] "POST /wp-cron.php?doing_wp_cron=1776186798.6777520179748535156250 HTTP/1.1" 200 0 "-" "WordPress/6.9.4; https://www.bagpackvacation.com"
47.128.21.147 - - [14/Apr/2026:13:10:34 -0400] "GET /wp-content/uploads/2023/01/329121185_134645059271104_5335338565911867663_n-768x960.jpg HTTP/1.1" 206 500 "https://www.bagpackvacation.com/dubai-tour-packages/" "Mozilla/5.0 (Linux; Android 5.0) AppleWebKit/537.36 (KHTML, like Gecko) Mobile Safari/537.36 (compatible; Bytespider; [email protected])"
47.128.21.147 - - [14/Apr/2026:13:10:34 -0400] "GET /wp-content/uploads/2023/01/shape8.png HTTP/1.1" 206 500 "https://www.bagpackvacation.com/wp-content/uploads/elementor/css/post-76.css?ver=1714710805" "Mozilla/5.0 (Linux; Android 5.0) AppleWebKit/537.36 (KHTML, like Gecko) Mobile Safari/537.36 (compatible; Bytespider; [email protected])"
47.128.21.147 - - [14/Apr/2026:13:10:34 -0400] "GET /wp-content/uploads/elementor/thumbs/DUBAI-SUPER-SAVER-HOLIDAY-q28kgwpzztqkornsv3y3kg2c8k6h6djhw9fyr5czi0.jpg HTTP/1.1" 206 500 "https://www.bagpackvacation.com/dubai-tour-packages/" "Mozilla/5.0 (Linux; Android 5.0) AppleWebKit/537.36 (KHTML, like Gecko) Mobile Safari/537.36 (compatible; Bytespider; [email protected])"
47.128.21.147 - - [14/Apr/2026:13:10:35 -0400] "GET /wp-content/uploads/elementor/thumbs/Best-Of-Dubai-With-Abu-Dhabi-With-Ferrari-World-q28ks9lskraaz55vjiot72vun6756pmqgh86iiiqbc.jpg HTTP/1.1" 206 500 "https://www.bagpackvacation.com/dubai-tour-packages/" "Mozilla/5.0 (Linux; Android 5.0) AppleWebKit/537.36 (KHTML, like Gecko) Mobile Safari/537.36 (compatible; Bytespider; [email protected])"
47.128.21.147 - - [14/Apr/2026:13:10:35 -0400] "GET /wp-content/uploads/2023/02/IMG_1670.jpg HTTP/1.1" 304 0 "https://www.bagpackvacation.com/dubai-tour-packages/" "Mozilla/5.0 (Linux; Android 5.0) AppleWebKit/537.36 (KHTML, like Gecko) Mobile Safari/537.36 (compatible; Bytespider; [email protected])"
47.128.21.147 - - [14/Apr/2026:13:10:35 -0400] "GET /wp-content/uploads/2023/02/IMG_3455.jpg HTTP/1.1" 304 0 "https://www.bagpackvacation.com/dubai-tour-packages/" "Mozilla/5.0 (Linux; Android 5.0) AppleWebKit/537.36 (KHTML, like Gecko) Mobile Safari/537.36 (compatible; Bytespider; [email protected])"
47.128.21.147 - - [14/Apr/2026:13:10:35 -0400] "GET /wp-content/uploads/elementor/thumbs/Best-Of-Dubai-With-Atlantis-The-Palm-And-Lapita-Resort-q28kxb0n7s6n7vud473t2b3tajczgamxhf4w4x1qyg.jpg HTTP/1.1" 206 500 "https://www.bagpackvacation.com/dubai-tour-packages/" "Mozilla/5.0 (Linux; Android 5.0) AppleWebKit/537.36 (KHTML, like Gecko) Mobile Safari/537.36 (compatible; Bytespider; [email protected])"
47.128.21.147 - - [14/Apr/2026:13:10:35 -0400] "GET /wp-content/uploads/2023/02/IMG_1671.jpg HTTP/1.1" 304 0 "https://www.bagpackvacation.com/dubai-tour-packages/" "Mozilla/5.0 (Linux; Android 5.0) AppleWebKit/537.36 (KHTML, like Gecko) Mobile Safari/537.36 (compatible; Bytespider; [email protected])"
47.128.21.147 - - [14/Apr/2026:13:10:36 -0400] "GET /wp-content/uploads/2023/02/IMG_1671.jpg HTTP/1.1" 206 159727 "https://www.bagpackvacation.com/dubai-tour-packages/" "Mozilla/5.0 (Linux; Android 5.0) AppleWebKit/537.36 (KHTML, like Gecko) Mobile Safari/537.36 (compatible; Bytespider; [email protected])"
47.128.21.147 - - [14/Apr/2026:13:10:38 -0400] "GET /wp-content/plugins/wpforms-lite/assets/images/submit-spin.svg HTTP/1.1" 206 9 "https://www.bagpackvacation.com/dubai-tour-packages/" "Mozilla/5.0 (Linux; Android 5.0) AppleWebKit/537.36 (KHTML, like Gecko) Mobile Safari/537.36 (compatible; Bytespider; [email protected])"
193.5.232.233 - - [14/Apr/2026:13:13:17 -0400] "GET /xmlrpc.php HTTP/1.1" 405 42 "-" "Mozilla/5.0 (Windows NT 6.3; x86) AppleWebKit/537.36 (KHTML, like Gecko) Firefox/78.0.0.0 Safari/537.36"
162.213.253.84 - - [14/Apr/2026:13:13:19 -0400] "POST /wp-admin/admin-ajax.php?action=async_litespeed&nonce=tWhTRoctIjk7dszjxVOIq8c0zgz8CdnY&litespeed_type=imgoptm HTTP/1.1" 200 0 "-" "WordPress/6.9.4; https://www.bagpackvacation.com"
50.116.84.77 - - [14/Apr/2026:13:20:51 -0400] "GET /wp-login.php HTTP/1.1" 301 795 "-" "Mozilla/4.0 (compatible; MSIE 7.0; Windows NT 6.1; Trident/7.0; SLCC2; .NET CLR 2.0.50727; .NET CLR 3.5.30729; .NET CLR 3.0.30729; Media Center PC 6.0; Tablet PC 2.0; .NET4.0C; .NET4.0E; EIE10;ENUSWOL)"
46.101.9.216 - - [14/Apr/2026:13:28:00 -0400] "GET /singapore-tour-packages/ HTTP/1.1" 200 28874 "-" "Mozilla/5.0 (Windows NT 10.0; Win64; x64) AppleWebKit/537.36 (KHTML, like Gecko) Chrome/124.0.0.0 Safari/537.36"
46.101.9.216 - - [14/Apr/2026:13:28:01 -0400] "GET /malaysia-tour-packages/ HTTP/1.1" 200 28976 "-" "Mozilla/5.0 (Windows NT 10.0; Win64; x64) AppleWebKit/537.36 (KHTML, like Gecko) Chrome/124.0.0.0 Safari/537.36"
44.209.43.227 - - [14/Apr/2026:13:28:54 -0400] "GET / HTTP/1.1" 200 40197 "-" "Mozilla/5.0 (Macintosh; Intel Mac OS X 10_15_7) AppleWebKit/537.36 (KHTML, like Gecko) Chrome/136.0.0.0 Safari/537.36"
50.116.84.77 - - [14/Apr/2026:13:20:52 -0400] "GET /wp-login.php HTTP/1.1" 200 1795 "https://bagpackvacation.com/wp-login.php" "Mozilla/4.0 (compatible; MSIE 7.0; Windows NT 6.1; Trident/7.0; SLCC2; .NET CLR 2.0.50727; .NET CLR 3.5.30729; .NET CLR 3.0.30729; Media Center PC 6.0; Tablet PC 2.0; .NET4.0C; .NET4.0E; EIE10;ENUSWOL)"
50.116.84.77 - - [14/Apr/2026:13:20:52 -0400] "POST /wp-login.php HTTP/1.1" 301 795 "https://bagpackvacation.com/wp-login.php" "Mozilla/4.0 (compatible; MSIE 7.0; Windows NT 6.1; Trident/7.0; SLCC2; .NET CLR 2.0.50727; .NET CLR 3.5.30729; .NET CLR 3.0.30729; Media Center PC 6.0; Tablet PC 2.0; .NET4.0C; .NET4.0E; EIE10;ENUSWOL)"
50.116.84.77 - - [14/Apr/2026:13:20:52 -0400] "GET /wp-login.php HTTP/1.1" 200 1795 "https://bagpackvacation.com/wp-login.php" "Mozilla/4.0 (compatible; MSIE 7.0; Windows NT 6.1; Trident/7.0; SLCC2; .NET CLR 2.0.50727; .NET CLR 3.5.30729; .NET CLR 3.0.30729; Media Center PC 6.0; Tablet PC 2.0; .NET4.0C; .NET4.0E; EIE10;ENUSWOL)"
46.101.9.216 - - [14/Apr/2026:13:27:55 -0400] "GET / HTTP/1.1" 200 40197 "-" "Mozilla/5.0 (Windows NT 10.0; Win64; x64) AppleWebKit/537.36 (KHTML, like Gecko) Chrome/124.0.0.0 Safari/537.36"
46.101.9.216 - - [14/Apr/2026:13:27:56 -0400] "GET /thailand-tour-packages/ HTTP/1.1" 200 28894 "-" "Mozilla/5.0 (Windows NT 10.0; Win64; x64) AppleWebKit/537.36 (KHTML, like Gecko) Chrome/124.0.0.0 Safari/537.36"
46.101.9.216 - - [14/Apr/2026:13:27:57 -0400] "GET /dubai-tour-packages/ HTTP/1.1" 200 28078 "-" "Mozilla/5.0 (Windows NT 10.0; Win64; x64) AppleWebKit/537.36 (KHTML, like Gecko) Chrome/124.0.0.0 Safari/537.36"
46.101.9.216 - - [14/Apr/2026:13:27:58 -0400] "GET /sri-lanka-tour-packages/ HTTP/1.1" 200 27347 "-" "Mozilla/5.0 (Windows NT 10.0; Win64; x64) AppleWebKit/537.36 (KHTML, like Gecko) Chrome/124.0.0.0 Safari/537.36"
46.101.9.216 - - [14/Apr/2026:13:27:59 -0400] "GET /bali-tour-packages/ HTTP/1.1" 200 27315 "-" "Mozilla/5.0 (Windows NT 10.0; Win64; x64) AppleWebKit/537.36 (KHTML, like Gecko) Chrome/124.0.0.0 Safari/537.36"
114.119.141.42 - - [14/Apr/2026:13:31:56 -0400] "GET /robots.txt HTTP/1.1" 200 129 "-" "Mozilla/5.0 (compatible;PetalBot;+https://webmaster.petalsearch.com/site/petalbot)"
162.213.253.84 - - [14/Apr/2026:13:40:17 -0400] "POST /wp-admin/admin-ajax.php?action=async_litespeed&nonce=vYF78g6vYqQHgMSPvlURvzuKP3ap9wt9&litespeed_type=imgoptm HTTP/1.1" 200 0 "-" "WordPress/6.9.4; https://www.bagpackvacation.com"
51.75.159.12 - - [14/Apr/2026:13:45:59 -0400] "GET /wp-json/wp/v3/ HTTP/1.1" 301 795 "-" "Mozilla/5.0 (Windows NT 10.0; Win64; x64) AppleWebKit/537.36 (KHTML, like Gecko) Chrome/127.0.0.0 Safari/537.36"
51.68.107.146 - - [14/Apr/2026:13:47:01 -0400] "GET /robots.txt HTTP/1.1" 301 795 "-" "Mozilla/5.0 (compatible; MJ12bot/v2.0.5; http://mj12bot.com/)"
51.68.107.146 - - [14/Apr/2026:13:47:02 -0400] "GET /robots.txt HTTP/1.1" 200 108 "-" "Mozilla/5.0 (compatible; MJ12bot/v2.0.5; http://mj12bot.com/)"
51.68.107.146 - - [14/Apr/2026:13:47:02 -0400] "GET / HTTP/1.1" 200 34035 "-" "Mozilla/5.0 (compatible; MJ12bot/v2.0.5; http://mj12bot.com/)"
51.75.159.12 - - [14/Apr/2026:13:49:20 -0400] "GET /ss.php?c_c HTTP/1.1" 404 103051 "-" "Mozilla/5.0 (Windows NT 10.0; Win64; x64) AppleWebKit/537.36 (KHTML, like Gecko) Chrome/127.0.0.0 Safari/537.36"
162.213.253.84 - - [14/Apr/2026:13:49:23 -0400] "POST /wp-admin/admin-ajax.php?action=async_litespeed&nonce=opkL51wCWgCwUTEHVeiBHRASFolC7bta&litespeed_type=imgoptm HTTP/1.1" 200 21 "-" "WordPress/6.9.4; https://www.bagpackvacation.com"
51.75.159.12 - - [14/Apr/2026:13:46:02 -0400] "GET /wp-json/wp/v3/ HTTP/1.1" 404 114 "-" "Mozilla/5.0 (Windows NT 10.0; Win64; x64) AppleWebKit/537.36 (KHTML, like Gecko) Chrome/127.0.0.0 Safari/537.36"
51.68.107.146 - - [14/Apr/2026:13:47:02 -0400] "GET / HTTP/1.1" 301 795 "-" "Mozilla/5.0 (compatible; MJ12bot/v2.0.5; http://mj12bot.com/)"
51.75.159.12 - - [14/Apr/2026:13:49:20 -0400] "GET /ss.php?c_c HTTP/1.1" 301 795 "-" "Mozilla/5.0 (Windows NT 10.0; Win64; x64) AppleWebKit/537.36 (KHTML, like Gecko) Chrome/127.0.0.0 Safari/537.36"
162.213.253.84 - - [14/Apr/2026:13:49:22 -0400] "POST /wp-cron.php?doing_wp_cron=1776188962.3253729343414306640625 HTTP/1.1" 200 0 "-" "WordPress/6.9.4; https://www.bagpackvacation.com"
31.13.115.5 - - [14/Apr/2026:13:51:08 -0400] "GET / HTTP/1.1" 200 254371 "-" "facebookexternalhit/1.1 (+http://www.facebook.com/externalhit_uatext.php)"
136.144.43.103 - - [14/Apr/2026:13:51:30 -0400] "GET /wp-login.php HTTP/1.1" 301 795 "-" "Mozilla/5.0"
51.75.159.12 - - [14/Apr/2026:13:52:34 -0400] "GET /wp-content/plugins/fancy-elementor-gallery-box/assets/js/fancy-elementor-flipbox.js HTTP/1.1" 301 795 "-" "Mozilla/5.0 (Windows NT 10.0; Win64; x64) AppleWebKit/537.36 (KHTML, like Gecko) Chrome/127.0.0.0 Safari/537.36"
162.213.253.84 - - [14/Apr/2026:13:52:39 -0400] "POST /wp-cron.php?doing_wp_cron=1776189159.2282121181488037109375 HTTP/1.1" 200 0 "-" "WordPress/6.9.4; https://www.bagpackvacation.com"
162.213.253.84 - - [14/Apr/2026:13:52:40 -0400] "POST /wp-admin/admin-ajax.php?action=async_litespeed&nonce=otG2CE5IVe2dAE0QcuJcyXi0vtFJJkkT&litespeed_type=imgoptm HTTP/1.1" 200 21 "-" "WordPress/6.9.4; https://www.bagpackvacation.com"
198.199.86.27 - - [14/Apr/2026:13:53:37 -0400] "GET /.git/config HTTP/1.1" 403 1242 "-" "Mozilla/5.0 (X11; Linux x86_64) AppleWebKit/537.36 (KHTML, like Gecko) Chrome/81.0.4044.129 Safari/537.36"
44.244.18.86 - - [14/Apr/2026:13:55:47 -0400] "GET / HTTP/1.1" 200 40197 "-" "Mozilla/4.0 (compatible; MSIE 6.0; Windows NT 5.1; FSL 7.0.6.01001)"
162.213.253.84 - - [14/Apr/2026:13:57:50 -0400] "POST /wp-cron.php?doing_wp_cron=1776189470.9361159801483154296875 HTTP/1.1" 200 0 "-" "WordPress/6.9.4; https://www.bagpackvacation.com"
91.246.177.17 - - [14/Apr/2026:13:57:49 -0400] "POST /wp-admin/admin-ajax.php HTTP/1.1" 200 17 "https://www.bagpackvacation.com/contact-us/" "Mozilla/5.0 (X11; Linux i686; rv:114.0) Gecko/20100101 Firefox/114.0"
103.255.134.61 - - [14/Apr/2026:14:02:16 -0400] "GET /wp-login.php HTTP/1.1" 301 795 "-" "Mozilla/5.0 (Windows NT 6.1; WOW64; Trident/7.0; MASN; rv:11.0) like Gecko"
103.255.134.61 - - [14/Apr/2026:14:02:18 -0400] "GET /wp-login.php HTTP/1.1" 200 1795 "https://bagpackvacation.com/wp-login.php" "Mozilla/5.0 (Windows NT 6.1; WOW64; Trident/7.0; MASN; rv:11.0) like Gecko"
103.255.134.61 - - [14/Apr/2026:14:02:21 -0400] "GET /wp-login.php HTTP/1.1" 200 1795 "https://bagpackvacation.com/wp-login.php" "Mozilla/5.0 (Windows NT 6.1; WOW64; Trident/7.0; MASN; rv:11.0) like Gecko"
162.213.253.84 - - [14/Apr/2026:13:51:08 -0400] "POST /wp-admin/admin-ajax.php?action=async_litespeed&nonce=ckwxFuflBmLdYbwfmbSjw9LtfAq8Kixg&litespeed_type=imgoptm HTTP/1.1" 200 0 "-" "WordPress/6.9.4; https://www.bagpackvacation.com"
136.144.43.103 - - [14/Apr/2026:13:51:30 -0400] "GET /wp-admin/ HTTP/1.1" 301 795 "-" "Mozilla/5.0"
51.75.159.12 - - [14/Apr/2026:13:52:37 -0400] "GET /wp-content/plugins/fancy-elementor-gallery-box/assets/js/fancy-elementor-flipbox.js HTTP/1.1" 404 103197 "-" "Mozilla/5.0 (Windows NT 10.0; Win64; x64) AppleWebKit/537.36 (KHTML, like Gecko) Chrome/127.0.0.0 Safari/537.36"
35.88.15.134 - - [14/Apr/2026:13:56:18 -0400] "GET / HTTP/1.1" 200 40197 "-" "Mozilla/4.0 (compatible; MSIE 6.0; Windows NT 5.1; FSL 7.0.6.01001)"
91.246.177.17 - - [14/Apr/2026:13:57:46 -0400] "GET /contact-us/ HTTP/1.1" 301 795 "-" "Mozilla/5.0 (X11; Linux i686; rv:114.0) Gecko/20100101 Firefox/114.0"
91.246.177.12 - - [14/Apr/2026:13:57:48 -0400] "GET /contact-us/ HTTP/1.1" 200 22398 "https://bagpackvacation.com/contact-us/" "Mozilla/5.0 (X11; Linux i686; rv:114.0) Gecko/20100101 Firefox/114.0"
162.213.253.84 - - [14/Apr/2026:13:57:52 -0400] "POST /wp-admin/admin-ajax.php?action=async_litespeed&nonce=XEJK0xHOVw9nTNWtv4zmJ35AlwJvI5aq&litespeed_type=imgoptm HTTP/1.1" 200 0 "-" "WordPress/6.9.4; https://www.bagpackvacation.com"
103.255.134.61 - - [14/Apr/2026:14:02:19 -0400] "POST /wp-login.php HTTP/1.1" 301 795 "https://bagpackvacation.com/wp-login.php" "Mozilla/5.0 (Windows NT 6.1; WOW64; Trident/7.0; MASN; rv:11.0) like Gecko"
40.77.167.136 - - [14/Apr/2026:14:07:46 -0400] "GET /romantic-sikkim-delight-with-gangtok-darjeeling-pelling HTTP/1.1" 301 0 "-" "Mozilla/5.0 AppleWebKit/537.36 (KHTML, like Gecko; compatible; bingbot/2.0; +http://www.bing.com/bingbot.htm) Chrome/116.0.1938.76 Safari/537.36"
40.77.167.136 - - [14/Apr/2026:14:07:47 -0400] "GET /romantic-sikkim-delight-with-gangtok-darjeeling-pelling/ HTTP/1.1" 200 25437 "-" "Mozilla/5.0 AppleWebKit/537.36 (KHTML, like Gecko; compatible; bingbot/2.0; +http://www.bing.com/bingbot.htm) Chrome/116.0.1938.76 Safari/537.36"
203.201.164.142 - - [14/Apr/2026:14:08:21 -0400] "GET /wp-login.php HTTP/1.1" 301 795 "-" "Mozilla/5.0 (Windows NT 6.1; Trident/7.0; yie11; rv:11.0) like Gecko"
37.27.51.131 - - [14/Apr/2026:14:08:22 -0400] "GET /robots.txt HTTP/1.1" 200 129 "-" "Mozilla/5.0 (compatible; SERankingBacklinksBot/1.0; +https://seranking.com/backlinks-crawler)"
203.201.164.142 - - [14/Apr/2026:14:08:23 -0400] "POST /wp-login.php HTTP/1.1" 301 795 "https://bagpackvacation.com/wp-login.php" "Mozilla/5.0 (Windows NT 6.1; Trident/7.0; yie11; rv:11.0) like Gecko"
37.27.51.131 - - [14/Apr/2026:14:08:24 -0400] "GET /robots.txt HTTP/1.1" 200 129 "-" "Mozilla/5.0 (compatible; SERankingBacklinksBot/1.0; +https://seranking.com/backlinks-crawler)"
69.163.186.214 - - [14/Apr/2026:14:14:47 -0400] "POST /wp-login.php HTTP/1.1" 301 795 "https://bagpackvacation.com/wp-login.php" "Mozilla/5.0 (Windows NT 6.1; WOW64; Trident/7.0; MANM; MANM; rv:11.0) like Gecko"
69.163.186.214 - - [14/Apr/2026:14:14:47 -0400] "GET /wp-login.php HTTP/1.1" 200 1795 "https://bagpackvacation.com/wp-login.php" "Mozilla/5.0 (Windows NT 6.1; WOW64; Trident/7.0; MANM; MANM; rv:11.0) like Gecko"
184.105.10.64 - - [14/Apr/2026:14:15:48 -0400] "GET / HTTP/1.1" 200 34035 "-" "Mozilla/5.0 (compatible; MixrankBot; [email protected])"
123.20.170.10 - - [14/Apr/2026:14:20:04 -0400] "GET /3-night-4-days-malaysia-weekend-getaway/ HTTP/1.1" 200 29154 "-" "Mozilla/5.0 (Macintosh; Intel Mac OS X 10_14_6) AppleWebKit/537.36 (KHTML, like Gecko) Chrome/76.0.3809.100 Safari/537.36"
69.49.112.73 - - [14/Apr/2026:14:20:51 -0400] "GET /wp-login.php HTTP/1.1" 200 1795 "https://bagpackvacation.com/wp-login.php" "Mozilla/5.0 (Windows NT 6.0; Win64; x64) AppleWebKit/537.36 (KHTML, like Gecko) Chrome/58.0.3029.110 Safari/537.36 Edge/16.16299"
52.167.144.25 - - [14/Apr/2026:14:07:30 -0400] "GET /romantic-sikkim-delight-with-gangtok-darjeeling-pelling HTTP/1.1" 301 795 "-" "Mozilla/5.0 AppleWebKit/537.36 (KHTML, like Gecko; compatible; bingbot/2.0; +http://www.bing.com/bingbot.htm) Chrome/116.0.1938.76 Safari/537.36"
203.201.164.142 - - [14/Apr/2026:14:08:22 -0400] "GET /wp-login.php HTTP/1.1" 200 1795 "https://bagpackvacation.com/wp-login.php" "Mozilla/5.0 (Windows NT 6.1; Trident/7.0; yie11; rv:11.0) like Gecko"
203.201.164.142 - - [14/Apr/2026:14:08:24 -0400] "GET /wp-login.php HTTP/1.1" 200 1795 "https://bagpackvacation.com/wp-login.php" "Mozilla/5.0 (Windows NT 6.1; Trident/7.0; yie11; rv:11.0) like Gecko"
162.213.253.84 - - [14/Apr/2026:14:08:26 -0400] "POST /wp-cron.php?doing_wp_cron=1776190106.7014009952545166015625 HTTP/1.1" 200 0 "-" "WordPress/6.9.4; https://www.bagpackvacation.com"
37.27.51.131 - - [14/Apr/2026:14:08:25 -0400] "GET /tour/splendid-srinagar HTTP/1.1" 404 21147 "-" "Mozilla/5.0 (compatible; SERankingBacklinksBot/1.0; +https://seranking.com/backlinks-crawler)"
69.163.186.214 - - [14/Apr/2026:14:14:46 -0400] "GET /wp-login.php HTTP/1.1" 301 795 "-" "Mozilla/5.0 (Windows NT 6.1; WOW64; Trident/7.0; MANM; MANM; rv:11.0) like Gecko"
69.163.186.214 - - [14/Apr/2026:14:14:47 -0400] "GET /wp-login.php HTTP/1.1" 200 1795 "https://bagpackvacation.com/wp-login.php" "Mozilla/5.0 (Windows NT 6.1; WOW64; Trident/7.0; MANM; MANM; rv:11.0) like Gecko"
69.49.112.73 - - [14/Apr/2026:14:20:49 -0400] "GET /wp-login.php HTTP/1.1" 301 795 "-" "Mozilla/5.0 (Windows NT 6.0; Win64; x64) AppleWebKit/537.36 (KHTML, like Gecko) Chrome/58.0.3029.110 Safari/537.36 Edge/16.16299"
69.49.112.73 - - [14/Apr/2026:14:20:49 -0400] "GET /wp-login.php HTTP/1.1" 200 1795 "https://bagpackvacation.com/wp-login.php" "Mozilla/5.0 (Windows NT 6.0; Win64; x64) AppleWebKit/537.36 (KHTML, like Gecko) Chrome/58.0.3029.110 Safari/537.36 Edge/16.16299"
69.49.112.73 - - [14/Apr/2026:14:20:50 -0400] "POST /wp-login.php HTTP/1.1" 301 795 "https://bagpackvacation.com/wp-login.php" "Mozilla/5.0 (Windows NT 6.0; Win64; x64) AppleWebKit/537.36 (KHTML, like Gecko) Chrome/58.0.3029.110 Safari/537.36 Edge/16.16299"
123.25.203.224 - - [14/Apr/2026:14:27:55 -0400] "GET /4-night-5-days-singapore-honeymoon-special-2/ HTTP/1.1" 200 30988 "-" "Mozilla/5.0 (Windows NT 5.1) AppleWebKit/537.36 (KHTML, like Gecko) Chrome/35.0.2117.157 Safari/537.36"
207.180.11.100 - - [14/Apr/2026:14:43:03 -0400] "GET /wp-json/oembed/1.0/embed?format=xml&url=https%3A%2F%2Fwww.bagpackvacation.com%2Fromantic-kashmir-4-night-5-days%2F HTTP/1.1" 200 1189 "-" "Mozilla/5.0 (Macintosh; Intel Mac OS X 10_15_7) AppleWebKit/537.36 (KHTML, like Gecko) Chrome/135.0.0.0 Safari/537.36"
43.153.46.64 - - [14/Apr/2026:14:49:20 -0400] "POST /xmlrpc.php HTTP/1.1" 301 795 "-" "Mozilla/5.0 (Macintosh; Intel Mac OS X 10_15_7) AppleWebKit/537.36 (KHTML, like Gecko) Chrome/135.0.0.0 Safari/537.36"
43.153.46.64 - - [14/Apr/2026:14:49:21 -0400] "GET /wp-login.php HTTP/1.1" 301 795 "-" "Mozilla/5.0 (Macintosh; Intel Mac OS X 10_15_7) AppleWebKit/537.36 (KHTML, like Gecko) Chrome/135.0.0.0 Safari/537.36"
102.129.81.179 - - [14/Apr/2026:14:57:25 -0400] "GET /3-night-4-days-thailand-pattaya-weekend-getaway/ HTTP/1.1" 200 28977 "-" "Mozilla/5.0 (Windows NT 6.3) AppleWebKit/537.36 (KHTML, like Gecko) Chrome/94.0.4606.61 Safari/537.36"
74.7.241.7 - - [14/Apr/2026:15:08:28 -0400] "GET / HTTP/1.1" 301 795 "https://goooogla.com" "Mozilla/5.0 AppleWebKit/537.36 (KHTML, like Gecko; compatible; GPTBot/1.3; +https://openai.com/gptbot)"
103.124.93.101 - - [14/Apr/2026:15:10:44 -0400] "GET /wp-login.php HTTP/1.1" 301 795 "-" "Mozilla/5.0 (Windows NT 10.0; WOW64; Trident/7.0; EIE10;ENUSMSN; rv:11.0) like Gecko"
74.7.175.169 - - [14/Apr/2026:15:07:39 -0400] "GET /robots.txt HTTP/1.1" 301 795 "-" "Mozilla/5.0 (Macintosh; Intel Mac OS X 10_15_7) AppleWebKit/537.36 (KHTML, like Gecko) Chrome/131.0.0.0 Safari/537.36; compatible; OAI-SearchBot/1.3; robots.txt; +https://openai.com/searchbot"
74.7.175.169 - - [14/Apr/2026:15:07:39 -0400] "GET /robots.txt HTTP/1.1" 200 108 "https://bagpackvacation.com/robots.txt" "Mozilla/5.0 (Macintosh; Intel Mac OS X 10_15_7) AppleWebKit/537.36 (KHTML, like Gecko) Chrome/131.0.0.0 Safari/537.36; compatible; OAI-SearchBot/1.3; robots.txt; +https://openai.com/searchbot"
162.213.253.84 - - [14/Apr/2026:15:17:47 -0400] "POST /wp-cron.php?doing_wp_cron=1776194267.6357750892639160156250 HTTP/1.1" 200 0 "-" "WordPress/6.9.4; https://www.bagpackvacation.com"
162.213.253.84 - - [14/Apr/2026:15:17:48 -0400] "POST /wp-admin/admin-ajax.php?action=async_litespeed&nonce=myfZmTpRlPMxb03jps9VY0agSZh5O8Pz&litespeed_type=imgoptm HTTP/1.1" 200 0 "-" "WordPress/6.9.4; https://www.bagpackvacation.com"
113.165.98.27 - - [14/Apr/2026:15:24:25 -0400] "GET /5-night-6-days-spectacular-mauritius-with-casela-bird-park/ HTTP/1.1" 200 30902 "-" "Mozilla/5.0 (Macintosh; Intel Mac OS X 10_13_6) AppleWebKit/537.36 (KHTML, like Gecko) Chrome/95.0.4638.69 Safari/537.36"
85.10.204.138 - - [14/Apr/2026:15:28:51 -0400] "GET /wp-login.php HTTP/1.1" 301 795 "-" "Mozilla/5.0 (Windows NT 6.1; WOW64; Trident/7.0; ASJB; ASJB; MAAU; rv:11.0) like Gecko"
37.212.84.20 - - [14/Apr/2026:15:16:50 -0400] "GET /4-night-5-days-best-of-bali-package/ HTTP/1.1" 200 30021 "-" "Mozilla/5.0 (Macintosh; Intel Mac OS X 10_15_6) AppleWebKit/537.36 (KHTML, like Gecko) Brave Chrome/88.0.4324.152 Safari/537.36"
144.31.35.205 - - [14/Apr/2026:15:17:45 -0400] "GET /wp-json/oembed/1.0/embed?url=https%3A%2F%2Fwww.bagpackvacation.com%2F4-night-5-days-best-holiday-package-for-bangkok-pattaya%2F HTTP/1.1" 200 2573 "-" "Mozilla/5.0 (Macintosh; Intel Mac OS X 10_15_7) AppleWebKit/537.36 (KHTML, like Gecko) Chrome/135.0.0.0 Safari/537.36"
14.191.112.244 - - [14/Apr/2026:15:26:51 -0400] "GET /malaysia-tour-packages/ HTTP/1.1" 200 28976 "-" "Mozilla/5.0 (Macintosh; Intel Mac OS X 15.1; rv:134.0) Gecko/20100101 Firefox/134.0"
20.219.91.18 - - [14/Apr/2026:15:54:56 -0400] "GET /wp-login.php HTTP/1.1" 301 795 "-" "Mozilla/5.0 (Windows NT 6.2; Win64; x64) AppleWebKit/537.36 (KHTML, like Gecko) Chrome/58.0.3029.110 Safari/537.36 Edge/16.16299"
20.219.91.18 - - [14/Apr/2026:15:55:00 -0400] "GET /wp-login.php HTTP/1.1" 200 1795 "https://bagpackvacation.com/wp-login.php" "Mozilla/5.0 (Windows NT 6.2; Win64; x64) AppleWebKit/537.36 (KHTML, like Gecko) Chrome/58.0.3029.110 Safari/537.36 Edge/16.16299"
3.211.105.134 - - [14/Apr/2026:15:55:27 -0400] "GET /3-night-4-days-spectacular-maldives-tour-package/ HTTP/1.1" 200 27723 "-" "Mozilla/5.0 AppleWebKit/537.36 (KHTML, like Gecko; compatible; Amazonbot/0.1; +https://developer.amazon.com/support/amazonbot) Chrome/119.0.6045.214 Safari/537.36"
52.71.216.196 - - [14/Apr/2026:15:55:31 -0400] "GET /4-nights-05-days-best-holiday-package-for-malaysia/ HTTP/1.1" 200 29422 "-" "Mozilla/5.0 AppleWebKit/537.36 (KHTML, like Gecko; compatible; Amazonbot/0.1; +https://developer.amazon.com/support/amazonbot) Chrome/119.0.6045.214 Safari/537.36"
184.73.35.182 - - [14/Apr/2026:15:55:35 -0400] "GET /4-nights-05-days-idyllic-malaysia-tour-package/ HTTP/1.1" 200 29924 "-" "Mozilla/5.0 AppleWebKit/537.36 (KHTML, like Gecko; compatible; Amazonbot/0.1; +https://developer.amazon.com/support/amazonbot) Chrome/119.0.6045.214 Safari/537.36"
54.197.114.76 - - [14/Apr/2026:15:55:39 -0400] "GET /sri-lanka-tour-packages/ HTTP/1.1" 200 27347 "-" "Mozilla/5.0 AppleWebKit/537.36 (KHTML, like Gecko; compatible; Amazonbot/0.1; +https://developer.amazon.com/support/amazonbot) Chrome/119.0.6045.214 Safari/537.36"
66.249.79.229 - - [14/Apr/2026:15:53:08 -0400] "GET /robots.txt HTTP/1.1" 200 108 "-" "Mozilla/5.0 (compatible; Googlebot/2.1; +http://www.google.com/bot.html)"
20.219.91.18 - - [14/Apr/2026:15:54:58 -0400] "GET /wp-login.php HTTP/1.1" 200 1795 "https://bagpackvacation.com/wp-login.php" "Mozilla/5.0 (Windows NT 6.2; Win64; x64) AppleWebKit/537.36 (KHTML, like Gecko) Chrome/58.0.3029.110 Safari/537.36 Edge/16.16299"
20.219.91.18 - - [14/Apr/2026:15:54:59 -0400] "POST /wp-login.php HTTP/1.1" 301 795 "https://bagpackvacation.com/wp-login.php" "Mozilla/5.0 (Windows NT 6.2; Win64; x64) AppleWebKit/537.36 (KHTML, like Gecko) Chrome/58.0.3029.110 Safari/537.36 Edge/16.16299"
111.225.148.40 - - [14/Apr/2026:15:59:51 -0400] "GET /robots.txt HTTP/1.1" 200 129 "-" "Mozilla/5.0 (Linux; Android 5.0) AppleWebKit/537.36 (KHTML, like Gecko) Mobile Safari/537.36 (compatible; Bytespider; https://zhanzhang.toutiao.com/)"
86.110.247.136 - - [14/Apr/2026:16:07:50 -0400] "GET /wp-login.php HTTP/1.1" 301 795 "-" "Mozilla/5.0 (Windows NT 6.3; Trident/7.0; rv:11.0) like Gecko"
86.110.247.136 - - [14/Apr/2026:16:07:51 -0400] "GET /wp-login.php HTTP/1.1" 200 1795 "https://bagpackvacation.com/wp-login.php" "Mozilla/5.0 (Windows NT 6.3; Trident/7.0; rv:11.0) like Gecko"
86.110.247.136 - - [14/Apr/2026:16:07:51 -0400] "POST /wp-login.php HTTP/1.1" 301 795 "https://bagpackvacation.com/wp-login.php" "Mozilla/5.0 (Windows NT 6.3; Trident/7.0; rv:11.0) like Gecko"
198.199.86.27 - - [14/Apr/2026:16:12:58 -0400] "GET /.git/config HTTP/1.1" 403 1242 "-" "Mozilla/5.0 (X11; Linux x86_64) AppleWebKit/537.36 (KHTML, like Gecko) Chrome/81.0.4044.129 Safari/537.36"
162.213.253.84 - - [14/Apr/2026:16:13:15 -0400] "POST /wp-admin/admin-ajax.php?action=async_litespeed&nonce=O8ZDsGNOxvJitYi6bsMSxy46ZJoAFoxS&litespeed_type=imgoptm HTTP/1.1" 200 0 "-" "WordPress/6.9.4; https://www.bagpackvacation.com"
4.193.168.228 - - [14/Apr/2026:16:16:55 -0400] "GET /admin.php HTTP/1.1" 301 795 "-" "Mozilla/5.0 (Windows NT 10.0; Win64; x64) AppleWebKit/537.36 (KHTML, like Gecko) Chrome/120.0.0.0 Safari/537.36"
4.193.168.228 - - [14/Apr/2026:16:16:55 -0400] "GET /inputs.php HTTP/1.1" 301 795 "-" "Mozilla/5.0 (Windows NT 10.0; Win64; x64) AppleWebKit/537.36 (KHTML, like Gecko) Chrome/120.0.0.0 Safari/537.36"
4.193.168.228 - - [14/Apr/2026:16:16:55 -0400] "GET /file.php HTTP/1.1" 301 795 "-" "Mozilla/5.0 (Windows NT 10.0; Win64; x64) AppleWebKit/537.36 (KHTML, like Gecko) Chrome/120.0.0.0 Safari/537.36"
4.193.168.228 - - [14/Apr/2026:16:16:55 -0400] "GET /goods.php HTTP/1.1" 301 795 "-" "Mozilla/5.0 (Windows NT 10.0; Win64; x64) AppleWebKit/537.36 (KHTML, like Gecko) Chrome/120.0.0.0 Safari/537.36"
4.193.168.228 - - [14/Apr/2026:16:16:56 -0400] "GET /ms-edit.php HTTP/1.1" 301 795 "-" "Mozilla/5.0 (Windows NT 10.0; Win64; x64) AppleWebKit/537.36 (KHTML, like Gecko) Chrome/120.0.0.0 Safari/537.36"
4.193.168.228 - - [14/Apr/2026:16:16:56 -0400] "GET /bgymj.php HTTP/1.1" 301 795 "-" "Mozilla/5.0 (Windows NT 10.0; Win64; x64) AppleWebKit/537.36 (KHTML, like Gecko) Chrome/120.0.0.0 Safari/537.36"
4.193.168.228 - - [14/Apr/2026:16:16:56 -0400] "GET /wp-content/plugins/twenty/login.php HTTP/1.1" 301 795 "-" "Mozilla/5.0 (Windows NT 10.0; Win64; x64) AppleWebKit/537.36 (KHTML, like Gecko) Chrome/120.0.0.0 Safari/537.36"
4.193.168.228 - - [14/Apr/2026:16:16:57 -0400] "GET /.dj/index.php HTTP/1.1" 301 795 "-" "Mozilla/5.0 (Windows NT 10.0; Win64; x64) AppleWebKit/537.36 (KHTML, like Gecko) Chrome/120.0.0.0 Safari/537.36"
4.193.168.228 - - [14/Apr/2026:16:16:58 -0400] "GET /php8.php HTTP/1.1" 301 795 "-" "Mozilla/5.0 (Windows NT 10.0; Win64; x64) AppleWebKit/537.36 (KHTML, like Gecko) Chrome/120.0.0.0 Safari/537.36"
4.193.168.228 - - [14/Apr/2026:16:16:58 -0400] "GET /info.php HTTP/1.1" 301 795 "-" "Mozilla/5.0 (Windows NT 10.0; Win64; x64) AppleWebKit/537.36 (KHTML, like Gecko) Chrome/120.0.0.0 Safari/537.36"
4.193.168.228 - - [14/Apr/2026:16:16:58 -0400] "GET /ioxi-o.php HTTP/1.1" 301 795 "-" "Mozilla/5.0 (Windows NT 10.0; Win64; x64) AppleWebKit/537.36 (KHTML, like Gecko) Chrome/120.0.0.0 Safari/537.36"
4.193.168.228 - - [14/Apr/2026:16:16:59 -0400] "GET /sid3.php HTTP/1.1" 301 795 "-" "Mozilla/5.0 (Windows NT 10.0; Win64; x64) AppleWebKit/537.36 (KHTML, like Gecko) Chrome/120.0.0.0 Safari/537.36"
4.193.168.228 - - [14/Apr/2026:16:16:59 -0400] "GET /leaf.php HTTP/1.1" 301 795 "-" "Mozilla/5.0 (Windows NT 10.0; Win64; x64) AppleWebKit/537.36 (KHTML, like Gecko) Chrome/120.0.0.0 Safari/537.36"
4.193.168.228 - - [14/Apr/2026:16:17:00 -0400] "GET /ws38.php HTTP/1.1" 301 795 "-" "Mozilla/5.0 (Windows NT 10.0; Win64; x64) AppleWebKit/537.36 (KHTML, like Gecko) Chrome/120.0.0.0 Safari/537.36"
4.193.168.228 - - [14/Apr/2026:16:17:00 -0400] "GET /a7.php HTTP/1.1" 301 795 "-" "Mozilla/5.0 (Windows NT 10.0; Win64; x64) AppleWebKit/537.36 (KHTML, like Gecko) Chrome/120.0.0.0 Safari/537.36"
86.110.247.136 - - [14/Apr/2026:16:07:52 -0400] "GET /wp-login.php HTTP/1.1" 200 1795 "https://bagpackvacation.com/wp-login.php" "Mozilla/5.0 (Windows NT 6.3; Trident/7.0; rv:11.0) like Gecko"
49.233.45.47 - - [14/Apr/2026:16:13:16 -0400] "GET / HTTP/1.1" 200 40197 "http://www.bagpackvacation.com" "Mozilla/5.0 (iPhone; CPU iPhone OS 13_2_3 like Mac OS X) AppleWebKit/605.1.15 (KHTML, like Gecko) Version/13.0.3 Mobile/15E148 Safari/604.1"
207.180.11.149 - - [14/Apr/2026:16:14:30 -0400] "GET /wp-json/oembed/1.0/embed?url=https%3A%2F%2Fwww.bagpackvacation.com%2F3-night-4-days-malaysia-weekend-getaway%2F HTTP/1.1" 200 2475 "-" "Mozilla/5.0 (Macintosh; Intel Mac OS X 10_15_7) AppleWebKit/537.36 (KHTML, like Gecko) Chrome/135.0.0.0 Safari/537.36"
4.193.168.228 - - [14/Apr/2026:16:16:56 -0400] "GET /404.php HTTP/1.1" 301 795 "-" "Mozilla/5.0 (Windows NT 10.0; Win64; x64) AppleWebKit/537.36 (KHTML, like Gecko) Chrome/120.0.0.0 Safari/537.36"
4.193.168.228 - - [14/Apr/2026:16:16:56 -0400] "GET /file3.php HTTP/1.1" 301 795 "-" "Mozilla/5.0 (Windows NT 10.0; Win64; x64) AppleWebKit/537.36 (KHTML, like Gecko) Chrome/120.0.0.0 Safari/537.36"
4.193.168.228 - - [14/Apr/2026:16:16:57 -0400] "GET /wp-mail.php HTTP/1.1" 301 795 "-" "Mozilla/5.0 (Windows NT 10.0; Win64; x64) AppleWebKit/537.36 (KHTML, like Gecko) Chrome/120.0.0.0 Safari/537.36"
4.193.168.228 - - [14/Apr/2026:16:16:57 -0400] "GET /about.php HTTP/1.1" 301 795 "-" "Mozilla/5.0 (Windows NT 10.0; Win64; x64) AppleWebKit/537.36 (KHTML, like Gecko) Chrome/120.0.0.0 Safari/537.36"
4.193.168.228 - - [14/Apr/2026:16:16:57 -0400] "GET /wp.php HTTP/1.1" 301 795 "-" "Mozilla/5.0 (Windows NT 10.0; Win64; x64) AppleWebKit/537.36 (KHTML, like Gecko) Chrome/120.0.0.0 Safari/537.36"
4.193.168.228 - - [14/Apr/2026:16:16:57 -0400] "GET /adminfuns.php HTTP/1.1" 301 795 "-" "Mozilla/5.0 (Windows NT 10.0; Win64; x64) AppleWebKit/537.36 (KHTML, like Gecko) Chrome/120.0.0.0 Safari/537.36"
4.193.168.228 - - [14/Apr/2026:16:16:58 -0400] "GET /classwithtostring.php HTTP/1.1" 301 795 "-" "Mozilla/5.0 (Windows NT 10.0; Win64; x64) AppleWebKit/537.36 (KHTML, like Gecko) Chrome/120.0.0.0 Safari/537.36"
4.193.168.228 - - [14/Apr/2026:16:16:58 -0400] "GET /011i.php HTTP/1.1" 301 795 "-" "Mozilla/5.0 (Windows NT 10.0; Win64; x64) AppleWebKit/537.36 (KHTML, like Gecko) Chrome/120.0.0.0 Safari/537.36"
4.193.168.228 - - [14/Apr/2026:16:16:59 -0400] "GET /166.php HTTP/1.1" 301 795 "-" "Mozilla/5.0 (Windows NT 10.0; Win64; x64) AppleWebKit/537.36 (KHTML, like Gecko) Chrome/120.0.0.0 Safari/537.36"
4.193.168.228 - - [14/Apr/2026:16:16:59 -0400] "GET /wp-mail.php HTTP/1.1" 301 795 "-" "Mozilla/5.0 (Windows NT 10.0; Win64; x64) AppleWebKit/537.36 (KHTML, like Gecko) Chrome/120.0.0.0 Safari/537.36"
4.193.168.228 - - [14/Apr/2026:16:16:59 -0400] "GET /grsiuk.php HTTP/1.1" 301 795 "-" "Mozilla/5.0 (Windows NT 10.0; Win64; x64) AppleWebKit/537.36 (KHTML, like Gecko) Chrome/120.0.0.0 Safari/537.36"
4.193.168.228 - - [14/Apr/2026:16:17:00 -0400] "GET /8.php HTTP/1.1" 301 795 "-" "Mozilla/5.0 (Windows NT 10.0; Win64; x64) AppleWebKit/537.36 (KHTML, like Gecko) Chrome/120.0.0.0 Safari/537.36"
4.193.168.228 - - [14/Apr/2026:16:17:00 -0400] "GET /fs.php HTTP/1.1" 301 795 "-" "Mozilla/5.0 (Windows NT 10.0; Win64; x64) AppleWebKit/537.36 (KHTML, like Gecko) Chrome/120.0.0.0 Safari/537.36"
4.193.168.228 - - [14/Apr/2026:16:17:00 -0400] "GET /classsmtps.php HTTP/1.1" 301 795 "-" "Mozilla/5.0 (Windows NT 10.0; Win64; x64) AppleWebKit/537.36 (KHTML, like Gecko) Chrome/120.0.0.0 Safari/537.36"
4.193.168.228 - - [14/Apr/2026:16:17:01 -0400] "GET /amax.php HTTP/1.1" 301 795 "-" "Mozilla/5.0 (Windows NT 10.0; Win64; x64) AppleWebKit/537.36 (KHTML, like Gecko) Chrome/120.0.0.0 Safari/537.36"
4.193.168.228 - - [14/Apr/2026:16:17:01 -0400] "GET /CDX1.php HTTP/1.1" 301 795 "-" "Mozilla/5.0 (Windows NT 10.0; Win64; x64) AppleWebKit/537.36 (KHTML, like Gecko) Chrome/120.0.0.0 Safari/537.36"
4.193.168.228 - - [14/Apr/2026:16:17:01 -0400] "GET /css.php HTTP/1.1" 301 795 "-" "Mozilla/5.0 (Windows NT 10.0; Win64; x64) AppleWebKit/537.36 (KHTML, like Gecko) Chrome/120.0.0.0 Safari/537.36"
4.193.168.228 - - [14/Apr/2026:16:17:02 -0400] "GET /php.php HTTP/1.1" 301 795 "-" "Mozilla/5.0 (Windows NT 10.0; Win64; x64) AppleWebKit/537.36 (KHTML, like Gecko) Chrome/120.0.0.0 Safari/537.36"
4.193.168.228 - - [14/Apr/2026:16:17:02 -0400] "GET /wp-Blogs.php HTTP/1.1" 301 795 "-" "Mozilla/5.0 (Windows NT 10.0; Win64; x64) AppleWebKit/537.36 (KHTML, like Gecko) Chrome/120.0.0.0 Safari/537.36"
4.193.168.228 - - [14/Apr/2026:16:17:02 -0400] "GET /wp-content/index.php HTTP/1.1" 301 795 "-" "Mozilla/5.0 (Windows NT 10.0; Win64; x64) AppleWebKit/537.36 (KHTML, like Gecko) Chrome/120.0.0.0 Safari/537.36"
4.193.168.228 - - [14/Apr/2026:16:17:02 -0400] "GET /wp-content/plugins/beteng88/ws83.php HTTP/1.1" 301 795 "-" "Mozilla/5.0 (Windows NT 10.0; Win64; x64) AppleWebKit/537.36 (KHTML, like Gecko) Chrome/120.0.0.0 Safari/537.36"
4.193.168.228 - - [14/Apr/2026:16:17:03 -0400] "GET /y.php HTTP/1.1" 301 795 "-" "Mozilla/5.0 (Windows NT 10.0; Win64; x64) AppleWebKit/537.36 (KHTML, like Gecko) Chrome/120.0.0.0 Safari/537.36"
4.193.168.228 - - [14/Apr/2026:16:17:03 -0400] "GET /akcc.php HTTP/1.1" 301 795 "-" "Mozilla/5.0 (Windows NT 10.0; Win64; x64) AppleWebKit/537.36 (KHTML, like Gecko) Chrome/120.0.0.0 Safari/537.36"
4.193.168.228 - - [14/Apr/2026:16:17:04 -0400] "GET /index/function.php HTTP/1.1" 301 795 "-" "Mozilla/5.0 (Windows NT 10.0; Win64; x64) AppleWebKit/537.36 (KHTML, like Gecko) Chrome/120.0.0.0 Safari/537.36"
4.193.168.228 - - [14/Apr/2026:16:17:04 -0400] "GET /term.php HTTP/1.1" 301 795 "-" "Mozilla/5.0 (Windows NT 10.0; Win64; x64) AppleWebKit/537.36 (KHTML, like Gecko) Chrome/120.0.0.0 Safari/537.36"
4.193.168.228 - - [14/Apr/2026:16:17:04 -0400] "GET /wp-config-sample.php HTTP/1.1" 301 795 "-" "Mozilla/5.0 (Windows NT 10.0; Win64; x64) AppleWebKit/537.36 (KHTML, like Gecko) Chrome/120.0.0.0 Safari/537.36"
4.193.168.228 - - [14/Apr/2026:16:17:05 -0400] "GET /log.php HTTP/1.1" 301 795 "-" "Mozilla/5.0 (Windows NT 10.0; Win64; x64) AppleWebKit/537.36 (KHTML, like Gecko) Chrome/120.0.0.0 Safari/537.36"
4.193.168.228 - - [14/Apr/2026:16:17:05 -0400] "GET /a5.php HTTP/1.1" 301 795 "-" "Mozilla/5.0 (Windows NT 10.0; Win64; x64) AppleWebKit/537.36 (KHTML, like Gecko) Chrome/120.0.0.0 Safari/537.36"
4.193.168.228 - - [14/Apr/2026:16:17:05 -0400] "GET /aa.php HTTP/1.1" 301 795 "-" "Mozilla/5.0 (Windows NT 10.0; Win64; x64) AppleWebKit/537.36 (KHTML, like Gecko) Chrome/120.0.0.0 Safari/537.36"
4.193.168.228 - - [14/Apr/2026:16:17:06 -0400] "GET /k.php HTTP/1.1" 301 795 "-" "Mozilla/5.0 (Windows NT 10.0; Win64; x64) AppleWebKit/537.36 (KHTML, like Gecko) Chrome/120.0.0.0 Safari/537.36"
4.193.168.228 - - [14/Apr/2026:16:17:06 -0400] "GET /ws77.php HTTP/1.1" 301 795 "-" "Mozilla/5.0 (Windows NT 10.0; Win64; x64) AppleWebKit/537.36 (KHTML, like Gecko) Chrome/120.0.0.0 Safari/537.36"
4.193.168.228 - - [14/Apr/2026:16:17:06 -0400] "GET /2.php HTTP/1.1" 301 795 "-" "Mozilla/5.0 (Windows NT 10.0; Win64; x64) AppleWebKit/537.36 (KHTML, like Gecko) Chrome/120.0.0.0 Safari/537.36"
4.193.168.228 - - [14/Apr/2026:16:17:07 -0400] "GET /wp-content/plugins/admin.php HTTP/1.1" 301 795 "-" "Mozilla/5.0 (Windows NT 10.0; Win64; x64) AppleWebKit/537.36 (KHTML, like Gecko) Chrome/120.0.0.0 Safari/537.36"
4.193.168.228 - - [14/Apr/2026:16:17:07 -0400] "GET /asd.php HTTP/1.1" 301 795 "-" "Mozilla/5.0 (Windows NT 10.0; Win64; x64) AppleWebKit/537.36 (KHTML, like Gecko) Chrome/120.0.0.0 Safari/537.36"
