20.211.1.210 - - [27/Feb/2026:02:14:35 -0500] "GET /defaults.php HTTP/1.1" 301 795 "-" "Mozilla/5.0 (Windows NT 10.0; Win64; x64) AppleWebKit/537.36 (KHTML, like Gecko) Chrome/120.0.0.0 Safari/537.36"
20.211.1.210 - - [27/Feb/2026:02:14:36 -0500] "GET /cgi-bin/ HTTP/1.1" 301 795 "-" "Mozilla/5.0 (Windows NT 10.0; Win64; x64) AppleWebKit/537.36 (KHTML, like Gecko) Chrome/120.0.0.0 Safari/537.36"
20.211.1.210 - - [27/Feb/2026:02:14:36 -0500] "GET /wp-admin/images/ HTTP/1.1" 301 795 "-" "Mozilla/5.0 (Windows NT 10.0; Win64; x64) AppleWebKit/537.36 (KHTML, like Gecko) Chrome/120.0.0.0 Safari/537.36"
20.211.1.210 - - [27/Feb/2026:02:14:37 -0500] "GET /wp-content/uploads/ HTTP/1.1" 301 795 "-" "Mozilla/5.0 (Windows NT 10.0; Win64; x64) AppleWebKit/537.36 (KHTML, like Gecko) Chrome/120.0.0.0 Safari/537.36"
20.211.1.210 - - [27/Feb/2026:02:14:37 -0500] "GET /wp-content/themes/index.php HTTP/1.1" 301 795 "-" "Mozilla/5.0 (Windows NT 10.0; Win64; x64) AppleWebKit/537.36 (KHTML, like Gecko) Chrome/120.0.0.0 Safari/537.36"
153.153.154.61 - - [27/Feb/2026:02:14:46 -0500] "GET /wp-login.php HTTP/1.1" 301 795 "-" "Mozilla/5.0 (X11; Linux x86_64) AppleWebKit/537.36 (KHTML, like Gecko) Chrome/67.0.3396.62 Safari/537.36"
153.153.154.61 - - [27/Feb/2026:02:14:57 -0500] "GET /wp-login.php HTTP/1.1" 200 1797 "https://bagpackvacation.com/wp-login.php" "Mozilla/5.0 (X11; Linux x86_64) AppleWebKit/537.36 (KHTML, like Gecko) Chrome/67.0.3396.62 Safari/537.36"
114.119.136.251 - - [27/Feb/2026:02:16:38 -0500] "GET /location/mauritius HTTP/1.1" 301 0 "http://bagpackvacation.com/tour?location_id=14&orderby=rate_high_low" "Mozilla/5.0 (Linux; Android 7.0;) AppleWebKit/537.36 (KHTML, like Gecko) Mobile Safari/537.36 (compatible; PetalBot;+https://webmaster.petalsearch.com/site/petalbot)"
162.213.253.84 - - [27/Feb/2026:02:16:40 -0500] "POST /wp-admin/admin-ajax.php?action=async_litespeed&nonce=kYRRwZiDQWxtyTKeHMukxSLfucetGMFB&litespeed_type=imgoptm HTTP/1.1" 200 0 "-" "WordPress/6.9.1; https://www.bagpackvacation.com"
114.119.136.251 - - [27/Feb/2026:02:16:41 -0500] "GET /home/mauritius/ HTTP/1.1" 200 21613 "http://bagpackvacation.com/tour?location_id=14&orderby=rate_high_low" "Mozilla/5.0 (Linux; Android 7.0;) AppleWebKit/537.36 (KHTML, like Gecko) Mobile Safari/537.36 (compatible; PetalBot;+https://webmaster.petalsearch.com/site/petalbot)"
20.211.1.210 - - [27/Feb/2026:02:14:37 -0500] "GET /wp-content/plugins/index.php HTTP/1.1" 301 795 "-" "Mozilla/5.0 (Windows NT 10.0; Win64; x64) AppleWebKit/537.36 (KHTML, like Gecko) Chrome/120.0.0.0 Safari/537.36"
20.211.1.210 - - [27/Feb/2026:02:14:38 -0500] "GET /wp-includes/PHPMailer/ HTTP/1.1" 301 795 "-" "Mozilla/5.0 (Windows NT 10.0; Win64; x64) AppleWebKit/537.36 (KHTML, like Gecko) Chrome/120.0.0.0 Safari/537.36"
20.211.1.210 - - [27/Feb/2026:02:14:38 -0500] "GET /wp-includes/images/ HTTP/1.1" 301 795 "-" "Mozilla/5.0 (Windows NT 10.0; Win64; x64) AppleWebKit/537.36 (KHTML, like Gecko) Chrome/120.0.0.0 Safari/537.36"
20.211.1.210 - - [27/Feb/2026:02:14:38 -0500] "GET /wp-content/plugins/WordPressCore/ HTTP/1.1" 301 795 "-" "Mozilla/5.0 (Windows NT 10.0; Win64; x64) AppleWebKit/537.36 (KHTML, like Gecko) Chrome/120.0.0.0 Safari/537.36"
153.153.154.61 - - [27/Feb/2026:02:14:55 -0500] "GET /wp-login.php HTTP/1.1" 200 1797 "https://bagpackvacation.com/wp-login.php" "Mozilla/5.0 (X11; Linux x86_64) AppleWebKit/537.36 (KHTML, like Gecko) Chrome/67.0.3396.62 Safari/537.36"
153.153.154.61 - - [27/Feb/2026:02:14:57 -0500] "POST /wp-login.php HTTP/1.1" 301 795 "https://bagpackvacation.com/wp-login.php" "Mozilla/5.0 (X11; Linux x86_64) AppleWebKit/537.36 (KHTML, like Gecko) Chrome/67.0.3396.62 Safari/537.36"
114.119.137.238 - - [27/Feb/2026:02:15:17 -0500] "GET /3-night-4-days-bali-loaded/ HTTP/1.1" 200 29761 "https://www.bagpackvacation.com/3-night-4-days-bali-loaded" "Mozilla/5.0 (Linux; Android 7.0;) AppleWebKit/537.36 (KHTML, like Gecko) Mobile Safari/537.36 (compatible; PetalBot;+https://webmaster.petalsearch.com/site/petalbot)"
162.213.253.84 - - [27/Feb/2026:02:16:39 -0500] "POST /wp-cron.php?doing_wp_cron=1772176599.4183790683746337890625 HTTP/1.1" 200 0 "-" "WordPress/6.9.1; https://www.bagpackvacation.com"
162.213.253.84 - - [27/Feb/2026:02:18:58 -0500] "POST /wp-admin/admin-ajax.php?action=async_litespeed&nonce=nmAV8bWwYhj4ZdBNI6o6lskZqgw0XLji&litespeed_type=imgoptm HTTP/1.1" 200 0 "-" "WordPress/6.9.1; https://www.bagpackvacation.com"
14.255.3.180 - - [27/Feb/2026:02:24:42 -0500] "GET /exotic-andaman-4-nights-5-days/ HTTP/1.1" 200 29262 "-" "Mozilla/5.0 (Macintosh; Intel Mac OS X 10_15_7) AppleWebKit/537.36 (KHTML, like Gecko) Brave Chrome/89.0.4389.90 Safari/537.36"
146.103.102.89 - - [27/Feb/2026:02:55:12 -0500] "GET /contact-us/ HTTP/1.0" 200 128326 "https://www.bagpackvacation.com/contact-us/" "Mozilla/5.0 (Windows NT 10.0; Win64; x64) AppleWebKit/537.36 (KHTML, like Gecko) Chrome/130.0.0.0 Safari/537.36 CCleaner/130.0.0.0"
162.213.253.84 - - [27/Feb/2026:03:03:31 -0500] "POST /wp-cron.php?doing_wp_cron=1772179411.4756429195404052734375 HTTP/1.1" 200 0 "-" "WordPress/6.9.1; https://www.bagpackvacation.com"
94.55.221.204 - - [27/Feb/2026:03:03:26 -0500] "GET /kerala-tour-packages/ HTTP/1.1" 200 27363 "-" "Mozilla/5.0 (Windows NT 6.2) AppleWebKit/536.3 (KHTML, like Gecko) Chrome/19.0.1061.1 Safari/536.3"
162.213.253.84 - - [27/Feb/2026:03:03:32 -0500] "POST /wp-admin/admin-ajax.php?action=async_litespeed&nonce=NQYwtH4WtmLDNDVu0c5wUV5ShtZgo0mI&litespeed_type=imgoptm HTTP/1.1" 200 0 "-" "WordPress/6.9.1; https://www.bagpackvacation.com"
46.182.6.31 - - [27/Feb/2026:03:14:57 -0500] "GET /wp-login.php HTTP/1.1" 301 795 "-" "Mozilla/4.0 (compatible; MSIE 7.0; Windows NT 6.3; WOW64; Trident/7.0; .NET4.0C; .NET4.0E; .NET CLR 2.0.50727; .NET CLR 3.0.30729; .NET CLR 3.5.30729)"
46.182.6.31 - - [27/Feb/2026:03:14:58 -0500] "GET /wp-login.php HTTP/1.1" 200 1797 "https://bagpackvacation.com/wp-login.php" "Mozilla/4.0 (compatible; MSIE 7.0; Windows NT 6.3; WOW64; Trident/7.0; .NET4.0C; .NET4.0E; .NET CLR 2.0.50727; .NET CLR 3.0.30729; .NET CLR 3.5.30729)"
46.182.6.31 - - [27/Feb/2026:03:14:58 -0500] "POST /wp-login.php HTTP/1.1" 301 795 "https://bagpackvacation.com/wp-login.php" "Mozilla/4.0 (compatible; MSIE 7.0; Windows NT 6.3; WOW64; Trident/7.0; .NET4.0C; .NET4.0E; .NET CLR 2.0.50727; .NET CLR 3.0.30729; .NET CLR 3.5.30729)"
46.182.6.31 - - [27/Feb/2026:03:14:58 -0500] "GET /wp-login.php HTTP/1.1" 200 1797 "https://bagpackvacation.com/wp-login.php" "Mozilla/4.0 (compatible; MSIE 7.0; Windows NT 6.3; WOW64; Trident/7.0; .NET4.0C; .NET4.0E; .NET CLR 2.0.50727; .NET CLR 3.0.30729; .NET CLR 3.5.30729)"
88.99.141.188 - - [27/Feb/2026:03:19:23 -0500] "GET /wp-login.php HTTP/1.1" 301 795 "-" "Mozilla/5.0 (Windows NT 6.1) AppleWebKit/537.36 (KHTML, like Gecko) Chrome/66.0.3359.181 Safari/537.36"
216.73.216.85 - - [27/Feb/2026:03:19:35 -0500] "GET /robots.txt HTTP/1.1" 301 795 "-" "Mozilla/5.0 AppleWebKit/537.36 (KHTML, like Gecko; compatible; ClaudeBot/1.0; [email protected])"
216.73.216.85 - - [27/Feb/2026:03:19:36 -0500] "GET /sitemap.xml HTTP/1.1" 301 795 "-" "Mozilla/5.0 AppleWebKit/537.36 (KHTML, like Gecko; compatible; ClaudeBot/1.0; [email protected])"
216.73.216.85 - - [27/Feb/2026:03:19:36 -0500] "GET /wp-sitemap.xml HTTP/1.1" 404 18610 "https://www.bagpackvacation.com/sitemap.xml" "Mozilla/5.0 AppleWebKit/537.36 (KHTML, like Gecko; compatible; ClaudeBot/1.0; [email protected])"
88.99.141.188 - - [27/Feb/2026:03:19:23 -0500] "GET /wp-login.php HTTP/1.1" 200 1797 "https://bagpackvacation.com/wp-login.php" "Mozilla/5.0 (Windows NT 6.1) AppleWebKit/537.36 (KHTML, like Gecko) Chrome/66.0.3359.181 Safari/537.36"
88.99.141.188 - - [27/Feb/2026:03:19:24 -0500] "POST /wp-login.php HTTP/1.1" 301 795 "https://bagpackvacation.com/wp-login.php" "Mozilla/5.0 (Windows NT 6.1) AppleWebKit/537.36 (KHTML, like Gecko) Chrome/66.0.3359.181 Safari/537.36"
88.99.141.188 - - [27/Feb/2026:03:19:24 -0500] "GET /wp-login.php HTTP/1.1" 200 1797 "https://bagpackvacation.com/wp-login.php" "Mozilla/5.0 (Windows NT 6.1) AppleWebKit/537.36 (KHTML, like Gecko) Chrome/66.0.3359.181 Safari/537.36"
216.73.216.85 - - [27/Feb/2026:03:19:36 -0500] "GET /robots.txt HTTP/1.1" 200 108 "https://bagpackvacation.com/robots.txt" "Mozilla/5.0 AppleWebKit/537.36 (KHTML, like Gecko; compatible; ClaudeBot/1.0; [email protected])"
216.73.216.85 - - [27/Feb/2026:03:19:36 -0500] "GET /sitemap.xml HTTP/1.1" 301 0 "https://bagpackvacation.com/sitemap.xml" "Mozilla/5.0 AppleWebKit/537.36 (KHTML, like Gecko; compatible; ClaudeBot/1.0; [email protected])"
162.213.253.84 - - [27/Feb/2026:03:19:37 -0500] "POST /wp-cron.php?doing_wp_cron=1772180377.9113550186157226562500 HTTP/1.1" 200 0 "-" "WordPress/6.9.1; https://www.bagpackvacation.com"
162.213.253.84 - - [27/Feb/2026:03:19:39 -0500] "POST /wp-admin/admin-ajax.php?action=async_litespeed&nonce=wrIQ22kj5INPPyKvDJAxYjbM92n4MOWL&litespeed_type=imgoptm HTTP/1.1" 200 0 "-" "WordPress/6.9.1; https://www.bagpackvacation.com"
113.167.179.128 - - [27/Feb/2026:03:23:22 -0500] "GET /4-night-5-days-singapore-honeymoon-special-2/ HTTP/1.1" 200 30994 "-" "Mozilla/5.0 (Windows NT 10.0; Win64; x64) AppleWebKit/537.36 (KHTML, like Gecko) Chrome/102.0.5005.49 Safari/537.36"
45.6.51.97 - - [27/Feb/2026:03:35:52 -0500] "GET /wp-login.php HTTP/1.1" 301 795 "-" "Mozilla/5.0 (Windows NT 6.2; Win64; x64; Trident/7.0; rv:11.0) like Gecko"
162.213.253.84 - - [27/Feb/2026:03:42:48 -0500] "POST /wp-admin/admin-ajax.php?action=async_litespeed&nonce=6dfsmPWWgHXNrrOBcVRB6KZN3MQlhjnJ&litespeed_type=imgoptm HTTP/1.1" 200 0 "-" "WordPress/6.9.1; https://www.bagpackvacation.com"
162.213.253.84 - - [27/Feb/2026:03:42:54 -0500] "POST /wp-cron.php?doing_wp_cron=1772181774.0088860988616943359375 HTTP/1.1" 200 0 "-" "WordPress/6.9.1; https://www.bagpackvacation.com"
49.51.132.100 - - [27/Feb/2026:03:45:43 -0500] "GET / HTTP/1.1" 200 40195 "http://www.bagpackvacation.com" "Mozilla/5.0 (iPhone; CPU iPhone OS 13_2_3 like Mac OS X) AppleWebKit/605.1.15 (KHTML, like Gecko) Version/13.0.3 Mobile/15E148 Safari/604.1"
162.213.253.84 - - [27/Feb/2026:03:45:43 -0500] "POST /wp-admin/admin-ajax.php?action=async_litespeed&nonce=LWrmsBuKek9QMwq1WRs2YBhIwRyozIrS&litespeed_type=imgoptm HTTP/1.1" 200 0 "-" "WordPress/6.9.1; https://www.bagpackvacation.com"
54.84.147.79 - - [27/Feb/2026:03:38:07 -0500] "GET /honeymoon-wow-andaman-5-nights-6-days/ HTTP/1.1" 200 29555 "-" "Mozilla/5.0 AppleWebKit/537.36 (KHTML, like Gecko; compatible; Amazonbot/0.1; +https://developer.amazon.com/support/amazonbot) Chrome/119.0.6045.214 Safari/537.36"
54.147.182.90 - - [27/Feb/2026:03:38:11 -0500] "GET /romantic-sikkim-delight-with-gangtok-darjeeling-pelling/ HTTP/1.1" 200 29773 "-" "Mozilla/5.0 AppleWebKit/537.36 (KHTML, like Gecko; compatible; Amazonbot/0.1; +https://developer.amazon.com/support/amazonbot) Chrome/119.0.6045.214 Safari/537.36"
52.45.29.57 - - [27/Feb/2026:03:38:14 -0500] "GET /4-night-5-days-singapore-honeymoon-special-2/ HTTP/1.1" 200 30994 "-" "Mozilla/5.0 AppleWebKit/537.36 (KHTML, like Gecko; compatible; Amazonbot/0.1; +https://developer.amazon.com/support/amazonbot) Chrome/119.0.6045.214 Safari/537.36"
122.8.32.224 - - [27/Feb/2026:03:42:52 -0500] "POST /wp-admin/admin-ajax.php HTTP/1.1" 200 17 "http://www.bagpackvacation.com/contact-us/" "Mozilla/5.0 (Macintosh; Intel Mac OS X 12_5) AppleWebKit/537.36 (KHTML, like Gecko) Chrome/114.0.0.0 YaBrowser/22.7.0 Yowser/2.5 Safari/537.36"
107.189.21.225 - - [27/Feb/2026:03:52:23 -0500] "GET /wp-content/plugins/wholesalex/assets/js/node_vendors.js HTTP/1.1" 301 795 "-" "Mozilla/5.0 (Windows NT 11.0; Win64; x64) AppleWebKit/537.36 (KHTML, like Gecko) Chrome/126.0.6478.115 Safari/537.36"
107.189.21.225 - - [27/Feb/2026:03:52:29 -0500] "GET /wp-content/plugins/wholesalex/readme.txt HTTP/1.1" 301 795 "-" "Mozilla/5.0 (Windows NT 11.0; Win64; x64) AppleWebKit/537.36 (KHTML, like Gecko) Chrome/126.0.6478.115 Safari/537.36"
162.213.253.84 - - [27/Feb/2026:03:52:29 -0500] "POST /wp-admin/admin-ajax.php?action=async_litespeed&nonce=8dOr2nwWD2pTtmeQvM2gHlZGpabHL4H7&litespeed_type=imgoptm HTTP/1.1" 200 0 "-" "WordPress/6.9.1; https://www.bagpackvacation.com"
64.227.135.166 - - [27/Feb/2026:04:03:27 -0500] "POST /wp-login.php HTTP/1.1" 301 795 "https://bagpackvacation.com/wp-login.php" "Mozilla/5.0 (Windows NT 6.1; WOW64; Trident/7.0; MANM; rv:11.0) like Gecko"
64.227.135.166 - - [27/Feb/2026:04:03:28 -0500] "GET /wp-login.php HTTP/1.1" 200 1797 "https://bagpackvacation.com/wp-login.php" "Mozilla/5.0 (Windows NT 6.1; WOW64; Trident/7.0; MANM; rv:11.0) like Gecko"
162.213.253.84 - - [27/Feb/2026:03:52:27 -0500] "POST /wp-cron.php?doing_wp_cron=1772182347.4533739089965820312500 HTTP/1.1" 200 0 "-" "WordPress/6.9.1; https://www.bagpackvacation.com"
107.189.21.225 - - [27/Feb/2026:03:52:25 -0500] "GET /wp-content/plugins/wholesalex/assets/js/node_vendors.js HTTP/1.1" 404 18634 "-" "Mozilla/5.0 (Windows NT 11.0; Win64; x64) AppleWebKit/537.36 (KHTML, like Gecko) Chrome/126.0.6478.115 Safari/537.36"
107.189.21.225 - - [27/Feb/2026:03:52:30 -0500] "GET /wp-content/plugins/wholesalex/readme.txt HTTP/1.1" 404 18628 "-" "Mozilla/5.0 (Windows NT 11.0; Win64; x64) AppleWebKit/537.36 (KHTML, like Gecko) Chrome/126.0.6478.115 Safari/537.36"
64.227.135.166 - - [27/Feb/2026:04:03:21 -0500] "GET /wp-login.php HTTP/1.1" 301 795 "-" "Mozilla/5.0 (Windows NT 6.1; WOW64; Trident/7.0; MANM; rv:11.0) like Gecko"
64.227.135.166 - - [27/Feb/2026:04:03:26 -0500] "GET /wp-login.php HTTP/1.1" 200 1797 "https://bagpackvacation.com/wp-login.php" "Mozilla/5.0 (Windows NT 6.1; WOW64; Trident/7.0; MANM; rv:11.0) like Gecko"
209.141.61.242 - - [27/Feb/2026:04:32:14 -0500] "GET /wp-login.php HTTP/1.1" 301 795 "-" "Mozilla/5.0 (Macintosh; Intel Mac OS X 10.9; rv:30.0) Gecko/20100101 Firefox/30.0"
209.141.61.242 - - [27/Feb/2026:04:32:27 -0500] "GET /wp-login.php HTTP/1.1" 200 5761 "-" "Mozilla/5.0 (Macintosh; Intel Mac OS X 10.9; rv:30.0) Gecko/20100101 Firefox/30.0"
162.213.253.84 - - [27/Feb/2026:04:32:33 -0500] "POST /wp-cron.php?doing_wp_cron=1772184753.1161971092224121093750 HTTP/1.1" 200 0 "-" "WordPress/6.9.1; https://www.bagpackvacation.com"
209.141.61.242 - - [27/Feb/2026:04:32:27 -0500] "POST /wp-login.php HTTP/1.1" 301 795 "-" "Mozilla/5.0 (Macintosh; Intel Mac OS X 10.9; rv:30.0) Gecko/20100101 Firefox/30.0"
209.141.61.242 - - [27/Feb/2026:04:32:28 -0500] "GET /wp-login.php HTTP/1.1" 200 5761 "-" "Mozilla/5.0 (Macintosh; Intel Mac OS X 10.9; rv:30.0) Gecko/20100101 Firefox/30.0"
209.141.61.242 - - [27/Feb/2026:04:32:28 -0500] "GET /wp-admin/themes.php HTTP/1.1" 301 795 "-" "python-requests/2.27.1"
209.141.61.242 - - [27/Feb/2026:04:32:28 -0500] "GET /wp-admin/themes.php HTTP/1.1" 302 0 "-" "python-requests/2.27.1"
162.213.253.84 - - [27/Feb/2026:04:32:34 -0500] "POST /wp-admin/admin-ajax.php?action=async_litespeed&nonce=jSkHulOH4NXQLwyVjW7QiQiimXq6NoGC&litespeed_type=imgoptm HTTP/1.1" 200 0 "-" "WordPress/6.9.1; https://www.bagpackvacation.com"
209.141.61.242 - - [27/Feb/2026:04:32:34 -0500] "GET /wp-login.php?redirect_to=https%3A%2F%2Fwww.bagpackvacation.com%2Fwp-admin%2Fthemes.php&reauth=1 HTTP/1.1" 200 2031 "-" "python-requests/2.27.1"
209.141.61.242 - - [27/Feb/2026:04:32:36 -0500] "GET /wp-admin/plugin-install.php?tab=upload HTTP/1.1" 301 795 "-" "python-requests/2.27.1"
209.141.61.242 - - [27/Feb/2026:04:32:36 -0500] "GET /wp-admin/plugin-install.php?tab=upload HTTP/1.1" 302 0 "-" "python-requests/2.27.1"
209.141.61.242 - - [27/Feb/2026:04:32:39 -0500] "GET /wp-login.php?redirect_to=https%3A%2F%2Fwww.bagpackvacation.com%2Fwp-admin%2Fplugin-install.php%3Ftab%3Dupload&reauth=1 HTTP/1.1" 200 2037 "-" "python-requests/2.27.1"
124.156.134.41 - - [27/Feb/2026:04:49:34 -0500] "GET / HTTP/1.1" 200 40195 "-" "Mozilla/5.0 (Windows NT 6.1; Win64; x64) AppleWebKit/537.36 (KHTML, like Gecko) Chrome/79.0.3945.88 Safari/537.36"
124.156.134.41 - - [27/Feb/2026:04:49:35 -0500] "GET /about-us/ HTTP/1.1" 200 25373 "https://www.bagpackvacation.com/" "Mozilla/5.0 (Windows NT 6.1; Win64; x64) AppleWebKit/537.36 (KHTML, like Gecko) Chrome/79.0.3945.88 Safari/537.36"
209.141.49.144 - - [27/Feb/2026:04:55:03 -0500] "GET /wp-login.php HTTP/1.1" 301 795 "-" "Mozilla/5.0 (X11; Linux x86_64)"
209.141.49.144 - - [27/Feb/2026:04:57:14 -0500] "GET /wp-login.php HTTP/1.1" 200 5761 "-" "Mozilla/5.0 (X11; Linux x86_64)"
209.141.49.144 - - [27/Feb/2026:04:59:49 -0500] "POST /wp-login.php HTTP/1.1" 301 795 "-" "Mozilla/5.0 (X11; Linux x86_64)"
34.229.36.79 - - [27/Feb/2026:04:48:14 -0500] "GET / HTTP/1.1" 200 40195 "-" "Mozilla/5.0 (X11; Linux x86_64) AppleWebKit/537.36 (KHTML, like Gecko) Chrome/128.0.0.0 Safari/537.36"
124.156.134.41 - - [27/Feb/2026:04:49:39 -0500] "GET /contact-us/ HTTP/1.1" 200 25657 "https://www.bagpackvacation.com/about-us/" "Mozilla/5.0 (Windows NT 6.1; Win64; x64) AppleWebKit/537.36 (KHTML, like Gecko) Chrome/79.0.3945.88 Safari/537.36"
216.73.216.85 - - [27/Feb/2026:05:02:26 -0500] "GET /robots.txt HTTP/1.1" 301 795 "-" "Mozilla/5.0 AppleWebKit/537.36 (KHTML, like Gecko; compatible; ClaudeBot/1.0; [email protected])"
216.73.216.85 - - [27/Feb/2026:05:02:26 -0500] "GET /sitemap.xml HTTP/1.1" 301 0 "https://bagpackvacation.com/sitemap.xml" "Mozilla/5.0 AppleWebKit/537.36 (KHTML, like Gecko; compatible; ClaudeBot/1.0; [email protected])"
216.73.216.85 - - [27/Feb/2026:05:02:26 -0500] "GET /wp-sitemap.xml HTTP/1.1" 404 18607 "https://www.bagpackvacation.com/sitemap.xml" "Mozilla/5.0 AppleWebKit/537.36 (KHTML, like Gecko; compatible; ClaudeBot/1.0; [email protected])"
216.73.216.85 - - [27/Feb/2026:05:02:26 -0500] "GET /robots.txt HTTP/1.1" 200 108 "https://bagpackvacation.com/robots.txt" "Mozilla/5.0 AppleWebKit/537.36 (KHTML, like Gecko; compatible; ClaudeBot/1.0; [email protected])"
216.73.216.85 - - [27/Feb/2026:05:02:26 -0500] "GET /sitemap.xml HTTP/1.1" 301 795 "-" "Mozilla/5.0 AppleWebKit/537.36 (KHTML, like Gecko; compatible; ClaudeBot/1.0; [email protected])"
162.213.253.84 - - [27/Feb/2026:05:02:29 -0500] "POST /wp-cron.php?doing_wp_cron=1772186549.1548070907592773437500 HTTP/1.1" 200 0 "-" "WordPress/6.9.1; https://www.bagpackvacation.com"
209.141.49.144 - - [27/Feb/2026:05:02:59 -0500] "GET /wp-login.php HTTP/1.1" 200 5761 "-" "Mozilla/5.0 (X11; Linux x86_64)"
209.141.49.144 - - [27/Feb/2026:05:06:18 -0500] "GET /wp-admin/themes.php HTTP/1.1" 301 795 "-" "python-requests/2.27.1"
162.213.253.84 - - [27/Feb/2026:05:09:05 -0500] "POST /wp-admin/admin-ajax.php?action=as_async_request_queue_runner&nonce=4616b02cd3 HTTP/1.1" 200 0 "-" "WordPress/6.9.1; https://www.bagpackvacation.com"
123.22.21.40 - - [27/Feb/2026:05:09:34 -0500] "GET /terms-conditions-with-cancellation-policy/ HTTP/1.1" 200 28180 "-" "Mozilla/5.0 (Windows NT 10.0; Win64; x64) AppleWebKit/537.36 (KHTML, like Gecko) Chrome/80.0.3987.116 Safari/537.36"
154.38.160.164 - - [27/Feb/2026:05:09:47 -0500] "GET /wp-login.php HTTP/1.1" 301 795 "-" "Mozilla/4.0 (compatible; MSIE 7.0; Windows NT 6.2; Trident/7.0; .NET4.0E; .NET4.0C; .NET CLR 3.5.30729; .NET CLR 2.0.50727; .NET CLR 3.0.30729)"
154.38.160.164 - - [27/Feb/2026:05:09:52 -0500] "POST /wp-login.php HTTP/1.1" 301 795 "https://bagpackvacation.com/wp-login.php" "Mozilla/4.0 (compatible; MSIE 7.0; Windows NT 6.2; Trident/7.0; .NET4.0E; .NET4.0C; .NET CLR 3.5.30729; .NET CLR 2.0.50727; .NET CLR 3.0.30729)"
154.38.160.164 - - [27/Feb/2026:05:09:53 -0500] "GET /wp-login.php HTTP/1.1" 200 1797 "https://bagpackvacation.com/wp-login.php" "Mozilla/4.0 (compatible; MSIE 7.0; Windows NT 6.2; Trident/7.0; .NET4.0E; .NET4.0C; .NET CLR 3.5.30729; .NET CLR 2.0.50727; .NET CLR 3.0.30729)"
209.141.49.144 - - [27/Feb/2026:05:11:01 -0500] "GET /wp-admin/plugin-install.php?tab=upload HTTP/1.1" 301 795 "-" "python-requests/2.27.1"
162.213.253.84 - - [27/Feb/2026:05:13:32 -0500] "POST /wp-cron.php?doing_wp_cron=1772187212.4361429214477539062500 HTTP/1.1" 200 0 "-" "WordPress/6.9.1; https://www.bagpackvacation.com"
209.141.49.144 - - [27/Feb/2026:05:13:33 -0500] "GET /wp-login.php?redirect_to=https%3A%2F%2Fwww.bagpackvacation.com%2Fwp-admin%2Fplugin-install.php%3Ftab%3Dupload&reauth=1 HTTP/1.1" 200 2037 "-" "python-requests/2.27.1"
162.213.253.84 - - [27/Feb/2026:05:13:33 -0500] "POST /wp-admin/admin-ajax.php?action=async_litespeed&nonce=suB8iYUJP2mh4pzXz9bYrGAQNutd3LBl&litespeed_type=imgoptm HTTP/1.1" 200 0 "-" "WordPress/6.9.1; https://www.bagpackvacation.com"
162.213.253.84 - - [27/Feb/2026:05:09:06 -0500] "POST /wp-cron.php?doing_wp_cron=1772186946.1398320198059082031250 HTTP/1.1" 200 0 "-" "WordPress/6.9.1; https://www.bagpackvacation.com"
209.141.49.144 - - [27/Feb/2026:05:09:04 -0500] "GET /wp-admin/themes.php HTTP/1.1" 302 0 "-" "python-requests/2.27.1"
209.141.49.144 - - [27/Feb/2026:05:09:06 -0500] "GET /wp-login.php?redirect_to=https%3A%2F%2Fwww.bagpackvacation.com%2Fwp-admin%2Fthemes.php&reauth=1 HTTP/1.1" 200 2031 "-" "python-requests/2.27.1"
162.213.253.84 - - [27/Feb/2026:05:09:07 -0500] "POST /wp-admin/admin-ajax.php?action=async_litespeed&nonce=6Qg5sY4kjtECYwuofO1DGwrRtyNRVuTc&litespeed_type=imgoptm HTTP/1.1" 200 0 "-" "WordPress/6.9.1; https://www.bagpackvacation.com"
154.38.160.164 - - [27/Feb/2026:05:09:51 -0500] "GET /wp-login.php HTTP/1.1" 200 1797 "https://bagpackvacation.com/wp-login.php" "Mozilla/4.0 (compatible; MSIE 7.0; Windows NT 6.2; Trident/7.0; .NET4.0E; .NET4.0C; .NET CLR 3.5.30729; .NET CLR 2.0.50727; .NET CLR 3.0.30729)"
209.141.49.144 - - [27/Feb/2026:05:13:31 -0500] "GET /wp-admin/plugin-install.php?tab=upload HTTP/1.1" 302 0 "-" "python-requests/2.27.1"
105.235.131.116 - - [27/Feb/2026:05:26:38 -0500] "GET /5-night-6-days-splendours-of-sri-lanka-package/ HTTP/1.1" 200 30018 "-" "Mozilla/5.0 (Windows NT 6.1; Win64; x64) AppleWebKit/537.36 (KHTML, like Gecko) Chrome/93.0.4558.0 Safari/537.36"
18.214.238.178 - - [27/Feb/2026:05:48:19 -0500] "GET /6-night-7-days-luxury-honeymoon-package/ HTTP/1.1" 200 30724 "-" "Mozilla/5.0 AppleWebKit/537.36 (KHTML, like Gecko; compatible; Amazonbot/0.1; +https://developer.amazon.com/support/amazonbot) Chrome/119.0.6045.214 Safari/537.36"
34.203.111.15 - - [27/Feb/2026:05:48:24 -0500] "GET /terms-conditions-with-cancellation-policy/ HTTP/1.1" 200 28180 "-" "Mozilla/5.0 AppleWebKit/537.36 (KHTML, like Gecko; compatible; Amazonbot/0.1; +https://developer.amazon.com/support/amazonbot) Chrome/119.0.6045.214 Safari/537.36"
52.5.232.250 - - [27/Feb/2026:05:48:33 -0500] "GET /3-night-4-days-bali-loaded/ HTTP/1.1" 200 29761 "-" "Mozilla/5.0 AppleWebKit/537.36 (KHTML, like Gecko; compatible; Amazonbot/0.1; +https://developer.amazon.com/support/amazonbot) Chrome/119.0.6045.214 Safari/537.36"
162.213.253.84 - - [27/Feb/2026:05:48:40 -0500] "POST /wp-cron.php?doing_wp_cron=1772189320.5990378856658935546875 HTTP/1.1" 200 0 "-" "WordPress/6.9.1; https://www.bagpackvacation.com"
54.197.114.76 - - [27/Feb/2026:05:48:37 -0500] "GET /goa-tour-packages/ HTTP/1.1" 200 26596 "-" "Mozilla/5.0 AppleWebKit/537.36 (KHTML, like Gecko; compatible; Amazonbot/0.1; +https://developer.amazon.com/support/amazonbot) Chrome/119.0.6045.214 Safari/537.36"
162.213.253.84 - - [27/Feb/2026:05:48:41 -0500] "POST /wp-admin/admin-ajax.php?action=async_litespeed&nonce=dv9w12lh0rHUSRGl3ty6C3UzDjLp1QFn&litespeed_type=imgoptm HTTP/1.1" 200 0 "-" "WordPress/6.9.1; https://www.bagpackvacation.com"
209.141.49.144 - - [27/Feb/2026:05:49:43 -0500] "GET /wp-login.php HTTP/1.1" 301 795 "-" "Mozilla/5.0 (iPhone; CPU iPhone OS 7_0_4 like Mac OS X) AppleWebKit/537.51.1 (KHTML, like Gecko) Version/7.0 Mobile/11B554a Safari/9537.53"
209.141.49.144 - - [27/Feb/2026:05:51:08 -0500] "POST /wp-login.php HTTP/1.1" 301 795 "-" "Mozilla/5.0 (iPhone; CPU iPhone OS 7_0_4 like Mac OS X) AppleWebKit/537.51.1 (KHTML, like Gecko) Version/7.0 Mobile/11B554a Safari/9537.53"
44.210.204.255 - - [27/Feb/2026:05:48:26 -0500] "GET /4-night-5-days-best-holiday-package-for-bangkok-pattaya/ HTTP/1.1" 200 29677 "-" "Mozilla/5.0 AppleWebKit/537.36 (KHTML, like Gecko; compatible; Amazonbot/0.1; +https://developer.amazon.com/support/amazonbot) Chrome/119.0.6045.214 Safari/537.36"
209.141.49.144 - - [27/Feb/2026:05:50:11 -0500] "GET /wp-login.php HTTP/1.1" 200 5761 "-" "Mozilla/5.0 (iPhone; CPU iPhone OS 7_0_4 like Mac OS X) AppleWebKit/537.51.1 (KHTML, like Gecko) Version/7.0 Mobile/11B554a Safari/9537.53"
162.213.253.84 - - [27/Feb/2026:05:54:16 -0500] "POST /wp-admin/admin-ajax.php?action=async_litespeed&nonce=ljUmWf36b0Kylv1YmhfVl6RuWmxCL7zK&litespeed_type=imgoptm HTTP/1.1" 200 0 "-" "WordPress/6.9.1; https://www.bagpackvacation.com"
209.141.49.144 - - [27/Feb/2026:05:55:37 -0500] "GET /wp-admin/plugin-install.php?tab=upload HTTP/1.1" 301 795 "-" "python-requests/2.27.1"
162.213.253.84 - - [27/Feb/2026:05:56:57 -0500] "POST /wp-cron.php?doing_wp_cron=1772189817.1893999576568603515625 HTTP/1.1" 200 0 "-" "WordPress/6.9.1; https://www.bagpackvacation.com"
162.213.253.84 - - [27/Feb/2026:05:56:58 -0500] "POST /wp-admin/admin-ajax.php?action=async_litespeed&nonce=0aXSztbXhYyR7zJvMnneVhc65QoqZZI7&litespeed_type=imgoptm HTTP/1.1" 200 0 "-" "WordPress/6.9.1; https://www.bagpackvacation.com"
209.141.49.144 - - [27/Feb/2026:05:57:02 -0500] "GET /wp-login.php?redirect_to=https%3A%2F%2Fwww.bagpackvacation.com%2Fwp-admin%2Fplugin-install.php%3Ftab%3Dupload&reauth=1 HTTP/1.1" 200 2037 "-" "python-requests/2.27.1"
52.66.167.92 - - [27/Feb/2026:05:57:55 -0500] "GET /wp-login.php HTTP/1.1" 301 795 "-" "Mozilla/5.0 (Windows NT 6.3; WOW64) AppleWebKit/537.36 (KHTML, like Gecko) Chrome/66.0.3359.139 Safari/537.36"
52.66.167.92 - - [27/Feb/2026:05:57:58 -0500] "GET /wp-login.php HTTP/1.1" 200 1797 "https://bagpackvacation.com/wp-login.php" "Mozilla/5.0 (Windows NT 6.3; WOW64) AppleWebKit/537.36 (KHTML, like Gecko) Chrome/66.0.3359.139 Safari/537.36"
209.141.49.144 - - [27/Feb/2026:05:51:50 -0500] "GET /wp-login.php HTTP/1.1" 200 5761 "-" "Mozilla/5.0 (iPhone; CPU iPhone OS 7_0_4 like Mac OS X) AppleWebKit/537.51.1 (KHTML, like Gecko) Version/7.0 Mobile/11B554a Safari/9537.53"
209.141.49.144 - - [27/Feb/2026:05:52:47 -0500] "GET /wp-admin/themes.php HTTP/1.1" 301 795 "-" "python-requests/2.27.1"
162.213.253.84 - - [27/Feb/2026:05:54:15 -0500] "POST /wp-cron.php?doing_wp_cron=1772189655.5443201065063476562500 HTTP/1.1" 200 0 "-" "WordPress/6.9.1; https://www.bagpackvacation.com"
209.141.49.144 - - [27/Feb/2026:05:54:14 -0500] "GET /wp-admin/themes.php HTTP/1.1" 302 0 "-" "python-requests/2.27.1"
209.141.49.144 - - [27/Feb/2026:05:54:19 -0500] "GET /wp-login.php?redirect_to=https%3A%2F%2Fwww.bagpackvacation.com%2Fwp-admin%2Fthemes.php&reauth=1 HTTP/1.1" 200 2031 "-" "python-requests/2.27.1"
209.141.49.144 - - [27/Feb/2026:05:56:55 -0500] "GET /wp-admin/plugin-install.php?tab=upload HTTP/1.1" 302 0 "-" "python-requests/2.27.1"
52.66.167.92 - - [27/Feb/2026:05:57:57 -0500] "GET /wp-login.php HTTP/1.1" 200 1797 "https://bagpackvacation.com/wp-login.php" "Mozilla/5.0 (Windows NT 6.3; WOW64) AppleWebKit/537.36 (KHTML, like Gecko) Chrome/66.0.3359.139 Safari/537.36"
52.66.167.92 - - [27/Feb/2026:05:57:57 -0500] "POST /wp-login.php HTTP/1.1" 301 795 "https://bagpackvacation.com/wp-login.php" "Mozilla/5.0 (Windows NT 6.3; WOW64) AppleWebKit/537.36 (KHTML, like Gecko) Chrome/66.0.3359.139 Safari/537.36"