51.195.5.200 - - [26/Feb/2026:09:04:26 -0500] "GET /wp-login.php HTTP/1.1" 301 795 "-" "Mozilla/5.0 (Windows NT 6.1) AppleWebKit/537.36 (KHTML, like Gecko) Chrome/66.0.3359.117 Safari/537.36"
51.195.5.200 - - [26/Feb/2026:09:04:30 -0500] "GET /wp-login.php HTTP/1.1" 200 1797 "https://bagpackvacation.com/wp-login.php" "Mozilla/5.0 (Windows NT 6.1) AppleWebKit/537.36 (KHTML, like Gecko) Chrome/66.0.3359.117 Safari/537.36"
110.249.201.46 - - [26/Feb/2026:09:10:27 -0500] "GET /robots.txt HTTP/1.1" 301 795 "-" "Mozilla/5.0 (Linux; Android 5.0) AppleWebKit/537.36 (KHTML, like Gecko) Mobile Safari/537.36 (compatible; Bytespider; https://zhanzhang.toutiao.com/)"
110.249.201.160 - - [26/Feb/2026:09:10:30 -0500] "GET /robots.txt HTTP/1.1" 200 129 "-" "Mozilla/5.0 (Linux; Android 5.0) AppleWebKit/537.36 (KHTML, like Gecko) Mobile Safari/537.36 (compatible; Bytespider; https://zhanzhang.toutiao.com/)"
63.250.47.43 - - [26/Feb/2026:09:13:47 -0500] "GET /wp-login.php HTTP/1.1" 200 1797 "https://bagpackvacation.com/wp-login.php" "Mozilla/5.0 (Windows NT 6.3; WOW64; rv:60.0) Gecko/20100101 Firefox/60.0"
121.200.216.13 - - [26/Feb/2026:09:18:46 -0500] "GET /wp-login.php HTTP/1.1" 301 795 "-" "Mozilla/5.0 (compatible; MSIE 9.0; Windows NT 6.1; WOW64; Trident/7.0; Swinburne)"
121.200.216.13 - - [26/Feb/2026:09:18:49 -0500] "GET /wp-login.php HTTP/1.1" 200 1797 "https://bagpackvacation.com/wp-login.php" "Mozilla/5.0 (compatible; MSIE 9.0; Windows NT 6.1; WOW64; Trident/7.0; Swinburne)"
121.200.216.13 - - [26/Feb/2026:09:18:53 -0500] "GET /wp-login.php HTTP/1.1" 200 1797 "https://bagpackvacation.com/wp-login.php" "Mozilla/5.0 (compatible; MSIE 9.0; Windows NT 6.1; WOW64; Trident/7.0; Swinburne)"
74.91.223.129 - - [26/Feb/2026:09:28:59 -0500] "GET /wp-login.php HTTP/1.1" 301 795 "-" "Mozilla/5.0 (Windows NT 6.1) AppleWebKit/537.36 (KHTML, like Gecko) Chrome/67.0.3396.62 Safari/537.36"
121.200.216.13 - - [26/Feb/2026:09:18:50 -0500] "POST /wp-login.php HTTP/1.1" 301 795 "https://bagpackvacation.com/wp-login.php" "Mozilla/5.0 (compatible; MSIE 9.0; Windows NT 6.1; WOW64; Trident/7.0; Swinburne)"
74.91.223.129 - - [26/Feb/2026:09:29:00 -0500] "GET /wp-login.php HTTP/1.1" 200 1797 "https://bagpackvacation.com/wp-login.php" "Mozilla/5.0 (Windows NT 6.1) AppleWebKit/537.36 (KHTML, like Gecko) Chrome/67.0.3396.62 Safari/537.36"
74.91.223.129 - - [26/Feb/2026:09:29:01 -0500] "POST /wp-login.php HTTP/1.1" 301 795 "https://bagpackvacation.com/wp-login.php" "Mozilla/5.0 (Windows NT 6.1) AppleWebKit/537.36 (KHTML, like Gecko) Chrome/67.0.3396.62 Safari/537.36"
74.91.223.129 - - [26/Feb/2026:09:29:01 -0500] "GET /wp-login.php HTTP/1.1" 200 1797 "https://bagpackvacation.com/wp-login.php" "Mozilla/5.0 (Windows NT 6.1) AppleWebKit/537.36 (KHTML, like Gecko) Chrome/67.0.3396.62 Safari/537.36"
162.213.253.84 - - [26/Feb/2026:09:36:11 -0500] "POST /wp-cron.php?doing_wp_cron=1772116570.9448020458221435546875 HTTP/1.1" 200 0 "-" "WordPress/6.9.1; https://www.bagpackvacation.com"
162.213.253.84 - - [26/Feb/2026:09:36:12 -0500] "POST /wp-admin/admin-ajax.php?action=async_litespeed&nonce=g4Me3MdIag7T650TuPS0wjzFLPprfW6c&litespeed_type=imgoptm HTTP/1.1" 200 0 "-" "WordPress/6.9.1; https://www.bagpackvacation.com"
142.93.68.12 - - [26/Feb/2026:09:39:23 -0500] "GET /wp-login.php HTTP/1.1" 301 795 "-" "Mozilla/4.0 (compatible; MSIE 7.0; Windows NT 6.2; Trident/7.0; .NET4.0E; .NET4.0C)"
142.93.68.12 - - [26/Feb/2026:09:39:24 -0500] "GET /wp-login.php HTTP/1.1" 200 1797 "https://bagpackvacation.com/wp-login.php" "Mozilla/4.0 (compatible; MSIE 7.0; Windows NT 6.2; Trident/7.0; .NET4.0E; .NET4.0C)"
47.128.52.129 - - [26/Feb/2026:09:49:17 -0500] "GET /wp-content/uploads/2024/04/malaysiabanne.jpg HTTP/1.1" 206 500 "https://www.bagpackvacation.com/wp-content/uploads/elementor/css/post-334.css?ver=1714883546" "Mozilla/5.0 (Linux; Android 5.0) AppleWebKit/537.36 (KHTML, like Gecko) Mobile Safari/537.36 (compatible; Bytespider; [email protected])"
47.128.52.129 - - [26/Feb/2026:09:49:17 -0500] "GET /wp-content/uploads/elementor/thumbs/jennifer-pelegrin-8vjS5Nj9HMg-unsplash-min-q347v4f7nekwn0f0ayhx1554qcmhhk09pkklup8uyg.jpg HTTP/1.1" 206 500 "https://www.bagpackvacation.com/malaysia-tour-packages/" "Mozilla/5.0 (Linux; Android 5.0) AppleWebKit/537.36 (KHTML, like Gecko) Mobile Safari/537.36 (compatible; Bytespider; [email protected])"
47.128.52.129 - - [26/Feb/2026:09:49:17 -0500] "GET /wp-content/uploads/elementor/thumbs/elliot-andrews-Hu7vsM6Nl3c-unsplash-min-q347x5qmghd9slgieu6tfmn32el45y3bznghaa85h4.jpg HTTP/1.1" 206 500 "https://www.bagpackvacation.com/malaysia-tour-packages/" "Mozilla/5.0 (Linux; Android 5.0) AppleWebKit/537.36 (KHTML, like Gecko) Mobile Safari/537.36 (compatible; Bytespider; [email protected])"
47.128.52.129 - - [26/Feb/2026:09:49:17 -0500] "GET /wp-content/uploads/elementor/thumbs/fahrul-azmi-gyKmF0vnfBs-unsplash-min-q347xqf2mu5kw0mh234lyhf84vr6vadfeht5uddho8.jpg HTTP/1.1" 206 500 "https://www.bagpackvacation.com/malaysia-tour-packages/" "Mozilla/5.0 (Linux; Android 5.0) AppleWebKit/537.36 (KHTML, like Gecko) Mobile Safari/537.36 (compatible; Bytespider; [email protected])"
47.128.52.129 - - [26/Feb/2026:09:49:17 -0500] "GET /wp-content/uploads/elementor/thumbs/izuddin-helmi-adnan-vTveTqbaTNM-unsplash-min-q347z7219k5my6i0ipvpu451egjquc6e9qccpv7fzs.jpg HTTP/1.1" 206 500 "https://www.bagpackvacation.com/malaysia-tour-packages/" "Mozilla/5.0 (Linux; Android 5.0) AppleWebKit/537.36 (KHTML, like Gecko) Mobile Safari/537.36 (compatible; Bytespider; [email protected])"
31.56.177.209 - - [26/Feb/2026:09:36:08 -0500] "GET /wp-content/plugins/buddypress/readme.txt HTTP/1.1" 404 21162 "http://bagpackvacation.com/wp-content/plugins/buddypress/readme.txt" "Mozilla/5.0 (Macintosh; Intel Mac OS X 10_13) AppleWebKit/603.1.13 (KHTML, like Gecko) Version/10.1 Safari/603.1.13"
142.93.68.12 - - [26/Feb/2026:09:39:24 -0500] "POST /wp-login.php HTTP/1.1" 301 795 "https://bagpackvacation.com/wp-login.php" "Mozilla/4.0 (compatible; MSIE 7.0; Windows NT 6.2; Trident/7.0; .NET4.0E; .NET4.0C)"
142.93.68.12 - - [26/Feb/2026:09:39:24 -0500] "GET /wp-login.php HTTP/1.1" 200 1797 "https://bagpackvacation.com/wp-login.php" "Mozilla/4.0 (compatible; MSIE 7.0; Windows NT 6.2; Trident/7.0; .NET4.0E; .NET4.0C)"
162.213.253.84 - - [26/Feb/2026:09:49:15 -0500] "POST /wp-cron.php?doing_wp_cron=1772117355.5284650325775146484375 HTTP/1.1" 200 0 "-" "WordPress/6.9.1; https://www.bagpackvacation.com"
47.128.52.129 - - [26/Feb/2026:09:49:13 -0500] "GET /malaysia-tour-packages/ HTTP/1.1" 200 25462 "-" "Mozilla/5.0 (Linux; Android 5.0) AppleWebKit/537.36 (KHTML, like Gecko) Mobile Safari/537.36 (compatible; Bytespider; [email protected])"
47.128.52.129 - - [26/Feb/2026:09:49:16 -0500] "GET /wp-content/uploads/elementor/css/post-334.css?ver=1714883546 HTTP/1.1" 200 3546 "https://www.bagpackvacation.com/malaysia-tour-packages/" "Mozilla/5.0 (Linux; Android 5.0) AppleWebKit/537.36 (KHTML, like Gecko) Mobile Safari/537.36 (compatible; Bytespider; [email protected])"
47.128.52.129 - - [26/Feb/2026:09:49:16 -0500] "GET /wp-content/uploads/2023/02/PATTAYA-WEEKEND-GETAWAY.jpg HTTP/1.1" 206 500 "https://www.bagpackvacation.com/malaysia-tour-packages/" "Mozilla/5.0 (Linux; Android 5.0) AppleWebKit/537.36 (KHTML, like Gecko) Mobile Safari/537.36 (compatible; Bytespider; [email protected])"
47.128.52.129 - - [26/Feb/2026:09:49:17 -0500] "GET /wp-content/uploads/elementor/thumbs/amin-haiqal-1rM0-iwjv-k-unsplash-min-q347ugx8wjoqkrd546c8st2lvpub54ezac9gus7pa0.jpg HTTP/1.1" 206 500 "https://www.bagpackvacation.com/malaysia-tour-packages/" "Mozilla/5.0 (Linux; Android 5.0) AppleWebKit/537.36 (KHTML, like Gecko) Mobile Safari/537.36 (compatible; Bytespider; [email protected])"
162.213.253.84 - - [26/Feb/2026:09:49:16 -0500] "POST /wp-admin/admin-ajax.php?action=async_litespeed&nonce=x7UUt8Wlh7om2tIfDaBmlrMgdvK2i1po&litespeed_type=imgoptm HTTP/1.1" 200 0 "-" "WordPress/6.9.1; https://www.bagpackvacation.com"
47.128.52.129 - - [26/Feb/2026:09:49:17 -0500] "GET /wp-content/uploads/elementor/thumbs/buildings-g628c989f7_640-min-q347w9s4045ituqxlgdi2upevaymw8kgj99yyvjjco.jpg HTTP/1.1" 206 500 "https://www.bagpackvacation.com/malaysia-tour-packages/" "Mozilla/5.0 (Linux; Android 5.0) AppleWebKit/537.36 (KHTML, like Gecko) Mobile Safari/537.36 (compatible; Bytespider; [email protected])"
47.128.52.129 - - [26/Feb/2026:09:49:17 -0500] "GET /wp-content/uploads/elementor/thumbs/izuddin-helmi-adnan-1e71PSox7m8-unsplash-min-q347yhoe516w8pivmwwsgsjld20u2idn68q8re92ns.jpg HTTP/1.1" 206 500 "https://www.bagpackvacation.com/malaysia-tour-packages/" "Mozilla/5.0 (Linux; Android 5.0) AppleWebKit/537.36 (KHTML, like Gecko) Mobile Safari/537.36 (compatible; Bytespider; [email protected])"
109.199.112.156 - - [26/Feb/2026:09:54:37 -0500] "GET /wp-login.php HTTP/1.1" 301 795 "-" "Mozilla/5.0 (Windows NT 6.3; WOW64; Trident/7.0; MASPJS; rv:11.0) like Gecko"
109.199.112.156 - - [26/Feb/2026:09:54:43 -0500] "GET /wp-login.php HTTP/1.1" 200 1797 "https://bagpackvacation.com/wp-login.php" "Mozilla/5.0 (Windows NT 6.3; WOW64; Trident/7.0; MASPJS; rv:11.0) like Gecko"
47.128.62.129 - - [26/Feb/2026:09:58:56 -0500] "GET /wp-content/uploads/2023/03/elementor/thumbs/rayyu-maldives-xPsFXsbXJRg-unsplash-1-q347drcjekt86bmyoyb0h0vlp47eau2rnmqppoznw8.jpg HTTP/1.1" 404 103350 "https://www.bagpackvacation.com/3-night-4-days-exotic-maldives/" "Mozilla/5.0 (Linux; Android 5.0) AppleWebKit/537.36 (KHTML, like Gecko) Mobile Safari/537.36 (compatible; Bytespider; [email protected])"
162.213.253.84 - - [26/Feb/2026:10:05:29 -0500] "POST /wp-cron.php?doing_wp_cron=1772118329.2161879539489746093750 HTTP/1.1" 200 0 "-" "WordPress/6.9.1; https://www.bagpackvacation.com"
64.188.91.93 - - [26/Feb/2026:10:05:29 -0500] "GET /wp-login.php?redirect_to=https%3A%2F%2Fwww.bagpackvacation.com%2Fwp-admin%2Findex.php&reauth=1 HTTP/1.1" 200 2030 "https://www.bagpackvacation.com/wp-admin/index.php" "Mozilla/5.0 (Windows NT 10.0; Win64; x64) AppleWebKit/537.36 (KHTML, like Gecko) Chrome/92.0.4515.107 Safari/537.36"
162.213.253.84 - - [26/Feb/2026:10:05:30 -0500] "POST /wp-admin/admin-ajax.php?action=async_litespeed&nonce=oSvRPtDOVbyM1tKmcJLqT0BnxNgSuluM&litespeed_type=imgoptm HTTP/1.1" 200 0 "-" "WordPress/6.9.1; https://www.bagpackvacation.com"
109.199.112.156 - - [26/Feb/2026:09:54:46 -0500] "POST /wp-login.php HTTP/1.1" 301 795 "https://bagpackvacation.com/wp-login.php" "Mozilla/5.0 (Windows NT 6.3; WOW64; Trident/7.0; MASPJS; rv:11.0) like Gecko"
109.199.112.156 - - [26/Feb/2026:09:54:47 -0500] "GET /wp-login.php HTTP/1.1" 200 1797 "https://bagpackvacation.com/wp-login.php" "Mozilla/5.0 (Windows NT 6.3; WOW64; Trident/7.0; MASPJS; rv:11.0) like Gecko"
162.213.253.84 - - [26/Feb/2026:09:58:53 -0500] "POST /wp-cron.php?doing_wp_cron=1772117933.4829819202423095703125 HTTP/1.1" 200 0 "-" "WordPress/6.9.1; https://www.bagpackvacation.com"
47.128.62.129 - - [26/Feb/2026:09:58:51 -0500] "GET /3-night-4-days-exotic-maldives/ HTTP/1.1" 200 23658 "-" "Mozilla/5.0 (Linux; Android 5.0) AppleWebKit/537.36 (KHTML, like Gecko) Mobile Safari/537.36 (compatible; Bytespider; [email protected])"
47.128.62.129 - - [26/Feb/2026:09:58:55 -0500] "GET /wp-content/uploads/elementor/css/post-1652.css?ver=1715082614 HTTP/1.1" 200 2059 "https://www.bagpackvacation.com/3-night-4-days-exotic-maldives/" "Mozilla/5.0 (Linux; Android 5.0) AppleWebKit/537.36 (KHTML, like Gecko) Mobile Safari/537.36 (compatible; Bytespider; [email protected])"
162.213.253.84 - - [26/Feb/2026:09:58:54 -0500] "POST /wp-admin/admin-ajax.php?action=async_litespeed&nonce=T0Wbij4fhN2Y5Bc0gmZftzeNYS32nU6A&litespeed_type=imgoptm HTTP/1.1" 200 21 "-" "WordPress/6.9.1; https://www.bagpackvacation.com"
47.128.62.129 - - [26/Feb/2026:09:58:59 -0500] "GET /wp-content/uploads/2024/04/maldives-banner.jpg HTTP/1.1" 206 500 "https://www.bagpackvacation.com/wp-content/uploads/elementor/css/post-1652.css?ver=1715082614" "Mozilla/5.0 (Linux; Android 5.0) AppleWebKit/537.36 (KHTML, like Gecko) Mobile Safari/537.36 (compatible; Bytespider; [email protected])"
64.188.91.93 - - [26/Feb/2026:10:05:26 -0500] "POST / HTTP/1.1" 301 795 "-" "Mozilla/5.0 (Macintosh; Intel Mac OS X 10_15_7) AppleWebKit/605.1.15 (KHTML, like Gecko) Version/17.2.1 Safari/605.1.1"
64.188.91.93 - - [26/Feb/2026:10:05:27 -0500] "POST /wp-admin/index.php HTTP/1.1" 301 795 "-" "Mozilla/5.0 (Windows NT 10.0; Win64; x64) AppleWebKit/537.36 (KHTML, like Gecko) Chrome/92.0.4515.107 Safari/537.36"
64.188.91.93 - - [26/Feb/2026:10:05:27 -0500] "GET /wp-admin/index.php HTTP/1.1" 302 0 "https://bagpackvacation.com/wp-admin/index.php" "Mozilla/5.0 (Windows NT 10.0; Win64; x64) AppleWebKit/537.36 (KHTML, like Gecko) Chrome/92.0.4515.107 Safari/537.36"
179.108.84.136 - - [26/Feb/2026:10:12:04 -0500] "GET /wp-login.php HTTP/1.1" 200 1797 "https://bagpackvacation.com/wp-login.php" "Mozilla/5.0 (Windows NT 6.1; WOW64; Trident/7.0; MALCJS; rv:11.0) like Gecko"
179.108.84.136 - - [26/Feb/2026:10:12:04 -0500] "POST /wp-login.php HTTP/1.1" 301 795 "https://bagpackvacation.com/wp-login.php" "Mozilla/5.0 (Windows NT 6.1; WOW64; Trident/7.0; MALCJS; rv:11.0) like Gecko"
179.108.84.136 - - [26/Feb/2026:10:12:05 -0500] "GET /wp-login.php HTTP/1.1" 200 1797 "https://bagpackvacation.com/wp-login.php" "Mozilla/5.0 (Windows NT 6.1; WOW64; Trident/7.0; MALCJS; rv:11.0) like Gecko"
179.108.84.136 - - [26/Feb/2026:10:12:01 -0500] "GET /wp-login.php HTTP/1.1" 301 795 "-" "Mozilla/5.0 (Windows NT 6.1; WOW64; Trident/7.0; MALCJS; rv:11.0) like Gecko"
14.245.93.215 - - [26/Feb/2026:10:20:12 -0500] "GET /terms-conditions-with-cancellation-policy/ HTTP/1.1" 200 28180 "-" "Mozilla/5.0 (Windows NT 10.0; Win64; x64) AppleWebKit/537.36 (KHTML, like Gecko) Brave Chrome/89.0.4389.72 Safari/537.36"
117.18.124.211 - - [26/Feb/2026:10:20:34 -0500] "GET /wp-login.php HTTP/1.1" 301 795 "-" "Mozilla/5.0 (Windows NT 10.0; Win64; x64) AppleWebKit/537.36 (KHTML, like Gecko) Chrome/66.0.3359.170 Safari/537.36 OPR/53.0.2907.68"
117.18.124.211 - - [26/Feb/2026:10:20:37 -0500] "POST /wp-login.php HTTP/1.1" 301 795 "https://bagpackvacation.com/wp-login.php" "Mozilla/5.0 (Windows NT 10.0; Win64; x64) AppleWebKit/537.36 (KHTML, like Gecko) Chrome/66.0.3359.170 Safari/537.36 OPR/53.0.2907.68"
51.103.25.59 - - [26/Feb/2026:10:25:00 -0500] "GET /wp-login.php HTTP/1.1" 301 795 "-" "Mozilla/5.0 (Windows NT 6.3; WOW64; Trident/7.0; MAARJS; rv:11.0) like Gecko"
51.103.25.59 - - [26/Feb/2026:10:25:02 -0500] "GET /wp-login.php HTTP/1.1" 200 1797 "https://bagpackvacation.com/wp-login.php" "Mozilla/5.0 (Windows NT 6.3; WOW64; Trident/7.0; MAARJS; rv:11.0) like Gecko"
51.103.25.59 - - [26/Feb/2026:10:25:03 -0500] "GET /wp-login.php HTTP/1.1" 200 1797 "https://bagpackvacation.com/wp-login.php" "Mozilla/5.0 (Windows NT 6.3; WOW64; Trident/7.0; MAARJS; rv:11.0) like Gecko"
162.213.253.84 - - [26/Feb/2026:10:20:13 -0500] "POST /wp-cron.php?doing_wp_cron=1772119213.9480540752410888671875 HTTP/1.1" 200 0 "-" "WordPress/6.9.1; https://www.bagpackvacation.com"
162.213.253.84 - - [26/Feb/2026:10:20:15 -0500] "POST /wp-admin/admin-ajax.php?action=async_litespeed&nonce=AT1H5VCmaM3P1HKhogobDoTDPzxHMoAV&litespeed_type=imgoptm HTTP/1.1" 200 0 "-" "WordPress/6.9.1; https://www.bagpackvacation.com"
117.18.124.211 - - [26/Feb/2026:10:20:36 -0500] "GET /wp-login.php HTTP/1.1" 200 1797 "https://bagpackvacation.com/wp-login.php" "Mozilla/5.0 (Windows NT 10.0; Win64; x64) AppleWebKit/537.36 (KHTML, like Gecko) Chrome/66.0.3359.170 Safari/537.36 OPR/53.0.2907.68"
117.18.124.211 - - [26/Feb/2026:10:20:37 -0500] "GET /wp-login.php HTTP/1.1" 200 1797 "https://bagpackvacation.com/wp-login.php" "Mozilla/5.0 (Windows NT 10.0; Win64; x64) AppleWebKit/537.36 (KHTML, like Gecko) Chrome/66.0.3359.170 Safari/537.36 OPR/53.0.2907.68"
51.103.25.59 - - [26/Feb/2026:10:25:03 -0500] "POST /wp-login.php HTTP/1.1" 301 795 "https://bagpackvacation.com/wp-login.php" "Mozilla/5.0 (Windows NT 6.3; WOW64; Trident/7.0; MAARJS; rv:11.0) like Gecko"
23.111.179.58 - - [26/Feb/2026:10:33:27 -0500] "GET / HTTP/1.1" 200 40195 "https://bagpackvacation.com" "Mozilla/5.0 (Linux; Android 10; K) AppleWebKit/537.36 (KHTML, like Gecko) Chrome/143.0.0.0 Mobile Safari/537.36"
162.213.253.84 - - [26/Feb/2026:10:33:29 -0500] "POST /wp-cron.php?doing_wp_cron=1772120009.0454149246215820312500 HTTP/1.1" 200 0 "-" "WordPress/6.9.1; https://www.bagpackvacation.com"
23.111.179.58 - - [26/Feb/2026:10:33:27 -0500] "GET /wp-json/wc/store/cart HTTP/1.1" 200 1028 "-" "Mozilla/5.0 (Linux; Android 10; K) AppleWebKit/537.36 (KHTML, like Gecko) Chrome/143.0.0.0 Mobile Safari/537.36"
162.213.253.84 - - [26/Feb/2026:10:33:30 -0500] "POST /wp-admin/admin-ajax.php?action=async_litespeed&nonce=aHMvVOqfhJkFugPRWSCxORgye8HujP1h&litespeed_type=imgoptm HTTP/1.1" 200 0 "-" "WordPress/6.9.1; https://www.bagpackvacation.com"
199.58.81.73 - - [26/Feb/2026:10:33:53 -0500] "GET /wp-login.php HTTP/1.1" 301 795 "-" "Mozilla/5.0 (compatible; MSIE 10.0; Windows NT 6.2; Win64; x64; Trident/7.0)"
199.58.81.73 - - [26/Feb/2026:10:33:54 -0500] "GET /wp-login.php HTTP/1.1" 200 1797 "https://bagpackvacation.com/wp-login.php" "Mozilla/5.0 (compatible; MSIE 10.0; Windows NT 6.2; Win64; x64; Trident/7.0)"
199.58.81.73 - - [26/Feb/2026:10:33:54 -0500] "POST /wp-login.php HTTP/1.1" 301 795 "https://bagpackvacation.com/wp-login.php" "Mozilla/5.0 (compatible; MSIE 10.0; Windows NT 6.2; Win64; x64; Trident/7.0)"
199.58.81.73 - - [26/Feb/2026:10:33:54 -0500] "GET /wp-login.php HTTP/1.1" 200 1797 "https://bagpackvacation.com/wp-login.php" "Mozilla/5.0 (compatible; MSIE 10.0; Windows NT 6.2; Win64; x64; Trident/7.0)"
109.199.118.129 - - [26/Feb/2026:10:30:51 -0500] "GET / HTTP/1.1" 200 40195 "-" "Mozilla/5.0 (Windows NT 10.0; Win64; x64) AppleWebKit/537.36 (KHTML, like Gecko) Chrome/91.0.4472.114 Safari/537.36 Edg/91.0.864.54"
23.111.179.58 - - [26/Feb/2026:10:33:27 -0500] "GET / HTTP/1.1" 301 795 "-" "Mozilla/5.0 (Linux; Android 10; K) AppleWebKit/537.36 (KHTML, like Gecko) Chrome/143.0.0.0 Mobile Safari/537.36"
23.111.179.58 - - [26/Feb/2026:10:33:29 -0500] "GET /.env HTTP/1.1" 404 21137 "-" "Mozilla/5.0 (Linux; Android 10; K) AppleWebKit/537.36 (KHTML, like Gecko) Chrome/143.0.0.0 Mobile Safari/537.36"
88.99.141.188 - - [26/Feb/2026:10:47:55 -0500] "GET /wp-login.php HTTP/1.1" 301 795 "-" "Mozilla/5.0 (Windows NT 10.0; WOW64; Trident/7.0; rv:11.0) like Gecko"
88.99.141.188 - - [26/Feb/2026:10:47:57 -0500] "POST /wp-login.php HTTP/1.1" 301 795 "https://bagpackvacation.com/wp-login.php" "Mozilla/5.0 (Windows NT 10.0; WOW64; Trident/7.0; rv:11.0) like Gecko"
88.99.141.188 - - [26/Feb/2026:10:47:57 -0500] "GET /wp-login.php HTTP/1.1" 200 1797 "https://bagpackvacation.com/wp-login.php" "Mozilla/5.0 (Windows NT 10.0; WOW64; Trident/7.0; rv:11.0) like Gecko"
88.99.141.188 - - [26/Feb/2026:10:47:56 -0500] "GET /wp-login.php HTTP/1.1" 200 1797 "https://bagpackvacation.com/wp-login.php" "Mozilla/5.0 (Windows NT 10.0; WOW64; Trident/7.0; rv:11.0) like Gecko"
162.213.253.84 - - [26/Feb/2026:10:51:25 -0500] "POST /wp-admin/admin-ajax.php?action=async_litespeed&nonce=W6vOR7MUdgp30auHgBMPPCT1zsWoIudX&litespeed_type=imgoptm HTTP/1.1" 200 21 "-" "WordPress/6.9.1; https://www.bagpackvacation.com"
44.208.223.68 - - [26/Feb/2026:10:51:30 -0500] "GET / HTTP/1.1" 200 40195 "-" "Mozilla/5.0 AppleWebKit/537.36 (KHTML, like Gecko; compatible; Amazonbot/0.1; +https://developer.amazon.com/support/amazonbot) Chrome/119.0.6045.214 Safari/537.36"
46.4.193.145 - - [26/Feb/2026:10:57:01 -0500] "GET /wp-login.php HTTP/1.1" 301 795 "-" "Mozilla/5.0 (compatible; MSIE 10.0; Windows NT 6.1; Trident/7.0)"
46.4.193.145 - - [26/Feb/2026:10:57:02 -0500] "GET /wp-login.php HTTP/1.1" 200 1797 "https://bagpackvacation.com/wp-login.php" "Mozilla/5.0 (compatible; MSIE 10.0; Windows NT 6.1; Trident/7.0)"
162.213.253.84 - - [26/Feb/2026:10:51:30 -0500] "POST /wp-admin/admin-ajax.php?action=async_litespeed&nonce=B2wRiPZdT3fxjaEHSfav89wH3o3Jc8rZ&litespeed_type=imgoptm HTTP/1.1" 200 0 "-" "WordPress/6.9.1; https://www.bagpackvacation.com"
23.20.178.124 - - [26/Feb/2026:10:51:35 -0500] "GET /manali-tour-packages/ HTTP/1.1" 200 27423 "-" "Mozilla/5.0 AppleWebKit/537.36 (KHTML, like Gecko; compatible; Amazonbot/0.1; +https://developer.amazon.com/support/amazonbot) Chrome/119.0.6045.214 Safari/537.36"
46.4.193.145 - - [26/Feb/2026:10:57:02 -0500] "POST /wp-login.php HTTP/1.1" 301 795 "https://bagpackvacation.com/wp-login.php" "Mozilla/5.0 (compatible; MSIE 10.0; Windows NT 6.1; Trident/7.0)"
46.4.193.145 - - [26/Feb/2026:10:57:03 -0500] "GET /wp-login.php HTTP/1.1" 200 1797 "https://bagpackvacation.com/wp-login.php" "Mozilla/5.0 (compatible; MSIE 10.0; Windows NT 6.1; Trident/7.0)"
162.213.253.84 - - [26/Feb/2026:11:00:10 -0500] "POST /wp-cron.php?doing_wp_cron=1772121609.9686770439147949218750 HTTP/1.1" 200 0 "-" "WordPress/6.9.1; https://www.bagpackvacation.com"
57.128.87.124 - - [26/Feb/2026:11:01:22 -0500] "GET /wp-login.php HTTP/1.1" 301 795 "-" "Mozilla/5.0 (Windows NT 6.3; WOW64; Trident/7.0; MAGWJS; rv:11.0) like Gecko"
31.56.177.209 - - [26/Feb/2026:11:00:08 -0500] "GET /?feed=rss2 HTTP/1.1" 301 0 "http://bagpackvacation.com/?feed=rss2" "Mozilla/5.0 (Macintosh; Intel Mac OS X 10_13) AppleWebKit/603.1.13 (KHTML, like Gecko) Version/10.1 Safari/603.1.13"
31.56.177.209 - - [26/Feb/2026:11:00:10 -0500] "GET /feed/ HTTP/1.1" 200 489 "https://www.bagpackvacation.com/?feed=rss2" "Mozilla/5.0 (Macintosh; Intel Mac OS X 10_13) AppleWebKit/603.1.13 (KHTML, like Gecko) Version/10.1 Safari/603.1.13"
162.213.253.84 - - [26/Feb/2026:11:00:11 -0500] "POST /wp-admin/admin-ajax.php?action=async_litespeed&nonce=9GCI5iWuHEXjtNBK0o4AJ0BoeUB8E902&litespeed_type=imgoptm HTTP/1.1" 200 0 "-" "WordPress/6.9.1; https://www.bagpackvacation.com"
57.128.87.124 - - [26/Feb/2026:11:01:26 -0500] "GET /wp-login.php HTTP/1.1" 200 1797 "https://bagpackvacation.com/wp-login.php" "Mozilla/5.0 (Windows NT 6.3; WOW64; Trident/7.0; MAGWJS; rv:11.0) like Gecko"
65.21.12.180 - - [26/Feb/2026:11:05:50 -0500] "GET /wp-login.php HTTP/1.1" 301 795 "-" "Mozilla/5.0 (Windows NT 6.3; WOW64; Trident/7.0; TNJB; rv:11.0) like Gecko"
65.21.12.180 - - [26/Feb/2026:11:06:30 -0500] "GET /wp-login.php HTTP/1.1" 301 795 "-" "Mozilla/5.0 (Windows NT 6.3; WOW64; Trident/7.0; TNJB; rv:11.0) like Gecko"
85.215.241.149 - - [26/Feb/2026:11:10:24 -0500] "GET /wp-login.php HTTP/1.1" 200 1797 "https://bagpackvacation.com/wp-login.php" "Mozilla/5.0 (Windows NT 10.0) AppleWebKit/537.36 (KHTML, like Gecko) Chrome/66.0.3359.117 Safari/537.36"
85.215.241.149 - - [26/Feb/2026:11:10:24 -0500] "POST /wp-login.php HTTP/1.1" 301 795 "https://bagpackvacation.com/wp-login.php" "Mozilla/5.0 (Windows NT 10.0) AppleWebKit/537.36 (KHTML, like Gecko) Chrome/66.0.3359.117 Safari/537.36"
85.215.241.149 - - [26/Feb/2026:11:10:25 -0500] "GET /wp-login.php HTTP/1.1" 200 1797 "https://bagpackvacation.com/wp-login.php" "Mozilla/5.0 (Windows NT 10.0) AppleWebKit/537.36 (KHTML, like Gecko) Chrome/66.0.3359.117 Safari/537.36"
57.128.87.124 - - [26/Feb/2026:11:01:27 -0500] "POST /wp-login.php HTTP/1.1" 301 795 "https://bagpackvacation.com/wp-login.php" "Mozilla/5.0 (Windows NT 6.3; WOW64; Trident/7.0; MAGWJS; rv:11.0) like Gecko"
57.128.87.124 - - [26/Feb/2026:11:01:28 -0500] "GET /wp-login.php HTTP/1.1" 200 1797 "https://bagpackvacation.com/wp-login.php" "Mozilla/5.0 (Windows NT 6.3; WOW64; Trident/7.0; MAGWJS; rv:11.0) like Gecko"
65.21.12.180 - - [26/Feb/2026:11:06:12 -0500] "GET /wp-login.php HTTP/1.1" 301 795 "-" "Mozilla/5.0 (Windows NT 6.3; WOW64; Trident/7.0; TNJB; rv:11.0) like Gecko"
85.215.241.149 - - [26/Feb/2026:11:10:20 -0500] "GET /wp-login.php HTTP/1.1" 301 795 "-" "Mozilla/5.0 (Windows NT 10.0) AppleWebKit/537.36 (KHTML, like Gecko) Chrome/66.0.3359.117 Safari/537.36"
212.47.70.96 - - [26/Feb/2026:11:15:39 -0500] "GET /wp-login.php HTTP/1.1" 301 795 "-" "Mozilla/4.0 (compatible; MSIE 7.0; Windows NT 6.3; WOW64; Trident/7.0; .NET4.0E; .NET4.0C; InfoPath.3)"
212.47.70.96 - - [26/Feb/2026:11:15:54 -0500] "GET /wp-login.php HTTP/1.1" 301 795 "-" "Mozilla/4.0 (compatible; MSIE 7.0; Windows NT 6.3; WOW64; Trident/7.0; .NET4.0E; .NET4.0C; InfoPath.3)"
212.47.70.96 - - [26/Feb/2026:11:15:14 -0500] "GET /wp-login.php HTTP/1.1" 301 795 "-" "Mozilla/4.0 (compatible; MSIE 7.0; Windows NT 6.3; WOW64; Trident/7.0; .NET4.0E; .NET4.0C; InfoPath.3)"
212.47.70.96 - - [26/Feb/2026:11:15:23 -0500] "GET /wp-login.php HTTP/1.1" 200 1797 "https://bagpackvacation.com/wp-login.php" "Mozilla/4.0 (compatible; MSIE 7.0; Windows NT 6.3; WOW64; Trident/7.0; .NET4.0E; .NET4.0C; InfoPath.3)"
213.163.198.92 - - [26/Feb/2026:11:19:41 -0500] "GET /wp-login.php HTTP/1.1" 301 795 "-" "Mozilla/5.0 (Windows NT 6.1; WOW64; Trident/7.0; MSBrowserIE; rv:11.0) like Gecko"
213.163.198.92 - - [26/Feb/2026:11:19:44 -0500] "GET /wp-login.php HTTP/1.1" 200 1797 "https://bagpackvacation.com/wp-login.php" "Mozilla/5.0 (Windows NT 6.1; WOW64; Trident/7.0; MSBrowserIE; rv:11.0) like Gecko"
216.73.216.58 - - [26/Feb/2026:11:24:44 -0500] "GET /robots.txt HTTP/1.1" 301 795 "-" "Mozilla/5.0 AppleWebKit/537.36 (KHTML, like Gecko; compatible; ClaudeBot/1.0; [email protected])"
216.73.216.58 - - [26/Feb/2026:11:24:44 -0500] "GET /sitemap.xml HTTP/1.1" 301 795 "-" "Mozilla/5.0 AppleWebKit/537.36 (KHTML, like Gecko; compatible; ClaudeBot/1.0; [email protected])"
162.213.253.84 - - [26/Feb/2026:11:24:47 -0500] "POST /wp-cron.php?doing_wp_cron=1772123087.0579519271850585937500 HTTP/1.1" 200 0 "-" "WordPress/6.9.1; https://www.bagpackvacation.com"
216.73.216.58 - - [26/Feb/2026:11:24:45 -0500] "GET /wp-sitemap.xml HTTP/1.1" 404 18609 "https://www.bagpackvacation.com/sitemap.xml" "Mozilla/5.0 AppleWebKit/537.36 (KHTML, like Gecko; compatible; ClaudeBot/1.0; [email protected])"
72.57.65.20 - - [26/Feb/2026:11:30:19 -0500] "POST /wp-admin/admin-ajax.php HTTP/1.1" 200 17 "https://www.bagpackvacation.com/contact-us/" "Mozilla/5.0 (Macintosh; Intel Mac OS X 12_5) AppleWebKit/537.36 (KHTML, like Gecko) Chrome/114.0.0.0 Safari/537.36 Vivaldi/5.3.2679.68"
162.213.253.84 - - [26/Feb/2026:11:30:24 -0500] "POST /wp-admin/admin-ajax.php?action=async_litespeed&nonce=KrLUfIrBUPFTA0vc7mubiWiZn98EZb7j&litespeed_type=imgoptm HTTP/1.1" 200 0 "-" "WordPress/6.9.1; https://www.bagpackvacation.com"
66.116.196.26 - - [26/Feb/2026:11:32:20 -0500] "GET /wp-login.php HTTP/1.1" 200 1797 "https://bagpackvacation.com/wp-login.php" "Mozilla/5.0 (Windows NT 6.1; Win64; x64) AppleWebKit/537.36 (KHTML, like Gecko) Chrome/65.0.3325.181 Safari/537.36 OPR/52.0.2871.40"
66.116.196.26 - - [26/Feb/2026:11:32:24 -0500] "GET /wp-login.php HTTP/1.1" 200 1797 "https://bagpackvacation.com/wp-login.php" "Mozilla/5.0 (Windows NT 6.1; Win64; x64) AppleWebKit/537.36 (KHTML, like Gecko) Chrome/65.0.3325.181 Safari/537.36 OPR/52.0.2871.40"
213.163.198.92 - - [26/Feb/2026:11:19:42 -0500] "GET /wp-login.php HTTP/1.1" 200 1797 "https://bagpackvacation.com/wp-login.php" "Mozilla/5.0 (Windows NT 6.1; WOW64; Trident/7.0; MSBrowserIE; rv:11.0) like Gecko"
213.163.198.92 - - [26/Feb/2026:11:19:43 -0500] "POST /wp-login.php HTTP/1.1" 301 795 "https://bagpackvacation.com/wp-login.php" "Mozilla/5.0 (Windows NT 6.1; WOW64; Trident/7.0; MSBrowserIE; rv:11.0) like Gecko"
216.73.216.58 - - [26/Feb/2026:11:24:44 -0500] "GET /robots.txt HTTP/1.1" 200 108 "https://bagpackvacation.com/robots.txt" "Mozilla/5.0 AppleWebKit/537.36 (KHTML, like Gecko; compatible; ClaudeBot/1.0; [email protected])"
216.73.216.58 - - [26/Feb/2026:11:24:44 -0500] "GET /sitemap.xml HTTP/1.1" 301 0 "https://bagpackvacation.com/sitemap.xml" "Mozilla/5.0 AppleWebKit/537.36 (KHTML, like Gecko; compatible; ClaudeBot/1.0; [email protected])"
162.213.253.84 - - [26/Feb/2026:11:24:48 -0500] "POST /wp-admin/admin-ajax.php?action=async_litespeed&nonce=uDFLJe7LIz1wua3qTMPwbWszNcdhongw&litespeed_type=imgoptm HTTP/1.1" 200 0 "-" "WordPress/6.9.1; https://www.bagpackvacation.com"
72.57.65.20 - - [26/Feb/2026:11:30:18 -0500] "GET /contact-us/ HTTP/1.1" 200 22376 "-" "Mozilla/5.0 (Macintosh; Intel Mac OS X 12_5) AppleWebKit/537.36 (KHTML, like Gecko) Chrome/114.0.0.0 Safari/537.36 Vivaldi/5.3.2679.68"
162.213.253.84 - - [26/Feb/2026:11:30:22 -0500] "POST /wp-cron.php?doing_wp_cron=1772123422.4739840030670166015625 HTTP/1.1" 200 0 "-" "WordPress/6.9.1; https://www.bagpackvacation.com"
66.116.196.26 - - [26/Feb/2026:11:32:17 -0500] "GET /wp-login.php HTTP/1.1" 301 795 "-" "Mozilla/5.0 (Windows NT 6.1; Win64; x64) AppleWebKit/537.36 (KHTML, like Gecko) Chrome/65.0.3325.181 Safari/537.36 OPR/52.0.2871.40"
66.116.196.26 - - [26/Feb/2026:11:32:21 -0500] "POST /wp-login.php HTTP/1.1" 301 795 "https://bagpackvacation.com/wp-login.php" "Mozilla/5.0 (Windows NT 6.1; Win64; x64) AppleWebKit/537.36 (KHTML, like Gecko) Chrome/65.0.3325.181 Safari/537.36 OPR/52.0.2871.40"
31.13.115.2 - - [26/Feb/2026:11:44:34 -0500] "GET / HTTP/1.1" 200 254363 "-" "facebookexternalhit/1.1 (+http://www.facebook.com/externalhit_uatext.php)"
117.18.124.211 - - [26/Feb/2026:11:45:16 -0500] "POST /wp-login.php HTTP/1.1" 301 795 "https://bagpackvacation.com/wp-login.php" "Mozilla/5.0 (Windows NT 6.3; WOW64; Trident/7.0; MAPBJS; rv:11.0) like Gecko"
52.167.144.59 - - [26/Feb/2026:11:48:43 -0500] "GET /robots.txt HTTP/1.1" 301 795 "-" "Mozilla/5.0 AppleWebKit/537.36 (KHTML, like Gecko; compatible; bingbot/2.0; +http://www.bing.com/bingbot.htm) Chrome/116.0.1938.76 Safari/537.36"
52.167.144.59 - - [26/Feb/2026:11:48:44 -0500] "GET /robots.txt HTTP/1.1" 200 108 "-" "Mozilla/5.0 AppleWebKit/537.36 (KHTML, like Gecko; compatible; bingbot/2.0; +http://www.bing.com/bingbot.htm) Chrome/116.0.1938.76 Safari/537.36"
52.167.144.220 - - [26/Feb/2026:11:48:52 -0500] "GET /romantic-goa-with-dudh-sagar-waterfall-4-night-5-days HTTP/1.1" 301 795 "-" "Mozilla/5.0 AppleWebKit/537.36 (KHTML, like Gecko; compatible; bingbot/2.0; +http://www.bing.com/bingbot.htm) Chrome/116.0.1938.76 Safari/537.36"
162.213.253.84 - - [26/Feb/2026:11:49:03 -0500] "POST /wp-cron.php?doing_wp_cron=1772124543.4974799156188964843750 HTTP/1.1" 200 0 "-" "WordPress/6.9.1; https://www.bagpackvacation.com"
40.77.167.41 - - [26/Feb/2026:11:49:02 -0500] "GET /romantic-goa-with-dudh-sagar-waterfall-4-night-5-days HTTP/1.1" 301 0 "-" "Mozilla/5.0 AppleWebKit/537.36 (KHTML, like Gecko; compatible; bingbot/2.0; +http://www.bing.com/bingbot.htm) Chrome/116.0.1938.76 Safari/537.36"
162.213.253.84 - - [26/Feb/2026:11:49:04 -0500] "POST /wp-admin/admin-ajax.php?action=async_litespeed&nonce=29KA7IZzEMr4DpFctJNMMV5Lq0znLeVJ&litespeed_type=imgoptm HTTP/1.1" 200 0 "-" "WordPress/6.9.1; https://www.bagpackvacation.com"
40.77.167.41 - - [26/Feb/2026:11:49:04 -0500] "GET /romantic-goa-with-dudh-sagar-waterfall-4-night-5-days/ HTTP/1.1" 200 24782 "-" "Mozilla/5.0 AppleWebKit/537.36 (KHTML, like Gecko; compatible; bingbot/2.0; +http://www.bing.com/bingbot.htm) Chrome/116.0.1938.76 Safari/537.36"
173.252.79.114 - - [26/Feb/2026:11:44:31 -0500] "GET / HTTP/1.1" 200 254363 "-" "facebookexternalhit/1.1 (+http://www.facebook.com/externalhit_uatext.php)"
173.252.107.33 - - [26/Feb/2026:11:44:31 -0500] "GET / HTTP/1.1" 200 254363 "-" "facebookexternalhit/1.1 (+http://www.facebook.com/externalhit_uatext.php)"
173.252.79.9 - - [26/Feb/2026:11:44:33 -0500] "GET / HTTP/1.1" 200 254363 "-" "facebookexternalhit/1.1 (+http://www.facebook.com/externalhit_uatext.php)"
162.213.253.84 - - [26/Feb/2026:11:44:32 -0500] "POST /wp-admin/admin-ajax.php?action=async_litespeed&nonce=AUrsZYobUryXpzbDshZk1r1GhGRQIjbz&litespeed_type=imgoptm HTTP/1.1" 200 0 "-" "WordPress/6.9.1; https://www.bagpackvacation.com"
117.18.124.211 - - [26/Feb/2026:11:45:14 -0500] "GET /wp-login.php HTTP/1.1" 301 795 "-" "Mozilla/5.0 (Windows NT 6.3; WOW64; Trident/7.0; MAPBJS; rv:11.0) like Gecko"
117.18.124.211 - - [26/Feb/2026:11:45:15 -0500] "GET /wp-login.php HTTP/1.1" 200 1797 "https://bagpackvacation.com/wp-login.php" "Mozilla/5.0 (Windows NT 6.3; WOW64; Trident/7.0; MAPBJS; rv:11.0) like Gecko"
117.18.124.211 - - [26/Feb/2026:11:45:16 -0500] "GET /wp-login.php HTTP/1.1" 200 1797 "https://bagpackvacation.com/wp-login.php" "Mozilla/5.0 (Windows NT 6.3; WOW64; Trident/7.0; MAPBJS; rv:11.0) like Gecko"
52.167.144.59 - - [26/Feb/2026:11:48:58 -0500] "GET /robots.txt HTTP/1.1" 200 108 "-" "Mozilla/5.0 AppleWebKit/537.36 (KHTML, like Gecko; compatible; bingbot/2.0; +http://www.bing.com/bingbot.htm) Chrome/116.0.1938.76 Safari/537.36"
108.179.219.145 - - [26/Feb/2026:11:54:06 -0500] "GET /wp-login.php HTTP/1.1" 200 1797 "https://bagpackvacation.com/wp-login.php" "Mozilla/5.0 (Macintosh; Intel Mac OS X 10_13_3) AppleWebKit/537.36 (KHTML, like Gecko) Chrome/66.0.3359.181 Safari/537.36"
108.179.219.145 - - [26/Feb/2026:11:54:06 -0500] "POST /wp-login.php HTTP/1.1" 301 795 "https://bagpackvacation.com/wp-login.php" "Mozilla/5.0 (Macintosh; Intel Mac OS X 10_13_3) AppleWebKit/537.36 (KHTML, like Gecko) Chrome/66.0.3359.181 Safari/537.36"
108.179.219.145 - - [26/Feb/2026:11:54:06 -0500] "GET /wp-login.php HTTP/1.1" 200 1797 "https://bagpackvacation.com/wp-login.php" "Mozilla/5.0 (Macintosh; Intel Mac OS X 10_13_3) AppleWebKit/537.36 (KHTML, like Gecko) Chrome/66.0.3359.181 Safari/537.36"
20.211.1.210 - - [26/Feb/2026:12:03:18 -0500] "GET /wk/index.php HTTP/1.1" 301 795 "-" "Mozilla/5.0 (Windows NT 10.0; Win64; x64) AppleWebKit/537.36 (KHTML, like Gecko) Chrome/120.0.0.0 Safari/537.36"
20.211.1.210 - - [26/Feb/2026:12:03:18 -0500] "GET /inputs.php HTTP/1.1" 301 795 "-" "Mozilla/5.0 (Windows NT 10.0; Win64; x64) AppleWebKit/537.36 (KHTML, like Gecko) Chrome/120.0.0.0 Safari/537.36"
20.211.1.210 - - [26/Feb/2026:12:03:18 -0500] "GET /ioxi-o.php HTTP/1.1" 301 795 "-" "Mozilla/5.0 (Windows NT 10.0; Win64; x64) AppleWebKit/537.36 (KHTML, like Gecko) Chrome/120.0.0.0 Safari/537.36"
20.211.1.210 - - [26/Feb/2026:12:03:18 -0500] "GET /function/function.php HTTP/1.1" 301 795 "-" "Mozilla/5.0 (Windows NT 10.0; Win64; x64) AppleWebKit/537.36 (KHTML, like Gecko) Chrome/120.0.0.0 Safari/537.36"
20.211.1.210 - - [26/Feb/2026:12:03:18 -0500] "GET /admin.php HTTP/1.1" 301 795 "-" "Mozilla/5.0 (Windows NT 10.0; Win64; x64) AppleWebKit/537.36 (KHTML, like Gecko) Chrome/120.0.0.0 Safari/537.36"
20.211.1.210 - - [26/Feb/2026:12:03:19 -0500] "GET /wp-content/uploads/index.php HTTP/1.1" 301 795 "-" "Mozilla/5.0 (Windows NT 10.0; Win64; x64) AppleWebKit/537.36 (KHTML, like Gecko) Chrome/120.0.0.0 Safari/537.36"
20.211.1.210 - - [26/Feb/2026:12:03:19 -0500] "GET /randkeyword.PhP7 HTTP/1.1" 301 795 "-" "Mozilla/5.0 (Windows NT 10.0; Win64; x64) AppleWebKit/537.36 (KHTML, like Gecko) Chrome/120.0.0.0 Safari/537.36"
20.211.1.210 - - [26/Feb/2026:12:03:20 -0500] "GET /404.php HTTP/1.1" 301 795 "-" "Mozilla/5.0 (Windows NT 10.0; Win64; x64) AppleWebKit/537.36 (KHTML, like Gecko) Chrome/120.0.0.0 Safari/537.36"
20.211.1.210 - - [26/Feb/2026:12:03:20 -0500] "GET /wp-admin/user/index.php HTTP/1.1" 301 795 "-" "Mozilla/5.0 (Windows NT 10.0; Win64; x64) AppleWebKit/537.36 (KHTML, like Gecko) Chrome/120.0.0.0 Safari/537.36"
20.211.1.210 - - [26/Feb/2026:12:03:20 -0500] "GET /wp-conf.php HTTP/1.1" 301 795 "-" "Mozilla/5.0 (Windows NT 10.0; Win64; x64) AppleWebKit/537.36 (KHTML, like Gecko) Chrome/120.0.0.0 Safari/537.36"
20.211.1.210 - - [26/Feb/2026:12:03:20 -0500] "GET /wp-content/themes/hideo/network.php HTTP/1.1" 301 795 "-" "Mozilla/5.0 (Windows NT 10.0; Win64; x64) AppleWebKit/537.36 (KHTML, like Gecko) Chrome/120.0.0.0 Safari/537.36"
20.211.1.210 - - [26/Feb/2026:12:03:20 -0500] "GET /wp-login.php HTTP/1.1" 301 795 "-" "Mozilla/5.0 (Windows NT 10.0; Win64; x64) AppleWebKit/537.36 (KHTML, like Gecko) Chrome/120.0.0.0 Safari/537.36"
20.211.1.210 - - [26/Feb/2026:12:03:20 -0500] "GET /abcd.php HTTP/1.1" 301 795 "-" "Mozilla/5.0 (Windows NT 10.0; Win64; x64) AppleWebKit/537.36 (KHTML, like Gecko) Chrome/120.0.0.0 Safari/537.36"
20.211.1.210 - - [26/Feb/2026:12:03:21 -0500] "GET /as.php HTTP/1.1" 301 795 "-" "Mozilla/5.0 (Windows NT 10.0; Win64; x64) AppleWebKit/537.36 (KHTML, like Gecko) Chrome/120.0.0.0 Safari/537.36"
20.211.1.210 - - [26/Feb/2026:12:03:21 -0500] "GET /adminfuns.php HTTP/1.1" 301 795 "-" "Mozilla/5.0 (Windows NT 10.0; Win64; x64) AppleWebKit/537.36 (KHTML, like Gecko) Chrome/120.0.0.0 Safari/537.36"
20.211.1.210 - - [26/Feb/2026:12:03:21 -0500] "GET /wp-good.php HTTP/1.1" 301 795 "-" "Mozilla/5.0 (Windows NT 10.0; Win64; x64) AppleWebKit/537.36 (KHTML, like Gecko) Chrome/120.0.0.0 Safari/537.36"
108.179.219.145 - - [26/Feb/2026:11:54:04 -0500] "GET /wp-login.php HTTP/1.1" 301 795 "-" "Mozilla/5.0 (Macintosh; Intel Mac OS X 10_13_3) AppleWebKit/537.36 (KHTML, like Gecko) Chrome/66.0.3359.181 Safari/537.36"
20.211.1.210 - - [26/Feb/2026:12:03:18 -0500] "GET /rip.php HTTP/1.1" 301 795 "-" "Mozilla/5.0 (Windows NT 10.0; Win64; x64) AppleWebKit/537.36 (KHTML, like Gecko) Chrome/120.0.0.0 Safari/537.36"
20.211.1.210 - - [26/Feb/2026:12:03:19 -0500] "GET /cache.php HTTP/1.1" 301 795 "-" "Mozilla/5.0 (Windows NT 10.0; Win64; x64) AppleWebKit/537.36 (KHTML, like Gecko) Chrome/120.0.0.0 Safari/537.36"
20.211.1.210 - - [26/Feb/2026:12:03:19 -0500] "GET /themes.php HTTP/1.1" 301 795 "-" "Mozilla/5.0 (Windows NT 10.0; Win64; x64) AppleWebKit/537.36 (KHTML, like Gecko) Chrome/120.0.0.0 Safari/537.36"
20.211.1.210 - - [26/Feb/2026:12:03:19 -0500] "GET /an.php HTTP/1.1" 301 795 "-" "Mozilla/5.0 (Windows NT 10.0; Win64; x64) AppleWebKit/537.36 (KHTML, like Gecko) Chrome/120.0.0.0 Safari/537.36"
20.211.1.210 - - [26/Feb/2026:12:03:19 -0500] "GET /index/function.php HTTP/1.1" 301 795 "-" "Mozilla/5.0 (Windows NT 10.0; Win64; x64) AppleWebKit/537.36 (KHTML, like Gecko) Chrome/120.0.0.0 Safari/537.36"
20.211.1.210 - - [26/Feb/2026:12:03:19 -0500] "GET /ws.php HTTP/1.1" 301 795 "-" "Mozilla/5.0 (Windows NT 10.0; Win64; x64) AppleWebKit/537.36 (KHTML, like Gecko) Chrome/120.0.0.0 Safari/537.36"
20.211.1.210 - - [26/Feb/2026:12:03:20 -0500] "GET /abc.php HTTP/1.1" 301 795 "-" "Mozilla/5.0 (Windows NT 10.0; Win64; x64) AppleWebKit/537.36 (KHTML, like Gecko) Chrome/120.0.0.0 Safari/537.36"
20.211.1.210 - - [26/Feb/2026:12:03:21 -0500] "GET /wp-trackback.php HTTP/1.1" 301 795 "-" "Mozilla/5.0 (Windows NT 10.0; Win64; x64) AppleWebKit/537.36 (KHTML, like Gecko) Chrome/120.0.0.0 Safari/537.36"
20.211.1.210 - - [26/Feb/2026:12:03:21 -0500] "GET /about.php HTTP/1.1" 301 795 "-" "Mozilla/5.0 (Windows NT 10.0; Win64; x64) AppleWebKit/537.36 (KHTML, like Gecko) Chrome/120.0.0.0 Safari/537.36"
20.211.1.210 - - [26/Feb/2026:12:03:21 -0500] "GET /file.php HTTP/1.1" 301 795 "-" "Mozilla/5.0 (Windows NT 10.0; Win64; x64) AppleWebKit/537.36 (KHTML, like Gecko) Chrome/120.0.0.0 Safari/537.36"
20.211.1.210 - - [26/Feb/2026:12:03:22 -0500] "GET /xmlrpc.php HTTP/1.1" 301 795 "-" "Mozilla/5.0 (Windows NT 10.0; Win64; x64) AppleWebKit/537.36 (KHTML, like Gecko) Chrome/120.0.0.0 Safari/537.36"
20.211.1.210 - - [26/Feb/2026:12:03:22 -0500] "GET /goods.php HTTP/1.1" 301 795 "-" "Mozilla/5.0 (Windows NT 10.0; Win64; x64) AppleWebKit/537.36 (KHTML, like Gecko) Chrome/120.0.0.0 Safari/537.36"
20.211.1.210 - - [26/Feb/2026:12:03:22 -0500] "GET /class-t.api.php HTTP/1.1" 301 795 "-" "Mozilla/5.0 (Windows NT 10.0; Win64; x64) AppleWebKit/537.36 (KHTML, like Gecko) Chrome/120.0.0.0 Safari/537.36"
20.211.1.210 - - [26/Feb/2026:12:03:22 -0500] "GET /chosen.php?p= HTTP/1.1" 301 795 "-" "Mozilla/5.0 (Windows NT 10.0; Win64; x64) AppleWebKit/537.36 (KHTML, like Gecko) Chrome/120.0.0.0 Safari/537.36"
20.211.1.210 - - [26/Feb/2026:12:03:23 -0500] "GET /classwithtostring.php HTTP/1.1" 301 795 "-" "Mozilla/5.0 (Windows NT 10.0; Win64; x64) AppleWebKit/537.36 (KHTML, like Gecko) Chrome/120.0.0.0 Safari/537.36"
20.211.1.210 - - [26/Feb/2026:12:03:23 -0500] "GET /.well-known/ HTTP/1.1" 301 795 "-" "Mozilla/5.0 (Windows NT 10.0; Win64; x64) AppleWebKit/537.36 (KHTML, like Gecko) Chrome/120.0.0.0 Safari/537.36"
20.211.1.210 - - [26/Feb/2026:12:03:23 -0500] "GET /info.php HTTP/1.1" 301 795 "-" "Mozilla/5.0 (Windows NT 10.0; Win64; x64) AppleWebKit/537.36 (KHTML, like Gecko) Chrome/120.0.0.0 Safari/537.36"
20.211.1.210 - - [26/Feb/2026:12:03:24 -0500] "GET /uploads/ HTTP/1.1" 301 795 "-" "Mozilla/5.0 (Windows NT 10.0; Win64; x64) AppleWebKit/537.36 (KHTML, like Gecko) Chrome/120.0.0.0 Safari/537.36"
20.211.1.210 - - [26/Feb/2026:12:03:24 -0500] "GET /wp-admin/images/ HTTP/1.1" 301 795 "-" "Mozilla/5.0 (Windows NT 10.0; Win64; x64) AppleWebKit/537.36 (KHTML, like Gecko) Chrome/120.0.0.0 Safari/537.36"
20.211.1.210 - - [26/Feb/2026:12:03:24 -0500] "GET /wp-admin/css/colors/ectoplasm/ HTTP/1.1" 301 795 "-" "Mozilla/5.0 (Windows NT 10.0; Win64; x64) AppleWebKit/537.36 (KHTML, like Gecko) Chrome/120.0.0.0 Safari/537.36"
20.211.1.210 - - [26/Feb/2026:12:03:25 -0500] "GET /wp-content/themes/index.php HTTP/1.1" 301 795 "-" "Mozilla/5.0 (Windows NT 10.0; Win64; x64) AppleWebKit/537.36 (KHTML, like Gecko) Chrome/120.0.0.0 Safari/537.36"
20.211.1.210 - - [26/Feb/2026:12:03:25 -0500] "GET /wp-content/plugins/index.php HTTP/1.1" 301 795 "-" "Mozilla/5.0 (Windows NT 10.0; Win64; x64) AppleWebKit/537.36 (KHTML, like Gecko) Chrome/120.0.0.0 Safari/537.36"
20.211.1.210 - - [26/Feb/2026:12:03:25 -0500] "GET /wp-includes/PHPMailer/ HTTP/1.1" 301 795 "-" "Mozilla/5.0 (Windows NT 10.0; Win64; x64) AppleWebKit/537.36 (KHTML, like Gecko) Chrome/120.0.0.0 Safari/537.36"
20.211.1.210 - - [26/Feb/2026:12:03:25 -0500] "GET /wp-includes/images/ HTTP/1.1" 301 795 "-" "Mozilla/5.0 (Windows NT 10.0; Win64; x64) AppleWebKit/537.36 (KHTML, like Gecko) Chrome/120.0.0.0 Safari/537.36"
20.211.1.210 - - [26/Feb/2026:12:03:25 -0500] "GET /wp-content/plugins/WordPressCore/ HTTP/1.1" 301 795 "-" "Mozilla/5.0 (Windows NT 10.0; Win64; x64) AppleWebKit/537.36 (KHTML, like Gecko) Chrome/120.0.0.0 Safari/537.36"
20.211.1.210 - - [26/Feb/2026:12:03:22 -0500] "GET /sf.php HTTP/1.1" 301 795 "-" "Mozilla/5.0 (Windows NT 10.0; Win64; x64) AppleWebKit/537.36 (KHTML, like Gecko) Chrome/120.0.0.0 Safari/537.36"
20.211.1.210 - - [26/Feb/2026:12:03:22 -0500] "GET /kbfr.php HTTP/1.1" 301 795 "-" "Mozilla/5.0 (Windows NT 10.0; Win64; x64) AppleWebKit/537.36 (KHTML, like Gecko) Chrome/120.0.0.0 Safari/537.36"
20.211.1.210 - - [26/Feb/2026:12:03:22 -0500] "GET /autoload_classmap.php HTTP/1.1" 301 795 "-" "Mozilla/5.0 (Windows NT 10.0; Win64; x64) AppleWebKit/537.36 (KHTML, like Gecko) Chrome/120.0.0.0 Safari/537.36"
20.211.1.210 - - [26/Feb/2026:12:03:23 -0500] "GET /defaults.php HTTP/1.1" 301 795 "-" "Mozilla/5.0 (Windows NT 10.0; Win64; x64) AppleWebKit/537.36 (KHTML, like Gecko) Chrome/120.0.0.0 Safari/537.36"
20.211.1.210 - - [26/Feb/2026:12:03:23 -0500] "GET /wp-includes/ HTTP/1.1" 301 795 "-" "Mozilla/5.0 (Windows NT 10.0; Win64; x64) AppleWebKit/537.36 (KHTML, like Gecko) Chrome/120.0.0.0 Safari/537.36"
20.211.1.210 - - [26/Feb/2026:12:03:23 -0500] "GET /cgi-bin/ HTTP/1.1" 301 795 "-" "Mozilla/5.0 (Windows NT 10.0; Win64; x64) AppleWebKit/537.36 (KHTML, like Gecko) Chrome/120.0.0.0 Safari/537.36"
20.211.1.210 - - [26/Feb/2026:12:03:24 -0500] "GET /wp-includes/Requests/src/Response/about.php HTTP/1.1" 301 795 "-" "Mozilla/5.0 (Windows NT 10.0; Win64; x64) AppleWebKit/537.36 (KHTML, like Gecko) Chrome/120.0.0.0 Safari/537.36"
20.211.1.210 - - [26/Feb/2026:12:03:24 -0500] "GET /wp-includes/html-api/ HTTP/1.1" 301 795 "-" "Mozilla/5.0 (Windows NT 10.0; Win64; x64) AppleWebKit/537.36 (KHTML, like Gecko) Chrome/120.0.0.0 Safari/537.36"
20.211.1.210 - - [26/Feb/2026:12:03:24 -0500] "GET /wp-content/admin.php HTTP/1.1" 301 795 "-" "Mozilla/5.0 (Windows NT 10.0; Win64; x64) AppleWebKit/537.36 (KHTML, like Gecko) Chrome/120.0.0.0 Safari/537.36"
20.211.1.210 - - [26/Feb/2026:12:03:24 -0500] "GET /wp-content/uploads/ HTTP/1.1" 301 795 "-" "Mozilla/5.0 (Windows NT 10.0; Win64; x64) AppleWebKit/537.36 (KHTML, like Gecko) Chrome/120.0.0.0 Safari/537.36"
20.211.1.210 - - [26/Feb/2026:12:03:25 -0500] "GET /wp-content/themes/admin.php HTTP/1.1" 301 795 "-" "Mozilla/5.0 (Windows NT 10.0; Win64; x64) AppleWebKit/537.36 (KHTML, like Gecko) Chrome/120.0.0.0 Safari/537.36"
63.250.44.53 - - [26/Feb/2026:12:12:53 -0500] "POST /wp-login.php HTTP/1.1" 301 795 "https://bagpackvacation.com/wp-login.php" "Mozilla/5.0 (Windows NT 6.1; Trident/7.0; MATP; rv:11.0) like Gecko"
63.250.44.53 - - [26/Feb/2026:12:12:52 -0500] "GET /wp-login.php HTTP/1.1" 301 795 "-" "Mozilla/5.0 (Windows NT 6.1; Trident/7.0; MATP; rv:11.0) like Gecko"
63.250.44.53 - - [26/Feb/2026:12:12:53 -0500] "GET /wp-login.php HTTP/1.1" 200 1797 "https://bagpackvacation.com/wp-login.php" "Mozilla/5.0 (Windows NT 6.1; Trident/7.0; MATP; rv:11.0) like Gecko"
63.250.44.53 - - [26/Feb/2026:12:12:53 -0500] "GET /wp-login.php HTTP/1.1" 200 1797 "https://bagpackvacation.com/wp-login.php" "Mozilla/5.0 (Windows NT 6.1; Trident/7.0; MATP; rv:11.0) like Gecko"
173.252.87.114 - - [26/Feb/2026:12:20:32 -0500] "GET / HTTP/1.1" 200 254363 "-" "facebookexternalhit/1.1 (+http://www.facebook.com/externalhit_uatext.php)"
152.58.183.3 - - [26/Feb/2026:12:23:09 -0500] "POST /xmlrpc.php HTTP/1.1" 301 795 "-" "Mozilla/5.0 (Windows NT 6.3; x86) AppleWebKit/537.36 (KHTML, like Gecko) Safari/15.0.0.0 Safari/537.36"
162.213.253.84 - - [26/Feb/2026:12:23:12 -0500] "POST /wp-cron.php?doing_wp_cron=1772126592.1842520236968994140625 HTTP/1.1" 200 0 "-" "WordPress/6.9.1; https://www.bagpackvacation.com"
69.171.231.27 - - [26/Feb/2026:12:20:31 -0500] "GET / HTTP/1.1" 200 254363 "-" "facebookexternalhit/1.1 (+http://www.facebook.com/externalhit_uatext.php)"
162.213.253.84 - - [26/Feb/2026:12:20:32 -0500] "POST /wp-admin/admin-ajax.php?action=async_litespeed&nonce=6JYVM0CThDwQc78b02RK4p8K4VpqpGaj&litespeed_type=imgoptm HTTP/1.1" 200 0 "-" "WordPress/6.9.1; https://www.bagpackvacation.com"
69.63.184.47 - - [26/Feb/2026:12:20:34 -0500] "GET / HTTP/1.1" 200 254363 "-" "facebookexternalhit/1.1 (+http://www.facebook.com/externalhit_uatext.php)"
152.58.183.3 - - [26/Feb/2026:12:23:10 -0500] "GET /xmlrpc.php HTTP/1.1" 405 42 "-" "Mozilla/5.0 (Windows NT 6.3; x86) AppleWebKit/537.36 (KHTML, like Gecko) Safari/15.0.0.0 Safari/537.36"
162.213.253.84 - - [26/Feb/2026:12:23:13 -0500] "POST /wp-admin/admin-ajax.php?action=async_litespeed&nonce=sqFAdIGS2XfgUzdKyXUJCApVvbKjZFdt&litespeed_type=imgoptm HTTP/1.1" 200 0 "-" "WordPress/6.9.1; https://www.bagpackvacation.com"
43.130.72.177 - - [26/Feb/2026:12:25:14 -0500] "GET / HTTP/1.1" 200 40195 "http://www.bagpackvacation.com" "Mozilla/5.0 (iPhone; CPU iPhone OS 13_2_3 like Mac OS X) AppleWebKit/605.1.15 (KHTML, like Gecko) Version/13.0.3 Mobile/15E148 Safari/604.1"
162.213.253.84 - - [26/Feb/2026:12:25:14 -0500] "POST /wp-admin/admin-ajax.php?action=async_litespeed&nonce=c4l50uKtJzTnWECV1NRoo5FRgM6asfSz&litespeed_type=imgoptm HTTP/1.1" 200 0 "-" "WordPress/6.9.1; https://www.bagpackvacation.com"
192.121.134.92 - - [26/Feb/2026:12:32:18 -0500] "GET / HTTP/1.1" 200 40195 "http://bagpackvacation.com/" "Mozilla/5.0 (Windows NT 6.3; Win64; x64; rv:109.0) Gecko/20100101 Firefox/115"
162.213.253.84 - - [26/Feb/2026:12:32:21 -0500] "POST /wp-cron.php?doing_wp_cron=1772127141.6725239753723144531250 HTTP/1.1" 200 0 "-" "WordPress/6.9.1; https://www.bagpackvacation.com"
185.12.250.58 - - [26/Feb/2026:12:32:18 -0500] "GET /romantic-sikkim-delight-with-gangtok-darjeeling-pelling/ HTTP/1.1" 200 29773 "-" "Mozilla/5.0 (Windows NT 6.3; Win64; x64; rv:109.0) Gecko/20100101 Firefox/115"
185.12.250.58 - - [26/Feb/2026:12:32:23 -0500] "GET /relaxing-shimla-with-narkanda-3-night-4-days/ HTTP/1.1" 200 29452 "-" "Mozilla/5.0 (Windows NT 6.3; Win64; x64; rv:109.0) Gecko/20100101 Firefox/115"
63.143.44.106 - - [26/Feb/2026:12:36:22 -0500] "GET /wp-login.php HTTP/1.1" 200 1797 "https://bagpackvacation.com/wp-login.php" "Mozilla/4.0 (compatible; MSIE 7.0; Windows NT 10.0; Win64; x64; Trident/7.0; .NET4.0C; .NET4.0E; .NET CLR 2.0.50727; .NET CLR 3.0.30729; .NET CLR 3.5.30729)"
162.213.253.84 - - [26/Feb/2026:12:41:18 -0500] "POST /wp-cron.php?doing_wp_cron=1772127678.6989309787750244140625 HTTP/1.1" 200 0 "-" "WordPress/6.9.1; https://www.bagpackvacation.com"
114.119.153.104 - - [26/Feb/2026:12:41:17 -0500] "GET /6-night-7-days-sri-lanka-package HTTP/1.1" 301 0 "https://www.bagpackvacation.com/6-night-7-days-sri-lanka-package" "Mozilla/5.0 (Linux; Android 7.0;) AppleWebKit/537.36 (KHTML, like Gecko) Mobile Safari/537.36 (compatible; PetalBot;+https://webmaster.petalsearch.com/site/petalbot)"
162.213.253.84 - - [26/Feb/2026:12:41:20 -0500] "POST /wp-admin/admin-ajax.php?action=async_litespeed&nonce=QS190voQX379t50jUf6nvprPxYCCSGE1&litespeed_type=imgoptm HTTP/1.1" 200 0 "-" "WordPress/6.9.1; https://www.bagpackvacation.com"
93.158.71.185 - - [26/Feb/2026:12:32:22 -0500] "GET /romantic-goa-with-dudh-sagar-waterfall-4-night-5-days/ HTTP/1.1" 200 29026 "-" "Mozilla/5.0 (Windows NT 6.3; Win64; x64; rv:109.0) Gecko/20100101 Firefox/115"
162.213.253.84 - - [26/Feb/2026:12:32:23 -0500] "POST /wp-admin/admin-ajax.php?action=async_litespeed&nonce=T2GtFOyQUqVUCir5ebB6imyZehNhdsUJ&litespeed_type=imgoptm HTTP/1.1" 200 0 "-" "WordPress/6.9.1; https://www.bagpackvacation.com"
63.143.44.106 - - [26/Feb/2026:12:36:16 -0500] "GET /wp-login.php HTTP/1.1" 301 795 "-" "Mozilla/4.0 (compatible; MSIE 7.0; Windows NT 10.0; Win64; x64; Trident/7.0; .NET4.0C; .NET4.0E; .NET CLR 2.0.50727; .NET CLR 3.0.30729; .NET CLR 3.5.30729)"
63.143.44.106 - - [26/Feb/2026:12:36:18 -0500] "GET /wp-login.php HTTP/1.1" 200 1797 "https://bagpackvacation.com/wp-login.php" "Mozilla/4.0 (compatible; MSIE 7.0; Windows NT 10.0; Win64; x64; Trident/7.0; .NET4.0C; .NET4.0E; .NET CLR 2.0.50727; .NET CLR 3.0.30729; .NET CLR 3.5.30729)"
63.143.44.106 - - [26/Feb/2026:12:36:20 -0500] "POST /wp-login.php HTTP/1.1" 301 795 "https://bagpackvacation.com/wp-login.php" "Mozilla/4.0 (compatible; MSIE 7.0; Windows NT 10.0; Win64; x64; Trident/7.0; .NET4.0C; .NET4.0E; .NET CLR 2.0.50727; .NET CLR 3.0.30729; .NET CLR 3.5.30729)"
