193.37.32.36 - - [14/Apr/2026:13:45:04 -0400] "GET /components/com_jea/views/form/tmpl/ HTTP/1.1" 301 0 "-" "Mozilla/5.0 (Windows NT 10.0; Win64; x64) AppleWebKit/537.36 (KHTML, like Gecko) Chrome/77.0.3865.90 Safari/537.36"
193.37.32.36 - - [14/Apr/2026:13:45:08 -0400] "GET /wp-content/uploads/ HTTP/1.1" 200 7044 "-" "Mozilla/5.0 (Windows NT 10.0; Win64; x64; rv:72.0) Gecko/20100101 Firefox/72.0"
193.37.32.36 - - [14/Apr/2026:13:45:09 -0400] "GET /wp-includes/rest-api/ HTTP/1.1" 200 3892 "-" "Mozilla/5.0 (Windows NT 10.0; Win64; x64; rv:72.0) Gecko/20100101 Firefox/72.0"
193.37.32.36 - - [14/Apr/2026:13:45:09 -0400] "GET /wp-includes/rest-api/wp-includes/rest-api/class-wp-rest-request.php HTTP/1.1" 301 0 "-" "Mozilla/5.0 (Windows NT 6.3; Win64; x64; rv:73.0) Gecko/20100101 Firefox/73.0"
193.37.32.36 - - [14/Apr/2026:13:45:11 -0400] "GET /wp-includes/rest-api/wp-includes/rest-api/class-wp-rest-response.php HTTP/1.1" 301 0 "-" "Mozilla/5.0 (Windows NT 10.0; Win64; x64) AppleWebKit/537.36 (KHTML, like Gecko) Chrome/70.0.3538.110 Safari/537.36"
193.37.32.36 - - [14/Apr/2026:13:45:12 -0400] "GET /wp-includes/rest-api/wp-includes/rest-api/class-wp-rest-server.php HTTP/1.1" 301 0 "-" "Mozilla/5.0 (Windows NT 10.0; Win64; x64; rv:75.0) Gecko/20100101 Firefox/75.0"
193.37.32.36 - - [14/Apr/2026:13:45:13 -0400] "GET /css/ HTTP/1.1" 301 0 "-" "Mozilla/5.0 (Windows NT 10.0; Win64; x64) AppleWebKit/537.36 (KHTML, like Gecko) Chrome/79.0.3945.88 Safari/537.36"
193.37.32.36 - - [14/Apr/2026:13:44:48 -0400] "GET /wp-includes/ID3/wp-includes/ID3/module.audio-video.matroska.php HTTP/1.1" 301 0 "-" "Mozilla/5.0 (Linux x86_64; rv:79.0) Gecko/20100101 Firefox/79.0"
193.37.32.36 - - [14/Apr/2026:13:44:48 -0400] "GET /wp-includes/ID3/wp-includes/ID3/module.audio-video.quicktime.php HTTP/1.1" 301 0 "-" "Mozilla/5.0 (Windows NT 10.0; Win64; x64; rv:66.0) Gecko/20100101 Firefox/66.0"
193.37.32.36 - - [14/Apr/2026:13:44:49 -0400] "GET /wp-includes/ID3/wp-includes/ID3/module.audio-video.riff.php HTTP/1.1" 301 0 "-" "Mozilla/5.0 (Windows NT 10.0; Win64; x64) AppleWebKit/537.36 (KHTML, like Gecko) Chrome/70.0.3538.110 Safari/537.36"
193.37.32.36 - - [14/Apr/2026:13:44:51 -0400] "GET /wp-includes/ID3/wp-includes/ID3/module.audio.dts.php HTTP/1.1" 301 0 "-" "Mozilla/5.0 (Windows NT 10.0; Win64; x64) AppleWebKit/537.36 (KHTML, like Gecko) Chrome/79.0.3945.88 Safari/537.36"
193.37.32.36 - - [14/Apr/2026:13:44:52 -0400] "GET /wp-includes/ID3/wp-includes/ID3/module.audio.flac.php HTTP/1.1" 301 0 "-" "Mozilla/5.0 (Windows NT 6.3; Win64; x64; rv:73.0) Gecko/20100101 Firefox/73.0"
193.37.32.36 - - [14/Apr/2026:13:44:54 -0400] "GET /wp-includes/ID3/wp-includes/ID3/module.audio.ogg.php HTTP/1.1" 301 0 "-" "Mozilla/5.0 (Macintosh; Intel Mac OS X 10_15_6) AppleWebKit/537.36 (KHTML, like Gecko) Chrome/84.0.4147.105 Safari/537.36"
193.37.32.36 - - [14/Apr/2026:13:44:54 -0400] "GET /wp-includes/ID3/wp-includes/ID3/module.tag.apetag.php HTTP/1.1" 301 0 "-" "Mozilla/5.0 (X11; Linux x86_64) AppleWebKit/537.36 (KHTML, like Gecko) Chrome/84.0.4147.105 Safari/537.36"
193.37.32.36 - - [14/Apr/2026:13:44:55 -0400] "GET /wp-includes/ID3/wp-includes/ID3/module.tag.id3v1.php HTTP/1.1" 301 0 "-" "Mozilla/5.0 (Macintosh; Intel Mac OS X 10_12_6) AppleWebKit/537.36 (KHTML, like Gecko) Chrome/58.0.3029.110 Safari/537.3"
193.37.32.36 - - [14/Apr/2026:13:44:56 -0400] "GET /wp-includes/ID3/wp-includes/ID3/module.tag.id3v2.php HTTP/1.1" 301 0 "-" "Mozilla/5.0 (Windows NT 10.0; Win64; x64) AppleWebKit/537.36 (KHTML, like Gecko) Chrome/75.0.3770.100 Safari/537.36"
193.37.32.36 - - [14/Apr/2026:13:44:57 -0400] "GET /wp-includes/ID3/wp-includes/ID3/module.tag.lyrics3.php HTTP/1.1" 301 0 "-" "Mozilla/5.0 (Windows NT 6.1; Win64; x64) AppleWebKit/537.36 (KHTML, like Gecko) Chrome/79.0.3945.130 Safari/537.36"
193.37.32.36 - - [14/Apr/2026:13:44:58 -0400] "GET /wp-content/x/ HTTP/1.1" 301 0 "-" "Mozilla/5.0 (Windows NT 10.0) AppleWebKit/537.36 (KHTML, like Gecko) Chrome/72.0.3626.121 Safari/537.36"
193.37.32.36 - - [14/Apr/2026:13:44:59 -0400] "GET /wp-includes/assets/ HTTP/1.1" 200 1659 "-" "Mozilla/5.0 (X11; Fedora; Linux x86_64; rv:79.0) Gecko/20100101 Firefox/79.0"
193.37.32.36 - - [14/Apr/2026:13:45:00 -0400] "GET /wp-includes/fonts/ HTTP/1.1" 200 2652 "-" "Mozilla/5.0 (Windows NT 10.0; Win64; x64) AppleWebKit/537.36 (KHTML, like Gecko) Chrome/84.0.4147.105 Safari/537.36 OPR/70.0.3728.95"
193.37.32.36 - - [14/Apr/2026:13:45:00 -0400] "GET /autoload_classmap/ HTTP/1.1" 301 0 "-" "Mozilla/5.0 (Windows NT 10.0; Win64; x64; rv:79.0) Gecko/20100101 Firefox/79.0"
193.37.32.36 - - [14/Apr/2026:13:45:02 -0400] "GET /templates/beez3/ HTTP/1.1" 301 0 "-" "Mozilla/5.0 (Macintosh; Intel Mac OS X 10.15; rv:79.0) Gecko/20100101 Firefox/79.0"
193.37.32.36 - - [14/Apr/2026:13:45:07 -0400] "GET /templates/beez/ HTTP/1.1" 301 0 "-" "Mozilla/5.0 (X11; Ubuntu; Linux i686; rv:79.0) Gecko/20100101 Firefox/79.0"
193.37.32.36 - - [14/Apr/2026:13:45:08 -0400] "GET /wp-admin/css/colors/light/ HTTP/1.1" 200 2733 "-" "Mozilla/5.0 (Windows NT 10.0; Win64; x64) AppleWebKit/537.36 (KHTML, like Gecko) Chrome/84.0.4147.105 Safari/537.36"
193.37.32.36 - - [14/Apr/2026:13:45:15 -0400] "GET /wp-admin/user/ HTTP/1.1" 302 0 "-" "Mozilla/5.0 (Windows NT 10.0; Win64; x64) AppleWebKit/537.36 (KHTML, like Gecko) Chrome/74.0.3729.169 Safari/537.36"
193.37.32.36 - - [14/Apr/2026:13:45:18 -0400] "GET /assets/ HTTP/1.1" 301 0 "-" "Mozilla/5.0 (Linux x86_64; rv:79.0) Gecko/20100101 Firefox/79.0"
193.37.32.36 - - [14/Apr/2026:13:45:19 -0400] "GET /wp-admin/css/ HTTP/1.1" 200 29262 "-" "Mozilla/5.0 (Windows NT 10.0; Win64; x64) AppleWebKit/537.36 (KHTML, like Gecko) Chrome/58.0.3029.110 Safari/537.3"
193.37.32.36 - - [14/Apr/2026:13:45:22 -0400] "GET /wp-includes/rest-api/endpoints/wp-includes/rest-api/endpoints/class-wp-rest-block-directory-controller.php HTTP/1.1" 301 0 "-" "Mozilla/5.0 (Windows NT 10.0; Win64; x64) AppleWebKit/537.36 (KHTML, like Gecko) Chrome/58.0.3029.110 Safari/537.3"
193.37.32.36 - - [14/Apr/2026:13:45:27 -0400] "GET /wp-includes/rest-api/endpoints/wp-includes/rest-api/endpoints/class-wp-rest-blocks-controller.php HTTP/1.1" 301 0 "-" "Mozilla/5.0 (Macintosh; Intel Mac OS X 10_12_6) AppleWebKit/537.36 (KHTML, like Gecko) Chrome/58.0.3029.110 Safari/537.3"
193.37.32.36 - - [14/Apr/2026:13:45:32 -0400] "GET /wp-includes/rest-api/endpoints/wp-includes/rest-api/endpoints/class-wp-rest-comments-controller.php HTTP/1.1" 301 0 "-" "Mozilla/5.0 (Windows NT 10.0; Win64; x64) AppleWebKit/537.36 (KHTML, like Gecko) Chrome/83.0.4103.61 Safari/537.36"
193.37.32.36 - - [14/Apr/2026:13:45:40 -0400] "GET /wp-includes/rest-api/endpoints/wp-includes/rest-api/endpoints/class-wp-rest-post-statuses-controller.php HTTP/1.1" 301 0 "-" "Mozilla/5.0 (X11; Linux i686; rv:79.0) Gecko/20100101 Firefox/79.0"
193.37.32.36 - - [14/Apr/2026:13:45:44 -0400] "GET /wp-includes/rest-api/endpoints/wp-includes/rest-api/endpoints/class-wp-rest-posts-controller.php HTTP/1.1" 301 0 "-" "Mozilla/5.0 (Windows NT 6.1; Win64; x64) AppleWebKit/537.36 (KHTML, like Gecko) Chrome/74.0.3729.169 Safari/537.36"
193.37.32.36 - - [14/Apr/2026:13:45:45 -0400] "GET /wp-includes/rest-api/endpoints/wp-includes/rest-api/endpoints/class-wp-rest-revisions-controller.php HTTP/1.1" 301 0 "-" "Mozilla/5.0 (Macintosh; Intel Mac OS X 10_15_6) AppleWebKit/537.36 (KHTML, like Gecko) Chrome/84.0.4147.105 Safari/537.36 OPR/70.0.3728.95"
193.37.32.36 - - [14/Apr/2026:13:45:46 -0400] "GET /wp-includes/rest-api/endpoints/wp-includes/rest-api/endpoints/class-wp-rest-search-controller.php HTTP/1.1" 301 0 "-" "Mozilla/5.0 (Linux x86_64; rv:79.0) Gecko/20100101 Firefox/79.0"
193.37.32.36 - - [14/Apr/2026:13:45:52 -0400] "GET /wp-includes/rest-api/endpoints/wp-includes/rest-api/endpoints/class-wp-rest-taxonomies-controller.php HTTP/1.1" 301 0 "-" "Mozilla/5.0 (Windows NT 10.0; Win64; x64) AppleWebKit/537.36 (KHTML, like Gecko) Chrome/77.0.3865.90 Safari/537.36"
193.37.32.36 - - [14/Apr/2026:13:45:57 -0400] "GET /wp-includes/rest-api/endpoints/wp-includes/rest-api/endpoints/class-wp-rest-themes-controller.php HTTP/1.1" 301 0 "-" "Mozilla/5.0 (Windows NT 10.0; Win64; x64; rv:71.0) Gecko/20100101 Firefox/71.0"
193.37.32.36 - - [14/Apr/2026:13:45:58 -0400] "GET /wp-includes/rest-api/endpoints/wp-includes/rest-api/endpoints/class-wp-rest-users-controller.php HTTP/1.1" 301 0 "-" "Mozilla/5.0 (Windows NT 6.1; Win64; x64) AppleWebKit/537.36 (KHTML, like Gecko) Chrome/79.0.3945.130 Safari/537.36"
193.37.32.36 - - [14/Apr/2026:13:46:09 -0400] "GET /wp-content/plugins/up/ HTTP/1.1" 301 0 "-" "Mozilla/5.0 (Windows NT 10.0; Win64; x64) AppleWebKit/537.36 (KHTML, like Gecko) Chrome/80.0.3987.149 Safari/537.36"
193.37.32.36 - - [14/Apr/2026:13:46:12 -0400] "GET /wp-admin/includes/ HTTP/1.1" 200 32794 "-" "Mozilla/5.0 (Windows NT 10.0; Win64; x64) AppleWebKit/537.36 (KHTML, like Gecko) Chrome/81.0.4044.129 Safari/537.36"
193.37.32.36 - - [14/Apr/2026:13:46:13 -0400] "GET /wp-admin/includes/wp-admin/includes/admin-filters.php HTTP/1.1" 301 0 "-" "Mozilla/5.0 (Windows NT 10.0; Win64; x64) AppleWebKit/537.36 (KHTML, like Gecko) Chrome/74.0.3729.157 Safari/537.36"
193.37.32.36 - - [14/Apr/2026:13:46:15 -0400] "GET /wp-admin/includes/wp-admin/includes/admin.php HTTP/1.1" 301 0 "-" "Mozilla/5.0 (Windows NT 10.0; WOW64; x64) AppleWebKit/537.36 (KHTML, like Gecko) Chrome/84.0.4147.105 Safari/537.36 OPR/70.0.3728.95"
193.37.32.36 - - [14/Apr/2026:13:45:20 -0400] "GET /wp-includes/rest-api/endpoints/ HTTP/1.1" 200 8916 "-" "Mozilla/5.0 (Windows NT 10.0; WOW64; Trident/7.0; .NET4.0C; .NET4.0E; .NET CLR 2.0.50727; .NET CLR 3.0.30729; .NET CLR 3.5.30729; rv:11.0) like Gecko"
193.37.32.36 - - [14/Apr/2026:13:45:20 -0400] "GET /wp-includes/rest-api/endpoints/wp-includes/rest-api/endpoints/class-wp-rest-attachments-controller.php HTTP/1.1" 301 0 "-" "Mozilla/5.0 (Windows NT 10.0; Win64; x64) AppleWebKit/537.36 (KHTML, like Gecko) Chrome/69.0.3497.100 Safari/537.36"
193.37.32.36 - - [14/Apr/2026:13:45:21 -0400] "GET /wp-includes/rest-api/endpoints/wp-includes/rest-api/endpoints/class-wp-rest-autosaves-controller.php HTTP/1.1" 301 0 "-" "Mozilla/5.0 (Windows NT 10.0; Win64; x64) AppleWebKit/537.36 (KHTML, like Gecko) Chrome/80.0.3987.149 Safari/537.36"
193.37.32.36 - - [14/Apr/2026:13:45:23 -0400] "GET /wp-includes/rest-api/endpoints/wp-includes/rest-api/endpoints/class-wp-rest-block-renderer-controller.php HTTP/1.1" 301 0 "-" "Mozilla/5.0 (Windows NT 10.0; Win64; x64; rv:67.0) Gecko/20100101 Firefox/67.0"
193.37.32.36 - - [14/Apr/2026:13:45:24 -0400] "GET /wp-includes/rest-api/endpoints/wp-includes/rest-api/endpoints/class-wp-rest-block-types-controller.php HTTP/1.1" 301 0 "-" "Mozilla/5.0 (Windows NT 10.0; Win64; x64) AppleWebKit/537.36 (KHTML, like Gecko) Chrome/83.0.4103.97 Safari/537.36"
193.37.32.36 - - [14/Apr/2026:13:45:36 -0400] "GET /wp-includes/rest-api/endpoints/wp-includes/rest-api/endpoints/class-wp-rest-controller.php HTTP/1.1" 301 0 "-" "Mozilla/5.0 (Windows NT 10.0) AppleWebKit/537.36 (KHTML, like Gecko) Chrome/72.0.3626.121 Safari/537.36"
193.37.32.36 - - [14/Apr/2026:13:45:39 -0400] "GET /wp-includes/rest-api/endpoints/wp-includes/rest-api/endpoints/class-wp-rest-plugins-controller.php HTTP/1.1" 301 0 "-" "Mozilla/5.0 (Windows NT 10.0; Win64; x64) AppleWebKit/537.36 (KHTML, like Gecko) Chrome/79.0.3945.130 Safari/537.36"
193.37.32.36 - - [14/Apr/2026:13:45:43 -0400] "GET /wp-includes/rest-api/endpoints/wp-includes/rest-api/endpoints/class-wp-rest-post-types-controller.php HTTP/1.1" 301 0 "-" "Mozilla/5.0 (Windows NT 10.0; Win64; x64; rv:77.0) Gecko/20100101 Firefox/77.0"
193.37.32.36 - - [14/Apr/2026:13:45:48 -0400] "GET /wp-includes/rest-api/endpoints/wp-includes/rest-api/endpoints/class-wp-rest-settings-controller.php HTTP/1.1" 301 0 "-" "Mozilla/5.0 (Macintosh; Intel Mac OS X 10.15; rv:79.0) Gecko/20100101 Firefox/79.0"
193.37.32.36 - - [14/Apr/2026:13:45:56 -0400] "GET /wp-includes/rest-api/endpoints/wp-includes/rest-api/endpoints/class-wp-rest-terms-controller.php HTTP/1.1" 301 0 "-" "Mozilla/5.0 (Windows NT 6.1; Win64; x64) AppleWebKit/537.36 (KHTML, like Gecko) Chrome/79.0.3945.130 Safari/537.36"
193.37.32.36 - - [14/Apr/2026:13:46:02 -0400] "GET /wp-content/plugins/wp-theme-editor/ HTTP/1.1" 301 0 "-" "Mozilla/5.0 (Windows NT 10.0; Win64; x64) AppleWebKit/537.36 (KHTML, like Gecko) Chrome/81.0.4044.129 Safari/537.36"
193.37.32.36 - - [14/Apr/2026:13:46:11 -0400] "GET /fonts/ HTTP/1.1" 301 0 "-" "Mozilla/5.0 (Windows NT 10.0; Win64; x64) AppleWebKit/537.36 (KHTML, like Gecko) Chrome/79.0.3945.88 Safari/537.36"
193.37.32.36 - - [14/Apr/2026:13:46:26 -0400] "GET /wp-admin/includes/wp-admin/includes/class-automatic-upgrader-skin.php HTTP/1.1" 301 0 "-" "Mozilla/5.0 (Windows NT 10.0; Win64; x64; rv:79.0) Gecko/20100101 Firefox/79.0"
193.37.32.36 - - [14/Apr/2026:13:46:31 -0400] "GET /wp-admin/includes/wp-admin/includes/class-bulk-theme-upgrader-skin.php HTTP/1.1" 301 0 "-" "Mozilla/5.0 (X11; Ubuntu; Linux i686; rv:79.0) Gecko/20100101 Firefox/79.0"
193.37.32.36 - - [14/Apr/2026:13:46:18 -0400] "GET /wp-admin/includes/wp-admin/includes/ajax-actions.php HTTP/1.1" 301 0 "-" "Mozilla/5.0 (Windows NT 10.0; Win64; x64; rv:76.0) Gecko/20100101 Firefox/76.0"
193.37.32.36 - - [14/Apr/2026:13:46:24 -0400] "GET /wp-admin/includes/wp-admin/includes/bookmark.php HTTP/1.1" 301 0 "-" "Mozilla/5.0 (Macintosh; Intel Mac OS X 10_12_6) AppleWebKit/537.36 (KHTML, like Gecko) Chrome/58.0.3029.110 Safari/537.3"
193.37.32.36 - - [14/Apr/2026:13:46:29 -0400] "GET /wp-admin/includes/wp-admin/includes/class-bulk-plugin-upgrader-skin.php HTTP/1.1" 301 0 "-" "Mozilla/5.0 (Windows NT 10.0; Win64; x64; rv:71.0) Gecko/20100101 Firefox/71.0"
193.37.32.36 - - [14/Apr/2026:13:46:39 -0400] "GET /wp-admin/includes/wp-admin/includes/class-bulk-upgrader-skin.php HTTP/1.1" 301 0 "-" "Mozilla/5.0 (Windows NT 10.0; Win64; x64) AppleWebKit/537.36 (KHTML, like Gecko) Chrome/70.0.3538.110 Safari/537.36"
162.213.253.84 - - [14/Apr/2026:14:49:47 -0400] "POST /wp-cron.php?doing_wp_cron=1776192587.6563351154327392578125 HTTP/1.1" 200 0 "http://www.vjmedia.in/wp-cron.php?doing_wp_cron=1776192587.6563351154327392578125" "WordPress/5.5.1; https://www.vjmedia.in"
124.156.225.181 - - [14/Apr/2026:14:49:46 -0400] "GET / HTTP/1.1" 301 0 "-" "Mozilla/5.0 (iPhone; CPU iPhone OS 13_2_3 like Mac OS X) AppleWebKit/605.1.15 (KHTML, like Gecko) Version/13.0.3 Mobile/15E148 Safari/604.1"
34.63.127.40 - - [14/Apr/2026:14:50:07 -0400] "HEAD /wordpress/ HTTP/1.1" 301 0 "-" "Mozilla/5.0 (Linux; Android 14; Samsung SM-A546B) AppleWebKit/537.36 (KHTML, like Gecko) Chrome/126.0.6478.14 Mobile Safari/537.36"
34.63.127.40 - - [14/Apr/2026:14:50:14 -0400] "HEAD /wordpress/ HTTP/1.1" 200 0 "http://vjmedia.in/wordpress/" "Mozilla/5.0 (Linux; Android 14; Samsung SM-A546B) AppleWebKit/537.36 (KHTML, like Gecko) Chrome/126.0.6478.14 Mobile Safari/537.36"
69.63.189.19 - - [14/Apr/2026:15:08:35 -0400] "GET /robots.txt HTTP/1.1" 200 115 "-" "facebookexternalhit/1.1 (+http://www.facebook.com/externalhit_uatext.php)"
162.213.253.84 - - [14/Apr/2026:15:19:05 -0400] "POST /wp-cron.php?doing_wp_cron=1776194345.1416900157928466796875 HTTP/1.1" 200 0 "http://www.vjmedia.in/wp-cron.php?doing_wp_cron=1776194345.1416900157928466796875" "WordPress/5.5.1; https://www.vjmedia.in"
170.106.73.216 - - [14/Apr/2026:15:19:04 -0400] "GET / HTTP/1.1" 301 0 "-" "Mozilla/5.0 (iPhone; CPU iPhone OS 13_2_3 like Mac OS X) AppleWebKit/605.1.15 (KHTML, like Gecko) Version/13.0.3 Mobile/15E148 Safari/604.1"
162.213.253.84 - - [14/Apr/2026:15:44:41 -0400] "POST /wp-cron.php?doing_wp_cron=1776195881.1351819038391113281250 HTTP/1.1" 200 0 "http://www.vjmedia.in/wp-cron.php?doing_wp_cron=1776195881.1351819038391113281250" "WordPress/5.5.1; https://www.vjmedia.in"
139.135.77.166 - - [14/Apr/2026:15:44:40 -0400] "GET /wp-json/wp/v2/posts HTTP/1.1" 200 24926 "-" "Mozilla/5.0 (Windows NT 10.0; Win64; x64) AppleWebKit/537.36 (KHTML, like Gecko) Chrome/120.0.0.0 Safari/537.36"
161.97.158.68 - - [14/Apr/2026:15:54:13 -0400] "GET /wp-admin/css/ HTTP/1.1" 200 3904 "binance.com" "Mozilla/5.0 (Windows NT 10.0; Win64; x64) AppleWebKit/537.36 (KHTML, like Gecko) Chrome/90.0.4430.85 Safari/537.36"
161.97.158.68 - - [14/Apr/2026:15:54:24 -0400] "GET /wp-content/uploads/2026/04/ HTTP/1.1" 200 687 "binance.com" "Mozilla/5.0 (Windows NT 10.0; Win64; x64) AppleWebKit/537.36 (KHTML, like Gecko) Chrome/90.0.4430.85 Safari/537.36"
161.97.158.68 - - [14/Apr/2026:15:54:32 -0400] "GET /wp-content/uploads/2026/03/ HTTP/1.1" 200 687 "binance.com" "Mozilla/5.0 (Windows NT 10.0; Win64; x64) AppleWebKit/537.36 (KHTML, like Gecko) Chrome/90.0.4430.85 Safari/537.36"
161.97.158.68 - - [14/Apr/2026:15:54:38 -0400] "GET /wp-content/uploads/ HTTP/1.1" 200 1582 "binance.com" "Mozilla/5.0 (Windows NT 10.0; Win64; x64) AppleWebKit/537.36 (KHTML, like Gecko) Chrome/90.0.4430.85 Safari/537.36"
161.97.158.68 - - [14/Apr/2026:15:54:50 -0400] "GET /wp-content/languages/ HTTP/1.1" 404 12101 "binance.com" "Mozilla/5.0 (Windows NT 10.0; Win64; x64) AppleWebKit/537.36 (KHTML, like Gecko) Chrome/90.0.4430.85 Safari/537.36"
161.97.158.68 - - [14/Apr/2026:15:55:39 -0400] "GET /wp-admin/maint/ HTTP/1.1" 200 830 "binance.com" "Mozilla/5.0 (Windows NT 10.0; Win64; x64) AppleWebKit/537.36 (KHTML, like Gecko) Chrome/90.0.4430.85 Safari/537.36"
161.97.158.68 - - [14/Apr/2026:15:56:23 -0400] "GET /wp-admin/user/ HTTP/1.1" 302 0 "binance.com" "Mozilla/5.0 (Windows NT 10.0; Win64; x64) AppleWebKit/537.36 (KHTML, like Gecko) Chrome/90.0.4430.85 Safari/537.36"
161.97.158.68 - - [14/Apr/2026:15:56:58 -0400] "GET /wp-admin/css/colors/ HTTP/1.1" 200 1360 "binance.com" "Mozilla/5.0 (Windows NT 10.0; Win64; x64) AppleWebKit/537.36 (KHTML, like Gecko) Chrome/90.0.4430.85 Safari/537.36"
161.97.158.68 - - [14/Apr/2026:15:57:11 -0400] "GET /wp-admin/css/colors/coffee/ HTTP/1.1" 200 897 "binance.com" "Mozilla/5.0 (Windows NT 10.0; Win64; x64) AppleWebKit/537.36 (KHTML, like Gecko) Chrome/90.0.4430.85 Safari/537.36"
161.97.158.68 - - [14/Apr/2026:15:57:19 -0400] "GET /wp-admin/css/colors/ectoplasm/ HTTP/1.1" 200 907 "binance.com" "Mozilla/5.0 (Windows NT 10.0; Win64; x64) AppleWebKit/537.36 (KHTML, like Gecko) Chrome/90.0.4430.85 Safari/537.36"
161.97.158.68 - - [14/Apr/2026:15:57:26 -0400] "GET /wp-admin/css/colors/light/ HTTP/1.1" 200 905 "binance.com" "Mozilla/5.0 (Windows NT 10.0; Win64; x64) AppleWebKit/537.36 (KHTML, like Gecko) Chrome/90.0.4430.85 Safari/537.36"
161.97.158.68 - - [14/Apr/2026:15:57:53 -0400] "GET /wp-admin/css/colors/sunrise/%20 HTTP/1.1" 301 0 "binance.com" "Mozilla/5.0 (Windows NT 10.0; Win64; x64) AppleWebKit/537.36 (KHTML, like Gecko) Chrome/90.0.4430.85 Safari/537.36"
161.97.158.68 - - [14/Apr/2026:15:58:16 -0400] "GET /wp-admin/js/ HTTP/1.1" 200 3872 "binance.com" "Mozilla/5.0 (Windows NT 10.0; Win64; x64) AppleWebKit/537.36 (KHTML, like Gecko) Chrome/90.0.4430.85 Safari/537.36"
161.97.158.68 - - [14/Apr/2026:15:58:33 -0400] "GET /wp-includes/ HTTP/1.1" 200 8569 "binance.com" "Mozilla/5.0 (Windows NT 10.0; Win64; x64) AppleWebKit/537.36 (KHTML, like Gecko) Chrome/90.0.4430.85 Safari/537.36"
161.97.158.68 - - [14/Apr/2026:15:58:41 -0400] "GET /wp-includes/ HTTP/1.1" 200 8654 "binance.com" "Mozilla/5.0 (Windows NT 10.0; Win64; x64) AppleWebKit/537.36 (KHTML, like Gecko) Chrome/90.0.4430.85 Safari/537.36"
161.97.158.68 - - [14/Apr/2026:15:59:33 -0400] "GET /wp-includes/IXR/ HTTP/1.1" 200 1473 "binance.com" "Mozilla/5.0 (Windows NT 10.0; Win64; x64) AppleWebKit/537.36 (KHTML, like Gecko) Chrome/90.0.4430.85 Safari/537.36"
161.97.158.68 - - [14/Apr/2026:15:59:43 -0400] "GET /wp-includes/PHPMailer/ HTTP/1.1" 200 863 "binance.com" "Mozilla/5.0 (Windows NT 10.0; Win64; x64) AppleWebKit/537.36 (KHTML, like Gecko) Chrome/90.0.4430.85 Safari/537.36"
161.97.158.68 - - [14/Apr/2026:15:59:56 -0400] "GET /wp-includes/Text/ HTTP/1.1" 200 831 "binance.com" "Mozilla/5.0 (Windows NT 10.0; Win64; x64) AppleWebKit/537.36 (KHTML, like Gecko) Chrome/90.0.4430.85 Safari/537.36"
161.97.158.68 - - [14/Apr/2026:15:54:44 -0400] "GET /wp-content/upgrade/ HTTP/1.1" 200 762 "binance.com" "Mozilla/5.0 (Windows NT 10.0; Win64; x64) AppleWebKit/537.36 (KHTML, like Gecko) Chrome/90.0.4430.85 Safari/537.36"
161.97.158.68 - - [14/Apr/2026:15:55:01 -0400] "GET /wp-admin/includes/ HTTP/1.1" 200 5053 "binance.com" "Mozilla/5.0 (Windows NT 10.0; Win64; x64) AppleWebKit/537.36 (KHTML, like Gecko) Chrome/90.0.4430.85 Safari/537.36"
161.97.158.68 - - [14/Apr/2026:15:55:08 -0400] "GET /wp-admin/includes/ HTTP/1.1" 200 5053 "binance.com" "Mozilla/5.0 (Windows NT 10.0; Win64; x64) AppleWebKit/537.36 (KHTML, like Gecko) Chrome/90.0.4430.85 Safari/537.36"
161.97.158.68 - - [14/Apr/2026:15:55:44 -0400] "GET /wp-admin/maint/ HTTP/1.1" 200 830 "binance.com" "Mozilla/5.0 (Windows NT 10.0; Win64; x64) AppleWebKit/537.36 (KHTML, like Gecko) Chrome/90.0.4430.85 Safari/537.36"
162.213.253.84 - - [14/Apr/2026:15:55:52 -0400] "POST /wp-cron.php?doing_wp_cron=1776196552.1038379669189453125000 HTTP/1.1" 200 0 "http://www.vjmedia.in/wp-cron.php?doing_wp_cron=1776196552.1038379669189453125000" "WordPress/5.5.1; https://www.vjmedia.in"
161.97.158.68 - - [14/Apr/2026:15:55:51 -0400] "GET /wp-admin/network/ HTTP/1.1" 302 0 "binance.com" "Mozilla/5.0 (Windows NT 10.0; Win64; x64) AppleWebKit/537.36 (KHTML, like Gecko) Chrome/90.0.4430.85 Safari/537.36"
161.97.158.68 - - [14/Apr/2026:15:56:51 -0400] "GET /wp-admin/css/ HTTP/1.1" 200 3917 "binance.com" "Mozilla/5.0 (Windows NT 10.0; Win64; x64) AppleWebKit/537.36 (KHTML, like Gecko) Chrome/90.0.4430.85 Safari/537.36"
161.97.158.68 - - [14/Apr/2026:15:57:05 -0400] "GET /wp-admin/css/colors/blue/ HTTP/1.1" 200 907 "binance.com" "Mozilla/5.0 (Windows NT 10.0; Win64; x64) AppleWebKit/537.36 (KHTML, like Gecko) Chrome/90.0.4430.85 Safari/537.36"
161.97.158.68 - - [14/Apr/2026:15:57:32 -0400] "GET /wp-admin/css/colors/midnight/ HTTP/1.1" 200 909 "binance.com" "Mozilla/5.0 (Windows NT 10.0; Win64; x64) AppleWebKit/537.36 (KHTML, like Gecko) Chrome/90.0.4430.85 Safari/537.36"
161.97.158.68 - - [14/Apr/2026:15:57:40 -0400] "GET /wp-admin/css/colors/modern/ HTTP/1.1" 200 883 "binance.com" "Mozilla/5.0 (Windows NT 10.0; Win64; x64) AppleWebKit/537.36 (KHTML, like Gecko) Chrome/90.0.4430.85 Safari/537.36"
161.97.158.68 - - [14/Apr/2026:15:57:46 -0400] "GET /wp-admin/css/colors/ocean/ HTTP/1.1" 200 894 "binance.com" "Mozilla/5.0 (Windows NT 10.0; Win64; x64) AppleWebKit/537.36 (KHTML, like Gecko) Chrome/90.0.4430.85 Safari/537.36"
161.97.158.68 - - [14/Apr/2026:15:57:59 -0400] "GET /wp-admin/css/colors/sunrise/ HTTP/1.1" 200 908 "binance.com" "Mozilla/5.0 (Windows NT 10.0; Win64; x64) AppleWebKit/537.36 (KHTML, like Gecko) Chrome/90.0.4430.85 Safari/537.36"
161.97.158.68 - - [14/Apr/2026:15:58:07 -0400] "GET /wp-admin/images/ HTTP/1.1" 200 2952 "binance.com" "Mozilla/5.0 (Windows NT 10.0; Win64; x64) AppleWebKit/537.36 (KHTML, like Gecko) Chrome/90.0.4430.85 Safari/537.36"
161.97.158.68 - - [14/Apr/2026:15:58:26 -0400] "GET /wp-admin/js/widgets/ HTTP/1.1" 200 1499 "binance.com" "Mozilla/5.0 (Windows NT 10.0; Win64; x64) AppleWebKit/537.36 (KHTML, like Gecko) Chrome/90.0.4430.85 Safari/537.36"
161.97.158.68 - - [14/Apr/2026:15:59:21 -0400] "GET /wp-includes/ID3/ HTTP/1.1" 200 1653 "binance.com" "Mozilla/5.0 (Windows NT 10.0; Win64; x64) AppleWebKit/537.36 (KHTML, like Gecko) Chrome/90.0.4430.85 Safari/537.36"
161.97.158.68 - - [14/Apr/2026:15:59:24 -0400] "GET /wp-includes/ID3/ HTTP/1.1" 200 1653 "binance.com" "Mozilla/5.0 (Windows NT 10.0; Win64; x64) AppleWebKit/537.36 (KHTML, like Gecko) Chrome/90.0.4430.85 Safari/537.36"
161.97.158.68 - - [14/Apr/2026:15:59:27 -0400] "GET /wp-includes/IXR/ HTTP/1.1" 200 1473 "binance.com" "Mozilla/5.0 (Windows NT 10.0; Win64; x64) AppleWebKit/537.36 (KHTML, like Gecko) Chrome/90.0.4430.85 Safari/537.36"
161.97.158.68 - - [14/Apr/2026:15:59:49 -0400] "GET /wp-includes/PHPMailer/ HTTP/1.1" 200 863 "binance.com" "Mozilla/5.0 (Windows NT 10.0; Win64; x64) AppleWebKit/537.36 (KHTML, like Gecko) Chrome/90.0.4430.85 Safari/537.36"
161.97.158.68 - - [14/Apr/2026:16:00:04 -0400] "GET /wp-includes/Text/ HTTP/1.1" 200 831 "binance.com" "Mozilla/5.0 (Windows NT 10.0; Win64; x64) AppleWebKit/537.36 (KHTML, like Gecko) Chrome/90.0.4430.85 Safari/537.36"
161.97.158.68 - - [14/Apr/2026:16:00:30 -0400] "GET /wp-includes/Text/Diff/Engine/ HTTP/1.1" 200 924 "binance.com" "Mozilla/5.0 (Windows NT 10.0; Win64; x64) AppleWebKit/537.36 (KHTML, like Gecko) Chrome/90.0.4430.85 Safari/537.36"
161.97.158.68 - - [14/Apr/2026:16:00:37 -0400] "GET /wp-includes/Text/Diff/Engine/ HTTP/1.1" 200 924 "binance.com" "Mozilla/5.0 (Windows NT 10.0; Win64; x64) AppleWebKit/537.36 (KHTML, like Gecko) Chrome/90.0.4430.85 Safari/537.36"
161.97.158.68 - - [14/Apr/2026:16:00:44 -0400] "GET /wp-includes/Text/Diff/Renderer/ HTTP/1.1" 200 782 "binance.com" "Mozilla/5.0 (Windows NT 10.0; Win64; x64) AppleWebKit/537.36 (KHTML, like Gecko) Chrome/90.0.4430.85 Safari/537.36"
161.97.158.68 - - [14/Apr/2026:16:00:52 -0400] "GET /wp-includes/Text/Diff/Renderer/ HTTP/1.1" 200 782 "binance.com" "Mozilla/5.0 (Windows NT 10.0; Win64; x64) AppleWebKit/537.36 (KHTML, like Gecko) Chrome/90.0.4430.85 Safari/537.36"
161.97.158.68 - - [14/Apr/2026:16:01:00 -0400] "GET /wp-includes/blocks/ HTTP/1.1" 500 0 "binance.com" "Mozilla/5.0 (Windows NT 10.0; Win64; x64) AppleWebKit/537.36 (KHTML, like Gecko) Chrome/90.0.4430.85 Safari/537.36"
161.97.158.68 - - [14/Apr/2026:16:01:14 -0400] "GET /wp-includes/pomo/ HTTP/1.1" 200 1286 "binance.com" "Mozilla/5.0 (Windows NT 10.0; Win64; x64) AppleWebKit/537.36 (KHTML, like Gecko) Chrome/90.0.4430.85 Safari/537.36"
161.97.158.68 - - [14/Apr/2026:16:01:37 -0400] "GET /wp-includes/sitemaps/providers/ HTTP/1.1" 200 937 "binance.com" "Mozilla/5.0 (Windows NT 10.0; Win64; x64) AppleWebKit/537.36 (KHTML, like Gecko) Chrome/90.0.4430.85 Safari/537.36"
161.97.158.68 - - [14/Apr/2026:16:01:44 -0400] "GET /wp-includes/sitemaps/providers/ HTTP/1.1" 200 937 "binance.com" "Mozilla/5.0 (Windows NT 10.0; Win64; x64) AppleWebKit/537.36 (KHTML, like Gecko) Chrome/90.0.4430.85 Safari/537.36"
161.97.158.68 - - [14/Apr/2026:16:02:16 -0400] "GET /wp-includes/css/dist/ HTTP/1.1" 200 1255 "binance.com" "Mozilla/5.0 (Windows NT 10.0; Win64; x64) AppleWebKit/537.36 (KHTML, like Gecko) Chrome/90.0.4430.85 Safari/537.36"
161.97.158.68 - - [14/Apr/2026:16:02:23 -0400] "GET /wp-includes/fonts/ HTTP/1.1" 200 908 "binance.com" "Mozilla/5.0 (Windows NT 10.0; Win64; x64) AppleWebKit/537.36 (KHTML, like Gecko) Chrome/90.0.4430.85 Safari/537.36"
161.97.158.68 - - [14/Apr/2026:16:02:30 -0400] "GET /wp-includes/images/ HTTP/1.1" 200 2022 "binance.com" "Mozilla/5.0 (Windows NT 10.0; Win64; x64) AppleWebKit/537.36 (KHTML, like Gecko) Chrome/90.0.4430.85 Safari/537.36"
161.97.158.68 - - [14/Apr/2026:16:02:39 -0400] "GET /wp-includes/images/crystal/ HTTP/1.1" 200 1404 "binance.com" "Mozilla/5.0 (Windows NT 10.0; Win64; x64) AppleWebKit/537.36 (KHTML, like Gecko) Chrome/90.0.4430.85 Safari/537.36"
161.97.158.68 - - [14/Apr/2026:16:03:12 -0400] "GET /wp-includes/js/ HTTP/1.1" 200 4409 "binance.com" "Mozilla/5.0 (Windows NT 10.0; Win64; x64) AppleWebKit/537.36 (KHTML, like Gecko) Chrome/90.0.4430.85 Safari/537.36"
161.97.158.68 - - [14/Apr/2026:16:03:33 -0400] "GET /.well-known/ HTTP/1.1" 200 758 "binance.com" "Mozilla/5.0 (Windows NT 10.0; Win64; x64) AppleWebKit/537.36 (KHTML, like Gecko) Chrome/90.0.4430.85 Safari/537.36"
161.97.158.68 - - [14/Apr/2026:16:00:14 -0400] "GET /wp-includes/Text/Diff/ HTTP/1.1" 200 884 "binance.com" "Mozilla/5.0 (Windows NT 10.0; Win64; x64) AppleWebKit/537.36 (KHTML, like Gecko) Chrome/90.0.4430.85 Safari/537.36"
161.97.158.68 - - [14/Apr/2026:16:00:22 -0400] "GET /wp-includes/Text/Diff/ HTTP/1.1" 200 884 "binance.com" "Mozilla/5.0 (Windows NT 10.0; Win64; x64) AppleWebKit/537.36 (KHTML, like Gecko) Chrome/90.0.4430.85 Safari/537.36"
161.97.158.68 - - [14/Apr/2026:16:01:07 -0400] "GET /wp-includes/pomo/ HTTP/1.1" 200 1286 "binance.com" "Mozilla/5.0 (Windows NT 10.0; Win64; x64) AppleWebKit/537.36 (KHTML, like Gecko) Chrome/90.0.4430.85 Safari/537.36"
161.97.158.68 - - [14/Apr/2026:16:01:22 -0400] "GET /wp-includes/sitemaps/ HTTP/1.1" 200 1339 "binance.com" "Mozilla/5.0 (Windows NT 10.0; Win64; x64) AppleWebKit/537.36 (KHTML, like Gecko) Chrome/90.0.4430.85 Safari/537.36"
161.97.158.68 - - [14/Apr/2026:16:01:29 -0400] "GET /wp-includes/sitemaps/ HTTP/1.1" 200 1339 "binance.com" "Mozilla/5.0 (Windows NT 10.0; Win64; x64) AppleWebKit/537.36 (KHTML, like Gecko) Chrome/90.0.4430.85 Safari/537.36"
161.97.158.68 - - [14/Apr/2026:16:01:51 -0400] "GET /wp-includes/widgets/ HTTP/1.1" 200 1785 "binance.com" "Mozilla/5.0 (Windows NT 10.0; Win64; x64) AppleWebKit/537.36 (KHTML, like Gecko) Chrome/90.0.4430.85 Safari/537.36"
161.97.158.68 - - [14/Apr/2026:16:01:57 -0400] "GET /wp-includes/widgets/ HTTP/1.1" 200 1785 "binance.com" "Mozilla/5.0 (Windows NT 10.0; Win64; x64) AppleWebKit/537.36 (KHTML, like Gecko) Chrome/90.0.4430.85 Safari/537.36"
161.97.158.68 - - [14/Apr/2026:16:02:08 -0400] "GET /wp-includes/css/ HTTP/1.1" 200 2256 "binance.com" "Mozilla/5.0 (Windows NT 10.0; Win64; x64) AppleWebKit/537.36 (KHTML, like Gecko) Chrome/90.0.4430.85 Safari/537.36"
161.97.158.68 - - [14/Apr/2026:16:02:46 -0400] "GET /wp-includes/images/media/ HTTP/1.1" 200 1268 "binance.com" "Mozilla/5.0 (Windows NT 10.0; Win64; x64) AppleWebKit/537.36 (KHTML, like Gecko) Chrome/90.0.4430.85 Safari/537.36"
161.97.158.68 - - [14/Apr/2026:16:02:53 -0400] "GET /wp-includes/images/smilies/ HTTP/1.1" 200 1629 "binance.com" "Mozilla/5.0 (Windows NT 10.0; Win64; x64) AppleWebKit/537.36 (KHTML, like Gecko) Chrome/90.0.4430.85 Safari/537.36"
161.97.158.68 - - [14/Apr/2026:16:02:59 -0400] "GET /wp-includes/images/wlw/ HTTP/1.1" 200 855 "binance.com" "Mozilla/5.0 (Windows NT 10.0; Win64; x64) AppleWebKit/537.36 (KHTML, like Gecko) Chrome/90.0.4430.85 Safari/537.36"
162.213.253.84 - - [14/Apr/2026:16:03:07 -0400] "POST /wp-cron.php?doing_wp_cron=1776196987.1687250137329101562500 HTTP/1.1" 200 0 "http://www.vjmedia.in/wp-cron.php?doing_wp_cron=1776196987.1687250137329101562500" "WordPress/5.5.1; https://www.vjmedia.in"
161.97.158.68 - - [14/Apr/2026:16:03:06 -0400] "GET /wp-includes/js/%20 HTTP/1.1" 301 0 "binance.com" "Mozilla/5.0 (Windows NT 10.0; Win64; x64) AppleWebKit/537.36 (KHTML, like Gecko) Chrome/90.0.4430.85 Safari/537.36"
161.97.158.68 - - [14/Apr/2026:16:03:18 -0400] "GET /wp-includes/js/codemirror/ HTTP/1.1" 200 1341 "binance.com" "Mozilla/5.0 (Windows NT 10.0; Win64; x64) AppleWebKit/537.36 (KHTML, like Gecko) Chrome/90.0.4430.85 Safari/537.36"
161.97.158.68 - - [14/Apr/2026:16:03:25 -0400] "GET /wp-includes/js/plupload/ HTTP/1.1" 200 1333 "binance.com" "Mozilla/5.0 (Windows NT 10.0; Win64; x64) AppleWebKit/537.36 (KHTML, like Gecko) Chrome/90.0.4430.85 Safari/537.36"
43.252.106.66 - - [14/Apr/2026:16:17:05 -0400] "GET /wp-json/wp/v2/posts HTTP/1.1" 200 24926 "-" "Mozilla/5.0 (Windows NT 10.0; Win64; x64) AppleWebKit/537.36 (KHTML, like Gecko) Chrome/120.0.0.0 Safari/537.36"
45.92.1.25 - - [14/Apr/2026:17:36:29 -0400] "GET /txets.php HTTP/1.1" 404 12022 "-" "Mozilla/5.0 (Windows NT 10.0; Win64; x64) AppleWebKit/537.36 (KHTML, like Gecko) Chrome/91.0.4472.124 Safari/537.36"
45.92.1.25 - - [14/Apr/2026:17:36:34 -0400] "GET /wp-includes/txets.php HTTP/1.1" 404 12022 "-" "Mozilla/5.0 (Windows NT 10.0; Win64; x64) AppleWebKit/537.36 (KHTML, like Gecko) Chrome/91.0.4472.124 Safari/537.36"
45.92.1.25 - - [14/Apr/2026:17:36:30 -0400] "GET /wp-content/txets.php HTTP/1.1" 404 12022 "-" "Mozilla/5.0 (Windows NT 10.0; Win64; x64) AppleWebKit/537.36 (KHTML, like Gecko) Chrome/91.0.4472.124 Safari/537.36"
45.92.1.25 - - [14/Apr/2026:17:36:31 -0400] "GET /wp-includes/widgets/txets.php HTTP/1.1" 404 12022 "-" "Mozilla/5.0 (Windows NT 10.0; Win64; x64) AppleWebKit/537.36 (KHTML, like Gecko) Chrome/91.0.4472.124 Safari/537.36"
45.92.1.25 - - [14/Apr/2026:17:36:32 -0400] "GET /wp-includes/rest-api/txets.php HTTP/1.1" 404 12022 "-" "Mozilla/5.0 (Windows NT 10.0; Win64; x64) AppleWebKit/537.36 (KHTML, like Gecko) Chrome/91.0.4472.124 Safari/537.36"
45.92.1.25 - - [14/Apr/2026:17:36:33 -0400] "GET /wp-includes/blocks/post-template/txets.php HTTP/1.1" 404 12022 "-" "Mozilla/5.0 (Windows NT 10.0; Win64; x64) AppleWebKit/537.36 (KHTML, like Gecko) Chrome/91.0.4472.124 Safari/537.36"
45.92.1.25 - - [14/Apr/2026:17:36:33 -0400] "GET /wp-admin/txets.php HTTP/1.1" 404 12022 "-" "Mozilla/5.0 (Windows NT 10.0; Win64; x64) AppleWebKit/537.36 (KHTML, like Gecko) Chrome/91.0.4472.124 Safari/537.36"
45.92.1.25 - - [14/Apr/2026:17:36:36 -0400] "GET /schallfuns.php HTTP/1.1" 404 12022 "-" "Mozilla/5.0 (Windows NT 10.0; Win64; x64) AppleWebKit/537.36 (KHTML, like Gecko) Chrome/91.0.4472.124 Safari/537.36"
45.92.1.25 - - [14/Apr/2026:17:36:37 -0400] "GET /postnews.php HTTP/1.1" 404 12022 "-" "Mozilla/5.0 (Windows NT 10.0; Win64; x64) AppleWebKit/537.36 (KHTML, like Gecko) Chrome/91.0.4472.124 Safari/537.36"
162.213.253.84 - - [14/Apr/2026:17:47:06 -0400] "POST /wp-cron.php?doing_wp_cron=1776203226.2627339363098144531250 HTTP/1.1" 200 0 "http://www.vjmedia.in/wp-cron.php?doing_wp_cron=1776203226.2627339363098144531250" "WordPress/5.5.1; https://www.vjmedia.in"
103.76.109.74 - - [14/Apr/2026:17:47:05 -0400] "GET /wp-json/wp/v2/posts HTTP/1.1" 200 24926 "-" "Mozilla/5.0 (Windows NT 10.0; Win64; x64) AppleWebKit/537.36 (KHTML, like Gecko) Chrome/120.0.0.0 Safari/537.36"
143.198.135.176 - - [14/Apr/2026:17:47:07 -0400] "GET /wp-json/wp/v2/posts HTTP/1.1" 200 24926 "-" "Mozilla/5.0 (Windows NT 10.0; Win64; x64) AppleWebKit/537.36 (KHTML, like Gecko) Chrome/120.0.0.0 Safari/537.36"
216.244.66.248 - - [14/Apr/2026:17:57:09 -0400] "GET /robots.txt HTTP/1.1" 200 115 "-" "Mozilla/5.0 (compatible; DotBot/1.2; +https://opensiteexplorer.org/dotbot; [email protected])"
162.213.253.84 - - [14/Apr/2026:18:14:12 -0400] "POST /wp-cron.php?doing_wp_cron=1776204852.7136650085449218750000 HTTP/1.1" 200 0 "http://www.vjmedia.in/wp-cron.php?doing_wp_cron=1776204852.7136650085449218750000" "WordPress/5.5.1; https://www.vjmedia.in"
216.244.66.248 - - [14/Apr/2026:18:14:12 -0400] "GET /contact HTTP/1.1" 301 0 "-" "Mozilla/5.0 (compatible; DotBot/1.2; +https://opensiteexplorer.org/dotbot; [email protected])"
162.213.253.84 - - [14/Apr/2026:18:17:34 -0400] "POST /wp-cron.php?doing_wp_cron=1776205054.8294100761413574218750 HTTP/1.1" 200 0 "http://www.vjmedia.in/wp-cron.php?doing_wp_cron=1776205054.8294100761413574218750" "WordPress/5.5.1; https://www.vjmedia.in"
216.244.66.248 - - [14/Apr/2026:18:17:33 -0400] "GET /coverage-of-french-fashion-designer-sakina-shbib/ HTTP/1.1" 200 50408 "-" "Mozilla/5.0 (compatible; DotBot/1.2; +https://opensiteexplorer.org/dotbot; [email protected])"
216.244.66.248 - - [14/Apr/2026:18:19:53 -0400] "GET /2020/02/20/ HTTP/1.1" 200 49929 "-" "Mozilla/5.0 (compatible; DotBot/1.2; +https://opensiteexplorer.org/dotbot; [email protected])"
162.213.253.84 - - [14/Apr/2026:18:19:54 -0400] "POST /wp-cron.php?doing_wp_cron=1776205194.0188789367675781250000 HTTP/1.1" 200 0 "http://www.vjmedia.in/wp-cron.php?doing_wp_cron=1776205194.0188789367675781250000" "WordPress/5.5.1; https://www.vjmedia.in"
216.244.66.248 - - [14/Apr/2026:18:45:18 -0400] "GET /robots.txt HTTP/1.1" 200 115 "-" "Mozilla/5.0 (compatible; DotBot/1.2; +https://opensiteexplorer.org/dotbot; [email protected])"
51.79.18.67 - - [14/Apr/2026:19:14:52 -0400] "GET / HTTP/1.1" 301 0 "-" "Mozilla/5.0 (Windows NT 10.0; Win64; x64; rv:137.0) Gecko/20100101 Firefox/137.0"
216.244.66.248 - - [14/Apr/2026:19:18:30 -0400] "GET /events/category/billboard/2019-09-26/ HTTP/1.1" 200 50791 "-" "Mozilla/5.0 (compatible; DotBot/1.2; +https://opensiteexplorer.org/dotbot; [email protected])"
204.48.19.57 - - [14/Apr/2026:19:22:11 -0400] "GET /.git/config HTTP/1.1" 403 1242 "-" "Mozilla/5.0 (X11; Linux x86_64) AppleWebKit/537.36 (KHTML, like Gecko) Chrome/81.0.4044.129 Safari/537.36"
162.213.253.84 - - [14/Apr/2026:19:18:31 -0400] "POST /wp-cron.php?doing_wp_cron=1776208711.7855410575866699218750 HTTP/1.1" 200 0 "http://www.vjmedia.in/wp-cron.php?doing_wp_cron=1776208711.7855410575866699218750" "WordPress/5.5.1; https://www.vjmedia.in"
216.244.66.248 - - [14/Apr/2026:19:34:56 -0400] "GET /robots.txt HTTP/1.1" 200 115 "-" "Mozilla/5.0 (compatible; DotBot/1.2; +https://opensiteexplorer.org/dotbot; [email protected])"
216.244.66.248 - - [14/Apr/2026:19:58:06 -0400] "GET /2020/09/18/ HTTP/1.1" 200 50062 "-" "Mozilla/5.0 (compatible; DotBot/1.2; +https://opensiteexplorer.org/dotbot; [email protected])"
216.244.66.248 - - [14/Apr/2026:19:53:34 -0400] "GET /inauguration-of-mall-tvr-for-images-magazine/ HTTP/1.1" 200 50099 "-" "Mozilla/5.0 (compatible; DotBot/1.2; +https://opensiteexplorer.org/dotbot; [email protected])"
216.244.66.248 - - [14/Apr/2026:19:56:51 -0400] "GET /coverage-of-paris-based-fashion-designer-sakina-shbib-vegan-bag-collection-in-day-of-dubai/feed/ HTTP/1.1" 200 964 "-" "Mozilla/5.0 (compatible; DotBot/1.2; +https://opensiteexplorer.org/dotbot; [email protected])"
162.213.253.84 - - [14/Apr/2026:20:05:38 -0400] "POST /wp-cron.php?doing_wp_cron=1776211538.4656889438629150390625 HTTP/1.1" 200 0 "http://www.vjmedia.in/wp-cron.php?doing_wp_cron=1776211538.4656889438629150390625" "WordPress/5.5.1; https://www.vjmedia.in"
216.244.66.248 - - [14/Apr/2026:20:08:01 -0400] "GET /events/category/billboard/2019-11-15/ HTTP/1.1" 200 50782 "-" "Mozilla/5.0 (compatible; DotBot/1.2; +https://opensiteexplorer.org/dotbot; [email protected])"
216.244.66.248 - - [14/Apr/2026:20:05:37 -0400] "GET /forums/forum/citygov-message-board/ HTTP/1.1" 200 48699 "-" "Mozilla/5.0 (compatible; DotBot/1.2; +https://opensiteexplorer.org/dotbot; [email protected])"
184.94.240.88 - - [14/Apr/2026:20:14:31 -0400] "GET / HTTP/1.1" 301 0 "-" "Mozilla/5.0 (Windows NT 10.0; Win64; x64; rv:104.0) Gecko/20100101 Firefox/104.0"
216.244.66.248 - - [14/Apr/2026:20:25:25 -0400] "GET /robots.txt HTTP/1.1" 200 115 "-" "Mozilla/5.0 (compatible; DotBot/1.2; +https://opensiteexplorer.org/dotbot; [email protected])"
103.131.71.81 - - [14/Apr/2026:20:29:33 -0400] "GET /robots.txt HTTP/1.1" 301 0 "-" "Mozilla/5.0 (compatible; coccocbot-web/1.0; +http://help.coccoc.com/searchengine)"
103.131.71.81 - - [14/Apr/2026:20:29:35 -0400] "GET /robots.txt HTTP/1.1" 200 110 "-" "Mozilla/5.0 (compatible; coccocbot-web/1.0; +http://help.coccoc.com/searchengine)"
51.161.8.73 - - [14/Apr/2026:20:41:27 -0400] "GET / HTTP/1.1" 301 0 "-" "Mozilla/5.0 (Macintosh; U; Intel Mac OS X 10.4; en-US; rv:1.9.2.2) Gecko/20100316 Firefox/3.6.2"
216.244.66.248 - - [14/Apr/2026:21:00:18 -0400] "GET /events/2019-06-27/ HTTP/1.1" 200 50153 "-" "Mozilla/5.0 (compatible; DotBot/1.2; +https://opensiteexplorer.org/dotbot; [email protected])"
216.244.66.248 - - [14/Apr/2026:21:00:23 -0400] "GET /events/2019-10-30/ HTTP/1.1" 200 50180 "-" "Mozilla/5.0 (compatible; DotBot/1.2; +https://opensiteexplorer.org/dotbot; [email protected])"
162.213.253.84 - - [14/Apr/2026:21:03:14 -0400] "POST /wp-cron.php?doing_wp_cron=1776214994.4517250061035156250000 HTTP/1.1" 200 0 "http://www.vjmedia.in/wp-cron.php?doing_wp_cron=1776214994.4517250061035156250000" "WordPress/5.5.1; https://www.vjmedia.in"
216.244.66.248 - - [14/Apr/2026:21:03:13 -0400] "GET /events/category/billboard/2019-06-22/ HTTP/1.1" 200 50746 "-" "Mozilla/5.0 (compatible; DotBot/1.2; +https://opensiteexplorer.org/dotbot; [email protected])"
103.131.71.37 - - [14/Apr/2026:21:08:49 -0400] "GET /robots.txt HTTP/1.1" 200 110 "-" "Mozilla/5.0 (compatible; coccocbot-image/1.0; +http://help.coccoc.com/searchengine)"
43.166.242.189 - - [14/Apr/2026:21:03:36 -0400] "GET / HTTP/1.1" 301 0 "-" "Mozilla/5.0 (iPhone; CPU iPhone OS 13_2_3 like Mac OS X) AppleWebKit/605.1.15 (KHTML, like Gecko) Version/13.0.3 Mobile/15E148 Safari/604.1"
103.131.71.37 - - [14/Apr/2026:21:08:39 -0400] "GET /robots.txt HTTP/1.1" 301 0 "-" "Mozilla/5.0 (compatible; coccocbot-image/1.0; +http://help.coccoc.com/searchengine)"
182.44.10.67 - - [14/Apr/2026:21:10:28 -0400] "GET / HTTP/1.1" 301 0 "-" "Mozilla/5.0 (iPhone; CPU iPhone OS 13_2_3 like Mac OS X) AppleWebKit/605.1.15 (KHTML, like Gecko) Version/13.0.3 Mobile/15E148 Safari/604.1"
216.244.66.248 - - [14/Apr/2026:21:15:51 -0400] "GET /robots.txt HTTP/1.1" 200 115 "-" "Mozilla/5.0 (compatible; DotBot/1.2; +https://opensiteexplorer.org/dotbot; [email protected])"
43.157.153.236 - - [14/Apr/2026:21:34:30 -0400] "GET / HTTP/1.1" 301 0 "-" "Mozilla/5.0 (iPhone; CPU iPhone OS 13_2_3 like Mac OS X) AppleWebKit/605.1.15 (KHTML, like Gecko) Version/13.0.3 Mobile/15E148 Safari/604.1"
194.26.192.241 - - [14/Apr/2026:21:35:34 -0400] "GET /txets.php HTTP/1.1" 404 10935 "-" "Mozilla/5.0 (Linux; Android 7.0; SM-G892A) AppleWebKit/537.36 (KHTML, like Gecko) Chrome/60.0.3112.107 Mobile Safari/537.36"
194.26.192.241 - - [14/Apr/2026:21:35:38 -0400] "GET /cgi-bin/postnews.php HTTP/1.1" 404 10935 "-" "Mozilla/5.0 (Linux; Android 7.0; SM-G892A) AppleWebKit/537.36 (KHTML, like Gecko) Chrome/60.0.3112.107 Mobile Safari/537.36"
216.244.66.248 - - [14/Apr/2026:21:44:20 -0400] "GET /events/2019-12-01/ HTTP/1.1" 200 50181 "-" "Mozilla/5.0 (compatible; DotBot/1.2; +https://opensiteexplorer.org/dotbot; [email protected])"
162.213.253.84 - - [14/Apr/2026:21:33:16 -0400] "POST /wp-cron.php?doing_wp_cron=1776216796.6510670185089111328125 HTTP/1.1" 200 0 "http://www.vjmedia.in/wp-cron.php?doing_wp_cron=1776216796.6510670185089111328125" "WordPress/5.5.1; https://www.vjmedia.in"
216.244.66.248 - - [14/Apr/2026:21:33:15 -0400] "GET /interview-of-bollywood-actress-and-fitness-enthusiast-shilpa-shetty/ HTTP/1.1" 200 50608 "-" "Mozilla/5.0 (compatible; DotBot/1.2; +https://opensiteexplorer.org/dotbot; [email protected])"
194.26.192.241 - - [14/Apr/2026:21:35:33 -0400] "GET /txets.php HTTP/1.1" 301 0 "-" "Mozilla/5.0 (Linux; Android 7.0; SM-G892A) AppleWebKit/537.36 (KHTML, like Gecko) Chrome/60.0.3112.107 Mobile Safari/537.36"
194.26.192.241 - - [14/Apr/2026:21:35:35 -0400] "GET /postnews.php HTTP/1.1" 301 0 "-" "Mozilla/5.0 (Linux; Android 7.0; SM-G892A) AppleWebKit/537.36 (KHTML, like Gecko) Chrome/60.0.3112.107 Mobile Safari/537.36"
194.26.192.241 - - [14/Apr/2026:21:35:36 -0400] "GET /postnews.php HTTP/1.1" 404 10935 "-" "Mozilla/5.0 (Linux; Android 7.0; SM-G892A) AppleWebKit/537.36 (KHTML, like Gecko) Chrome/60.0.3112.107 Mobile Safari/537.36"
194.26.192.241 - - [14/Apr/2026:21:35:37 -0400] "GET /cgi-bin/postnews.php HTTP/1.1" 301 0 "-" "Mozilla/5.0 (Linux; Android 7.0; SM-G892A) AppleWebKit/537.36 (KHTML, like Gecko) Chrome/60.0.3112.107 Mobile Safari/537.36"
216.244.66.248 - - [14/Apr/2026:21:47:07 -0400] "GET /events/category/billboard/2019-03-19/ HTTP/1.1" 200 50755 "-" "Mozilla/5.0 (compatible; DotBot/1.2; +https://opensiteexplorer.org/dotbot; [email protected])"
216.244.66.248 - - [14/Apr/2026:21:48:59 -0400] "GET /events/category/billboard/2019-09-30/ HTTP/1.1" 200 50791 "-" "Mozilla/5.0 (compatible; DotBot/1.2; +https://opensiteexplorer.org/dotbot; [email protected])"
162.213.253.84 - - [14/Apr/2026:21:47:08 -0400] "POST /wp-cron.php?doing_wp_cron=1776217628.5635681152343750000000 HTTP/1.1" 200 0 "http://www.vjmedia.in/wp-cron.php?doing_wp_cron=1776217628.5635681152343750000000" "WordPress/5.5.1; https://www.vjmedia.in"
162.213.253.84 - - [14/Apr/2026:21:49:00 -0400] "POST /wp-cron.php?doing_wp_cron=1776217740.5228021144866943359375 HTTP/1.1" 200 0 "http://www.vjmedia.in/wp-cron.php?doing_wp_cron=1776217740.5228021144866943359375" "WordPress/5.5.1; https://www.vjmedia.in"
216.244.66.248 - - [14/Apr/2026:21:52:01 -0400] "GET /members/admin/activity/feed/ HTTP/1.1" 301 0 "-" "Mozilla/5.0 (compatible; DotBot/1.2; +https://opensiteexplorer.org/dotbot; [email protected])"