137.184.227.205 - - [02/Jun/2026:17:41:04 -0400] "GET / HTTP/1.1" 200 19176 "-" "Mozilla/5.0 (Windows NT 10.0; Win64; x64) AppleWebKit/537.36 (KHTML, like Gecko) Chrome/131.0.0.0 Safari/537.36"
162.213.253.84 - - [02/Jun/2026:18:00:05 -0400] "POST /wp-admin/admin-ajax.php?action=async_litespeed&nonce=0940218fab&litespeed_type=imgoptm HTTP/1.1" 200 0 "https://tejoversea.com/wp-admin/admin-ajax.php?action=async_litespeed&nonce=0940218fab&litespeed_type=imgoptm" "WordPress/6.0.2; https://tejoversea.com"
162.213.253.84 - - [02/Jun/2026:18:00:04 -0400] "POST /wp-cron.php?doing_wp_cron=1780437604.6546189785003662109375 HTTP/1.1" 200 0 "https://tejoversea.com/wp-cron.php?doing_wp_cron=1780437604.6546189785003662109375" "WordPress/6.0.2; https://tejoversea.com"
51.89.32.55 - - [02/Jun/2026:18:00:04 -0400] "GET /wp-content/plugins/FoxPanel/assets/login/cpanel-login.css HTTP/1.1" 404 28821 "-" "Mozilla/5.0 (X11; Linux x86_64; rv:150.0) Gecko/20100101 Firefox/150.0"
167.71.136.93 - - [02/Jun/2026:18:53:26 -0400] "GET /wp-json/ HTTP/1.1" 200 192974 "-" "Mozilla/5.0 (Windows NT 10.0; Win64; x64) AppleWebKit/537.36 (KHTML, like Gecko) Chrome/133.0.0.0 Safari/537.36"
162.213.253.84 - - [02/Jun/2026:18:53:27 -0400] "POST /wp-cron.php?doing_wp_cron=1780440807.0239379405975341796875 HTTP/1.1" 200 0 "https://tejoversea.com/wp-cron.php?doing_wp_cron=1780440807.0239379405975341796875" "WordPress/6.0.2; https://tejoversea.com"
162.213.253.84 - - [02/Jun/2026:18:53:27 -0400] "POST /wp-admin/admin-ajax.php?action=async_litespeed&nonce=0940218fab&litespeed_type=imgoptm HTTP/1.1" 200 0 "https://tejoversea.com/wp-admin/admin-ajax.php?action=async_litespeed&nonce=0940218fab&litespeed_type=imgoptm" "WordPress/6.0.2; https://tejoversea.com"
41.111.171.131 - - [02/Jun/2026:18:53:28 -0400] "GET /wp-json/wp/v2/users?_fields=slug&per_page=100&page=1 HTTP/1.1" 200 21 "-" "Mozilla/5.0 (Windows NT 10.0; Win64; x64) AppleWebKit/537.36 (KHTML, like Gecko) Chrome/133.0.0.0 Safari/537.36"
163.182.170.162 - - [02/Jun/2026:18:53:30 -0400] "GET /wp-json/oembed/1.0/embed?url=https%3A%2F%2Ftejoversea.com&format=json HTTP/1.1" 200 2835 "-" "Mozilla/5.0 (Windows NT 10.0; Win64; x64) AppleWebKit/537.36 (KHTML, like Gecko) Chrome/133.0.0.0 Safari/537.36"
54.36.102.244 - - [02/Jun/2026:18:53:30 -0400] "GET /wp-json/webmention/1.0 HTTP/1.1" 404 114 "-" "Mozilla/5.0 (Windows NT 10.0; Win64; x64) AppleWebKit/537.36 (KHTML, like Gecko) Chrome/133.0.0.0 Safari/537.36"
54.36.102.244 - - [02/Jun/2026:18:53:30 -0400] "GET /rss/ HTTP/1.1" 301 0 "-" "Mozilla/5.0 (Windows NT 10.0; Win64; x64) AppleWebKit/537.36 (KHTML, like Gecko) Chrome/133.0.0.0 Safari/537.36"
54.36.102.244 - - [02/Jun/2026:18:53:31 -0400] "GET /feed/ HTTP/1.1" 200 580 "-" "Mozilla/5.0 (Windows NT 10.0; Win64; x64) AppleWebKit/537.36 (KHTML, like Gecko) Chrome/133.0.0.0 Safari/537.36"
92.205.109.21 - - [02/Jun/2026:18:53:32 -0400] "GET /sitemap_index.xml HTTP/1.1" 200 280 "-" "Mozilla/5.0 (Windows NT 10.0; Win64; x64) AppleWebKit/537.36 (KHTML, like Gecko) Chrome/133.0.0.0 Safari/537.36"
139.99.194.30 - - [02/Jun/2026:18:53:33 -0400] "GET / HTTP/1.1" 200 16673 "-" "Mozilla/5.0 (Windows NT 10.0; Win64; x64) AppleWebKit/537.36 (KHTML, like Gecko) Chrome/133.0.0.0 Safari/537.36"
139.99.194.30 - - [02/Jun/2026:18:53:33 -0400] "GET /wp-sitemap-users-1.xml HTTP/1.1" 301 0 "-" "Mozilla/5.0 (Windows NT 10.0; Win64; x64) AppleWebKit/537.36 (KHTML, like Gecko) Chrome/133.0.0.0 Safari/537.36"
83.212.240.55 - - [02/Jun/2026:18:53:33 -0400] "GET /wp-json/wp/v2/comments?per_page=100&_fields=author_name,author_url HTTP/1.1" 200 2 "-" "Mozilla/5.0 (Windows NT 10.0; Win64; x64) AppleWebKit/537.36 (KHTML, like Gecko) Chrome/133.0.0.0 Safari/537.36"
213.171.208.62 - - [02/Jun/2026:18:53:33 -0400] "GET /feed/atom/ HTTP/1.1" 200 1042 "-" "Mozilla/5.0 (Windows NT 10.0; Win64; x64) AppleWebKit/537.36 (KHTML, like Gecko) Chrome/133.0.0.0 Safari/537.36"
139.99.194.30 - - [02/Jun/2026:18:53:35 -0400] "POST /graphql HTTP/1.1" 404 6926 "-" "Mozilla/5.0 (Windows NT 10.0; Win64; x64) AppleWebKit/537.36 (KHTML, like Gecko) Chrome/133.0.0.0 Safari/537.36"
79.124.76.141 - - [02/Jun/2026:18:53:38 -0400] "GET /wp-json/wp/v2/media?per_page=50&_fields=author HTTP/1.1" 200 546 "-" "Mozilla/5.0 (Windows NT 10.0; Win64; x64) AppleWebKit/537.36 (KHTML, like Gecko) Chrome/133.0.0.0 Safari/537.36"
43.230.201.87 - - [02/Jun/2026:18:53:39 -0400] "GET /wp-json/wp/v2/users?per_page=50&_embed&_fields=id,slug,name HTTP/1.1" 200 55 "-" "Mozilla/5.0 (Windows NT 10.0; Win64; x64) AppleWebKit/537.36 (KHTML, like Gecko) Chrome/133.0.0.0 Safari/537.36"
185.150.190.83 - - [02/Jun/2026:18:53:42 -0400] "GET /wp-json/wp/v2/users?_jsonp=callback&per_page=100&_fields=id,slug HTTP/1.1" 200 47 "-" "Mozilla/5.0 (Windows NT 10.0; Win64; x64) AppleWebKit/537.36 (KHTML, like Gecko) Chrome/133.0.0.0 Safari/537.36"
69.49.112.64 - - [02/Jun/2026:18:53:43 -0400] "GET /feed/rss/ HTTP/1.1" 301 0 "-" "Mozilla/5.0 (Windows NT 10.0; Win64; x64) AppleWebKit/537.36 (KHTML, like Gecko) Chrome/133.0.0.0 Safari/537.36"
78.142.18.172 - - [02/Jun/2026:18:53:26 -0400] "GET /wp-json/wp/v2/posts?per_page=20&_embed=author&_fields=_embedded HTTP/1.1" 200 2 "-" "Mozilla/5.0 (Windows NT 10.0; Win64; x64) AppleWebKit/537.36 (KHTML, like Gecko) Chrome/133.0.0.0 Safari/537.36"
171.244.34.150 - - [02/Jun/2026:18:53:35 -0400] "GET /wp-json/ HTTP/1.1" 200 192974 "-" "Mozilla/5.0 (Windows NT 10.0; Win64; x64) AppleWebKit/537.36 (KHTML, like Gecko) Chrome/133.0.0.0 Safari/537.36"
38.95.35.74 - - [02/Jun/2026:18:53:36 -0400] "GET /readme.html HTTP/1.1" 200 2659 "-" "Mozilla/5.0 (Windows NT 10.0; Win64; x64) AppleWebKit/537.36 (KHTML, like Gecko) Chrome/133.0.0.0 Safari/537.36"
50.6.169.131 - - [02/Jun/2026:18:53:38 -0400] "POST /wp-json/webmention/1.0 HTTP/1.1" 404 114 "-" "Mozilla/5.0 (Windows NT 10.0; Win64; x64) AppleWebKit/537.36 (KHTML, like Gecko) Chrome/133.0.0.0 Safari/537.36"
94.23.70.39 - - [02/Jun/2026:18:53:42 -0400] "POST /wp-json/wp/v2/graphql HTTP/1.1" 404 114 "-" "Mozilla/5.0 (Windows NT 10.0; Win64; x64) AppleWebKit/537.36 (KHTML, like Gecko) Chrome/133.0.0.0 Safari/537.36"
69.49.112.64 - - [02/Jun/2026:18:53:45 -0400] "GET /feed/ HTTP/1.1" 200 580 "-" "Mozilla/5.0 (Windows NT 10.0; Win64; x64) AppleWebKit/537.36 (KHTML, like Gecko) Chrome/133.0.0.0 Safari/537.36"
103.95.119.103 - - [02/Jun/2026:18:53:49 -0400] "GET /sitemap_index.xml HTTP/1.1" 200 280 "-" "Mozilla/5.0 (Windows NT 10.0; Win64; x64) AppleWebKit/537.36 (KHTML, like Gecko) Chrome/133.0.0.0 Safari/537.36"
64.31.25.250 - - [02/Jun/2026:18:53:54 -0400] "GET /wp-json/um/v1/users HTTP/1.1" 404 114 "-" "Mozilla/5.0 (Windows NT 10.0; Win64; x64) AppleWebKit/537.36 (KHTML, like Gecko) Chrome/133.0.0.0 Safari/537.36"
167.71.136.93 - - [02/Jun/2026:18:53:56 -0400] "GET /wp-json/buddypress/v1/members HTTP/1.1" 404 114 "-" "Mozilla/5.0 (Windows NT 10.0; Win64; x64) AppleWebKit/537.36 (KHTML, like Gecko) Chrome/133.0.0.0 Safari/537.36"
148.72.247.18 - - [02/Jun/2026:18:54:05 -0400] "GET /wp-json/lp/v1/users HTTP/1.1" 404 114 "-" "Mozilla/5.0 (Windows NT 10.0; Win64; x64) AppleWebKit/537.36 (KHTML, like Gecko) Chrome/133.0.0.0 Safari/537.36"
87.106.67.224 - - [02/Jun/2026:18:54:06 -0400] "POST /wp-json/wp/v2/graphql HTTP/1.1" 404 114 "-" "Mozilla/5.0 (Windows NT 10.0; Win64; x64) AppleWebKit/537.36 (KHTML, like Gecko) Chrome/133.0.0.0 Safari/537.36"
162.213.253.84 - - [02/Jun/2026:18:54:22 -0400] "POST /wp-cron.php?doing_wp_cron=1780440862.2005000114440917968750 HTTP/1.1" 200 0 "https://tejoversea.com/wp-cron.php?doing_wp_cron=1780440862.2005000114440917968750" "WordPress/6.0.2; https://tejoversea.com"
162.213.253.84 - - [02/Jun/2026:18:54:22 -0400] "POST /wp-admin/admin-ajax.php?action=async_litespeed&nonce=0940218fab&litespeed_type=imgoptm HTTP/1.1" 200 0 "https://tejoversea.com/wp-admin/admin-ajax.php?action=async_litespeed&nonce=0940218fab&litespeed_type=imgoptm" "WordPress/6.0.2; https://tejoversea.com"
162.214.121.181 - - [02/Jun/2026:18:54:32 -0400] "GET /?author=4 HTTP/1.1" 404 6962 "-" "Mozilla/5.0 (Windows NT 10.0; Win64; x64) AppleWebKit/537.36 (KHTML, like Gecko) Chrome/133.0.0.0 Safari/537.36"
50.6.224.46 - - [02/Jun/2026:18:54:41 -0400] "GET /wp-json/youzer/v1/members HTTP/1.1" 404 114 "-" "Mozilla/5.0 (Windows NT 10.0; Win64; x64) AppleWebKit/537.36 (KHTML, like Gecko) Chrome/133.0.0.0 Safari/537.36"
160.250.186.220 - - [02/Jun/2026:18:54:49 -0400] "GET /?author=5 HTTP/1.1" 404 6964 "-" "Mozilla/5.0 (Windows NT 10.0; Win64; x64) AppleWebKit/537.36 (KHTML, like Gecko) Chrome/133.0.0.0 Safari/537.36"
50.62.183.144 - - [02/Jun/2026:18:54:57 -0400] "GET /?author=5 HTTP/1.1" 404 6964 "-" "Mozilla/5.0 (Windows NT 10.0; Win64; x64) AppleWebKit/537.36 (KHTML, like Gecko) Chrome/133.0.0.0 Safari/537.36"
82.223.24.195 - - [02/Jun/2026:18:55:07 -0400] "GET /wp-json/bbp-api/v1/users HTTP/1.1" 404 114 "-" "Mozilla/5.0 (Windows NT 10.0; Win64; x64) AppleWebKit/537.36 (KHTML, like Gecko) Chrome/133.0.0.0 Safari/537.36"
64.31.25.250 - - [02/Jun/2026:18:53:44 -0400] "GET /wp-json/ultimate-member/v1/users HTTP/1.1" 404 114 "-" "Mozilla/5.0 (Windows NT 10.0; Win64; x64) AppleWebKit/537.36 (KHTML, like Gecko) Chrome/133.0.0.0 Safari/537.36"
103.95.119.103 - - [02/Jun/2026:18:53:48 -0400] "GET /sitemap.xml HTTP/1.1" 301 0 "-" "Mozilla/5.0 (Windows NT 10.0; Win64; x64) AppleWebKit/537.36 (KHTML, like Gecko) Chrome/133.0.0.0 Safari/537.36"
50.6.224.46 - - [02/Jun/2026:18:53:52 -0400] "GET /?rest_route=/wp/v2/users&_fields=slug&per_page=100&page=1 HTTP/1.1" 200 21 "-" "Mozilla/5.0 (Windows NT 10.0; Win64; x64) AppleWebKit/537.36 (KHTML, like Gecko) Chrome/133.0.0.0 Safari/537.36"
92.205.164.99 - - [02/Jun/2026:18:53:53 -0400] "GET /wp-json/wp/v2/users?include=6,16&_fields=id,slug,name HTTP/1.1" 200 55 "-" "Mozilla/5.0 (Windows NT 10.0; Win64; x64) AppleWebKit/537.36 (KHTML, like Gecko) Chrome/133.0.0.0 Safari/537.36"
66.116.199.98 - - [02/Jun/2026:18:53:56 -0400] "GET /?author=2 HTTP/1.1" 404 6963 "-" "Mozilla/5.0 (Windows NT 10.0; Win64; x64) AppleWebKit/537.36 (KHTML, like Gecko) Chrome/133.0.0.0 Safari/537.36"
160.250.186.220 - - [02/Jun/2026:18:53:59 -0400] "GET /wp-json/buddyboss/v1/members HTTP/1.1" 404 114 "-" "Mozilla/5.0 (Windows NT 10.0; Win64; x64) AppleWebKit/537.36 (KHTML, like Gecko) Chrome/133.0.0.0 Safari/537.36"
103.95.119.103 - - [02/Jun/2026:18:54:04 -0400] "GET /wp-json/wp/v2/users?per_page=100&%70%65%72%5f%70%61%67%65=100 HTTP/1.1" 200 7314 "-" "Mozilla/5.0 (Windows NT 10.0; Win64; x64) AppleWebKit/537.36 (KHTML, like Gecko) Chrome/133.0.0.0 Safari/537.36"
161.35.162.136 - - [02/Jun/2026:18:54:12 -0400] "GET /?author=3 HTTP/1.1" 200 0 "-" "Mozilla/5.0 (Windows NT 10.0; Win64; x64) AppleWebKit/537.36 (KHTML, like Gecko) Chrome/133.0.0.0 Safari/537.36"
162.213.253.84 - - [02/Jun/2026:18:54:12 -0400] "POST /wp-cron.php?doing_wp_cron=1780440852.8654930591583251953125 HTTP/1.1" 200 0 "https://tejoversea.com/wp-cron.php?doing_wp_cron=1780440852.8654930591583251953125" "WordPress/6.0.2; https://tejoversea.com"
50.6.169.131 - - [02/Jun/2026:18:54:14 -0400] "GET /wp-json/wpuf/v1/users HTTP/1.1" 404 114 "-" "Mozilla/5.0 (Windows NT 10.0; Win64; x64) AppleWebKit/537.36 (KHTML, like Gecko) Chrome/133.0.0.0 Safari/537.36"
92.205.109.21 - - [02/Jun/2026:18:54:21 -0400] "GET /?author=4&feed=rss2 HTTP/1.1" 404 6961 "-" "Mozilla/5.0 (Windows NT 10.0; Win64; x64) AppleWebKit/537.36 (KHTML, like Gecko) Chrome/133.0.0.0 Safari/537.36"
118.233.90.178 - - [02/Jun/2026:18:54:28 -0400] "GET /wp-json/peepso/v1/members HTTP/1.1" 404 114 "-" "Mozilla/5.0 (Windows NT 10.0; Win64; x64) AppleWebKit/537.36 (KHTML, like Gecko) Chrome/133.0.0.0 Safari/537.36"
185.150.190.83 - - [02/Jun/2026:18:54:43 -0400] "GET /?author=5&feed=rss2 HTTP/1.1" 404 6962 "-" "Mozilla/5.0 (Windows NT 10.0; Win64; x64) AppleWebKit/537.36 (KHTML, like Gecko) Chrome/133.0.0.0 Safari/537.36"
46.101.142.214 - - [02/Jun/2026:18:54:59 -0400] "GET /wp-json/wc/v3/customers HTTP/1.1" 404 114 "-" "Mozilla/5.0 (Windows NT 10.0; Win64; x64) AppleWebKit/537.36 (KHTML, like Gecko) Chrome/133.0.0.0 Safari/537.36"
162.213.253.84 - - [02/Jun/2026:18:55:13 -0400] "POST /wp-cron.php?doing_wp_cron=1780440913.5646059513092041015625 HTTP/1.1" 200 0 "https://tejoversea.com/wp-cron.php?doing_wp_cron=1780440913.5646059513092041015625" "WordPress/6.0.2; https://tejoversea.com"
208.109.188.137 - - [02/Jun/2026:18:55:13 -0400] "GET /?author=6 HTTP/1.1" 301 0 "-" "Mozilla/5.0 (Windows NT 10.0; Win64; x64) AppleWebKit/537.36 (KHTML, like Gecko) Chrome/133.0.0.0 Safari/537.36"
162.213.253.84 - - [02/Jun/2026:18:55:30 -0400] "POST /wp-cron.php?doing_wp_cron=1780440930.9735200405120849609375 HTTP/1.1" 200 0 "https://tejoversea.com/wp-cron.php?doing_wp_cron=1780440930.9735200405120849609375" "WordPress/6.0.2; https://tejoversea.com"
162.213.253.84 - - [02/Jun/2026:18:55:31 -0400] "POST /wp-admin/admin-ajax.php?action=async_litespeed&nonce=0940218fab&litespeed_type=imgoptm HTTP/1.1" 200 0 "https://tejoversea.com/wp-admin/admin-ajax.php?action=async_litespeed&nonce=0940218fab&litespeed_type=imgoptm" "WordPress/6.0.2; https://tejoversea.com"
78.142.18.172 - - [02/Jun/2026:18:55:39 -0400] "GET /?author=8 HTTP/1.1" 404 6963 "-" "Mozilla/5.0 (Windows NT 10.0; Win64; x64) AppleWebKit/537.36 (KHTML, like Gecko) Chrome/133.0.0.0 Safari/537.36"
103.95.119.103 - - [02/Jun/2026:18:56:00 -0400] "GET /wp-json/ldlms/v2/users HTTP/1.1" 404 114 "-" "Mozilla/5.0 (Windows NT 10.0; Win64; x64) AppleWebKit/537.36 (KHTML, like Gecko) Chrome/133.0.0.0 Safari/537.36"
162.213.253.84 - - [02/Jun/2026:18:56:23 -0400] "POST /wp-cron.php?doing_wp_cron=1780440983.3764460086822509765625 HTTP/1.1" 200 0 "https://tejoversea.com/wp-cron.php?doing_wp_cron=1780440983.3764460086822509765625" "WordPress/6.0.2; https://tejoversea.com"
162.213.253.84 - - [02/Jun/2026:18:56:23 -0400] "POST /wp-admin/admin-ajax.php?action=async_litespeed&nonce=0940218fab&litespeed_type=imgoptm HTTP/1.1" 200 0 "https://tejoversea.com/wp-admin/admin-ajax.php?action=async_litespeed&nonce=0940218fab&litespeed_type=imgoptm" "WordPress/6.0.2; https://tejoversea.com"
217.76.158.60 - - [02/Jun/2026:18:57:30 -0400] "GET /?author=13 HTTP/1.1" 404 6963 "-" "Mozilla/5.0 (Windows NT 10.0; Win64; x64) AppleWebKit/537.36 (KHTML, like Gecko) Chrome/133.0.0.0 Safari/537.36"
162.213.253.84 - - [02/Jun/2026:18:57:31 -0400] "POST /wp-admin/admin-ajax.php?action=async_litespeed&nonce=0940218fab&litespeed_type=imgoptm HTTP/1.1" 200 0 "https://tejoversea.com/wp-admin/admin-ajax.php?action=async_litespeed&nonce=0940218fab&litespeed_type=imgoptm" "WordPress/6.0.2; https://tejoversea.com"
162.213.253.84 - - [02/Jun/2026:18:58:13 -0400] "POST /wp-cron.php?doing_wp_cron=1780441093.0707960128784179687500 HTTP/1.1" 200 0 "https://tejoversea.com/wp-cron.php?doing_wp_cron=1780441093.0707960128784179687500" "WordPress/6.0.2; https://tejoversea.com"
68.178.160.25 - - [02/Jun/2026:18:58:12 -0400] "GET /?author=16 HTTP/1.1" 301 0 "-" "Mozilla/5.0 (Windows NT 10.0; Win64; x64) AppleWebKit/537.36 (KHTML, like Gecko) Chrome/133.0.0.0 Safari/537.36"
45.233.111.146 - - [02/Jun/2026:18:58:28 -0400] "GET / HTTP/1.1" 200 19170 "-" "Mozilla/5.0 (Windows NT 10.0; Win64; x64) AppleWebKit/537.36 (KHTML, like Gecko) Chrome/129.0.6668.58 Safari/537.36"
43.230.201.87 - - [02/Jun/2026:18:55:30 -0400] "GET /?author=7 HTTP/1.1" 404 6962 "-" "Mozilla/5.0 (Windows NT 10.0; Win64; x64) AppleWebKit/537.36 (KHTML, like Gecko) Chrome/133.0.0.0 Safari/537.36"
185.150.190.83 - - [02/Jun/2026:18:55:34 -0400] "GET /wp-json/mepr/v1/members HTTP/1.1" 404 114 "-" "Mozilla/5.0 (Windows NT 10.0; Win64; x64) AppleWebKit/537.36 (KHTML, like Gecko) Chrome/133.0.0.0 Safari/537.36"
92.205.164.99 - - [02/Jun/2026:18:56:22 -0400] "GET /wp-json/tutor/v1/students HTTP/1.1" 404 114 "-" "Mozilla/5.0 (Windows NT 10.0; Win64; x64) AppleWebKit/537.36 (KHTML, like Gecko) Chrome/133.0.0.0 Safari/537.36"
64.31.25.250 - - [02/Jun/2026:18:56:24 -0400] "GET /?author=11 HTTP/1.1" 404 6962 "-" "Mozilla/5.0 (Windows NT 10.0; Win64; x64) AppleWebKit/537.36 (KHTML, like Gecko) Chrome/133.0.0.0 Safari/537.36"
168.63.79.147 - - [02/Jun/2026:18:57:04 -0400] "GET /?author=12 HTTP/1.1" 404 6963 "-" "Mozilla/5.0 (Windows NT 10.0; Win64; x64) AppleWebKit/537.36 (KHTML, like Gecko) Chrome/133.0.0.0 Safari/537.36"
162.213.253.84 - - [02/Jun/2026:18:57:31 -0400] "POST /wp-cron.php?doing_wp_cron=1780441051.2954289913177490234375 HTTP/1.1" 200 0 "https://tejoversea.com/wp-cron.php?doing_wp_cron=1780441051.2954289913177490234375" "WordPress/6.0.2; https://tejoversea.com"
168.63.79.147 - - [02/Jun/2026:18:57:36 -0400] "GET /?author=14 HTTP/1.1" 404 6963 "-" "Mozilla/5.0 (Windows NT 10.0; Win64; x64) AppleWebKit/537.36 (KHTML, like Gecko) Chrome/133.0.0.0 Safari/537.36"
195.15.210.11 - - [02/Jun/2026:18:57:57 -0400] "GET /?author=15 HTTP/1.1" 404 6962 "-" "Mozilla/5.0 (Windows NT 10.0; Win64; x64) AppleWebKit/537.36 (KHTML, like Gecko) Chrome/133.0.0.0 Safari/537.36"
72.167.50.103 - - [02/Jun/2026:18:58:01 -0400] "GET /?author=15 HTTP/1.1" 404 6962 "-" "Mozilla/5.0 (Windows NT 10.0; Win64; x64) AppleWebKit/537.36 (KHTML, like Gecko) Chrome/133.0.0.0 Safari/537.36"
68.178.160.25 - - [02/Jun/2026:18:58:15 -0400] "GET /author/vishal82/ HTTP/1.1" 200 10571 "-" "Mozilla/5.0 (Windows NT 10.0; Win64; x64) AppleWebKit/537.36 (KHTML, like Gecko) Chrome/133.0.0.0 Safari/537.36"
195.201.169.143 - - [02/Jun/2026:18:58:56 -0400] "GET /?author=17 HTTP/1.1" 200 10526 "-" "Mozilla/5.0 (Windows NT 10.0; Win64; x64) AppleWebKit/537.36 (KHTML, like Gecko) Chrome/133.0.0.0 Safari/537.36"
162.213.253.84 - - [02/Jun/2026:18:58:57 -0400] "POST /wp-admin/admin-ajax.php?action=async_litespeed&nonce=0940218fab&litespeed_type=imgoptm HTTP/1.1" 200 0 "https://tejoversea.com/wp-admin/admin-ajax.php?action=async_litespeed&nonce=0940218fab&litespeed_type=imgoptm" "WordPress/6.0.2; https://tejoversea.com"
162.213.253.84 - - [02/Jun/2026:18:59:29 -0400] "POST /wp-cron.php?doing_wp_cron=1780441169.5420470237731933593750 HTTP/1.1" 200 0 "https://tejoversea.com/wp-cron.php?doing_wp_cron=1780441169.5420470237731933593750" "WordPress/6.0.2; https://tejoversea.com"
160.250.186.220 - - [02/Jun/2026:18:59:29 -0400] "GET /?author=19 HTTP/1.1" 200 10508 "-" "Mozilla/5.0 (Windows NT 10.0; Win64; x64) AppleWebKit/537.36 (KHTML, like Gecko) Chrome/133.0.0.0 Safari/537.36"
162.213.253.84 - - [02/Jun/2026:18:59:30 -0400] "POST /wp-admin/admin-ajax.php?action=async_litespeed&nonce=0940218fab&litespeed_type=imgoptm HTTP/1.1" 200 0 "https://tejoversea.com/wp-admin/admin-ajax.php?action=async_litespeed&nonce=0940218fab&litespeed_type=imgoptm" "WordPress/6.0.2; https://tejoversea.com"
83.212.240.55 - - [02/Jun/2026:19:01:04 -0400] "GET /?author=24 HTTP/1.1" 200 10532 "-" "Mozilla/5.0 (Windows NT 10.0; Win64; x64) AppleWebKit/537.36 (KHTML, like Gecko) Chrome/133.0.0.0 Safari/537.36"
162.213.253.84 - - [02/Jun/2026:19:01:18 -0400] "POST /wp-cron.php?doing_wp_cron=1780441278.7171580791473388671875 HTTP/1.1" 200 0 "https://tejoversea.com/wp-cron.php?doing_wp_cron=1780441278.7171580791473388671875" "WordPress/6.0.2; https://tejoversea.com"
160.250.186.220 - - [02/Jun/2026:19:01:18 -0400] "GET /?author=25 HTTP/1.1" 200 10519 "-" "Mozilla/5.0 (Windows NT 10.0; Win64; x64) AppleWebKit/537.36 (KHTML, like Gecko) Chrome/133.0.0.0 Safari/537.36"
162.213.253.84 - - [02/Jun/2026:19:01:19 -0400] "POST /wp-admin/admin-ajax.php?action=async_litespeed&nonce=0940218fab&litespeed_type=imgoptm HTTP/1.1" 200 0 "https://tejoversea.com/wp-admin/admin-ajax.php?action=async_litespeed&nonce=0940218fab&litespeed_type=imgoptm" "WordPress/6.0.2; https://tejoversea.com"
162.213.253.84 - - [02/Jun/2026:19:02:18 -0400] "POST /wp-cron.php?doing_wp_cron=1780441338.6167700290679931640625 HTTP/1.1" 200 0 "https://tejoversea.com/wp-cron.php?doing_wp_cron=1780441338.6167700290679931640625" "WordPress/6.0.2; https://tejoversea.com"
103.143.207.18 - - [02/Jun/2026:19:02:18 -0400] "GET /?author=27 HTTP/1.1" 200 10517 "-" "Mozilla/5.0 (Windows NT 10.0; Win64; x64) AppleWebKit/537.36 (KHTML, like Gecko) Chrome/133.0.0.0 Safari/537.36"
92.205.109.21 - - [02/Jun/2026:19:02:33 -0400] "GET /?author=28 HTTP/1.1" 200 10536 "-" "Mozilla/5.0 (Windows NT 10.0; Win64; x64) AppleWebKit/537.36 (KHTML, like Gecko) Chrome/133.0.0.0 Safari/537.36"
43.230.201.87 - - [02/Jun/2026:19:02:45 -0400] "GET /?author=29 HTTP/1.1" 200 10546 "-" "Mozilla/5.0 (Windows NT 10.0; Win64; x64) AppleWebKit/537.36 (KHTML, like Gecko) Chrome/133.0.0.0 Safari/537.36"
78.142.18.172 - - [02/Jun/2026:19:03:00 -0400] "GET /?author=30 HTTP/1.1" 200 10524 "-" "Mozilla/5.0 (Windows NT 10.0; Win64; x64) AppleWebKit/537.36 (KHTML, like Gecko) Chrome/133.0.0.0 Safari/537.36"
92.205.109.21 - - [02/Jun/2026:19:03:23 -0400] "GET /?author=33 HTTP/1.1" 200 10502 "-" "Mozilla/5.0 (Windows NT 10.0; Win64; x64) AppleWebKit/537.36 (KHTML, like Gecko) Chrome/133.0.0.0 Safari/537.36"
162.213.253.84 - - [02/Jun/2026:19:04:17 -0400] "POST /wp-cron.php?doing_wp_cron=1780441457.7753601074218750000000 HTTP/1.1" 200 0 "https://tejoversea.com/wp-cron.php?doing_wp_cron=1780441457.7753601074218750000000" "WordPress/6.0.2; https://tejoversea.com"
103.143.207.18 - - [02/Jun/2026:19:04:36 -0400] "GET /?author=38 HTTP/1.1" 200 10540 "-" "Mozilla/5.0 (Windows NT 10.0; Win64; x64) AppleWebKit/537.36 (KHTML, like Gecko) Chrome/133.0.0.0 Safari/537.36"
162.213.253.84 - - [02/Jun/2026:18:58:56 -0400] "POST /wp-cron.php?doing_wp_cron=1780441136.6078360080718994140625 HTTP/1.1" 200 0 "https://tejoversea.com/wp-cron.php?doing_wp_cron=1780441136.6078360080718994140625" "WordPress/6.0.2; https://tejoversea.com"
66.116.199.98 - - [02/Jun/2026:19:00:05 -0400] "GET /?author=21 HTTP/1.1" 200 10493 "-" "Mozilla/5.0 (Windows NT 10.0; Win64; x64) AppleWebKit/537.36 (KHTML, like Gecko) Chrome/133.0.0.0 Safari/537.36"
162.213.253.84 - - [02/Jun/2026:19:00:41 -0400] "POST /wp-cron.php?doing_wp_cron=1780441241.6294300556182861328125 HTTP/1.1" 200 0 "https://tejoversea.com/wp-cron.php?doing_wp_cron=1780441241.6294300556182861328125" "WordPress/6.0.2; https://tejoversea.com"
168.63.79.147 - - [02/Jun/2026:19:00:41 -0400] "GET /?author=23 HTTP/1.1" 200 10514 "-" "Mozilla/5.0 (Windows NT 10.0; Win64; x64) AppleWebKit/537.36 (KHTML, like Gecko) Chrome/133.0.0.0 Safari/537.36"
162.213.253.84 - - [02/Jun/2026:19:00:42 -0400] "POST /wp-admin/admin-ajax.php?action=async_litespeed&nonce=0940218fab&litespeed_type=imgoptm HTTP/1.1" 200 0 "https://tejoversea.com/wp-admin/admin-ajax.php?action=async_litespeed&nonce=0940218fab&litespeed_type=imgoptm" "WordPress/6.0.2; https://tejoversea.com"
50.62.183.144 - - [02/Jun/2026:19:01:41 -0400] "GET /?author=25 HTTP/1.1" 200 10519 "-" "Mozilla/5.0 (Windows NT 10.0; Win64; x64) AppleWebKit/537.36 (KHTML, like Gecko) Chrome/133.0.0.0 Safari/537.36"
54.36.102.244 - - [02/Jun/2026:19:02:00 -0400] "GET /?author=26 HTTP/1.1" 200 10482 "-" "Mozilla/5.0 (Windows NT 10.0; Win64; x64) AppleWebKit/537.36 (KHTML, like Gecko) Chrome/133.0.0.0 Safari/537.36"
162.213.253.84 - - [02/Jun/2026:19:02:19 -0400] "POST /wp-admin/admin-ajax.php?action=async_litespeed&nonce=0940218fab&litespeed_type=imgoptm HTTP/1.1" 200 0 "https://tejoversea.com/wp-admin/admin-ajax.php?action=async_litespeed&nonce=0940218fab&litespeed_type=imgoptm" "WordPress/6.0.2; https://tejoversea.com"
78.142.18.172 - - [02/Jun/2026:19:03:08 -0400] "GET /?author=31 HTTP/1.1" 200 10489 "-" "Mozilla/5.0 (Windows NT 10.0; Win64; x64) AppleWebKit/537.36 (KHTML, like Gecko) Chrome/133.0.0.0 Safari/537.36"
69.49.112.73 - - [02/Jun/2026:19:03:10 -0400] "GET /?author=32 HTTP/1.1" 200 10492 "-" "Mozilla/5.0 (Windows NT 10.0; Win64; x64) AppleWebKit/537.36 (KHTML, like Gecko) Chrome/133.0.0.0 Safari/537.36"
162.213.253.84 - - [02/Jun/2026:19:03:23 -0400] "POST /wp-cron.php?doing_wp_cron=1780441403.4647169113159179687500 HTTP/1.1" 200 0 "https://tejoversea.com/wp-cron.php?doing_wp_cron=1780441403.4647169113159179687500" "WordPress/6.0.2; https://tejoversea.com"
162.213.253.84 - - [02/Jun/2026:19:03:23 -0400] "POST /wp-admin/admin-ajax.php?action=async_litespeed&nonce=0940218fab&litespeed_type=imgoptm HTTP/1.1" 200 0 "https://tejoversea.com/wp-admin/admin-ajax.php?action=async_litespeed&nonce=0940218fab&litespeed_type=imgoptm" "WordPress/6.0.2; https://tejoversea.com"
92.205.164.99 - - [02/Jun/2026:19:03:42 -0400] "GET /?author=34 HTTP/1.1" 200 10540 "-" "Mozilla/5.0 (Windows NT 10.0; Win64; x64) AppleWebKit/537.36 (KHTML, like Gecko) Chrome/133.0.0.0 Safari/537.36"
103.95.119.103 - - [02/Jun/2026:19:03:55 -0400] "GET /?author=35 HTTP/1.1" 200 10525 "-" "Mozilla/5.0 (Windows NT 10.0; Win64; x64) AppleWebKit/537.36 (KHTML, like Gecko) Chrome/133.0.0.0 Safari/537.36"
69.49.112.67 - - [02/Jun/2026:19:04:17 -0400] "GET /?author=37 HTTP/1.1" 200 10497 "-" "Mozilla/5.0 (Windows NT 10.0; Win64; x64) AppleWebKit/537.36 (KHTML, like Gecko) Chrome/133.0.0.0 Safari/537.36"
162.213.253.84 - - [02/Jun/2026:19:04:18 -0400] "POST /wp-admin/admin-ajax.php?action=async_litespeed&nonce=0940218fab&litespeed_type=imgoptm HTTP/1.1" 200 0 "https://tejoversea.com/wp-admin/admin-ajax.php?action=async_litespeed&nonce=0940218fab&litespeed_type=imgoptm" "WordPress/6.0.2; https://tejoversea.com"
72.167.50.103 - - [02/Jun/2026:19:05:23 -0400] "GET /?author=40 HTTP/1.1" 200 10520 "-" "Mozilla/5.0 (Windows NT 10.0; Win64; x64) AppleWebKit/537.36 (KHTML, like Gecko) Chrome/133.0.0.0 Safari/537.36"
162.213.253.84 - - [02/Jun/2026:19:05:24 -0400] "POST /wp-admin/admin-ajax.php?action=async_litespeed&nonce=0940218fab&litespeed_type=imgoptm HTTP/1.1" 200 0 "https://tejoversea.com/wp-admin/admin-ajax.php?action=async_litespeed&nonce=0940218fab&litespeed_type=imgoptm" "WordPress/6.0.2; https://tejoversea.com"
162.213.253.84 - - [02/Jun/2026:19:06:18 -0400] "POST /wp-admin/admin-ajax.php?action=async_litespeed&nonce=0940218fab&litespeed_type=imgoptm HTTP/1.1" 200 0 "https://tejoversea.com/wp-admin/admin-ajax.php?action=async_litespeed&nonce=0940218fab&litespeed_type=imgoptm" "WordPress/6.0.2; https://tejoversea.com"
162.240.228.207 - - [02/Jun/2026:19:07:25 -0400] "GET /?author=47 HTTP/1.1" 200 10545 "-" "Mozilla/5.0 (Windows NT 10.0; Win64; x64) AppleWebKit/537.36 (KHTML, like Gecko) Chrome/133.0.0.0 Safari/537.36"
162.213.253.84 - - [02/Jun/2026:19:07:26 -0400] "POST /wp-admin/admin-ajax.php?action=async_litespeed&nonce=0940218fab&litespeed_type=imgoptm HTTP/1.1" 200 0 "https://tejoversea.com/wp-admin/admin-ajax.php?action=async_litespeed&nonce=0940218fab&litespeed_type=imgoptm" "WordPress/6.0.2; https://tejoversea.com"
162.213.253.84 - - [02/Jun/2026:19:05:24 -0400] "POST /wp-cron.php?doing_wp_cron=1780441524.1302680969238281250000 HTTP/1.1" 200 0 "https://tejoversea.com/wp-cron.php?doing_wp_cron=1780441524.1302680969238281250000" "WordPress/6.0.2; https://tejoversea.com"
72.167.50.103 - - [02/Jun/2026:19:05:27 -0400] "GET /?author=41 HTTP/1.1" 200 10527 "-" "Mozilla/5.0 (Windows NT 10.0; Win64; x64) AppleWebKit/537.36 (KHTML, like Gecko) Chrome/133.0.0.0 Safari/537.36"
92.205.188.156 - - [02/Jun/2026:19:05:41 -0400] "GET /?author=42 HTTP/1.1" 200 10536 "-" "Mozilla/5.0 (Windows NT 10.0; Win64; x64) AppleWebKit/537.36 (KHTML, like Gecko) Chrome/133.0.0.0 Safari/537.36"
64.31.25.250 - - [02/Jun/2026:19:06:06 -0400] "GET /?author=44 HTTP/1.1" 200 10522 "-" "Mozilla/5.0 (Windows NT 10.0; Win64; x64) AppleWebKit/537.36 (KHTML, like Gecko) Chrome/133.0.0.0 Safari/537.36"
162.213.253.84 - - [02/Jun/2026:19:06:18 -0400] "POST /wp-cron.php?doing_wp_cron=1780441578.4610819816589355468750 HTTP/1.1" 200 0 "https://tejoversea.com/wp-cron.php?doing_wp_cron=1780441578.4610819816589355468750" "WordPress/6.0.2; https://tejoversea.com"
217.76.158.60 - - [02/Jun/2026:19:06:18 -0400] "GET /?author=45 HTTP/1.1" 200 10501 "-" "Mozilla/5.0 (Windows NT 10.0; Win64; x64) AppleWebKit/537.36 (KHTML, like Gecko) Chrome/133.0.0.0 Safari/537.36"
162.213.253.84 - - [02/Jun/2026:19:07:17 -0400] "POST /wp-cron.php?doing_wp_cron=1780441637.0623879432678222656250 HTTP/1.1" 200 0 "https://tejoversea.com/wp-cron.php?doing_wp_cron=1780441637.0623879432678222656250" "WordPress/6.0.2; https://tejoversea.com"
54.36.102.244 - - [02/Jun/2026:19:07:16 -0400] "GET /?author=46 HTTP/1.1" 200 10533 "-" "Mozilla/5.0 (Windows NT 10.0; Win64; x64) AppleWebKit/537.36 (KHTML, like Gecko) Chrome/133.0.0.0 Safari/537.36"
163.182.170.162 - - [02/Jun/2026:19:07:23 -0400] "GET /?author=46 HTTP/1.1" 200 10533 "-" "Mozilla/5.0 (Windows NT 10.0; Win64; x64) AppleWebKit/537.36 (KHTML, like Gecko) Chrome/133.0.0.0 Safari/537.36"
162.213.253.84 - - [02/Jun/2026:19:07:25 -0400] "POST /wp-cron.php?doing_wp_cron=1780441645.7202100753784179687500 HTTP/1.1" 200 0 "https://tejoversea.com/wp-cron.php?doing_wp_cron=1780441645.7202100753784179687500" "WordPress/6.0.2; https://tejoversea.com"
43.230.201.87 - - [02/Jun/2026:19:07:49 -0400] "GET /?author=49 HTTP/1.1" 200 10497 "-" "Mozilla/5.0 (Windows NT 10.0; Win64; x64) AppleWebKit/537.36 (KHTML, like Gecko) Chrome/133.0.0.0 Safari/537.36"
50.6.169.131 - - [02/Jun/2026:19:07:56 -0400] "GET /?author=50 HTTP/1.1" 200 10506 "-" "Mozilla/5.0 (Windows NT 10.0; Win64; x64) AppleWebKit/537.36 (KHTML, like Gecko) Chrome/133.0.0.0 Safari/537.36"
51.222.95.112 - - [02/Jun/2026:19:48:03 -0400] "GET /about-us/ HTTP/1.1" 200 13209 "-" "Mozilla/5.0 (compatible; AhrefsBot/7.0; +http://ahrefs.com/robot/)"
51.68.247.222 - - [02/Jun/2026:19:48:01 -0400] "GET /robots.txt HTTP/1.1" 200 246 "-" "Mozilla/5.0 (compatible; AhrefsBot/7.0; +http://ahrefs.com/robot/)"
162.213.253.84 - - [02/Jun/2026:19:48:03 -0400] "POST /wp-cron.php?doing_wp_cron=1780444083.8526000976562500000000 HTTP/1.1" 200 0 "https://tejoversea.com/wp-cron.php?doing_wp_cron=1780444083.8526000976562500000000" "WordPress/6.0.2; https://tejoversea.com"
162.213.253.84 - - [02/Jun/2026:19:48:04 -0400] "POST /wp-admin/admin-ajax.php?action=async_litespeed&nonce=0940218fab&litespeed_type=imgoptm HTTP/1.1" 200 0 "https://tejoversea.com/wp-admin/admin-ajax.php?action=async_litespeed&nonce=0940218fab&litespeed_type=imgoptm" "WordPress/6.0.2; https://tejoversea.com"
89.117.169.235 - - [02/Jun/2026:20:09:34 -0400] "GET /backend/.env HTTP/1.1" 404 28776 "-" "Mozilla/5.0 (Macintosh; Intel Mac OS X 10_15_7) AppleWebKit/537.36 (KHTML, like Gecko) Chrome/91.0.4472.124 Safari/537.36"
89.117.169.235 - - [02/Jun/2026:20:09:34 -0400] "GET /core/.env HTTP/1.1" 404 28773 "-" "Mozilla/5.0 (Macintosh; Intel Mac OS X 10_15_7) AppleWebKit/537.36 (KHTML, like Gecko) Chrome/91.0.4472.124 Safari/537.36"
89.117.169.235 - - [02/Jun/2026:20:09:34 -0400] "GET /.env HTTP/1.1" 404 28768 "-" "Mozilla/5.0 (Macintosh; Intel Mac OS X 10_15_7) AppleWebKit/537.36 (KHTML, like Gecko) Chrome/91.0.4472.124 Safari/537.36"
89.117.169.235 - - [02/Jun/2026:20:09:34 -0400] "GET /admin/.env HTTP/1.1" 404 28774 "-" "Mozilla/5.0 (Macintosh; Intel Mac OS X 10_15_7) AppleWebKit/537.36 (KHTML, like Gecko) Chrome/91.0.4472.124 Safari/537.36"
89.117.169.235 - - [02/Jun/2026:20:09:34 -0400] "GET /dev/.env HTTP/1.1" 404 28772 "-" "Mozilla/5.0 (Macintosh; Intel Mac OS X 10_15_7) AppleWebKit/537.36 (KHTML, like Gecko) Chrome/91.0.4472.124 Safari/537.36"
89.117.169.235 - - [02/Jun/2026:20:09:34 -0400] "GET /member/.env HTTP/1.1" 404 28775 "-" "Mozilla/5.0 (Macintosh; Intel Mac OS X 10_15_7) AppleWebKit/537.36 (KHTML, like Gecko) Chrome/91.0.4472.124 Safari/537.36"
89.117.169.235 - - [02/Jun/2026:20:09:34 -0400] "GET /new/.env HTTP/1.1" 404 28772 "-" "Mozilla/5.0 (Macintosh; Intel Mac OS X 10_15_7) AppleWebKit/537.36 (KHTML, like Gecko) Chrome/91.0.4472.124 Safari/537.36"
89.117.169.235 - - [02/Jun/2026:20:09:34 -0400] "GET /app/.env HTTP/1.1" 404 28772 "-" "Mozilla/5.0 (Macintosh; Intel Mac OS X 10_15_7) AppleWebKit/537.36 (KHTML, like Gecko) Chrome/91.0.4472.124 Safari/537.36"
89.117.169.235 - - [02/Jun/2026:20:09:34 -0400] "GET /api/.env HTTP/1.1" 404 28772 "-" "Mozilla/5.0 (Macintosh; Intel Mac OS X 10_15_7) AppleWebKit/537.36 (KHTML, like Gecko) Chrome/91.0.4472.124 Safari/537.36"
162.213.253.84 - - [02/Jun/2026:20:09:36 -0400] "POST /wp-cron.php?doing_wp_cron=1780445375.9101860523223876953125 HTTP/1.1" 200 0 "https://tejoversea.com/wp-cron.php?doing_wp_cron=1780445375.9101860523223876953125" "WordPress/6.0.2; https://tejoversea.com"
162.213.253.84 - - [02/Jun/2026:20:09:36 -0400] "POST /wp-admin/admin-ajax.php?action=async_litespeed&nonce=e11cc1edfb&litespeed_type=imgoptm HTTP/1.1" 200 0 "https://tejoversea.com/wp-admin/admin-ajax.php?action=async_litespeed&nonce=e11cc1edfb&litespeed_type=imgoptm" "WordPress/6.0.2; https://tejoversea.com"
54.39.210.13 - - [02/Jun/2026:20:54:46 -0400] "GET /contact-us/ HTTP/1.1" 200 12977 "-" "Mozilla/5.0 (compatible; AhrefsBot/7.0; +http://ahrefs.com/robot/)"
162.213.253.84 - - [02/Jun/2026:20:54:47 -0400] "POST /wp-cron.php?doing_wp_cron=1780448087.2423229217529296875000 HTTP/1.1" 200 0 "https://tejoversea.com/wp-cron.php?doing_wp_cron=1780448087.2423229217529296875000" "WordPress/6.0.2; https://tejoversea.com"
162.213.253.84 - - [02/Jun/2026:20:54:47 -0400] "POST /wp-admin/admin-ajax.php?action=async_litespeed&nonce=e11cc1edfb&litespeed_type=imgoptm HTTP/1.1" 200 0 "https://tejoversea.com/wp-admin/admin-ajax.php?action=async_litespeed&nonce=e11cc1edfb&litespeed_type=imgoptm" "WordPress/6.0.2; https://tejoversea.com"
209.141.60.58 - - [02/Jun/2026:21:26:09 -0400] "GET /wp-login.php HTTP/1.1" 200 6507 "-" "Mozilla/5.0 (Macintosh; Intel Mac OS X 10_15_7) AppleWebKit/605.1.15 (KHTML, like Gecko) Version/17.10 Safari/605.1.15"
162.213.253.84 - - [02/Jun/2026:21:27:24 -0400] "POST /wp-cron.php?doing_wp_cron=1780450044.9100120067596435546875 HTTP/1.1" 200 0 "https://tejoversea.com/wp-cron.php?doing_wp_cron=1780450044.9100120067596435546875" "WordPress/6.0.2; https://tejoversea.com"
198.98.56.118 - - [02/Jun/2026:21:27:24 -0400] "POST /wp-login.php HTTP/1.1" 200 6700 "-" "Mozilla/5.0 (Windows NT 6.1) AppleWebKit/537.36 (KHTML, like Gecko) Chrome/36.0.1985.125 Safari/537.36"
198.98.56.118 - - [02/Jun/2026:21:25:04 -0400] "GET /wp-login.php HTTP/1.1" 200 6507 "-" "Mozilla/5.0 (Windows NT 6.1) AppleWebKit/537.36 (KHTML, like Gecko) Chrome/36.0.1985.125 Safari/537.36"
162.213.253.84 - - [02/Jun/2026:21:27:04 -0400] "POST /wp-cron.php?doing_wp_cron=1780450024.9470839500427246093750 HTTP/1.1" 200 0 "https://tejoversea.com/wp-cron.php?doing_wp_cron=1780450024.9470839500427246093750" "WordPress/6.0.2; https://tejoversea.com"
209.141.60.58 - - [02/Jun/2026:21:27:04 -0400] "POST /wp-login.php HTTP/1.1" 200 6700 "-" "Mozilla/5.0 (Macintosh; Intel Mac OS X 10_15_7) AppleWebKit/605.1.15 (KHTML, like Gecko) Version/17.10 Safari/605.1.15"
162.213.253.84 - - [02/Jun/2026:21:27:05 -0400] "POST /wp-admin/admin-ajax.php?action=async_litespeed&nonce=e11cc1edfb&litespeed_type=imgoptm HTTP/1.1" 200 0 "https://tejoversea.com/wp-admin/admin-ajax.php?action=async_litespeed&nonce=e11cc1edfb&litespeed_type=imgoptm" "WordPress/6.0.2; https://tejoversea.com"
162.213.253.84 - - [02/Jun/2026:21:27:25 -0400] "POST /wp-admin/admin-ajax.php?action=async_litespeed&nonce=e11cc1edfb&litespeed_type=imgoptm HTTP/1.1" 200 0 "https://tejoversea.com/wp-admin/admin-ajax.php?action=async_litespeed&nonce=e11cc1edfb&litespeed_type=imgoptm" "WordPress/6.0.2; https://tejoversea.com"
123.252.135.130 - - [02/Jun/2026:21:45:06 -0400] "GET /wp-content/plugins/wp-call-button/assets/block/build/index.css?ver=a1dbfd3fcfcfb0740ca8c4771bbdc4c3 HTTP/1.1" 200 259 "https://tejoversea.com/track-order/" "Mozilla/5.0 (Linux; Android 10; K) AppleWebKit/537.36 (KHTML, like Gecko) Chrome/148.0.0.0 Mobile Safari/537.36"
123.252.135.130 - - [02/Jun/2026:21:45:06 -0400] "GET /wp-content/plugins/contact-form-7/includes/css/styles.css?ver=5.6.3 HTTP/1.1" 200 848 "https://tejoversea.com/track-order/" "Mozilla/5.0 (Linux; Android 10; K) AppleWebKit/537.36 (KHTML, like Gecko) Chrome/148.0.0.0 Mobile Safari/537.36"
123.252.135.130 - - [02/Jun/2026:21:45:06 -0400] "GET /wp-content/plugins/order-tracking/css/pure-grids-nr.css?ver=2.11.9 HTTP/1.1" 200 476 "https://tejoversea.com/track-order/" "Mozilla/5.0 (Linux; Android 10; K) AppleWebKit/537.36 (KHTML, like Gecko) Chrome/148.0.0.0 Mobile Safari/537.36"
123.252.135.130 - - [02/Jun/2026:21:45:06 -0400] "GET /wp-content/plugins/order-tracking/css/pure-grids.css?ver=2.11.9 HTTP/1.1" 200 259 "https://tejoversea.com/track-order/" "Mozilla/5.0 (Linux; Android 10; K) AppleWebKit/537.36 (KHTML, like Gecko) Chrome/148.0.0.0 Mobile Safari/537.36"
123.252.135.130 - - [02/Jun/2026:21:45:06 -0400] "GET /wp-content/plugins/order-tracking/css/pure-buttons.css?ver=2.11.9 HTTP/1.1" 200 659 "https://tejoversea.com/track-order/" "Mozilla/5.0 (Linux; Android 10; K) AppleWebKit/537.36 (KHTML, like Gecko) Chrome/148.0.0.0 Mobile Safari/537.36"
123.252.135.130 - - [02/Jun/2026:21:45:06 -0400] "GET /wp-content/themes/logistek/assets/css/animate.css?ver=6.0.2 HTTP/1.1" 200 4452 "https://tejoversea.com/track-order/" "Mozilla/5.0 (Linux; Android 10; K) AppleWebKit/537.36 (KHTML, like Gecko) Chrome/148.0.0.0 Mobile Safari/537.36"
123.252.135.130 - - [02/Jun/2026:21:45:06 -0400] "GET /wp-content/themes/logistek/assets/css/custom-animation.css?ver=6.0.2 HTTP/1.1" 200 676 "https://tejoversea.com/track-order/" "Mozilla/5.0 (Linux; Android 10; K) AppleWebKit/537.36 (KHTML, like Gecko) Chrome/148.0.0.0 Mobile Safari/537.36"
123.252.135.130 - - [02/Jun/2026:21:45:06 -0400] "GET /wp-content/themes/logistek/assets/fonts/fontawesome/css/all.css?ver=6.0.2 HTTP/1.1" 200 12558 "https://tejoversea.com/track-order/" "Mozilla/5.0 (Linux; Android 10; K) AppleWebKit/537.36 (KHTML, like Gecko) Chrome/148.0.0.0 Mobile Safari/537.36"
123.252.135.130 - - [02/Jun/2026:21:45:06 -0400] "GET /wp-content/themes/logistek/assets/fonts/webexicon/style.css?ver=6.0.2 HTTP/1.1" 200 6167 "https://tejoversea.com/track-order/" "Mozilla/5.0 (Linux; Android 10; K) AppleWebKit/537.36 (KHTML, like Gecko) Chrome/148.0.0.0 Mobile Safari/537.36"
123.252.135.130 - - [02/Jun/2026:21:45:06 -0400] "GET /wp-content/themes/logistek/assets/css/responsive.css?ver=6.0.2 HTTP/1.1" 200 1645 "https://tejoversea.com/track-order/" "Mozilla/5.0 (Linux; Android 10; K) AppleWebKit/537.36 (KHTML, like Gecko) Chrome/148.0.0.0 Mobile Safari/537.36"
123.252.135.130 - - [02/Jun/2026:21:45:06 -0400] "GET /wp-content/themes/logistek/assets/css/magnific-popup.css?ver=6.0.2 HTTP/1.1" 200 1660 "https://tejoversea.com/track-order/" "Mozilla/5.0 (Linux; Android 10; K) AppleWebKit/537.36 (KHTML, like Gecko) Chrome/148.0.0.0 Mobile Safari/537.36"
123.252.135.130 - - [02/Jun/2026:21:45:06 -0400] "GET /wp-content/plugins/creame-whatsapp-me/public/css/joinchat-btn.min.css?ver=4.5.9 HTTP/1.1" 200 1951 "https://tejoversea.com/track-order/" "Mozilla/5.0 (Linux; Android 10; K) AppleWebKit/537.36 (KHTML, like Gecko) Chrome/148.0.0.0 Mobile Safari/537.36"
123.252.135.130 - - [02/Jun/2026:21:45:06 -0400] "GET /wp-content/plugins/elementor/assets/css/frontend-lite.min.css?ver=3.7.7 HTTP/1.1" 200 12986 "https://tejoversea.com/track-order/" "Mozilla/5.0 (Linux; Android 10; K) AppleWebKit/537.36 (KHTML, like Gecko) Chrome/148.0.0.0 Mobile Safari/537.36"
123.252.135.130 - - [02/Jun/2026:21:45:05 -0400] "GET /track-order/ HTTP/1.1" 200 12581 "-" "Mozilla/5.0 (Linux; Android 10; K) AppleWebKit/537.36 (KHTML, like Gecko) Chrome/148.0.0.0 Mobile Safari/537.36"
123.252.135.130 - - [02/Jun/2026:21:45:06 -0400] "GET /wp-includes/css/dist/block-library/style.min.css?ver=6.0.2 HTTP/1.1" 200 10946 "https://tejoversea.com/track-order/" "Mozilla/5.0 (Linux; Android 10; K) AppleWebKit/537.36 (KHTML, like Gecko) Chrome/148.0.0.0 Mobile Safari/537.36"
123.252.135.130 - - [02/Jun/2026:21:45:06 -0400] "GET /wp-content/plugins/order-tracking/css/otp-styles.css?ver=2.11.9 HTTP/1.1" 200 1684 "https://tejoversea.com/track-order/" "Mozilla/5.0 (Linux; Android 10; K) AppleWebKit/537.36 (KHTML, like Gecko) Chrome/148.0.0.0 Mobile Safari/537.36"
123.252.135.130 - - [02/Jun/2026:21:45:06 -0400] "GET /wp-content/plugins/order-tracking/css/pure-forms.css?ver=2.11.9 HTTP/1.1" 200 1457 "https://tejoversea.com/track-order/" "Mozilla/5.0 (Linux; Android 10; K) AppleWebKit/537.36 (KHTML, like Gecko) Chrome/148.0.0.0 Mobile Safari/537.36"
123.252.135.130 - - [02/Jun/2026:21:45:06 -0400] "GET /wp-content/plugins/order-tracking/css/jquery-ui.min.css?ver=6.0.2 HTTP/1.1" 200 7327 "https://tejoversea.com/track-order/" "Mozilla/5.0 (Linux; Android 10; K) AppleWebKit/537.36 (KHTML, like Gecko) Chrome/148.0.0.0 Mobile Safari/537.36"
123.252.135.130 - - [02/Jun/2026:21:45:06 -0400] "GET /wp-content/plugins/order-tracking/css/pure-forms-nr.css?ver=2.11.9 HTTP/1.1" 200 1471 "https://tejoversea.com/track-order/" "Mozilla/5.0 (Linux; Android 10; K) AppleWebKit/537.36 (KHTML, like Gecko) Chrome/148.0.0.0 Mobile Safari/537.36"
123.252.135.130 - - [02/Jun/2026:21:45:06 -0400] "GET /wp-content/themes/logistek/assets/css/bootstrap.min.css?ver=6.0.2 HTTP/1.1" 200 19105 "https://tejoversea.com/track-order/" "Mozilla/5.0 (Linux; Android 10; K) AppleWebKit/537.36 (KHTML, like Gecko) Chrome/148.0.0.0 Mobile Safari/537.36"
123.252.135.130 - - [02/Jun/2026:21:45:06 -0400] "GET /wp-content/themes/logistek/assets/css/meanmenu.min.css?ver=6.0.2 HTTP/1.1" 200 941 "https://tejoversea.com/track-order/" "Mozilla/5.0 (Linux; Android 10; K) AppleWebKit/537.36 (KHTML, like Gecko) Chrome/148.0.0.0 Mobile Safari/537.36"
123.252.135.130 - - [02/Jun/2026:21:45:06 -0400] "GET /wp-content/themes/logistek/assets/fonts/webexflaticon/flaticon.css?ver=6.0.2 HTTP/1.1" 200 1514 "https://tejoversea.com/track-order/" "Mozilla/5.0 (Linux; Android 10; K) AppleWebKit/537.36 (KHTML, like Gecko) Chrome/148.0.0.0 Mobile Safari/537.36"
123.252.135.130 - - [02/Jun/2026:21:45:06 -0400] "GET /wp-content/themes/logistek/style.css?ver=2021-04-14 HTTP/1.1" 200 4684 "https://tejoversea.com/track-order/" "Mozilla/5.0 (Linux; Android 10; K) AppleWebKit/537.36 (KHTML, like Gecko) Chrome/148.0.0.0 Mobile Safari/537.36"
123.252.135.130 - - [02/Jun/2026:21:45:06 -0400] "GET /wp-content/themes/logistek/assets/css/style.css?ver=6.0.2 HTTP/1.1" 200 15285 "https://tejoversea.com/track-order/" "Mozilla/5.0 (Linux; Android 10; K) AppleWebKit/537.36 (KHTML, like Gecko) Chrome/148.0.0.0 Mobile Safari/537.36"
123.252.135.130 - - [02/Jun/2026:21:45:06 -0400] "GET /wp-content/uploads/elementor/css/post-24.css?ver=1664536342 HTTP/1.1" 200 329 "https://tejoversea.com/track-order/" "Mozilla/5.0 (Linux; Android 10; K) AppleWebKit/537.36 (KHTML, like Gecko) Chrome/148.0.0.0 Mobile Safari/537.36"
123.252.135.130 - - [02/Jun/2026:21:45:06 -0400] "GET /wp-content/uploads/elementor/css/global.css?ver=1664536355 HTTP/1.1" 200 2637 "https://tejoversea.com/track-order/" "Mozilla/5.0 (Linux; Android 10; K) AppleWebKit/537.36 (KHTML, like Gecko) Chrome/148.0.0.0 Mobile Safari/537.36"
123.252.135.130 - - [02/Jun/2026:21:45:06 -0400] "GET /wp-content/plugins/elementor-pro/assets/css/frontend-lite.min.css?ver=3.7.7 HTTP/1.1" 200 1533 "https://tejoversea.com/track-order/" "Mozilla/5.0 (Linux; Android 10; K) AppleWebKit/537.36 (KHTML, like Gecko) Chrome/148.0.0.0 Mobile Safari/537.36"
123.252.135.130 - - [02/Jun/2026:21:45:06 -0400] "GET /wp-content/plugins/elementor/assets/lib/eicons/css/elementor-icons.min.css?ver=5.16.0 HTTP/1.1" 200 3629 "https://tejoversea.com/track-order/" "Mozilla/5.0 (Linux; Android 10; K) AppleWebKit/537.36 (KHTML, like Gecko) Chrome/148.0.0.0 Mobile Safari/537.36"
123.252.135.130 - - [02/Jun/2026:21:45:06 -0400] "GET /wp-content/plugins/order-tracking/js/ewd-otp-js.js?ver=2.11.9 HTTP/1.1" 200 1103 "https://tejoversea.com/track-order/" "Mozilla/5.0 (Linux; Android 10; K) AppleWebKit/537.36 (KHTML, like Gecko) Chrome/148.0.0.0 Mobile Safari/537.36"
123.252.135.130 - - [02/Jun/2026:21:45:06 -0400] "GET /wp-content/uploads/elementor/css/post-464.css?ver=1773985684 HTTP/1.1" 200 250 "https://tejoversea.com/track-order/" "Mozilla/5.0 (Linux; Android 10; K) AppleWebKit/537.36 (KHTML, like Gecko) Chrome/148.0.0.0 Mobile Safari/537.36"
123.252.135.130 - - [02/Jun/2026:21:45:07 -0400] "GET /wp-content/plugins/contact-form-7/includes/js/index.js?ver=5.6.3 HTTP/1.1" 200 3689 "https://tejoversea.com/track-order/" "Mozilla/5.0 (Linux; Android 10; K) AppleWebKit/537.36 (KHTML, like Gecko) Chrome/148.0.0.0 Mobile Safari/537.36"
123.252.135.130 - - [02/Jun/2026:21:45:07 -0400] "GET /wp-content/themes/logistek/assets/revolution/js/jquery.themepunch.tools.min.js?ver=6.0.2 HTTP/1.1" 200 32595 "https://tejoversea.com/track-order/" "Mozilla/5.0 (Linux; Android 10; K) AppleWebKit/537.36 (KHTML, like Gecko) Chrome/148.0.0.0 Mobile Safari/537.36"
123.252.135.130 - - [02/Jun/2026:21:45:07 -0400] "GET /wp-includes/js/jquery/ui/datepicker.min.js?ver=1.13.1 HTTP/1.1" 200 10499 "https://tejoversea.com/track-order/" "Mozilla/5.0 (Linux; Android 10; K) AppleWebKit/537.36 (KHTML, like Gecko) Chrome/148.0.0.0 Mobile Safari/537.36"
123.252.135.130 - - [02/Jun/2026:21:45:07 -0400] "GET /wp-content/themes/logistek/assets/revolution/js/extensions/revolution.extension.kenburn.min.js?ver=6.0.2 HTTP/1.1" 200 1294 "https://tejoversea.com/track-order/" "Mozilla/5.0 (Linux; Android 10; K) AppleWebKit/537.36 (KHTML, like Gecko) Chrome/148.0.0.0 Mobile Safari/537.36"
123.252.135.130 - - [02/Jun/2026:21:45:07 -0400] "GET /wp-content/themes/logistek/assets/revolution/js/extensions/revolution.extension.migration.min.js?ver=6.0.2 HTTP/1.1" 200 1593 "https://tejoversea.com/track-order/" "Mozilla/5.0 (Linux; Android 10; K) AppleWebKit/537.36 (KHTML, like Gecko) Chrome/148.0.0.0 Mobile Safari/537.36"
123.252.135.130 - - [02/Jun/2026:21:45:07 -0400] "GET /wp-content/themes/logistek/assets/js/jquery.counterup.min.js?ver=6.0.2 HTTP/1.1" 200 496 "https://tejoversea.com/track-order/" "Mozilla/5.0 (Linux; Android 10; K) AppleWebKit/537.36 (KHTML, like Gecko) Chrome/148.0.0.0 Mobile Safari/537.36"
123.252.135.130 - - [02/Jun/2026:21:45:07 -0400] "GET /wp-content/themes/logistek/assets/revolution/js/extensions/revolution.extension.slideanims.min.js?ver=6.0.2 HTTP/1.1" 200 6396 "https://tejoversea.com/track-order/" "Mozilla/5.0 (Linux; Android 10; K) AppleWebKit/537.36 (KHTML, like Gecko) Chrome/148.0.0.0 Mobile Safari/537.36"
123.252.135.130 - - [02/Jun/2026:21:45:07 -0400] "GET /wp-content/themes/logistek/assets/js/isotope.pkgd.min.js?ver=6.0.2 HTTP/1.1" 200 9601 "https://tejoversea.com/track-order/" "Mozilla/5.0 (Linux; Android 10; K) AppleWebKit/537.36 (KHTML, like Gecko) Chrome/148.0.0.0 Mobile Safari/537.36"
123.252.135.130 - - [02/Jun/2026:21:45:07 -0400] "GET /wp-content/themes/logistek/assets/revolution/js/extensions/revolution.extension.layeranimation.min.js?ver=6.0.2 HTTP/1.1" 200 12341 "https://tejoversea.com/track-order/" "Mozilla/5.0 (Linux; Android 10; K) AppleWebKit/537.36 (KHTML, like Gecko) Chrome/148.0.0.0 Mobile Safari/537.36"
123.252.135.130 - - [02/Jun/2026:21:45:07 -0400] "GET /wp-content/plugins/connect-contact-form-7-to-social-apps/assets/js/cf7cw-front-script.js?ver=1.5 HTTP/1.1" 200 500 "https://tejoversea.com/track-order/" "Mozilla/5.0 (Linux; Android 10; K) AppleWebKit/537.36 (KHTML, like Gecko) Chrome/148.0.0.0 Mobile Safari/537.36"
123.252.135.130 - - [02/Jun/2026:21:45:06 -0400] "GET /wp-includes/js/jquery/jquery.min.js?ver=3.6.0 HTTP/1.1" 200 30273 "https://tejoversea.com/track-order/" "Mozilla/5.0 (Linux; Android 10; K) AppleWebKit/537.36 (KHTML, like Gecko) Chrome/148.0.0.0 Mobile Safari/537.36"
123.252.135.130 - - [02/Jun/2026:21:45:06 -0400] "GET /wp-content/themes/logistek/assets/css/owl.carousel.min.css?ver=6.0.2 HTTP/1.1" 200 915 "https://tejoversea.com/track-order/" "Mozilla/5.0 (Linux; Android 10; K) AppleWebKit/537.36 (KHTML, like Gecko) Chrome/148.0.0.0 Mobile Safari/537.36"
123.252.135.130 - - [02/Jun/2026:21:45:06 -0400] "GET /wp-includes/js/jquery/jquery-migrate.min.js?ver=3.3.2 HTTP/1.1" 200 3995 "https://tejoversea.com/track-order/" "Mozilla/5.0 (Linux; Android 10; K) AppleWebKit/537.36 (KHTML, like Gecko) Chrome/148.0.0.0 Mobile Safari/537.36"
123.252.135.130 - - [02/Jun/2026:21:45:06 -0400] "GET /wp-content/uploads/2022/10/logo-black-e1664945148632.png HTTP/1.1" 200 18396 "https://tejoversea.com/track-order/" "Mozilla/5.0 (Linux; Android 10; K) AppleWebKit/537.36 (KHTML, like Gecko) Chrome/148.0.0.0 Mobile Safari/537.36"
123.252.135.130 - - [02/Jun/2026:21:45:06 -0400] "GET /wp-content/uploads/2022/10/Tej-Oversea-Logistic-e1664610081961.png HTTP/1.1" 200 14639 "https://tejoversea.com/track-order/" "Mozilla/5.0 (Linux; Android 10; K) AppleWebKit/537.36 (KHTML, like Gecko) Chrome/148.0.0.0 Mobile Safari/537.36"
123.252.135.130 - - [02/Jun/2026:21:45:07 -0400] "GET /wp-content/plugins/contact-form-7/includes/swv/js/index.js?ver=5.6.3 HTTP/1.1" 200 2799 "https://tejoversea.com/track-order/" "Mozilla/5.0 (Linux; Android 10; K) AppleWebKit/537.36 (KHTML, like Gecko) Chrome/148.0.0.0 Mobile Safari/537.36"
123.252.135.130 - - [02/Jun/2026:21:45:07 -0400] "GET /wp-includes/js/jquery/ui/core.min.js?ver=1.13.1 HTTP/1.1" 200 6637 "https://tejoversea.com/track-order/" "Mozilla/5.0 (Linux; Android 10; K) AppleWebKit/537.36 (KHTML, like Gecko) Chrome/148.0.0.0 Mobile Safari/537.36"
123.252.135.130 - - [02/Jun/2026:21:45:07 -0400] "GET /wp-content/themes/logistek/assets/js/jquery.v1.12.4.min.js?ver=6.0.2 HTTP/1.1" 200 32850 "https://tejoversea.com/track-order/" "Mozilla/5.0 (Linux; Android 10; K) AppleWebKit/537.36 (KHTML, like Gecko) Chrome/148.0.0.0 Mobile Safari/537.36"
123.252.135.130 - - [02/Jun/2026:21:45:07 -0400] "GET /wp-content/themes/logistek/assets/js/main.js?ver=6.0.2 HTTP/1.1" 200 2788 "https://tejoversea.com/track-order/" "Mozilla/5.0 (Linux; Android 10; K) AppleWebKit/537.36 (KHTML, like Gecko) Chrome/148.0.0.0 Mobile Safari/537.36"
123.252.135.130 - - [02/Jun/2026:21:45:07 -0400] "GET /wp-content/themes/logistek/assets/js/bootstrap.min.js?ver=6.0.2 HTTP/1.1" 200 13378 "https://tejoversea.com/track-order/" "Mozilla/5.0 (Linux; Android 10; K) AppleWebKit/537.36 (KHTML, like Gecko) Chrome/148.0.0.0 Mobile Safari/537.36"
