106.192.62.57 - - [02/Jun/2026:12:23:10 -0400] "GET /wp-content/plugins/contact-form-7/includes/css/styles.css?ver=5.6.3 HTTP/1.1" 200 1040 "http://tejoversea.com/" "Mozilla/5.0 (Linux; Android 10; K) AppleWebKit/537.36 (KHTML, like Gecko) Chrome/148.0.0.0 Mobile Safari/537.36"
106.192.62.57 - - [02/Jun/2026:12:23:10 -0400] "GET /wp-content/plugins/order-tracking/css/otp-styles.css?ver=2.11.9 HTTP/1.1" 200 2177 "http://tejoversea.com/" "Mozilla/5.0 (Linux; Android 10; K) AppleWebKit/537.36 (KHTML, like Gecko) Chrome/148.0.0.0 Mobile Safari/537.36"
106.192.62.57 - - [02/Jun/2026:12:23:10 -0400] "GET /wp-content/plugins/order-tracking/css/pure-buttons.css?ver=2.11.9 HTTP/1.1" 200 835 "http://tejoversea.com/" "Mozilla/5.0 (Linux; Android 10; K) AppleWebKit/537.36 (KHTML, like Gecko) Chrome/148.0.0.0 Mobile Safari/537.36"
106.192.62.57 - - [02/Jun/2026:12:23:10 -0400] "GET /wp-content/plugins/order-tracking/css/pure-forms.css?ver=2.11.9 HTTP/1.1" 200 1805 "http://tejoversea.com/" "Mozilla/5.0 (Linux; Android 10; K) AppleWebKit/537.36 (KHTML, like Gecko) Chrome/148.0.0.0 Mobile Safari/537.36"
106.192.62.57 - - [02/Jun/2026:12:23:10 -0400] "GET /wp-content/plugins/order-tracking/css/pure-grids-nr.css?ver=2.11.9 HTTP/1.1" 200 596 "http://tejoversea.com/" "Mozilla/5.0 (Linux; Android 10; K) AppleWebKit/537.36 (KHTML, like Gecko) Chrome/148.0.0.0 Mobile Safari/537.36"
106.192.62.57 - - [02/Jun/2026:12:23:10 -0400] "GET /wp-content/plugins/order-tracking/css/pure-grids.css?ver=2.11.9 HTTP/1.1" 200 337 "http://tejoversea.com/" "Mozilla/5.0 (Linux; Android 10; K) AppleWebKit/537.36 (KHTML, like Gecko) Chrome/148.0.0.0 Mobile Safari/537.36"
106.192.62.57 - - [02/Jun/2026:12:23:10 -0400] "GET /wp-content/themes/logistek/assets/css/bootstrap.min.css?ver=6.0.2 HTTP/1.1" 200 27968 "http://tejoversea.com/" "Mozilla/5.0 (Linux; Android 10; K) AppleWebKit/537.36 (KHTML, like Gecko) Chrome/148.0.0.0 Mobile Safari/537.36"
106.192.62.57 - - [02/Jun/2026:12:23:11 -0400] "GET /wp-content/themes/logistek/assets/css/owl.carousel.min.css?ver=6.0.2 HTTP/1.1" 200 1134 "http://tejoversea.com/" "Mozilla/5.0 (Linux; Android 10; K) AppleWebKit/537.36 (KHTML, like Gecko) Chrome/148.0.0.0 Mobile Safari/537.36"
106.192.62.57 - - [02/Jun/2026:12:23:11 -0400] "GET /wp-content/themes/logistek/assets/css/magnific-popup.css?ver=6.0.2 HTTP/1.1" 200 2108 "http://tejoversea.com/" "Mozilla/5.0 (Linux; Android 10; K) AppleWebKit/537.36 (KHTML, like Gecko) Chrome/148.0.0.0 Mobile Safari/537.36"
106.192.62.57 - - [02/Jun/2026:12:23:11 -0400] "GET /wp-content/themes/logistek/assets/fonts/webexicon/style.css?ver=6.0.2 HTTP/1.1" 200 7269 "http://tejoversea.com/" "Mozilla/5.0 (Linux; Android 10; K) AppleWebKit/537.36 (KHTML, like Gecko) Chrome/148.0.0.0 Mobile Safari/537.36"
106.192.62.57 - - [02/Jun/2026:12:23:10 -0400] "GET /wp-content/plugins/order-tracking/css/pure-forms-nr.css?ver=2.11.9 HTTP/1.1" 200 1824 "http://tejoversea.com/" "Mozilla/5.0 (Linux; Android 10; K) AppleWebKit/537.36 (KHTML, like Gecko) Chrome/148.0.0.0 Mobile Safari/537.36"
106.192.62.57 - - [02/Jun/2026:12:23:10 -0400] "GET /wp-content/themes/logistek/assets/fonts/webexflaticon/flaticon.css?ver=6.0.2 HTTP/1.1" 200 1714 "http://tejoversea.com/" "Mozilla/5.0 (Linux; Android 10; K) AppleWebKit/537.36 (KHTML, like Gecko) Chrome/148.0.0.0 Mobile Safari/537.36"
106.192.62.57 - - [02/Jun/2026:12:23:11 -0400] "GET /wp-content/themes/logistek/assets/css/animate.css?ver=6.0.2 HTTP/1.1" 200 7064 "http://tejoversea.com/" "Mozilla/5.0 (Linux; Android 10; K) AppleWebKit/537.36 (KHTML, like Gecko) Chrome/148.0.0.0 Mobile Safari/537.36"
106.192.62.57 - - [02/Jun/2026:12:23:11 -0400] "GET /wp-content/themes/logistek/assets/css/custom-animation.css?ver=6.0.2 HTTP/1.1" 200 818 "http://tejoversea.com/" "Mozilla/5.0 (Linux; Android 10; K) AppleWebKit/537.36 (KHTML, like Gecko) Chrome/148.0.0.0 Mobile Safari/537.36"
106.192.62.57 - - [02/Jun/2026:12:23:11 -0400] "GET /wp-content/themes/logistek/assets/css/style.css?ver=6.0.2 HTTP/1.1" 200 22036 "http://tejoversea.com/" "Mozilla/5.0 (Linux; Android 10; K) AppleWebKit/537.36 (KHTML, like Gecko) Chrome/148.0.0.0 Mobile Safari/537.36"
106.192.62.57 - - [02/Jun/2026:12:23:11 -0400] "GET /wp-content/plugins/elementor/assets/lib/eicons/css/elementor-icons.min.css?ver=5.16.0 HTTP/1.1" 200 4225 "http://tejoversea.com/" "Mozilla/5.0 (Linux; Android 10; K) AppleWebKit/537.36 (KHTML, like Gecko) Chrome/148.0.0.0 Mobile Safari/537.36"
106.192.62.57 - - [02/Jun/2026:12:23:11 -0400] "GET /wp-content/plugins/elementor-pro/assets/css/frontend-lite.min.css?ver=3.7.7 HTTP/1.1" 200 1938 "http://tejoversea.com/" "Mozilla/5.0 (Linux; Android 10; K) AppleWebKit/537.36 (KHTML, like Gecko) Chrome/148.0.0.0 Mobile Safari/537.36"
106.192.62.57 - - [02/Jun/2026:12:23:12 -0400] "GET /wp-includes/js/jquery/jquery.min.js?ver=3.6.0 HTTP/1.1" 200 34819 "http://tejoversea.com/" "Mozilla/5.0 (Linux; Android 10; K) AppleWebKit/537.36 (KHTML, like Gecko) Chrome/148.0.0.0 Mobile Safari/537.36"
106.192.62.57 - - [02/Jun/2026:12:23:12 -0400] "GET /wp-content/uploads/2022/10/logo-black-e1664945148632.png HTTP/1.1" 200 18396 "http://tejoversea.com/" "Mozilla/5.0 (Linux; Android 10; K) AppleWebKit/537.36 (KHTML, like Gecko) Chrome/148.0.0.0 Mobile Safari/537.36"
106.192.62.57 - - [02/Jun/2026:12:23:13 -0400] "GET /wp-content/themes/logistek/assets/img/side-panel/1.jpg HTTP/1.1" 404 7621 "http://tejoversea.com/" "Mozilla/5.0 (Linux; Android 10; K) AppleWebKit/537.36 (KHTML, like Gecko) Chrome/148.0.0.0 Mobile Safari/537.36"
106.192.62.57 - - [02/Jun/2026:12:23:13 -0400] "GET /wp-content/themes/logistek/assets/img/side-panel/2.jpg HTTP/1.1" 404 7621 "http://tejoversea.com/" "Mozilla/5.0 (Linux; Android 10; K) AppleWebKit/537.36 (KHTML, like Gecko) Chrome/148.0.0.0 Mobile Safari/537.36"
106.192.62.57 - - [02/Jun/2026:12:23:13 -0400] "GET /wp-content/plugins/contact-form-7/includes/swv/js/index.js?ver=5.6.3 HTTP/1.1" 200 3174 "http://tejoversea.com/" "Mozilla/5.0 (Linux; Android 10; K) AppleWebKit/537.36 (KHTML, like Gecko) Chrome/148.0.0.0 Mobile Safari/537.36"
106.192.62.57 - - [02/Jun/2026:12:23:13 -0400] "GET /wp-content/plugins/contact-form-7/includes/js/index.js?ver=5.6.3 HTTP/1.1" 200 4225 "http://tejoversea.com/" "Mozilla/5.0 (Linux; Android 10; K) AppleWebKit/537.36 (KHTML, like Gecko) Chrome/148.0.0.0 Mobile Safari/537.36"
106.192.62.57 - - [02/Jun/2026:12:23:13 -0400] "GET /wp-includes/js/jquery/ui/core.min.js?ver=1.13.1 HTTP/1.1" 200 7544 "http://tejoversea.com/" "Mozilla/5.0 (Linux; Android 10; K) AppleWebKit/537.36 (KHTML, like Gecko) Chrome/148.0.0.0 Mobile Safari/537.36"
106.192.62.57 - - [02/Jun/2026:12:23:11 -0400] "GET /wp-content/themes/logistek/assets/fonts/fontawesome/css/all.css?ver=6.0.2 HTTP/1.1" 200 14644 "http://tejoversea.com/" "Mozilla/5.0 (Linux; Android 10; K) AppleWebKit/537.36 (KHTML, like Gecko) Chrome/148.0.0.0 Mobile Safari/537.36"
106.192.62.57 - - [02/Jun/2026:12:23:11 -0400] "GET /wp-content/themes/logistek/assets/css/meanmenu.min.css?ver=6.0.2 HTTP/1.1" 200 1195 "http://tejoversea.com/" "Mozilla/5.0 (Linux; Android 10; K) AppleWebKit/537.36 (KHTML, like Gecko) Chrome/148.0.0.0 Mobile Safari/537.36"
106.192.62.57 - - [02/Jun/2026:12:23:11 -0400] "GET /wp-content/themes/logistek/assets/css/responsive.css?ver=6.0.2 HTTP/1.1" 200 2156 "http://tejoversea.com/" "Mozilla/5.0 (Linux; Android 10; K) AppleWebKit/537.36 (KHTML, like Gecko) Chrome/148.0.0.0 Mobile Safari/537.36"
106.192.62.57 - - [02/Jun/2026:12:23:11 -0400] "GET /wp-content/themes/logistek/style.css?ver=2021-04-14 HTTP/1.1" 200 6026 "http://tejoversea.com/" "Mozilla/5.0 (Linux; Android 10; K) AppleWebKit/537.36 (KHTML, like Gecko) Chrome/148.0.0.0 Mobile Safari/537.36"
106.192.62.57 - - [02/Jun/2026:12:23:11 -0400] "GET /wp-content/uploads/elementor/css/post-24.css?ver=1664536342 HTTP/1.1" 200 400 "http://tejoversea.com/" "Mozilla/5.0 (Linux; Android 10; K) AppleWebKit/537.36 (KHTML, like Gecko) Chrome/148.0.0.0 Mobile Safari/537.36"
106.192.62.57 - - [02/Jun/2026:12:23:11 -0400] "GET /wp-content/plugins/elementor/assets/css/frontend-lite.min.css?ver=3.7.7 HTTP/1.1" 200 17595 "http://tejoversea.com/" "Mozilla/5.0 (Linux; Android 10; K) AppleWebKit/537.36 (KHTML, like Gecko) Chrome/148.0.0.0 Mobile Safari/537.36"
106.192.62.57 - - [02/Jun/2026:12:23:11 -0400] "GET /wp-content/plugins/creame-whatsapp-me/public/css/joinchat-btn.min.css?ver=4.5.9 HTTP/1.1" 200 2277 "http://tejoversea.com/" "Mozilla/5.0 (Linux; Android 10; K) AppleWebKit/537.36 (KHTML, like Gecko) Chrome/148.0.0.0 Mobile Safari/537.36"
106.192.62.57 - - [02/Jun/2026:12:23:12 -0400] "GET /wp-content/uploads/elementor/css/global.css?ver=1664536355 HTTP/1.1" 200 3653 "http://tejoversea.com/" "Mozilla/5.0 (Linux; Android 10; K) AppleWebKit/537.36 (KHTML, like Gecko) Chrome/148.0.0.0 Mobile Safari/537.36"
106.192.62.57 - - [02/Jun/2026:12:23:12 -0400] "GET /wp-content/uploads/elementor/css/post-113.css?ver=1775565322 HTTP/1.1" 200 257 "http://tejoversea.com/" "Mozilla/5.0 (Linux; Android 10; K) AppleWebKit/537.36 (KHTML, like Gecko) Chrome/148.0.0.0 Mobile Safari/537.36"
106.192.62.57 - - [02/Jun/2026:12:23:12 -0400] "GET /wp-includes/js/jquery/jquery-migrate.min.js?ver=3.3.2 HTTP/1.1" 200 4461 "http://tejoversea.com/" "Mozilla/5.0 (Linux; Android 10; K) AppleWebKit/537.36 (KHTML, like Gecko) Chrome/148.0.0.0 Mobile Safari/537.36"
106.192.62.57 - - [02/Jun/2026:12:23:12 -0400] "GET /wp-content/plugins/order-tracking/js/ewd-otp-js.js?ver=2.11.9 HTTP/1.1" 200 1356 "http://tejoversea.com/" "Mozilla/5.0 (Linux; Android 10; K) AppleWebKit/537.36 (KHTML, like Gecko) Chrome/148.0.0.0 Mobile Safari/537.36"
106.192.62.57 - - [02/Jun/2026:12:23:12 -0400] "GET /wp-content/uploads/2022/10/Tej-Oversea-Logistic-e1664610081961.png HTTP/1.1" 200 14639 "http://tejoversea.com/" "Mozilla/5.0 (Linux; Android 10; K) AppleWebKit/537.36 (KHTML, like Gecko) Chrome/148.0.0.0 Mobile Safari/537.36"
106.192.62.57 - - [02/Jun/2026:12:23:13 -0400] "GET /wp-content/themes/logistek/assets/img/side-panel/3.jpg HTTP/1.1" 404 7621 "http://tejoversea.com/" "Mozilla/5.0 (Linux; Android 10; K) AppleWebKit/537.36 (KHTML, like Gecko) Chrome/148.0.0.0 Mobile Safari/537.36"
106.192.62.57 - - [02/Jun/2026:12:23:13 -0400] "GET /wp-content/themes/logistek/assets/fonts/webexicon/fonts/webexicon.ttf?aeef8j HTTP/1.1" 200 218068 "http://tejoversea.com/wp-content/themes/logistek/assets/fonts/webexicon/style.css?ver=6.0.2" "Mozilla/5.0 (Linux; Android 10; K) AppleWebKit/537.36 (KHTML, like Gecko) Chrome/148.0.0.0 Mobile Safari/537.36"
106.192.62.57 - - [02/Jun/2026:12:23:13 -0400] "GET /wp-content/themes/logistek/assets/fonts/fontawesome/webfonts/fa-solid-900.woff2 HTTP/1.1" 200 79444 "http://tejoversea.com/wp-content/themes/logistek/assets/fonts/fontawesome/css/all.css?ver=6.0.2" "Mozilla/5.0 (Linux; Android 10; K) AppleWebKit/537.36 (KHTML, like Gecko) Chrome/148.0.0.0 Mobile Safari/537.36"
106.192.62.57 - - [02/Jun/2026:12:23:13 -0400] "GET /wp-content/themes/logistek/assets/fonts/fontawesome/webfonts/fa-brands-400.woff2 HTTP/1.1" 200 76612 "http://tejoversea.com/wp-content/themes/logistek/assets/fonts/fontawesome/css/all.css?ver=6.0.2" "Mozilla/5.0 (Linux; Android 10; K) AppleWebKit/537.36 (KHTML, like Gecko) Chrome/148.0.0.0 Mobile Safari/537.36"
106.192.62.57 - - [02/Jun/2026:12:23:13 -0400] "GET /wp-content/themes/logistek/assets/fonts/webexflaticon/Flaticon.woff2 HTTP/1.1" 200 49320 "http://tejoversea.com/wp-content/themes/logistek/assets/fonts/webexflaticon/flaticon.css?ver=6.0.2" "Mozilla/5.0 (Linux; Android 10; K) AppleWebKit/537.36 (KHTML, like Gecko) Chrome/148.0.0.0 Mobile Safari/537.36"
106.192.62.57 - - [02/Jun/2026:12:23:13 -0400] "GET /wp-content/themes/logistek/assets/images/preloader.svg HTTP/1.1" 200 655 "http://tejoversea.com/wp-content/themes/logistek/assets/css/style.css?ver=6.0.2" "Mozilla/5.0 (Linux; Android 10; K) AppleWebKit/537.36 (KHTML, like Gecko) Chrome/148.0.0.0 Mobile Safari/537.36"
106.192.62.57 - - [02/Jun/2026:12:23:13 -0400] "GET /wp-content/themes/logistek/assets/images/bg/1.jpg HTTP/1.1" 200 104444 "http://tejoversea.com/wp-content/themes/logistek/assets/css/style.css?ver=6.0.2" "Mozilla/5.0 (Linux; Android 10; K) AppleWebKit/537.36 (KHTML, like Gecko) Chrome/148.0.0.0 Mobile Safari/537.36"
106.192.62.57 - - [02/Jun/2026:12:23:14 -0400] "GET /wp-content/themes/logistek/assets/img/side-panel/4.jpg HTTP/1.1" 404 7620 "http://tejoversea.com/" "Mozilla/5.0 (Linux; Android 10; K) AppleWebKit/537.36 (KHTML, like Gecko) Chrome/148.0.0.0 Mobile Safari/537.36"
106.192.62.57 - - [02/Jun/2026:12:23:14 -0400] "GET /wp-includes/js/jquery/ui/datepicker.min.js?ver=1.13.1 HTTP/1.1" 200 12350 "http://tejoversea.com/" "Mozilla/5.0 (Linux; Android 10; K) AppleWebKit/537.36 (KHTML, like Gecko) Chrome/148.0.0.0 Mobile Safari/537.36"
106.192.62.57 - - [02/Jun/2026:12:23:14 -0400] "GET /wp-content/themes/logistek/assets/js/jquery.v1.12.4.min.js?ver=6.0.2 HTTP/1.1" 200 38036 "http://tejoversea.com/" "Mozilla/5.0 (Linux; Android 10; K) AppleWebKit/537.36 (KHTML, like Gecko) Chrome/148.0.0.0 Mobile Safari/537.36"
106.192.62.57 - - [02/Jun/2026:12:23:14 -0400] "GET /wp-content/themes/logistek/assets/js/bootstrap.min.js?ver=6.0.2 HTTP/1.1" 200 16358 "http://tejoversea.com/" "Mozilla/5.0 (Linux; Android 10; K) AppleWebKit/537.36 (KHTML, like Gecko) Chrome/148.0.0.0 Mobile Safari/537.36"
106.192.62.57 - - [02/Jun/2026:12:23:14 -0400] "GET /wp-content/themes/logistek/assets/js/main.js?ver=6.0.2 HTTP/1.1" 200 3417 "http://tejoversea.com/" "Mozilla/5.0 (Linux; Android 10; K) AppleWebKit/537.36 (KHTML, like Gecko) Chrome/148.0.0.0 Mobile Safari/537.36"
106.192.62.57 - - [02/Jun/2026:12:23:14 -0400] "GET /wp-content/themes/logistek/assets/revolution/js/jquery.themepunch.revolution.min.js?ver=6.0.2 HTTP/1.1" 200 19941 "http://tejoversea.com/" "Mozilla/5.0 (Linux; Android 10; K) AppleWebKit/537.36 (KHTML, like Gecko) Chrome/148.0.0.0 Mobile Safari/537.36"
106.192.62.57 - - [02/Jun/2026:12:23:14 -0400] "GET /wp-content/themes/logistek/assets/revolution/js/slider_v1.js?ver=6.0.2 HTTP/1.1" 200 1103 "http://tejoversea.com/" "Mozilla/5.0 (Linux; Android 10; K) AppleWebKit/537.36 (KHTML, like Gecko) Chrome/148.0.0.0 Mobile Safari/537.36"
106.192.62.57 - - [02/Jun/2026:12:23:14 -0400] "GET /wp-content/themes/logistek/assets/revolution/js/extensions/revolution.extension.migration.min.js?ver=6.0.2 HTTP/1.1" 200 1867 "http://tejoversea.com/" "Mozilla/5.0 (Linux; Android 10; K) AppleWebKit/537.36 (KHTML, like Gecko) Chrome/148.0.0.0 Mobile Safari/537.36"
106.192.62.57 - - [02/Jun/2026:12:23:13 -0400] "GET /wp-content/themes/logistek/assets/fonts/fontawesome/webfonts/fa-regular-400.woff2 HTTP/1.1" 200 13584 "http://tejoversea.com/wp-content/themes/logistek/assets/fonts/fontawesome/css/all.css?ver=6.0.2" "Mozilla/5.0 (Linux; Android 10; K) AppleWebKit/537.36 (KHTML, like Gecko) Chrome/148.0.0.0 Mobile Safari/537.36"
106.192.62.57 - - [02/Jun/2026:12:23:13 -0400] "GET /wp-content/themes/logistek/assets/img/side-panel/5.jpg HTTP/1.1" 404 7621 "http://tejoversea.com/" "Mozilla/5.0 (Linux; Android 10; K) AppleWebKit/537.36 (KHTML, like Gecko) Chrome/148.0.0.0 Mobile Safari/537.36"
106.192.62.57 - - [02/Jun/2026:12:23:14 -0400] "GET /wp-content/themes/logistek/assets/img/side-panel/6.jpg HTTP/1.1" 404 7621 "http://tejoversea.com/" "Mozilla/5.0 (Linux; Android 10; K) AppleWebKit/537.36 (KHTML, like Gecko) Chrome/148.0.0.0 Mobile Safari/537.36"
106.192.62.57 - - [02/Jun/2026:12:23:14 -0400] "GET /wp-content/themes/logistek/assets/revolution/js/jquery.themepunch.tools.min.js?ver=6.0.2 HTTP/1.1" 200 38091 "http://tejoversea.com/" "Mozilla/5.0 (Linux; Android 10; K) AppleWebKit/537.36 (KHTML, like Gecko) Chrome/148.0.0.0 Mobile Safari/537.36"
106.192.62.57 - - [02/Jun/2026:12:23:14 -0400] "GET /wp-content/themes/logistek/assets/revolution/js/extensions/revolution.extension.actions.min.js?ver=6.0.2 HTTP/1.1" 200 2921 "http://tejoversea.com/" "Mozilla/5.0 (Linux; Android 10; K) AppleWebKit/537.36 (KHTML, like Gecko) Chrome/148.0.0.0 Mobile Safari/537.36"
106.192.62.57 - - [02/Jun/2026:12:23:14 -0400] "GET /wp-content/themes/logistek/assets/revolution/js/extensions/revolution.extension.carousel.min.js?ver=6.0.2 HTTP/1.1" 200 2769 "http://tejoversea.com/" "Mozilla/5.0 (Linux; Android 10; K) AppleWebKit/537.36 (KHTML, like Gecko) Chrome/148.0.0.0 Mobile Safari/537.36"
106.192.62.57 - - [02/Jun/2026:12:23:14 -0400] "GET /wp-content/themes/logistek/assets/revolution/js/extensions/revolution.extension.kenburn.min.js?ver=6.0.2 HTTP/1.1" 200 1476 "http://tejoversea.com/" "Mozilla/5.0 (Linux; Android 10; K) AppleWebKit/537.36 (KHTML, like Gecko) Chrome/148.0.0.0 Mobile Safari/537.36"
106.192.62.57 - - [02/Jun/2026:12:23:14 -0400] "GET /wp-content/themes/logistek/assets/revolution/js/extensions/revolution.extension.navigation.min.js?ver=6.0.2 HTTP/1.1" 200 7937 "http://tejoversea.com/" "Mozilla/5.0 (Linux; Android 10; K) AppleWebKit/537.36 (KHTML, like Gecko) Chrome/148.0.0.0 Mobile Safari/537.36"
106.192.62.57 - - [02/Jun/2026:12:23:15 -0400] "GET /wp-content/themes/logistek/assets/revolution/js/extensions/revolution.extension.slideanims.min.js?ver=6.0.2 HTTP/1.1" 200 7711 "http://tejoversea.com/" "Mozilla/5.0 (Linux; Android 10; K) AppleWebKit/537.36 (KHTML, like Gecko) Chrome/148.0.0.0 Mobile Safari/537.36"
106.192.62.57 - - [02/Jun/2026:12:23:15 -0400] "GET /wp-content/themes/logistek/assets/js/jquery.magnific-popup.min.js?ver=6.0.2 HTTP/1.1" 200 8070 "http://tejoversea.com/" "Mozilla/5.0 (Linux; Android 10; K) AppleWebKit/537.36 (KHTML, like Gecko) Chrome/148.0.0.0 Mobile Safari/537.36"
106.192.62.57 - - [02/Jun/2026:12:23:15 -0400] "GET /wp-content/themes/logistek/assets/js/jquery.meanmenu.min.js?ver=6.0.2 HTTP/1.1" 200 1518 "http://tejoversea.com/" "Mozilla/5.0 (Linux; Android 10; K) AppleWebKit/537.36 (KHTML, like Gecko) Chrome/148.0.0.0 Mobile Safari/537.36"
106.192.62.57 - - [02/Jun/2026:12:23:15 -0400] "GET /wp-content/themes/logistek/assets/js/owl.carousel.min.js?ver=6.0.2 HTTP/1.1" 200 13414 "http://tejoversea.com/" "Mozilla/5.0 (Linux; Android 10; K) AppleWebKit/537.36 (KHTML, like Gecko) Chrome/148.0.0.0 Mobile Safari/537.36"
106.192.62.57 - - [02/Jun/2026:12:23:15 -0400] "GET /wp-content/themes/logistek/assets/js/imagesloaded.pkgd.min.js?ver=6.0.2 HTTP/1.1" 200 1965 "http://tejoversea.com/" "Mozilla/5.0 (Linux; Android 10; K) AppleWebKit/537.36 (KHTML, like Gecko) Chrome/148.0.0.0 Mobile Safari/537.36"
106.192.62.57 - - [02/Jun/2026:12:23:14 -0400] "GET /wp-content/themes/logistek/assets/revolution/js/extensions/revolution.extension.layeranimation.min.js?ver=6.0.2 HTTP/1.1" 200 14732 "http://tejoversea.com/" "Mozilla/5.0 (Linux; Android 10; K) AppleWebKit/537.36 (KHTML, like Gecko) Chrome/148.0.0.0 Mobile Safari/537.36"
106.192.62.57 - - [02/Jun/2026:12:23:15 -0400] "GET /wp-content/themes/logistek/assets/revolution/js/extensions/revolution.extension.parallax.min.js?ver=6.0.2 HTTP/1.1" 200 3367 "http://tejoversea.com/" "Mozilla/5.0 (Linux; Android 10; K) AppleWebKit/537.36 (KHTML, like Gecko) Chrome/148.0.0.0 Mobile Safari/537.36"
106.192.62.57 - - [02/Jun/2026:12:23:15 -0400] "GET /wp-content/themes/logistek/assets/revolution/js/extensions/revolution.extension.video.min.js?ver=6.0.2 HTTP/1.1" 200 7090 "http://tejoversea.com/" "Mozilla/5.0 (Linux; Android 10; K) AppleWebKit/537.36 (KHTML, like Gecko) Chrome/148.0.0.0 Mobile Safari/537.36"
106.192.62.57 - - [02/Jun/2026:12:23:15 -0400] "GET /wp-content/themes/logistek/assets/js/jquery.scrollUp.min.js?ver=6.0.2 HTTP/1.1" 200 962 "http://tejoversea.com/" "Mozilla/5.0 (Linux; Android 10; K) AppleWebKit/537.36 (KHTML, like Gecko) Chrome/148.0.0.0 Mobile Safari/537.36"
106.192.62.57 - - [02/Jun/2026:12:23:15 -0400] "GET /wp-content/themes/logistek/assets/js/waypoints.min.js?ver=6.0.2 HTTP/1.1" 200 2830 "http://tejoversea.com/" "Mozilla/5.0 (Linux; Android 10; K) AppleWebKit/537.36 (KHTML, like Gecko) Chrome/148.0.0.0 Mobile Safari/537.36"
106.192.62.57 - - [02/Jun/2026:12:23:15 -0400] "GET /wp-content/themes/logistek/assets/js/appear.js?ver=6.0.2 HTTP/1.1" 200 1459 "http://tejoversea.com/" "Mozilla/5.0 (Linux; Android 10; K) AppleWebKit/537.36 (KHTML, like Gecko) Chrome/148.0.0.0 Mobile Safari/537.36"
106.192.62.57 - - [02/Jun/2026:12:23:15 -0400] "GET /wp-content/themes/logistek/assets/js/wow.js?ver=6.0.2 HTTP/1.1" 200 2390 "http://tejoversea.com/" "Mozilla/5.0 (Linux; Android 10; K) AppleWebKit/537.36 (KHTML, like Gecko) Chrome/148.0.0.0 Mobile Safari/537.36"
106.192.62.57 - - [02/Jun/2026:12:23:16 -0400] "GET /wp-content/plugins/elementor/assets/js/frontend-modules.min.js?ver=3.7.7 HTTP/1.1" 200 11827 "http://tejoversea.com/" "Mozilla/5.0 (Linux; Android 10; K) AppleWebKit/537.36 (KHTML, like Gecko) Chrome/148.0.0.0 Mobile Safari/537.36"
106.192.62.57 - - [02/Jun/2026:12:23:16 -0400] "GET /wp-includes/js/dist/vendor/regenerator-runtime.min.js?ver=0.13.9 HTTP/1.1" 200 2585 "http://tejoversea.com/" "Mozilla/5.0 (Linux; Android 10; K) AppleWebKit/537.36 (KHTML, like Gecko) Chrome/148.0.0.0 Mobile Safari/537.36"
106.192.62.57 - - [02/Jun/2026:12:23:16 -0400] "GET /wp-includes/js/dist/hooks.min.js?ver=c6d64f2cb8f5c6bb49caca37f8828ce3 HTTP/1.1" 200 1747 "http://tejoversea.com/" "Mozilla/5.0 (Linux; Android 10; K) AppleWebKit/537.36 (KHTML, like Gecko) Chrome/148.0.0.0 Mobile Safari/537.36"
106.192.62.57 - - [02/Jun/2026:12:23:16 -0400] "GET /wp-includes/js/dist/i18n.min.js?ver=ebee46757c6a411e38fd079a7ac71d94 HTTP/1.1" 200 4064 "http://tejoversea.com/" "Mozilla/5.0 (Linux; Android 10; K) AppleWebKit/537.36 (KHTML, like Gecko) Chrome/148.0.0.0 Mobile Safari/537.36"
106.192.62.57 - - [02/Jun/2026:12:23:16 -0400] "GET /wp-content/plugins/elementor/assets/js/webpack.runtime.min.js?ver=3.7.7 HTTP/1.1" 200 2244 "http://tejoversea.com/" "Mozilla/5.0 (Linux; Android 10; K) AppleWebKit/537.36 (KHTML, like Gecko) Chrome/148.0.0.0 Mobile Safari/537.36"
106.192.62.57 - - [02/Jun/2026:12:23:16 -0400] "GET /wp-content/plugins/elementor-pro/assets/js/elements-handlers.min.js?ver=3.7.7 HTTP/1.1" 200 6246 "http://tejoversea.com/" "Mozilla/5.0 (Linux; Android 10; K) AppleWebKit/537.36 (KHTML, like Gecko) Chrome/148.0.0.0 Mobile Safari/537.36"
106.192.62.57 - - [02/Jun/2026:12:23:16 -0400] "GET /wp-includes/js/wp-emoji-release.min.js?ver=6.0.2 HTTP/1.1" 200 5712 "http://tejoversea.com/" "Mozilla/5.0 (Linux; Android 10; K) AppleWebKit/537.36 (KHTML, like Gecko) Chrome/148.0.0.0 Mobile Safari/537.36"
106.192.62.57 - - [02/Jun/2026:12:23:15 -0400] "GET /wp-content/themes/logistek/assets/js/jquery.counterup.min.js?ver=6.0.2 HTTP/1.1" 200 585 "http://tejoversea.com/" "Mozilla/5.0 (Linux; Android 10; K) AppleWebKit/537.36 (KHTML, like Gecko) Chrome/148.0.0.0 Mobile Safari/537.36"
106.192.62.57 - - [02/Jun/2026:12:23:15 -0400] "GET /wp-content/themes/logistek/assets/js/isotope.pkgd.min.js?ver=6.0.2 HTTP/1.1" 200 11445 "http://tejoversea.com/" "Mozilla/5.0 (Linux; Android 10; K) AppleWebKit/537.36 (KHTML, like Gecko) Chrome/148.0.0.0 Mobile Safari/537.36"
106.192.62.57 - - [02/Jun/2026:12:23:15 -0400] "GET /wp-content/plugins/creame-whatsapp-me/public/js/joinchat.min.js?ver=4.5.9 HTTP/1.1" 200 2916 "http://tejoversea.com/" "Mozilla/5.0 (Linux; Android 10; K) AppleWebKit/537.36 (KHTML, like Gecko) Chrome/148.0.0.0 Mobile Safari/537.36"
106.192.62.57 - - [02/Jun/2026:12:23:15 -0400] "GET /wp-content/plugins/connect-contact-form-7-to-social-apps/assets/js/cf7cw-front-script.js?ver=1.5 HTTP/1.1" 200 623 "http://tejoversea.com/" "Mozilla/5.0 (Linux; Android 10; K) AppleWebKit/537.36 (KHTML, like Gecko) Chrome/148.0.0.0 Mobile Safari/537.36"
106.192.62.57 - - [02/Jun/2026:12:23:16 -0400] "GET /wp-includes/js/dist/vendor/wp-polyfill.min.js?ver=3.15.0 HTTP/1.1" 200 7769 "http://tejoversea.com/" "Mozilla/5.0 (Linux; Android 10; K) AppleWebKit/537.36 (KHTML, like Gecko) Chrome/148.0.0.0 Mobile Safari/537.36"
106.192.62.57 - - [02/Jun/2026:12:23:16 -0400] "GET /wp-content/plugins/logistek-elementor/assets/js/bdevs-elementor.js?ver=1.0.0 HTTP/1.1" 200 318 "http://tejoversea.com/" "Mozilla/5.0 (Linux; Android 10; K) AppleWebKit/537.36 (KHTML, like Gecko) Chrome/148.0.0.0 Mobile Safari/537.36"
106.192.62.57 - - [02/Jun/2026:12:23:16 -0400] "GET /wp-content/plugins/elementor-pro/assets/js/frontend.min.js?ver=3.7.7 HTTP/1.1" 200 6386 "http://tejoversea.com/" "Mozilla/5.0 (Linux; Android 10; K) AppleWebKit/537.36 (KHTML, like Gecko) Chrome/148.0.0.0 Mobile Safari/537.36"
106.192.62.57 - - [02/Jun/2026:12:23:16 -0400] "GET /wp-content/plugins/elementor-pro/assets/js/webpack-pro.runtime.min.js?ver=3.7.7 HTTP/1.1" 200 2422 "http://tejoversea.com/" "Mozilla/5.0 (Linux; Android 10; K) AppleWebKit/537.36 (KHTML, like Gecko) Chrome/148.0.0.0 Mobile Safari/537.36"
106.192.62.57 - - [02/Jun/2026:12:23:16 -0400] "GET /wp-content/plugins/elementor/assets/lib/waypoints/waypoints.min.js?ver=4.0.2 HTTP/1.1" 200 3407 "http://tejoversea.com/" "Mozilla/5.0 (Linux; Android 10; K) AppleWebKit/537.36 (KHTML, like Gecko) Chrome/148.0.0.0 Mobile Safari/537.36"
106.192.62.57 - - [02/Jun/2026:12:23:16 -0400] "GET /wp-content/plugins/elementor/assets/js/frontend.min.js?ver=3.7.7 HTTP/1.1" 200 13533 "http://tejoversea.com/" "Mozilla/5.0 (Linux; Android 10; K) AppleWebKit/537.36 (KHTML, like Gecko) Chrome/148.0.0.0 Mobile Safari/537.36"
106.192.62.57 - - [02/Jun/2026:12:23:16 -0400] "GET /wp-content/uploads/2022/09/packing-cargo-1.png.webp HTTP/1.1" 200 82546 "http://tejoversea.com/" "Mozilla/5.0 (Linux; Android 10; K) AppleWebKit/537.36 (KHTML, like Gecko) Chrome/148.0.0.0 Mobile Safari/537.36"
106.192.62.57 - - [02/Jun/2026:12:23:17 -0400] "GET /wp-content/uploads/2022/10/post-img-2.jpg HTTP/1.1" 200 114245 "http://tejoversea.com/" "Mozilla/5.0 (Linux; Android 10; K) AppleWebKit/537.36 (KHTML, like Gecko) Chrome/148.0.0.0 Mobile Safari/537.36"
106.192.62.57 - - [02/Jun/2026:12:23:17 -0400] "GET /wp-content/uploads/2022/10/Office-shifting.webp HTTP/1.1" 200 209592 "http://tejoversea.com/" "Mozilla/5.0 (Linux; Android 10; K) AppleWebKit/537.36 (KHTML, like Gecko) Chrome/148.0.0.0 Mobile Safari/537.36"
106.192.62.57 - - [02/Jun/2026:12:23:17 -0400] "GET /wp-content/uploads/2022/10/17.jpg HTTP/1.1" 200 45622 "http://tejoversea.com/" "Mozilla/5.0 (Linux; Android 10; K) AppleWebKit/537.36 (KHTML, like Gecko) Chrome/148.0.0.0 Mobile Safari/537.36"
106.192.62.57 - - [02/Jun/2026:12:23:17 -0400] "GET /wp-content/uploads/2022/10/packing-500x500-1.png HTTP/1.1" 200 265748 "http://tejoversea.com/" "Mozilla/5.0 (Linux; Android 10; K) AppleWebKit/537.36 (KHTML, like Gecko) Chrome/148.0.0.0 Mobile Safari/537.36"
106.192.62.57 - - [02/Jun/2026:12:23:17 -0400] "GET /wp-content/uploads/2022/10/Car-Shifting-In-Delhi.jpg HTTP/1.1" 200 32104 "http://tejoversea.com/" "Mozilla/5.0 (Linux; Android 10; K) AppleWebKit/537.36 (KHTML, like Gecko) Chrome/148.0.0.0 Mobile Safari/537.36"
106.192.62.57 - - [02/Jun/2026:12:23:17 -0400] "GET /wp-content/uploads/2022/10/moving-insurance.jpg HTTP/1.1" 200 39672 "http://tejoversea.com/" "Mozilla/5.0 (Linux; Android 10; K) AppleWebKit/537.36 (KHTML, like Gecko) Chrome/148.0.0.0 Mobile Safari/537.36"
106.192.62.57 - - [02/Jun/2026:12:23:17 -0400] "GET /wp-content/uploads/2022/10/de74a5d38e411a15531c2cff8e720bcd-1.jpg HTTP/1.1" 200 18904 "http://tejoversea.com/" "Mozilla/5.0 (Linux; Android 10; K) AppleWebKit/537.36 (KHTML, like Gecko) Chrome/148.0.0.0 Mobile Safari/537.36"
106.192.62.57 - - [02/Jun/2026:12:23:19 -0400] "GET /wp-json/contact-form-7/v1/contact-forms/130/refill HTTP/1.1" 200 2 "http://tejoversea.com/" "Mozilla/5.0 (Linux; Android 10; K) AppleWebKit/537.36 (KHTML, like Gecko) Chrome/148.0.0.0 Mobile Safari/537.36"
106.192.62.57 - - [02/Jun/2026:12:23:28 -0400] "GET /wp-content/uploads/elementor/css/post-464.css?ver=1773985684 HTTP/1.1" 200 250 "http://tejoversea.com/track-order/" "Mozilla/5.0 (Linux; Android 10; K) AppleWebKit/537.36 (KHTML, like Gecko) Chrome/148.0.0.0 Mobile Safari/537.36"
106.192.62.57 - - [02/Jun/2026:12:23:28 -0400] "GET /wp-content/themes/logistek/assets/img/side-panel/2.jpg HTTP/1.1" 404 7621 "http://tejoversea.com/track-order/" "Mozilla/5.0 (Linux; Android 10; K) AppleWebKit/537.36 (KHTML, like Gecko) Chrome/148.0.0.0 Mobile Safari/537.36"
106.192.62.57 - - [02/Jun/2026:12:23:29 -0400] "GET /wp-content/themes/logistek/assets/img/side-panel/3.jpg HTTP/1.1" 404 7621 "http://tejoversea.com/track-order/" "Mozilla/5.0 (Linux; Android 10; K) AppleWebKit/537.36 (KHTML, like Gecko) Chrome/148.0.0.0 Mobile Safari/537.36"
106.192.62.57 - - [02/Jun/2026:12:23:29 -0400] "GET /wp-content/themes/logistek/assets/img/side-panel/5.jpg HTTP/1.1" 404 7621 "http://tejoversea.com/track-order/" "Mozilla/5.0 (Linux; Android 10; K) AppleWebKit/537.36 (KHTML, like Gecko) Chrome/148.0.0.0 Mobile Safari/537.36"
106.192.62.57 - - [02/Jun/2026:12:23:29 -0400] "GET /wp-content/themes/logistek/assets/img/side-panel/4.jpg HTTP/1.1" 404 7620 "http://tejoversea.com/track-order/" "Mozilla/5.0 (Linux; Android 10; K) AppleWebKit/537.36 (KHTML, like Gecko) Chrome/148.0.0.0 Mobile Safari/537.36"
106.192.62.57 - - [02/Jun/2026:12:23:29 -0400] "GET /wp-content/themes/logistek/assets/img/side-panel/6.jpg HTTP/1.1" 404 7621 "http://tejoversea.com/track-order/" "Mozilla/5.0 (Linux; Android 10; K) AppleWebKit/537.36 (KHTML, like Gecko) Chrome/148.0.0.0 Mobile Safari/537.36"
106.192.62.57 - - [02/Jun/2026:12:23:29 -0400] "GET /wp-content/uploads/2022/10/logo-white-e1664945180549.png HTTP/1.1" 200 17044 "http://tejoversea.com/track-order/" "Mozilla/5.0 (Linux; Android 10; K) AppleWebKit/537.36 (KHTML, like Gecko) Chrome/148.0.0.0 Mobile Safari/537.36"
162.213.253.84 - - [02/Jun/2026:12:23:37 -0400] "POST /wp-cron.php?doing_wp_cron=1780417417.2364749908447265625000 HTTP/1.1" 200 0 "http://tejoversea.com/wp-cron.php?doing_wp_cron=1780417417.2364749908447265625000" "WordPress/6.0.2; http://tejoversea.com"
106.192.62.57 - - [02/Jun/2026:12:23:36 -0400] "POST /wp-admin/admin-ajax.php HTTP/1.1" 200 267 "http://tejoversea.com/track-order/" "Mozilla/5.0 (Linux; Android 10; K) AppleWebKit/537.36 (KHTML, like Gecko) Chrome/148.0.0.0 Mobile Safari/537.36"
106.192.62.57 - - [02/Jun/2026:12:23:17 -0400] "GET /wp-json/contact-form-7/v1/contact-forms/130/feedback/schema HTTP/1.1" 200 549 "http://tejoversea.com/" "Mozilla/5.0 (Linux; Android 10; K) AppleWebKit/537.36 (KHTML, like Gecko) Chrome/148.0.0.0 Mobile Safari/537.36"
106.192.62.57 - - [02/Jun/2026:12:23:17 -0400] "GET /wp-content/themes/logistek/assets/images/down-arrow.png HTTP/1.1" 200 427 "http://tejoversea.com/wp-content/themes/logistek/assets/css/style.css?ver=6.0.2" "Mozilla/5.0 (Linux; Android 10; K) AppleWebKit/537.36 (KHTML, like Gecko) Chrome/148.0.0.0 Mobile Safari/537.36"
106.192.62.57 - - [02/Jun/2026:12:23:28 -0400] "GET /track-order/ HTTP/1.1" 200 14138 "http://tejoversea.com/" "Mozilla/5.0 (Linux; Android 10; K) AppleWebKit/537.36 (KHTML, like Gecko) Chrome/148.0.0.0 Mobile Safari/537.36"
106.192.62.57 - - [02/Jun/2026:12:23:28 -0400] "GET /wp-content/themes/logistek/assets/img/side-panel/1.jpg HTTP/1.1" 404 7621 "http://tejoversea.com/track-order/" "Mozilla/5.0 (Linux; Android 10; K) AppleWebKit/537.36 (KHTML, like Gecko) Chrome/148.0.0.0 Mobile Safari/537.36"
162.213.253.84 - - [02/Jun/2026:12:23:37 -0400] "POST /wp-admin/admin-ajax.php?action=async_litespeed&nonce=0940218fab&litespeed_type=imgoptm HTTP/1.1" 200 0 "http://tejoversea.com/wp-admin/admin-ajax.php?action=async_litespeed&nonce=0940218fab&litespeed_type=imgoptm" "WordPress/6.0.2; http://tejoversea.com"
114.244.74.102 - - [02/Jun/2026:12:58:03 -0400] "GET /wp-json/wp/v2/posts HTTP/1.1" 200 2 "-" "Mozilla/5.0 (Windows NT 10.0; Win64; x64) AppleWebKit/537.36 (KHTML, like Gecko) Chrome/120.0.0.0 Safari/537.36"
43.153.58.28 - - [02/Jun/2026:14:29:26 -0400] "GET / HTTP/1.1" 200 19138 "-" "Mozilla/5.0 (iPhone; CPU iPhone OS 13_2_3 like Mac OS X) AppleWebKit/605.1.15 (KHTML, like Gecko) Version/13.0.3 Mobile/15E148 Safari/604.1"
43.157.175.122 - - [02/Jun/2026:15:17:55 -0400] "GET / HTTP/1.1" 301 0 "-" "Mozilla/5.0 (iPhone; CPU iPhone OS 13_2_3 like Mac OS X) AppleWebKit/605.1.15 (KHTML, like Gecko) Version/13.0.3 Mobile/15E148 Safari/604.1"
43.157.175.122 - - [02/Jun/2026:15:17:57 -0400] "GET / HTTP/1.1" 200 19138 "http://www.tejoversea.com" "Mozilla/5.0 (iPhone; CPU iPhone OS 13_2_3 like Mac OS X) AppleWebKit/605.1.15 (KHTML, like Gecko) Version/13.0.3 Mobile/15E148 Safari/604.1"
162.213.253.84 - - [02/Jun/2026:15:17:55 -0400] "POST /wp-cron.php?doing_wp_cron=1780427875.5564699172973632812500 HTTP/1.1" 200 0 "http://tejoversea.com/wp-cron.php?doing_wp_cron=1780427875.5564699172973632812500" "WordPress/6.0.2; http://tejoversea.com"
162.213.253.84 - - [02/Jun/2026:15:17:55 -0400] "POST /wp-admin/admin-ajax.php?action=async_litespeed&nonce=0940218fab&litespeed_type=imgoptm HTTP/1.1" 200 0 "http://tejoversea.com/wp-admin/admin-ajax.php?action=async_litespeed&nonce=0940218fab&litespeed_type=imgoptm" "WordPress/6.0.2; http://tejoversea.com"
52.167.144.172 - - [02/Jun/2026:15:36:35 -0400] "GET /sitemap.xml.gz HTTP/1.1" 404 6960 "-" "Mozilla/5.0 AppleWebKit/537.36 (KHTML, like Gecko; compatible; bingbot/2.0; +http://www.bing.com/bingbot.htm) Chrome/116.0.1938.76 Safari/537.36"
162.213.253.84 - - [02/Jun/2026:15:36:36 -0400] "POST /wp-admin/admin-ajax.php?action=async_litespeed&nonce=0940218fab&litespeed_type=imgoptm HTTP/1.1" 200 0 "http://tejoversea.com/wp-admin/admin-ajax.php?action=async_litespeed&nonce=0940218fab&litespeed_type=imgoptm" "WordPress/6.0.2; http://tejoversea.com"
162.213.253.84 - - [02/Jun/2026:15:36:35 -0400] "POST /wp-cron.php?doing_wp_cron=1780428995.5807979106903076171875 HTTP/1.1" 200 0 "http://tejoversea.com/wp-cron.php?doing_wp_cron=1780428995.5807979106903076171875" "WordPress/6.0.2; http://tejoversea.com"
192.144.148.122 - - [02/Jun/2026:15:47:35 -0400] "GET / HTTP/1.1" 200 19138 "-" "Mozilla/5.0 (iPhone; CPU iPhone OS 13_2_3 like Mac OS X) AppleWebKit/605.1.15 (KHTML, like Gecko) Version/13.0.3 Mobile/15E148 Safari/604.1"
162.213.253.84 - - [02/Jun/2026:16:45:05 -0400] "POST /wp-cron.php?doing_wp_cron=1780433105.2048749923706054687500 HTTP/1.1" 200 0 "http://tejoversea.com/wp-cron.php?doing_wp_cron=1780433105.2048749923706054687500" "WordPress/6.0.2; http://tejoversea.com"
40.77.167.79 - - [02/Jun/2026:16:45:04 -0400] "GET /sitemap.xml.gz HTTP/1.1" 404 6960 "-" "Mozilla/5.0 AppleWebKit/537.36 (KHTML, like Gecko; compatible; bingbot/2.0; +http://www.bing.com/bingbot.htm) Chrome/116.0.1938.76 Safari/537.36"
162.213.253.84 - - [02/Jun/2026:16:45:05 -0400] "POST /wp-admin/admin-ajax.php?action=async_litespeed&nonce=0940218fab&litespeed_type=imgoptm HTTP/1.1" 200 0 "http://tejoversea.com/wp-admin/admin-ajax.php?action=async_litespeed&nonce=0940218fab&litespeed_type=imgoptm" "WordPress/6.0.2; http://tejoversea.com"
34.148.17.7 - - [02/Jun/2026:17:04:50 -0400] "HEAD /wordpress/ HTTP/1.1" 404 0 "-" "Mozilla/5.0 (Linux; Android 14; OnePlus 12) AppleWebKit/537.36 (KHTML, like Gecko) Chrome/125.0.6422.102 Mobile Safari/537.36"
162.213.253.84 - - [02/Jun/2026:17:04:51 -0400] "POST /wp-admin/admin-ajax.php?action=async_litespeed&nonce=0940218fab&litespeed_type=imgoptm HTTP/1.1" 200 0 "http://tejoversea.com/wp-admin/admin-ajax.php?action=async_litespeed&nonce=0940218fab&litespeed_type=imgoptm" "WordPress/6.0.2; http://tejoversea.com"
34.148.17.7 - - [02/Jun/2026:17:04:53 -0400] "HEAD / HTTP/1.1" 200 0 "-" "Mozilla/5.0 (X11; Linux x86_64; rv:127.0) Gecko/20100101 Firefox/127.0"
162.213.253.84 - - [02/Jun/2026:17:04:50 -0400] "POST /wp-cron.php?doing_wp_cron=1780434290.7119119167327880859375 HTTP/1.1" 200 0 "http://tejoversea.com/wp-cron.php?doing_wp_cron=1780434290.7119119167327880859375" "WordPress/6.0.2; http://tejoversea.com"
34.148.17.7 - - [02/Jun/2026:17:04:51 -0400] "HEAD /blog/ HTTP/1.1" 404 0 "-" "Mozilla/5.0 (Windows NT 10.0; Win64; x64) AppleWebKit/537.36 (KHTML, like Gecko) Chrome/127.0.6534.42 Safari/537.36"
34.148.17.7 - - [02/Jun/2026:17:04:52 -0400] "HEAD /new/ HTTP/1.1" 404 0 "-" "Mozilla/5.0 (Windows NT 10.0; Win64; x64) AppleWebKit/537.36 (KHTML, like Gecko) Chrome/127.0.6534.42 Safari/537.36"
34.148.17.7 - - [02/Jun/2026:17:04:52 -0400] "HEAD /backup/ HTTP/1.1" 404 0 "-" "Mozilla/5.0 (Linux; Android 12; Redmi Note 11) AppleWebKit/537.36 (KHTML, like Gecko) Chrome/123.0.6312.112 Mobile Safari/537.36"
34.148.17.7 - - [02/Jun/2026:17:04:53 -0400] "HEAD /wp/ HTTP/1.1" 404 0 "-" "Mozilla/5.0 (Windows NT 10.0; Win64; x64; rv:127.0) Gecko/20100101 Firefox/127.0"
34.148.17.7 - - [02/Jun/2026:17:04:53 -0400] "HEAD /old/ HTTP/1.1" 404 0 "-" "Mozilla/5.0 (Linux; Android 14; Samsung SM-A546B) AppleWebKit/537.36 (KHTML, like Gecko) Chrome/126.0.6478.14 Mobile Safari/537.36"
34.193.242.118 - - [02/Jun/2026:17:06:03 -0400] "GET /robots.txt HTTP/1.1" 200 281 "-" "Mozilla/5.0 (Macintosh; Intel Mac OS X 10_10_1) AppleWebKit/600.2.5 (KHTML, like Gecko) Version/8.0.2 Safari/600.2.5 (Gort)"
40.77.167.13 - - [02/Jun/2026:17:46:34 -0400] "GET /sitemap_index.xml HTTP/1.1" 200 280 "-" "Mozilla/5.0 AppleWebKit/537.36 (KHTML, like Gecko; compatible; bingbot/2.0; +http://www.bing.com/bingbot.htm) Chrome/116.0.1938.76 Safari/537.36"
162.213.253.84 - - [02/Jun/2026:17:46:35 -0400] "POST /wp-cron.php?doing_wp_cron=1780436795.3074729442596435546875 HTTP/1.1" 200 0 "http://tejoversea.com/wp-cron.php?doing_wp_cron=1780436795.3074729442596435546875" "WordPress/6.0.2; http://tejoversea.com"
162.213.253.84 - - [02/Jun/2026:17:46:35 -0400] "POST /wp-admin/admin-ajax.php?action=async_litespeed&nonce=0940218fab&litespeed_type=imgoptm HTTP/1.1" 200 0 "http://tejoversea.com/wp-admin/admin-ajax.php?action=async_litespeed&nonce=0940218fab&litespeed_type=imgoptm" "WordPress/6.0.2; http://tejoversea.com"
87.83.109.74 - - [02/Jun/2026:17:59:09 -0400] "GET /wp-json/wp/v2/posts HTTP/1.1" 200 2 "-" "Mozilla/5.0 (Windows NT 10.0; Win64; x64) AppleWebKit/537.36 (KHTML, like Gecko) Chrome/120.0.0.0 Safari/537.36"
43.133.66.51 - - [02/Jun/2026:18:45:10 -0400] "GET / HTTP/1.1" 200 19138 "-" "Mozilla/5.0 (iPhone; CPU iPhone OS 13_2_3 like Mac OS X) AppleWebKit/605.1.15 (KHTML, like Gecko) Version/13.0.3 Mobile/15E148 Safari/604.1"
43.133.253.253 - - [02/Jun/2026:19:21:47 -0400] "GET / HTTP/1.1" 200 19138 "http://www.tejoversea.com" "Mozilla/5.0 (iPhone; CPU iPhone OS 13_2_3 like Mac OS X) AppleWebKit/605.1.15 (KHTML, like Gecko) Version/13.0.3 Mobile/15E148 Safari/604.1"
176.111.37.5 - - [02/Jun/2026:19:19:34 -0400] "GET /wp-json/wp/v2/posts HTTP/1.1" 200 2 "-" "Mozilla/5.0 (Windows NT 10.0; Win64; x64) AppleWebKit/537.36 (KHTML, like Gecko) Chrome/120.0.0.0 Safari/537.36"
162.213.253.84 - - [02/Jun/2026:19:21:45 -0400] "POST /wp-cron.php?doing_wp_cron=1780442505.4686529636383056640625 HTTP/1.1" 200 0 "http://tejoversea.com/wp-cron.php?doing_wp_cron=1780442505.4686529636383056640625" "WordPress/6.0.2; http://tejoversea.com"
43.133.253.253 - - [02/Jun/2026:19:21:44 -0400] "GET / HTTP/1.1" 301 0 "-" "Mozilla/5.0 (iPhone; CPU iPhone OS 13_2_3 like Mac OS X) AppleWebKit/605.1.15 (KHTML, like Gecko) Version/13.0.3 Mobile/15E148 Safari/604.1"
162.213.253.84 - - [02/Jun/2026:19:21:45 -0400] "POST /wp-admin/admin-ajax.php?action=async_litespeed&nonce=0940218fab&litespeed_type=imgoptm HTTP/1.1" 200 0 "http://tejoversea.com/wp-admin/admin-ajax.php?action=async_litespeed&nonce=0940218fab&litespeed_type=imgoptm" "WordPress/6.0.2; http://tejoversea.com"
173.252.82.4 - - [02/Jun/2026:19:43:15 -0400] "GET /robots.txt HTTP/1.1" 200 595 "-" "facebookexternalhit/1.1 (+http://www.facebook.com/externalhit_uatext.php)"
168.222.254.10 - - [02/Jun/2026:19:41:23 -0400] "GET /wp-json/wp/v2/posts HTTP/1.1" 200 2 "-" "Mozilla/5.0 (Windows NT 10.0; Win64; x64) AppleWebKit/537.36 (KHTML, like Gecko) Chrome/120.0.0.0 Safari/537.36"
162.213.253.84 - - [02/Jun/2026:19:52:45 -0400] "POST /wp-cron.php?doing_wp_cron=1780444365.0215001106262207031250 HTTP/1.1" 200 0 "http://tejoversea.com/wp-cron.php?doing_wp_cron=1780444365.0215001106262207031250" "WordPress/6.0.2; http://tejoversea.com"
216.213.24.213 - - [02/Jun/2026:19:52:44 -0400] "POST /wp-json/contact-form-7/v1/contact-forms/342/feedback HTTP/1.1" 200 205 "http://tejoversea.com/contact-us/" "Mozilla/5.0 (Windows NT 10.0; Win64; x64; Xbox; Xbox One) AppleWebKit/537.36 (KHTML, like Gecko) Chrome/114.0.0.0 Safari/537.36 Edge/44.18363.8131"
162.213.253.84 - - [02/Jun/2026:19:52:45 -0400] "POST /wp-admin/admin-ajax.php?action=async_litespeed&nonce=0940218fab&litespeed_type=imgoptm HTTP/1.1" 200 0 "http://tejoversea.com/wp-admin/admin-ajax.php?action=async_litespeed&nonce=0940218fab&litespeed_type=imgoptm" "WordPress/6.0.2; http://tejoversea.com"
216.213.24.213 - - [02/Jun/2026:19:52:42 -0400] "GET /contact-us/ HTTP/1.1" 200 12958 "-" "Mozilla/5.0 (Windows NT 10.0; Win64; x64; Xbox; Xbox One) AppleWebKit/537.36 (KHTML, like Gecko) Chrome/114.0.0.0 Safari/537.36 Edge/44.18363.8131"
216.213.24.213 - - [02/Jun/2026:19:52:43 -0400] "GET /wp-content/plugins/contact-form-7/includes/js/index.js?ver=5.6.3 HTTP/1.1" 200 3689 "http://tejoversea.com/contact-us/" "Mozilla/5.0 (Windows NT 10.0; Win64; x64; Xbox; Xbox One) AppleWebKit/537.36 (KHTML, like Gecko) Chrome/114.0.0.0 Safari/537.36 Edge/44.18363.8131"
49.235.136.28 - - [02/Jun/2026:21:28:07 -0400] "GET / HTTP/1.1" 301 0 "-" "Mozilla/5.0 (iPhone; CPU iPhone OS 13_2_3 like Mac OS X) AppleWebKit/605.1.15 (KHTML, like Gecko) Version/13.0.3 Mobile/15E148 Safari/604.1"
49.235.136.28 - - [02/Jun/2026:21:28:08 -0400] "GET / HTTP/1.1" 200 19138 "http://www.tejoversea.com" "Mozilla/5.0 (iPhone; CPU iPhone OS 13_2_3 like Mac OS X) AppleWebKit/605.1.15 (KHTML, like Gecko) Version/13.0.3 Mobile/15E148 Safari/604.1"
162.213.253.84 - - [02/Jun/2026:22:02:11 -0400] "POST /wp-cron.php?doing_wp_cron=1780452131.1259059906005859375000 HTTP/1.1" 200 0 "http://tejoversea.com/wp-cron.php?doing_wp_cron=1780452131.1259059906005859375000" "WordPress/6.0.2; http://tejoversea.com"
192.36.109.70 - - [02/Jun/2026:22:02:10 -0400] "GET /service/office-moving-shifting/ HTTP/1.1" 200 12566 "-" "Mozilla/5.0 (X11; CrOS x86_64 14541.0.0) AppleWebKit/537.36 (KHTML, like Gecko) Chrome/121.0.0.0 Safari/537.3"
192.36.109.123 - - [02/Jun/2026:22:02:12 -0400] "GET /service/bike-scooty-shifting/ HTTP/1.1" 200 12213 "-" "Mozilla/5.0 (X11; CrOS x86_64 14541.0.0) AppleWebKit/537.36 (KHTML, like Gecko) Chrome/121.0.0.0 Safari/537.3"
192.36.109.90 - - [02/Jun/2026:22:02:13 -0400] "GET /service/car-shifting/ HTTP/1.1" 200 12712 "-" "Mozilla/5.0 (X11; CrOS x86_64 14541.0.0) AppleWebKit/537.36 (KHTML, like Gecko) Chrome/121.0.0.0 Safari/537.3"
192.36.109.131 - - [02/Jun/2026:22:02:09 -0400] "GET / HTTP/1.1" 200 19132 "-" "Mozilla/5.0 (X11; CrOS x86_64 14541.0.0) AppleWebKit/537.36 (KHTML, like Gecko) Chrome/121.0.0.0 Safari/537.3"
162.213.253.84 - - [02/Jun/2026:22:02:11 -0400] "POST /wp-admin/admin-ajax.php?action=async_litespeed&nonce=e11cc1edfb&litespeed_type=imgoptm HTTP/1.1" 200 0 "http://tejoversea.com/wp-admin/admin-ajax.php?action=async_litespeed&nonce=e11cc1edfb&litespeed_type=imgoptm" "WordPress/6.0.2; http://tejoversea.com"
101.32.15.141 - - [02/Jun/2026:23:04:43 -0400] "GET / HTTP/1.1" 200 19138 "-" "Mozilla/5.0 (iPhone; CPU iPhone OS 13_2_3 like Mac OS X) AppleWebKit/605.1.15 (KHTML, like Gecko) Version/13.0.3 Mobile/15E148 Safari/604.1"
162.213.253.84 - - [02/Jun/2026:23:52:13 -0400] "POST /wp-cron.php?doing_wp_cron=1780458733.1387789249420166015625 HTTP/1.1" 200 0 "http://tejoversea.com/wp-cron.php?doing_wp_cron=1780458733.1387789249420166015625" "WordPress/6.0.2; http://tejoversea.com"
154.58.138.230 - - [02/Jun/2026:23:49:44 -0400] "GET /wp-json/wp/v2/posts HTTP/1.1" 200 2 "-" "Mozilla/5.0 (Windows NT 10.0; Win64; x64) AppleWebKit/537.36 (KHTML, like Gecko) Chrome/120.0.0.0 Safari/537.36"
89.45.176.163 - - [02/Jun/2026:23:52:12 -0400] "GET /service/home-moving/ HTTP/1.1" 200 12791 "-" "Mozilla/5.0 (Windows NT 10.0; Win64; x64) AppleWebKit/537.36 (KHTML, like Gecko) Chrome/132.0.6834.160 Safari/537.36"
162.213.253.84 - - [02/Jun/2026:23:52:13 -0400] "POST /wp-admin/admin-ajax.php?action=async_litespeed&nonce=e11cc1edfb&litespeed_type=imgoptm HTTP/1.1" 200 0 "http://tejoversea.com/wp-admin/admin-ajax.php?action=async_litespeed&nonce=e11cc1edfb&litespeed_type=imgoptm" "WordPress/6.0.2; http://tejoversea.com"
162.213.253.84 - - [02/Jun/2026:23:59:51 -0400] "POST /wp-cron.php?doing_wp_cron=1780459191.3029611110687255859375 HTTP/1.1" 200 0 "http://tejoversea.com/wp-cron.php?doing_wp_cron=1780459191.3029611110687255859375" "WordPress/6.0.2; http://tejoversea.com"
49.51.233.95 - - [02/Jun/2026:23:59:50 -0400] "GET / HTTP/1.1" 301 0 "-" "Mozilla/5.0 (iPhone; CPU iPhone OS 13_2_3 like Mac OS X) AppleWebKit/605.1.15 (KHTML, like Gecko) Version/13.0.3 Mobile/15E148 Safari/604.1"
162.213.253.84 - - [02/Jun/2026:23:59:51 -0400] "POST /wp-admin/admin-ajax.php?action=async_litespeed&nonce=e11cc1edfb&litespeed_type=imgoptm HTTP/1.1" 200 0 "http://tejoversea.com/wp-admin/admin-ajax.php?action=async_litespeed&nonce=e11cc1edfb&litespeed_type=imgoptm" "WordPress/6.0.2; http://tejoversea.com"
49.51.233.95 - - [02/Jun/2026:23:59:53 -0400] "GET / HTTP/1.1" 200 19138 "http://www.tejoversea.com" "Mozilla/5.0 (iPhone; CPU iPhone OS 13_2_3 like Mac OS X) AppleWebKit/605.1.15 (KHTML, like Gecko) Version/13.0.3 Mobile/15E148 Safari/604.1"
162.213.253.84 - - [03/Jun/2026:00:09:03 -0400] "POST /wp-cron.php?doing_wp_cron=1780459743.4385859966278076171875 HTTP/1.1" 200 0 "http://tejoversea.com/wp-cron.php?doing_wp_cron=1780459743.4385859966278076171875" "WordPress/6.0.2; http://tejoversea.com"
20.226.60.108 - - [03/Jun/2026:00:09:01 -0400] "GET /wp-content/plugins/hellopress/wp_filemanager.php HTTP/1.1" 404 28743 "-" "-"
20.226.60.108 - - [03/Jun/2026:00:09:04 -0400] "GET /this_is_a_new_hello_world.php HTTP/1.1" 404 28724 "-" "-"
20.226.60.108 - - [03/Jun/2026:00:09:06 -0400] "GET /breads1.php HTTP/1.1" 404 28706 "-" "-"
20.226.60.108 - - [03/Jun/2026:00:09:08 -0400] "GET /up.php HTTP/1.1" 404 28701 "-" "-"
20.226.60.108 - - [03/Jun/2026:00:09:10 -0400] "GET /nowpf.php HTTP/1.1" 404 28704 "-" "-"
162.213.253.84 - - [03/Jun/2026:00:09:11 -0400] "POST /wp-cron.php?doing_wp_cron=1780459751.5486350059509277343750 HTTP/1.1" 200 0 "http://tejoversea.com/wp-cron.php?doing_wp_cron=1780459751.5486350059509277343750" "WordPress/6.0.2; http://tejoversea.com"
20.226.60.108 - - [03/Jun/2026:00:09:11 -0400] "GET /bypass.php HTTP/1.1" 404 28705 "-" "-"
20.226.60.108 - - [03/Jun/2026:00:09:13 -0400] "GET /alex.php HTTP/1.1" 404 28703 "-" "-"
20.226.60.108 - - [03/Jun/2026:00:09:15 -0400] "GET /alfanew2.php7 HTTP/1.1" 404 28708 "-" "-"
20.226.60.108 - - [03/Jun/2026:00:09:16 -0400] "GET /wp2.php HTTP/1.1" 404 28702 "-" "-"
20.226.60.108 - - [03/Jun/2026:00:09:17 -0400] "GET /root.php HTTP/1.1" 404 28703 "-" "-"
162.213.253.84 - - [03/Jun/2026:00:09:18 -0400] "POST /wp-admin/admin-ajax.php?action=async_litespeed&nonce=e11cc1edfb&litespeed_type=imgoptm HTTP/1.1" 200 0 "http://tejoversea.com/wp-admin/admin-ajax.php?action=async_litespeed&nonce=e11cc1edfb&litespeed_type=imgoptm" "WordPress/6.0.2; http://tejoversea.com"
20.226.60.108 - - [03/Jun/2026:00:09:19 -0400] "GET /lab.php HTTP/1.1" 404 28702 "-" "-"
20.226.60.108 - - [03/Jun/2026:00:09:26 -0400] "GET /an.php HTTP/1.1" 404 28701 "-" "-"
20.226.60.108 - - [03/Jun/2026:00:09:27 -0400] "GET /asw.php HTTP/1.1" 404 28702 "-" "-"
20.226.60.108 - - [03/Jun/2026:00:09:32 -0400] "GET /system.php HTTP/1.1" 404 28705 "-" "-"
20.226.60.108 - - [03/Jun/2026:00:09:35 -0400] "GET /abc.php HTTP/1.1" 404 28702 "-" "-"
20.226.60.108 - - [03/Jun/2026:00:09:40 -0400] "GET /content.php HTTP/1.1" 404 28706 "-" "-"
20.226.60.108 - - [03/Jun/2026:00:09:43 -0400] "GET /paku.php HTTP/1.1" 404 28703 "-" "-"
20.226.60.108 - - [03/Jun/2026:00:09:44 -0400] "GET /rtx.php HTTP/1.1" 404 28702 "-" "-"
20.226.60.108 - - [03/Jun/2026:00:09:47 -0400] "GET /xxx.php HTTP/1.1" 404 28702 "-" "-"
20.226.60.108 - - [03/Jun/2026:00:09:49 -0400] "GET /0x.php HTTP/1.1" 404 28701 "-" "-"
20.226.60.108 - - [03/Jun/2026:00:09:50 -0400] "GET /CDX1.php HTTP/1.1" 404 28703 "-" "-"
20.226.60.108 - - [03/Jun/2026:00:09:52 -0400] "GET /control.php HTTP/1.1" 404 28706 "-" "-"
20.226.60.108 - - [03/Jun/2026:00:09:57 -0400] "GET /z.php HTTP/1.1" 404 28700 "-" "-"
20.226.60.108 - - [03/Jun/2026:00:10:00 -0400] "GET /mah.php HTTP/1.1" 404 28702 "-" "-"
20.226.60.108 - - [03/Jun/2026:00:10:07 -0400] "GET /wp-index.php HTTP/1.1" 404 28707 "-" "-"
20.226.60.108 - - [03/Jun/2026:00:10:12 -0400] "GET /ws80.php HTTP/1.1" 404 28703 "-" "-"
20.226.60.108 - - [03/Jun/2026:00:10:15 -0400] "GET /ww2.php HTTP/1.1" 404 28702 "-" "-"
162.213.253.84 - - [03/Jun/2026:00:10:18 -0400] "POST /wp-cron.php?doing_wp_cron=1780459818.7994410991668701171875 HTTP/1.1" 200 0 "http://tejoversea.com/wp-cron.php?doing_wp_cron=1780459818.7994410991668701171875" "WordPress/6.0.2; http://tejoversea.com"
20.226.60.108 - - [03/Jun/2026:00:10:18 -0400] "GET /7logs.php HTTP/1.1" 404 28704 "-" "-"
20.226.60.108 - - [03/Jun/2026:00:10:24 -0400] "GET /domains.php HTTP/1.1" 404 28706 "-" "-"
20.226.60.108 - - [03/Jun/2026:00:10:33 -0400] "GET /404.php HTTP/1.1" 404 28702 "-" "-"
20.226.60.108 - - [03/Jun/2026:00:10:34 -0400] "GET /file3.php HTTP/1.1" 404 28704 "-" "-"
20.226.60.108 - - [03/Jun/2026:00:10:40 -0400] "GET /wp.php HTTP/1.1" 404 28701 "-" "-"
162.213.253.84 - - [03/Jun/2026:00:09:03 -0400] "POST /wp-admin/admin-ajax.php?action=async_litespeed&nonce=e11cc1edfb&litespeed_type=imgoptm HTTP/1.1" 200 0 "http://tejoversea.com/wp-admin/admin-ajax.php?action=async_litespeed&nonce=e11cc1edfb&litespeed_type=imgoptm" "WordPress/6.0.2; http://tejoversea.com"
20.226.60.108 - - [03/Jun/2026:00:09:05 -0400] "GET /ahax.php HTTP/1.1" 404 28703 "-" "-"
20.226.60.108 - - [03/Jun/2026:00:09:07 -0400] "GET /must.php HTTP/1.1" 404 28703 "-" "-"
20.226.60.108 - - [03/Jun/2026:00:09:09 -0400] "GET /leaf_php.php HTTP/1.1" 404 28707 "-" "-"
20.226.60.108 - - [03/Jun/2026:00:09:12 -0400] "GET /about.php HTTP/1.1" 404 28704 "-" "-"
