Path : /home/vishqocm/access-logs/
File Upload :
Current File : /home/vishqocm//access-logs/middleeastoday.vishalwebtech.com

34.76.189.67 - - [27/Feb/2026:07:01:54 -0500] "GET /united-states-of-america-congratulates-uae-on-51st-national-day/ HTTP/1.1" 200 23438 "http://www.middleeastoday.com/united-states-of-america-congratulates-uae-on-51st-national-day" "Mozilla/5.0 (compatible; VelenPublicWebCrawler/1.0; +https://velen.io)"
34.76.189.67 - - [27/Feb/2026:07:01:57 -0500] "GET /uae-leaders-witness-51st-national-day-official-celebration HTTP/1.1" 301 0 "-" "Mozilla/5.0 (compatible; VelenPublicWebCrawler/1.0; +https://velen.io)"
34.76.189.67 - - [27/Feb/2026:07:02:03 -0500] "GET /the-head-of-state-arrives-in-cairo-on-an-official-visit-and-the-egyptian-president-is-at-the-forefront-of-his-reception/ HTTP/1.1" 200 23932 "http://www.middleeastoday.com/the-head-of-state-arrives-in-cairo-on-an-official-visit-and-the-egyptian-president-is-at-the-forefront-of-his-reception" "Mozilla/5.0 (compatible; VelenPublicWebCrawler/1.0; +https://velen.io)"
34.76.189.67 - - [27/Feb/2026:07:02:07 -0500] "GET /uae-president-congratulates-king-charles-iii-on-his-crowning HTTP/1.1" 301 0 "-" "Mozilla/5.0 (compatible; VelenPublicWebCrawler/1.0; +https://velen.io)"
34.76.189.67 - - [27/Feb/2026:07:02:11 -0500] "GET /mohamed-bin-zayed-orders-disbursement-of-aed1-5-billion-worth-of-housing-benefits-to-abu-dhabi-citizens HTTP/1.1" 301 0 "-" "Mozilla/5.0 (compatible; VelenPublicWebCrawler/1.0; +https://velen.io)"
162.213.253.84 - - [27/Feb/2026:07:02:22 -0500] "POST /wp-admin/admin-ajax.php?action=async_litespeed&nonce=AgZ8alnfFi1j8KljbPdwkCk6YGjicXuy&litespeed_type=imgoptm HTTP/1.1" 200 21 "-" "WordPress/6.8.1; http://www.middleeastoday.com"
162.213.253.84 - - [27/Feb/2026:07:02:24 -0500] "POST /wp-cron.php?doing_wp_cron=1772193744.0216300487518310546875 HTTP/1.1" 200 0 "-" "WordPress/6.8.1; http://www.middleeastoday.com"
34.76.189.67 - - [27/Feb/2026:07:02:28 -0500] "GET /uae-leaders-congratulate-governor-general-of-bahamas-on-independence-day/ HTTP/1.1" 200 22832 "http://www.middleeastoday.com/uae-leaders-congratulate-governor-general-of-bahamas-on-independence-day" "Mozilla/5.0 (compatible; VelenPublicWebCrawler/1.0; +https://velen.io)"
34.76.189.67 - - [27/Feb/2026:07:02:31 -0500] "GET /uae-leaders-congratulate-us-president-on-independence-day HTTP/1.1" 301 0 "-" "Mozilla/5.0 (compatible; VelenPublicWebCrawler/1.0; +https://velen.io)"
34.76.189.67 - - [27/Feb/2026:07:02:33 -0500] "GET /uae-leaders-congratulate-us-president-on-independence-day/ HTTP/1.1" 200 22850 "http://www.middleeastoday.com/uae-leaders-congratulate-us-president-on-independence-day" "Mozilla/5.0 (compatible; VelenPublicWebCrawler/1.0; +https://velen.io)"
34.76.189.67 - - [27/Feb/2026:07:02:36 -0500] "GET /uae-leaders-congratulate-president-of-cape-verde-on-independence-day HTTP/1.1" 301 0 "-" "Mozilla/5.0 (compatible; VelenPublicWebCrawler/1.0; +https://velen.io)"
34.76.189.67 - - [27/Feb/2026:07:02:38 -0500] "GET /uae-leaders-congratulate-president-of-cape-verde-on-independence-day/ HTTP/1.1" 200 22911 "http://www.middleeastoday.com/uae-leaders-congratulate-president-of-cape-verde-on-independence-day" "Mozilla/5.0 (compatible; VelenPublicWebCrawler/1.0; +https://velen.io)"
34.76.189.67 - - [27/Feb/2026:07:02:42 -0500] "GET /uae-president-arrives-in-muscat-welcomed-by-sultan-of-oman-2/ HTTP/1.1" 200 23990 "http://www.middleeastoday.com/uae-president-arrives-in-muscat-welcomed-by-sultan-of-oman-2" "Mozilla/5.0 (compatible; VelenPublicWebCrawler/1.0; +https://velen.io)"
34.76.189.67 - - [27/Feb/2026:07:02:45 -0500] "GET /amanat-acquires-a-60-stake-in-human-development-company-for-sar220-3-million HTTP/1.1" 301 0 "-" "Mozilla/5.0 (compatible; VelenPublicWebCrawler/1.0; +https://velen.io)"
34.76.189.67 - - [27/Feb/2026:07:02:52 -0500] "GET /emirates-transport-conducted-13555-school-trips-to-expo-2020-dubai/ HTTP/1.1" 200 23376 "http://www.middleeastoday.com/emirates-transport-conducted-13555-school-trips-to-expo-2020-dubai" "Mozilla/5.0 (compatible; VelenPublicWebCrawler/1.0; +https://velen.io)"
34.76.189.67 - - [27/Feb/2026:07:01:59 -0500] "GET /uae-leaders-witness-51st-national-day-official-celebration/ HTTP/1.1" 200 29384 "http://www.middleeastoday.com/uae-leaders-witness-51st-national-day-official-celebration" "Mozilla/5.0 (compatible; VelenPublicWebCrawler/1.0; +https://velen.io)"
34.76.189.67 - - [27/Feb/2026:07:02:02 -0500] "GET /the-head-of-state-arrives-in-cairo-on-an-official-visit-and-the-egyptian-president-is-at-the-forefront-of-his-reception HTTP/1.1" 301 0 "-" "Mozilla/5.0 (compatible; VelenPublicWebCrawler/1.0; +https://velen.io)"
34.76.189.67 - - [27/Feb/2026:07:02:08 -0500] "GET /uae-president-congratulates-king-charles-iii-on-his-crowning/ HTTP/1.1" 200 22847 "http://www.middleeastoday.com/uae-president-congratulates-king-charles-iii-on-his-crowning" "Mozilla/5.0 (compatible; VelenPublicWebCrawler/1.0; +https://velen.io)"
34.76.189.67 - - [27/Feb/2026:07:02:13 -0500] "GET /mohamed-bin-zayed-orders-disbursement-of-aed1-5-billion-worth-of-housing-benefits-to-abu-dhabi-citizens/ HTTP/1.1" 200 23224 "http://www.middleeastoday.com/mohamed-bin-zayed-orders-disbursement-of-aed1-5-billion-worth-of-housing-benefits-to-abu-dhabi-citizens" "Mozilla/5.0 (compatible; VelenPublicWebCrawler/1.0; +https://velen.io)"
34.76.189.67 - - [27/Feb/2026:07:02:16 -0500] "GET /lord-abbett-expands-global-presence-selecting-difc-for-first-middle-east-branch HTTP/1.1" 301 0 "-" "Mozilla/5.0 (compatible; VelenPublicWebCrawler/1.0; +https://velen.io)"
34.76.189.67 - - [27/Feb/2026:07:02:18 -0500] "GET /lord-abbett-expands-global-presence-selecting-difc-for-first-middle-east-branch/ HTTP/1.1" 200 23918 "http://www.middleeastoday.com/lord-abbett-expands-global-presence-selecting-difc-for-first-middle-east-branch" "Mozilla/5.0 (compatible; VelenPublicWebCrawler/1.0; +https://velen.io)"
162.213.253.84 - - [27/Feb/2026:07:02:22 -0500] "POST /wp-cron.php?doing_wp_cron=1772193742.1787419319152832031250 HTTP/1.1" 200 0 "-" "WordPress/6.8.1; http://www.middleeastoday.com"
34.76.189.67 - - [27/Feb/2026:07:02:21 -0500] "GET /dubai-chamber-of-commerce-unveils-impact-of-give-and-gain-2022-initiative HTTP/1.1" 301 0 "-" "Mozilla/5.0 (compatible; VelenPublicWebCrawler/1.0; +https://velen.io)"
34.76.189.67 - - [27/Feb/2026:07:02:23 -0500] "GET /dubai-chamber-of-commerce-unveils-impact-of-give-and-gain-2022-initiative/ HTTP/1.1" 200 23418 "http://www.middleeastoday.com/dubai-chamber-of-commerce-unveils-impact-of-give-and-gain-2022-initiative" "Mozilla/5.0 (compatible; VelenPublicWebCrawler/1.0; +https://velen.io)"
34.76.189.67 - - [27/Feb/2026:07:02:26 -0500] "GET /uae-leaders-congratulate-governor-general-of-bahamas-on-independence-day HTTP/1.1" 301 0 "-" "Mozilla/5.0 (compatible; VelenPublicWebCrawler/1.0; +https://velen.io)"
34.76.189.67 - - [27/Feb/2026:07:02:41 -0500] "GET /uae-president-arrives-in-muscat-welcomed-by-sultan-of-oman-2 HTTP/1.1" 301 0 "-" "Mozilla/5.0 (compatible; VelenPublicWebCrawler/1.0; +https://velen.io)"
34.76.189.67 - - [27/Feb/2026:07:02:47 -0500] "GET /amanat-acquires-a-60-stake-in-human-development-company-for-sar220-3-million/ HTTP/1.1" 200 24772 "http://www.middleeastoday.com/amanat-acquires-a-60-stake-in-human-development-company-for-sar220-3-million" "Mozilla/5.0 (compatible; VelenPublicWebCrawler/1.0; +https://velen.io)"
34.76.189.67 - - [27/Feb/2026:07:02:50 -0500] "GET /emirates-transport-conducted-13555-school-trips-to-expo-2020-dubai HTTP/1.1" 301 0 "-" "Mozilla/5.0 (compatible; VelenPublicWebCrawler/1.0; +https://velen.io)"
34.76.189.67 - - [27/Feb/2026:07:02:57 -0500] "GET /dubai-chamber-strengthens-partnership-with-dubai-land-department/ HTTP/1.1" 200 23660 "http://www.middleeastoday.com/dubai-chamber-strengthens-partnership-with-dubai-land-department" "Mozilla/5.0 (compatible; VelenPublicWebCrawler/1.0; +https://velen.io)"
34.76.189.67 - - [27/Feb/2026:07:02:56 -0500] "GET /dubai-chamber-strengthens-partnership-with-dubai-land-department HTTP/1.1" 301 0 "-" "Mozilla/5.0 (compatible; VelenPublicWebCrawler/1.0; +https://velen.io)"
34.76.189.67 - - [27/Feb/2026:07:03:00 -0500] "GET /environment-agency-abu-dhabi-releases-batch-of-rescued-and-rehabilitated-sea-turtles HTTP/1.1" 301 0 "-" "Mozilla/5.0 (compatible; VelenPublicWebCrawler/1.0; +https://velen.io)"
34.76.189.67 - - [27/Feb/2026:07:03:02 -0500] "GET /environment-agency-abu-dhabi-releases-batch-of-rescued-and-rehabilitated-sea-turtles/ HTTP/1.1" 200 24096 "http://www.middleeastoday.com/environment-agency-abu-dhabi-releases-batch-of-rescued-and-rehabilitated-sea-turtles" "Mozilla/5.0 (compatible; VelenPublicWebCrawler/1.0; +https://velen.io)"
34.76.189.67 - - [27/Feb/2026:07:03:05 -0500] "GET /uae-leaders-congratulate-king-of-jordan-on-independence-day HTTP/1.1" 301 0 "-" "Mozilla/5.0 (compatible; VelenPublicWebCrawler/1.0; +https://velen.io)"
34.76.189.67 - - [27/Feb/2026:07:03:09 -0500] "GET /noura-al-kaabi-meets-with-ifpi-board-members-affirms-uaes-focus-on-nurturing-a-thriving-ecosystem HTTP/1.1" 301 0 "-" "Mozilla/5.0 (compatible; VelenPublicWebCrawler/1.0; +https://velen.io)"
34.76.189.67 - - [27/Feb/2026:07:03:16 -0500] "GET /mohamed-bin-zayed-attends-iftar-banquet-hosted-by-king-of-morocco/ HTTP/1.1" 200 23216 "http://www.middleeastoday.com/mohamed-bin-zayed-attends-iftar-banquet-hosted-by-king-of-morocco" "Mozilla/5.0 (compatible; VelenPublicWebCrawler/1.0; +https://velen.io)"
34.76.189.67 - - [27/Feb/2026:07:03:19 -0500] "GET /dubais-department-of-economy-and-tourism-po-marinas-collaborate-with-key-partners-at-dubai-international-boat-show HTTP/1.1" 301 0 "-" "Mozilla/5.0 (compatible; VelenPublicWebCrawler/1.0; +https://velen.io)"
162.213.253.84 - - [27/Feb/2026:07:03:24 -0500] "POST /wp-cron.php?doing_wp_cron=1772193804.6611449718475341796875 HTTP/1.1" 200 0 "-" "WordPress/6.8.1; http://www.middleeastoday.com"
162.213.253.84 - - [27/Feb/2026:07:03:25 -0500] "POST /wp-admin/admin-ajax.php?action=async_litespeed&nonce=guvQdkMg4plCDSx6YJvktTZ5zv3I09EI&litespeed_type=imgoptm HTTP/1.1" 200 21 "-" "WordPress/6.8.1; http://www.middleeastoday.com"
34.76.189.67 - - [27/Feb/2026:07:03:29 -0500] "GET /mohammed-bin-rashid-approves-dubai-virtual-asset-regulation-law HTTP/1.1" 301 0 "-" "Mozilla/5.0 (compatible; VelenPublicWebCrawler/1.0; +https://velen.io)"
34.76.189.67 - - [27/Feb/2026:07:03:30 -0500] "GET /mohammed-bin-rashid-approves-dubai-virtual-asset-regulation-law/ HTTP/1.1" 200 24409 "http://www.middleeastoday.com/mohammed-bin-rashid-approves-dubai-virtual-asset-regulation-law" "Mozilla/5.0 (compatible; VelenPublicWebCrawler/1.0; +https://velen.io)"
34.76.189.67 - - [27/Feb/2026:07:03:33 -0500] "GET /uae-leaders-congratulate-president-of-gambia-on-independence-day HTTP/1.1" 301 0 "-" "Mozilla/5.0 (compatible; VelenPublicWebCrawler/1.0; +https://velen.io)"
34.76.189.67 - - [27/Feb/2026:07:03:38 -0500] "GET /uae-leaders-congratulate-pope-francis-on-his-countrys-national-day HTTP/1.1" 301 0 "-" "Mozilla/5.0 (compatible; VelenPublicWebCrawler/1.0; +https://velen.io)"
34.76.189.67 - - [27/Feb/2026:07:03:43 -0500] "GET /mohamed-bin-zayed-boris-johnson-discuss-partnership-latest-regional-and-international-developments HTTP/1.1" 301 0 "-" "Mozilla/5.0 (compatible; VelenPublicWebCrawler/1.0; +https://velen.io)"
34.76.189.67 - - [27/Feb/2026:07:03:45 -0500] "GET /mohamed-bin-zayed-boris-johnson-discuss-partnership-latest-regional-and-international-developments/ HTTP/1.1" 200 23744 "http://www.middleeastoday.com/mohamed-bin-zayed-boris-johnson-discuss-partnership-latest-regional-and-international-developments" "Mozilla/5.0 (compatible; VelenPublicWebCrawler/1.0; +https://velen.io)"
34.76.189.67 - - [27/Feb/2026:07:03:48 -0500] "GET /mohamed-bin-zayed-greek-prime-minister-attend-signing-of-mous-cooperation-agreements-between-uae-greece HTTP/1.1" 301 0 "-" "Mozilla/5.0 (compatible; VelenPublicWebCrawler/1.0; +https://velen.io)"
34.76.189.67 - - [27/Feb/2026:07:03:53 -0500] "GET /abdullah-bin-zayed-french-fm-review-consolidating-strategic-partnership HTTP/1.1" 301 0 "-" "Mozilla/5.0 (compatible; VelenPublicWebCrawler/1.0; +https://velen.io)"
34.76.189.67 - - [27/Feb/2026:07:03:54 -0500] "GET /abdullah-bin-zayed-french-fm-review-consolidating-strategic-partnership/ HTTP/1.1" 200 24064 "http://www.middleeastoday.com/abdullah-bin-zayed-french-fm-review-consolidating-strategic-partnership" "Mozilla/5.0 (compatible; VelenPublicWebCrawler/1.0; +https://velen.io)"
34.76.189.67 - - [27/Feb/2026:07:03:58 -0500] "GET /fund-transfers-between-uae-banks-amounted-to-aed3-96-trillion-in-first-four-months-of-2022 HTTP/1.1" 301 0 "-" "Mozilla/5.0 (compatible; VelenPublicWebCrawler/1.0; +https://velen.io)"
34.76.189.67 - - [27/Feb/2026:07:03:59 -0500] "GET /fund-transfers-between-uae-banks-amounted-to-aed3-96-trillion-in-first-four-months-of-2022/ HTTP/1.1" 200 22914 "http://www.middleeastoday.com/fund-transfers-between-uae-banks-amounted-to-aed3-96-trillion-in-first-four-months-of-2022" "Mozilla/5.0 (compatible; VelenPublicWebCrawler/1.0; +https://velen.io)"
34.76.189.67 - - [27/Feb/2026:07:04:02 -0500] "GET /uae-president-arrives-in-india-to-participate-in-g20-summit HTTP/1.1" 301 0 "-" "Mozilla/5.0 (compatible; VelenPublicWebCrawler/1.0; +https://velen.io)"
34.76.189.67 - - [27/Feb/2026:07:04:04 -0500] "GET /uae-president-arrives-in-india-to-participate-in-g20-summit/ HTTP/1.1" 200 23382 "http://www.middleeastoday.com/uae-president-arrives-in-india-to-participate-in-g20-summit" "Mozilla/5.0 (compatible; VelenPublicWebCrawler/1.0; +https://velen.io)"
34.76.189.67 - - [27/Feb/2026:07:04:07 -0500] "GET /uae-leaders-congratulate-chadian-transitional-military-council-leader-and-president-on-independence-day HTTP/1.1" 301 0 "-" "Mozilla/5.0 (compatible; VelenPublicWebCrawler/1.0; +https://velen.io)"
34.76.189.67 - - [27/Feb/2026:07:04:09 -0500] "GET /uae-leaders-congratulate-chadian-transitional-military-council-leader-and-president-on-independence-day/ HTTP/1.1" 200 22934 "http://www.middleeastoday.com/uae-leaders-congratulate-chadian-transitional-military-council-leader-and-president-on-independence-day" "Mozilla/5.0 (compatible; VelenPublicWebCrawler/1.0; +https://velen.io)"
34.76.189.67 - - [27/Feb/2026:07:04:14 -0500] "GET /uae-president-serbian-president-witness-announcement-of-uae-serbia-comprehensive-strategic-partnership-agreement-signings/ HTTP/1.1" 200 23872 "http://www.middleeastoday.com/uae-president-serbian-president-witness-announcement-of-uae-serbia-comprehensive-strategic-partnership-agreement-signings" "Mozilla/5.0 (compatible; VelenPublicWebCrawler/1.0; +https://velen.io)"
34.76.189.67 - - [27/Feb/2026:07:04:17 -0500] "GET /uae-leaders-congratulate-ugandan-president-on-independence-day HTTP/1.1" 301 0 "-" "Mozilla/5.0 (compatible; VelenPublicWebCrawler/1.0; +https://velen.io)"
34.76.189.67 - - [27/Feb/2026:07:04:18 -0500] "GET /uae-leaders-congratulate-ugandan-president-on-independence-day/ HTTP/1.1" 200 22674 "http://www.middleeastoday.com/uae-leaders-congratulate-ugandan-president-on-independence-day" "Mozilla/5.0 (compatible; VelenPublicWebCrawler/1.0; +https://velen.io)"
162.213.253.84 - - [27/Feb/2026:07:04:22 -0500] "POST /wp-cron.php?doing_wp_cron=1772193862.7655169963836669921875 HTTP/1.1" 200 0 "-" "WordPress/6.8.1; http://www.middleeastoday.com"
162.213.253.84 - - [27/Feb/2026:07:04:23 -0500] "POST /wp-admin/admin-ajax.php?action=async_litespeed&nonce=MKGRLgjrPwM0J436QVOATjQsEc5YCx6n&litespeed_type=imgoptm HTTP/1.1" 200 21 "-" "WordPress/6.8.1; http://www.middleeastoday.com"
34.76.189.67 - - [27/Feb/2026:07:04:23 -0500] "GET /hebany-group-takes-part-in-madrid-business-summit/ HTTP/1.1" 200 23473 "http://www.middleeastoday.com/hebany-group-takes-part-in-madrid-business-summit" "Mozilla/5.0 (compatible; VelenPublicWebCrawler/1.0; +https://velen.io)"
34.76.189.67 - - [27/Feb/2026:07:03:06 -0500] "GET /uae-leaders-congratulate-king-of-jordan-on-independence-day/ HTTP/1.1" 200 22818 "http://www.middleeastoday.com/uae-leaders-congratulate-king-of-jordan-on-independence-day" "Mozilla/5.0 (compatible; VelenPublicWebCrawler/1.0; +https://velen.io)"
34.76.189.67 - - [27/Feb/2026:07:03:11 -0500] "GET /noura-al-kaabi-meets-with-ifpi-board-members-affirms-uaes-focus-on-nurturing-a-thriving-ecosystem/ HTTP/1.1" 200 24467 "http://www.middleeastoday.com/noura-al-kaabi-meets-with-ifpi-board-members-affirms-uaes-focus-on-nurturing-a-thriving-ecosystem" "Mozilla/5.0 (compatible; VelenPublicWebCrawler/1.0; +https://velen.io)"
34.76.189.67 - - [27/Feb/2026:07:03:14 -0500] "GET /mohamed-bin-zayed-attends-iftar-banquet-hosted-by-king-of-morocco HTTP/1.1" 301 0 "-" "Mozilla/5.0 (compatible; VelenPublicWebCrawler/1.0; +https://velen.io)"
34.76.189.67 - - [27/Feb/2026:07:03:21 -0500] "GET /dubais-department-of-economy-and-tourism-po-marinas-collaborate-with-key-partners-at-dubai-international-boat-show/ HTTP/1.1" 200 24506 "http://www.middleeastoday.com/dubais-department-of-economy-and-tourism-po-marinas-collaborate-with-key-partners-at-dubai-international-boat-show" "Mozilla/5.0 (compatible; VelenPublicWebCrawler/1.0; +https://velen.io)"
34.76.189.67 - - [27/Feb/2026:07:03:24 -0500] "GET /mohammed-bin-rashid-meets-with-king-of-bahrain-on-sidelines-of-mohammed-bin-rashid-endurance-festival HTTP/1.1" 301 0 "-" "Mozilla/5.0 (compatible; VelenPublicWebCrawler/1.0; +https://velen.io)"
162.213.253.84 - - [27/Feb/2026:07:03:26 -0500] "POST /wp-cron.php?doing_wp_cron=1772193806.3731789588928222656250 HTTP/1.1" 200 0 "-" "WordPress/6.8.1; http://www.middleeastoday.com"
34.76.189.67 - - [27/Feb/2026:07:03:25 -0500] "GET /mohammed-bin-rashid-meets-with-king-of-bahrain-on-sidelines-of-mohammed-bin-rashid-endurance-festival/ HTTP/1.1" 200 23815 "http://www.middleeastoday.com/mohammed-bin-rashid-meets-with-king-of-bahrain-on-sidelines-of-mohammed-bin-rashid-endurance-festival" "Mozilla/5.0 (compatible; VelenPublicWebCrawler/1.0; +https://velen.io)"
34.76.189.67 - - [27/Feb/2026:07:03:35 -0500] "GET /uae-leaders-congratulate-president-of-gambia-on-independence-day/ HTTP/1.1" 200 22752 "http://www.middleeastoday.com/uae-leaders-congratulate-president-of-gambia-on-independence-day" "Mozilla/5.0 (compatible; VelenPublicWebCrawler/1.0; +https://velen.io)"
34.76.189.67 - - [27/Feb/2026:07:03:40 -0500] "GET /uae-leaders-congratulate-pope-francis-on-his-countrys-national-day/ HTTP/1.1" 200 22720 "http://www.middleeastoday.com/uae-leaders-congratulate-pope-francis-on-his-countrys-national-day" "Mozilla/5.0 (compatible; VelenPublicWebCrawler/1.0; +https://velen.io)"
34.76.189.67 - - [27/Feb/2026:07:03:50 -0500] "GET /mohamed-bin-zayed-greek-prime-minister-attend-signing-of-mous-cooperation-agreements-between-uae-greece/ HTTP/1.1" 200 24330 "http://www.middleeastoday.com/mohamed-bin-zayed-greek-prime-minister-attend-signing-of-mous-cooperation-agreements-between-uae-greece" "Mozilla/5.0 (compatible; VelenPublicWebCrawler/1.0; +https://velen.io)"
34.76.189.67 - - [27/Feb/2026:07:04:12 -0500] "GET /uae-president-serbian-president-witness-announcement-of-uae-serbia-comprehensive-strategic-partnership-agreement-signings HTTP/1.1" 301 0 "-" "Mozilla/5.0 (compatible; VelenPublicWebCrawler/1.0; +https://velen.io)"
34.76.189.67 - - [27/Feb/2026:07:04:22 -0500] "GET /hebany-group-takes-part-in-madrid-business-summit HTTP/1.1" 301 0 "-" "Mozilla/5.0 (compatible; VelenPublicWebCrawler/1.0; +https://velen.io)"
162.213.253.84 - - [27/Feb/2026:07:04:27 -0500] "POST /wp-cron.php?doing_wp_cron=1772193867.7420380115509033203125 HTTP/1.1" 200 0 "-" "WordPress/6.8.1; http://www.middleeastoday.com"
34.76.189.67 - - [27/Feb/2026:07:04:37 -0500] "GET /category/national-news/page/8 HTTP/1.1" 301 0 "-" "Mozilla/5.0 (compatible; VelenPublicWebCrawler/1.0; +https://velen.io)"
34.76.189.67 - - [27/Feb/2026:07:04:27 -0500] "GET /uae-president-receives-jordanian-and-egyptian-pms HTTP/1.1" 301 0 "-" "Mozilla/5.0 (compatible; VelenPublicWebCrawler/1.0; +https://velen.io)"
34.76.189.67 - - [27/Feb/2026:07:04:28 -0500] "GET /uae-president-receives-jordanian-and-egyptian-pms/ HTTP/1.1" 200 23779 "http://www.middleeastoday.com/uae-president-receives-jordanian-and-egyptian-pms" "Mozilla/5.0 (compatible; VelenPublicWebCrawler/1.0; +https://velen.io)"
34.76.189.67 - - [27/Feb/2026:07:04:32 -0500] "GET /uae-government-annual-meetings-2023-to-discuss-the-government-main-directions HTTP/1.1" 301 0 "-" "Mozilla/5.0 (compatible; VelenPublicWebCrawler/1.0; +https://velen.io)"
34.76.189.67 - - [27/Feb/2026:07:04:34 -0500] "GET /uae-government-annual-meetings-2023-to-discuss-the-government-main-directions/ HTTP/1.1" 200 24457 "http://www.middleeastoday.com/uae-government-annual-meetings-2023-to-discuss-the-government-main-directions" "Mozilla/5.0 (compatible; VelenPublicWebCrawler/1.0; +https://velen.io)"
34.76.189.67 - - [27/Feb/2026:07:04:44 -0500] "GET /category/national-news/page/9/ HTTP/1.1" 200 24116 "http://www.middleeastoday.com/category/national-news/page/9" "Mozilla/5.0 (compatible; VelenPublicWebCrawler/1.0; +https://velen.io)"
34.76.189.67 - - [27/Feb/2026:07:04:49 -0500] "GET /aim-2022-organises-pre-conference-activities-aimed-at-attracting-new-investments/ HTTP/1.1" 200 24064 "http://www.middleeastoday.com/aim-2022-organises-pre-conference-activities-aimed-at-attracting-new-investments" "Mozilla/5.0 (compatible; VelenPublicWebCrawler/1.0; +https://velen.io)"
34.76.189.67 - - [27/Feb/2026:07:04:54 -0500] "GET /category/national-news/page/24/ HTTP/1.1" 200 23930 "http://www.middleeastoday.com/category/national-news/page/24" "Mozilla/5.0 (compatible; VelenPublicWebCrawler/1.0; +https://velen.io)"
34.76.189.67 - - [27/Feb/2026:07:04:57 -0500] "GET /category/national-news/page/25 HTTP/1.1" 301 0 "-" "Mozilla/5.0 (compatible; VelenPublicWebCrawler/1.0; +https://velen.io)"
34.76.189.67 - - [27/Feb/2026:07:04:59 -0500] "GET /category/national-news/page/25/ HTTP/1.1" 200 23832 "http://www.middleeastoday.com/category/national-news/page/25" "Mozilla/5.0 (compatible; VelenPublicWebCrawler/1.0; +https://velen.io)"
34.76.189.67 - - [27/Feb/2026:07:05:02 -0500] "GET /uae-leaders-congratulate-president-of-philippines-on-independence-day HTTP/1.1" 301 0 "-" "Mozilla/5.0 (compatible; VelenPublicWebCrawler/1.0; +https://velen.io)"
34.76.189.67 - - [27/Feb/2026:07:05:08 -0500] "GET /bu-dhabi-art-opens-beyond-emerging-artists-exhibition-at-la-biennale-di-venezia/ HTTP/1.1" 200 23649 "http://www.middleeastoday.com/bu-dhabi-art-opens-beyond-emerging-artists-exhibition-at-la-biennale-di-venezia" "Mozilla/5.0 (compatible; VelenPublicWebCrawler/1.0; +https://velen.io)"
34.76.189.67 - - [27/Feb/2026:07:05:12 -0500] "GET /sharjah-ruler-congratulates-sheikh-mohamed-bin-zayed-on-his-election-as-uae-president HTTP/1.1" 301 0 "-" "Mozilla/5.0 (compatible; VelenPublicWebCrawler/1.0; +https://velen.io)"
34.76.189.67 - - [27/Feb/2026:07:05:13 -0500] "GET /sharjah-ruler-congratulates-sheikh-mohamed-bin-zayed-on-his-election-as-uae-president/ HTTP/1.1" 200 23280 "http://www.middleeastoday.com/sharjah-ruler-congratulates-sheikh-mohamed-bin-zayed-on-his-election-as-uae-president" "Mozilla/5.0 (compatible; VelenPublicWebCrawler/1.0; +https://velen.io)"
34.76.189.67 - - [27/Feb/2026:07:05:18 -0500] "GET /president-khalifa-passes-away/ HTTP/1.1" 200 22792 "http://www.middleeastoday.com/president-khalifa-passes-away" "Mozilla/5.0 (compatible; VelenPublicWebCrawler/1.0; +https://velen.io)"
34.76.189.67 - - [27/Feb/2026:07:05:21 -0500] "GET /uae-shares-its-sustainability-journey-at-international-horticultural-exhibition-floriade-expo-2022 HTTP/1.1" 301 0 "-" "Mozilla/5.0 (compatible; VelenPublicWebCrawler/1.0; +https://velen.io)"
34.76.189.67 - - [27/Feb/2026:07:04:39 -0500] "GET /category/national-news/page/8/ HTTP/1.1" 200 23935 "http://www.middleeastoday.com/category/national-news/page/8" "Mozilla/5.0 (compatible; VelenPublicWebCrawler/1.0; +https://velen.io)"
34.76.189.67 - - [27/Feb/2026:07:04:42 -0500] "GET /category/national-news/page/9 HTTP/1.1" 301 0 "-" "Mozilla/5.0 (compatible; VelenPublicWebCrawler/1.0; +https://velen.io)"
34.76.189.67 - - [27/Feb/2026:07:04:47 -0500] "GET /aim-2022-organises-pre-conference-activities-aimed-at-attracting-new-investments HTTP/1.1" 301 0 "-" "Mozilla/5.0 (compatible; VelenPublicWebCrawler/1.0; +https://velen.io)"
34.76.189.67 - - [27/Feb/2026:07:04:52 -0500] "GET /category/national-news/page/24 HTTP/1.1" 301 0 "-" "Mozilla/5.0 (compatible; VelenPublicWebCrawler/1.0; +https://velen.io)"
34.76.189.67 - - [27/Feb/2026:07:05:03 -0500] "GET /uae-leaders-congratulate-president-of-philippines-on-independence-day/ HTTP/1.1" 200 22725 "http://www.middleeastoday.com/uae-leaders-congratulate-president-of-philippines-on-independence-day" "Mozilla/5.0 (compatible; VelenPublicWebCrawler/1.0; +https://velen.io)"
34.76.189.67 - - [27/Feb/2026:07:05:06 -0500] "GET /bu-dhabi-art-opens-beyond-emerging-artists-exhibition-at-la-biennale-di-venezia HTTP/1.1" 301 0 "-" "Mozilla/5.0 (compatible; VelenPublicWebCrawler/1.0; +https://velen.io)"
34.76.189.67 - - [27/Feb/2026:07:05:17 -0500] "GET /president-khalifa-passes-away HTTP/1.1" 301 0 "-" "Mozilla/5.0 (compatible; VelenPublicWebCrawler/1.0; +https://velen.io)"
162.213.253.84 - - [27/Feb/2026:07:05:22 -0500] "POST /wp-cron.php?doing_wp_cron=1772193922.4779219627380371093750 HTTP/1.1" 200 0 "-" "WordPress/6.8.1; http://www.middleeastoday.com"
162.213.253.84 - - [27/Feb/2026:07:05:23 -0500] "POST /wp-admin/admin-ajax.php?action=async_litespeed&nonce=2OzUR4SJWI5FMg7yda0o1tzlfpbqKnPG&litespeed_type=imgoptm HTTP/1.1" 200 21 "-" "WordPress/6.8.1; http://www.middleeastoday.com"
162.213.253.84 - - [27/Feb/2026:07:05:24 -0500] "POST /wp-cron.php?doing_wp_cron=1772193924.2198429107666015625000 HTTP/1.1" 200 0 "-" "WordPress/6.8.1; http://www.middleeastoday.com"
34.76.189.67 - - [27/Feb/2026:07:05:26 -0500] "GET /uae-leaders-congratulate-indian-president-on-independence-day HTTP/1.1" 301 0 "-" "Mozilla/5.0 (compatible; VelenPublicWebCrawler/1.0; +https://velen.io)"
34.76.189.67 - - [27/Feb/2026:07:05:28 -0500] "GET /uae-leaders-congratulate-indian-president-on-independence-day/ HTTP/1.1" 200 22776 "http://www.middleeastoday.com/uae-leaders-congratulate-indian-president-on-independence-day" "Mozilla/5.0 (compatible; VelenPublicWebCrawler/1.0; +https://velen.io)"
34.76.189.67 - - [27/Feb/2026:07:05:36 -0500] "GET /mohamed-bin-zayed-orders-disbursement-of-housing-loans-to-1347-citizens-in-abu-dhabi-worth-a-total-of-aed2-36bn HTTP/1.1" 301 0 "-" "Mozilla/5.0 (compatible; VelenPublicWebCrawler/1.0; +https://velen.io)"
34.76.189.67 - - [27/Feb/2026:07:05:41 -0500] "GET /mohammed-bin-rashid-directs-accommodation-of-all-families-affected-by-rain-floods-in-eastern-region-to-temporarily-shelter-sites HTTP/1.1" 301 0 "-" "Mozilla/5.0 (compatible; VelenPublicWebCrawler/1.0; +https://velen.io)"
34.76.189.67 - - [27/Feb/2026:07:05:42 -0500] "GET /mohammed-bin-rashid-directs-accommodation-of-all-families-affected-by-rain-floods-in-eastern-region-to-temporarily-shelter-sites/ HTTP/1.1" 200 22998 "http://www.middleeastoday.com/mohammed-bin-rashid-directs-accommodation-of-all-families-affected-by-rain-floods-in-eastern-region-to-temporarily-shelter-sites" "Mozilla/5.0 (compatible; VelenPublicWebCrawler/1.0; +https://velen.io)"
34.76.189.67 - - [27/Feb/2026:07:05:46 -0500] "GET /mariam-almheiri-highlights-uaes-ambition-to-scale-collective-action-innovative-solutions-to-address-global-water-challenge HTTP/1.1" 301 0 "-" "Mozilla/5.0 (compatible; VelenPublicWebCrawler/1.0; +https://velen.io)"
34.76.189.67 - - [27/Feb/2026:07:05:23 -0500] "GET /uae-shares-its-sustainability-journey-at-international-horticultural-exhibition-floriade-expo-2022/ HTTP/1.1" 200 24547 "http://www.middleeastoday.com/uae-shares-its-sustainability-journey-at-international-horticultural-exhibition-floriade-expo-2022" "Mozilla/5.0 (compatible; VelenPublicWebCrawler/1.0; +https://velen.io)"
34.76.189.67 - - [27/Feb/2026:07:05:31 -0500] "GET /uae-president-attends-military-ceremony-in-paris-during-state-visit HTTP/1.1" 301 0 "-" "Mozilla/5.0 (compatible; VelenPublicWebCrawler/1.0; +https://velen.io)"
34.76.189.67 - - [27/Feb/2026:07:05:33 -0500] "GET /uae-president-attends-military-ceremony-in-paris-during-state-visit/ HTTP/1.1" 200 23859 "http://www.middleeastoday.com/uae-president-attends-military-ceremony-in-paris-during-state-visit" "Mozilla/5.0 (compatible; VelenPublicWebCrawler/1.0; +https://velen.io)"
34.76.189.67 - - [27/Feb/2026:07:05:38 -0500] "GET /mohamed-bin-zayed-orders-disbursement-of-housing-loans-to-1347-citizens-in-abu-dhabi-worth-a-total-of-aed2-36bn/ HTTP/1.1" 200 23674 "http://www.middleeastoday.com/mohamed-bin-zayed-orders-disbursement-of-housing-loans-to-1347-citizens-in-abu-dhabi-worth-a-total-of-aed2-36bn" "Mozilla/5.0 (compatible; VelenPublicWebCrawler/1.0; +https://velen.io)"
34.76.189.67 - - [27/Feb/2026:07:05:51 -0500] "GET /uae-president-receives-ramadan-well-wishers HTTP/1.1" 301 0 "-" "Mozilla/5.0 (compatible; VelenPublicWebCrawler/1.0; +https://velen.io)"
34.76.189.67 - - [27/Feb/2026:07:05:52 -0500] "GET /uae-president-receives-ramadan-well-wishers/ HTTP/1.1" 200 23389 "http://www.middleeastoday.com/uae-president-receives-ramadan-well-wishers" "Mozilla/5.0 (compatible; VelenPublicWebCrawler/1.0; +https://velen.io)"
34.76.189.67 - - [27/Feb/2026:07:06:02 -0500] "GET /uae-leaders-congratulate-arab-islamic-leaders-on-eid-al-adha/ HTTP/1.1" 200 22826 "http://www.middleeastoday.com/uae-leaders-congratulate-arab-islamic-leaders-on-eid-al-adha" "Mozilla/5.0 (compatible; VelenPublicWebCrawler/1.0; +https://velen.io)"
34.76.189.67 - - [27/Feb/2026:07:06:07 -0500] "GET /uae-president-performs-eid-al-adha-prayer-at-sheikh-zayed-grand-mosque/ HTTP/1.1" 200 23690 "http://www.middleeastoday.com/uae-president-performs-eid-al-adha-prayer-at-sheikh-zayed-grand-mosque" "Mozilla/5.0 (compatible; VelenPublicWebCrawler/1.0; +https://velen.io)"
34.76.189.67 - - [27/Feb/2026:07:06:10 -0500] "GET /latifa-bint-mohammed-attends-dubai-institute-of-design-and-innovations-first-graduation-ceremony HTTP/1.1" 301 0 "-" "Mozilla/5.0 (compatible; VelenPublicWebCrawler/1.0; +https://velen.io)"
34.76.189.67 - - [27/Feb/2026:07:06:13 -0500] "GET /latifa-bint-mohammed-attends-dubai-institute-of-design-and-innovations-first-graduation-ceremony/ HTTP/1.1" 200 24687 "http://www.middleeastoday.com/latifa-bint-mohammed-attends-dubai-institute-of-design-and-innovations-first-graduation-ceremony" "Mozilla/5.0 (compatible; VelenPublicWebCrawler/1.0; +https://velen.io)"
34.76.189.67 - - [27/Feb/2026:07:06:18 -0500] "GET /uae-president-accepts-more-condolences-from-world-leaders-delegations-on-passing-of-sheikh-khalifa/ HTTP/1.1" 200 24958 "http://www.middleeastoday.com/uae-president-accepts-more-condolences-from-world-leaders-delegations-on-passing-of-sheikh-khalifa" "Mozilla/5.0 (compatible; VelenPublicWebCrawler/1.0; +https://velen.io)"
34.76.189.67 - - [27/Feb/2026:07:06:21 -0500] "GET /mohammed-bin-rashid-al-maktoum-solar-park-key-pillar-to-reach-100-clean-energy-in-dubai-by-2050 HTTP/1.1" 301 0 "-" "Mozilla/5.0 (compatible; VelenPublicWebCrawler/1.0; +https://velen.io)"
34.76.189.67 - - [27/Feb/2026:07:06:23 -0500] "GET /mohammed-bin-rashid-al-maktoum-solar-park-key-pillar-to-reach-100-clean-energy-in-dubai-by-2050/ HTTP/1.1" 200 24170 "http://www.middleeastoday.com/mohammed-bin-rashid-al-maktoum-solar-park-key-pillar-to-reach-100-clean-energy-in-dubai-by-2050" "Mozilla/5.0 (compatible; VelenPublicWebCrawler/1.0; +https://velen.io)"
34.76.189.67 - - [27/Feb/2026:07:05:48 -0500] "GET /mariam-almheiri-highlights-uaes-ambition-to-scale-collective-action-innovative-solutions-to-address-global-water-challenge/ HTTP/1.1" 200 26972 "http://www.middleeastoday.com/mariam-almheiri-highlights-uaes-ambition-to-scale-collective-action-innovative-solutions-to-address-global-water-challenge" "Mozilla/5.0 (compatible; VelenPublicWebCrawler/1.0; +https://velen.io)"
34.76.189.67 - - [27/Feb/2026:07:05:55 -0500] "GET /mohamed-bin-zayed-receives-president-of-togo HTTP/1.1" 301 0 "-" "Mozilla/5.0 (compatible; VelenPublicWebCrawler/1.0; +https://velen.io)"
34.76.189.67 - - [27/Feb/2026:07:05:57 -0500] "GET /mohamed-bin-zayed-receives-president-of-togo/ HTTP/1.1" 200 23680 "http://www.middleeastoday.com/mohamed-bin-zayed-receives-president-of-togo" "Mozilla/5.0 (compatible; VelenPublicWebCrawler/1.0; +https://velen.io)"
34.76.189.67 - - [27/Feb/2026:07:06:00 -0500] "GET /uae-leaders-congratulate-arab-islamic-leaders-on-eid-al-adha HTTP/1.1" 301 0 "-" "Mozilla/5.0 (compatible; VelenPublicWebCrawler/1.0; +https://velen.io)"
34.76.189.67 - - [27/Feb/2026:07:06:05 -0500] "GET /uae-president-performs-eid-al-adha-prayer-at-sheikh-zayed-grand-mosque HTTP/1.1" 301 0 "-" "Mozilla/5.0 (compatible; VelenPublicWebCrawler/1.0; +https://velen.io)"
34.76.189.67 - - [27/Feb/2026:07:06:16 -0500] "GET /uae-president-accepts-more-condolences-from-world-leaders-delegations-on-passing-of-sheikh-khalifa HTTP/1.1" 301 0 "-" "Mozilla/5.0 (compatible; VelenPublicWebCrawler/1.0; +https://velen.io)"
162.213.253.84 - - [27/Feb/2026:07:06:25 -0500] "POST /wp-cron.php?doing_wp_cron=1772193985.9066159725189208984375 HTTP/1.1" 200 0 "-" "WordPress/6.8.1; http://www.middleeastoday.com"
34.76.189.67 - - [27/Feb/2026:07:06:25 -0500] "GET /uae-leaders-offer-condolences-to-bahraini-king HTTP/1.1" 301 0 "-" "Mozilla/5.0 (compatible; VelenPublicWebCrawler/1.0; +https://velen.io)"
162.213.253.84 - - [27/Feb/2026:07:06:26 -0500] "POST /wp-admin/admin-ajax.php?action=async_litespeed&nonce=hHTo1BhED1xDuvdi8FGLg3kj2Vcs7fYl&litespeed_type=imgoptm HTTP/1.1" 200 21 "-" "WordPress/6.8.1; http://www.middleeastoday.com"
162.213.253.84 - - [27/Feb/2026:07:06:27 -0500] "POST /wp-cron.php?doing_wp_cron=1772193987.6450819969177246093750 HTTP/1.1" 200 0 "-" "WordPress/6.8.1; http://www.middleeastoday.com"
34.76.189.67 - - [27/Feb/2026:07:06:27 -0500] "GET /uae-leaders-offer-condolences-to-bahraini-king/ HTTP/1.1" 200 22747 "http://www.middleeastoday.com/uae-leaders-offer-condolences-to-bahraini-king" "Mozilla/5.0 (compatible; VelenPublicWebCrawler/1.0; +https://velen.io)"
34.76.189.67 - - [27/Feb/2026:07:06:30 -0500] "GET /mohamed-bin-zayed-orders-disbursement-of-eidiyah-for-children-of-families-under-social-assistance-programme HTTP/1.1" 301 0 "-" "Mozilla/5.0 (compatible; VelenPublicWebCrawler/1.0; +https://velen.io)"
34.76.189.67 - - [27/Feb/2026:07:06:35 -0500] "GET /abudllah-bin-zayed-meets-with-greek-pm-in-athens HTTP/1.1" 301 0 "-" "Mozilla/5.0 (compatible; VelenPublicWebCrawler/1.0; +https://velen.io)"
34.76.189.67 - - [27/Feb/2026:07:06:49 -0500] "GET /emirati-citizens-accounted-for-one-third-of-expo-2020-dubai-employees HTTP/1.1" 301 0 "-" "Mozilla/5.0 (compatible; VelenPublicWebCrawler/1.0; +https://velen.io)"
34.76.189.67 - - [27/Feb/2026:07:06:51 -0500] "GET /emirati-citizens-accounted-for-one-third-of-expo-2020-dubai-employees/ HTTP/1.1" 200 23671 "http://www.middleeastoday.com/emirati-citizens-accounted-for-one-third-of-expo-2020-dubai-employees" "Mozilla/5.0 (compatible; VelenPublicWebCrawler/1.0; +https://velen.io)"
34.76.189.67 - - [27/Feb/2026:07:06:55 -0500] "GET /uae-president-receives-olena-zelenska-directs-4-million-of-humanitarian-aid-to-children-in-ukraine/ HTTP/1.1" 200 24920 "http://www.middleeastoday.com/uae-president-receives-olena-zelenska-directs-4-million-of-humanitarian-aid-to-children-in-ukraine" "Mozilla/5.0 (compatible; VelenPublicWebCrawler/1.0; +https://velen.io)"
34.76.189.67 - - [27/Feb/2026:07:06:31 -0500] "GET /mohamed-bin-zayed-orders-disbursement-of-eidiyah-for-children-of-families-under-social-assistance-programme/ HTTP/1.1" 200 23032 "http://www.middleeastoday.com/mohamed-bin-zayed-orders-disbursement-of-eidiyah-for-children-of-families-under-social-assistance-programme" "Mozilla/5.0 (compatible; VelenPublicWebCrawler/1.0; +https://velen.io)"
34.76.189.67 - - [27/Feb/2026:07:06:36 -0500] "GET /abudllah-bin-zayed-meets-with-greek-pm-in-athens/ HTTP/1.1" 200 26058 "http://www.middleeastoday.com/abudllah-bin-zayed-meets-with-greek-pm-in-athens" "Mozilla/5.0 (compatible; VelenPublicWebCrawler/1.0; +https://velen.io)"
34.76.189.67 - - [27/Feb/2026:07:06:39 -0500] "GET /dubai-records-aed12-9-bn-in-weeklong-real-estate-transactions HTTP/1.1" 301 0 "-" "Mozilla/5.0 (compatible; VelenPublicWebCrawler/1.0; +https://velen.io)"
34.76.189.67 - - [27/Feb/2026:07:06:41 -0500] "GET /dubai-records-aed12-9-bn-in-weeklong-real-estate-transactions/ HTTP/1.1" 200 23093 "http://www.middleeastoday.com/dubai-records-aed12-9-bn-in-weeklong-real-estate-transactions" "Mozilla/5.0 (compatible; VelenPublicWebCrawler/1.0; +https://velen.io)"
34.76.189.67 - - [27/Feb/2026:07:06:44 -0500] "GET /higher-committee-for-development-and-citizens-affairs-approves-immediate-allocation-of-2000-residential-land-plots-at-umm-nahad-fourth HTTP/1.1" 301 0 "-" "Mozilla/5.0 (compatible; VelenPublicWebCrawler/1.0; +https://velen.io)"
34.76.189.67 - - [27/Feb/2026:07:06:46 -0500] "GET /higher-committee-for-development-and-citizens-affairs-approves-immediate-allocation-of-2000-residential-land-plots-at-umm-nahad-fourth/ HTTP/1.1" 200 24099 "http://www.middleeastoday.com/higher-committee-for-development-and-citizens-affairs-approves-immediate-allocation-of-2000-residential-land-plots-at-umm-nahad-fourth" "Mozilla/5.0 (compatible; VelenPublicWebCrawler/1.0; +https://velen.io)"
34.76.189.67 - - [27/Feb/2026:07:06:53 -0500] "GET /uae-president-receives-olena-zelenska-directs-4-million-of-humanitarian-aid-to-children-in-ukraine HTTP/1.1" 301 0 "-" "Mozilla/5.0 (compatible; VelenPublicWebCrawler/1.0; +https://velen.io)"
34.76.189.67 - - [27/Feb/2026:07:06:58 -0500] "GET /uae-advancing-stature-in-space-sector-due-to-its-peoples-determination-president HTTP/1.1" 301 0 "-" "Mozilla/5.0 (compatible; VelenPublicWebCrawler/1.0; +https://velen.io)"
34.76.189.67 - - [27/Feb/2026:07:07:00 -0500] "GET /uae-advancing-stature-in-space-sector-due-to-its-peoples-determination-president/ HTTP/1.1" 200 24273 "http://www.middleeastoday.com/uae-advancing-stature-in-space-sector-due-to-its-peoples-determination-president" "Mozilla/5.0 (compatible; VelenPublicWebCrawler/1.0; +https://velen.io)"
34.76.189.67 - - [27/Feb/2026:07:07:05 -0500] "GET /president-of-uae-serbian-president-exchange-messages-on-promoting-strategic-partnership/ HTTP/1.1" 200 27810 "http://www.middleeastoday.com/president-of-uae-serbian-president-exchange-messages-on-promoting-strategic-partnership" "Mozilla/5.0 (compatible; VelenPublicWebCrawler/1.0; +https://velen.io)"
34.76.189.67 - - [27/Feb/2026:07:07:10 -0500] "GET /author/admin/page/96/ HTTP/1.1" 200 23921 "http://www.middleeastoday.com/author/admin/page/96" "Mozilla/5.0 (compatible; VelenPublicWebCrawler/1.0; +https://velen.io)"
34.76.189.67 - - [27/Feb/2026:07:07:13 -0500] "GET /author/admin/page/95 HTTP/1.1" 301 0 "-" "Mozilla/5.0 (compatible; VelenPublicWebCrawler/1.0; +https://velen.io)"
34.76.189.67 - - [27/Feb/2026:07:07:15 -0500] "GET /author/admin/page/95/ HTTP/1.1" 200 23819 "http://www.middleeastoday.com/author/admin/page/95" "Mozilla/5.0 (compatible; VelenPublicWebCrawler/1.0; +https://velen.io)"
147.182.172.168 - - [27/Feb/2026:07:07:18 -0500] "GET /favicon.ico HTTP/1.1" 404 1251 "http://www.middleeastoday.com/" "Mozilla/5.0 (X11; Linux x86_64; rv:142.0) Gecko/20100101 Firefox/142.0"
34.76.189.67 - - [27/Feb/2026:07:07:20 -0500] "GET /author/admin/page/10/ HTTP/1.1" 200 23852 "http://www.middleeastoday.com/author/admin/page/10" "Mozilla/5.0 (compatible; VelenPublicWebCrawler/1.0; +https://velen.io)"
34.76.189.67 - - [27/Feb/2026:07:07:03 -0500] "GET /president-of-uae-serbian-president-exchange-messages-on-promoting-strategic-partnership HTTP/1.1" 301 0 "-" "Mozilla/5.0 (compatible; VelenPublicWebCrawler/1.0; +https://velen.io)"
34.76.189.67 - - [27/Feb/2026:07:07:08 -0500] "GET /author/admin/page/96 HTTP/1.1" 301 0 "-" "Mozilla/5.0 (compatible; VelenPublicWebCrawler/1.0; +https://velen.io)"
147.182.172.168 - - [27/Feb/2026:07:07:17 -0500] "GET / HTTP/1.1" 200 38563 "-" "Mozilla/5.0 (X11; Linux x86_64; rv:142.0) Gecko/20100101 Firefox/142.0"
34.76.189.67 - - [27/Feb/2026:07:07:18 -0500] "GET /author/admin/page/10 HTTP/1.1" 301 0 "-" "Mozilla/5.0 (compatible; VelenPublicWebCrawler/1.0; +https://velen.io)"
34.76.189.67 - - [27/Feb/2026:07:07:23 -0500] "GET /author/admin/page/11 HTTP/1.1" 301 0 "-" "Mozilla/5.0 (compatible; VelenPublicWebCrawler/1.0; +https://velen.io)"
162.213.253.84 - - [27/Feb/2026:07:07:26 -0500] "POST /wp-cron.php?doing_wp_cron=1772194046.0307021141052246093750 HTTP/1.1" 200 0 "-" "WordPress/6.8.1; http://www.middleeastoday.com"
34.76.189.67 - - [27/Feb/2026:07:07:25 -0500] "GET /author/admin/page/11/ HTTP/1.1" 200 23831 "http://www.middleeastoday.com/author/admin/page/11" "Mozilla/5.0 (compatible; VelenPublicWebCrawler/1.0; +https://velen.io)"
34.76.189.67 - - [27/Feb/2026:07:07:33 -0500] "GET /category/national-news/page/10 HTTP/1.1" 301 0 "-" "Mozilla/5.0 (compatible; VelenPublicWebCrawler/1.0; +https://velen.io)"
34.76.189.67 - - [27/Feb/2026:07:07:38 -0500] "GET /category/national-news/page/11 HTTP/1.1" 301 0 "-" "Mozilla/5.0 (compatible; VelenPublicWebCrawler/1.0; +https://velen.io)"
34.76.189.67 - - [27/Feb/2026:07:07:40 -0500] "GET /category/national-news/page/11/ HTTP/1.1" 200 24004 "http://www.middleeastoday.com/category/national-news/page/11" "Mozilla/5.0 (compatible; VelenPublicWebCrawler/1.0; +https://velen.io)"
34.76.189.67 - - [27/Feb/2026:07:07:43 -0500] "GET /category/national-news/page/22 HTTP/1.1" 301 0 "-" "Mozilla/5.0 (compatible; VelenPublicWebCrawler/1.0; +https://velen.io)"
34.76.189.67 - - [27/Feb/2026:07:07:44 -0500] "GET /category/national-news/page/22/ HTTP/1.1" 200 23813 "http://www.middleeastoday.com/category/national-news/page/22" "Mozilla/5.0 (compatible; VelenPublicWebCrawler/1.0; +https://velen.io)"
34.76.189.67 - - [27/Feb/2026:07:07:48 -0500] "GET /category/national-news/page/23 HTTP/1.1" 301 0 "-" "Mozilla/5.0 (compatible; VelenPublicWebCrawler/1.0; +https://velen.io)"
34.76.189.67 - - [27/Feb/2026:07:07:49 -0500] "GET /category/national-news/page/23/ HTTP/1.1" 200 23995 "http://www.middleeastoday.com/category/national-news/page/23" "Mozilla/5.0 (compatible; VelenPublicWebCrawler/1.0; +https://velen.io)"
34.76.189.67 - - [27/Feb/2026:07:07:54 -0500] "GET /author/admin/page/94/ HTTP/1.1" 200 23802 "http://www.middleeastoday.com/author/admin/page/94" "Mozilla/5.0 (compatible; VelenPublicWebCrawler/1.0; +https://velen.io)"
34.76.189.67 - - [27/Feb/2026:07:07:57 -0500] "GET /author/admin/page/93 HTTP/1.1" 301 0 "-" "Mozilla/5.0 (compatible; VelenPublicWebCrawler/1.0; +https://velen.io)"
34.76.189.67 - - [27/Feb/2026:07:08:04 -0500] "GET /author/admin/page/12/ HTTP/1.1" 200 24167 "http://www.middleeastoday.com/author/admin/page/12" "Mozilla/5.0 (compatible; VelenPublicWebCrawler/1.0; +https://velen.io)"
34.76.189.67 - - [27/Feb/2026:07:08:07 -0500] "GET /author/admin/page/13 HTTP/1.1" 301 0 "-" "Mozilla/5.0 (compatible; VelenPublicWebCrawler/1.0; +https://velen.io)"
34.76.189.67 - - [27/Feb/2026:07:08:09 -0500] "GET /author/admin/page/13/ HTTP/1.1" 200 23997 "http://www.middleeastoday.com/author/admin/page/13" "Mozilla/5.0 (compatible; VelenPublicWebCrawler/1.0; +https://velen.io)"
34.76.189.67 - - [27/Feb/2026:07:08:12 -0500] "GET /category/national-news/page/12 HTTP/1.1" 301 0 "-" "Mozilla/5.0 (compatible; VelenPublicWebCrawler/1.0; +https://velen.io)"
162.213.253.84 - - [27/Feb/2026:07:07:24 -0500] "POST /wp-cron.php?doing_wp_cron=1772194044.2089130878448486328125 HTTP/1.1" 200 0 "-" "WordPress/6.8.1; http://www.middleeastoday.com"
162.213.253.84 - - [27/Feb/2026:07:07:24 -0500] "POST /wp-admin/admin-ajax.php?action=async_litespeed&nonce=ONXtoUPQEIGHxlBmF5KFENFt7nqWjy5u&litespeed_type=imgoptm HTTP/1.1" 200 21 "-" "WordPress/6.8.1; http://www.middleeastoday.com"
34.76.189.67 - - [27/Feb/2026:07:07:28 -0500] "GET /uae-president-meets-with-mohammed-bin-rashid HTTP/1.1" 301 0 "-" "Mozilla/5.0 (compatible; VelenPublicWebCrawler/1.0; +https://velen.io)"
34.76.189.67 - - [27/Feb/2026:07:07:30 -0500] "GET /uae-president-meets-with-mohammed-bin-rashid/ HTTP/1.1" 200 23425 "http://www.middleeastoday.com/uae-president-meets-with-mohammed-bin-rashid" "Mozilla/5.0 (compatible; VelenPublicWebCrawler/1.0; +https://velen.io)"
34.76.189.67 - - [27/Feb/2026:07:07:35 -0500] "GET /category/national-news/page/10/ HTTP/1.1" 200 24179 "http://www.middleeastoday.com/category/national-news/page/10" "Mozilla/5.0 (compatible; VelenPublicWebCrawler/1.0; +https://velen.io)"
34.76.189.67 - - [27/Feb/2026:07:07:52 -0500] "GET /author/admin/page/94 HTTP/1.1" 301 0 "-" "Mozilla/5.0 (compatible; VelenPublicWebCrawler/1.0; +https://velen.io)"
34.76.189.67 - - [27/Feb/2026:07:07:59 -0500] "GET /author/admin/page/93/ HTTP/1.1" 200 23802 "http://www.middleeastoday.com/author/admin/page/93" "Mozilla/5.0 (compatible; VelenPublicWebCrawler/1.0; +https://velen.io)"
51.222.168.229 - - [27/Feb/2026:07:08:01 -0500] "GET /aldar-launches-yas-park-gate-at-aed1-15-billion/ HTTP/1.1" 200 20386 "-" "Mozilla/5.0 (compatible; AhrefsBot/7.0; +http://ahrefs.com/robot/)"
34.76.189.67 - - [27/Feb/2026:07:08:02 -0500] "GET /author/admin/page/12 HTTP/1.1" 301 0 "-" "Mozilla/5.0 (compatible; VelenPublicWebCrawler/1.0; +https://velen.io)"
34.76.189.67 - - [27/Feb/2026:07:08:17 -0500] "GET /category/national-news/page/13 HTTP/1.1" 301 0 "-" "Mozilla/5.0 (compatible; VelenPublicWebCrawler/1.0; +https://velen.io)"
34.76.189.67 - - [27/Feb/2026:07:08:18 -0500] "GET /category/national-news/page/13/ HTTP/1.1" 200 23971 "http://www.middleeastoday.com/category/national-news/page/13" "Mozilla/5.0 (compatible; VelenPublicWebCrawler/1.0; +https://velen.io)"
162.213.253.84 - - [27/Feb/2026:07:08:24 -0500] "POST /wp-cron.php?doing_wp_cron=1772194104.9733250141143798828125 HTTP/1.1" 200 0 "-" "WordPress/6.8.1; http://www.middleeastoday.com"
34.76.189.67 - - [27/Feb/2026:07:08:29 -0500] "GET /category/national-news/page/21/ HTTP/1.1" 200 24094 "http://www.middleeastoday.com/category/national-news/page/21" "Mozilla/5.0 (compatible; VelenPublicWebCrawler/1.0; +https://velen.io)"
34.76.189.67 - - [27/Feb/2026:07:08:43 -0500] "GET /author/admin/page/14/ HTTP/1.1" 200 24205 "http://www.middleeastoday.com/author/admin/page/14" "Mozilla/5.0 (compatible; VelenPublicWebCrawler/1.0; +https://velen.io)"
34.76.189.67 - - [27/Feb/2026:07:08:46 -0500] "GET /author/admin/page/15 HTTP/1.1" 301 0 "-" "Mozilla/5.0 (compatible; VelenPublicWebCrawler/1.0; +https://velen.io)"
34.76.189.67 - - [27/Feb/2026:07:08:48 -0500] "GET /author/admin/page/15/ HTTP/1.1" 200 24059 "http://www.middleeastoday.com/author/admin/page/15" "Mozilla/5.0 (compatible; VelenPublicWebCrawler/1.0; +https://velen.io)"
34.76.189.67 - - [27/Feb/2026:07:08:51 -0500] "GET /category/national-news/page/14 HTTP/1.1" 301 0 "-" "Mozilla/5.0 (compatible; VelenPublicWebCrawler/1.0; +https://velen.io)"
34.76.189.67 - - [27/Feb/2026:07:08:56 -0500] "GET /category/national-news/page/15 HTTP/1.1" 301 0 "-" "Mozilla/5.0 (compatible; VelenPublicWebCrawler/1.0; +https://velen.io)"
34.76.189.67 - - [27/Feb/2026:07:08:57 -0500] "GET /category/national-news/page/15/ HTTP/1.1" 200 23801 "http://www.middleeastoday.com/category/national-news/page/15" "Mozilla/5.0 (compatible; VelenPublicWebCrawler/1.0; +https://velen.io)"
34.76.189.67 - - [27/Feb/2026:07:08:14 -0500] "GET /category/national-news/page/12/ HTTP/1.1" 200 23897 "http://www.middleeastoday.com/category/national-news/page/12" "Mozilla/5.0 (compatible; VelenPublicWebCrawler/1.0; +https://velen.io)"
162.213.253.84 - - [27/Feb/2026:07:08:23 -0500] "POST /wp-cron.php?doing_wp_cron=1772194103.1840369701385498046875 HTTP/1.1" 200 0 "-" "WordPress/6.8.1; http://www.middleeastoday.com"
34.76.189.67 - - [27/Feb/2026:07:08:22 -0500] "GET /category/national-news/page/20 HTTP/1.1" 301 0 "-" "Mozilla/5.0 (compatible; VelenPublicWebCrawler/1.0; +https://velen.io)"
162.213.253.84 - - [27/Feb/2026:07:08:23 -0500] "POST /wp-admin/admin-ajax.php?action=async_litespeed&nonce=sfN5EzSAUwotmjxBI22ph6grYzaALtyX&litespeed_type=imgoptm HTTP/1.1" 200 21 "-" "WordPress/6.8.1; http://www.middleeastoday.com"
34.76.189.67 - - [27/Feb/2026:07:08:24 -0500] "GET /category/national-news/page/20/ HTTP/1.1" 200 23898 "http://www.middleeastoday.com/category/national-news/page/20" "Mozilla/5.0 (compatible; VelenPublicWebCrawler/1.0; +https://velen.io)"
34.76.189.67 - - [27/Feb/2026:07:08:27 -0500] "GET /category/national-news/page/21 HTTP/1.1" 301 0 "-" "Mozilla/5.0 (compatible; VelenPublicWebCrawler/1.0; +https://velen.io)"
34.76.189.67 - - [27/Feb/2026:07:08:32 -0500] "GET /author/admin/page/92 HTTP/1.1" 301 0 "-" "Mozilla/5.0 (compatible; VelenPublicWebCrawler/1.0; +https://velen.io)"
34.76.189.67 - - [27/Feb/2026:07:08:34 -0500] "GET /author/admin/page/92/ HTTP/1.1" 200 23780 "http://www.middleeastoday.com/author/admin/page/92" "Mozilla/5.0 (compatible; VelenPublicWebCrawler/1.0; +https://velen.io)"
34.76.189.67 - - [27/Feb/2026:07:08:37 -0500] "GET /author/admin/page/91 HTTP/1.1" 301 0 "-" "Mozilla/5.0 (compatible; VelenPublicWebCrawler/1.0; +https://velen.io)"
34.76.189.67 - - [27/Feb/2026:07:08:38 -0500] "GET /author/admin/page/91/ HTTP/1.1" 200 24085 "http://www.middleeastoday.com/author/admin/page/91" "Mozilla/5.0 (compatible; VelenPublicWebCrawler/1.0; +https://velen.io)"
34.76.189.67 - - [27/Feb/2026:07:08:41 -0500] "GET /author/admin/page/14 HTTP/1.1" 301 0 "-" "Mozilla/5.0 (compatible; VelenPublicWebCrawler/1.0; +https://velen.io)"
34.76.189.67 - - [27/Feb/2026:07:08:53 -0500] "GET /category/national-news/page/14/ HTTP/1.1" 200 23772 "http://www.middleeastoday.com/category/national-news/page/14" "Mozilla/5.0 (compatible; VelenPublicWebCrawler/1.0; +https://velen.io)"
34.76.189.67 - - [27/Feb/2026:07:09:00 -0500] "GET /category/national-news/page/18 HTTP/1.1" 301 0 "-" "Mozilla/5.0 (compatible; VelenPublicWebCrawler/1.0; +https://velen.io)"
