34.76.189.67 - - [27/Feb/2026:07:09:05 -0500] "GET /category/national-news/page/19 HTTP/1.1" 301 0 "-" "Mozilla/5.0 (compatible; VelenPublicWebCrawler/1.0; +https://velen.io)"
34.76.189.67 - - [27/Feb/2026:07:09:07 -0500] "GET /category/national-news/page/19/ HTTP/1.1" 200 23922 "http://www.middleeastoday.com/category/national-news/page/19" "Mozilla/5.0 (compatible; VelenPublicWebCrawler/1.0; +https://velen.io)"
34.76.189.67 - - [27/Feb/2026:07:09:13 -0500] "GET /author/admin/page/90/ HTTP/1.1" 200 24027 "http://www.middleeastoday.com/author/admin/page/90" "Mozilla/5.0 (compatible; VelenPublicWebCrawler/1.0; +https://velen.io)"
34.76.189.67 - - [27/Feb/2026:07:09:16 -0500] "GET /author/admin/page/89 HTTP/1.1" 301 0 "-" "Mozilla/5.0 (compatible; VelenPublicWebCrawler/1.0; +https://velen.io)"
34.76.189.67 - - [27/Feb/2026:07:09:18 -0500] "GET /author/admin/page/89/ HTTP/1.1" 200 23793 "http://www.middleeastoday.com/author/admin/page/89" "Mozilla/5.0 (compatible; VelenPublicWebCrawler/1.0; +https://velen.io)"
162.213.253.84 - - [27/Feb/2026:07:09:24 -0500] "POST /wp-admin/admin-ajax.php?action=async_litespeed&nonce=aMKABfML1ywnX6qambXeuPTxCsV7vRHc&litespeed_type=imgoptm HTTP/1.1" 200 0 "-" "WordPress/6.8.1; http://www.middleeastoday.com"
34.76.189.67 - - [27/Feb/2026:07:09:28 -0500] "GET /author/admin/page/17/ HTTP/1.1" 200 24169 "http://www.middleeastoday.com/author/admin/page/17" "Mozilla/5.0 (compatible; VelenPublicWebCrawler/1.0; +https://velen.io)"
34.76.189.67 - - [27/Feb/2026:07:09:02 -0500] "GET /category/national-news/page/18/ HTTP/1.1" 200 23676 "http://www.middleeastoday.com/category/national-news/page/18" "Mozilla/5.0 (compatible; VelenPublicWebCrawler/1.0; +https://velen.io)"
34.76.189.67 - - [27/Feb/2026:07:09:11 -0500] "GET /author/admin/page/90 HTTP/1.1" 301 0 "-" "Mozilla/5.0 (compatible; VelenPublicWebCrawler/1.0; +https://velen.io)"
34.76.189.67 - - [27/Feb/2026:07:09:21 -0500] "GET /author/admin/page/16 HTTP/1.1" 301 0 "-" "Mozilla/5.0 (compatible; VelenPublicWebCrawler/1.0; +https://velen.io)"
162.213.253.84 - - [27/Feb/2026:07:09:23 -0500] "POST /wp-cron.php?doing_wp_cron=1772194163.6787130832672119140625 HTTP/1.1" 200 0 "-" "WordPress/6.8.1; http://www.middleeastoday.com"
34.76.189.67 - - [27/Feb/2026:07:09:23 -0500] "GET /author/admin/page/16/ HTTP/1.1" 200 23740 "http://www.middleeastoday.com/author/admin/page/16" "Mozilla/5.0 (compatible; VelenPublicWebCrawler/1.0; +https://velen.io)"
162.213.253.84 - - [27/Feb/2026:07:09:26 -0500] "POST /wp-cron.php?doing_wp_cron=1772194166.8449230194091796875000 HTTP/1.1" 200 0 "-" "WordPress/6.8.1; http://www.middleeastoday.com"
34.76.189.67 - - [27/Feb/2026:07:09:26 -0500] "GET /author/admin/page/17 HTTP/1.1" 301 0 "-" "Mozilla/5.0 (compatible; VelenPublicWebCrawler/1.0; +https://velen.io)"
34.76.189.67 - - [27/Feb/2026:07:09:31 -0500] "GET /category/national-news/page/16 HTTP/1.1" 301 0 "-" "Mozilla/5.0 (compatible; VelenPublicWebCrawler/1.0; +https://velen.io)"
34.76.189.67 - - [27/Feb/2026:07:09:37 -0500] "GET /category/national-news/page/17/ HTTP/1.1" 200 23992 "http://www.middleeastoday.com/category/national-news/page/17" "Mozilla/5.0 (compatible; VelenPublicWebCrawler/1.0; +https://velen.io)"
34.76.189.67 - - [27/Feb/2026:07:09:42 -0500] "GET /author/admin/page/88/ HTTP/1.1" 200 23851 "http://www.middleeastoday.com/author/admin/page/88" "Mozilla/5.0 (compatible; VelenPublicWebCrawler/1.0; +https://velen.io)"
34.76.189.67 - - [27/Feb/2026:07:09:45 -0500] "GET /author/admin/page/87 HTTP/1.1" 301 0 "-" "Mozilla/5.0 (compatible; VelenPublicWebCrawler/1.0; +https://velen.io)"
14.243.77.98 - - [27/Feb/2026:07:09:51 -0500] "GET http://www.middleeastoday.com/masdar-park-design-earns-estidama-exemplar-sustainability-rating/ HTTP/1.1" 200 27014 "-" "Mozilla/5.0 (Macintosh; Intel Mac OS X 10_13_6) AppleWebKit/537.36 (KHTML, like Gecko) Brave Chrome/77.0.3865.90 Safari/537.36"
34.76.189.67 - - [27/Feb/2026:07:09:52 -0500] "GET /author/admin/page/18/ HTTP/1.1" 200 24079 "http://www.middleeastoday.com/author/admin/page/18" "Mozilla/5.0 (compatible; VelenPublicWebCrawler/1.0; +https://velen.io)"
34.76.189.67 - - [27/Feb/2026:07:09:56 -0500] "GET /author/admin/page/19 HTTP/1.1" 301 0 "-" "Mozilla/5.0 (compatible; VelenPublicWebCrawler/1.0; +https://velen.io)"
34.76.189.67 - - [27/Feb/2026:07:10:07 -0500] "GET /author/admin/page/85 HTTP/1.1" 301 0 "-" "Mozilla/5.0 (compatible; VelenPublicWebCrawler/1.0; +https://velen.io)"
34.76.189.67 - - [27/Feb/2026:07:10:13 -0500] "GET /author/admin/page/20 HTTP/1.1" 301 0 "-" "Mozilla/5.0 (compatible; VelenPublicWebCrawler/1.0; +https://velen.io)"
34.76.189.67 - - [27/Feb/2026:07:10:18 -0500] "GET /author/admin/page/21 HTTP/1.1" 301 0 "-" "Mozilla/5.0 (compatible; VelenPublicWebCrawler/1.0; +https://velen.io)"
162.213.253.84 - - [27/Feb/2026:07:10:22 -0500] "POST /wp-cron.php?doing_wp_cron=1772194222.8731560707092285156250 HTTP/1.1" 200 0 "-" "WordPress/6.8.1; http://www.middleeastoday.com"
34.76.189.67 - - [27/Feb/2026:07:10:21 -0500] "GET /author/admin/page/21/ HTTP/1.1" 200 23755 "http://www.middleeastoday.com/author/admin/page/21" "Mozilla/5.0 (compatible; VelenPublicWebCrawler/1.0; +https://velen.io)"
162.213.253.84 - - [27/Feb/2026:07:10:23 -0500] "POST /wp-admin/admin-ajax.php?action=async_litespeed&nonce=wFxlgxOHvgsstk6Rx447qJR4oPCtXYxC&litespeed_type=imgoptm HTTP/1.1" 200 0 "-" "WordPress/6.8.1; http://www.middleeastoday.com"
34.76.189.67 - - [27/Feb/2026:07:09:32 -0500] "GET /category/national-news/page/16/ HTTP/1.1" 200 23854 "http://www.middleeastoday.com/category/national-news/page/16" "Mozilla/5.0 (compatible; VelenPublicWebCrawler/1.0; +https://velen.io)"
34.76.189.67 - - [27/Feb/2026:07:09:35 -0500] "GET /category/national-news/page/17 HTTP/1.1" 301 0 "-" "Mozilla/5.0 (compatible; VelenPublicWebCrawler/1.0; +https://velen.io)"
34.76.189.67 - - [27/Feb/2026:07:09:40 -0500] "GET /author/admin/page/88 HTTP/1.1" 301 0 "-" "Mozilla/5.0 (compatible; VelenPublicWebCrawler/1.0; +https://velen.io)"
34.76.189.67 - - [27/Feb/2026:07:09:47 -0500] "GET /author/admin/page/87/ HTTP/1.1" 200 23695 "http://www.middleeastoday.com/author/admin/page/87" "Mozilla/5.0 (compatible; VelenPublicWebCrawler/1.0; +https://velen.io)"
34.76.189.67 - - [27/Feb/2026:07:09:51 -0500] "GET /author/admin/page/18 HTTP/1.1" 301 0 "-" "Mozilla/5.0 (compatible; VelenPublicWebCrawler/1.0; +https://velen.io)"
34.76.189.67 - - [27/Feb/2026:07:09:58 -0500] "GET /author/admin/page/19/ HTTP/1.1" 200 24198 "http://www.middleeastoday.com/author/admin/page/19" "Mozilla/5.0 (compatible; VelenPublicWebCrawler/1.0; +https://velen.io)"
34.76.189.67 - - [27/Feb/2026:07:10:01 -0500] "GET /author/admin/page/86 HTTP/1.1" 301 0 "-" "Mozilla/5.0 (compatible; VelenPublicWebCrawler/1.0; +https://velen.io)"
34.76.189.67 - - [27/Feb/2026:07:10:03 -0500] "GET /author/admin/page/86/ HTTP/1.1" 200 24002 "http://www.middleeastoday.com/author/admin/page/86" "Mozilla/5.0 (compatible; VelenPublicWebCrawler/1.0; +https://velen.io)"
34.76.189.67 - - [27/Feb/2026:07:10:09 -0500] "GET /author/admin/page/85/ HTTP/1.1" 200 23894 "http://www.middleeastoday.com/author/admin/page/85" "Mozilla/5.0 (compatible; VelenPublicWebCrawler/1.0; +https://velen.io)"
34.76.189.67 - - [27/Feb/2026:07:10:15 -0500] "GET /author/admin/page/20/ HTTP/1.1" 200 24040 "http://www.middleeastoday.com/author/admin/page/20" "Mozilla/5.0 (compatible; VelenPublicWebCrawler/1.0; +https://velen.io)"
34.76.189.67 - - [27/Feb/2026:07:10:28 -0500] "GET /author/admin/page/84/ HTTP/1.1" 200 23996 "http://www.middleeastoday.com/author/admin/page/84" "Mozilla/5.0 (compatible; VelenPublicWebCrawler/1.0; +https://velen.io)"
34.76.189.67 - - [27/Feb/2026:07:10:31 -0500] "GET /author/admin/page/83 HTTP/1.1" 301 0 "-" "Mozilla/5.0 (compatible; VelenPublicWebCrawler/1.0; +https://velen.io)"
34.76.189.67 - - [27/Feb/2026:07:10:42 -0500] "GET /author/admin/page/22/ HTTP/1.1" 200 23682 "http://www.middleeastoday.com/author/admin/page/22" "Mozilla/5.0 (compatible; VelenPublicWebCrawler/1.0; +https://velen.io)"
34.76.189.67 - - [27/Feb/2026:07:10:58 -0500] "GET /author/admin/page/81/ HTTP/1.1" 200 24093 "http://www.middleeastoday.com/author/admin/page/81" "Mozilla/5.0 (compatible; VelenPublicWebCrawler/1.0; +https://velen.io)"
34.76.189.67 - - [27/Feb/2026:07:11:01 -0500] "GET /author/admin/page/24 HTTP/1.1" 301 0 "-" "Mozilla/5.0 (compatible; VelenPublicWebCrawler/1.0; +https://velen.io)"
34.76.189.67 - - [27/Feb/2026:07:11:12 -0500] "GET /author/admin/page/80 HTTP/1.1" 301 0 "-" "Mozilla/5.0 (compatible; VelenPublicWebCrawler/1.0; +https://velen.io)"
34.76.189.67 - - [27/Feb/2026:07:11:13 -0500] "GET /author/admin/page/80/ HTTP/1.1" 200 24129 "http://www.middleeastoday.com/author/admin/page/80" "Mozilla/5.0 (compatible; VelenPublicWebCrawler/1.0; +https://velen.io)"
34.76.189.67 - - [27/Feb/2026:07:11:17 -0500] "GET /author/admin/page/79 HTTP/1.1" 301 0 "-" "Mozilla/5.0 (compatible; VelenPublicWebCrawler/1.0; +https://velen.io)"
34.76.189.67 - - [27/Feb/2026:07:11:18 -0500] "GET /author/admin/page/79/ HTTP/1.1" 200 23962 "http://www.middleeastoday.com/author/admin/page/79" "Mozilla/5.0 (compatible; VelenPublicWebCrawler/1.0; +https://velen.io)"
34.76.189.67 - - [27/Feb/2026:07:11:23 -0500] "GET /author/admin/page/26/ HTTP/1.1" 200 24154 "http://www.middleeastoday.com/author/admin/page/26" "Mozilla/5.0 (compatible; VelenPublicWebCrawler/1.0; +https://velen.io)"
162.213.253.84 - - [27/Feb/2026:07:10:26 -0500] "POST /wp-cron.php?doing_wp_cron=1772194226.8967030048370361328125 HTTP/1.1" 200 0 "-" "WordPress/6.8.1; http://www.middleeastoday.com"
34.76.189.67 - - [27/Feb/2026:07:10:26 -0500] "GET /author/admin/page/84 HTTP/1.1" 301 0 "-" "Mozilla/5.0 (compatible; VelenPublicWebCrawler/1.0; +https://velen.io)"
34.76.189.67 - - [27/Feb/2026:07:10:36 -0500] "GET /author/admin/page/83/ HTTP/1.1" 200 23930 "http://www.middleeastoday.com/author/admin/page/83" "Mozilla/5.0 (compatible; VelenPublicWebCrawler/1.0; +https://velen.io)"
34.76.189.67 - - [27/Feb/2026:07:10:40 -0500] "GET /author/admin/page/22 HTTP/1.1" 301 0 "-" "Mozilla/5.0 (compatible; VelenPublicWebCrawler/1.0; +https://velen.io)"
34.76.189.67 - - [27/Feb/2026:07:10:46 -0500] "GET /author/admin/page/23 HTTP/1.1" 301 0 "-" "Mozilla/5.0 (compatible; VelenPublicWebCrawler/1.0; +https://velen.io)"
34.76.189.67 - - [27/Feb/2026:07:10:47 -0500] "GET /author/admin/page/23/ HTTP/1.1" 200 23965 "http://www.middleeastoday.com/author/admin/page/23" "Mozilla/5.0 (compatible; VelenPublicWebCrawler/1.0; +https://velen.io)"
34.76.189.67 - - [27/Feb/2026:07:10:51 -0500] "GET /author/admin/page/82 HTTP/1.1" 301 0 "-" "Mozilla/5.0 (compatible; VelenPublicWebCrawler/1.0; +https://velen.io)"
34.76.189.67 - - [27/Feb/2026:07:10:53 -0500] "GET /author/admin/page/82/ HTTP/1.1" 200 23742 "http://www.middleeastoday.com/author/admin/page/82" "Mozilla/5.0 (compatible; VelenPublicWebCrawler/1.0; +https://velen.io)"
34.76.189.67 - - [27/Feb/2026:07:10:56 -0500] "GET /author/admin/page/81 HTTP/1.1" 301 0 "-" "Mozilla/5.0 (compatible; VelenPublicWebCrawler/1.0; +https://velen.io)"
34.76.189.67 - - [27/Feb/2026:07:11:03 -0500] "GET /author/admin/page/24/ HTTP/1.1" 200 23841 "http://www.middleeastoday.com/author/admin/page/24" "Mozilla/5.0 (compatible; VelenPublicWebCrawler/1.0; +https://velen.io)"
34.76.189.67 - - [27/Feb/2026:07:11:06 -0500] "GET /author/admin/page/25 HTTP/1.1" 301 0 "-" "Mozilla/5.0 (compatible; VelenPublicWebCrawler/1.0; +https://velen.io)"
34.76.189.67 - - [27/Feb/2026:07:11:08 -0500] "GET /author/admin/page/25/ HTTP/1.1" 200 23852 "http://www.middleeastoday.com/author/admin/page/25" "Mozilla/5.0 (compatible; VelenPublicWebCrawler/1.0; +https://velen.io)"
162.213.253.84 - - [27/Feb/2026:07:11:22 -0500] "POST /wp-cron.php?doing_wp_cron=1772194282.4379789829254150390625 HTTP/1.1" 200 0 "-" "WordPress/6.8.1; http://www.middleeastoday.com"
34.76.189.67 - - [27/Feb/2026:07:11:21 -0500] "GET /author/admin/page/26 HTTP/1.1" 301 0 "-" "Mozilla/5.0 (compatible; VelenPublicWebCrawler/1.0; +https://velen.io)"
162.213.253.84 - - [27/Feb/2026:07:11:23 -0500] "POST /wp-admin/admin-ajax.php?action=async_litespeed&nonce=2gqmt2Pacb0CvZaQegnqvJyc0QemTsgK&litespeed_type=imgoptm HTTP/1.1" 200 21 "-" "WordPress/6.8.1; http://www.middleeastoday.com"
162.213.253.84 - - [27/Feb/2026:07:11:24 -0500] "POST /wp-cron.php?doing_wp_cron=1772194284.2543599605560302734375 HTTP/1.1" 200 0 "-" "WordPress/6.8.1; http://www.middleeastoday.com"
34.76.189.67 - - [27/Feb/2026:07:11:33 -0500] "GET /author/admin/page/78/ HTTP/1.1" 200 23872 "http://www.middleeastoday.com/author/admin/page/78" "Mozilla/5.0 (compatible; VelenPublicWebCrawler/1.0; +https://velen.io)"
34.76.189.67 - - [27/Feb/2026:07:11:36 -0500] "GET /author/admin/page/77 HTTP/1.1" 301 0 "-" "Mozilla/5.0 (compatible; VelenPublicWebCrawler/1.0; +https://velen.io)"
34.76.189.67 - - [27/Feb/2026:07:11:41 -0500] "GET /author/admin/page/28 HTTP/1.1" 301 0 "-" "Mozilla/5.0 (compatible; VelenPublicWebCrawler/1.0; +https://velen.io)"
34.76.189.67 - - [27/Feb/2026:07:11:43 -0500] "GET /author/admin/page/28/ HTTP/1.1" 200 24078 "http://www.middleeastoday.com/author/admin/page/28" "Mozilla/5.0 (compatible; VelenPublicWebCrawler/1.0; +https://velen.io)"
34.76.189.67 - - [27/Feb/2026:07:11:48 -0500] "GET /author/admin/page/29/ HTTP/1.1" 200 23811 "http://www.middleeastoday.com/author/admin/page/29" "Mozilla/5.0 (compatible; VelenPublicWebCrawler/1.0; +https://velen.io)"
34.76.189.67 - - [27/Feb/2026:07:11:27 -0500] "GET /author/admin/page/27 HTTP/1.1" 301 0 "-" "Mozilla/5.0 (compatible; VelenPublicWebCrawler/1.0; +https://velen.io)"
34.76.189.67 - - [27/Feb/2026:07:11:28 -0500] "GET /author/admin/page/27/ HTTP/1.1" 200 23919 "http://www.middleeastoday.com/author/admin/page/27" "Mozilla/5.0 (compatible; VelenPublicWebCrawler/1.0; +https://velen.io)"
34.76.189.67 - - [27/Feb/2026:07:11:31 -0500] "GET /author/admin/page/78 HTTP/1.1" 301 0 "-" "Mozilla/5.0 (compatible; VelenPublicWebCrawler/1.0; +https://velen.io)"
34.76.189.67 - - [27/Feb/2026:07:11:38 -0500] "GET /author/admin/page/77/ HTTP/1.1" 200 23985 "http://www.middleeastoday.com/author/admin/page/77" "Mozilla/5.0 (compatible; VelenPublicWebCrawler/1.0; +https://velen.io)"
34.76.189.67 - - [27/Feb/2026:07:11:46 -0500] "GET /author/admin/page/29 HTTP/1.1" 301 0 "-" "Mozilla/5.0 (compatible; VelenPublicWebCrawler/1.0; +https://velen.io)"
34.76.189.67 - - [27/Feb/2026:07:11:51 -0500] "GET /author/admin/page/76 HTTP/1.1" 301 0 "-" "Mozilla/5.0 (compatible; VelenPublicWebCrawler/1.0; +https://velen.io)"
34.76.189.67 - - [27/Feb/2026:07:11:53 -0500] "GET /author/admin/page/76/ HTTP/1.1" 200 23735 "http://www.middleeastoday.com/author/admin/page/76" "Mozilla/5.0 (compatible; VelenPublicWebCrawler/1.0; +https://velen.io)"
34.76.189.67 - - [27/Feb/2026:07:11:58 -0500] "GET /author/admin/page/75/ HTTP/1.1" 200 23833 "http://www.middleeastoday.com/author/admin/page/75" "Mozilla/5.0 (compatible; VelenPublicWebCrawler/1.0; +https://velen.io)"
34.76.189.67 - - [27/Feb/2026:07:12:01 -0500] "GET /author/admin/page/30 HTTP/1.1" 301 0 "-" "Mozilla/5.0 (compatible; VelenPublicWebCrawler/1.0; +https://velen.io)"
34.76.189.67 - - [27/Feb/2026:07:12:08 -0500] "GET /author/admin/page/31/ HTTP/1.1" 200 23952 "http://www.middleeastoday.com/author/admin/page/31" "Mozilla/5.0 (compatible; VelenPublicWebCrawler/1.0; +https://velen.io)"
34.76.189.67 - - [27/Feb/2026:07:12:11 -0500] "GET /author/admin/page/74 HTTP/1.1" 301 0 "-" "Mozilla/5.0 (compatible; VelenPublicWebCrawler/1.0; +https://velen.io)"
34.76.189.67 - - [27/Feb/2026:07:12:13 -0500] "GET /author/admin/page/74/ HTTP/1.1" 200 23851 "http://www.middleeastoday.com/author/admin/page/74" "Mozilla/5.0 (compatible; VelenPublicWebCrawler/1.0; +https://velen.io)"
34.76.189.67 - - [27/Feb/2026:07:12:19 -0500] "GET /author/admin/page/73/ HTTP/1.1" 200 23875 "http://www.middleeastoday.com/author/admin/page/73" "Mozilla/5.0 (compatible; VelenPublicWebCrawler/1.0; +https://velen.io)"
162.213.253.84 - - [27/Feb/2026:07:12:22 -0500] "POST /wp-cron.php?doing_wp_cron=1772194342.7744250297546386718750 HTTP/1.1" 200 0 "-" "WordPress/6.8.1; http://www.middleeastoday.com"
34.76.189.67 - - [27/Feb/2026:07:12:24 -0500] "GET /author/admin/page/32/ HTTP/1.1" 200 24077 "http://www.middleeastoday.com/author/admin/page/32" "Mozilla/5.0 (compatible; VelenPublicWebCrawler/1.0; +https://velen.io)"
34.76.189.67 - - [27/Feb/2026:07:12:27 -0500] "GET /author/admin/page/33 HTTP/1.1" 301 0 "-" "Mozilla/5.0 (compatible; VelenPublicWebCrawler/1.0; +https://velen.io)"
34.76.189.67 - - [27/Feb/2026:07:12:32 -0500] "GET /author/admin/page/72 HTTP/1.1" 301 0 "-" "Mozilla/5.0 (compatible; VelenPublicWebCrawler/1.0; +https://velen.io)"
34.76.189.67 - - [27/Feb/2026:07:12:34 -0500] "GET /author/admin/page/72/ HTTP/1.1" 200 23864 "http://www.middleeastoday.com/author/admin/page/72" "Mozilla/5.0 (compatible; VelenPublicWebCrawler/1.0; +https://velen.io)"
34.76.189.67 - - [27/Feb/2026:07:12:37 -0500] "GET /author/admin/page/71 HTTP/1.1" 301 0 "-" "Mozilla/5.0 (compatible; VelenPublicWebCrawler/1.0; +https://velen.io)"
46.248.167.104 - - [27/Feb/2026:07:12:43 -0500] "GET /feed HTTP/1.1" 301 0 "-" "GuzzleHttp/7"
34.76.189.67 - - [27/Feb/2026:07:12:43 -0500] "GET /author/admin/page/34/ HTTP/1.1" 200 23966 "http://www.middleeastoday.com/author/admin/page/34" "Mozilla/5.0 (compatible; VelenPublicWebCrawler/1.0; +https://velen.io)"
34.76.189.67 - - [27/Feb/2026:07:11:56 -0500] "GET /author/admin/page/75 HTTP/1.1" 301 0 "-" "Mozilla/5.0 (compatible; VelenPublicWebCrawler/1.0; +https://velen.io)"
34.76.189.67 - - [27/Feb/2026:07:12:03 -0500] "GET /author/admin/page/30/ HTTP/1.1" 200 24042 "http://www.middleeastoday.com/author/admin/page/30" "Mozilla/5.0 (compatible; VelenPublicWebCrawler/1.0; +https://velen.io)"
34.76.189.67 - - [27/Feb/2026:07:12:06 -0500] "GET /author/admin/page/31 HTTP/1.1" 301 0 "-" "Mozilla/5.0 (compatible; VelenPublicWebCrawler/1.0; +https://velen.io)"
51.222.95.244 - - [27/Feb/2026:07:12:08 -0500] "GET /mohamed-bin-zayed-arrives-in-sharm-el-sheikh/ HTTP/1.1" 200 20299 "-" "Mozilla/5.0 (compatible; AhrefsBot/7.0; +http://ahrefs.com/robot/)"
34.76.189.67 - - [27/Feb/2026:07:12:17 -0500] "GET /author/admin/page/73 HTTP/1.1" 301 0 "-" "Mozilla/5.0 (compatible; VelenPublicWebCrawler/1.0; +https://velen.io)"
34.76.189.67 - - [27/Feb/2026:07:12:22 -0500] "GET /author/admin/page/32 HTTP/1.1" 301 0 "-" "Mozilla/5.0 (compatible; VelenPublicWebCrawler/1.0; +https://velen.io)"
162.213.253.84 - - [27/Feb/2026:07:12:23 -0500] "POST /wp-admin/admin-ajax.php?action=async_litespeed&nonce=2SzZezDVnW8dqAfonLi3u1qpQwgfNgQS&litespeed_type=imgoptm HTTP/1.1" 200 21 "-" "WordPress/6.8.1; http://www.middleeastoday.com"
162.213.253.84 - - [27/Feb/2026:07:12:24 -0500] "POST /wp-cron.php?doing_wp_cron=1772194344.6687369346618652343750 HTTP/1.1" 200 0 "-" "WordPress/6.8.1; http://www.middleeastoday.com"
34.76.189.67 - - [27/Feb/2026:07:12:29 -0500] "GET /author/admin/page/33/ HTTP/1.1" 200 23725 "http://www.middleeastoday.com/author/admin/page/33" "Mozilla/5.0 (compatible; VelenPublicWebCrawler/1.0; +https://velen.io)"
34.76.189.67 - - [27/Feb/2026:07:12:39 -0500] "GET /author/admin/page/71/ HTTP/1.1" 200 23871 "http://www.middleeastoday.com/author/admin/page/71" "Mozilla/5.0 (compatible; VelenPublicWebCrawler/1.0; +https://velen.io)"
34.76.189.67 - - [27/Feb/2026:07:12:42 -0500] "GET /author/admin/page/34 HTTP/1.1" 301 0 "-" "Mozilla/5.0 (compatible; VelenPublicWebCrawler/1.0; +https://velen.io)"
46.248.167.104 - - [27/Feb/2026:07:12:43 -0500] "GET /feed/ HTTP/1.1" 200 36919 "-" "GuzzleHttp/7"
34.76.189.67 - - [27/Feb/2026:07:12:48 -0500] "GET /author/admin/page/35/ HTTP/1.1" 200 23845 "http://www.middleeastoday.com/author/admin/page/35" "Mozilla/5.0 (compatible; VelenPublicWebCrawler/1.0; +https://velen.io)"
34.76.189.67 - - [27/Feb/2026:07:12:51 -0500] "GET /author/admin/page/70 HTTP/1.1" 301 0 "-" "Mozilla/5.0 (compatible; VelenPublicWebCrawler/1.0; +https://velen.io)"
34.76.189.67 - - [27/Feb/2026:07:13:02 -0500] "GET /author/admin/page/36/ HTTP/1.1" 200 23968 "http://www.middleeastoday.com/author/admin/page/36" "Mozilla/5.0 (compatible; VelenPublicWebCrawler/1.0; +https://velen.io)"
34.76.189.67 - - [27/Feb/2026:07:13:06 -0500] "GET /author/admin/page/37 HTTP/1.1" 301 0 "-" "Mozilla/5.0 (compatible; VelenPublicWebCrawler/1.0; +https://velen.io)"
34.76.189.67 - - [27/Feb/2026:07:13:11 -0500] "GET /author/admin/page/68 HTTP/1.1" 301 0 "-" "Mozilla/5.0 (compatible; VelenPublicWebCrawler/1.0; +https://velen.io)"
34.76.189.67 - - [27/Feb/2026:07:13:12 -0500] "GET /author/admin/page/68/ HTTP/1.1" 200 24018 "http://www.middleeastoday.com/author/admin/page/68" "Mozilla/5.0 (compatible; VelenPublicWebCrawler/1.0; +https://velen.io)"
34.76.189.67 - - [27/Feb/2026:07:13:15 -0500] "GET /author/admin/page/67 HTTP/1.1" 301 0 "-" "Mozilla/5.0 (compatible; VelenPublicWebCrawler/1.0; +https://velen.io)"
34.76.189.67 - - [27/Feb/2026:07:13:17 -0500] "GET /author/admin/page/67/ HTTP/1.1" 200 23889 "http://www.middleeastoday.com/author/admin/page/67" "Mozilla/5.0 (compatible; VelenPublicWebCrawler/1.0; +https://velen.io)"
34.76.189.67 - - [27/Feb/2026:07:13:21 -0500] "GET /author/admin/page/38 HTTP/1.1" 301 0 "-" "Mozilla/5.0 (compatible; VelenPublicWebCrawler/1.0; +https://velen.io)"
162.213.253.84 - - [27/Feb/2026:07:13:23 -0500] "POST /wp-cron.php?doing_wp_cron=1772194403.6153469085693359375000 HTTP/1.1" 200 0 "-" "WordPress/6.8.1; http://www.middleeastoday.com"
34.76.189.67 - - [27/Feb/2026:07:13:23 -0500] "GET /author/admin/page/38/ HTTP/1.1" 200 24082 "http://www.middleeastoday.com/author/admin/page/38" "Mozilla/5.0 (compatible; VelenPublicWebCrawler/1.0; +https://velen.io)"
162.213.253.84 - - [27/Feb/2026:07:13:24 -0500] "POST /wp-admin/admin-ajax.php?action=async_litespeed&nonce=3rQTSvnRR0v0rGRgFHFEZ21m2YYBNl67&litespeed_type=imgoptm HTTP/1.1" 200 21 "-" "WordPress/6.8.1; http://www.middleeastoday.com"
162.213.253.84 - - [27/Feb/2026:07:13:26 -0500] "POST /wp-cron.php?doing_wp_cron=1772194406.8006958961486816406250 HTTP/1.1" 200 0 "-" "WordPress/6.8.1; http://www.middleeastoday.com"
34.76.189.67 - - [27/Feb/2026:07:13:28 -0500] "GET /author/admin/page/39/ HTTP/1.1" 200 23878 "http://www.middleeastoday.com/author/admin/page/39" "Mozilla/5.0 (compatible; VelenPublicWebCrawler/1.0; +https://velen.io)"
34.76.189.67 - - [27/Feb/2026:07:13:31 -0500] "GET /author/admin/page/66 HTTP/1.1" 301 0 "-" "Mozilla/5.0 (compatible; VelenPublicWebCrawler/1.0; +https://velen.io)"
34.76.189.67 - - [27/Feb/2026:07:13:33 -0500] "GET /author/admin/page/66/ HTTP/1.1" 200 24068 "http://www.middleeastoday.com/author/admin/page/66" "Mozilla/5.0 (compatible; VelenPublicWebCrawler/1.0; +https://velen.io)"
34.76.189.67 - - [27/Feb/2026:07:13:36 -0500] "GET /author/admin/page/65 HTTP/1.1" 301 0 "-" "Mozilla/5.0 (compatible; VelenPublicWebCrawler/1.0; +https://velen.io)"
34.76.189.67 - - [27/Feb/2026:07:13:41 -0500] "GET /author/admin/page/40 HTTP/1.1" 301 0 "-" "Mozilla/5.0 (compatible; VelenPublicWebCrawler/1.0; +https://velen.io)"
34.76.189.67 - - [27/Feb/2026:07:13:43 -0500] "GET /author/admin/page/40/ HTTP/1.1" 200 23968 "http://www.middleeastoday.com/author/admin/page/40" "Mozilla/5.0 (compatible; VelenPublicWebCrawler/1.0; +https://velen.io)"
34.76.189.67 - - [27/Feb/2026:07:13:48 -0500] "GET /author/admin/page/41/ HTTP/1.1" 200 23683 "http://www.middleeastoday.com/author/admin/page/41" "Mozilla/5.0 (compatible; VelenPublicWebCrawler/1.0; +https://velen.io)"
34.76.189.67 - - [27/Feb/2026:07:13:51 -0500] "GET /author/admin/page/64 HTTP/1.1" 301 0 "-" "Mozilla/5.0 (compatible; VelenPublicWebCrawler/1.0; +https://velen.io)"
34.76.189.67 - - [27/Feb/2026:07:13:53 -0500] "GET /author/admin/page/64/ HTTP/1.1" 200 23807 "http://www.middleeastoday.com/author/admin/page/64" "Mozilla/5.0 (compatible; VelenPublicWebCrawler/1.0; +https://velen.io)"
34.76.189.67 - - [27/Feb/2026:07:13:56 -0500] "GET /author/admin/page/63 HTTP/1.1" 301 0 "-" "Mozilla/5.0 (compatible; VelenPublicWebCrawler/1.0; +https://velen.io)"
34.76.189.67 - - [27/Feb/2026:07:14:01 -0500] "GET /author/admin/page/42 HTTP/1.1" 301 0 "-" "Mozilla/5.0 (compatible; VelenPublicWebCrawler/1.0; +https://velen.io)"
34.76.189.67 - - [27/Feb/2026:07:14:09 -0500] "GET /author/admin/page/43/ HTTP/1.1" 200 23705 "http://www.middleeastoday.com/author/admin/page/43" "Mozilla/5.0 (compatible; VelenPublicWebCrawler/1.0; +https://velen.io)"
34.76.189.67 - - [27/Feb/2026:07:14:12 -0500] "GET /author/admin/page/62 HTTP/1.1" 301 0 "-" "Mozilla/5.0 (compatible; VelenPublicWebCrawler/1.0; +https://velen.io)"
34.76.189.67 - - [27/Feb/2026:07:14:17 -0500] "GET /author/admin/page/61 HTTP/1.1" 301 0 "-" "Mozilla/5.0 (compatible; VelenPublicWebCrawler/1.0; +https://velen.io)"
34.76.189.67 - - [27/Feb/2026:07:14:19 -0500] "GET /author/admin/page/61/ HTTP/1.1" 200 23919 "http://www.middleeastoday.com/author/admin/page/61" "Mozilla/5.0 (compatible; VelenPublicWebCrawler/1.0; +https://velen.io)"
162.213.253.84 - - [27/Feb/2026:07:14:22 -0500] "POST /wp-cron.php?doing_wp_cron=1772194462.6746170520782470703125 HTTP/1.1" 200 0 "-" "WordPress/6.8.1; http://www.middleeastoday.com"
34.76.189.67 - - [27/Feb/2026:07:14:22 -0500] "GET /author/admin/page/44 HTTP/1.1" 301 0 "-" "Mozilla/5.0 (compatible; VelenPublicWebCrawler/1.0; +https://velen.io)"
162.213.253.84 - - [27/Feb/2026:07:14:24 -0500] "POST /wp-cron.php?doing_wp_cron=1772194464.4982008934020996093750 HTTP/1.1" 200 0 "-" "WordPress/6.8.1; http://www.middleeastoday.com"
34.76.189.67 - - [27/Feb/2026:07:12:47 -0500] "GET /author/admin/page/35 HTTP/1.1" 301 0 "-" "Mozilla/5.0 (compatible; VelenPublicWebCrawler/1.0; +https://velen.io)"
34.76.189.67 - - [27/Feb/2026:07:12:53 -0500] "GET /author/admin/page/70/ HTTP/1.1" 200 23955 "http://www.middleeastoday.com/author/admin/page/70" "Mozilla/5.0 (compatible; VelenPublicWebCrawler/1.0; +https://velen.io)"
34.76.189.67 - - [27/Feb/2026:07:12:56 -0500] "GET /author/admin/page/69 HTTP/1.1" 301 0 "-" "Mozilla/5.0 (compatible; VelenPublicWebCrawler/1.0; +https://velen.io)"
34.76.189.67 - - [27/Feb/2026:07:12:58 -0500] "GET /author/admin/page/69/ HTTP/1.1" 200 23909 "http://www.middleeastoday.com/author/admin/page/69" "Mozilla/5.0 (compatible; VelenPublicWebCrawler/1.0; +https://velen.io)"
34.76.189.67 - - [27/Feb/2026:07:13:01 -0500] "GET /author/admin/page/36 HTTP/1.1" 301 0 "-" "Mozilla/5.0 (compatible; VelenPublicWebCrawler/1.0; +https://velen.io)"
34.76.189.67 - - [27/Feb/2026:07:13:07 -0500] "GET /author/admin/page/37/ HTTP/1.1" 200 23992 "http://www.middleeastoday.com/author/admin/page/37" "Mozilla/5.0 (compatible; VelenPublicWebCrawler/1.0; +https://velen.io)"
34.76.189.67 - - [27/Feb/2026:07:13:26 -0500] "GET /author/admin/page/39 HTTP/1.1" 301 0 "-" "Mozilla/5.0 (compatible; VelenPublicWebCrawler/1.0; +https://velen.io)"
34.76.189.67 - - [27/Feb/2026:07:13:37 -0500] "GET /author/admin/page/65/ HTTP/1.1" 200 23987 "http://www.middleeastoday.com/author/admin/page/65" "Mozilla/5.0 (compatible; VelenPublicWebCrawler/1.0; +https://velen.io)"
34.76.189.67 - - [27/Feb/2026:07:13:46 -0500] "GET /author/admin/page/41 HTTP/1.1" 301 0 "-" "Mozilla/5.0 (compatible; VelenPublicWebCrawler/1.0; +https://velen.io)"
34.76.189.67 - - [27/Feb/2026:07:13:57 -0500] "GET /author/admin/page/63/ HTTP/1.1" 200 23878 "http://www.middleeastoday.com/author/admin/page/63" "Mozilla/5.0 (compatible; VelenPublicWebCrawler/1.0; +https://velen.io)"
34.76.189.67 - - [27/Feb/2026:07:14:02 -0500] "GET /author/admin/page/42/ HTTP/1.1" 200 23842 "http://www.middleeastoday.com/author/admin/page/42" "Mozilla/5.0 (compatible; VelenPublicWebCrawler/1.0; +https://velen.io)"
34.76.189.67 - - [27/Feb/2026:07:14:07 -0500] "GET /author/admin/page/43 HTTP/1.1" 301 0 "-" "Mozilla/5.0 (compatible; VelenPublicWebCrawler/1.0; +https://velen.io)"
34.76.189.67 - - [27/Feb/2026:07:14:14 -0500] "GET /author/admin/page/62/ HTTP/1.1" 200 23930 "http://www.middleeastoday.com/author/admin/page/62" "Mozilla/5.0 (compatible; VelenPublicWebCrawler/1.0; +https://velen.io)"
162.213.253.84 - - [27/Feb/2026:07:14:23 -0500] "POST /wp-admin/admin-ajax.php?action=async_litespeed&nonce=sVB542mOCwLRMgILnuJPA6ioJOkTKcCY&litespeed_type=imgoptm HTTP/1.1" 200 21 "-" "WordPress/6.8.1; http://www.middleeastoday.com"
34.76.189.67 - - [27/Feb/2026:07:14:28 -0500] "GET /author/admin/page/45/ HTTP/1.1" 200 24001 "http://www.middleeastoday.com/author/admin/page/45" "Mozilla/5.0 (compatible; VelenPublicWebCrawler/1.0; +https://velen.io)"
34.76.189.67 - - [27/Feb/2026:07:14:32 -0500] "GET /author/admin/page/60 HTTP/1.1" 301 0 "-" "Mozilla/5.0 (compatible; VelenPublicWebCrawler/1.0; +https://velen.io)"
34.76.189.67 - - [27/Feb/2026:07:14:42 -0500] "GET /author/admin/page/46 HTTP/1.1" 301 0 "-" "Mozilla/5.0 (compatible; VelenPublicWebCrawler/1.0; +https://velen.io)"
34.76.189.67 - - [27/Feb/2026:07:14:48 -0500] "GET /author/admin/page/47/ HTTP/1.1" 200 23789 "http://www.middleeastoday.com/author/admin/page/47" "Mozilla/5.0 (compatible; VelenPublicWebCrawler/1.0; +https://velen.io)"
34.76.189.67 - - [27/Feb/2026:07:14:51 -0500] "GET /author/admin/page/58 HTTP/1.1" 301 0 "-" "Mozilla/5.0 (compatible; VelenPublicWebCrawler/1.0; +https://velen.io)"
34.76.189.67 - - [27/Feb/2026:07:14:53 -0500] "GET /author/admin/page/58/ HTTP/1.1" 200 24048 "http://www.middleeastoday.com/author/admin/page/58" "Mozilla/5.0 (compatible; VelenPublicWebCrawler/1.0; +https://velen.io)"
34.76.189.67 - - [27/Feb/2026:07:14:56 -0500] "GET /author/admin/page/57 HTTP/1.1" 301 0 "-" "Mozilla/5.0 (compatible; VelenPublicWebCrawler/1.0; +https://velen.io)"
34.76.189.67 - - [27/Feb/2026:07:14:23 -0500] "GET /author/admin/page/44/ HTTP/1.1" 200 23980 "http://www.middleeastoday.com/author/admin/page/44" "Mozilla/5.0 (compatible; VelenPublicWebCrawler/1.0; +https://velen.io)"
34.76.189.67 - - [27/Feb/2026:07:14:27 -0500] "GET /author/admin/page/45 HTTP/1.1" 301 0 "-" "Mozilla/5.0 (compatible; VelenPublicWebCrawler/1.0; +https://velen.io)"
34.76.189.67 - - [27/Feb/2026:07:14:33 -0500] "GET /author/admin/page/60/ HTTP/1.1" 200 23852 "http://www.middleeastoday.com/author/admin/page/60" "Mozilla/5.0 (compatible; VelenPublicWebCrawler/1.0; +https://velen.io)"
34.76.189.67 - - [27/Feb/2026:07:14:36 -0500] "GET /author/admin/page/59 HTTP/1.1" 301 0 "-" "Mozilla/5.0 (compatible; VelenPublicWebCrawler/1.0; +https://velen.io)"
34.76.189.67 - - [27/Feb/2026:07:14:39 -0500] "GET /author/admin/page/59/ HTTP/1.1" 200 23976 "http://www.middleeastoday.com/author/admin/page/59" "Mozilla/5.0 (compatible; VelenPublicWebCrawler/1.0; +https://velen.io)"
34.76.189.67 - - [27/Feb/2026:07:14:43 -0500] "GET /author/admin/page/46/ HTTP/1.1" 200 23691 "http://www.middleeastoday.com/author/admin/page/46" "Mozilla/5.0 (compatible; VelenPublicWebCrawler/1.0; +https://velen.io)"
34.76.189.67 - - [27/Feb/2026:07:14:47 -0500] "GET /author/admin/page/47 HTTP/1.1" 301 0 "-" "Mozilla/5.0 (compatible; VelenPublicWebCrawler/1.0; +https://velen.io)"
34.76.189.67 - - [27/Feb/2026:07:14:58 -0500] "GET /author/admin/page/57/ HTTP/1.1" 200 23811 "http://www.middleeastoday.com/author/admin/page/57" "Mozilla/5.0 (compatible; VelenPublicWebCrawler/1.0; +https://velen.io)"
34.76.189.67 - - [27/Feb/2026:07:15:03 -0500] "GET /author/admin/page/48/ HTTP/1.1" 200 23767 "http://www.middleeastoday.com/author/admin/page/48" "Mozilla/5.0 (compatible; VelenPublicWebCrawler/1.0; +https://velen.io)"
34.76.189.67 - - [27/Feb/2026:07:15:14 -0500] "GET /author/admin/page/56/ HTTP/1.1" 200 23865 "http://www.middleeastoday.com/author/admin/page/56" "Mozilla/5.0 (compatible; VelenPublicWebCrawler/1.0; +https://velen.io)"
34.76.189.67 - - [27/Feb/2026:07:15:17 -0500] "GET /author/admin/page/55 HTTP/1.1" 301 0 "-" "Mozilla/5.0 (compatible; VelenPublicWebCrawler/1.0; +https://velen.io)"
34.76.189.67 - - [27/Feb/2026:07:15:19 -0500] "GET /author/admin/page/55/ HTTP/1.1" 200 23863 "http://www.middleeastoday.com/author/admin/page/55" "Mozilla/5.0 (compatible; VelenPublicWebCrawler/1.0; +https://velen.io)"
162.213.253.84 - - [27/Feb/2026:07:15:23 -0500] "POST /wp-cron.php?doing_wp_cron=1772194523.5848689079284667968750 HTTP/1.1" 200 0 "-" "WordPress/6.8.1; http://www.middleeastoday.com"
34.76.189.67 - - [27/Feb/2026:07:15:23 -0500] "GET /author/admin/page/50 HTTP/1.1" 301 0 "-" "Mozilla/5.0 (compatible; VelenPublicWebCrawler/1.0; +https://velen.io)"
162.213.253.84 - - [27/Feb/2026:07:15:24 -0500] "POST /wp-admin/admin-ajax.php?action=async_litespeed&nonce=sTzE1678FyV5oTZzWmovPMsNQLMn1JLy&litespeed_type=imgoptm HTTP/1.1" 200 21 "-" "WordPress/6.8.1; http://www.middleeastoday.com"
34.76.189.67 - - [27/Feb/2026:07:15:24 -0500] "GET /author/admin/page/50/ HTTP/1.1" 200 23703 "http://www.middleeastoday.com/author/admin/page/50" "Mozilla/5.0 (compatible; VelenPublicWebCrawler/1.0; +https://velen.io)"
34.76.189.67 - - [27/Feb/2026:07:15:29 -0500] "GET /author/admin/page/51/ HTTP/1.1" 200 23632 "http://www.middleeastoday.com/author/admin/page/51" "Mozilla/5.0 (compatible; VelenPublicWebCrawler/1.0; +https://velen.io)"
34.76.189.67 - - [27/Feb/2026:07:15:32 -0500] "GET /author/admin/page/54 HTTP/1.1" 301 0 "-" "Mozilla/5.0 (compatible; VelenPublicWebCrawler/1.0; +https://velen.io)"
34.76.189.67 - - [27/Feb/2026:07:15:37 -0500] "GET /author/admin/page/53 HTTP/1.1" 301 0 "-" "Mozilla/5.0 (compatible; VelenPublicWebCrawler/1.0; +https://velen.io)"
15.235.96.138 - - [27/Feb/2026:07:15:58 -0500] "GET /world-bank-approves-us250-million-in-additional-financing-for-the-education-support-program-in-morocco/ HTTP/1.1" 200 21238 "-" "Mozilla/5.0 (compatible; AhrefsBot/7.0; +http://ahrefs.com/robot/)"
34.76.189.67 - - [27/Feb/2026:07:15:01 -0500] "GET /author/admin/page/48 HTTP/1.1" 301 0 "-" "Mozilla/5.0 (compatible; VelenPublicWebCrawler/1.0; +https://velen.io)"
34.76.189.67 - - [27/Feb/2026:07:15:06 -0500] "GET /author/admin/page/49 HTTP/1.1" 301 0 "-" "Mozilla/5.0 (compatible; VelenPublicWebCrawler/1.0; +https://velen.io)"
34.76.189.67 - - [27/Feb/2026:07:15:08 -0500] "GET /author/admin/page/49/ HTTP/1.1" 200 23776 "http://www.middleeastoday.com/author/admin/page/49" "Mozilla/5.0 (compatible; VelenPublicWebCrawler/1.0; +https://velen.io)"
34.76.189.67 - - [27/Feb/2026:07:15:12 -0500] "GET /author/admin/page/56 HTTP/1.1" 301 0 "-" "Mozilla/5.0 (compatible; VelenPublicWebCrawler/1.0; +https://velen.io)"
162.213.253.84 - - [27/Feb/2026:07:15:25 -0500] "POST /wp-cron.php?doing_wp_cron=1772194525.3854420185089111328125 HTTP/1.1" 200 0 "-" "WordPress/6.8.1; http://www.middleeastoday.com"
34.76.189.67 - - [27/Feb/2026:07:15:27 -0500] "GET /author/admin/page/51 HTTP/1.1" 301 0 "-" "Mozilla/5.0 (compatible; VelenPublicWebCrawler/1.0; +https://velen.io)"
34.76.189.67 - - [27/Feb/2026:07:15:34 -0500] "GET /author/admin/page/54/ HTTP/1.1" 200 23797 "http://www.middleeastoday.com/author/admin/page/54" "Mozilla/5.0 (compatible; VelenPublicWebCrawler/1.0; +https://velen.io)"
34.76.189.67 - - [27/Feb/2026:07:15:39 -0500] "GET /author/admin/page/53/ HTTP/1.1" 200 23954 "http://www.middleeastoday.com/author/admin/page/53" "Mozilla/5.0 (compatible; VelenPublicWebCrawler/1.0; +https://velen.io)"
34.76.189.67 - - [27/Feb/2026:07:15:42 -0500] "GET /author/admin/page/52 HTTP/1.1" 301 0 "-" "Mozilla/5.0 (compatible; VelenPublicWebCrawler/1.0; +https://velen.io)"
34.76.189.67 - - [27/Feb/2026:07:15:44 -0500] "GET /author/admin/page/52/ HTTP/1.1" 200 23866 "http://www.middleeastoday.com/author/admin/page/52" "Mozilla/5.0 (compatible; VelenPublicWebCrawler/1.0; +https://velen.io)"
34.195.60.66 - - [27/Feb/2026:07:16:58 -0500] "GET /wp-json/oembed/1.0/embed?url=http://www.middleeastoday.com/inaugural-i2u2-business-forum-organised-to-accelerate-joint-investment-in-key-sectors/ HTTP/1.1" 200 2688 "-" "Mozilla/5.0 AppleWebKit/537.36 (KHTML, like Gecko; compatible; Amazonbot/0.1; +https://developer.amazon.com/support/amazonbot) Chrome/119.0.6045.214 Safari/537.36"
18.214.124.6 - - [27/Feb/2026:07:17:01 -0500] "GET /wp-json/oembed/1.0/embed?format=xml&url=http://www.middleeastoday.com/uae-leaders-congratulate-new-malaysian-prime-minister/ HTTP/1.1" 200 1266 "-" "Mozilla/5.0 AppleWebKit/537.36 (KHTML, like Gecko; compatible; Amazonbot/0.1; +https://developer.amazon.com/support/amazonbot) Chrome/119.0.6045.214 Safari/537.36"
52.3.155.146 - - [27/Feb/2026:07:17:12 -0500] "GET /wp-json/oembed/1.0/embed?format=xml&url=http://www.middleeastoday.com/dubais-mega-theme-parks-offer-larger-than-life-entertainment-experiences/ HTTP/1.1" 200 1276 "-" "Mozilla/5.0 AppleWebKit/537.36 (KHTML, like Gecko; compatible; Amazonbot/0.1; +https://developer.amazon.com/support/amazonbot) Chrome/119.0.6045.214 Safari/537.36"
52.73.6.26 - - [27/Feb/2026:07:17:15 -0500] "GET /wp-json/oembed/1.0/embed?url=http://www.middleeastoday.com/uae-ambassador-presents-credentials-to-president-of-ecuador/ HTTP/1.1" 200 2549 "-" "Mozilla/5.0 AppleWebKit/537.36 (KHTML, like Gecko; compatible; Amazonbot/0.1; +https://developer.amazon.com/support/amazonbot) Chrome/119.0.6045.214 Safari/537.36"
162.213.253.84 - - [27/Feb/2026:07:17:24 -0500] "POST /wp-cron.php?doing_wp_cron=1772194644.8543760776519775390625 HTTP/1.1" 200 0 "-" "WordPress/6.8.1; http://www.middleeastoday.com"
23.22.105.143 - - [27/Feb/2026:07:17:24 -0500] "GET /wp-json/wp/v2/posts/10079 HTTP/1.1" 200 7661 "-" "Mozilla/5.0 AppleWebKit/537.36 (KHTML, like Gecko; compatible; Amazonbot/0.1; +https://developer.amazon.com/support/amazonbot) Chrome/119.0.6045.214 Safari/537.36"
34.225.243.131 - - [27/Feb/2026:07:17:41 -0500] "GET /wp-json/oembed/1.0/embed?url=http://www.middleeastoday.com/a-record-breaking-first-quarter-for-lamborghini-the-best-ever/ HTTP/1.1" 200 2558 "-" "Mozilla/5.0 AppleWebKit/537.36 (KHTML, like Gecko; compatible; Amazonbot/0.1; +https://developer.amazon.com/support/amazonbot) Chrome/119.0.6045.214 Safari/537.36"
43.155.125.12 - - [27/Feb/2026:07:18:23 -0500] "GET /wp-content/uploads/2022/09/UAE-delegation-850x560.jpg HTTP/1.1" 200 82866 "-" "Mozilla/5.0 (Windows NT 10.0; Win64; x64) AppleWebKit/537.36"
4.204.192.31 - - [27/Feb/2026:07:21:28 -0500] "GET /wp-content/plugins/hellopress/wp_filemanager.php HTTP/1.1" 301 0 "-" "-"
162.213.253.84 - - [27/Feb/2026:07:21:29 -0500] "POST /wp-admin/admin-ajax.php?action=async_litespeed&nonce=izCGz0Fk5B8PqVbwj6wmCvgxg58ZVNyp&litespeed_type=imgoptm HTTP/1.1" 200 21 "-" "WordPress/6.8.1; http://www.middleeastoday.com"
162.213.253.84 - - [27/Feb/2026:07:21:31 -0500] "POST /wp-cron.php?doing_wp_cron=1772194891.3354630470275878906250 HTTP/1.1" 200 0 "-" "WordPress/6.8.1; http://www.middleeastoday.com"
4.204.192.31 - - [27/Feb/2026:07:21:30 -0500] "GET /asc.php HTTP/1.1" 301 0 "-" "-"
148.113.128.207 - - [27/Feb/2026:07:22:48 -0500] "GET /uae-ambassador-meets-peruvian-minister-of-economy-and-finance/ HTTP/1.1" 200 19979 "-" "Mozilla/5.0 (compatible; AhrefsBot/7.0; +http://ahrefs.com/robot/)"
98.83.72.38 - - [27/Feb/2026:07:22:53 -0500] "GET /wp-json/oembed/1.0/embed?format=xml&url=http://www.middleeastoday.com/fab-announces-strategic-pathway-partnership-with-cop28/ HTTP/1.1" 200 1260 "-" "Mozilla/5.0 AppleWebKit/537.36 (KHTML, like Gecko; compatible; Amazonbot/0.1; +https://developer.amazon.com/support/amazonbot) Chrome/119.0.6045.214 Safari/537.36"
185.191.171.9 - - [27/Feb/2026:07:25:38 -0500] "GET /uae-and-gabon-presidents-discuss-strengthening-bilateral-ties/ HTTP/1.1" 200 23209 "-" "Mozilla/5.0 (compatible; SemrushBot/7~bl; +http://www.semrush.com/bot.html)"
47.246.164.135 - - [27/Feb/2026:07:28:49 -0500] "GET http://www.middleeastoday.com/wp-content/uploads/elementor/css/global.css?ver=1747657840 HTTP/1.1" 200 3340 "http://www.middleeastoday.com/mariam-almheiri-highlights-uaes-ambition-to-scale-collective-action-innovative-solutions-to-address-global-water-challenge/" "Mozilla/5.0 (Windows NT 5.1; rv:5.0) Gecko/20100101 Firefox/5.0"
47.246.164.153 - - [27/Feb/2026:07:28:49 -0500] "GET http://www.middleeastoday.com/wp-content/uploads/elementor/css/post-9.css?ver=1747657839 HTTP/1.1" 200 334 "http://www.middleeastoday.com/mariam-almheiri-highlights-uaes-ambition-to-scale-collective-action-innovative-solutions-to-address-global-water-challenge/" "Mozilla/5.0 (Windows NT 5.1; rv:5.0) Gecko/20100101 Firefox/5.0"
47.246.164.155 - - [27/Feb/2026:07:28:49 -0500] "GET http://www.middleeastoday.com/wp-content/plugins/elementor-1/assets/lib/eicons/css/elementor-icons.min.css?ver=5.29.0 HTTP/1.1" 200 3724 "http://www.middleeastoday.com/mariam-almheiri-highlights-uaes-ambition-to-scale-collective-action-innovative-solutions-to-address-global-water-challenge/" "Mozilla/5.0 (Windows NT 5.1; rv:5.0) Gecko/20100101 Firefox/5.0"
47.246.164.130 - - [27/Feb/2026:07:28:49 -0500] "GET http://www.middleeastoday.com/wp-content/plugins/contact-form-7/includes/css/styles.css?ver=6.0.6 HTTP/1.1" 200 890 "http://www.middleeastoday.com/mariam-almheiri-highlights-uaes-ambition-to-scale-collective-action-innovative-solutions-to-address-global-water-challenge/" "Mozilla/5.0 (Windows NT 5.1; rv:5.0) Gecko/20100101 Firefox/5.0"
47.246.164.129 - - [27/Feb/2026:07:28:49 -0500] "GET http://www.middleeastoday.com/wp-content/plugins/elementor-1/assets/lib/swiper/v8/css/swiper.min.css?ver=8.4.5 HTTP/1.1" 200 4248 "http://www.middleeastoday.com/mariam-almheiri-highlights-uaes-ambition-to-scale-collective-action-innovative-solutions-to-address-global-water-challenge/" "Mozilla/5.0 (Windows NT 5.1; rv:5.0) Gecko/20100101 Firefox/5.0"
98.83.177.42 - - [27/Feb/2026:07:16:22 -0500] "GET /page/15/?post_type=post HTTP/1.1" 200 23584 "-" "Mozilla/5.0 AppleWebKit/537.36 (KHTML, like Gecko; compatible; Amazonbot/0.1; +https://developer.amazon.com/support/amazonbot) Chrome/119.0.6045.214 Safari/537.36"
52.70.123.241 - - [27/Feb/2026:07:16:46 -0500] "GET /wp-json/oembed/1.0/embed?format=xml&url=http://www.middleeastoday.com/dubai-otology-marks-10th-edition-in-october/ HTTP/1.1" 200 1247 "-" "Mozilla/5.0 AppleWebKit/537.36 (KHTML, like Gecko; compatible; Amazonbot/0.1; +https://developer.amazon.com/support/amazonbot) Chrome/119.0.6045.214 Safari/537.36"
162.213.253.84 - - [27/Feb/2026:07:17:25 -0500] "POST /wp-admin/admin-ajax.php?action=async_litespeed&nonce=tEz3O4uOlcGC0qzpK50dGdCZI8yfP6qm&litespeed_type=imgoptm HTTP/1.1" 200 21 "-" "WordPress/6.8.1; http://www.middleeastoday.com"
35.169.102.85 - - [27/Feb/2026:07:17:30 -0500] "GET /wp-json/oembed/1.0/embed?format=xml&url=http://www.middleeastoday.com/worlds-largest-mental-health-congress-for-children-and-adolescents-opens-at-dwtc/ HTTP/1.1" 200 1295 "-" "Mozilla/5.0 AppleWebKit/537.36 (KHTML, like Gecko; compatible; Amazonbot/0.1; +https://developer.amazon.com/support/amazonbot) Chrome/119.0.6045.214 Safari/537.36"
142.44.225.115 - - [27/Feb/2026:07:19:28 -0500] "GET /the-second-edition-of-the-world-vape-show-slated-to-take-place-in-dubai/ HTTP/1.1" 200 20379 "-" "Mozilla/5.0 (compatible; AhrefsBot/7.0; +http://ahrefs.com/robot/)"
43.155.125.172 - - [27/Feb/2026:07:19:41 -0500] "GET /wp-content/uploads/2022/04/middle-east-today-logo-1.jpg HTTP/1.1" 200 34912 "-" "Mozilla/5.0 (Windows NT 10.0; Win64; x64) AppleWebKit/537.36"
162.213.253.84 - - [27/Feb/2026:07:21:29 -0500] "POST /wp-cron.php?doing_wp_cron=1772194889.2692089080810546875000 HTTP/1.1" 200 0 "-" "WordPress/6.8.1; http://www.middleeastoday.com"
4.204.192.31 - - [27/Feb/2026:07:21:29 -0500] "GET /wp-content/plugins/hellopress/wp_filemanager.php HTTP/1.1" 404 88984 "-" "-"
4.204.192.31 - - [27/Feb/2026:07:21:31 -0500] "GET /asc.php HTTP/1.1" 404 88984 "-" "-"
162.213.253.84 - - [27/Feb/2026:07:22:54 -0500] "POST /wp-cron.php?doing_wp_cron=1772194974.0225460529327392578125 HTTP/1.1" 200 0 "-" "WordPress/6.8.1; http://www.middleeastoday.com"
34.195.60.66 - - [27/Feb/2026:07:22:58 -0500] "GET /wp-json/oembed/1.0/embed?format=xml&url=http://www.middleeastoday.com/dubai-records-aed11-1-billion-worth-weekly-real-estate-transactions/ HTTP/1.1" 200 1271 "-" "Mozilla/5.0 AppleWebKit/537.36 (KHTML, like Gecko; compatible; Amazonbot/0.1; +https://developer.amazon.com/support/amazonbot) Chrome/119.0.6045.214 Safari/537.36"
154.201.81.96 - - [27/Feb/2026:07:23:18 -0500] "GET /wp-json/wp/v2/posts HTTP/1.1" 200 53461 "-" "Mozilla/5.0 (Windows NT 10.0; Win64; x64) AppleWebKit/537.36 (KHTML, like Gecko) Chrome/120.0.0.0 Safari/537.36"
38.254.183.15 - - [27/Feb/2026:07:28:46 -0500] "GET http://www.middleeastoday.com/mariam-almheiri-highlights-uaes-ambition-to-scale-collective-action-innovative-solutions-to-address-global-water-challenge/ HTTP/1.1" 200 23623 "-" "Mozilla/5.0 (Windows NT 5.1; rv:5.0) Gecko/20100101 Firefox/5.0"
47.246.164.150 - - [27/Feb/2026:07:28:49 -0500] "GET http://www.middleeastoday.com/wp-content/uploads/elementor/css/post-3932.css?ver=1762520240 HTTP/1.1" 200 1066 "http://www.middleeastoday.com/mariam-almheiri-highlights-uaes-ambition-to-scale-collective-action-innovative-solutions-to-address-global-water-challenge/" "Mozilla/5.0 (Windows NT 5.1; rv:5.0) Gecko/20100101 Firefox/5.0"
47.246.164.152 - - [27/Feb/2026:07:28:49 -0500] "GET http://www.middleeastoday.com/wp-content/plugins/elementskit-lite/widgets/init/assets/css/responsive.css?ver=3.5.0 HTTP/1.1" 200 2859 "http://www.middleeastoday.com/mariam-almheiri-highlights-uaes-ambition-to-scale-collective-action-innovative-solutions-to-address-global-water-challenge/" "Mozilla/5.0 (Windows NT 5.1; rv:5.0) Gecko/20100101 Firefox/5.0"
47.246.164.142 - - [27/Feb/2026:07:28:49 -0500] "GET http://www.middleeastoday.com/wp-content/themes/digiqole/assets/css/bootstrap.min.css?ver=2.1.1 HTTP/1.1" 200 18543 "http://www.middleeastoday.com/mariam-almheiri-highlights-uaes-ambition-to-scale-collective-action-innovative-solutions-to-address-global-water-challenge/" "Mozilla/5.0 (Windows NT 5.1; rv:5.0) Gecko/20100101 Firefox/5.0"
47.246.164.145 - - [27/Feb/2026:07:28:49 -0500] "GET http://www.middleeastoday.com/wp-content/plugins/elementor-1/assets/lib/animations/animations.min.css?ver=3.21.1 HTTP/1.1" 200 2442 "http://www.middleeastoday.com/mariam-almheiri-highlights-uaes-ambition-to-scale-collective-action-innovative-solutions-to-address-global-water-challenge/" "Mozilla/5.0 (Windows NT 5.1; rv:5.0) Gecko/20100101 Firefox/5.0"
47.246.164.133 - - [27/Feb/2026:07:28:49 -0500] "GET http://www.middleeastoday.com/wp-content/plugins/accesspress-social-counter/css/fontawesome-all.css?ver=1.9.2 HTTP/1.1" 200 8084 "http://www.middleeastoday.com/mariam-almheiri-highlights-uaes-ambition-to-scale-collective-action-innovative-solutions-to-address-global-water-challenge/" "Mozilla/5.0 (Windows NT 5.1; rv:5.0) Gecko/20100101 Firefox/5.0"
47.246.164.154 - - [27/Feb/2026:07:28:49 -0500] "GET http://www.middleeastoday.com/wp-content/plugins/elementor-1/assets/css/widget-icon-list.min.css HTTP/1.1" 200 866 "http://www.middleeastoday.com/mariam-almheiri-highlights-uaes-ambition-to-scale-collective-action-innovative-solutions-to-address-global-water-challenge/" "Mozilla/5.0 (Windows NT 5.1; rv:5.0) Gecko/20100101 Firefox/5.0"
47.246.164.138 - - [27/Feb/2026:07:28:49 -0500] "GET http://www.middleeastoday.com/wp-content/plugins/elementor-pro/assets/css/frontend-lite.min.css?ver=3.6.5 HTTP/1.1" 200 1505 "http://www.middleeastoday.com/mariam-almheiri-highlights-uaes-ambition-to-scale-collective-action-innovative-solutions-to-address-global-water-challenge/" "Mozilla/5.0 (Windows NT 5.1; rv:5.0) Gecko/20100101 Firefox/5.0"
47.246.164.144 - - [27/Feb/2026:07:28:49 -0500] "GET http://www.middleeastoday.com/wp-content/themes/digiqole/assets/css/all.css?ver=2.1.1 HTTP/1.1" 200 7048 "http://www.middleeastoday.com/mariam-almheiri-highlights-uaes-ambition-to-scale-collective-action-innovative-solutions-to-address-global-water-challenge/" "Mozilla/5.0 (Windows NT 5.1; rv:5.0) Gecko/20100101 Firefox/5.0"
47.246.164.152 - - [27/Feb/2026:07:28:49 -0500] "GET http://www.middleeastoday.com/wp-content/plugins/elementskit-lite/widgets/init/assets/css/widget-styles.css?ver=3.5.0 HTTP/1.1" 200 48223 "http://www.middleeastoday.com/mariam-almheiri-highlights-uaes-ambition-to-scale-collective-action-innovative-solutions-to-address-global-water-challenge/" "Mozilla/5.0 (Windows NT 5.1; rv:5.0) Gecko/20100101 Firefox/5.0"
47.246.164.148 - - [27/Feb/2026:07:28:49 -0500] "GET http://www.middleeastoday.com/wp-includes/css/dist/block-library/style.min.css?ver=6.8.1 HTTP/1.1" 200 14358 "http://www.middleeastoday.com/mariam-almheiri-highlights-uaes-ambition-to-scale-collective-action-innovative-solutions-to-address-global-water-challenge/" "Mozilla/5.0 (Windows NT 5.1; rv:5.0) Gecko/20100101 Firefox/5.0"
47.246.164.140 - - [27/Feb/2026:07:28:50 -0500] "GET http://www.middleeastoday.com/wp-content/themes/digiqole/assets/fonts/iconfont.ttf?5i53bc HTTP/1.1" 200 27432 "http://www.middleeastoday.com/wp-content/themes/digiqole/assets/css/icon-font.css?ver=2.1.1" "Mozilla/5.0 (Windows NT 5.1; rv:5.0) Gecko/20100101 Firefox/5.0"
47.246.164.155 - - [27/Feb/2026:07:28:50 -0500] "GET http://www.middleeastoday.com/wp-content/plugins/elementskit-lite/modules/elementskit-icon-pack/assets/fonts/elementskit.woff?y24e1e HTTP/1.1" 200 459560 "http://www.middleeastoday.com/wp-content/plugins/elementskit-lite/modules/elementskit-icon-pack/assets/css/ekiticons.css?ver=3.5.0" "Mozilla/5.0 (Windows NT 5.1; rv:5.0) Gecko/20100101 Firefox/5.0"
66.249.72.193 - - [27/Feb/2026:07:28:51 -0500] "GET /category/yoga/ HTTP/1.1" 200 18469 "-" "Mozilla/5.0 (Linux; Android 6.0.1; Nexus 5X Build/MMB29P) AppleWebKit/537.36 (KHTML, like Gecko) Chrome/144.0.7559.132 Mobile Safari/537.36 (compatible; Googlebot/2.1; +http://www.google.com/bot.html)"
