113.162.150.115 - - [14/Apr/2026:19:14:47 -0400] "GET /tour/thrilling-malaysia-04-nights-05-days/ HTTP/1.1" 200 25213 "-" "Mozilla/5.0 (Windows NT 10.0; WOW64) AppleWebKit/537.36 (KHTML, like Gecko) Chrome/63.0.3239.132 AOL/11.0 AOLBUILD/11.0.1839 Safari/537.36"
216.73.216.156 - - [14/Apr/2026:19:28:47 -0400] "GET /robots.txt HTTP/1.1" 301 0 "-" "Mozilla/5.0 AppleWebKit/537.36 (KHTML, like Gecko; compatible; ClaudeBot/1.0; [email protected])"
216.73.216.156 - - [14/Apr/2026:19:28:48 -0400] "GET /robots.txt HTTP/1.1" 200 6886 "https://escapetravelservices.com/robots.txt" "Mozilla/5.0 AppleWebKit/537.36 (KHTML, like Gecko; compatible; ClaudeBot/1.0; [email protected])"
216.73.216.156 - - [14/Apr/2026:19:28:48 -0400] "GET /sitemap.xml HTTP/1.1" 301 0 "-" "Mozilla/5.0 AppleWebKit/537.36 (KHTML, like Gecko; compatible; ClaudeBot/1.0; [email protected])"
216.73.216.156 - - [14/Apr/2026:19:28:49 -0400] "GET /sitemap.xml HTTP/1.1" 301 0 "https://escapetravelservices.com/sitemap.xml" "Mozilla/5.0 AppleWebKit/537.36 (KHTML, like Gecko; compatible; ClaudeBot/1.0; [email protected])"
162.213.253.84 - - [14/Apr/2026:19:28:48 -0400] "POST /wp-cron.php?doing_wp_cron=1776209328.9746389389038085937500 HTTP/1.1" 200 0 "https://www.escapetravelservices.com/wp-cron.php?doing_wp_cron=1776209328.9746389389038085937500" "WordPress/6.0; https://www.escapetravelservices.com"
216.73.216.156 - - [14/Apr/2026:19:28:50 -0400] "GET /sitemap_index.xml HTTP/1.1" 200 326 "https://www.escapetravelservices.com/sitemap.xml" "Mozilla/5.0 AppleWebKit/537.36 (KHTML, like Gecko; compatible; ClaudeBot/1.0; [email protected])"
192.46.203.96 - - [14/Apr/2026:19:35:49 -0400] "GET / HTTP/1.1" 200 28868 "-" "Mozilla/5.0 (Windows NT 10.0; Win64; x64) AppleWebKit/537.36 Chrome/120.0.0.0 Safari/537.36"
114.119.136.44 - - [14/Apr/2026:19:36:42 -0400] "GET /destination/uttrakhand/ HTTP/1.1" 200 22500 "http://www.escapetravelservices.com/destination/goa/" "Mozilla/5.0 (Linux; Android 7.0;) AppleWebKit/537.36 (KHTML, like Gecko) Mobile Safari/537.36 (compatible; PetalBot;+https://webmaster.petalsearch.com/site/petalbot)"
69.171.249.11 - - [14/Apr/2026:19:36:51 -0400] "GET / HTTP/1.1" 200 161102 "-" "facebookexternalhit/1.1 (+http://www.facebook.com/externalhit_uatext.php)"
162.213.253.84 - - [14/Apr/2026:19:36:52 -0400] "POST /wp-cron.php?doing_wp_cron=1776209812.3913118839263916015625 HTTP/1.1" 200 0 "https://www.escapetravelservices.com/wp-cron.php?doing_wp_cron=1776209812.3913118839263916015625" "WordPress/6.0; https://www.escapetravelservices.com"
50.6.18.201 - - [14/Apr/2026:19:39:45 -0400] "GET /wp-login.php HTTP/1.1" 200 1910 "-" "Mozilla/5.0 (Windows NT 6.1; WOW64; rv:60.0) Gecko/20100101 Firefox/60.0"
50.6.18.201 - - [14/Apr/2026:19:39:46 -0400] "POST /wp-login.php HTTP/1.1" 200 1984 "https://mail.escapetravelservices.com/wp-login.php" "Mozilla/5.0 (Windows NT 6.1; WOW64; rv:60.0) Gecko/20100101 Firefox/60.0"
69.171.249.15 - - [14/Apr/2026:19:36:51 -0400] "GET / HTTP/1.1" 200 161102 "-" "facebookexternalhit/1.1 (+http://www.facebook.com/externalhit_uatext.php)"
69.171.249.112 - - [14/Apr/2026:19:36:51 -0400] "GET /meta.json HTTP/1.1" 404 132086 "-" "facebookexternalhit/1.1 (+http://www.facebook.com/externalhit_uatext.php)"
69.171.249.11 - - [14/Apr/2026:19:36:52 -0400] "GET /.well-known/ucp HTTP/1.1" 404 132086 "-" "facebookexternalhit/1.1 (+http://www.facebook.com/externalhit_uatext.php)"
162.213.253.84 - - [14/Apr/2026:19:39:47 -0400] "POST /wp-cron.php?doing_wp_cron=1776209987.4427719116210937500000 HTTP/1.1" 200 0 "https://www.escapetravelservices.com/wp-cron.php?doing_wp_cron=1776209987.4427719116210937500000" "WordPress/6.0; https://www.escapetravelservices.com"
114.119.136.44 - - [14/Apr/2026:19:43:50 -0400] "GET /tours/page/5/ HTTP/1.1" 200 31095 "https://www.escapetravelservices.com/tours/page/4" "Mozilla/5.0 (Linux; Android 7.0;) AppleWebKit/537.36 (KHTML, like Gecko) Mobile Safari/537.36 (compatible; PetalBot;+https://webmaster.petalsearch.com/site/petalbot)"
216.73.216.156 - - [14/Apr/2026:19:52:21 -0400] "GET /sitemap.xml HTTP/1.1" 301 0 "-" "Mozilla/5.0 AppleWebKit/537.36 (KHTML, like Gecko; compatible; ClaudeBot/1.0; [email protected])"
216.73.216.156 - - [14/Apr/2026:19:52:22 -0400] "GET /sitemap_index.xml HTTP/1.1" 200 326 "https://www.escapetravelservices.com/sitemap.xml" "Mozilla/5.0 AppleWebKit/537.36 (KHTML, like Gecko; compatible; ClaudeBot/1.0; [email protected])"
143.198.166.34 - - [14/Apr/2026:19:56:00 -0400] "GET /.git/config HTTP/1.1" 403 1242 "-" "Mozilla/5.0 (X11; Linux x86_64) AppleWebKit/537.36 (KHTML, like Gecko) Chrome/81.0.4044.129 Safari/537.36"
162.213.253.84 - - [14/Apr/2026:19:56:57 -0400] "POST /wp-cron.php?doing_wp_cron=1776211017.8282821178436279296875 HTTP/1.1" 200 0 "https://www.escapetravelservices.com/wp-cron.php?doing_wp_cron=1776211017.8282821178436279296875" "WordPress/6.0; https://www.escapetravelservices.com"
20.211.123.94 - - [14/Apr/2026:19:56:57 -0400] "GET /admin.php HTTP/1.1" 301 0 "-" "Mozilla/5.0 (Windows NT 10.0; Win64; x64) AppleWebKit/537.36 (KHTML, like Gecko) Chrome/120.0.0.0 Safari/537.36"
20.211.123.94 - - [14/Apr/2026:19:56:59 -0400] "GET /goods.php HTTP/1.1" 301 0 "-" "Mozilla/5.0 (Windows NT 10.0; Win64; x64) AppleWebKit/537.36 (KHTML, like Gecko) Chrome/120.0.0.0 Safari/537.36"
20.211.123.94 - - [14/Apr/2026:19:57:00 -0400] "GET /ms-edit.php HTTP/1.1" 301 0 "-" "Mozilla/5.0 (Windows NT 10.0; Win64; x64) AppleWebKit/537.36 (KHTML, like Gecko) Chrome/120.0.0.0 Safari/537.36"
20.211.123.94 - - [14/Apr/2026:19:57:03 -0400] "GET /file3.php HTTP/1.1" 301 0 "-" "Mozilla/5.0 (Windows NT 10.0; Win64; x64) AppleWebKit/537.36 (KHTML, like Gecko) Chrome/120.0.0.0 Safari/537.36"
20.211.123.94 - - [14/Apr/2026:19:57:05 -0400] "GET /.dj/index.php HTTP/1.1" 301 0 "-" "Mozilla/5.0 (Windows NT 10.0; Win64; x64) AppleWebKit/537.36 (KHTML, like Gecko) Chrome/120.0.0.0 Safari/537.36"
20.211.123.94 - - [14/Apr/2026:19:57:06 -0400] "GET /adminfuns.php HTTP/1.1" 301 0 "-" "Mozilla/5.0 (Windows NT 10.0; Win64; x64) AppleWebKit/537.36 (KHTML, like Gecko) Chrome/120.0.0.0 Safari/537.36"
20.211.123.94 - - [14/Apr/2026:19:57:09 -0400] "GET /ioxi-o.php HTTP/1.1" 301 0 "-" "Mozilla/5.0 (Windows NT 10.0; Win64; x64) AppleWebKit/537.36 (KHTML, like Gecko) Chrome/120.0.0.0 Safari/537.36"
20.211.123.94 - - [14/Apr/2026:19:57:10 -0400] "GET /011i.php HTTP/1.1" 301 0 "-" "Mozilla/5.0 (Windows NT 10.0; Win64; x64) AppleWebKit/537.36 (KHTML, like Gecko) Chrome/120.0.0.0 Safari/537.36"
20.211.123.94 - - [14/Apr/2026:19:57:12 -0400] "GET /166.php HTTP/1.1" 301 0 "-" "Mozilla/5.0 (Windows NT 10.0; Win64; x64) AppleWebKit/537.36 (KHTML, like Gecko) Chrome/120.0.0.0 Safari/537.36"
20.211.123.94 - - [14/Apr/2026:19:57:12 -0400] "GET /wp-mail.php HTTP/1.1" 403 952 "-" "Mozilla/5.0 (Windows NT 10.0; Win64; x64) AppleWebKit/537.36 (KHTML, like Gecko) Chrome/120.0.0.0 Safari/537.36"
20.211.123.94 - - [14/Apr/2026:19:57:14 -0400] "GET /grsiuk.php HTTP/1.1" 301 0 "-" "Mozilla/5.0 (Windows NT 10.0; Win64; x64) AppleWebKit/537.36 (KHTML, like Gecko) Chrome/120.0.0.0 Safari/537.36"
20.211.123.94 - - [14/Apr/2026:19:57:16 -0400] "GET /ws38.php HTTP/1.1" 301 0 "-" "Mozilla/5.0 (Windows NT 10.0; Win64; x64) AppleWebKit/537.36 (KHTML, like Gecko) Chrome/120.0.0.0 Safari/537.36"
20.211.123.94 - - [14/Apr/2026:19:57:16 -0400] "GET /a7.php HTTP/1.1" 301 0 "-" "Mozilla/5.0 (Windows NT 10.0; Win64; x64) AppleWebKit/537.36 (KHTML, like Gecko) Chrome/120.0.0.0 Safari/537.36"
20.211.123.94 - - [14/Apr/2026:19:57:17 -0400] "GET /classsmtps.php HTTP/1.1" 301 0 "-" "Mozilla/5.0 (Windows NT 10.0; Win64; x64) AppleWebKit/537.36 (KHTML, like Gecko) Chrome/120.0.0.0 Safari/537.36"
20.211.123.94 - - [14/Apr/2026:19:57:18 -0400] "GET /CDX1.php HTTP/1.1" 301 0 "-" "Mozilla/5.0 (Windows NT 10.0; Win64; x64) AppleWebKit/537.36 (KHTML, like Gecko) Chrome/120.0.0.0 Safari/537.36"
20.211.123.94 - - [14/Apr/2026:19:57:19 -0400] "GET /rip.php HTTP/1.1" 301 0 "-" "Mozilla/5.0 (Windows NT 10.0; Win64; x64) AppleWebKit/537.36 (KHTML, like Gecko) Chrome/120.0.0.0 Safari/537.36"
216.73.216.156 - - [14/Apr/2026:19:52:21 -0400] "GET /robots.txt HTTP/1.1" 200 6886 "-" "Mozilla/5.0 AppleWebKit/537.36 (KHTML, like Gecko; compatible; ClaudeBot/1.0; [email protected])"
162.213.253.84 - - [14/Apr/2026:19:52:22 -0400] "POST /wp-cron.php?doing_wp_cron=1776210742.6433539390563964843750 HTTP/1.1" 200 0 "https://www.escapetravelservices.com/wp-cron.php?doing_wp_cron=1776210742.6433539390563964843750" "WordPress/6.0; https://www.escapetravelservices.com"
20.211.123.94 - - [14/Apr/2026:19:56:58 -0400] "GET /inputs.php HTTP/1.1" 301 0 "-" "Mozilla/5.0 (Windows NT 10.0; Win64; x64) AppleWebKit/537.36 (KHTML, like Gecko) Chrome/120.0.0.0 Safari/537.36"
20.211.123.94 - - [14/Apr/2026:19:56:59 -0400] "GET /file.php HTTP/1.1" 301 0 "-" "Mozilla/5.0 (Windows NT 10.0; Win64; x64) AppleWebKit/537.36 (KHTML, like Gecko) Chrome/120.0.0.0 Safari/537.36"
20.211.123.94 - - [14/Apr/2026:19:57:01 -0400] "GET /bgymj.php HTTP/1.1" 301 0 "-" "Mozilla/5.0 (Windows NT 10.0; Win64; x64) AppleWebKit/537.36 (KHTML, like Gecko) Chrome/120.0.0.0 Safari/537.36"
20.211.123.94 - - [14/Apr/2026:19:57:01 -0400] "GET /wp-content/plugins/twenty/login.php HTTP/1.1" 301 0 "-" "Mozilla/5.0 (Windows NT 10.0; Win64; x64) AppleWebKit/537.36 (KHTML, like Gecko) Chrome/120.0.0.0 Safari/537.36"
20.211.123.94 - - [14/Apr/2026:19:57:02 -0400] "GET /404.php HTTP/1.1" 301 0 "-" "Mozilla/5.0 (Windows NT 10.0; Win64; x64) AppleWebKit/537.36 (KHTML, like Gecko) Chrome/120.0.0.0 Safari/537.36"
20.211.123.94 - - [14/Apr/2026:19:57:04 -0400] "GET /wp-mail.php HTTP/1.1" 403 952 "-" "Mozilla/5.0 (Windows NT 10.0; Win64; x64) AppleWebKit/537.36 (KHTML, like Gecko) Chrome/120.0.0.0 Safari/537.36"
20.211.123.94 - - [14/Apr/2026:19:57:04 -0400] "GET /about.php HTTP/1.1" 301 0 "-" "Mozilla/5.0 (Windows NT 10.0; Win64; x64) AppleWebKit/537.36 (KHTML, like Gecko) Chrome/120.0.0.0 Safari/537.36"
20.211.123.94 - - [14/Apr/2026:19:57:05 -0400] "GET /wp.php HTTP/1.1" 301 0 "-" "Mozilla/5.0 (Windows NT 10.0; Win64; x64) AppleWebKit/537.36 (KHTML, like Gecko) Chrome/120.0.0.0 Safari/537.36"
20.211.123.94 - - [14/Apr/2026:19:57:07 -0400] "GET /php8.php HTTP/1.1" 301 0 "-" "Mozilla/5.0 (Windows NT 10.0; Win64; x64) AppleWebKit/537.36 (KHTML, like Gecko) Chrome/120.0.0.0 Safari/537.36"
20.211.123.94 - - [14/Apr/2026:19:57:08 -0400] "GET /classwithtostring.php HTTP/1.1" 301 0 "-" "Mozilla/5.0 (Windows NT 10.0; Win64; x64) AppleWebKit/537.36 (KHTML, like Gecko) Chrome/120.0.0.0 Safari/537.36"
20.211.123.94 - - [14/Apr/2026:19:57:09 -0400] "GET /info.php HTTP/1.1" 301 0 "-" "Mozilla/5.0 (Windows NT 10.0; Win64; x64) AppleWebKit/537.36 (KHTML, like Gecko) Chrome/120.0.0.0 Safari/537.36"
20.211.123.94 - - [14/Apr/2026:19:57:11 -0400] "GET /sid3.php HTTP/1.1" 301 0 "-" "Mozilla/5.0 (Windows NT 10.0; Win64; x64) AppleWebKit/537.36 (KHTML, like Gecko) Chrome/120.0.0.0 Safari/537.36"
20.211.123.94 - - [14/Apr/2026:19:57:13 -0400] "GET /leaf.php HTTP/1.1" 301 0 "-" "Mozilla/5.0 (Windows NT 10.0; Win64; x64) AppleWebKit/537.36 (KHTML, like Gecko) Chrome/120.0.0.0 Safari/537.36"
20.211.123.94 - - [14/Apr/2026:19:57:15 -0400] "GET /8.php HTTP/1.1" 301 0 "-" "Mozilla/5.0 (Windows NT 10.0; Win64; x64) AppleWebKit/537.36 (KHTML, like Gecko) Chrome/120.0.0.0 Safari/537.36"
20.211.123.94 - - [14/Apr/2026:19:57:15 -0400] "GET /fs.php HTTP/1.1" 301 0 "-" "Mozilla/5.0 (Windows NT 10.0; Win64; x64) AppleWebKit/537.36 (KHTML, like Gecko) Chrome/120.0.0.0 Safari/537.36"
20.211.123.94 - - [14/Apr/2026:19:57:18 -0400] "GET /amax.php HTTP/1.1" 301 0 "-" "Mozilla/5.0 (Windows NT 10.0; Win64; x64) AppleWebKit/537.36 (KHTML, like Gecko) Chrome/120.0.0.0 Safari/537.36"
20.211.123.94 - - [14/Apr/2026:19:57:22 -0400] "GET /php.php HTTP/1.1" 301 0 "-" "Mozilla/5.0 (Windows NT 10.0; Win64; x64) AppleWebKit/537.36 (KHTML, like Gecko) Chrome/120.0.0.0 Safari/537.36"
20.211.123.94 - - [14/Apr/2026:19:57:22 -0400] "GET /wp-Blogs.php HTTP/1.1" 301 0 "-" "Mozilla/5.0 (Windows NT 10.0; Win64; x64) AppleWebKit/537.36 (KHTML, like Gecko) Chrome/120.0.0.0 Safari/537.36"
20.211.123.94 - - [14/Apr/2026:19:57:23 -0400] "GET /wp-content/index.php HTTP/1.1" 200 0 "-" "Mozilla/5.0 (Windows NT 10.0; Win64; x64) AppleWebKit/537.36 (KHTML, like Gecko) Chrome/120.0.0.0 Safari/537.36"
20.211.123.94 - - [14/Apr/2026:19:57:23 -0400] "GET /wp-content/plugins/beteng88/ws83.php HTTP/1.1" 301 0 "-" "Mozilla/5.0 (Windows NT 10.0; Win64; x64) AppleWebKit/537.36 (KHTML, like Gecko) Chrome/120.0.0.0 Safari/537.36"
20.211.123.94 - - [14/Apr/2026:19:57:25 -0400] "GET /file61.php HTTP/1.1" 301 0 "-" "Mozilla/5.0 (Windows NT 10.0; Win64; x64) AppleWebKit/537.36 (KHTML, like Gecko) Chrome/120.0.0.0 Safari/537.36"
20.211.123.94 - - [14/Apr/2026:19:57:25 -0400] "GET /sadcut1.php HTTP/1.1" 301 0 "-" "Mozilla/5.0 (Windows NT 10.0; Win64; x64) AppleWebKit/537.36 (KHTML, like Gecko) Chrome/120.0.0.0 Safari/537.36"
20.211.123.94 - - [14/Apr/2026:19:57:26 -0400] "GET /y.php HTTP/1.1" 301 0 "-" "Mozilla/5.0 (Windows NT 10.0; Win64; x64) AppleWebKit/537.36 (KHTML, like Gecko) Chrome/120.0.0.0 Safari/537.36"
20.211.123.94 - - [14/Apr/2026:19:57:26 -0400] "GET /akcc.php HTTP/1.1" 301 0 "-" "Mozilla/5.0 (Windows NT 10.0; Win64; x64) AppleWebKit/537.36 (KHTML, like Gecko) Chrome/120.0.0.0 Safari/537.36"
20.211.123.94 - - [14/Apr/2026:19:57:28 -0400] "GET /index/function.php HTTP/1.1" 301 0 "-" "Mozilla/5.0 (Windows NT 10.0; Win64; x64) AppleWebKit/537.36 (KHTML, like Gecko) Chrome/120.0.0.0 Safari/537.36"
20.211.123.94 - - [14/Apr/2026:19:57:29 -0400] "GET /term.php HTTP/1.1" 301 0 "-" "Mozilla/5.0 (Windows NT 10.0; Win64; x64) AppleWebKit/537.36 (KHTML, like Gecko) Chrome/120.0.0.0 Safari/537.36"
162.213.253.84 - - [14/Apr/2026:19:57:30 -0400] "POST /wp-cron.php?doing_wp_cron=1776211050.3564260005950927734375 HTTP/1.1" 200 0 "https://www.escapetravelservices.com/wp-cron.php?doing_wp_cron=1776211050.3564260005950927734375" "WordPress/6.0; https://www.escapetravelservices.com"
20.211.123.94 - - [14/Apr/2026:19:57:29 -0400] "GET /666.php HTTP/1.1" 301 0 "-" "Mozilla/5.0 (Windows NT 10.0; Win64; x64) AppleWebKit/537.36 (KHTML, like Gecko) Chrome/120.0.0.0 Safari/537.36"
20.211.123.94 - - [14/Apr/2026:19:57:31 -0400] "GET /7.php HTTP/1.1" 301 0 "-" "Mozilla/5.0 (Windows NT 10.0; Win64; x64) AppleWebKit/537.36 (KHTML, like Gecko) Chrome/120.0.0.0 Safari/537.36"
20.211.123.94 - - [14/Apr/2026:19:57:31 -0400] "GET /wp-config-sample.php HTTP/1.1" 500 915 "-" "Mozilla/5.0 (Windows NT 10.0; Win64; x64) AppleWebKit/537.36 (KHTML, like Gecko) Chrome/120.0.0.0 Safari/537.36"
20.211.123.94 - - [14/Apr/2026:19:57:31 -0400] "GET /log.php HTTP/1.1" 301 0 "-" "Mozilla/5.0 (Windows NT 10.0; Win64; x64) AppleWebKit/537.36 (KHTML, like Gecko) Chrome/120.0.0.0 Safari/537.36"
20.211.123.94 - - [14/Apr/2026:19:57:32 -0400] "GET /a5.php HTTP/1.1" 301 0 "-" "Mozilla/5.0 (Windows NT 10.0; Win64; x64) AppleWebKit/537.36 (KHTML, like Gecko) Chrome/120.0.0.0 Safari/537.36"
20.211.123.94 - - [14/Apr/2026:19:57:33 -0400] "GET /bolt.php HTTP/1.1" 301 0 "-" "Mozilla/5.0 (Windows NT 10.0; Win64; x64) AppleWebKit/537.36 (KHTML, like Gecko) Chrome/120.0.0.0 Safari/537.36"
20.211.123.94 - - [14/Apr/2026:19:57:34 -0400] "GET /x.php HTTP/1.1" 301 0 "-" "Mozilla/5.0 (Windows NT 10.0; Win64; x64) AppleWebKit/537.36 (KHTML, like Gecko) Chrome/120.0.0.0 Safari/537.36"
20.211.123.94 - - [14/Apr/2026:19:57:35 -0400] "GET /jga.php HTTP/1.1" 301 0 "-" "Mozilla/5.0 (Windows NT 10.0; Win64; x64) AppleWebKit/537.36 (KHTML, like Gecko) Chrome/120.0.0.0 Safari/537.36"
20.211.123.94 - - [14/Apr/2026:19:57:36 -0400] "GET /vx.php HTTP/1.1" 301 0 "-" "Mozilla/5.0 (Windows NT 10.0; Win64; x64) AppleWebKit/537.36 (KHTML, like Gecko) Chrome/120.0.0.0 Safari/537.36"
20.211.123.94 - - [14/Apr/2026:19:57:39 -0400] "GET /wp-content/plugins/admin.php HTTP/1.1" 301 0 "-" "Mozilla/5.0 (Windows NT 10.0; Win64; x64) AppleWebKit/537.36 (KHTML, like Gecko) Chrome/120.0.0.0 Safari/537.36"
20.211.123.94 - - [14/Apr/2026:19:57:39 -0400] "GET /asd.php HTTP/1.1" 301 0 "-" "Mozilla/5.0 (Windows NT 10.0; Win64; x64) AppleWebKit/537.36 (KHTML, like Gecko) Chrome/120.0.0.0 Safari/537.36"
20.211.123.94 - - [14/Apr/2026:19:57:41 -0400] "GET /gettest.php HTTP/1.1" 301 0 "-" "Mozilla/5.0 (Windows NT 10.0; Win64; x64) AppleWebKit/537.36 (KHTML, like Gecko) Chrome/120.0.0.0 Safari/537.36"
20.211.123.94 - - [14/Apr/2026:19:57:41 -0400] "GET /install.php HTTP/1.1" 301 0 "-" "Mozilla/5.0 (Windows NT 10.0; Win64; x64) AppleWebKit/537.36 (KHTML, like Gecko) Chrome/120.0.0.0 Safari/537.36"
20.211.123.94 - - [14/Apr/2026:19:57:43 -0400] "GET /ws81.php HTTP/1.1" 301 0 "-" "Mozilla/5.0 (Windows NT 10.0; Win64; x64) AppleWebKit/537.36 (KHTML, like Gecko) Chrome/120.0.0.0 Safari/537.36"
20.211.123.94 - - [14/Apr/2026:19:57:43 -0400] "GET /222.php HTTP/1.1" 301 0 "-" "Mozilla/5.0 (Windows NT 10.0; Win64; x64) AppleWebKit/537.36 (KHTML, like Gecko) Chrome/120.0.0.0 Safari/537.36"
20.211.123.94 - - [14/Apr/2026:19:57:44 -0400] "GET /tmp.php HTTP/1.1" 301 0 "-" "Mozilla/5.0 (Windows NT 10.0; Win64; x64) AppleWebKit/537.36 (KHTML, like Gecko) Chrome/120.0.0.0 Safari/537.36"
20.211.123.94 - - [14/Apr/2026:19:57:47 -0400] "GET /onclickfuns.php HTTP/1.1" 301 0 "-" "Mozilla/5.0 (Windows NT 10.0; Win64; x64) AppleWebKit/537.36 (KHTML, like Gecko) Chrome/120.0.0.0 Safari/537.36"
20.211.123.94 - - [14/Apr/2026:19:57:49 -0400] "GET /wp-admin/maint/about.php HTTP/1.1" 301 0 "-" "Mozilla/5.0 (Windows NT 10.0; Win64; x64) AppleWebKit/537.36 (KHTML, like Gecko) Chrome/120.0.0.0 Safari/537.36"
20.211.123.94 - - [14/Apr/2026:19:57:49 -0400] "GET /wp-content/plugins/index.php HTTP/1.1" 200 0 "-" "Mozilla/5.0 (Windows NT 10.0; Win64; x64) AppleWebKit/537.36 (KHTML, like Gecko) Chrome/120.0.0.0 Safari/537.36"
20.211.123.94 - - [14/Apr/2026:19:57:50 -0400] "GET /wp-good.php HTTP/1.1" 301 0 "-" "Mozilla/5.0 (Windows NT 10.0; Win64; x64) AppleWebKit/537.36 (KHTML, like Gecko) Chrome/120.0.0.0 Safari/537.36"
20.211.123.94 - - [14/Apr/2026:19:57:52 -0400] "GET /item.php HTTP/1.1" 301 0 "-" "Mozilla/5.0 (Windows NT 10.0; Win64; x64) AppleWebKit/537.36 (KHTML, like Gecko) Chrome/120.0.0.0 Safari/537.36"
20.211.123.94 - - [14/Apr/2026:19:57:53 -0400] "GET /rh.php HTTP/1.1" 301 0 "-" "Mozilla/5.0 (Windows NT 10.0; Win64; x64) AppleWebKit/537.36 (KHTML, like Gecko) Chrome/120.0.0.0 Safari/537.36"
148.113.130.165 - - [14/Apr/2026:19:58:20 -0400] "GET /destination/goa/ HTTP/1.1" 200 20857 "-" "Mozilla/5.0 (compatible; AhrefsBot/7.0; +http://ahrefs.com/robot/)"
142.44.220.21 - - [14/Apr/2026:20:01:34 -0400] "GET /wp-content/plugins/sliding-enquiry-form/captha/CaptchaSecurityImages.php?width=100&height=40&characters=5&code=qcd2md HTTP/1.1" 200 175 "-" "Mozilla/5.0 (compatible; AhrefsBot/7.0; +http://ahrefs.com/robot/)"
20.211.123.94 - - [14/Apr/2026:19:57:20 -0400] "GET /1.php HTTP/1.1" 301 0 "-" "Mozilla/5.0 (Windows NT 10.0; Win64; x64) AppleWebKit/537.36 (KHTML, like Gecko) Chrome/120.0.0.0 Safari/537.36"
20.211.123.94 - - [14/Apr/2026:19:57:20 -0400] "GET /chosen.php HTTP/1.1" 301 0 "-" "Mozilla/5.0 (Windows NT 10.0; Win64; x64) AppleWebKit/537.36 (KHTML, like Gecko) Chrome/120.0.0.0 Safari/537.36"
20.211.123.94 - - [14/Apr/2026:19:57:21 -0400] "GET /css.php HTTP/1.1" 301 0 "-" "Mozilla/5.0 (Windows NT 10.0; Win64; x64) AppleWebKit/537.36 (KHTML, like Gecko) Chrome/120.0.0.0 Safari/537.36"
20.211.123.94 - - [14/Apr/2026:19:57:24 -0400] "GET /ws83.php HTTP/1.1" 301 0 "-" "Mozilla/5.0 (Windows NT 10.0; Win64; x64) AppleWebKit/537.36 (KHTML, like Gecko) Chrome/120.0.0.0 Safari/537.36"
20.211.123.94 - - [14/Apr/2026:19:57:27 -0400] "GET /wp-admin/user/12.php HTTP/1.1" 301 0 "-" "Mozilla/5.0 (Windows NT 10.0; Win64; x64) AppleWebKit/537.36 (KHTML, like Gecko) Chrome/120.0.0.0 Safari/537.36"
20.211.123.94 - - [14/Apr/2026:19:57:33 -0400] "GET /aa.php HTTP/1.1" 301 0 "-" "Mozilla/5.0 (Windows NT 10.0; Win64; x64) AppleWebKit/537.36 (KHTML, like Gecko) Chrome/120.0.0.0 Safari/537.36"
20.211.123.94 - - [14/Apr/2026:19:57:35 -0400] "GET /k.php HTTP/1.1" 301 0 "-" "Mozilla/5.0 (Windows NT 10.0; Win64; x64) AppleWebKit/537.36 (KHTML, like Gecko) Chrome/120.0.0.0 Safari/537.36"
20.211.123.94 - - [14/Apr/2026:19:57:37 -0400] "GET /ws77.php HTTP/1.1" 301 0 "-" "Mozilla/5.0 (Windows NT 10.0; Win64; x64) AppleWebKit/537.36 (KHTML, like Gecko) Chrome/120.0.0.0 Safari/537.36"
20.211.123.94 - - [14/Apr/2026:19:57:37 -0400] "GET /2.php HTTP/1.1" 301 0 "-" "Mozilla/5.0 (Windows NT 10.0; Win64; x64) AppleWebKit/537.36 (KHTML, like Gecko) Chrome/120.0.0.0 Safari/537.36"
20.211.123.94 - - [14/Apr/2026:19:57:38 -0400] "GET /abcd.php HTTP/1.1" 301 0 "-" "Mozilla/5.0 (Windows NT 10.0; Win64; x64) AppleWebKit/537.36 (KHTML, like Gecko) Chrome/120.0.0.0 Safari/537.36"
20.211.123.94 - - [14/Apr/2026:19:57:40 -0400] "GET /default.php HTTP/1.1" 301 0 "-" "Mozilla/5.0 (Windows NT 10.0; Win64; x64) AppleWebKit/537.36 (KHTML, like Gecko) Chrome/120.0.0.0 Safari/537.36"
20.211.123.94 - - [14/Apr/2026:19:57:42 -0400] "GET /tfm.php HTTP/1.1" 301 0 "-" "Mozilla/5.0 (Windows NT 10.0; Win64; x64) AppleWebKit/537.36 (KHTML, like Gecko) Chrome/120.0.0.0 Safari/537.36"
20.211.123.94 - - [14/Apr/2026:19:57:45 -0400] "GET /wp-admin/maint/index.php HTTP/1.1" 301 0 "-" "Mozilla/5.0 (Windows NT 10.0; Win64; x64) AppleWebKit/537.36 (KHTML, like Gecko) Chrome/120.0.0.0 Safari/537.36"
20.211.123.94 - - [14/Apr/2026:19:57:45 -0400] "GET /6xBAm3vODE05BSzkJZRAws.php HTTP/1.1" 301 0 "-" "Mozilla/5.0 (Windows NT 10.0; Win64; x64) AppleWebKit/537.36 (KHTML, like Gecko) Chrome/120.0.0.0 Safari/537.36"
20.211.123.94 - - [14/Apr/2026:19:57:46 -0400] "GET /a.php HTTP/1.1" 301 0 "-" "Mozilla/5.0 (Windows NT 10.0; Win64; x64) AppleWebKit/537.36 (KHTML, like Gecko) Chrome/120.0.0.0 Safari/537.36"
20.211.123.94 - - [14/Apr/2026:19:57:47 -0400] "GET /a1.php HTTP/1.1" 301 0 "-" "Mozilla/5.0 (Windows NT 10.0; Win64; x64) AppleWebKit/537.36 (KHTML, like Gecko) Chrome/120.0.0.0 Safari/537.36"
20.211.123.94 - - [14/Apr/2026:19:57:48 -0400] "GET /w.php HTTP/1.1" 301 0 "-" "Mozilla/5.0 (Windows NT 10.0; Win64; x64) AppleWebKit/537.36 (KHTML, like Gecko) Chrome/120.0.0.0 Safari/537.36"
20.211.123.94 - - [14/Apr/2026:19:57:50 -0400] "GET /.info.php HTTP/1.1" 301 0 "-" "Mozilla/5.0 (Windows NT 10.0; Win64; x64) AppleWebKit/537.36 (KHTML, like Gecko) Chrome/120.0.0.0 Safari/537.36"
20.211.123.94 - - [14/Apr/2026:19:57:51 -0400] "GET /config.php HTTP/1.1" 301 0 "-" "Mozilla/5.0 (Windows NT 10.0; Win64; x64) AppleWebKit/537.36 (KHTML, like Gecko) Chrome/120.0.0.0 Safari/537.36"
20.211.123.94 - - [14/Apr/2026:19:57:53 -0400] "GET /m.php HTTP/1.1" 301 0 "-" "Mozilla/5.0 (Windows NT 10.0; Win64; x64) AppleWebKit/537.36 (KHTML, like Gecko) Chrome/120.0.0.0 Safari/537.36"
178.128.75.24 - - [14/Apr/2026:20:10:31 -0400] "GET /wp-login.php HTTP/1.1" 200 1910 "-" "Mozilla/4.0 (compatible; MSIE 7.0; Windows NT 6.3; WOW64; Trident/7.0; .NET4.0C; .NET4.0E; .NET CLR 2.0.50727; .NET CLR 3.0.30729; .NET CLR 3.5.30729)"
162.213.253.84 - - [14/Apr/2026:20:10:32 -0400] "POST /wp-cron.php?doing_wp_cron=1776211832.2455470561981201171875 HTTP/1.1" 200 0 "https://www.escapetravelservices.com/wp-cron.php?doing_wp_cron=1776211832.2455470561981201171875" "WordPress/6.0; https://www.escapetravelservices.com"
178.128.75.24 - - [14/Apr/2026:20:10:31 -0400] "POST /wp-login.php HTTP/1.1" 200 1983 "https://mail.escapetravelservices.com/wp-login.php" "Mozilla/4.0 (compatible; MSIE 7.0; Windows NT 6.3; WOW64; Trident/7.0; .NET4.0C; .NET4.0E; .NET CLR 2.0.50727; .NET CLR 3.0.30729; .NET CLR 3.5.30729)"
45.61.186.111 - - [14/Apr/2026:20:08:43 -0400] "GET /wp-login.php HTTP/1.1" 200 1910 "-" "Mozilla/5.0 (Windows NT 10.0; Win64; x64) AppleWebKit/537.36 (KHTML, like Gecko) Chrome/134.0.0.0 Safari/537.36"
198.98.48.6 - - [14/Apr/2026:20:18:58 -0400] "GET /wp-login.php HTTP/1.1" 200 1910 "-" "Mozilla/5.0 (Windows NT 10.0; Win64; x64) AppleWebKit/537.36 (KHTML, like Gecko) Chrome/134.0.0.0 Safari/537.36"
64.181.252.24 - - [14/Apr/2026:20:22:01 -0400] "GET /wp-content/uploads/2022/06/Marvelous-Phuket-Krabi-700x466.jpg HTTP/1.1" 200 60497 "-" "Mozilla/5.0 (X11; Linux x86_64) AppleWebKit/537.36 (KHTML, like Gecko) Chrome/120.0.0.0 Safari/537.36"
43.165.1.59 - - [14/Apr/2026:20:22:02 -0400] "GET /index.php?rest_route=/wp/v2/pages&_fields=content HTTP/1.1" 200 33168 "-" "Mozilla/5.0 (Windows NT 10.0; Win64; x64) AppleWebKit/537.36 (KHTML, like Gecko) Chrome/134.0.0.0 Safari/537.36"
162.213.253.84 - - [14/Apr/2026:20:22:03 -0400] "POST /wp-cron.php?doing_wp_cron=1776212523.5632228851318359375000 HTTP/1.1" 200 0 "https://www.escapetravelservices.com/wp-cron.php?doing_wp_cron=1776212523.5632228851318359375000" "WordPress/6.0; https://www.escapetravelservices.com"
104.210.140.132 - - [14/Apr/2026:20:37:40 -0400] "GET /robots.txt HTTP/1.1" 301 0 "-" "Mozilla/5.0 (Macintosh; Intel Mac OS X 10_15_7) AppleWebKit/537.36 (KHTML, like Gecko) Chrome/131.0.0.0 Safari/537.36; compatible; OAI-SearchBot/1.0; +https://openai.com/searchbot"
162.213.253.84 - - [14/Apr/2026:20:38:06 -0400] "POST /wp-cron.php?doing_wp_cron=1776213486.9213509559631347656250 HTTP/1.1" 200 0 "https://www.escapetravelservices.com/wp-cron.php?doing_wp_cron=1776213486.9213509559631347656250" "WordPress/6.0; https://www.escapetravelservices.com"
4.196.165.107 - - [14/Apr/2026:20:38:08 -0400] "GET /ioxi-o.php HTTP/1.1" 404 23870 "-" "Mozilla/5.0 (Windows NT 10.0; Win64; x64) AppleWebKit/537.36 (KHTML, like Gecko) Chrome/120.0.0.0 Safari/537.36"
4.196.165.107 - - [14/Apr/2026:20:38:09 -0400] "GET /admin.php HTTP/1.1" 404 23870 "-" "Mozilla/5.0 (Windows NT 10.0; Win64; x64) AppleWebKit/537.36 (KHTML, like Gecko) Chrome/120.0.0.0 Safari/537.36"
4.196.165.107 - - [14/Apr/2026:20:38:10 -0400] "GET /goods.php HTTP/1.1" 404 23872 "-" "Mozilla/5.0 (Windows NT 10.0; Win64; x64) AppleWebKit/537.36 (KHTML, like Gecko) Chrome/120.0.0.0 Safari/537.36"
4.196.165.107 - - [14/Apr/2026:20:38:11 -0400] "GET /.well-known/ HTTP/1.1" 403 1242 "-" "Mozilla/5.0 (Windows NT 10.0; Win64; x64) AppleWebKit/537.36 (KHTML, like Gecko) Chrome/120.0.0.0 Safari/537.36"
4.196.165.107 - - [14/Apr/2026:20:38:11 -0400] "GET /wp-includes/ HTTP/1.1" 403 1242 "-" "Mozilla/5.0 (Windows NT 10.0; Win64; x64) AppleWebKit/537.36 (KHTML, like Gecko) Chrome/120.0.0.0 Safari/537.36"
4.196.165.107 - - [14/Apr/2026:20:38:11 -0400] "GET /wp-content/plugins/beteng83/ws78.php HTTP/1.1" 404 23870 "-" "Mozilla/5.0 (Windows NT 10.0; Win64; x64) AppleWebKit/537.36 (KHTML, like Gecko) Chrome/120.0.0.0 Safari/537.36"
4.196.165.107 - - [14/Apr/2026:20:38:13 -0400] "GET /adminfuns.php HTTP/1.1" 404 23872 "-" "Mozilla/5.0 (Windows NT 10.0; Win64; x64) AppleWebKit/537.36 (KHTML, like Gecko) Chrome/120.0.0.0 Safari/537.36"
4.196.165.107 - - [14/Apr/2026:20:38:14 -0400] "GET /file.php HTTP/1.1" 404 23872 "-" "Mozilla/5.0 (Windows NT 10.0; Win64; x64) AppleWebKit/537.36 (KHTML, like Gecko) Chrome/120.0.0.0 Safari/537.36"
4.196.165.107 - - [14/Apr/2026:20:38:18 -0400] "GET /ws77.php HTTP/1.1" 404 23870 "-" "Mozilla/5.0 (Windows NT 10.0; Win64; x64) AppleWebKit/537.36 (KHTML, like Gecko) Chrome/120.0.0.0 Safari/537.36"
4.196.165.107 - - [14/Apr/2026:20:38:20 -0400] "GET /cgi-bin/ HTTP/1.1" 403 1242 "-" "Mozilla/5.0 (Windows NT 10.0; Win64; x64) AppleWebKit/537.36 (KHTML, like Gecko) Chrome/120.0.0.0 Safari/537.36"
4.196.165.107 - - [14/Apr/2026:20:38:21 -0400] "GET /install.php HTTP/1.1" 404 23870 "-" "Mozilla/5.0 (Windows NT 10.0; Win64; x64) AppleWebKit/537.36 (KHTML, like Gecko) Chrome/120.0.0.0 Safari/537.36"
4.196.165.107 - - [14/Apr/2026:20:38:23 -0400] "GET /wp-content/themes/theme/about.php HTTP/1.1" 404 23870 "-" "Mozilla/5.0 (Windows NT 10.0; Win64; x64) AppleWebKit/537.36 (KHTML, like Gecko) Chrome/120.0.0.0 Safari/537.36"
4.196.165.107 - - [14/Apr/2026:20:38:24 -0400] "GET /as.php HTTP/1.1" 404 23870 "-" "Mozilla/5.0 (Windows NT 10.0; Win64; x64) AppleWebKit/537.36 (KHTML, like Gecko) Chrome/120.0.0.0 Safari/537.36"
4.196.165.107 - - [14/Apr/2026:20:38:25 -0400] "GET /term.php HTTP/1.1" 404 23870 "-" "Mozilla/5.0 (Windows NT 10.0; Win64; x64) AppleWebKit/537.36 (KHTML, like Gecko) Chrome/120.0.0.0 Safari/537.36"
4.196.165.107 - - [14/Apr/2026:20:38:26 -0400] "GET /wp-content/plugins/beteng84/ws79.php HTTP/1.1" 404 23870 "-" "Mozilla/5.0 (Windows NT 10.0; Win64; x64) AppleWebKit/537.36 (KHTML, like Gecko) Chrome/120.0.0.0 Safari/537.36"
4.196.165.107 - - [14/Apr/2026:20:38:28 -0400] "GET /666.php HTTP/1.1" 404 23870 "-" "Mozilla/5.0 (Windows NT 10.0; Win64; x64) AppleWebKit/537.36 (KHTML, like Gecko) Chrome/120.0.0.0 Safari/537.36"
4.196.165.107 - - [14/Apr/2026:20:38:30 -0400] "GET /bolt.php HTTP/1.1" 404 23870 "-" "Mozilla/5.0 (Windows NT 10.0; Win64; x64) AppleWebKit/537.36 (KHTML, like Gecko) Chrome/120.0.0.0 Safari/537.36"
4.196.165.107 - - [14/Apr/2026:20:38:32 -0400] "GET /wp-content/themes/admin.php HTTP/1.1" 404 23872 "-" "Mozilla/5.0 (Windows NT 10.0; Win64; x64) AppleWebKit/537.36 (KHTML, like Gecko) Chrome/120.0.0.0 Safari/537.36"
4.196.165.107 - - [14/Apr/2026:20:38:06 -0400] "GET /inputs.php HTTP/1.1" 404 23870 "-" "Mozilla/5.0 (Windows NT 10.0; Win64; x64) AppleWebKit/537.36 (KHTML, like Gecko) Chrome/120.0.0.0 Safari/537.36"
4.196.165.107 - - [14/Apr/2026:20:38:15 -0400] "GET /autoload_classmap/function.php HTTP/1.1" 404 23870 "-" "Mozilla/5.0 (Windows NT 10.0; Win64; x64) AppleWebKit/537.36 (KHTML, like Gecko) Chrome/120.0.0.0 Safari/537.36"
4.196.165.107 - - [14/Apr/2026:20:38:16 -0400] "GET /ms-edit.php HTTP/1.1" 404 23872 "-" "Mozilla/5.0 (Windows NT 10.0; Win64; x64) AppleWebKit/537.36 (KHTML, like Gecko) Chrome/120.0.0.0 Safari/537.36"
4.196.165.107 - - [14/Apr/2026:20:38:17 -0400] "GET /wp-content/uploads/index.php HTTP/1.1" 301 0 "-" "Mozilla/5.0 (Windows NT 10.0; Win64; x64) AppleWebKit/537.36 (KHTML, like Gecko) Chrome/120.0.0.0 Safari/537.36"
4.196.165.107 - - [14/Apr/2026:20:38:19 -0400] "GET /wp-content/admin.php HTTP/1.1" 404 23870 "-" "Mozilla/5.0 (Windows NT 10.0; Win64; x64) AppleWebKit/537.36 (KHTML, like Gecko) Chrome/120.0.0.0 Safari/537.36"
4.196.165.107 - - [14/Apr/2026:20:38:20 -0400] "GET /ws55.php HTTP/1.1" 404 23870 "-" "Mozilla/5.0 (Windows NT 10.0; Win64; x64) AppleWebKit/537.36 (KHTML, like Gecko) Chrome/120.0.0.0 Safari/537.36"
4.196.165.107 - - [14/Apr/2026:20:38:21 -0400] "GET /wp-content/uploads/ HTTP/1.1" 403 1242 "-" "Mozilla/5.0 (Windows NT 10.0; Win64; x64) AppleWebKit/537.36 (KHTML, like Gecko) Chrome/120.0.0.0 Safari/537.36"
4.196.165.107 - - [14/Apr/2026:20:38:24 -0400] "GET /wp-includes/js/tinymce/themes/inlite/ HTTP/1.1" 403 1242 "-" "Mozilla/5.0 (Windows NT 10.0; Win64; x64) AppleWebKit/537.36 (KHTML, like Gecko) Chrome/120.0.0.0 Safari/537.36"
4.196.165.107 - - [14/Apr/2026:20:38:26 -0400] "GET /wp-admin/css/colors/ectoplasm/ HTTP/1.1" 403 1242 "-" "Mozilla/5.0 (Windows NT 10.0; Win64; x64) AppleWebKit/537.36 (KHTML, like Gecko) Chrome/120.0.0.0 Safari/537.36"
185.191.171.10 - - [14/Apr/2026:20:38:27 -0400] "GET /tour/dazzling-goa/ HTTP/1.1" 200 27167 "-" "Mozilla/5.0 (compatible; SemrushBot/7~bl; +http://www.semrush.com/bot.html)"
4.196.165.107 - - [14/Apr/2026:20:38:29 -0400] "GET /ah25.php HTTP/1.1" 404 23870 "-" "Mozilla/5.0 (Windows NT 10.0; Win64; x64) AppleWebKit/537.36 (KHTML, like Gecko) Chrome/120.0.0.0 Safari/537.36"
162.213.253.84 - - [14/Apr/2026:20:38:30 -0400] "POST /wp-cron.php?doing_wp_cron=1776213510.7509949207305908203125 HTTP/1.1" 200 0 "https://www.escapetravelservices.com/wp-cron.php?doing_wp_cron=1776213510.7509949207305908203125" "WordPress/6.0; https://www.escapetravelservices.com"
4.196.165.107 - - [14/Apr/2026:20:38:36 -0400] "GET /.well-known/pki-validation/index.php HTTP/1.1" 404 1251 "-" "Mozilla/5.0 (Windows NT 10.0; Win64; x64) AppleWebKit/537.36 (KHTML, like Gecko) Chrome/120.0.0.0 Safari/537.36"
4.196.165.107 - - [14/Apr/2026:20:38:40 -0400] "GET /wp-includes/SimplePie/autoload_classmap.php HTTP/1.1" 404 23870 "-" "Mozilla/5.0 (Windows NT 10.0; Win64; x64) AppleWebKit/537.36 (KHTML, like Gecko) Chrome/120.0.0.0 Safari/537.36"
4.196.165.107 - - [14/Apr/2026:20:38:41 -0400] "GET /wp-includes/Text/autoload_classmap.php HTTP/1.1" 404 23870 "-" "Mozilla/5.0 (Windows NT 10.0; Win64; x64) AppleWebKit/537.36 (KHTML, like Gecko) Chrome/120.0.0.0 Safari/537.36"
4.196.165.107 - - [14/Apr/2026:20:38:42 -0400] "GET /wp-admin/js/autoload_classmap.php HTTP/1.1" 404 23870 "-" "Mozilla/5.0 (Windows NT 10.0; Win64; x64) AppleWebKit/537.36 (KHTML, like Gecko) Chrome/120.0.0.0 Safari/537.36"
4.196.165.107 - - [14/Apr/2026:20:38:43 -0400] "GET /wp-includes/SimplePie/chosen.php HTTP/1.1" 404 23870 "-" "Mozilla/5.0 (Windows NT 10.0; Win64; x64) AppleWebKit/537.36 (KHTML, like Gecko) Chrome/120.0.0.0 Safari/537.36"
4.196.165.107 - - [14/Apr/2026:20:38:45 -0400] "GET /wp-includes/css/autoload_classmap.php HTTP/1.1" 404 23872 "-" "Mozilla/5.0 (Windows NT 10.0; Win64; x64) AppleWebKit/537.36 (KHTML, like Gecko) Chrome/120.0.0.0 Safari/537.36"
4.196.165.107 - - [14/Apr/2026:20:38:33 -0400] "GET /ws79.php HTTP/1.1" 404 23872 "-" "Mozilla/5.0 (Windows NT 10.0; Win64; x64) AppleWebKit/537.36 (KHTML, like Gecko) Chrome/120.0.0.0 Safari/537.36"
4.196.165.107 - - [14/Apr/2026:20:38:34 -0400] "GET /.well-known/acme-challenge/file.php HTTP/1.1" 404 23870 "-" "Mozilla/5.0 (Windows NT 10.0; Win64; x64) AppleWebKit/537.36 (KHTML, like Gecko) Chrome/120.0.0.0 Safari/537.36"
4.196.165.107 - - [14/Apr/2026:20:38:35 -0400] "GET /.well-known/acme-challenge/wp-login.php HTTP/1.1" 404 23870 "-" "Mozilla/5.0 (Windows NT 10.0; Win64; x64) AppleWebKit/537.36 (KHTML, like Gecko) Chrome/120.0.0.0 Safari/537.36"
4.196.165.107 - - [14/Apr/2026:20:38:36 -0400] "GET /wp-admin/autoload_classmap.php HTTP/1.1" 404 23870 "-" "Mozilla/5.0 (Windows NT 10.0; Win64; x64) AppleWebKit/537.36 (KHTML, like Gecko) Chrome/120.0.0.0 Safari/537.36"
4.196.165.107 - - [14/Apr/2026:20:38:37 -0400] "GET /autoload_classmap/function.php HTTP/1.1" 404 23870 "-" "Mozilla/5.0 (Windows NT 10.0; Win64; x64) AppleWebKit/537.36 (KHTML, like Gecko) Chrome/120.0.0.0 Safari/537.36"
4.196.165.107 - - [14/Apr/2026:20:38:37 -0400] "GET /wp-content/autoload_classmap.php HTTP/1.1" 404 23870 "-" "Mozilla/5.0 (Windows NT 10.0; Win64; x64) AppleWebKit/537.36 (KHTML, like Gecko) Chrome/120.0.0.0 Safari/537.36"
4.196.165.107 - - [14/Apr/2026:20:38:38 -0400] "GET /wp-includes/sitemaps/autoload_classmap.php HTTP/1.1" 404 23870 "-" "Mozilla/5.0 (Windows NT 10.0; Win64; x64) AppleWebKit/537.36 (KHTML, like Gecko) Chrome/120.0.0.0 Safari/537.36"
4.196.165.107 - - [14/Apr/2026:20:38:44 -0400] "GET /wp-includes/assets/autoload_classmap.php HTTP/1.1" 404 23870 "-" "Mozilla/5.0 (Windows NT 10.0; Win64; x64) AppleWebKit/537.36 (KHTML, like Gecko) Chrome/120.0.0.0 Safari/537.36"
4.196.165.107 - - [14/Apr/2026:20:38:47 -0400] "GET /wp-includes/style-engine/autoload_classmap.php HTTP/1.1" 404 23870 "-" "Mozilla/5.0 (Windows NT 10.0; Win64; x64) AppleWebKit/537.36 (KHTML, like Gecko) Chrome/120.0.0.0 Safari/537.36"
107.20.255.194 - - [14/Apr/2026:20:40:05 -0400] "GET /tour/centara-ras-fushi-resort-spa-03-nights-04-days/ HTTP/1.1" 200 24603 "-" "Mozilla/5.0 AppleWebKit/537.36 (KHTML, like Gecko; compatible; Amazonbot/0.1; +https://developer.amazon.com/support/amazonbot) Chrome/119.0.6045.214 Safari/537.36"
114.119.155.126 - - [14/Apr/2026:20:45:16 -0400] "GET /tours/page/5/ HTTP/1.1" 200 31095 "https://www.escapetravelservices.com/tours/page/4" "Mozilla/5.0 (Linux; Android 7.0;) AppleWebKit/537.36 (KHTML, like Gecko) Mobile Safari/537.36 (compatible; PetalBot;+https://webmaster.petalsearch.com/site/petalbot)"
4.196.165.107 - - [14/Apr/2026:20:38:46 -0400] "GET /wp-includes/fonts/autoload_classmap.php HTTP/1.1" 404 23872 "-" "Mozilla/5.0 (Windows NT 10.0; Win64; x64) AppleWebKit/537.36 (KHTML, like Gecko) Chrome/120.0.0.0 Safari/537.36"
4.196.165.107 - - [14/Apr/2026:20:38:48 -0400] "GET /wp-includes/widgets/autoload_classmap.php HTTP/1.1" 404 23872 "-" "Mozilla/5.0 (Windows NT 10.0; Win64; x64) AppleWebKit/537.36 (KHTML, like Gecko) Chrome/120.0.0.0 Safari/537.36"
197.14.252.68 - - [14/Apr/2026:20:46:31 -0400] "GET /destination/himachal-pradesh/ HTTP/1.1" 200 19370 "-" "Mozilla/5.0 (iPad; CPU iPad OS 3_2_2 like Mac OS X) AppleWebKit/531.2 (KHTML, like Gecko) FxiOS/9.4f8833.0 Mobile/81A344 Safari/531.2"
114.119.155.126 - - [14/Apr/2026:20:52:59 -0400] "GET /tour/luxurious-maldives-dusit-thani-maldives-04-nights-05-days/ HTTP/1.1" 200 24490 "https://www.escapetravelservices.com/tour/sizzling-seychelles/" "Mozilla/5.0 (Linux; Android 7.0;) AppleWebKit/537.36 (KHTML, like Gecko) Mobile Safari/537.36 (compatible; PetalBot;+https://webmaster.petalsearch.com/site/petalbot)"
162.213.253.84 - - [14/Apr/2026:20:56:45 -0400] "POST /wp-cron.php?doing_wp_cron=1776214605.4080960750579833984375 HTTP/1.1" 200 0 "https://www.escapetravelservices.com/wp-cron.php?doing_wp_cron=1776214605.4080960750579833984375" "WordPress/6.0; https://www.escapetravelservices.com"
114.119.136.44 - - [14/Apr/2026:20:56:44 -0400] "GET /tour/pleasurable-singapore-05-nights-06-days HTTP/1.1" 301 0 "http://www.escapetravelservices.com/" "Mozilla/5.0 (Linux; Android 7.0;) AppleWebKit/537.36 (KHTML, like Gecko) Mobile Safari/537.36 (compatible; PetalBot;+https://webmaster.petalsearch.com/site/petalbot)"
114.119.136.44 - - [14/Apr/2026:20:56:55 -0400] "GET /tour/pleasurable-singapore-05-nights-06-days/ HTTP/1.1" 200 25244 "http://www.escapetravelservices.com/" "Mozilla/5.0 (Linux; Android 7.0;) AppleWebKit/537.36 (KHTML, like Gecko) Mobile Safari/537.36 (compatible; PetalBot;+https://webmaster.petalsearch.com/site/petalbot)"
34.234.206.30 - - [14/Apr/2026:21:11:13 -0400] "GET /testimonials/jessica-lee/ HTTP/1.1" 200 22881 "-" "Mozilla/5.0 AppleWebKit/537.36 (KHTML, like Gecko; compatible; Amazonbot/0.1; +https://developer.amazon.com/support/amazonbot) Chrome/119.0.6045.214 Safari/537.36"
50.19.79.213 - - [14/Apr/2026:21:11:05 -0400] "GET /tour/classic-kerala-package-04-nights-05-days/ HTTP/1.1" 200 25895 "-" "Mozilla/5.0 AppleWebKit/537.36 (KHTML, like Gecko; compatible; Amazonbot/0.1; +https://developer.amazon.com/support/amazonbot) Chrome/119.0.6045.214 Safari/537.36"
34.225.87.80 - - [14/Apr/2026:21:11:17 -0400] "GET /tour/romantic-singapore-with-cruise-package-07-nights-08-days/ HTTP/1.1" 200 26440 "-" "Mozilla/5.0 AppleWebKit/537.36 (KHTML, like Gecko; compatible; Amazonbot/0.1; +https://developer.amazon.com/support/amazonbot) Chrome/119.0.6045.214 Safari/537.36"
3.217.82.254 - - [14/Apr/2026:21:11:21 -0400] "GET /destination/jammu-and-kashmir/ HTTP/1.1" 200 22522 "-" "Mozilla/5.0 AppleWebKit/537.36 (KHTML, like Gecko; compatible; Amazonbot/0.1; +https://developer.amazon.com/support/amazonbot) Chrome/119.0.6045.214 Safari/537.36"
110.249.202.249 - - [14/Apr/2026:21:18:54 -0400] "GET /robots.txt HTTP/1.1" 200 7690 "-" "Mozilla/5.0 (Linux; Android 5.0) AppleWebKit/537.36 (KHTML, like Gecko) Mobile Safari/537.36 (compatible; Bytespider; https://zhanzhang.toutiao.com/)"
162.213.253.84 - - [14/Apr/2026:21:24:09 -0400] "POST /wp-cron.php?doing_wp_cron=1776216249.2565720081329345703125 HTTP/1.1" 200 0 "https://www.escapetravelservices.com/wp-cron.php?doing_wp_cron=1776216249.2565720081329345703125" "WordPress/6.0; https://www.escapetravelservices.com"
91.142.73.116 - - [14/Apr/2026:21:24:06 -0400] "GET /destination/himachal-pradesh/ HTTP/1.0" 200 99532 "https://www.escapetravelservices.com/destination/himachal-pradesh/" "Mozilla/5.0 (Windows NT 10.0; Win64; x64) AppleWebKit/537.36 (KHTML, like Gecko) Chrome/131.0.0.0 Safari/537.36"
91.142.73.116 - - [14/Apr/2026:21:24:07 -0400] "GET /wp-content/plugins/sliding-enquiry-form/captha/CaptchaSecurityImages.php?width=100&height=40&characters=5&code=82rwc9 HTTP/1.0" 200 242 "https://www.escapetravelservices.com/destination/himachal-pradesh/" "Mozilla/5.0 (Windows NT 10.0; Win64; x64) AppleWebKit/537.36 (KHTML, like Gecko) Chrome/131.0.0.0 Safari/537.36"
91.142.73.116 - - [14/Apr/2026:21:24:08 -0400] "POST /destination/himachal-pradesh/ HTTP/1.0" 200 99470 "https://www.escapetravelservices.com/destination/himachal-pradesh/" "Mozilla/5.0 (Windows NT 10.0; Win64; x64) AppleWebKit/537.36 (KHTML, like Gecko) Chrome/131.0.0.0 Safari/537.36"
209.141.43.172 - - [14/Apr/2026:21:39:31 -0400] "GET /wp-login.php HTTP/1.1" 200 1908 "-" "Mozilla/5.0 (Windows NT 10.0; Win64; x64) AppleWebKit/537.36 (KHTML, like Gecko) Chrome/134.0.0.0 Safari/537.36"
113.183.103.58 - - [14/Apr/2026:21:30:49 -0400] "GET /tour/romantic-dubai-package-04-nights-05-days/ HTTP/1.1" 200 25302 "-" "Mozilla/5.0 (Windows NT 10.0) AppleWebKit/537.36 (KHTML, like Gecko) Chrome/80.0.3987.132 Safari/537.36"
113.165.28.198 - - [14/Apr/2026:21:38:47 -0400] "GET /tours/ HTTP/1.1" 200 27258 "-" "Mozilla/5.0 (compatible; MSIE 6.0; Windows 95; Trident/3.0)"
209.141.49.119 - - [14/Apr/2026:21:39:00 -0400] "GET /wp-login.php HTTP/1.1" 200 1908 "-" "Mozilla/5.0 (Windows NT 10.0; Win64; x64) AppleWebKit/537.36 (KHTML, like Gecko) Chrome/134.0.0.0 Safari/537.36"
51.161.37.213 - - [14/Apr/2026:21:51:44 -0400] "GET /wp-content/plugins/sliding-enquiry-form/captha/CaptchaSecurityImages.php?width=100&height=40&characters=5&code=5hd78s HTTP/1.1" 200 175 "-" "Mozilla/5.0 (compatible; AhrefsBot/7.0; +http://ahrefs.com/robot/)"
162.213.253.84 - - [14/Apr/2026:21:54:27 -0400] "POST /wp-cron.php?doing_wp_cron=1776218067.0504388809204101562500 HTTP/1.1" 200 0 "https://www.escapetravelservices.com/wp-cron.php?doing_wp_cron=1776218067.0504388809204101562500" "WordPress/6.0; https://www.escapetravelservices.com"
204.76.203.25 - - [14/Apr/2026:21:54:28 -0400] "GET / HTTP/1.1" 200 161102 "-" "Mozilla/5.0 (Windows NT 10.0; Win64; x64) AppleWebKit/537.36 (KHTML, like Gecko) Chrome/134.0.0.0 Safari/537.3"
143.95.255.155 - - [14/Apr/2026:22:00:55 -0400] "GET /wp-login.php HTTP/1.1" 200 1910 "-" "Mozilla/5.0 (Windows NT 10.0; Win64; x64) AppleWebKit/537.36 (KHTML, like Gecko) Chrome/65.0.3325.181 Safari/537.36 OPR/52.0.2871.40"
162.213.253.84 - - [14/Apr/2026:22:01:00 -0400] "POST /wp-cron.php?doing_wp_cron=1776218460.2548921108245849609375 HTTP/1.1" 200 0 "https://www.escapetravelservices.com/wp-cron.php?doing_wp_cron=1776218460.2548921108245849609375" "WordPress/6.0; https://www.escapetravelservices.com"
40.77.167.85 - - [14/Apr/2026:21:51:10 -0400] "GET /robots.txt HTTP/1.1" 200 6886 "-" "Mozilla/5.0 AppleWebKit/537.36 (KHTML, like Gecko; compatible; bingbot/2.0; +http://www.bing.com/bingbot.htm) Chrome/116.0.1938.76 Safari/537.36"
15.235.98.48 - - [14/Apr/2026:21:51:14 -0400] "GET /tour/amazing-kashmir-package-04-nights-05-days/ HTTP/1.1" 200 21857 "-" "Mozilla/5.0 (compatible; AhrefsBot/7.0; +http://ahrefs.com/robot/)"
52.167.144.173 - - [14/Apr/2026:21:51:23 -0400] "GET /tourcat/luxury-packages/ HTTP/1.1" 200 18885 "-" "Mozilla/5.0 AppleWebKit/537.36 (KHTML, like Gecko; compatible; bingbot/2.0; +http://www.bing.com/bingbot.htm) Chrome/116.0.1938.76 Safari/537.36"
204.76.203.25 - - [14/Apr/2026:21:54:26 -0400] "GET / HTTP/1.1" 301 0 "-" "Mozilla/5.0 (Windows NT 10.0; Win64; x64) AppleWebKit/537.36 (KHTML, like Gecko) Chrome/134.0.0.0 Safari/537.3"
173.254.28.195 - - [14/Apr/2026:21:54:28 -0400] "GET /wp-login.php HTTP/1.1" 200 1910 "-" "Mozilla/5.0 (Windows NT 10.0; Win64; x64) AppleWebKit/537.36 (KHTML, like Gecko) Chrome/66.0.3359.117 Safari/537.36"
173.254.28.195 - - [14/Apr/2026:21:54:28 -0400] "POST /wp-login.php HTTP/1.1" 200 1983 "https://mail.escapetravelservices.com/wp-login.php" "Mozilla/5.0 (Windows NT 10.0; Win64; x64) AppleWebKit/537.36 (KHTML, like Gecko) Chrome/66.0.3359.117 Safari/537.36"
91.92.243.26 - - [14/Apr/2026:21:58:43 -0400] "GET /.git/config HTTP/1.1" 403 1242 "-" "Mozilla/5.0 (Windows NT 10.0; WOW64) AppleWebKit/537.36 (KHTML, like Gecko) Chrome/120.0.0.0 Safari/537.36"
143.95.255.155 - - [14/Apr/2026:22:00:59 -0400] "POST /wp-login.php HTTP/1.1" 200 1983 "https://mail.escapetravelservices.com/wp-login.php" "Mozilla/5.0 (Windows NT 10.0; Win64; x64) AppleWebKit/537.36 (KHTML, like Gecko) Chrome/65.0.3325.181 Safari/537.36 OPR/52.0.2871.40"