3.16.206.50 - - [14/Apr/2026:14:59:47 -0400] "GET /wp-content/themes/escapetour/js/flexslider/flexslider.css HTTP/1.1" 200 1633 "https://www.escapetravelservices.com/tour/shimla-02-nights-03-days/" "Mozilla/5.0 (Macintosh; Intel Mac OS X 10_15_7) AppleWebKit/537.36 (KHTML, like Gecko) Chrome/131.0.0.0 Safari/537.36; ClaudeBot/1.0; [email protected])"
3.16.206.50 - - [14/Apr/2026:14:59:47 -0400] "GET /wp-content/themes/escapetour/css/tooltipster.css HTTP/1.1" 200 1441 "https://www.escapetravelservices.com/tour/shimla-02-nights-03-days/" "Mozilla/5.0 (Macintosh; Intel Mac OS X 10_15_7) AppleWebKit/537.36 (KHTML, like Gecko) Chrome/131.0.0.0 Safari/537.36; ClaudeBot/1.0; [email protected])"
3.16.206.50 - - [14/Apr/2026:14:59:47 -0400] "GET /wp-content/themes/escapetour/css/screen.css HTTP/1.1" 200 27948 "https://www.escapetravelservices.com/tour/shimla-02-nights-03-days/" "Mozilla/5.0 (Macintosh; Intel Mac OS X 10_15_7) AppleWebKit/537.36 (KHTML, like Gecko) Chrome/131.0.0.0 Safari/537.36; ClaudeBot/1.0; [email protected])"
3.16.206.50 - - [14/Apr/2026:14:59:47 -0400] "GET /wp-content/themes/escapetour/css/menus/leftalignmenu.css HTTP/1.1" 200 684 "https://www.escapetravelservices.com/tour/shimla-02-nights-03-days/" "Mozilla/5.0 (Macintosh; Intel Mac OS X 10_15_7) AppleWebKit/537.36 (KHTML, like Gecko) Chrome/131.0.0.0 Safari/537.36; ClaudeBot/1.0; [email protected])"
3.16.206.50 - - [14/Apr/2026:14:59:47 -0400] "GET /wp-content/plugins/meks-easy-instagram-widget/css/widget.css HTTP/1.1" 200 242 "https://www.escapetravelservices.com/tour/shimla-02-nights-03-days/" "Mozilla/5.0 (Macintosh; Intel Mac OS X 10_15_7) AppleWebKit/537.36 (KHTML, like Gecko) Chrome/131.0.0.0 Safari/537.36; ClaudeBot/1.0; [email protected])"
3.16.206.50 - - [14/Apr/2026:14:59:47 -0400] "GET /wp-content/themes/escapetour/css/grid.css HTTP/1.1" 200 7182 "https://www.escapetravelservices.com/tour/shimla-02-nights-03-days/" "Mozilla/5.0 (Macintosh; Intel Mac OS X 10_15_7) AppleWebKit/537.36 (KHTML, like Gecko) Chrome/131.0.0.0 Safari/537.36; ClaudeBot/1.0; [email protected])"
3.16.206.50 - - [14/Apr/2026:14:59:47 -0400] "GET /wp-content/themes/escapetour/css/odometer-theme-minimal.css HTTP/1.1" 200 476 "https://www.escapetravelservices.com/tour/shimla-02-nights-03-days/" "Mozilla/5.0 (Macintosh; Intel Mac OS X 10_15_7) AppleWebKit/537.36 (KHTML, like Gecko) Chrome/131.0.0.0 Safari/537.36; ClaudeBot/1.0; [email protected])"
3.16.206.50 - - [14/Apr/2026:14:59:47 -0400] "GET /wp-content/themes/escapetour/css/font-awesome.min.css HTTP/1.1" 200 6658 "https://www.escapetravelservices.com/tour/shimla-02-nights-03-days/" "Mozilla/5.0 (Macintosh; Intel Mac OS X 10_15_7) AppleWebKit/537.36 (KHTML, like Gecko) Chrome/131.0.0.0 Safari/537.36; ClaudeBot/1.0; [email protected])"
3.16.206.50 - - [14/Apr/2026:14:59:47 -0400] "GET /wp-content/plugins/booked/assets/js/tooltipster/css/tooltipster.css HTTP/1.1" 200 1505 "https://www.escapetravelservices.com/tour/shimla-02-nights-03-days/" "Mozilla/5.0 (Macintosh; Intel Mac OS X 10_15_7) AppleWebKit/537.36 (KHTML, like Gecko) Chrome/131.0.0.0 Safari/537.36; ClaudeBot/1.0; [email protected])"
3.16.206.50 - - [14/Apr/2026:14:59:47 -0400] "GET /wp-content/plugins/booked/dist/booked.css HTTP/1.1" 200 8075 "https://www.escapetravelservices.com/tour/shimla-02-nights-03-days/" "Mozilla/5.0 (Macintosh; Intel Mac OS X 10_15_7) AppleWebKit/537.36 (KHTML, like Gecko) Chrome/131.0.0.0 Safari/537.36; ClaudeBot/1.0; [email protected])"
3.16.206.50 - - [14/Apr/2026:14:59:47 -0400] "GET /wp-content/plugins/contact-form-7/includes/css/styles.css HTTP/1.1" 200 621 "https://www.escapetravelservices.com/tour/shimla-02-nights-03-days/" "Mozilla/5.0 (Macintosh; Intel Mac OS X 10_15_7) AppleWebKit/537.36 (KHTML, like Gecko) Chrome/131.0.0.0 Safari/537.36; ClaudeBot/1.0; [email protected])"
3.16.206.50 - - [14/Apr/2026:14:59:47 -0400] "GET /wp-content/plugins/whatsapp-for-wordpress/assets/css/style.css HTTP/1.1" 200 3442 "https://www.escapetravelservices.com/tour/shimla-02-nights-03-days/" "Mozilla/5.0 (Macintosh; Intel Mac OS X 10_15_7) AppleWebKit/537.36 (KHTML, like Gecko) Chrome/131.0.0.0 Safari/537.36; ClaudeBot/1.0; [email protected])"
3.16.206.50 - - [14/Apr/2026:14:59:47 -0400] "GET /wp-content/themes/escapetour/css/reset.css HTTP/1.1" 200 269 "https://www.escapetravelservices.com/tour/shimla-02-nights-03-days/" "Mozilla/5.0 (Macintosh; Intel Mac OS X 10_15_7) AppleWebKit/537.36 (KHTML, like Gecko) Chrome/131.0.0.0 Safari/537.36; ClaudeBot/1.0; [email protected])"
3.16.206.50 - - [14/Apr/2026:14:59:47 -0400] "GET /wp-content/themes/escapetour/css/wordpress.css HTTP/1.1" 200 978 "https://www.escapetravelservices.com/tour/shimla-02-nights-03-days/" "Mozilla/5.0 (Macintosh; Intel Mac OS X 10_15_7) AppleWebKit/537.36 (KHTML, like Gecko) Chrome/131.0.0.0 Safari/537.36; ClaudeBot/1.0; [email protected])"
3.16.206.50 - - [14/Apr/2026:14:59:47 -0400] "GET /wp-content/themes/escapetour/css/animation.css HTTP/1.1" 200 802 "https://www.escapetravelservices.com/tour/shimla-02-nights-03-days/" "Mozilla/5.0 (Macintosh; Intel Mac OS X 10_15_7) AppleWebKit/537.36 (KHTML, like Gecko) Chrome/131.0.0.0 Safari/537.36; ClaudeBot/1.0; [email protected])"
3.16.206.50 - - [14/Apr/2026:14:59:47 -0400] "GET /wp-content/themes/escapetour/css/ilightbox/ilightbox.css HTTP/1.1" 200 1378 "https://www.escapetravelservices.com/tour/shimla-02-nights-03-days/" "Mozilla/5.0 (Macintosh; Intel Mac OS X 10_15_7) AppleWebKit/537.36 (KHTML, like Gecko) Chrome/131.0.0.0 Safari/537.36; ClaudeBot/1.0; [email protected])"
3.16.206.50 - - [14/Apr/2026:14:59:47 -0400] "GET /wp-content/themes/escapetour/css/jqueryui/custom.css HTTP/1.1" 200 4184 "https://www.escapetravelservices.com/tour/shimla-02-nights-03-days/" "Mozilla/5.0 (Macintosh; Intel Mac OS X 10_15_7) AppleWebKit/537.36 (KHTML, like Gecko) Chrome/131.0.0.0 Safari/537.36; ClaudeBot/1.0; [email protected])"
3.16.206.50 - - [14/Apr/2026:14:59:47 -0400] "GET /wp-content/themes/escapetour/css/themify-icons.css HTTP/1.1" 200 2657 "https://www.escapetravelservices.com/tour/shimla-02-nights-03-days/" "Mozilla/5.0 (Macintosh; Intel Mac OS X 10_15_7) AppleWebKit/537.36 (KHTML, like Gecko) Chrome/131.0.0.0 Safari/537.36; ClaudeBot/1.0; [email protected])"
3.16.206.50 - - [14/Apr/2026:14:59:47 -0400] "GET /wp-content/plugins/sliding-enquiry-form/css/sliding-enquiry.css HTTP/1.1" 200 1545 "https://www.escapetravelservices.com/tour/shimla-02-nights-03-days/" "Mozilla/5.0 (Macintosh; Intel Mac OS X 10_15_7) AppleWebKit/537.36 (KHTML, like Gecko) Chrome/131.0.0.0 Safari/537.36; ClaudeBot/1.0; [email protected])"
3.16.206.50 - - [14/Apr/2026:14:59:47 -0400] "GET /wp-content/themes/escapetour/modules/kirki/assets/css/kirki-styles.css HTTP/1.1" 200 0 "https://www.escapetravelservices.com/tour/shimla-02-nights-03-days/" "Mozilla/5.0 (Macintosh; Intel Mac OS X 10_15_7) AppleWebKit/537.36 (KHTML, like Gecko) Chrome/131.0.0.0 Safari/537.36; ClaudeBot/1.0; [email protected])"
3.16.206.50 - - [14/Apr/2026:14:59:47 -0400] "GET /wp-includes/js/jquery/jquery.min.js HTTP/1.1" 200 30273 "https://www.escapetravelservices.com/tour/shimla-02-nights-03-days/" "Mozilla/5.0 (Macintosh; Intel Mac OS X 10_15_7) AppleWebKit/537.36 (KHTML, like Gecko) Chrome/131.0.0.0 Safari/537.36; ClaudeBot/1.0; [email protected])"
3.16.206.50 - - [14/Apr/2026:14:59:47 -0400] "GET /wp-includes/js/jquery/jquery-migrate.min.js HTTP/1.1" 200 3995 "https://www.escapetravelservices.com/tour/shimla-02-nights-03-days/" "Mozilla/5.0 (Macintosh; Intel Mac OS X 10_15_7) AppleWebKit/537.36 (KHTML, like Gecko) Chrome/131.0.0.0 Safari/537.36; ClaudeBot/1.0; [email protected])"
3.16.206.50 - - [14/Apr/2026:14:59:47 -0400] "GET /wp-content/plugins/whatsapp-for-wordpress/assets/js/main.js HTTP/1.1" 200 1350 "https://www.escapetravelservices.com/tour/shimla-02-nights-03-days/" "Mozilla/5.0 (Macintosh; Intel Mac OS X 10_15_7) AppleWebKit/537.36 (KHTML, like Gecko) Chrome/131.0.0.0 Safari/537.36; ClaudeBot/1.0; [email protected])"
3.16.206.50 - - [14/Apr/2026:14:59:47 -0400] "GET /wp-content/plugins/sliding-enquiry-form/js/modernizr.custom.js HTTP/1.1" 200 3490 "https://www.escapetravelservices.com/tour/shimla-02-nights-03-days/" "Mozilla/5.0 (Macintosh; Intel Mac OS X 10_15_7) AppleWebKit/537.36 (KHTML, like Gecko) Chrome/131.0.0.0 Safari/537.36; ClaudeBot/1.0; [email protected])"
3.16.206.50 - - [14/Apr/2026:14:59:47 -0400] "GET /wp-content/plugins/sliding-enquiry-form/js/validation.js HTTP/1.1" 200 620 "https://www.escapetravelservices.com/tour/shimla-02-nights-03-days/" "Mozilla/5.0 (Macintosh; Intel Mac OS X 10_15_7) AppleWebKit/537.36 (KHTML, like Gecko) Chrome/131.0.0.0 Safari/537.36; ClaudeBot/1.0; [email protected])"
3.16.206.50 - - [14/Apr/2026:14:59:48 -0400] "GET /wp-content/themes/escapetour/css/dark-skin/skin.css HTTP/1.1" 200 1196 "https://www.escapetravelservices.com/tour/shimla-02-nights-03-days/" "Mozilla/5.0 (Macintosh; Intel Mac OS X 10_15_7) AppleWebKit/537.36 (KHTML, like Gecko) Chrome/131.0.0.0 Safari/537.36; ClaudeBot/1.0; [email protected])"
3.16.206.50 - - [14/Apr/2026:14:59:48 -0400] "GET /wp-content/themes/escapetour/css/light-skin/skin.css HTTP/1.1" 200 1195 "https://www.escapetravelservices.com/tour/shimla-02-nights-03-days/" "Mozilla/5.0 (Macintosh; Intel Mac OS X 10_15_7) AppleWebKit/537.36 (KHTML, like Gecko) Chrome/131.0.0.0 Safari/537.36; ClaudeBot/1.0; [email protected])"
3.16.206.50 - - [14/Apr/2026:14:59:48 -0400] "GET /wp-content/themes/escapetour/css/metro-black-skin/skin.css HTTP/1.1" 200 1091 "https://www.escapetravelservices.com/tour/shimla-02-nights-03-days/" "Mozilla/5.0 (Macintosh; Intel Mac OS X 10_15_7) AppleWebKit/537.36 (KHTML, like Gecko) Chrome/131.0.0.0 Safari/537.36; ClaudeBot/1.0; [email protected])"
3.16.206.50 - - [14/Apr/2026:14:59:48 -0400] "GET /wp-includes/js/jquery/ui/core.min.js HTTP/1.1" 200 6637 "https://www.escapetravelservices.com/tour/shimla-02-nights-03-days/" "Mozilla/5.0 (Macintosh; Intel Mac OS X 10_15_7) AppleWebKit/537.36 (KHTML, like Gecko) Chrome/131.0.0.0 Safari/537.36; ClaudeBot/1.0; [email protected])"
3.16.206.50 - - [14/Apr/2026:14:59:48 -0400] "GET /wp-content/plugins/booked/assets/js/spin.min.js HTTP/1.1" 200 1934 "https://www.escapetravelservices.com/tour/shimla-02-nights-03-days/" "Mozilla/5.0 (Macintosh; Intel Mac OS X 10_15_7) AppleWebKit/537.36 (KHTML, like Gecko) Chrome/131.0.0.0 Safari/537.36; ClaudeBot/1.0; [email protected])"
3.16.206.50 - - [14/Apr/2026:14:59:48 -0400] "GET /wp-content/plugins/booked/assets/js/spin.jquery.js HTTP/1.1" 200 696 "https://www.escapetravelservices.com/tour/shimla-02-nights-03-days/" "Mozilla/5.0 (Macintosh; Intel Mac OS X 10_15_7) AppleWebKit/537.36 (KHTML, like Gecko) Chrome/131.0.0.0 Safari/537.36; ClaudeBot/1.0; [email protected])"
3.16.206.50 - - [14/Apr/2026:14:59:48 -0400] "GET /wp-content/plugins/booked/assets/js/functions.js HTTP/1.1" 200 8736 "https://www.escapetravelservices.com/tour/shimla-02-nights-03-days/" "Mozilla/5.0 (Macintosh; Intel Mac OS X 10_15_7) AppleWebKit/537.36 (KHTML, like Gecko) Chrome/131.0.0.0 Safari/537.36; ClaudeBot/1.0; [email protected])"
3.16.206.50 - - [14/Apr/2026:14:59:48 -0400] "GET /wp-content/plugins/contact-form-7/includes/js/scripts.js HTTP/1.1" 200 3700 "https://www.escapetravelservices.com/tour/shimla-02-nights-03-days/" "Mozilla/5.0 (Macintosh; Intel Mac OS X 10_15_7) AppleWebKit/537.36 (KHTML, like Gecko) Chrome/131.0.0.0 Safari/537.36; ClaudeBot/1.0; [email protected])"
3.16.206.50 - - [14/Apr/2026:14:59:48 -0400] "GET /wp-content/plugins/booked/includes/add-ons/frontend-agents/js/functions.js HTTP/1.1" 200 1050 "https://www.escapetravelservices.com/tour/shimla-02-nights-03-days/" "Mozilla/5.0 (Macintosh; Intel Mac OS X 10_15_7) AppleWebKit/537.36 (KHTML, like Gecko) Chrome/131.0.0.0 Safari/537.36; ClaudeBot/1.0; [email protected])"
3.16.206.50 - - [14/Apr/2026:14:59:48 -0400] "GET /wp-content/themes/escapetour/js/jquery.requestAnimationFrame.js HTTP/1.1" 200 574 "https://www.escapetravelservices.com/tour/shimla-02-nights-03-days/" "Mozilla/5.0 (Macintosh; Intel Mac OS X 10_15_7) AppleWebKit/537.36 (KHTML, like Gecko) Chrome/131.0.0.0 Safari/537.36; ClaudeBot/1.0; [email protected])"
162.213.253.84 - - [14/Apr/2026:14:59:48 -0400] "POST /wp-cron.php?doing_wp_cron=1776193188.3274910449981689453125 HTTP/1.1" 200 0 "https://www.escapetravelservices.com/wp-cron.php?doing_wp_cron=1776193188.3274910449981689453125" "WordPress/6.0; https://www.escapetravelservices.com"
3.16.206.50 - - [14/Apr/2026:14:59:48 -0400] "GET /wp-content/themes/escapetour/js/ilightbox.packed.js HTTP/1.1" 200 23852 "https://www.escapetravelservices.com/tour/shimla-02-nights-03-days/" "Mozilla/5.0 (Macintosh; Intel Mac OS X 10_15_7) AppleWebKit/537.36 (KHTML, like Gecko) Chrome/131.0.0.0 Safari/537.36; ClaudeBot/1.0; [email protected])"
3.16.206.50 - - [14/Apr/2026:14:59:47 -0400] "GET /wp-admin/admin-ajax.php?action=grandtour_custom_css HTTP/1.1" 200 1274 "https://www.escapetravelservices.com/tour/shimla-02-nights-03-days/" "Mozilla/5.0 (Macintosh; Intel Mac OS X 10_15_7) AppleWebKit/537.36 (KHTML, like Gecko) Chrome/131.0.0.0 Safari/537.36; ClaudeBot/1.0; [email protected])"
3.16.206.50 - - [14/Apr/2026:14:59:49 -0400] "GET /wp-content/themes/escapetour/js/waypoints.min.js HTTP/1.1" 200 2461 "https://www.escapetravelservices.com/tour/shimla-02-nights-03-days/" "Mozilla/5.0 (Macintosh; Intel Mac OS X 10_15_7) AppleWebKit/537.36 (KHTML, like Gecko) Chrome/131.0.0.0 Safari/537.36; ClaudeBot/1.0; [email protected])"
3.16.206.50 - - [14/Apr/2026:14:59:49 -0400] "GET /wp-content/themes/escapetour/js/jquery.isotope.js HTTP/1.1" 200 4859 "https://www.escapetravelservices.com/tour/shimla-02-nights-03-days/" "Mozilla/5.0 (Macintosh; Intel Mac OS X 10_15_7) AppleWebKit/537.36 (KHTML, like Gecko) Chrome/131.0.0.0 Safari/537.36; ClaudeBot/1.0; [email protected])"
3.16.206.50 - - [14/Apr/2026:14:59:49 -0400] "GET /wp-content/themes/escapetour/js/jquery.masory.js HTTP/1.1" 200 6950 "https://www.escapetravelservices.com/tour/shimla-02-nights-03-days/" "Mozilla/5.0 (Macintosh; Intel Mac OS X 10_15_7) AppleWebKit/537.36 (KHTML, like Gecko) Chrome/131.0.0.0 Safari/537.36; ClaudeBot/1.0; [email protected])"
3.16.206.50 - - [14/Apr/2026:14:59:47 -0400] "GET /wp-content/plugins/sliding-enquiry-form/css/font-awesome.min.css HTTP/1.1" 200 6658 "https://www.escapetravelservices.com/tour/shimla-02-nights-03-days/" "Mozilla/5.0 (Macintosh; Intel Mac OS X 10_15_7) AppleWebKit/537.36 (KHTML, like Gecko) Chrome/131.0.0.0 Safari/537.36; ClaudeBot/1.0; [email protected])"
3.16.206.50 - - [14/Apr/2026:14:59:47 -0400] "GET /wp-content/plugins/revslider/public/assets/js/rbtools.min.js HTTP/1.1" 200 44725 "https://www.escapetravelservices.com/tour/shimla-02-nights-03-days/" "Mozilla/5.0 (Macintosh; Intel Mac OS X 10_15_7) AppleWebKit/537.36 (KHTML, like Gecko) Chrome/131.0.0.0 Safari/537.36; ClaudeBot/1.0; [email protected])"
3.16.206.50 - - [14/Apr/2026:14:59:47 -0400] "GET /wp-content/plugins/revslider/public/assets/js/rs6.min.js HTTP/1.1" 200 81702 "https://www.escapetravelservices.com/tour/shimla-02-nights-03-days/" "Mozilla/5.0 (Macintosh; Intel Mac OS X 10_15_7) AppleWebKit/537.36 (KHTML, like Gecko) Chrome/131.0.0.0 Safari/537.36; ClaudeBot/1.0; [email protected])"
3.16.206.50 - - [14/Apr/2026:14:59:48 -0400] "GET /wp-content/themes/escapetour/css/parade-skin/skin.css HTTP/1.1" 200 520 "https://www.escapetravelservices.com/tour/shimla-02-nights-03-days/" "Mozilla/5.0 (Macintosh; Intel Mac OS X 10_15_7) AppleWebKit/537.36 (KHTML, like Gecko) Chrome/131.0.0.0 Safari/537.36; ClaudeBot/1.0; [email protected])"
3.16.206.50 - - [14/Apr/2026:14:59:48 -0400] "GET /wp-content/themes/escapetour/css/metro-white-skin/skin.css HTTP/1.1" 200 1206 "https://www.escapetravelservices.com/tour/shimla-02-nights-03-days/" "Mozilla/5.0 (Macintosh; Intel Mac OS X 10_15_7) AppleWebKit/537.36 (KHTML, like Gecko) Chrome/131.0.0.0 Safari/537.36; ClaudeBot/1.0; [email protected])"
3.16.206.50 - - [14/Apr/2026:14:59:48 -0400] "GET /wp-content/themes/escapetour/css/smooth-skin/skin.css HTTP/1.1" 200 1300 "https://www.escapetravelservices.com/tour/shimla-02-nights-03-days/" "Mozilla/5.0 (Macintosh; Intel Mac OS X 10_15_7) AppleWebKit/537.36 (KHTML, like Gecko) Chrome/131.0.0.0 Safari/537.36; ClaudeBot/1.0; [email protected])"
3.16.206.50 - - [14/Apr/2026:14:59:48 -0400] "GET /wp-content/themes/escapetour/css/mac-skin/skin.css HTTP/1.1" 200 1533 "https://www.escapetravelservices.com/tour/shimla-02-nights-03-days/" "Mozilla/5.0 (Macintosh; Intel Mac OS X 10_15_7) AppleWebKit/537.36 (KHTML, like Gecko) Chrome/131.0.0.0 Safari/537.36; ClaudeBot/1.0; [email protected])"
3.16.206.50 - - [14/Apr/2026:14:59:48 -0400] "GET /wp-includes/js/jquery/ui/datepicker.min.js HTTP/1.1" 200 10499 "https://www.escapetravelservices.com/tour/shimla-02-nights-03-days/" "Mozilla/5.0 (Macintosh; Intel Mac OS X 10_15_7) AppleWebKit/537.36 (KHTML, like Gecko) Chrome/131.0.0.0 Safari/537.36; ClaudeBot/1.0; [email protected])"
3.16.206.50 - - [14/Apr/2026:14:59:48 -0400] "GET /wp-content/plugins/booked/assets/js/tooltipster/js/jquery.tooltipster.min.js HTTP/1.1" 200 4635 "https://www.escapetravelservices.com/tour/shimla-02-nights-03-days/" "Mozilla/5.0 (Macintosh; Intel Mac OS X 10_15_7) AppleWebKit/537.36 (KHTML, like Gecko) Chrome/131.0.0.0 Safari/537.36; ClaudeBot/1.0; [email protected])"
3.16.206.50 - - [14/Apr/2026:14:59:48 -0400] "GET /wp-content/themes/escapetour/js/jquery.easing.js HTTP/1.1" 200 1879 "https://www.escapetravelservices.com/tour/shimla-02-nights-03-days/" "Mozilla/5.0 (Macintosh; Intel Mac OS X 10_15_7) AppleWebKit/537.36 (KHTML, like Gecko) Chrome/131.0.0.0 Safari/537.36; ClaudeBot/1.0; [email protected])"
3.16.206.50 - - [14/Apr/2026:14:59:49 -0400] "GET /wp-content/themes/escapetour/js/jarallax.js HTTP/1.1" 200 9018 "https://www.escapetravelservices.com/tour/shimla-02-nights-03-days/" "Mozilla/5.0 (Macintosh; Intel Mac OS X 10_15_7) AppleWebKit/537.36 (KHTML, like Gecko) Chrome/131.0.0.0 Safari/537.36; ClaudeBot/1.0; [email protected])"
3.16.206.50 - - [14/Apr/2026:14:59:49 -0400] "GET /wp-content/themes/escapetour/js/jquery.sticky-kit.min.js HTTP/1.1" 200 1194 "https://www.escapetravelservices.com/tour/shimla-02-nights-03-days/" "Mozilla/5.0 (Macintosh; Intel Mac OS X 10_15_7) AppleWebKit/537.36 (KHTML, like Gecko) Chrome/131.0.0.0 Safari/537.36; ClaudeBot/1.0; [email protected])"
3.16.206.50 - - [14/Apr/2026:14:59:49 -0400] "GET /wp-content/themes/escapetour/js/custom.js HTTP/1.1" 200 4246 "https://www.escapetravelservices.com/tour/shimla-02-nights-03-days/" "Mozilla/5.0 (Macintosh; Intel Mac OS X 10_15_7) AppleWebKit/537.36 (KHTML, like Gecko) Chrome/131.0.0.0 Safari/537.36; ClaudeBot/1.0; [email protected])"
3.16.206.50 - - [14/Apr/2026:14:59:49 -0400] "GET /wp-content/uploads/2022/06/escape-travel-services-ceo-150x150.jpg HTTP/1.1" 200 4381 "https://www.escapetravelservices.com/tour/shimla-02-nights-03-days/" "Mozilla/5.0 (Macintosh; Intel Mac OS X 10_15_7) AppleWebKit/537.36 (KHTML, like Gecko) Chrome/131.0.0.0 Safari/537.36; ClaudeBot/1.0; [email protected])"
3.16.206.50 - - [14/Apr/2026:14:59:49 -0400] "GET /wp-content/themes/escapetour/js/jquery.tooltipster.min.js HTTP/1.1" 200 4488 "https://www.escapetravelservices.com/tour/shimla-02-nights-03-days/" "Mozilla/5.0 (Macintosh; Intel Mac OS X 10_15_7) AppleWebKit/537.36 (KHTML, like Gecko) Chrome/131.0.0.0 Safari/537.36; ClaudeBot/1.0; [email protected])"
3.16.206.50 - - [14/Apr/2026:14:59:49 -0400] "GET /wp-includes/js/wp-emoji-release.min.js HTTP/1.1" 200 4619 "https://www.escapetravelservices.com/tour/shimla-02-nights-03-days/" "Mozilla/5.0 (Macintosh; Intel Mac OS X 10_15_7) AppleWebKit/537.36 (KHTML, like Gecko) Chrome/131.0.0.0 Safari/537.36; ClaudeBot/1.0; [email protected])"
3.16.206.50 - - [14/Apr/2026:14:59:49 -0400] "GET /wp-content/uploads/2022/06/Delightful-Seychlles-700x466.jpg HTTP/1.1" 200 107321 "https://www.escapetravelservices.com/tour/shimla-02-nights-03-days/" "Mozilla/5.0 (Macintosh; Intel Mac OS X 10_15_7) AppleWebKit/537.36 (KHTML, like Gecko) Chrome/131.0.0.0 Safari/537.36; ClaudeBot/1.0; [email protected])"
3.16.206.50 - - [14/Apr/2026:14:59:49 -0400] "GET /wp-content/plugins/whatsapp-for-wordpress/assets/img/whatsapp_logo.svg HTTP/1.1" 200 883 "https://www.escapetravelservices.com/wp-content/plugins/whatsapp-for-wordpress/assets/css/style.css" "Mozilla/5.0 (Macintosh; Intel Mac OS X 10_15_7) AppleWebKit/537.36 (KHTML, like Gecko) Chrome/131.0.0.0 Safari/537.36; ClaudeBot/1.0; [email protected])"
3.16.206.50 - - [14/Apr/2026:14:59:49 -0400] "GET /wp-content/plugins/whatsapp-for-wordpress/assets/img/x_icon.svg HTTP/1.1" 200 340 "https://www.escapetravelservices.com/wp-content/plugins/whatsapp-for-wordpress/assets/css/style.css" "Mozilla/5.0 (Macintosh; Intel Mac OS X 10_15_7) AppleWebKit/537.36 (KHTML, like Gecko) Chrome/131.0.0.0 Safari/537.36; ClaudeBot/1.0; [email protected])"
3.16.206.50 - - [14/Apr/2026:14:59:49 -0400] "GET /wp-content/themes/escapetour/fonts/themify.woff HTTP/1.1" 200 56108 "https://www.escapetravelservices.com/wp-content/themes/escapetour/css/themify-icons.css" "Mozilla/5.0 (Macintosh; Intel Mac OS X 10_15_7) AppleWebKit/537.36 (KHTML, like Gecko) Chrome/131.0.0.0 Safari/537.36; ClaudeBot/1.0; [email protected])"
3.16.206.50 - - [14/Apr/2026:14:59:49 -0400] "GET /wp-content/plugins/sliding-enquiry-form/fonts/fontawesome-webfont.woff2?v=4.7.0 HTTP/1.1" 200 77160 "https://www.escapetravelservices.com/wp-content/plugins/sliding-enquiry-form/css/font-awesome.min.css" "Mozilla/5.0 (Macintosh; Intel Mac OS X 10_15_7) AppleWebKit/537.36 (KHTML, like Gecko) Chrome/131.0.0.0 Safari/537.36; ClaudeBot/1.0; [email protected])"
3.16.206.50 - - [14/Apr/2026:14:59:49 -0400] "GET /wp-content/themes/escapetour/js/jquery.stellar.min.js HTTP/1.1" 200 3189 "https://www.escapetravelservices.com/tour/shimla-02-nights-03-days/" "Mozilla/5.0 (Macintosh; Intel Mac OS X 10_15_7) AppleWebKit/537.36 (KHTML, like Gecko) Chrome/131.0.0.0 Safari/537.36; ClaudeBot/1.0; [email protected])"
3.16.206.50 - - [14/Apr/2026:14:59:49 -0400] "GET /wp-content/themes/escapetour/js/jquery.cookie.js HTTP/1.1" 200 1235 "https://www.escapetravelservices.com/tour/shimla-02-nights-03-days/" "Mozilla/5.0 (Macintosh; Intel Mac OS X 10_15_7) AppleWebKit/537.36 (KHTML, like Gecko) Chrome/131.0.0.0 Safari/537.36; ClaudeBot/1.0; [email protected])"
3.16.206.50 - - [14/Apr/2026:14:59:49 -0400] "GET /wp-content/themes/escapetour/js/custom_plugins.js HTTP/1.1" 200 1632 "https://www.escapetravelservices.com/tour/shimla-02-nights-03-days/" "Mozilla/5.0 (Macintosh; Intel Mac OS X 10_15_7) AppleWebKit/537.36 (KHTML, like Gecko) Chrome/131.0.0.0 Safari/537.36; ClaudeBot/1.0; [email protected])"
3.16.206.50 - - [14/Apr/2026:14:59:49 -0400] "GET /wp-content/uploads/2021/01/escape-logo-white.png HTTP/1.1" 200 62370 "https://www.escapetravelservices.com/tour/shimla-02-nights-03-days/" "Mozilla/5.0 (Macintosh; Intel Mac OS X 10_15_7) AppleWebKit/537.36 (KHTML, like Gecko) Chrome/131.0.0.0 Safari/537.36; ClaudeBot/1.0; [email protected])"
3.16.206.50 - - [14/Apr/2026:14:59:49 -0400] "GET /wp-content/plugins/sliding-enquiry-form/captha/CaptchaSecurityImages.php?width=100&height=40&characters=5&code=vmfs66 HTTP/1.1" 200 175 "https://www.escapetravelservices.com/tour/shimla-02-nights-03-days/" "Mozilla/5.0 (Macintosh; Intel Mac OS X 10_15_7) AppleWebKit/537.36 (KHTML, like Gecko) Chrome/131.0.0.0 Safari/537.36; ClaudeBot/1.0; [email protected])"
3.16.206.50 - - [14/Apr/2026:14:59:49 -0400] "GET /wp-content/uploads/2022/06/Luxurious-Maldives-700x466.jpg HTTP/1.1" 200 43619 "https://www.escapetravelservices.com/tour/shimla-02-nights-03-days/" "Mozilla/5.0 (Macintosh; Intel Mac OS X 10_15_7) AppleWebKit/537.36 (KHTML, like Gecko) Chrome/131.0.0.0 Safari/537.36; ClaudeBot/1.0; [email protected])"
3.16.206.50 - - [14/Apr/2026:14:59:49 -0400] "GET /wp-content/uploads/2022/06/shimla-manali-tour-package-from-mumbai-700x466.jpg HTTP/1.1" 200 97903 "https://www.escapetravelservices.com/tour/shimla-02-nights-03-days/" "Mozilla/5.0 (Macintosh; Intel Mac OS X 10_15_7) AppleWebKit/537.36 (KHTML, like Gecko) Chrome/131.0.0.0 Safari/537.36; ClaudeBot/1.0; [email protected])"
3.16.206.50 - - [14/Apr/2026:14:59:49 -0400] "GET /wp-content/uploads/2022/06/Thrilling-Malaysia-700x466.jpg HTTP/1.1" 200 24375 "https://www.escapetravelservices.com/tour/shimla-02-nights-03-days/" "Mozilla/5.0 (Macintosh; Intel Mac OS X 10_15_7) AppleWebKit/537.36 (KHTML, like Gecko) Chrome/131.0.0.0 Safari/537.36; ClaudeBot/1.0; [email protected])"
3.16.206.50 - - [14/Apr/2026:14:59:50 -0400] "GET /wp-json/contact-form-7/v1/contact-forms/165/refill HTTP/1.1" 200 2 "https://www.escapetravelservices.com/tour/shimla-02-nights-03-days/" "Mozilla/5.0 (Macintosh; Intel Mac OS X 10_15_7) AppleWebKit/537.36 (KHTML, like Gecko) Chrome/131.0.0.0 Safari/537.36; ClaudeBot/1.0; [email protected])"
79.177.137.238 - - [14/Apr/2026:15:00:00 -0400] "POST /xmlrpc.php HTTP/1.1" 200 403 "-" "Jetpack/12.5; WordPress/6.3; http://site33533216.com"
79.177.137.238 - - [14/Apr/2026:15:00:19 -0400] "POST /xmlrpc.php HTTP/1.1" 200 403 "-" "Jetpack by WordPress.com (Jetpack 12.0; WordPress 6.4)"
162.213.253.84 - - [14/Apr/2026:15:00:30 -0400] "POST /wp-cron.php?doing_wp_cron=1776193230.1999130249023437500000 HTTP/1.1" 200 0 "https://www.escapetravelservices.com/wp-cron.php?doing_wp_cron=1776193230.1999130249023437500000" "WordPress/6.0; https://www.escapetravelservices.com"
79.177.137.238 - - [14/Apr/2026:15:00:29 -0400] "POST /xmlrpc.php HTTP/1.1" 200 403 "-" "Jetpack by WordPress.com (Jetpack 13.0; WordPress 6.2)"
3.16.206.50 - - [14/Apr/2026:14:59:49 -0400] "GET /wp-content/plugins/whatsapp-for-wordpress/assets/img/whatsapp_logo_green.svg HTTP/1.1" 200 884 "https://www.escapetravelservices.com/wp-content/plugins/whatsapp-for-wordpress/assets/css/style.css" "Mozilla/5.0 (Macintosh; Intel Mac OS X 10_15_7) AppleWebKit/537.36 (KHTML, like Gecko) Chrome/131.0.0.0 Safari/537.36; ClaudeBot/1.0; [email protected])"
3.16.206.50 - - [14/Apr/2026:14:59:49 -0400] "GET /wp-content/uploads/2022/06/shimla-manali-tour-package-from-ahmedabad-scaled.jpg HTTP/1.1" 200 553722 "https://www.escapetravelservices.com/tour/shimla-02-nights-03-days/" "Mozilla/5.0 (Macintosh; Intel Mac OS X 10_15_7) AppleWebKit/537.36 (KHTML, like Gecko) Chrome/131.0.0.0 Safari/537.36; ClaudeBot/1.0; [email protected])"
3.16.206.50 - - [14/Apr/2026:14:59:50 -0400] "GET /wp-content/plugins/contact-form-7/assets/ajax-loader.gif HTTP/1.1" 200 847 "https://www.escapetravelservices.com/wp-content/plugins/contact-form-7/includes/css/styles.css" "Mozilla/5.0 (Macintosh; Intel Mac OS X 10_15_7) AppleWebKit/537.36 (KHTML, like Gecko) Chrome/131.0.0.0 Safari/537.36; ClaudeBot/1.0; [email protected])"
79.177.137.238 - - [14/Apr/2026:15:00:08 -0400] "POST /xmlrpc.php HTTP/1.1" 200 403 "-" "WordPress.com; https://wordpress.com"
79.177.137.238 - - [14/Apr/2026:15:00:50 -0400] "POST /xmlrpc.php HTTP/1.1" 200 403 "-" "Jetpack/12.1; WordPress/6.4; http://site59497463.com"
162.213.253.84 - - [14/Apr/2026:15:01:33 -0400] "POST /wp-cron.php?doing_wp_cron=1776193293.5216031074523925781250 HTTP/1.1" 200 0 "https://www.escapetravelservices.com/wp-cron.php?doing_wp_cron=1776193293.5216031074523925781250" "WordPress/6.0; https://www.escapetravelservices.com"
79.177.137.238 - - [14/Apr/2026:15:01:33 -0400] "POST /xmlrpc.php HTTP/1.1" 200 403 "-" "Jetpack by WordPress.com"
79.177.137.238 - - [14/Apr/2026:15:01:43 -0400] "POST /xmlrpc.php HTTP/1.1" 200 403 "-" "Jetpack by WordPress.com"
79.177.137.238 - - [14/Apr/2026:15:01:54 -0400] "POST /xmlrpc.php HTTP/1.1" 200 403 "-" "Jetpack by WordPress.com (Jetpack 13.0; WordPress 6.4)"
143.198.166.34 - - [14/Apr/2026:15:02:34 -0400] "GET /.git/config HTTP/1.1" 403 1242 "-" "Mozilla/5.0 (X11; Linux x86_64) AppleWebKit/537.36 (KHTML, like Gecko) Chrome/81.0.4044.129 Safari/537.36"
79.177.137.238 - - [14/Apr/2026:15:02:36 -0400] "POST /xmlrpc.php HTTP/1.1" 200 403 "-" "Jetpack by WordPress.com (Jetpack 13.0; WordPress 6.2)"
162.213.253.84 - - [14/Apr/2026:15:04:32 -0400] "POST /wp-cron.php?doing_wp_cron=1776193472.9177150726318359375000 HTTP/1.1" 200 0 "https://www.escapetravelservices.com/wp-cron.php?doing_wp_cron=1776193472.9177150726318359375000" "WordPress/6.0; https://www.escapetravelservices.com"
79.177.137.238 - - [14/Apr/2026:15:04:32 -0400] "POST /xmlrpc.php HTTP/1.1" 200 403 "-" "Jetpack/12.1; WordPress/6.3; http://site99109546.com"
79.177.137.238 - - [14/Apr/2026:15:04:53 -0400] "POST /xmlrpc.php HTTP/1.1" 200 403 "-" "Jetpack/12.0; WordPress/6.3; http://site55131454.com"
79.177.137.238 - - [14/Apr/2026:15:05:14 -0400] "POST /xmlrpc.php HTTP/1.1" 200 403 "-" "Jetpack by WordPress.com"
79.177.137.238 - - [14/Apr/2026:15:00:40 -0400] "POST /xmlrpc.php HTTP/1.1" 200 403 "-" "Jetpack by WordPress.com"
79.177.137.238 - - [14/Apr/2026:15:01:01 -0400] "POST /xmlrpc.php HTTP/1.1" 200 403 "-" "Jetpack by WordPress.com (Jetpack 13.0; WordPress 6.3)"
79.177.137.238 - - [14/Apr/2026:15:01:11 -0400] "POST /xmlrpc.php HTTP/1.1" 200 403 "-" "Jetpack by WordPress.com (Jetpack 12.5; WordPress 6.1)"
79.177.137.238 - - [14/Apr/2026:15:01:22 -0400] "POST /xmlrpc.php HTTP/1.1" 200 403 "-" "WordPress.com; https://wordpress.com"
79.177.137.238 - - [14/Apr/2026:15:02:04 -0400] "POST /xmlrpc.php HTTP/1.1" 200 403 "-" "WordPress.com; https://wordpress.com"
79.177.137.238 - - [14/Apr/2026:15:02:15 -0400] "POST /xmlrpc.php HTTP/1.1" 200 403 "-" "Jetpack by WordPress.com"
79.177.137.238 - - [14/Apr/2026:15:02:25 -0400] "POST /xmlrpc.php HTTP/1.1" 200 403 "-" "WordPress.com; https://wordpress.com"
162.213.253.84 - - [14/Apr/2026:15:02:36 -0400] "POST /wp-cron.php?doing_wp_cron=1776193356.7192530632019042968750 HTTP/1.1" 200 0 "https://www.escapetravelservices.com/wp-cron.php?doing_wp_cron=1776193356.7192530632019042968750" "WordPress/6.0; https://www.escapetravelservices.com"
79.177.137.238 - - [14/Apr/2026:15:02:46 -0400] "POST /xmlrpc.php HTTP/1.1" 200 403 "-" "Jetpack by WordPress.com"
79.177.137.238 - - [14/Apr/2026:15:02:57 -0400] "POST /xmlrpc.php HTTP/1.1" 200 403 "-" "Jetpack by WordPress.com"
79.177.137.238 - - [14/Apr/2026:15:03:07 -0400] "POST /xmlrpc.php HTTP/1.1" 200 403 "-" "WordPress.com; https://wordpress.com"
79.177.137.238 - - [14/Apr/2026:15:03:18 -0400] "POST /xmlrpc.php HTTP/1.1" 200 403 "-" "Jetpack/12.0; WordPress/6.4; http://site62620173.com"
79.177.137.238 - - [14/Apr/2026:15:03:29 -0400] "POST /xmlrpc.php HTTP/1.1" 200 403 "-" "Jetpack by WordPress.com"
162.213.253.84 - - [14/Apr/2026:15:03:40 -0400] "POST /wp-cron.php?doing_wp_cron=1776193420.0201759338378906250000 HTTP/1.1" 200 0 "https://www.escapetravelservices.com/wp-cron.php?doing_wp_cron=1776193420.0201759338378906250000" "WordPress/6.0; https://www.escapetravelservices.com"
79.177.137.238 - - [14/Apr/2026:15:03:39 -0400] "POST /xmlrpc.php HTTP/1.1" 200 403 "-" "Jetpack by WordPress.com (Jetpack 12.1; WordPress 6.4)"
79.177.137.238 - - [14/Apr/2026:15:03:50 -0400] "POST /xmlrpc.php HTTP/1.1" 200 403 "-" "Jetpack by WordPress.com"
79.177.137.238 - - [14/Apr/2026:15:04:00 -0400] "POST /xmlrpc.php HTTP/1.1" 200 403 "-" "Jetpack by WordPress.com (Jetpack 12.5; WordPress 6.1)"
79.177.137.238 - - [14/Apr/2026:15:04:11 -0400] "POST /xmlrpc.php HTTP/1.1" 200 403 "-" "Jetpack by WordPress.com (Jetpack 13.0; WordPress 6.4)"
79.177.137.238 - - [14/Apr/2026:15:04:21 -0400] "POST /xmlrpc.php HTTP/1.1" 200 403 "-" "Jetpack/12.1; WordPress/6.2; http://site82177073.com"
79.177.137.238 - - [14/Apr/2026:15:04:42 -0400] "POST /xmlrpc.php HTTP/1.1" 200 403 "-" "Jetpack by WordPress.com"
79.177.137.238 - - [14/Apr/2026:15:05:04 -0400] "POST /xmlrpc.php HTTP/1.1" 200 403 "-" "Jetpack by WordPress.com (Jetpack 12.0; WordPress 6.2)"
79.177.137.238 - - [14/Apr/2026:15:05:25 -0400] "POST /xmlrpc.php HTTP/1.1" 200 403 "-" "Jetpack by WordPress.com (Jetpack 12.5; WordPress 6.1)"
79.177.137.238 - - [14/Apr/2026:15:05:46 -0400] "POST /xmlrpc.php HTTP/1.1" 200 403 "-" "WordPress.com; https://wordpress.com"
79.177.137.238 - - [14/Apr/2026:15:06:07 -0400] "POST /xmlrpc.php HTTP/1.1" 200 403 "-" "Jetpack by WordPress.com"
79.177.137.238 - - [14/Apr/2026:15:06:59 -0400] "POST /xmlrpc.php HTTP/1.1" 200 403 "-" "Jetpack by WordPress.com"
79.177.137.238 - - [14/Apr/2026:15:07:21 -0400] "POST /xmlrpc.php HTTP/1.1" 200 403 "-" "Jetpack by WordPress.com"
162.213.253.84 - - [14/Apr/2026:15:07:32 -0400] "POST /wp-cron.php?doing_wp_cron=1776193652.6368749141693115234375 HTTP/1.1" 200 0 "https://www.escapetravelservices.com/wp-cron.php?doing_wp_cron=1776193652.6368749141693115234375" "WordPress/6.0; https://www.escapetravelservices.com"
79.177.137.238 - - [14/Apr/2026:15:07:32 -0400] "POST /xmlrpc.php HTTP/1.1" 200 403 "-" "Jetpack/12.1; WordPress/6.3; http://site81894300.com"
162.213.253.84 - - [14/Apr/2026:15:08:35 -0400] "POST /wp-cron.php?doing_wp_cron=1776193715.4179699420928955078125 HTTP/1.1" 200 0 "https://www.escapetravelservices.com/wp-cron.php?doing_wp_cron=1776193715.4179699420928955078125" "WordPress/6.0; https://www.escapetravelservices.com"
216.73.216.35 - - [14/Apr/2026:15:15:25 -0400] "GET /robots.txt HTTP/1.1" 200 6886 "-" "Mozilla/5.0 AppleWebKit/537.36 (KHTML, like Gecko; compatible; ClaudeBot/1.0; [email protected])"
162.213.253.84 - - [14/Apr/2026:15:15:26 -0400] "POST /wp-cron.php?doing_wp_cron=1776194126.1602809429168701171875 HTTP/1.1" 200 0 "https://www.escapetravelservices.com/wp-cron.php?doing_wp_cron=1776194126.1602809429168701171875" "WordPress/6.0; https://www.escapetravelservices.com"
162.213.253.84 - - [14/Apr/2026:15:05:36 -0400] "POST /wp-cron.php?doing_wp_cron=1776193536.1316659450531005859375 HTTP/1.1" 200 0 "https://www.escapetravelservices.com/wp-cron.php?doing_wp_cron=1776193536.1316659450531005859375" "WordPress/6.0; https://www.escapetravelservices.com"
79.177.137.238 - - [14/Apr/2026:15:05:35 -0400] "POST /xmlrpc.php HTTP/1.1" 200 403 "-" "Jetpack by WordPress.com"
79.177.137.238 - - [14/Apr/2026:15:05:56 -0400] "POST /xmlrpc.php HTTP/1.1" 200 403 "-" "Jetpack by WordPress.com (Jetpack 13.0; WordPress 6.3)"
79.177.137.238 - - [14/Apr/2026:15:06:17 -0400] "POST /xmlrpc.php HTTP/1.1" 200 403 "-" "Jetpack by WordPress.com"
79.177.137.238 - - [14/Apr/2026:15:06:28 -0400] "POST /xmlrpc.php HTTP/1.1" 200 403 "-" "Jetpack by WordPress.com"
162.213.253.84 - - [14/Apr/2026:15:06:39 -0400] "POST /wp-cron.php?doing_wp_cron=1776193599.2978289127349853515625 HTTP/1.1" 200 0 "https://www.escapetravelservices.com/wp-cron.php?doing_wp_cron=1776193599.2978289127349853515625" "WordPress/6.0; https://www.escapetravelservices.com"
79.177.137.238 - - [14/Apr/2026:15:06:38 -0400] "POST /xmlrpc.php HTTP/1.1" 200 403 "-" "WordPress.com; https://wordpress.com"
79.177.137.238 - - [14/Apr/2026:15:06:49 -0400] "POST /xmlrpc.php HTTP/1.1" 200 403 "-" "Jetpack by WordPress.com (Jetpack 12.5; WordPress 6.3)"
79.177.137.238 - - [14/Apr/2026:15:07:10 -0400] "POST /xmlrpc.php HTTP/1.1" 200 403 "-" "Jetpack/12.1; WordPress/6.2; http://site58637711.com"
79.177.137.238 - - [14/Apr/2026:15:07:42 -0400] "POST /xmlrpc.php HTTP/1.1" 200 403 "-" "Jetpack/12.5; WordPress/6.4; http://site75756926.com"
79.177.137.238 - - [14/Apr/2026:15:07:52 -0400] "POST /xmlrpc.php HTTP/1.1" 200 403 "-" "Jetpack by WordPress.com"
79.177.137.238 - - [14/Apr/2026:15:08:03 -0400] "POST /xmlrpc.php HTTP/1.1" 200 403 "-" "Jetpack by WordPress.com (Jetpack 12.5; WordPress 6.4)"
79.177.137.238 - - [14/Apr/2026:15:08:13 -0400] "POST /xmlrpc.php HTTP/1.1" 200 403 "-" "Jetpack/12.5; WordPress/6.3; http://site49252440.com"
79.177.137.238 - - [14/Apr/2026:15:08:24 -0400] "POST /xmlrpc.php HTTP/1.1" 200 403 "-" "Jetpack by WordPress.com"
79.177.137.238 - - [14/Apr/2026:15:08:34 -0400] "POST /xmlrpc.php HTTP/1.1" 200 403 "-" "Jetpack by WordPress.com (Jetpack 13.0; WordPress 6.3)"
216.73.216.35 - - [14/Apr/2026:15:15:25 -0400] "GET /sitemap.xml HTTP/1.1" 404 22632 "-" "Mozilla/5.0 AppleWebKit/537.36 (KHTML, like Gecko; compatible; ClaudeBot/1.0; [email protected])"
162.213.253.84 - - [14/Apr/2026:15:27:39 -0400] "GET / HTTP/1.1" 200 33152 "https://www.escapetravelservices.com/" "WordPress/6.0; http://www.escapetravelservices.com"
14.245.92.153 - - [14/Apr/2026:15:43:18 -0400] "GET /destination/andaman-nicobar/ HTTP/1.1" 200 21123 "-" "Mozilla/5.0 (iPod; U; CPU iPhone OS 3_1 like Mac OS X; hak-TW) AppleWebKit/532.50.2 (KHTML, like Gecko) Version/3.0.5 Mobile/8B114 Safari/6532.50.2"
103.90.232.170 - - [14/Apr/2026:15:44:28 -0400] "GET /wp-login.php HTTP/1.1" 200 1910 "-" "Mozilla/5.0 (Windows NT 6.1; Win64; x64; Trident/7.0; managedpc; rv:11.0) like Gecko"
162.213.253.84 - - [14/Apr/2026:15:44:37 -0400] "POST /wp-cron.php?doing_wp_cron=1776195877.1769320964813232421875 HTTP/1.1" 200 0 "https://www.escapetravelservices.com/wp-cron.php?doing_wp_cron=1776195877.1769320964813232421875" "WordPress/6.0; https://www.escapetravelservices.com"
103.90.232.170 - - [14/Apr/2026:15:44:36 -0400] "POST /wp-login.php HTTP/1.1" 200 1984 "https://mail.escapetravelservices.com/wp-login.php" "Mozilla/5.0 (Windows NT 6.1; Win64; x64; Trident/7.0; managedpc; rv:11.0) like Gecko"
162.213.253.84 - - [14/Apr/2026:15:50:35 -0400] "POST /wp-cron.php?doing_wp_cron=1776196235.6479680538177490234375 HTTP/1.1" 200 0 "https://www.escapetravelservices.com/wp-cron.php?doing_wp_cron=1776196235.6479680538177490234375" "WordPress/6.0; https://www.escapetravelservices.com"
103.82.27.53 - - [14/Apr/2026:15:50:34 -0400] "POST /wp-login.php HTTP/1.1" 200 1984 "https://mail.escapetravelservices.com/wp-login.php" "Mozilla/5.0 (Windows NT 10.0; Trident/7.0; rv:11.0) like Gecko"
216.73.216.35 - - [14/Apr/2026:16:01:01 -0400] "GET / HTTP/1.1" 200 28868 "-" "Mozilla/5.0 AppleWebKit/537.36 (KHTML, like Gecko; compatible; ClaudeBot/1.0; [email protected])"
103.82.27.53 - - [14/Apr/2026:15:50:33 -0400] "GET /wp-login.php HTTP/1.1" 200 1910 "-" "Mozilla/5.0 (Windows NT 10.0; Trident/7.0; rv:11.0) like Gecko"
216.73.216.35 - - [14/Apr/2026:16:01:01 -0400] "GET /robots.txt HTTP/1.1" 200 6886 "-" "Mozilla/5.0 AppleWebKit/537.36 (KHTML, like Gecko; compatible; ClaudeBot/1.0; [email protected])"
162.213.253.84 - - [14/Apr/2026:16:01:47 -0400] "POST /wp-cron.php?doing_wp_cron=1776196907.3990809917449951171875 HTTP/1.1" 200 0 "https://www.escapetravelservices.com/wp-cron.php?doing_wp_cron=1776196907.3990809917449951171875" "WordPress/6.0; https://www.escapetravelservices.com"
192.3.24.135 - - [14/Apr/2026:16:01:45 -0400] "POST /index.php/wp-json/litespeed/v1/cdn_status HTTP/1.1" 200 13 "https://escapetravelservices.com:443/wp-admin/update.php?action=upload-plugin" "Mozilla/5.0 (Windows NT 10.0; Win64; x64; rv:128.0) Gecko/20100101 Firefox/128.0"
66.249.79.66 - - [14/Apr/2026:16:02:02 -0400] "GET /robots.txt HTTP/1.1" 200 6886 "-" "Mozilla/5.0 (compatible; Googlebot/2.1; +http://www.google.com/bot.html)"
66.249.79.65 - - [14/Apr/2026:16:02:02 -0400] "GET /wp-content/plugins/sliding-enquiry-form/captha/CaptchaSecurityImages.php?width=100&height=40&characters=5&code=vbqhmn HTTP/1.1" 200 175 "-" "Googlebot-Image/1.0"
162.213.253.84 - - [14/Apr/2026:16:13:00 -0400] "POST /wp-cron.php?doing_wp_cron=1776197580.6590349674224853515625 HTTP/1.1" 200 0 "https://www.escapetravelservices.com/wp-cron.php?doing_wp_cron=1776197580.6590349674224853515625" "WordPress/6.0; https://www.escapetravelservices.com"
216.73.216.35 - - [14/Apr/2026:16:13:00 -0400] "GET /sitemap.xml HTTP/1.1" 301 0 "-" "Mozilla/5.0 AppleWebKit/537.36 (KHTML, like Gecko; compatible; ClaudeBot/1.0; [email protected])"
216.73.216.35 - - [14/Apr/2026:16:12:58 -0400] "GET /robots.txt HTTP/1.1" 301 0 "-" "Mozilla/5.0 AppleWebKit/537.36 (KHTML, like Gecko; compatible; ClaudeBot/1.0; [email protected])"
216.73.216.35 - - [14/Apr/2026:16:12:59 -0400] "GET /robots.txt HTTP/1.1" 200 6886 "https://escapetravelservices.com/robots.txt" "Mozilla/5.0 AppleWebKit/537.36 (KHTML, like Gecko; compatible; ClaudeBot/1.0; [email protected])"
216.73.216.35 - - [14/Apr/2026:16:13:01 -0400] "GET /sitemap.xml HTTP/1.1" 301 0 "https://escapetravelservices.com/sitemap.xml" "Mozilla/5.0 AppleWebKit/537.36 (KHTML, like Gecko; compatible; ClaudeBot/1.0; [email protected])"
216.73.216.35 - - [14/Apr/2026:16:13:01 -0400] "GET /sitemap_index.xml HTTP/1.1" 200 326 "https://www.escapetravelservices.com/sitemap.xml" "Mozilla/5.0 AppleWebKit/537.36 (KHTML, like Gecko; compatible; ClaudeBot/1.0; [email protected])"
66.249.79.65 - - [14/Apr/2026:16:25:23 -0400] "GET /robots.txt HTTP/1.1" 200 6886 "-" "Mozilla/5.0 (compatible; Googlebot/2.1; +http://www.google.com/bot.html)"
47.128.49.38 - - [14/Apr/2026:16:38:49 -0400] "GET /robots.txt HTTP/1.1" 200 7690 "-" "Mozilla/5.0 (Linux; Android 5.0) AppleWebKit/537.36 (KHTML, like Gecko) Mobile Safari/537.36 (compatible; Bytespider; [email protected])"
47.128.49.60 - - [14/Apr/2026:16:34:05 -0400] "GET /robots.txt HTTP/1.1" 200 7690 "-" "Mozilla/5.0 (Linux; Android 5.0) AppleWebKit/537.36 (KHTML, like Gecko) Mobile Safari/537.36 (compatible; Bytespider; [email protected])"
185.191.171.10 - - [14/Apr/2026:16:47:29 -0400] "GET /terms-conditions-with-cancellation-policy/ HTTP/1.1" 200 34166 "-" "Mozilla/5.0 (compatible; SemrushBot/7~bl; +http://www.semrush.com/bot.html)"
85.208.96.201 - - [14/Apr/2026:16:47:28 -0400] "GET /robots.txt HTTP/1.1" 200 7690 "-" "Mozilla/5.0 (compatible; SemrushBot/7~bl; +http://www.semrush.com/bot.html)"
216.73.216.35 - - [14/Apr/2026:16:59:59 -0400] "GET /sitemap.xml HTTP/1.1" 301 0 "-" "Mozilla/5.0 AppleWebKit/537.36 (KHTML, like Gecko; compatible; ClaudeBot/1.0; [email protected])"
216.73.216.35 - - [14/Apr/2026:16:59:59 -0400] "GET /sitemap_index.xml HTTP/1.1" 200 326 "https://www.escapetravelservices.com/sitemap.xml" "Mozilla/5.0 AppleWebKit/537.36 (KHTML, like Gecko; compatible; ClaudeBot/1.0; [email protected])"
162.213.253.84 - - [14/Apr/2026:17:00:00 -0400] "POST /wp-cron.php?doing_wp_cron=1776200400.1465780735015869140625 HTTP/1.1" 200 0 "https://www.escapetravelservices.com/wp-cron.php?doing_wp_cron=1776200400.1465780735015869140625" "WordPress/6.0; https://www.escapetravelservices.com"
52.71.216.196 - - [14/Apr/2026:17:01:13 -0400] "GET /tour/sizzling-seychelles/ HTTP/1.1" 200 28434 "-" "Mozilla/5.0 AppleWebKit/537.36 (KHTML, like Gecko; compatible; Amazonbot/0.1; +https://developer.amazon.com/support/amazonbot) Chrome/119.0.6045.214 Safari/537.36"
17.246.19.94 - - [14/Apr/2026:17:13:05 -0400] "GET /robots.txt HTTP/1.1" 200 7690 "-" "Mozilla/5.0 (Macintosh; Intel Mac OS X 10_15_7) AppleWebKit/605.1.15 (KHTML, like Gecko) Version/17.4 Safari/605.1.15 (Applebot/0.1; +http://www.apple.com/go/applebot)"
17.246.19.94 - - [14/Apr/2026:17:13:05 -0400] "GET /destination/jammu-and-kashmir HTTP/1.1" 301 0 "-" "Mozilla/5.0 (Macintosh; Intel Mac OS X 10_15_7) AppleWebKit/605.1.15 (KHTML, like Gecko) Version/17.4 Safari/605.1.15 (Applebot/0.1; +http://www.apple.com/go/applebot)"
17.246.19.94 - - [14/Apr/2026:17:13:05 -0400] "GET /destination/jammu-and-kashmir/ HTTP/1.1" 200 22522 "-" "Mozilla/5.0 (Macintosh; Intel Mac OS X 10_15_7) AppleWebKit/605.1.15 (KHTML, like Gecko) Version/17.4 Safari/605.1.15 (Applebot/0.1; +http://www.apple.com/go/applebot)"
17.246.19.41 - - [14/Apr/2026:17:18:23 -0400] "GET /wp-includes/css/dist/block-library/style.min.css HTTP/1.1" 200 14760 "https://www.escapetravelservices.com/destination/jammu-and-kashmir/" "Mozilla/5.0 (Macintosh; Intel Mac OS X 10_15_7) AppleWebKit/605.1.15 (KHTML, like Gecko) Version/17.4 Safari/605.1.15 (Applebot/0.1; +http://www.apple.com/go/applebot)"
17.246.15.78 - - [14/Apr/2026:17:18:26 -0400] "GET /wp-includes/js/wp-emoji-release.min.js HTTP/1.1" 200 5712 "https://www.escapetravelservices.com/destination/jammu-and-kashmir/" "Mozilla/5.0 (Macintosh; Intel Mac OS X 10_15_7) AppleWebKit/605.1.15 (KHTML, like Gecko) Version/17.4 Safari/605.1.15 (Applebot/0.1; +http://www.apple.com/go/applebot)"
17.246.15.65 - - [14/Apr/2026:17:18:29 -0400] "GET /wp-content/plugins/booked/assets/css/animations.css HTTP/1.1" 200 562 "https://www.escapetravelservices.com/destination/jammu-and-kashmir/" "Mozilla/5.0 (Macintosh; Intel Mac OS X 10_15_7) AppleWebKit/605.1.15 (KHTML, like Gecko) Version/17.4 Safari/605.1.15 (Applebot/0.1; +http://www.apple.com/go/applebot)"
17.246.23.237 - - [14/Apr/2026:17:18:32 -0400] "GET /wp-content/plugins/contact-form-7/includes/css/styles.css HTTP/1.1" 200 776 "https://www.escapetravelservices.com/destination/jammu-and-kashmir/" "Mozilla/5.0 (Macintosh; Intel Mac OS X 10_15_7) AppleWebKit/605.1.15 (KHTML, like Gecko) Version/17.4 Safari/605.1.15 (Applebot/0.1; +http://www.apple.com/go/applebot)"
17.246.19.83 - - [14/Apr/2026:17:18:36 -0400] "GET /wp-content/themes/escapetour/css/reset.css HTTP/1.1" 200 334 "https://www.escapetravelservices.com/destination/jammu-and-kashmir/" "Mozilla/5.0 (Macintosh; Intel Mac OS X 10_15_7) AppleWebKit/605.1.15 (KHTML, like Gecko) Version/17.4 Safari/605.1.15 (Applebot/0.1; +http://www.apple.com/go/applebot)"
17.246.23.130 - - [14/Apr/2026:17:18:40 -0400] "GET /wp-content/themes/escapetour/css/animation.css HTTP/1.1" 200 1055 "https://www.escapetravelservices.com/destination/jammu-and-kashmir/" "Mozilla/5.0 (Macintosh; Intel Mac OS X 10_15_7) AppleWebKit/605.1.15 (KHTML, like Gecko) Version/17.4 Safari/605.1.15 (Applebot/0.1; +http://www.apple.com/go/applebot)"
17.246.23.237 - - [14/Apr/2026:17:18:41 -0400] "GET /wp-content/themes/escapetour/css/ilightbox/ilightbox.css HTTP/1.1" 200 1778 "https://www.escapetravelservices.com/destination/jammu-and-kashmir/" "Mozilla/5.0 (Macintosh; Intel Mac OS X 10_15_7) AppleWebKit/605.1.15 (KHTML, like Gecko) Version/17.4 Safari/605.1.15 (Applebot/0.1; +http://www.apple.com/go/applebot)"
17.246.15.65 - - [14/Apr/2026:17:18:42 -0400] "GET /wp-content/themes/escapetour/css/jqueryui/custom.css HTTP/1.1" 200 5287 "https://www.escapetravelservices.com/destination/jammu-and-kashmir/" "Mozilla/5.0 (Macintosh; Intel Mac OS X 10_15_7) AppleWebKit/605.1.15 (KHTML, like Gecko) Version/17.4 Safari/605.1.15 (Applebot/0.1; +http://www.apple.com/go/applebot)"
17.246.15.78 - - [14/Apr/2026:17:18:44 -0400] "GET /wp-includes/js/mediaelement/mediaelementplayer-legacy.min.css HTTP/1.1" 200 2967 "https://www.escapetravelservices.com/destination/jammu-and-kashmir/" "Mozilla/5.0 (Macintosh; Intel Mac OS X 10_15_7) AppleWebKit/605.1.15 (KHTML, like Gecko) Version/17.4 Safari/605.1.15 (Applebot/0.1; +http://www.apple.com/go/applebot)"
17.246.19.83 - - [14/Apr/2026:17:18:45 -0400] "GET /wp-content/themes/escapetour/js/flexslider/flexslider.css HTTP/1.1" 200 2042 "https://www.escapetravelservices.com/destination/jammu-and-kashmir/" "Mozilla/5.0 (Macintosh; Intel Mac OS X 10_15_7) AppleWebKit/605.1.15 (KHTML, like Gecko) Version/17.4 Safari/605.1.15 (Applebot/0.1; +http://www.apple.com/go/applebot)"
17.246.23.237 - - [14/Apr/2026:17:18:50 -0400] "GET /wp-content/themes/escapetour/css/screen.css HTTP/1.1" 200 38946 "https://www.escapetravelservices.com/destination/jammu-and-kashmir/" "Mozilla/5.0 (Macintosh; Intel Mac OS X 10_15_7) AppleWebKit/605.1.15 (KHTML, like Gecko) Version/17.4 Safari/605.1.15 (Applebot/0.1; +http://www.apple.com/go/applebot)"
17.246.19.78 - - [14/Apr/2026:17:18:21 -0400] "GET /wp-content/plugins/booked/assets/css/icons.css HTTP/1.1" 200 6618 "https://www.escapetravelservices.com/destination/jammu-and-kashmir/" "Mozilla/5.0 (Macintosh; Intel Mac OS X 10_15_7) AppleWebKit/605.1.15 (KHTML, like Gecko) Version/17.4 Safari/605.1.15 (Applebot/0.1; +http://www.apple.com/go/applebot)"
17.246.23.52 - - [14/Apr/2026:17:18:24 -0400] "GET /wp-content/plugins/booked/assets/js/tooltipster/css/themes/tooltipster-light.css HTTP/1.1" 200 226 "https://www.escapetravelservices.com/destination/jammu-and-kashmir/" "Mozilla/5.0 (Macintosh; Intel Mac OS X 10_15_7) AppleWebKit/605.1.15 (KHTML, like Gecko) Version/17.4 Safari/605.1.15 (Applebot/0.1; +http://www.apple.com/go/applebot)"
17.246.19.83 - - [14/Apr/2026:17:18:27 -0400] "GET /wp-content/plugins/booked/assets/js/tooltipster/css/tooltipster.css HTTP/1.1" 200 1970 "https://www.escapetravelservices.com/destination/jammu-and-kashmir/" "Mozilla/5.0 (Macintosh; Intel Mac OS X 10_15_7) AppleWebKit/605.1.15 (KHTML, like Gecko) Version/17.4 Safari/605.1.15 (Applebot/0.1; +http://www.apple.com/go/applebot)"
17.246.23.138 - - [14/Apr/2026:17:18:31 -0400] "GET /wp-content/plugins/booked/dist/booked.css HTTP/1.1" 200 10925 "https://www.escapetravelservices.com/destination/jammu-and-kashmir/" "Mozilla/5.0 (Macintosh; Intel Mac OS X 10_15_7) AppleWebKit/605.1.15 (KHTML, like Gecko) Version/17.4 Safari/605.1.15 (Applebot/0.1; +http://www.apple.com/go/applebot)"
17.246.23.52 - - [14/Apr/2026:17:18:33 -0400] "GET /wp-content/plugins/revslider/public/assets/css/rs6.css HTTP/1.1" 200 15207 "https://www.escapetravelservices.com/destination/jammu-and-kashmir/" "Mozilla/5.0 (Macintosh; Intel Mac OS X 10_15_7) AppleWebKit/605.1.15 (KHTML, like Gecko) Version/17.4 Safari/605.1.15 (Applebot/0.1; +http://www.apple.com/go/applebot)"
17.246.15.78 - - [14/Apr/2026:17:18:35 -0400] "GET /wp-content/plugins/whatsapp-for-wordpress/assets/css/style.css HTTP/1.1" 200 4693 "https://www.escapetravelservices.com/destination/jammu-and-kashmir/" "Mozilla/5.0 (Macintosh; Intel Mac OS X 10_15_7) AppleWebKit/605.1.15 (KHTML, like Gecko) Version/17.4 Safari/605.1.15 (Applebot/0.1; +http://www.apple.com/go/applebot)"
17.246.19.119 - - [14/Apr/2026:17:18:38 -0400] "GET /wp-content/themes/escapetour/css/wordpress.css HTTP/1.1" 200 1176 "https://www.escapetravelservices.com/destination/jammu-and-kashmir/" "Mozilla/5.0 (Macintosh; Intel Mac OS X 10_15_7) AppleWebKit/605.1.15 (KHTML, like Gecko) Version/17.4 Safari/605.1.15 (Applebot/0.1; +http://www.apple.com/go/applebot)"
