64.233.172.235 - - [27/Feb/2026:09:39:36 -0500] "GET /wp-content/plugins/elementor/assets/js/frontend.min.js?ver=3.7.7 HTTP/1.1" 200 11703 "https://tejoversea.com/track-order/" "Mozilla/5.0 (Linux; Android 10; K) AppleWebKit/537.36 (KHTML, like Gecko) Chrome/138.0.0.0 Mobile Safari/537.36 (compatible; Google-Read-Aloud; +https://support.google.com/webmasters/answer/1061943)"
64.233.172.236 - - [27/Feb/2026:09:39:36 -0500] "GET /wp-content/themes/logistek/assets/revolution/js/slider_v1.js?ver=6.0.2 HTTP/1.1" 200 939 "https://tejoversea.com/track-order/" "Mozilla/5.0 (Linux; Android 10; K) AppleWebKit/537.36 (KHTML, like Gecko) Chrome/138.0.0.0 Mobile Safari/537.36 (compatible; Google-Read-Aloud; +https://support.google.com/webmasters/answer/1061943)"
64.233.172.235 - - [27/Feb/2026:09:39:36 -0500] "GET /wp-content/themes/logistek/assets/revolution/js/extensions/revolution.extension.carousel.min.js?ver=6.0.2 HTTP/1.1" 200 2462 "https://tejoversea.com/track-order/" "Mozilla/5.0 (Linux; Android 10; K) AppleWebKit/537.36 (KHTML, like Gecko) Chrome/138.0.0.0 Mobile Safari/537.36 (compatible; Google-Read-Aloud; +https://support.google.com/webmasters/answer/1061943)"
64.233.172.237 - - [27/Feb/2026:09:39:36 -0500] "GET /wp-content/plugins/elementor-pro/assets/js/elements-handlers.min.js?ver=3.7.7 HTTP/1.1" 200 5290 "https://tejoversea.com/track-order/" "Mozilla/5.0 (Linux; Android 10; K) AppleWebKit/537.36 (KHTML, like Gecko) Chrome/138.0.0.0 Mobile Safari/537.36 (compatible; Google-Read-Aloud; +https://support.google.com/webmasters/answer/1061943)"
64.233.172.237 - - [27/Feb/2026:09:39:36 -0500] "GET /wp-content/themes/logistek/assets/js/owl.carousel.min.js?ver=6.0.2 HTTP/1.1" 200 11139 "https://tejoversea.com/track-order/" "Mozilla/5.0 (Linux; Android 10; K) AppleWebKit/537.36 (KHTML, like Gecko) Chrome/138.0.0.0 Mobile Safari/537.36 (compatible; Google-Read-Aloud; +https://support.google.com/webmasters/answer/1061943)"
64.233.172.235 - - [27/Feb/2026:09:39:36 -0500] "GET /wp-content/plugins/elementor/assets/lib/waypoints/waypoints.min.js?ver=4.0.2 HTTP/1.1" 200 2867 "https://tejoversea.com/track-order/" "Mozilla/5.0 (Linux; Android 10; K) AppleWebKit/537.36 (KHTML, like Gecko) Chrome/138.0.0.0 Mobile Safari/537.36 (compatible; Google-Read-Aloud; +https://support.google.com/webmasters/answer/1061943)"
64.233.172.236 - - [27/Feb/2026:09:39:36 -0500] "GET /wp-content/themes/logistek/assets/fonts/fontawesome/webfonts/fa-brands-400.woff2 HTTP/1.1" 200 76612 "https://tejoversea.com/wp-content/themes/logistek/assets/fonts/fontawesome/css/all.css?ver=6.0.2" "Mozilla/5.0 (Linux; Android 10; K) AppleWebKit/537.36 (KHTML, like Gecko) Chrome/138.0.0.0 Mobile Safari/537.36 (compatible; Google-Read-Aloud; +https://support.google.com/webmasters/answer/1061943)"
64.233.172.235 - - [27/Feb/2026:09:39:36 -0500] "GET /wp-content/themes/logistek/assets/revolution/js/extensions/revolution.extension.kenburn.min.js?ver=6.0.2 HTTP/1.1" 200 1294 "https://tejoversea.com/track-order/" "Mozilla/5.0 (Linux; Android 10; K) AppleWebKit/537.36 (KHTML, like Gecko) Chrome/138.0.0.0 Mobile Safari/537.36 (compatible; Google-Read-Aloud; +https://support.google.com/webmasters/answer/1061943)"
64.233.172.237 - - [27/Feb/2026:09:39:36 -0500] "GET /wp-content/themes/logistek/assets/revolution/js/jquery.themepunch.tools.min.js?ver=6.0.2 HTTP/1.1" 200 32595 "https://tejoversea.com/track-order/" "Mozilla/5.0 (Linux; Android 10; K) AppleWebKit/537.36 (KHTML, like Gecko) Chrome/138.0.0.0 Mobile Safari/537.36 (compatible; Google-Read-Aloud; +https://support.google.com/webmasters/answer/1061943)"
64.233.172.235 - - [27/Feb/2026:09:39:36 -0500] "GET /wp-content/themes/logistek/assets/js/isotope.pkgd.min.js?ver=6.0.2 HTTP/1.1" 200 9601 "https://tejoversea.com/track-order/" "Mozilla/5.0 (Linux; Android 10; K) AppleWebKit/537.36 (KHTML, like Gecko) Chrome/138.0.0.0 Mobile Safari/537.36 (compatible; Google-Read-Aloud; +https://support.google.com/webmasters/answer/1061943)"
64.233.172.237 - - [27/Feb/2026:09:39:36 -0500] "GET /wp-content/themes/logistek/assets/revolution/js/extensions/revolution.extension.parallax.min.js?ver=6.0.2 HTTP/1.1" 200 2917 "https://tejoversea.com/track-order/" "Mozilla/5.0 (Linux; Android 10; K) AppleWebKit/537.36 (KHTML, like Gecko) Chrome/138.0.0.0 Mobile Safari/537.36 (compatible; Google-Read-Aloud; +https://support.google.com/webmasters/answer/1061943)"
64.233.172.235 - - [27/Feb/2026:09:39:36 -0500] "GET /wp-content/themes/logistek/assets/fonts/fontawesome/webfonts/fa-solid-900.woff2 HTTP/1.1" 200 79444 "https://tejoversea.com/wp-content/themes/logistek/assets/fonts/fontawesome/css/all.css?ver=6.0.2" "Mozilla/5.0 (Linux; Android 10; K) AppleWebKit/537.36 (KHTML, like Gecko) Chrome/138.0.0.0 Mobile Safari/537.36 (compatible; Google-Read-Aloud; +https://support.google.com/webmasters/answer/1061943)"
64.233.172.236 - - [27/Feb/2026:09:39:36 -0500] "GET /wp-content/themes/logistek/assets/fonts/webexicon/fonts/webexicon.ttf?aeef8j HTTP/1.1" 200 218068 "https://tejoversea.com/wp-content/themes/logistek/assets/fonts/webexicon/style.css?ver=6.0.2" "Mozilla/5.0 (Linux; Android 10; K) AppleWebKit/537.36 (KHTML, like Gecko) Chrome/138.0.0.0 Mobile Safari/537.36 (compatible; Google-Read-Aloud; +https://support.google.com/webmasters/answer/1061943)"
162.213.253.84 - - [27/Feb/2026:09:51:40 -0500] "POST /wp-cron.php?doing_wp_cron=1772203900.5123519897460937500000 HTTP/1.1" 200 0 "https://tejoversea.com/wp-cron.php?doing_wp_cron=1772203900.5123519897460937500000" "WordPress/6.0.2; https://tejoversea.com"
185.223.152.96 - - [27/Feb/2026:09:51:39 -0500] "POST /wp-login.php HTTP/1.1" 200 6682 "-" "Mozilla/5.0"
162.213.253.84 - - [27/Feb/2026:09:51:41 -0500] "POST /wp-admin/admin-ajax.php?action=async_litespeed&nonce=a4beb27e62&litespeed_type=imgoptm HTTP/1.1" 200 0 "https://tejoversea.com/wp-admin/admin-ajax.php?action=async_litespeed&nonce=a4beb27e62&litespeed_type=imgoptm" "WordPress/6.0.2; https://tejoversea.com"
185.223.152.119 - - [27/Feb/2026:10:04:42 -0500] "POST /wp-login.php HTTP/1.1" 200 6682 "-" "Mozilla/5.0"
162.213.253.84 - - [27/Feb/2026:10:04:43 -0500] "POST /wp-admin/admin-ajax.php?action=async_litespeed&nonce=a4beb27e62&litespeed_type=imgoptm HTTP/1.1" 200 0 "https://tejoversea.com/wp-admin/admin-ajax.php?action=async_litespeed&nonce=a4beb27e62&litespeed_type=imgoptm" "WordPress/6.0.2; https://tejoversea.com"
162.213.253.84 - - [27/Feb/2026:10:04:42 -0500] "POST /wp-cron.php?doing_wp_cron=1772204682.9184820652008056640625 HTTP/1.1" 200 0 "https://tejoversea.com/wp-cron.php?doing_wp_cron=1772204682.9184820652008056640625" "WordPress/6.0.2; https://tejoversea.com"
162.213.253.84 - - [27/Feb/2026:10:17:53 -0500] "POST /wp-admin/admin-ajax.php?action=async_litespeed&nonce=a4beb27e62&litespeed_type=imgoptm HTTP/1.1" 200 0 "https://tejoversea.com/wp-admin/admin-ajax.php?action=async_litespeed&nonce=a4beb27e62&litespeed_type=imgoptm" "WordPress/6.0.2; https://tejoversea.com"
162.213.253.84 - - [27/Feb/2026:10:17:52 -0500] "POST /wp-cron.php?doing_wp_cron=1772205472.6745269298553466796875 HTTP/1.1" 200 0 "https://tejoversea.com/wp-cron.php?doing_wp_cron=1772205472.6745269298553466796875" "WordPress/6.0.2; https://tejoversea.com"
185.223.152.102 - - [27/Feb/2026:10:17:52 -0500] "POST /wp-login.php HTTP/1.1" 200 6682 "-" "Mozilla/5.0"
162.213.253.84 - - [27/Feb/2026:10:29:18 -0500] "POST /wp-admin/admin-ajax.php?action=async_litespeed&nonce=a4beb27e62&litespeed_type=imgoptm HTTP/1.1" 200 0 "https://tejoversea.com/wp-admin/admin-ajax.php?action=async_litespeed&nonce=a4beb27e62&litespeed_type=imgoptm" "WordPress/6.0.2; https://tejoversea.com"
43.163.22.26 - - [27/Feb/2026:10:29:31 -0500] "GET / HTTP/1.1" 200 19168 "-" "Mozilla/5.0 (Windows NT 10.0; Win64; x64) AppleWebKit/537.36 (KHTML, like Gecko) Chrome/110.0.0.0 Safari/537.36"
185.223.152.117 - - [27/Feb/2026:10:31:00 -0500] "POST /wp-login.php HTTP/1.1" 200 6682 "-" "Mozilla/5.0"
162.213.253.84 - - [27/Feb/2026:10:31:01 -0500] "POST /wp-admin/admin-ajax.php?action=async_litespeed&nonce=a4beb27e62&litespeed_type=imgoptm HTTP/1.1" 200 21 "https://tejoversea.com/wp-admin/admin-ajax.php?action=async_litespeed&nonce=a4beb27e62&litespeed_type=imgoptm" "WordPress/6.0.2; https://tejoversea.com"
129.226.197.207 - - [27/Feb/2026:10:27:52 -0500] "GET /robots.txt HTTP/1.1" 200 246 "-" "Mozilla/5.0 (X11; Linux x86_64) AppleWebKit/537.36 (KHTML, like Gecko) Chrome/123.0.0.0 Safari/537.36"
162.213.253.84 - - [27/Feb/2026:10:29:18 -0500] "POST /wp-cron.php?doing_wp_cron=1772206158.1587800979614257812500 HTTP/1.1" 200 0 "https://tejoversea.com/wp-cron.php?doing_wp_cron=1772206158.1587800979614257812500" "WordPress/6.0.2; https://tejoversea.com"
43.173.180.239 - - [27/Feb/2026:10:29:17 -0500] "GET / HTTP/1.1" 200 19168 "-" "Mozilla/5.0 (Windows NT 10.0; Win64; x64) AppleWebKit/537.36 (KHTML, like Gecko) Chrome/116.0.0.0 Safari/537.36"
162.213.253.84 - - [27/Feb/2026:10:31:01 -0500] "POST /wp-cron.php?doing_wp_cron=1772206261.4262731075286865234375 HTTP/1.1" 200 0 "https://tejoversea.com/wp-cron.php?doing_wp_cron=1772206261.4262731075286865234375" "WordPress/6.0.2; https://tejoversea.com"
185.223.152.94 - - [27/Feb/2026:10:44:21 -0500] "POST /wp-login.php HTTP/1.1" 200 6682 "-" "Mozilla/5.0"
162.213.253.84 - - [27/Feb/2026:10:44:23 -0500] "POST /wp-admin/admin-ajax.php?action=async_litespeed&nonce=a4beb27e62&litespeed_type=imgoptm HTTP/1.1" 200 0 "https://tejoversea.com/wp-admin/admin-ajax.php?action=async_litespeed&nonce=a4beb27e62&litespeed_type=imgoptm" "WordPress/6.0.2; https://tejoversea.com"
162.213.253.84 - - [27/Feb/2026:10:44:22 -0500] "POST /wp-cron.php?doing_wp_cron=1772207062.5315549373626708984375 HTTP/1.1" 200 0 "https://tejoversea.com/wp-cron.php?doing_wp_cron=1772207062.5315549373626708984375" "WordPress/6.0.2; https://tejoversea.com"
185.223.152.109 - - [27/Feb/2026:10:57:56 -0500] "POST /wp-login.php HTTP/1.1" 200 6682 "-" "Mozilla/5.0"
162.213.253.84 - - [27/Feb/2026:10:57:57 -0500] "POST /wp-cron.php?doing_wp_cron=1772207877.4185369014739990234375 HTTP/1.1" 200 0 "https://tejoversea.com/wp-cron.php?doing_wp_cron=1772207877.4185369014739990234375" "WordPress/6.0.2; https://tejoversea.com"
162.213.253.84 - - [27/Feb/2026:10:57:57 -0500] "POST /wp-admin/admin-ajax.php?action=async_litespeed&nonce=a4beb27e62&litespeed_type=imgoptm HTTP/1.1" 200 0 "https://tejoversea.com/wp-admin/admin-ajax.php?action=async_litespeed&nonce=a4beb27e62&litespeed_type=imgoptm" "WordPress/6.0.2; https://tejoversea.com"
162.213.253.84 - - [27/Feb/2026:11:11:20 -0500] "POST /wp-cron.php?doing_wp_cron=1772208680.0779280662536621093750 HTTP/1.1" 200 0 "https://tejoversea.com/wp-cron.php?doing_wp_cron=1772208680.0779280662536621093750" "WordPress/6.0.2; https://tejoversea.com"
185.223.152.112 - - [27/Feb/2026:11:11:19 -0500] "POST /wp-login.php HTTP/1.1" 200 6682 "-" "Mozilla/5.0"
162.213.253.84 - - [27/Feb/2026:11:11:20 -0500] "POST /wp-admin/admin-ajax.php?action=async_litespeed&nonce=a4beb27e62&litespeed_type=imgoptm HTTP/1.1" 200 0 "https://tejoversea.com/wp-admin/admin-ajax.php?action=async_litespeed&nonce=a4beb27e62&litespeed_type=imgoptm" "WordPress/6.0.2; https://tejoversea.com"
162.213.253.84 - - [27/Feb/2026:11:24:43 -0500] "POST /wp-cron.php?doing_wp_cron=1772209483.7709479331970214843750 HTTP/1.1" 200 0 "https://tejoversea.com/wp-cron.php?doing_wp_cron=1772209483.7709479331970214843750" "WordPress/6.0.2; https://tejoversea.com"
162.213.253.84 - - [27/Feb/2026:11:24:44 -0500] "POST /wp-admin/admin-ajax.php?action=async_litespeed&nonce=a4beb27e62&litespeed_type=imgoptm HTTP/1.1" 200 0 "https://tejoversea.com/wp-admin/admin-ajax.php?action=async_litespeed&nonce=a4beb27e62&litespeed_type=imgoptm" "WordPress/6.0.2; https://tejoversea.com"
185.223.152.94 - - [27/Feb/2026:11:24:43 -0500] "POST /wp-login.php HTTP/1.1" 200 6682 "-" "Mozilla/5.0"
162.213.253.84 - - [27/Feb/2026:11:38:12 -0500] "POST /wp-cron.php?doing_wp_cron=1772210292.7601170539855957031250 HTTP/1.1" 200 0 "https://tejoversea.com/wp-cron.php?doing_wp_cron=1772210292.7601170539855957031250" "WordPress/6.0.2; https://tejoversea.com"
162.213.253.84 - - [27/Feb/2026:11:38:13 -0500] "POST /wp-admin/admin-ajax.php?action=async_litespeed&nonce=a4beb27e62&litespeed_type=imgoptm HTTP/1.1" 200 0 "https://tejoversea.com/wp-admin/admin-ajax.php?action=async_litespeed&nonce=a4beb27e62&litespeed_type=imgoptm" "WordPress/6.0.2; https://tejoversea.com"
162.213.253.84 - - [27/Feb/2026:11:46:02 -0500] "POST /wp-cron.php?doing_wp_cron=1772210762.9327199459075927734375 HTTP/1.1" 200 0 "https://tejoversea.com/wp-cron.php?doing_wp_cron=1772210762.9327199459075927734375" "WordPress/6.0.2; https://tejoversea.com"
51.75.151.149 - - [27/Feb/2026:11:46:05 -0500] "GET /wp-json/teknocore/v1/ HTTP/1.1" 404 114 "-" "Mozilla/5.0 (Windows NT 10.0; Win64; x64) AppleWebKit/537.36 (KHTML, like Gecko) Chrome/127.0.0.0 Safari/537.36"
185.223.152.114 - - [27/Feb/2026:11:38:12 -0500] "POST /wp-login.php HTTP/1.1" 200 6682 "-" "Mozilla/5.0"
51.75.151.149 - - [27/Feb/2026:11:46:02 -0500] "GET /admin.php?520 HTTP/1.1" 404 28781 "-" "Mozilla/5.0 (Windows NT 10.0; Win64; x64) AppleWebKit/537.36 (KHTML, like Gecko) Chrome/127.0.0.0 Safari/537.36"
162.213.253.84 - - [27/Feb/2026:11:46:03 -0500] "POST /wp-admin/admin-ajax.php?action=async_litespeed&nonce=a4beb27e62&litespeed_type=imgoptm HTTP/1.1" 200 0 "https://tejoversea.com/wp-admin/admin-ajax.php?action=async_litespeed&nonce=a4beb27e62&litespeed_type=imgoptm" "WordPress/6.0.2; https://tejoversea.com"
51.75.151.149 - - [27/Feb/2026:11:46:05 -0500] "GET /about.php?520 HTTP/1.1" 404 28781 "-" "Mozilla/5.0 (Windows NT 10.0; Win64; x64) AppleWebKit/537.36 (KHTML, like Gecko) Chrome/127.0.0.0 Safari/537.36"
162.213.253.84 - - [27/Feb/2026:12:47:01 -0500] "POST /wp-admin/admin-ajax.php?action=async_litespeed&nonce=a4beb27e62&litespeed_type=imgoptm HTTP/1.1" 200 0 "https://tejoversea.com/wp-admin/admin-ajax.php?action=async_litespeed&nonce=a4beb27e62&litespeed_type=imgoptm" "WordPress/6.0.2; https://tejoversea.com"
20.205.227.70 - - [27/Feb/2026:12:47:02 -0500] "GET /inputs.php HTTP/1.1" 404 6967 "-" "Mozilla/5.0 (Windows NT 10.0; Win64; x64) AppleWebKit/537.36 (KHTML, like Gecko) Chrome/120.0.0.0 Safari/537.36"
20.205.227.70 - - [27/Feb/2026:12:47:02 -0500] "GET /ioxi-o.php HTTP/1.1" 404 6969 "-" "Mozilla/5.0 (Windows NT 10.0; Win64; x64) AppleWebKit/537.36 (KHTML, like Gecko) Chrome/120.0.0.0 Safari/537.36"
20.205.227.70 - - [27/Feb/2026:12:47:05 -0500] "GET /admin.php HTTP/1.1" 404 6973 "-" "Mozilla/5.0 (Windows NT 10.0; Win64; x64) AppleWebKit/537.36 (KHTML, like Gecko) Chrome/120.0.0.0 Safari/537.36"
20.205.227.70 - - [27/Feb/2026:12:47:07 -0500] "GET /themes.php HTTP/1.1" 404 6965 "-" "Mozilla/5.0 (Windows NT 10.0; Win64; x64) AppleWebKit/537.36 (KHTML, like Gecko) Chrome/120.0.0.0 Safari/537.36"
20.205.227.70 - - [27/Feb/2026:12:47:08 -0500] "GET /an.php HTTP/1.1" 404 6967 "-" "Mozilla/5.0 (Windows NT 10.0; Win64; x64) AppleWebKit/537.36 (KHTML, like Gecko) Chrome/120.0.0.0 Safari/537.36"
20.205.227.70 - - [27/Feb/2026:12:47:09 -0500] "GET /index/function.php HTTP/1.1" 404 6971 "-" "Mozilla/5.0 (Windows NT 10.0; Win64; x64) AppleWebKit/537.36 (KHTML, like Gecko) Chrome/120.0.0.0 Safari/537.36"
20.205.227.70 - - [27/Feb/2026:12:47:10 -0500] "GET /randkeyword.PhP7 HTTP/1.1" 404 6971 "-" "Mozilla/5.0 (Windows NT 10.0; Win64; x64) AppleWebKit/537.36 (KHTML, like Gecko) Chrome/120.0.0.0 Safari/537.36"
162.213.253.84 - - [27/Feb/2026:12:47:11 -0500] "POST /wp-cron.php?doing_wp_cron=1772214431.2327499389648437500000 HTTP/1.1" 200 0 "https://tejoversea.com/wp-cron.php?doing_wp_cron=1772214431.2327499389648437500000" "WordPress/6.0.2; https://tejoversea.com"
20.205.227.70 - - [27/Feb/2026:12:47:12 -0500] "GET /404.php HTTP/1.1" 404 6978 "-" "Mozilla/5.0 (Windows NT 10.0; Win64; x64) AppleWebKit/537.36 (KHTML, like Gecko) Chrome/120.0.0.0 Safari/537.36"
20.205.227.70 - - [27/Feb/2026:12:47:12 -0500] "GET /wp-admin/user/index.php HTTP/1.1" 302 0 "-" "Mozilla/5.0 (Windows NT 10.0; Win64; x64) AppleWebKit/537.36 (KHTML, like Gecko) Chrome/120.0.0.0 Safari/537.36"
20.205.227.70 - - [27/Feb/2026:12:47:14 -0500] "GET /wp-content/themes/hideo/network.php HTTP/1.1" 404 6980 "-" "Mozilla/5.0 (Windows NT 10.0; Win64; x64) AppleWebKit/537.36 (KHTML, like Gecko) Chrome/120.0.0.0 Safari/537.36"
20.205.227.70 - - [27/Feb/2026:12:47:15 -0500] "GET /wp-login.php HTTP/1.1" 200 2029 "-" "Mozilla/5.0 (Windows NT 10.0; Win64; x64) AppleWebKit/537.36 (KHTML, like Gecko) Chrome/120.0.0.0 Safari/537.36"
162.213.253.84 - - [27/Feb/2026:12:47:18 -0500] "POST /wp-cron.php?doing_wp_cron=1772214438.5845720767974853515625 HTTP/1.1" 200 0 "https://tejoversea.com/wp-cron.php?doing_wp_cron=1772214438.5845720767974853515625" "WordPress/6.0.2; https://tejoversea.com"
20.205.227.70 - - [27/Feb/2026:12:47:20 -0500] "GET /file.php HTTP/1.1" 404 6975 "-" "Mozilla/5.0 (Windows NT 10.0; Win64; x64) AppleWebKit/537.36 (KHTML, like Gecko) Chrome/120.0.0.0 Safari/537.36"
20.205.227.70 - - [27/Feb/2026:12:47:23 -0500] "GET /class-t.api.php HTTP/1.1" 404 6979 "-" "Mozilla/5.0 (Windows NT 10.0; Win64; x64) AppleWebKit/537.36 (KHTML, like Gecko) Chrome/120.0.0.0 Safari/537.36"
20.205.227.70 - - [27/Feb/2026:12:47:24 -0500] "GET /sf.php HTTP/1.1" 404 6978 "-" "Mozilla/5.0 (Windows NT 10.0; Win64; x64) AppleWebKit/537.36 (KHTML, like Gecko) Chrome/120.0.0.0 Safari/537.36"
20.205.227.70 - - [27/Feb/2026:12:47:26 -0500] "GET /chosen.php?p= HTTP/1.1" 301 0 "-" "Mozilla/5.0 (Windows NT 10.0; Win64; x64) AppleWebKit/537.36 (KHTML, like Gecko) Chrome/120.0.0.0 Safari/537.36"
162.213.253.84 - - [27/Feb/2026:12:47:00 -0500] "POST /wp-cron.php?doing_wp_cron=1772214420.9152750968933105468750 HTTP/1.1" 200 0 "https://tejoversea.com/wp-cron.php?doing_wp_cron=1772214420.9152750968933105468750" "WordPress/6.0.2; https://tejoversea.com"
20.205.227.70 - - [27/Feb/2026:12:47:00 -0500] "GET /wk/index.php HTTP/1.1" 301 0 "-" "Mozilla/5.0 (Windows NT 10.0; Win64; x64) AppleWebKit/537.36 (KHTML, like Gecko) Chrome/120.0.0.0 Safari/537.36"
20.205.227.70 - - [27/Feb/2026:12:47:03 -0500] "GET /function/function.php HTTP/1.1" 404 6971 "-" "Mozilla/5.0 (Windows NT 10.0; Win64; x64) AppleWebKit/537.36 (KHTML, like Gecko) Chrome/120.0.0.0 Safari/537.36"
20.205.227.70 - - [27/Feb/2026:12:47:04 -0500] "GET /rip.php HTTP/1.1" 404 6978 "-" "Mozilla/5.0 (Windows NT 10.0; Win64; x64) AppleWebKit/537.36 (KHTML, like Gecko) Chrome/120.0.0.0 Safari/537.36"
20.205.227.70 - - [27/Feb/2026:12:47:05 -0500] "GET /wp-content/uploads/index.php HTTP/1.1" 301 0 "-" "Mozilla/5.0 (Windows NT 10.0; Win64; x64) AppleWebKit/537.36 (KHTML, like Gecko) Chrome/120.0.0.0 Safari/537.36"
20.205.227.70 - - [27/Feb/2026:12:47:06 -0500] "GET /cache.php HTTP/1.1" 404 6968 "-" "Mozilla/5.0 (Windows NT 10.0; Win64; x64) AppleWebKit/537.36 (KHTML, like Gecko) Chrome/120.0.0.0 Safari/537.36"
20.205.227.70 - - [27/Feb/2026:12:47:10 -0500] "GET /ws.php HTTP/1.1" 404 6976 "-" "Mozilla/5.0 (Windows NT 10.0; Win64; x64) AppleWebKit/537.36 (KHTML, like Gecko) Chrome/120.0.0.0 Safari/537.36"
20.205.227.70 - - [27/Feb/2026:12:47:13 -0500] "GET /wp-conf.php HTTP/1.1" 404 6971 "-" "Mozilla/5.0 (Windows NT 10.0; Win64; x64) AppleWebKit/537.36 (KHTML, like Gecko) Chrome/120.0.0.0 Safari/537.36"
20.205.227.70 - - [27/Feb/2026:12:47:15 -0500] "GET /abc.php HTTP/1.1" 404 6976 "-" "Mozilla/5.0 (Windows NT 10.0; Win64; x64) AppleWebKit/537.36 (KHTML, like Gecko) Chrome/120.0.0.0 Safari/537.36"
20.205.227.70 - - [27/Feb/2026:12:47:16 -0500] "GET /abcd.php HTTP/1.1" 404 6973 "-" "Mozilla/5.0 (Windows NT 10.0; Win64; x64) AppleWebKit/537.36 (KHTML, like Gecko) Chrome/120.0.0.0 Safari/537.36"
20.205.227.70 - - [27/Feb/2026:12:47:17 -0500] "GET /as.php HTTP/1.1" 404 6977 "-" "Mozilla/5.0 (Windows NT 10.0; Win64; x64) AppleWebKit/537.36 (KHTML, like Gecko) Chrome/120.0.0.0 Safari/537.36"
20.205.227.70 - - [27/Feb/2026:12:47:18 -0500] "GET /wp-trackback.php HTTP/1.1" 404 91 "-" "Mozilla/5.0 (Windows NT 10.0; Win64; x64) AppleWebKit/537.36 (KHTML, like Gecko) Chrome/120.0.0.0 Safari/537.36"
162.213.253.84 - - [27/Feb/2026:12:47:19 -0500] "POST /wp-admin/admin-ajax.php?action=async_litespeed&nonce=a4beb27e62&litespeed_type=imgoptm HTTP/1.1" 200 0 "https://tejoversea.com/wp-admin/admin-ajax.php?action=async_litespeed&nonce=a4beb27e62&litespeed_type=imgoptm" "WordPress/6.0.2; https://tejoversea.com"
20.205.227.70 - - [27/Feb/2026:12:47:19 -0500] "GET /about.php HTTP/1.1" 404 6970 "-" "Mozilla/5.0 (Windows NT 10.0; Win64; x64) AppleWebKit/537.36 (KHTML, like Gecko) Chrome/120.0.0.0 Safari/537.36"
20.205.227.70 - - [27/Feb/2026:12:47:21 -0500] "GET /adminfuns.php HTTP/1.1" 404 6987 "-" "Mozilla/5.0 (Windows NT 10.0; Win64; x64) AppleWebKit/537.36 (KHTML, like Gecko) Chrome/120.0.0.0 Safari/537.36"
20.205.227.70 - - [27/Feb/2026:12:47:22 -0500] "GET /wp-good.php HTTP/1.1" 404 6974 "-" "Mozilla/5.0 (Windows NT 10.0; Win64; x64) AppleWebKit/537.36 (KHTML, like Gecko) Chrome/120.0.0.0 Safari/537.36"
20.205.227.70 - - [27/Feb/2026:12:47:22 -0500] "GET /goods.php HTTP/1.1" 404 6970 "-" "Mozilla/5.0 (Windows NT 10.0; Win64; x64) AppleWebKit/537.36 (KHTML, like Gecko) Chrome/120.0.0.0 Safari/537.36"
20.205.227.70 - - [27/Feb/2026:12:47:24 -0500] "GET /kbfr.php HTTP/1.1" 404 6976 "-" "Mozilla/5.0 (Windows NT 10.0; Win64; x64) AppleWebKit/537.36 (KHTML, like Gecko) Chrome/120.0.0.0 Safari/537.36"
20.205.227.70 - - [27/Feb/2026:12:47:25 -0500] "GET /autoload_classmap.php HTTP/1.1" 404 6970 "-" "Mozilla/5.0 (Windows NT 10.0; Win64; x64) AppleWebKit/537.36 (KHTML, like Gecko) Chrome/120.0.0.0 Safari/537.36"
20.205.227.70 - - [27/Feb/2026:12:47:29 -0500] "GET /cgi-bin/ HTTP/1.1" 403 1242 "-" "Mozilla/5.0 (Windows NT 10.0; Win64; x64) AppleWebKit/537.36 (KHTML, like Gecko) Chrome/120.0.0.0 Safari/537.36"
20.205.227.70 - - [27/Feb/2026:12:47:31 -0500] "GET /wp-includes/html-api/ HTTP/1.1" 404 6971 "-" "Mozilla/5.0 (Windows NT 10.0; Win64; x64) AppleWebKit/537.36 (KHTML, like Gecko) Chrome/120.0.0.0 Safari/537.36"
20.205.227.70 - - [27/Feb/2026:12:47:33 -0500] "GET /wp-content/themes/admin.php HTTP/1.1" 404 6969 "-" "Mozilla/5.0 (Windows NT 10.0; Win64; x64) AppleWebKit/537.36 (KHTML, like Gecko) Chrome/120.0.0.0 Safari/537.36"
20.205.227.70 - - [27/Feb/2026:12:47:34 -0500] "GET /wp-content/themes/index.php HTTP/1.1" 200 0 "-" "Mozilla/5.0 (Windows NT 10.0; Win64; x64) AppleWebKit/537.36 (KHTML, like Gecko) Chrome/120.0.0.0 Safari/537.36"
20.205.227.70 - - [27/Feb/2026:12:47:34 -0500] "GET /wp-content/plugins/index.php HTTP/1.1" 200 0 "-" "Mozilla/5.0 (Windows NT 10.0; Win64; x64) AppleWebKit/537.36 (KHTML, like Gecko) Chrome/120.0.0.0 Safari/537.36"
20.205.227.70 - - [27/Feb/2026:12:47:34 -0500] "GET /wp-includes/PHPMailer/ HTTP/1.1" 403 1242 "-" "Mozilla/5.0 (Windows NT 10.0; Win64; x64) AppleWebKit/537.36 (KHTML, like Gecko) Chrome/120.0.0.0 Safari/537.36"
20.205.227.70 - - [27/Feb/2026:12:47:26 -0500] "GET /classwithtostring.php HTTP/1.1" 404 6978 "-" "Mozilla/5.0 (Windows NT 10.0; Win64; x64) AppleWebKit/537.36 (KHTML, like Gecko) Chrome/120.0.0.0 Safari/537.36"
20.205.227.70 - - [27/Feb/2026:12:47:27 -0500] "GET /defaults.php HTTP/1.1" 404 6974 "-" "Mozilla/5.0 (Windows NT 10.0; Win64; x64) AppleWebKit/537.36 (KHTML, like Gecko) Chrome/120.0.0.0 Safari/537.36"
20.205.227.70 - - [27/Feb/2026:12:47:28 -0500] "GET /wp-includes/ HTTP/1.1" 403 1242 "-" "Mozilla/5.0 (Windows NT 10.0; Win64; x64) AppleWebKit/537.36 (KHTML, like Gecko) Chrome/120.0.0.0 Safari/537.36"
20.205.227.70 - - [27/Feb/2026:12:47:28 -0500] "GET /.well-known/ HTTP/1.1" 404 6973 "-" "Mozilla/5.0 (Windows NT 10.0; Win64; x64) AppleWebKit/537.36 (KHTML, like Gecko) Chrome/120.0.0.0 Safari/537.36"
20.205.227.70 - - [27/Feb/2026:12:47:29 -0500] "GET /info.php HTTP/1.1" 404 6973 "-" "Mozilla/5.0 (Windows NT 10.0; Win64; x64) AppleWebKit/537.36 (KHTML, like Gecko) Chrome/120.0.0.0 Safari/537.36"
20.205.227.70 - - [27/Feb/2026:12:47:30 -0500] "GET /uploads/ HTTP/1.1" 404 6975 "-" "Mozilla/5.0 (Windows NT 10.0; Win64; x64) AppleWebKit/537.36 (KHTML, like Gecko) Chrome/120.0.0.0 Safari/537.36"
20.205.227.70 - - [27/Feb/2026:12:47:30 -0500] "GET /wp-admin/images/ HTTP/1.1" 403 1242 "-" "Mozilla/5.0 (Windows NT 10.0; Win64; x64) AppleWebKit/537.36 (KHTML, like Gecko) Chrome/120.0.0.0 Safari/537.36"
20.205.227.70 - - [27/Feb/2026:12:47:30 -0500] "GET /wp-includes/Requests/src/Response/about.php HTTP/1.1" 404 6987 "-" "Mozilla/5.0 (Windows NT 10.0; Win64; x64) AppleWebKit/537.36 (KHTML, like Gecko) Chrome/120.0.0.0 Safari/537.36"
20.205.227.70 - - [27/Feb/2026:12:47:32 -0500] "GET /wp-content/admin.php HTTP/1.1" 404 6970 "-" "Mozilla/5.0 (Windows NT 10.0; Win64; x64) AppleWebKit/537.36 (KHTML, like Gecko) Chrome/120.0.0.0 Safari/537.36"
20.205.227.70 - - [27/Feb/2026:12:47:33 -0500] "GET /wp-admin/css/colors/ectoplasm/ HTTP/1.1" 403 1242 "-" "Mozilla/5.0 (Windows NT 10.0; Win64; x64) AppleWebKit/537.36 (KHTML, like Gecko) Chrome/120.0.0.0 Safari/537.36"
20.205.227.70 - - [27/Feb/2026:12:47:33 -0500] "GET /wp-content/uploads/ HTTP/1.1" 403 1242 "-" "Mozilla/5.0 (Windows NT 10.0; Win64; x64) AppleWebKit/537.36 (KHTML, like Gecko) Chrome/120.0.0.0 Safari/537.36"
20.205.227.70 - - [27/Feb/2026:12:47:34 -0500] "GET /wp-includes/images/ HTTP/1.1" 403 1242 "-" "Mozilla/5.0 (Windows NT 10.0; Win64; x64) AppleWebKit/537.36 (KHTML, like Gecko) Chrome/120.0.0.0 Safari/537.36"
20.205.227.70 - - [27/Feb/2026:12:47:34 -0500] "GET /wp-content/plugins/WordPressCore/ HTTP/1.1" 404 6975 "-" "Mozilla/5.0 (Windows NT 10.0; Win64; x64) AppleWebKit/537.36 (KHTML, like Gecko) Chrome/120.0.0.0 Safari/537.36"
209.141.45.17 - - [27/Feb/2026:13:32:08 -0500] "GET /wp-login.php HTTP/1.1" 200 6507 "-" "Mozilla/5.0 (compatible; MSIE 9.0; Windows NT 6.1; WOW64; Trident/5.0)"
209.141.45.17 - - [27/Feb/2026:13:32:08 -0500] "POST /wp-login.php HTTP/1.1" 200 6700 "-" "Mozilla/5.0 (compatible; MSIE 9.0; Windows NT 6.1; WOW64; Trident/5.0)"
162.213.253.84 - - [27/Feb/2026:13:32:10 -0500] "POST /wp-admin/admin-ajax.php?action=async_litespeed&nonce=a4beb27e62&litespeed_type=imgoptm HTTP/1.1" 200 0 "https://tejoversea.com/wp-admin/admin-ajax.php?action=async_litespeed&nonce=a4beb27e62&litespeed_type=imgoptm" "WordPress/6.0.2; https://tejoversea.com"
162.213.253.84 - - [27/Feb/2026:13:32:11 -0500] "GET / HTTP/1.1" 200 19195 "https://tejoversea.com/" "WordPress/6.0.2; https://tejoversea.com"
162.213.253.84 - - [27/Feb/2026:13:32:09 -0500] "POST /wp-cron.php?doing_wp_cron=1772217129.5018250942230224609375 HTTP/1.1" 200 0 "https://tejoversea.com/wp-cron.php?doing_wp_cron=1772217129.5018250942230224609375" "WordPress/6.0.2; https://tejoversea.com"
217.77.8.77 - - [27/Feb/2026:14:45:54 -0500] "GET /?author=1 HTTP/1.1" 404 7612 "-" "Mozilla/5.0"
162.213.253.84 - - [27/Feb/2026:14:45:55 -0500] "POST /wp-admin/admin-ajax.php?action=async_litespeed&nonce=a4beb27e62&litespeed_type=imgoptm HTTP/1.1" 200 0 "https://tejoversea.com/wp-admin/admin-ajax.php?action=async_litespeed&nonce=a4beb27e62&litespeed_type=imgoptm" "WordPress/6.0.2; https://tejoversea.com"
217.77.8.77 - - [27/Feb/2026:14:45:57 -0500] "GET /feed/ HTTP/1.1" 200 627 "-" "Mozilla/5.0"
100.30.5.6 - - [27/Feb/2026:14:39:46 -0500] "GET /robots.txt HTTP/1.1" 200 281 "-" "Mozilla/5.0 (Macintosh; Intel Mac OS X 10_10_1) AppleWebKit/600.2.5 (KHTML, like Gecko) Version/8.0.2 Safari/600.2.5 (Gort)"
217.77.8.77 - - [27/Feb/2026:14:45:51 -0500] "GET /wp-login.php HTTP/1.1" 200 2261 "-" "Mozilla/5.0"
162.213.253.84 - - [27/Feb/2026:14:45:54 -0500] "POST /wp-cron.php?doing_wp_cron=1772221554.8506538867950439453125 HTTP/1.1" 200 0 "https://tejoversea.com/wp-cron.php?doing_wp_cron=1772221554.8506538867950439453125" "WordPress/6.0.2; https://tejoversea.com"
217.77.8.77 - - [27/Feb/2026:14:45:56 -0500] "GET /?rest_route=/wp/v2/users HTTP/1.1" 200 7362 "-" "Mozilla/5.0"
217.77.8.77 - - [27/Feb/2026:14:45:57 -0500] "GET /feed HTTP/1.1" 301 0 "-" "Mozilla/5.0"
209.141.56.75 - - [27/Feb/2026:15:36:22 -0500] "GET /wp-login.php HTTP/1.1" 200 6507 "-" "Mozilla/5.0 (Windows NT 6.1; WOW64) AppleWebKit/537.36 (KHTML, like Gecko) Chrome/35.0.1916.153 Safari/537.36"
162.213.253.84 - - [27/Feb/2026:15:36:22 -0500] "POST /wp-cron.php?doing_wp_cron=1772224582.6341769695281982421875 HTTP/1.1" 200 0 "https://tejoversea.com/wp-cron.php?doing_wp_cron=1772224582.6341769695281982421875" "WordPress/6.0.2; https://tejoversea.com"
209.141.56.75 - - [27/Feb/2026:15:36:22 -0500] "POST /wp-login.php HTTP/1.1" 200 6700 "-" "Mozilla/5.0 (Windows NT 6.1; WOW64) AppleWebKit/537.36 (KHTML, like Gecko) Chrome/35.0.1916.153 Safari/537.36"
162.213.253.84 - - [27/Feb/2026:15:36:23 -0500] "POST /wp-admin/admin-ajax.php?action=async_litespeed&nonce=a4beb27e62&litespeed_type=imgoptm HTTP/1.1" 200 0 "https://tejoversea.com/wp-admin/admin-ajax.php?action=async_litespeed&nonce=a4beb27e62&litespeed_type=imgoptm" "WordPress/6.0.2; https://tejoversea.com"
91.92.242.178 - - [27/Feb/2026:16:21:42 -0500] "GET /wp-content/plugins/fix/up.php HTTP/1.1" 404 6971 "-" "Mozilla/5.0 (Linux; Android 7.0; SM-G892A Build/NRD90M; wv) AppleWebKit/537.36 (KHTML, Gecko) Version/4.0 Chrome/60.0.3112.107 Mobile Safari/537.36"
162.213.253.84 - - [27/Feb/2026:16:21:43 -0500] "POST /wp-admin/admin-ajax.php?action=async_litespeed&nonce=a4beb27e62&litespeed_type=imgoptm HTTP/1.1" 200 0 "https://tejoversea.com/wp-admin/admin-ajax.php?action=async_litespeed&nonce=a4beb27e62&litespeed_type=imgoptm" "WordPress/6.0.2; https://tejoversea.com"
162.213.253.84 - - [27/Feb/2026:16:21:43 -0500] "POST /wp-cron.php?doing_wp_cron=1772227303.3329999446868896484375 HTTP/1.1" 200 0 "https://tejoversea.com/wp-cron.php?doing_wp_cron=1772227303.3329999446868896484375" "WordPress/6.0.2; https://tejoversea.com"