| Path : /home/vishqocm/access-logs/ |
| Current File : /home/vishqocm///access-logs/bagpackvacation.vishalwebtech.com-ssl_log |
41.79.212.13 - - [27/Feb/2026:07:10:59 -0500] "GET /wp-login.php HTTP/1.1" 200 1797 "https://bagpackvacation.com/wp-login.php" "Mozilla/5.0 (Windows NT 10.0; Win64; x64) AppleWebKit/537.36 (KHTML, like Gecko) Chrome/65.0.3325.181 Safari/537.36"
41.79.212.13 - - [27/Feb/2026:07:11:00 -0500] "GET /wp-login.php HTTP/1.1" 200 1797 "https://bagpackvacation.com/wp-login.php" "Mozilla/5.0 (Windows NT 10.0; Win64; x64) AppleWebKit/537.36 (KHTML, like Gecko) Chrome/65.0.3325.181 Safari/537.36"
51.68.107.142 - - [27/Feb/2026:07:15:56 -0500] "GET /robots.txt HTTP/1.1" 200 108 "-" "Mozilla/5.0 (compatible; MJ12bot/v2.0.5; http://mj12bot.com/)"
51.68.107.142 - - [27/Feb/2026:07:15:57 -0500] "GET / HTTP/1.1" 200 34037 "-" "Mozilla/5.0 (compatible; MJ12bot/v2.0.5; http://mj12bot.com/)"
104.244.78.102 - - [27/Feb/2026:07:17:08 -0500] "GET /wp-login.php HTTP/1.1" 301 795 "-" "Mozilla/5.0 (Macintosh; Intel Mac OS X 10_15_7)"
104.244.78.102 - - [27/Feb/2026:07:18:20 -0500] "GET /wp-login.php HTTP/1.1" 200 5761 "-" "Mozilla/5.0 (Macintosh; Intel Mac OS X 10_15_7)"
104.244.78.102 - - [27/Feb/2026:07:19:43 -0500] "POST /wp-login.php HTTP/1.1" 301 795 "-" "Mozilla/5.0 (Macintosh; Intel Mac OS X 10_15_7)"
104.244.78.102 - - [27/Feb/2026:07:21:20 -0500] "GET /wp-login.php HTTP/1.1" 200 5761 "-" "Mozilla/5.0 (Macintosh; Intel Mac OS X 10_15_7)"
161.156.29.37 - - [27/Feb/2026:07:23:33 -0500] "GET /robots.txt HTTP/1.1" 200 108 "-" "axios/1.11.0"
104.244.78.102 - - [27/Feb/2026:07:23:42 -0500] "GET /wp-admin/themes.php HTTP/1.1" 302 0 "-" "python-requests/2.27.1"
104.244.78.102 - - [27/Feb/2026:07:26:47 -0500] "GET /wp-admin/plugin-install.php?tab=upload HTTP/1.1" 302 0 "-" "python-requests/2.27.1"
104.244.78.102 - - [27/Feb/2026:07:26:49 -0500] "GET /wp-login.php?redirect_to=https%3A%2F%2Fwww.bagpackvacation.com%2Fwp-admin%2Fplugin-install.php%3Ftab%3Dupload&reauth=1 HTTP/1.1" 200 2037 "-" "python-requests/2.27.1"
152.232.53.112 - - [27/Feb/2026:07:29:21 -0500] "GET /contact-us/ HTTP/1.1" 200 22376 "-" "Mozilla/5.0 (Macintosh; Intel Mac OS X 12_5) AppleWebKit/537.36 (KHTML, like Gecko) Chrome/114.0.0.0 YaBrowser/22.7.0 Yowser/2.5 Safari/537.36"
35.153.36.16 - - [27/Feb/2026:07:43:27 -0500] "GET / HTTP/1.1" 200 40195 "-" "Mozilla/5.0 (Windows NT 10.0; Win64; x64) AppleWebKit/537.36 (KHTML, like Gecko) Chrome/135.0.0.0 Safari/537.36"
2.58.56.187 - - [27/Feb/2026:07:43:58 -0500] "GET / HTTP/1.1" 200 254363 "-" "Mozlila/5.0 (Linux; Android 7.0; SM-G892A Bulid/NRD90M; wv) AppleWebKit/537.36 (KHTML, like Gecko) Version/4.0 Chrome/60.0.3112.107 Moblie Safari/537.36"
2.58.56.187 - - [27/Feb/2026:07:44:07 -0500] "GET /wp-content/plugins/apikey/apikey.php?test=hello HTTP/1.1" 200 0 "-" "Mozlila/5.0 (Linux; Android 7.0; SM-G892A Bulid/NRD90M; wv) AppleWebKit/537.36 (KHTML, like Gecko) Version/4.0 Chrome/60.0.3112.107 Moblie Safari/537.36"
2.58.56.187 - - [27/Feb/2026:07:44:16 -0500] "GET /wp-content/plugins/apikey/apikey.php?test=hello HTTP/1.1" 200 0 "-" "Mozlila/5.0 (Linux; Android 7.0; SM-G892A Bulid/NRD90M; wv) AppleWebKit/537.36 (KHTML, like Gecko) Version/4.0 Chrome/60.0.3112.107 Moblie Safari/537.36"
2.58.56.187 - - [27/Feb/2026:07:44:34 -0500] "GET /wp-content/plugins/apikey/apikey.php?test=hello HTTP/1.1" 200 0 "-" "Mozlila/5.0 (Linux; Android 7.0; SM-G892A Bulid/NRD90M; wv) AppleWebKit/537.36 (KHTML, like Gecko) Version/4.0 Chrome/60.0.3112.107 Moblie Safari/537.36"
2.58.56.187 - - [27/Feb/2026:07:44:39 -0500] "GET /wp-content/themes/seotheme/db.php?u HTTP/1.1" 200 0 "www.google.com" "Mozlila/5.0 (Linux; Android 7.0; SM-G892A Bulid/NRD90M; wv) AppleWebKit/537.36 (KHTML, like Gecko) Version/4.0 Chrome/60.0.3112.107 Moblie Safari/537.36"
209.141.56.197 - - [27/Feb/2026:07:44:47 -0500] "GET /wp-login.php HTTP/1.1" 200 5761 "-" "Mozilla/5.0 (Windows NT 6.3; WOW64; rv:31.0) Gecko/20100101 Firefox/31.0"
41.79.212.13 - - [27/Feb/2026:07:10:57 -0500] "GET /wp-login.php HTTP/1.1" 301 795 "-" "Mozilla/5.0 (Windows NT 10.0; Win64; x64) AppleWebKit/537.36 (KHTML, like Gecko) Chrome/65.0.3325.181 Safari/537.36"
41.79.212.13 - - [27/Feb/2026:07:10:59 -0500] "POST /wp-login.php HTTP/1.1" 301 795 "https://bagpackvacation.com/wp-login.php" "Mozilla/5.0 (Windows NT 10.0; Win64; x64) AppleWebKit/537.36 (KHTML, like Gecko) Chrome/65.0.3325.181 Safari/537.36"
104.244.78.102 - - [27/Feb/2026:07:22:26 -0500] "GET /wp-admin/themes.php HTTP/1.1" 301 795 "-" "python-requests/2.27.1"
161.156.29.37 - - [27/Feb/2026:07:23:27 -0500] "GET /robots.txt HTTP/1.1" 200 108 "-" "axios/1.11.0"
162.213.253.84 - - [27/Feb/2026:07:23:43 -0500] "POST /wp-cron.php?doing_wp_cron=1772195023.2187559604644775390625 HTTP/1.1" 200 0 "-" "WordPress/6.9.1; https://www.bagpackvacation.com"
162.213.253.84 - - [27/Feb/2026:07:23:44 -0500] "POST /wp-admin/admin-ajax.php?action=async_litespeed&nonce=Ryn8gqpt3Tcqp8gWWK5xRg02KZScPHLY&litespeed_type=imgoptm HTTP/1.1" 200 0 "-" "WordPress/6.9.1; https://www.bagpackvacation.com"
104.244.78.102 - - [27/Feb/2026:07:23:44 -0500] "GET /wp-login.php?redirect_to=https%3A%2F%2Fwww.bagpackvacation.com%2Fwp-admin%2Fthemes.php&reauth=1 HTTP/1.1" 200 2031 "-" "python-requests/2.27.1"
104.244.78.102 - - [27/Feb/2026:07:25:25 -0500] "GET /wp-admin/plugin-install.php?tab=upload HTTP/1.1" 301 795 "-" "python-requests/2.27.1"
162.213.253.84 - - [27/Feb/2026:07:26:48 -0500] "POST /wp-cron.php?doing_wp_cron=1772195208.8251700401306152343750 HTTP/1.1" 200 0 "-" "WordPress/6.9.1; https://www.bagpackvacation.com"
162.213.253.84 - - [27/Feb/2026:07:26:49 -0500] "POST /wp-admin/admin-ajax.php?action=async_litespeed&nonce=usLiSKdIPllxvVYLXBHqnwMpJhXb2BEC&litespeed_type=imgoptm HTTP/1.1" 200 0 "-" "WordPress/6.9.1; https://www.bagpackvacation.com"
162.213.253.84 - - [27/Feb/2026:07:29:25 -0500] "POST /wp-cron.php?doing_wp_cron=1772195365.9698979854583740234375 HTTP/1.1" 200 0 "-" "WordPress/6.9.1; https://www.bagpackvacation.com"
152.232.53.112 - - [27/Feb/2026:07:29:24 -0500] "POST /wp-admin/admin-ajax.php HTTP/1.1" 200 17 "https://www.bagpackvacation.com/contact-us/" "Mozilla/5.0 (Macintosh; Intel Mac OS X 12_5) AppleWebKit/537.36 (KHTML, like Gecko) Chrome/114.0.0.0 YaBrowser/22.7.0 Yowser/2.5 Safari/537.36"
162.213.253.84 - - [27/Feb/2026:07:29:26 -0500] "POST /wp-admin/admin-ajax.php?action=async_litespeed&nonce=t7jSYu9wOqm6TpMYrPIZzCW6e8oqeoYw&litespeed_type=imgoptm HTTP/1.1" 200 0 "-" "WordPress/6.9.1; https://www.bagpackvacation.com"
209.141.56.197 - - [27/Feb/2026:07:42:05 -0500] "GET /wp-login.php HTTP/1.1" 301 795 "-" "Mozilla/5.0 (Windows NT 6.3; WOW64; rv:31.0) Gecko/20100101 Firefox/31.0"
162.213.253.84 - - [27/Feb/2026:07:43:28 -0500] "POST /wp-admin/admin-ajax.php?action=async_litespeed&nonce=QbpfYTWePNYlI9CP2k32dPy9sckg3Bqq&litespeed_type=imgoptm HTTP/1.1" 200 0 "-" "WordPress/6.9.1; https://www.bagpackvacation.com"
2.58.56.187 - - [27/Feb/2026:07:43:59 -0500] "GET /wp-content/plugins/apikey/apikey.php?test=hello HTTP/1.1" 200 0 "-" "Mozlila/5.0 (Linux; Android 7.0; SM-G892A Bulid/NRD90M; wv) AppleWebKit/537.36 (KHTML, like Gecko) Version/4.0 Chrome/60.0.3112.107 Moblie Safari/537.36"
2.58.56.187 - - [27/Feb/2026:07:44:25 -0500] "GET /wp-content/plugins/apikey/apikey.php?test=hello HTTP/1.1" 200 0 "-" "Mozlila/5.0 (Linux; Android 7.0; SM-G892A Bulid/NRD90M; wv) AppleWebKit/537.36 (KHTML, like Gecko) Version/4.0 Chrome/60.0.3112.107 Moblie Safari/537.36"
2.58.56.187 - - [27/Feb/2026:07:44:47 -0500] "GET /wp-content/themes/seotheme/db.php?u HTTP/1.1" 404 103122 "www.google.com" "Mozlila/5.0 (Linux; Android 7.0; SM-G892A Bulid/NRD90M; wv) AppleWebKit/537.36 (KHTML, like Gecko) Version/4.0 Chrome/60.0.3112.107 Moblie Safari/537.36"
162.213.253.84 - - [27/Feb/2026:07:44:52 -0500] "POST /wp-admin/admin-ajax.php?action=async_litespeed&nonce=8SWe0Vx2lkG9oQYOOFyZZSY9zY5DDe2w&litespeed_type=imgoptm HTTP/1.1" 200 0 "-" "WordPress/6.9.1; https://www.bagpackvacation.com"
2.58.56.187 - - [27/Feb/2026:07:44:42 -0500] "GET /plugins/content/apismtp/apismtp.php?test=hello HTTP/1.1" 200 0 "-" "Mozlila/5.0 (Linux; Android 7.0; SM-G892A Bulid/NRD90M; wv) AppleWebKit/537.36 (KHTML, like Gecko) Version/4.0 Chrome/60.0.3112.107 Moblie Safari/537.36"
2.58.56.187 - - [27/Feb/2026:07:44:52 -0500] "GET /plugins/content/apismtp/apismtp.php?test=hello HTTP/1.1" 404 103123 "-" "Mozlila/5.0 (Linux; Android 7.0; SM-G892A Bulid/NRD90M; wv) AppleWebKit/537.36 (KHTML, like Gecko) Version/4.0 Chrome/60.0.3112.107 Moblie Safari/537.36"
2.58.56.187 - - [27/Feb/2026:07:44:56 -0500] "GET /wp-content/plugins/apikey/apikey.php.suspected?test=hello HTTP/1.1" 404 103145 "-" "Mozlila/5.0 (Linux; Android 7.0; SM-G892A Bulid/NRD90M; wv) AppleWebKit/537.36 (KHTML, like Gecko) Version/4.0 Chrome/60.0.3112.107 Moblie Safari/537.36"
216.73.216.85 - - [27/Feb/2026:07:51:44 -0500] "GET /sitemap.xml HTTP/1.1" 301 795 "-" "Mozilla/5.0 AppleWebKit/537.36 (KHTML, like Gecko; compatible; ClaudeBot/1.0; [email protected])"
162.213.253.84 - - [27/Feb/2026:07:51:46 -0500] "POST /wp-cron.php?doing_wp_cron=1772196706.5511779785156250000000 HTTP/1.1" 200 0 "-" "WordPress/6.9.1; https://www.bagpackvacation.com"
74.7.228.55 - - [27/Feb/2026:08:00:02 -0500] "GET /robots.txt HTTP/1.1" 301 795 "-" "Mozilla/5.0 (Macintosh; Intel Mac OS X 10_15_7) AppleWebKit/537.36 (KHTML, like Gecko) Chrome/131.0.0.0 Safari/537.36; compatible; OAI-SearchBot/1.3; robots.txt; +https://openai.com/searchbot"
162.213.253.84 - - [27/Feb/2026:08:21:17 -0500] "POST /wp-cron.php?doing_wp_cron=1772198477.0050339698791503906250 HTTP/1.1" 200 0 "-" "WordPress/6.9.1; https://www.bagpackvacation.com"
114.119.153.104 - - [27/Feb/2026:08:21:15 -0500] "GET /3-night-4-days-dubai-weekend-getaway/ HTTP/1.1" 200 29171 "https://www.bagpackvacation.com/dubai-tour-packages" "Mozilla/5.0 (Linux; Android 7.0;) AppleWebKit/537.36 (KHTML, like Gecko) Mobile Safari/537.36 (compatible; PetalBot;+https://webmaster.petalsearch.com/site/petalbot)"
162.213.253.84 - - [27/Feb/2026:08:21:18 -0500] "POST /wp-admin/admin-ajax.php?action=async_litespeed&nonce=QvFwUQ0FaZWFA4BmZR9UDeZiUC5OQkyi&litespeed_type=imgoptm HTTP/1.1" 200 0 "-" "WordPress/6.9.1; https://www.bagpackvacation.com"
78.128.76.61 - - [27/Feb/2026:08:24:33 -0500] "GET /wp-login.php HTTP/1.1" 301 795 "-" "Mozilla/4.0 (compatible; MSIE 7.0; Windows NT 6.1; WOW64; Trident/7.0; SLCC2; .NET CLR 2.0.50727; .NET CLR 3.5.30729; .NET CLR 3.0.30729; Media Center PC 6.0; .NET4.0C; .NET4.0E; MS-RTC LM 8; InfoPath.3)"
78.128.76.61 - - [27/Feb/2026:08:24:53 -0500] "GET /wp-login.php HTTP/1.1" 301 795 "-" "Mozilla/4.0 (compatible; MSIE 7.0; Windows NT 6.1; WOW64; Trident/7.0; SLCC2; .NET CLR 2.0.50727; .NET CLR 3.5.30729; .NET CLR 3.0.30729; Media Center PC 6.0; .NET4.0C; .NET4.0E; MS-RTC LM 8; InfoPath.3)"
78.128.76.61 - - [27/Feb/2026:08:25:00 -0500] "GET /wp-login.php HTTP/1.1" 200 1797 "https://bagpackvacation.com/wp-login.php" "Mozilla/4.0 (compatible; MSIE 7.0; Windows NT 6.1; WOW64; Trident/7.0; SLCC2; .NET CLR 2.0.50727; .NET CLR 3.5.30729; .NET CLR 3.0.30729; Media Center PC 6.0; .NET4.0C; .NET4.0E; MS-RTC LM 8; InfoPath.3)"
78.128.76.61 - - [27/Feb/2026:08:25:03 -0500] "POST /wp-login.php HTTP/1.1" 301 795 "https://bagpackvacation.com/wp-login.php" "Mozilla/4.0 (compatible; MSIE 7.0; Windows NT 6.1; WOW64; Trident/7.0; SLCC2; .NET CLR 2.0.50727; .NET CLR 3.5.30729; .NET CLR 3.0.30729; Media Center PC 6.0; .NET4.0C; .NET4.0E; MS-RTC LM 8; InfoPath.3)"
78.128.76.61 - - [27/Feb/2026:08:25:04 -0500] "GET /wp-login.php HTTP/1.1" 200 1797 "https://bagpackvacation.com/wp-login.php" "Mozilla/4.0 (compatible; MSIE 7.0; Windows NT 6.1; WOW64; Trident/7.0; SLCC2; .NET CLR 2.0.50727; .NET CLR 3.5.30729; .NET CLR 3.0.30729; Media Center PC 6.0; .NET4.0C; .NET4.0E; MS-RTC LM 8; InfoPath.3)"
2.58.56.187 - - [27/Feb/2026:07:45:00 -0500] "GET /plugins/content/apismtp/apismtp.php.suspected?test=hello HTTP/1.1" 404 103143 "-" "Mozlila/5.0 (Linux; Android 7.0; SM-G892A Bulid/NRD90M; wv) AppleWebKit/537.36 (KHTML, like Gecko) Version/4.0 Chrome/60.0.3112.107 Moblie Safari/537.36"
209.141.56.197 - - [27/Feb/2026:07:46:32 -0500] "POST /wp-login.php HTTP/1.1" 301 795 "-" "Mozilla/5.0 (Windows NT 6.3; WOW64; rv:31.0) Gecko/20100101 Firefox/31.0"
216.73.216.85 - - [27/Feb/2026:07:51:44 -0500] "GET /robots.txt HTTP/1.1" 301 795 "-" "Mozilla/5.0 AppleWebKit/537.36 (KHTML, like Gecko; compatible; ClaudeBot/1.0; [email protected])"
216.73.216.85 - - [27/Feb/2026:07:51:44 -0500] "GET /robots.txt HTTP/1.1" 200 108 "https://bagpackvacation.com/robots.txt" "Mozilla/5.0 AppleWebKit/537.36 (KHTML, like Gecko; compatible; ClaudeBot/1.0; [email protected])"
216.73.216.85 - - [27/Feb/2026:07:51:44 -0500] "GET /sitemap.xml HTTP/1.1" 301 0 "https://bagpackvacation.com/sitemap.xml" "Mozilla/5.0 AppleWebKit/537.36 (KHTML, like Gecko; compatible; ClaudeBot/1.0; [email protected])"
216.73.216.85 - - [27/Feb/2026:07:51:44 -0500] "GET /wp-sitemap.xml HTTP/1.1" 404 18611 "https://www.bagpackvacation.com/sitemap.xml" "Mozilla/5.0 AppleWebKit/537.36 (KHTML, like Gecko; compatible; ClaudeBot/1.0; [email protected])"
162.213.253.84 - - [27/Feb/2026:07:51:47 -0500] "POST /wp-admin/admin-ajax.php?action=async_litespeed&nonce=nBHDTdNwXvTGdQF6iG5n4bQCTeUua6MD&litespeed_type=imgoptm HTTP/1.1" 200 0 "-" "WordPress/6.9.1; https://www.bagpackvacation.com"
104.194.155.80 - - [27/Feb/2026:07:58:36 -0500] "GET /.git/config HTTP/1.1" 403 1242 "-" "Mozilla/5.0 (X11; Linux x86_64)"
162.213.253.84 - - [27/Feb/2026:07:58:55 -0500] "POST /wp-cron.php?doing_wp_cron=1772197135.5172970294952392578125 HTTP/1.1" 200 0 "-" "WordPress/6.9.1; https://www.bagpackvacation.com"
114.119.156.124 - - [27/Feb/2026:07:58:54 -0500] "GET /location/kashmir HTTP/1.1" 301 0 "https://www.bagpackvacation.com/location/maharashtra" "Mozilla/5.0 (Linux; Android 7.0;) AppleWebKit/537.36 (KHTML, like Gecko) Mobile Safari/537.36 (compatible; PetalBot;+https://webmaster.petalsearch.com/site/petalbot)"
114.119.156.124 - - [27/Feb/2026:07:58:57 -0500] "GET /kashmir/ HTTP/1.1" 200 27463 "https://www.bagpackvacation.com/location/maharashtra" "Mozilla/5.0 (Linux; Android 7.0;) AppleWebKit/537.36 (KHTML, like Gecko) Mobile Safari/537.36 (compatible; PetalBot;+https://webmaster.petalsearch.com/site/petalbot)"
162.213.253.84 - - [27/Feb/2026:07:58:57 -0500] "POST /wp-admin/admin-ajax.php?action=async_litespeed&nonce=IcObml5LDUqdWJe67Exa9T5aDsASwbPP&litespeed_type=imgoptm HTTP/1.1" 200 0 "-" "WordPress/6.9.1; https://www.bagpackvacation.com"
74.7.228.55 - - [27/Feb/2026:08:00:02 -0500] "GET /robots.txt HTTP/1.1" 200 108 "https://mail.bagpackvacation.com/robots.txt" "Mozilla/5.0 (Macintosh; Intel Mac OS X 10_15_7) AppleWebKit/537.36 (KHTML, like Gecko) Chrome/131.0.0.0 Safari/537.36; compatible; OAI-SearchBot/1.3; robots.txt; +https://openai.com/searchbot"
41.79.212.13 - - [27/Feb/2026:08:06:42 -0500] "GET /wp-login.php HTTP/1.1" 301 795 "-" "Mozilla/5.0 (Macintosh; Intel Mac OS X 10_13_1) AppleWebKit/537.36 (KHTML, like Gecko) Chrome/65.0.3325.181 Safari/537.36"
41.79.212.13 - - [27/Feb/2026:08:06:44 -0500] "GET /wp-login.php HTTP/1.1" 200 1797 "https://bagpackvacation.com/wp-login.php" "Mozilla/5.0 (Macintosh; Intel Mac OS X 10_13_1) AppleWebKit/537.36 (KHTML, like Gecko) Chrome/65.0.3325.181 Safari/537.36"
41.79.212.13 - - [27/Feb/2026:08:06:45 -0500] "POST /wp-login.php HTTP/1.1" 301 795 "https://bagpackvacation.com/wp-login.php" "Mozilla/5.0 (Macintosh; Intel Mac OS X 10_13_1) AppleWebKit/537.36 (KHTML, like Gecko) Chrome/65.0.3325.181 Safari/537.36"
41.79.212.13 - - [27/Feb/2026:08:06:46 -0500] "GET /wp-login.php HTTP/1.1" 200 1797 "https://bagpackvacation.com/wp-login.php" "Mozilla/5.0 (Macintosh; Intel Mac OS X 10_13_1) AppleWebKit/537.36 (KHTML, like Gecko) Chrome/65.0.3325.181 Safari/537.36"
191.102.165.222 - - [27/Feb/2026:08:39:11 -0500] "GET /cpanel HTTP/1.1" 200 13298 "-" "Mozilla/5.0 (Macintosh; Intel Mac OS X 10_15_7) AppleWebKit/537.36 (KHTML, like Gecko) Chrome/144.0.0.0 Safari/537.36 Edg/144.0.0.0"
162.213.253.84 - - [27/Feb/2026:08:47:29 -0500] "POST /wp-admin/admin-ajax.php?action=async_litespeed&nonce=OolUswZ53wh8sKo8jHV1FF8CiuKKTN1I&litespeed_type=imgoptm HTTP/1.1" 200 0 "-" "WordPress/6.9.1; https://www.bagpackvacation.com"
216.73.216.85 - - [27/Feb/2026:08:52:16 -0500] "GET /robots.txt HTTP/1.1" 301 795 "-" "Mozilla/5.0 AppleWebKit/537.36 (KHTML, like Gecko; compatible; ClaudeBot/1.0; [email protected])"
216.73.216.85 - - [27/Feb/2026:08:52:17 -0500] "GET /robots.txt HTTP/1.1" 200 108 "https://bagpackvacation.com/robots.txt" "Mozilla/5.0 AppleWebKit/537.36 (KHTML, like Gecko; compatible; ClaudeBot/1.0; [email protected])"
216.73.216.85 - - [27/Feb/2026:08:52:17 -0500] "GET /sitemap.xml HTTP/1.1" 301 795 "-" "Mozilla/5.0 AppleWebKit/537.36 (KHTML, like Gecko; compatible; ClaudeBot/1.0; [email protected])"
162.213.253.84 - - [27/Feb/2026:08:52:19 -0500] "POST /wp-cron.php?doing_wp_cron=1772200339.3699378967285156250000 HTTP/1.1" 200 0 "-" "WordPress/6.9.1; https://www.bagpackvacation.com"
20.186.19.24 - - [27/Feb/2026:08:41:14 -0500] "GET /wp-login.php HTTP/1.1" 301 795 "-" "Mozilla/5.0 (Windows NT 10.0; WOW64; Trident/7.0; MAARJS; rv:11.0) like Gecko"
123.28.213.70 - - [27/Feb/2026:08:41:31 -0500] "GET /4-night-5-days-family-special-dubai-holiday/ HTTP/1.1" 200 29882 "-" "Mozilla/5.0 (Macintosh; Intel Mac OS X 10_13_6) AppleWebKit/537.36 (KHTML, like Gecko) Chrome/99.0.3538.77 Safari/537.36"
162.213.253.84 - - [27/Feb/2026:08:47:28 -0500] "POST /wp-cron.php?doing_wp_cron=1772200048.4185481071472167968750 HTTP/1.1" 200 0 "-" "WordPress/6.9.1; https://www.bagpackvacation.com"
114.119.136.251 - - [27/Feb/2026:08:47:27 -0500] "GET /4-night-5-days-dubai-super-saver-holiday HTTP/1.1" 301 0 "https://bagpackvacation.com/location/dubai" "Mozilla/5.0 (Linux; Android 7.0;) AppleWebKit/537.36 (KHTML, like Gecko) Mobile Safari/537.36 (compatible; PetalBot;+https://webmaster.petalsearch.com/site/petalbot)"
114.119.136.251 - - [27/Feb/2026:08:47:30 -0500] "GET /4-night-5-days-dubai-super-saver-holiday/ HTTP/1.1" 200 29322 "https://bagpackvacation.com/location/dubai" "Mozilla/5.0 (Linux; Android 7.0;) AppleWebKit/537.36 (KHTML, like Gecko) Mobile Safari/537.36 (compatible; PetalBot;+https://webmaster.petalsearch.com/site/petalbot)"
216.73.216.85 - - [27/Feb/2026:08:52:17 -0500] "GET /sitemap.xml HTTP/1.1" 301 0 "https://bagpackvacation.com/sitemap.xml" "Mozilla/5.0 AppleWebKit/537.36 (KHTML, like Gecko; compatible; ClaudeBot/1.0; [email protected])"
216.73.216.85 - - [27/Feb/2026:08:52:17 -0500] "GET /wp-sitemap.xml HTTP/1.1" 404 18610 "https://www.bagpackvacation.com/sitemap.xml" "Mozilla/5.0 AppleWebKit/537.36 (KHTML, like Gecko; compatible; ClaudeBot/1.0; [email protected])"
162.213.253.84 - - [27/Feb/2026:08:52:20 -0500] "POST /wp-admin/admin-ajax.php?action=wp_1_wc_privacy_cleanup&nonce=00c1d1bfe0 HTTP/1.1" 200 0 "-" "WordPress/6.9.1; https://www.bagpackvacation.com"
162.213.253.84 - - [27/Feb/2026:08:52:21 -0500] "POST /wp-admin/admin-ajax.php?action=async_litespeed&nonce=UMacYMREFqRPgA5aiC39gVQ3gjrjFMOf&litespeed_type=imgoptm HTTP/1.1" 200 0 "-" "WordPress/6.9.1; https://www.bagpackvacation.com"
93.123.109.214 - - [27/Feb/2026:09:06:50 -0500] "GET / HTTP/1.1" 301 795 "-" "Mozilla/5.0 (Windows NT 10.0; Win64; x64; rv:133.0) Gecko/20100101 Firefox/133.0"
93.123.109.214 - - [27/Feb/2026:09:06:51 -0500] "GET /.env HTTP/1.1" 301 795 "-" "Mozilla/5.0 (Macintosh; Intel Mac OS X 10_15_7) AppleWebKit/537.36 (KHTML, like Gecko) Chrome/131.0.0.0 Safari/537.36"
162.213.253.84 - - [27/Feb/2026:09:06:54 -0500] "POST /wp-cron.php?doing_wp_cron=1772201214.3046360015869140625000 HTTP/1.1" 200 0 "-" "WordPress/6.9.1; https://www.bagpackvacation.com"
93.44.211.57 - - [27/Feb/2026:09:11:51 -0500] "GET /contact-us/ HTTP/1.1" 200 22376 "-" "Mozilla/5.0 (Macintosh; Intel Mac OS X 12_5) AppleWebKit/537.36 (KHTML, like Gecko) Chrome/114.0.0.0 YaBrowser/22.7.0 Yowser/2.5 Safari/537.36"
162.213.253.84 - - [27/Feb/2026:09:11:58 -0500] "POST /wp-cron.php?doing_wp_cron=1772201518.3081939220428466796875 HTTP/1.1" 200 0 "-" "WordPress/6.9.1; https://www.bagpackvacation.com"
93.123.109.214 - - [27/Feb/2026:09:06:50 -0500] "GET / HTTP/1.1" 200 40195 "https://bagpackvacation.com" "Mozilla/5.0 (Windows NT 10.0; Win64; x64; rv:133.0) Gecko/20100101 Firefox/133.0"
93.123.109.214 - - [27/Feb/2026:09:06:51 -0500] "GET /.env HTTP/1.1" 404 21142 "https://bagpackvacation.com/.env" "Mozilla/5.0 (Macintosh; Intel Mac OS X 10_15_7) AppleWebKit/537.36 (KHTML, like Gecko) Chrome/131.0.0.0 Safari/537.36"
162.213.253.84 - - [27/Feb/2026:09:06:55 -0500] "POST /wp-admin/admin-ajax.php?action=async_litespeed&nonce=GkB5IWrb7PVqaiSNcEdu7o4TYIiO7Y00&litespeed_type=imgoptm HTTP/1.1" 200 0 "-" "WordPress/6.9.1; https://www.bagpackvacation.com"
93.44.211.57 - - [27/Feb/2026:09:11:56 -0500] "POST /wp-admin/admin-ajax.php HTTP/1.1" 200 111 "https://www.bagpackvacation.com/contact-us/" "Mozilla/5.0 (Macintosh; Intel Mac OS X 12_5) AppleWebKit/537.36 (KHTML, like Gecko) Chrome/114.0.0.0 YaBrowser/22.7.0 Yowser/2.5 Safari/537.36"
162.213.253.84 - - [27/Feb/2026:09:11:59 -0500] "POST /wp-admin/admin-ajax.php?action=async_litespeed&nonce=OhboUKdYyeXSkCkwVETvaKOkcnY3rE2P&litespeed_type=imgoptm HTTP/1.1" 200 0 "-" "WordPress/6.9.1; https://www.bagpackvacation.com"
114.119.149.92 - - [27/Feb/2026:09:15:23 -0500] "GET /shimla-tour-packages/ HTTP/1.1" 200 27517 "https://www.bagpackvacation.com/3-night-4-days-exotic-maldives" "Mozilla/5.0 (Linux; Android 7.0;) AppleWebKit/537.36 (KHTML, like Gecko) Mobile Safari/537.36 (compatible; PetalBot;+https://webmaster.petalsearch.com/site/petalbot)"
14.247.245.196 - - [27/Feb/2026:09:26:18 -0500] "GET /3-night-4-days-thailand-pattaya-weekend-getaway/ HTTP/1.1" 200 28984 "-" "Mozilla/5.0 (Macintosh; Intel Mac OS X 11_2_2) AppleWebKit/537.36 (KHTML, like Gecko) Brave Chrome/88.0.4324.146 Safari/537.36"
52.45.15.233 - - [27/Feb/2026:09:39:18 -0500] "GET /3-night-4-days-malaysia-weekend-getaway/ HTTP/1.1" 200 29145 "-" "Mozilla/5.0 AppleWebKit/537.36 (KHTML, like Gecko; compatible; Amazonbot/0.1; +https://developer.amazon.com/support/amazonbot) Chrome/119.0.6045.214 Safari/537.36"
52.203.65.83 - - [27/Feb/2026:09:39:24 -0500] "GET /3-night-4-days-exotic-maldives/ HTTP/1.1" 200 27747 "-" "Mozilla/5.0 AppleWebKit/537.36 (KHTML, like Gecko; compatible; Amazonbot/0.1; +https://developer.amazon.com/support/amazonbot) Chrome/119.0.6045.214 Safari/537.36"
3.220.148.166 - - [27/Feb/2026:09:39:28 -0500] "GET /3-night-4-days-sri-lanka-loaded/ HTTP/1.1" 200 29809 "-" "Mozilla/5.0 AppleWebKit/537.36 (KHTML, like Gecko; compatible; Amazonbot/0.1; +https://developer.amazon.com/support/amazonbot) Chrome/119.0.6045.214 Safari/537.36"
66.249.77.230 - - [27/Feb/2026:09:44:02 -0500] "GET /robots.txt HTTP/1.1" 200 108 "-" "Mozilla/5.0 (compatible; Googlebot/2.1; +http://www.google.com/bot.html)"
66.249.77.230 - - [27/Feb/2026:09:44:02 -0500] "GET / HTTP/1.1" 200 34037 "-" "Mozilla/5.0 (compatible; Googlebot/2.1; +http://www.google.com/bot.html)"
3.217.171.106 - - [27/Feb/2026:09:39:30 -0500] "GET /4-night-5-days-soothing-sri-lanka-package/ HTTP/1.1" 200 30084 "-" "Mozilla/5.0 AppleWebKit/537.36 (KHTML, like Gecko; compatible; Amazonbot/0.1; +https://developer.amazon.com/support/amazonbot) Chrome/119.0.6045.214 Safari/537.36"
3.94.157.25 - - [27/Feb/2026:09:39:36 -0500] "GET /north-east-tour-packages/ HTTP/1.1" 200 27346 "-" "Mozilla/5.0 AppleWebKit/537.36 (KHTML, like Gecko; compatible; Amazonbot/0.1; +https://developer.amazon.com/support/amazonbot) Chrome/119.0.6045.214 Safari/537.36"
162.213.253.84 - - [27/Feb/2026:09:39:42 -0500] "POST /wp-cron.php?doing_wp_cron=1772203182.1378080844879150390625 HTTP/1.1" 200 0 "-" "WordPress/6.9.1; https://www.bagpackvacation.com"
34.197.28.78 - - [27/Feb/2026:09:39:40 -0500] "GET /4-night-5-days-mauritius-loaded/ HTTP/1.1" 200 30129 "-" "Mozilla/5.0 AppleWebKit/537.36 (KHTML, like Gecko; compatible; Amazonbot/0.1; +https://developer.amazon.com/support/amazonbot) Chrome/119.0.6045.214 Safari/537.36"
162.213.253.84 - - [27/Feb/2026:09:39:43 -0500] "POST /wp-admin/admin-ajax.php?action=async_litespeed&nonce=B8wdYy76Nf3QBg7htW0Y41DZ1Oz249j1&litespeed_type=imgoptm HTTP/1.1" 200 0 "-" "WordPress/6.9.1; https://www.bagpackvacation.com"
66.249.77.231 - - [27/Feb/2026:09:46:47 -0500] "GET /wp-includes/js/jquery/jquery.min.js?ver=3.7.1 HTTP/1.1" 200 29744 "https://www.bagpackvacation.com/" "Mozilla/5.0 (compatible; Googlebot/2.1; +http://www.google.com/bot.html)"
66.249.77.231 - - [27/Feb/2026:09:46:47 -0500] "GET /wp-content/plugins/wp-whatsapp/assets/js/whatsapp-button.js?ver=3.7.2 HTTP/1.1" 200 441 "https://www.bagpackvacation.com/" "Mozilla/5.0 (compatible; Googlebot/2.1; +http://www.google.com/bot.html)"
47.128.122.107 - - [27/Feb/2026:09:54:27 -0500] "GET /robots.txt HTTP/1.1" 200 129 "-" "Go-http-client/2.0"
37.27.62.82 - - [27/Feb/2026:09:56:00 -0500] "GET /wp-login.php HTTP/1.1" 200 1797 "https://bagpackvacation.com/wp-login.php" "Mozilla/4.0 (compatible; MSIE 7.0; Windows NT 6.2; Trident/7.0; .NET4.0C; .NET4.0E; .NET CLR 2.0.50727; .NET CLR 3.0.30729; .NET CLR 3.5.30729; SLCC2; Media Center PC 6.0)"
47.128.115.81 - - [27/Feb/2026:09:58:28 -0500] "GET /incredible-kashmir-tour-4-night-5-days/ HTTP/1.1" 404 18598 "-" "Mozilla/5.0 (Linux; Android 5.0) AppleWebKit/537.36 (KHTML, like Gecko) Mobile Safari/537.36 (compatible; TikTokSpider; [email protected])"
162.213.253.84 - - [27/Feb/2026:09:58:32 -0500] "POST /wp-admin/admin-ajax.php?action=async_litespeed&nonce=xn9vR9cmC3QHfCoT0lSNsiQ9LjoolckI&litespeed_type=imgoptm HTTP/1.1" 200 0 "-" "WordPress/6.9.1; https://www.bagpackvacation.com"
162.213.253.84 - - [27/Feb/2026:10:00:26 -0500] "POST /wp-cron.php?doing_wp_cron=1772204426.3824119567871093750000 HTTP/1.1" 200 0 "-" "WordPress/6.9.1; https://www.bagpackvacation.com"
37.27.62.82 - - [27/Feb/2026:09:55:58 -0500] "GET /wp-login.php HTTP/1.1" 301 795 "-" "Mozilla/4.0 (compatible; MSIE 7.0; Windows NT 6.2; Trident/7.0; .NET4.0C; .NET4.0E; .NET CLR 2.0.50727; .NET CLR 3.0.30729; .NET CLR 3.5.30729; SLCC2; Media Center PC 6.0)"
37.27.62.82 - - [27/Feb/2026:09:56:00 -0500] "POST /wp-login.php HTTP/1.1" 301 795 "https://bagpackvacation.com/wp-login.php" "Mozilla/4.0 (compatible; MSIE 7.0; Windows NT 6.2; Trident/7.0; .NET4.0C; .NET4.0E; .NET CLR 2.0.50727; .NET CLR 3.0.30729; .NET CLR 3.5.30729; SLCC2; Media Center PC 6.0)"
37.27.62.82 - - [27/Feb/2026:09:56:00 -0500] "GET /wp-login.php HTTP/1.1" 200 1797 "https://bagpackvacation.com/wp-login.php" "Mozilla/4.0 (compatible; MSIE 7.0; Windows NT 6.2; Trident/7.0; .NET4.0C; .NET4.0E; .NET CLR 2.0.50727; .NET CLR 3.0.30729; .NET CLR 3.5.30729; SLCC2; Media Center PC 6.0)"
162.213.253.84 - - [27/Feb/2026:09:58:30 -0500] "POST /wp-cron.php?doing_wp_cron=1772204310.7279300689697265625000 HTTP/1.1" 200 0 "-" "WordPress/6.9.1; https://www.bagpackvacation.com"
114.119.136.251 - - [27/Feb/2026:10:00:25 -0500] "GET /4-night-5-days-soothing-sri-lanka-package HTTP/1.1" 301 0 "http://www.bagpackvacation.com/location/sri-lanka" "Mozilla/5.0 (Linux; Android 7.0;) AppleWebKit/537.36 (KHTML, like Gecko) Mobile Safari/537.36 (compatible; PetalBot;+https://webmaster.petalsearch.com/site/petalbot)"
114.119.136.251 - - [27/Feb/2026:10:00:27 -0500] "GET /4-night-5-days-soothing-sri-lanka-package/ HTTP/1.1" 200 30084 "http://www.bagpackvacation.com/location/sri-lanka" "Mozilla/5.0 (Linux; Android 7.0;) AppleWebKit/537.36 (KHTML, like Gecko) Mobile Safari/537.36 (compatible; PetalBot;+https://webmaster.petalsearch.com/site/petalbot)"
162.213.253.84 - - [27/Feb/2026:10:00:27 -0500] "POST /wp-admin/admin-ajax.php?action=async_litespeed&nonce=SU6lnxo1VBXkESY0GZ2ADn8gj1NUYYIq&litespeed_type=imgoptm HTTP/1.1" 200 0 "-" "WordPress/6.9.1; https://www.bagpackvacation.com"
43.166.128.86 - - [27/Feb/2026:10:09:27 -0500] "GET / HTTP/1.1" 200 40195 "http://www.bagpackvacation.com" "Mozilla/5.0 (iPhone; CPU iPhone OS 13_2_3 like Mac OS X) AppleWebKit/605.1.15 (KHTML, like Gecko) Version/13.0.3 Mobile/15E148 Safari/604.1"
162.213.253.84 - - [27/Feb/2026:10:09:27 -0500] "POST /wp-admin/admin-ajax.php?action=async_litespeed&nonce=IxrTfh0dNTYN150c2ZfM9eRWxRQlzE0y&litespeed_type=imgoptm HTTP/1.1" 200 0 "-" "WordPress/6.9.1; https://www.bagpackvacation.com"
51.195.41.174 - - [27/Feb/2026:10:09:37 -0500] "GET /wp-login.php HTTP/1.1" 301 795 "-" "Mozilla/5.0 (Macintosh; Intel Mac OS X 10_12_6) AppleWebKit/537.36 (KHTML, like Gecko) Chrome/67.0.3396.87 Safari/537.36"
51.195.41.174 - - [27/Feb/2026:10:09:45 -0500] "POST /wp-login.php HTTP/1.1" 301 795 "https://bagpackvacation.com/wp-login.php" "Mozilla/5.0 (Macintosh; Intel Mac OS X 10_12_6) AppleWebKit/537.36 (KHTML, like Gecko) Chrome/67.0.3396.87 Safari/537.36"
51.195.41.174 - - [27/Feb/2026:10:09:45 -0500] "GET /wp-login.php HTTP/1.1" 200 1797 "https://bagpackvacation.com/wp-login.php" "Mozilla/5.0 (Macintosh; Intel Mac OS X 10_12_6) AppleWebKit/537.36 (KHTML, like Gecko) Chrome/67.0.3396.87 Safari/537.36"
51.195.41.174 - - [27/Feb/2026:10:09:45 -0500] "GET /wp-login.php HTTP/1.1" 200 1797 "https://bagpackvacation.com/wp-login.php" "Mozilla/5.0 (Macintosh; Intel Mac OS X 10_12_6) AppleWebKit/537.36 (KHTML, like Gecko) Chrome/67.0.3396.87 Safari/537.36"
116.202.244.177 - - [27/Feb/2026:10:14:04 -0500] "GET /wp-login.php HTTP/1.1" 301 795 "-" "Mozilla/5.0 (Macintosh; Intel Mac OS X 10_10_5) AppleWebKit/537.36 (KHTML, like Gecko) Chrome/66.0.3359.181 Safari/537.36"
116.202.244.177 - - [27/Feb/2026:10:14:12 -0500] "GET /wp-login.php HTTP/1.1" 200 1797 "https://bagpackvacation.com/wp-login.php" "Mozilla/5.0 (Macintosh; Intel Mac OS X 10_10_5) AppleWebKit/537.36 (KHTML, like Gecko) Chrome/66.0.3359.181 Safari/537.36"
216.73.216.85 - - [27/Feb/2026:10:18:32 -0500] "GET /sitemap.xml HTTP/1.1" 301 795 "-" "Mozilla/5.0 AppleWebKit/537.36 (KHTML, like Gecko; compatible; ClaudeBot/1.0; [email protected])"
162.213.253.84 - - [27/Feb/2026:10:18:34 -0500] "POST /wp-cron.php?doing_wp_cron=1772205514.5402519702911376953125 HTTP/1.1" 200 0 "-" "WordPress/6.9.1; https://www.bagpackvacation.com"
216.73.216.85 - - [27/Feb/2026:10:18:32 -0500] "GET /wp-sitemap.xml HTTP/1.1" 404 18610 "https://www.bagpackvacation.com/sitemap.xml" "Mozilla/5.0 AppleWebKit/537.36 (KHTML, like Gecko; compatible; ClaudeBot/1.0; [email protected])"
116.202.244.177 - - [27/Feb/2026:10:14:12 -0500] "GET /wp-login.php HTTP/1.1" 200 1797 "https://bagpackvacation.com/wp-login.php" "Mozilla/5.0 (Macintosh; Intel Mac OS X 10_10_5) AppleWebKit/537.36 (KHTML, like Gecko) Chrome/66.0.3359.181 Safari/537.36"
116.202.244.177 - - [27/Feb/2026:10:14:12 -0500] "POST /wp-login.php HTTP/1.1" 301 795 "https://bagpackvacation.com/wp-login.php" "Mozilla/5.0 (Macintosh; Intel Mac OS X 10_10_5) AppleWebKit/537.36 (KHTML, like Gecko) Chrome/66.0.3359.181 Safari/537.36"
216.73.216.85 - - [27/Feb/2026:10:18:31 -0500] "GET /robots.txt HTTP/1.1" 301 795 "-" "Mozilla/5.0 AppleWebKit/537.36 (KHTML, like Gecko; compatible; ClaudeBot/1.0; [email protected])"
216.73.216.85 - - [27/Feb/2026:10:18:32 -0500] "GET /robots.txt HTTP/1.1" 200 108 "https://bagpackvacation.com/robots.txt" "Mozilla/5.0 AppleWebKit/537.36 (KHTML, like Gecko; compatible; ClaudeBot/1.0; [email protected])"
216.73.216.85 - - [27/Feb/2026:10:18:32 -0500] "GET /sitemap.xml HTTP/1.1" 301 0 "https://bagpackvacation.com/sitemap.xml" "Mozilla/5.0 AppleWebKit/537.36 (KHTML, like Gecko; compatible; ClaudeBot/1.0; [email protected])"
162.213.253.84 - - [27/Feb/2026:10:18:35 -0500] "POST /wp-admin/admin-ajax.php?action=async_litespeed&nonce=yUVoZWYIQ7blKLsYjNzrCTtdCURw4GVq&litespeed_type=imgoptm HTTP/1.1" 200 0 "-" "WordPress/6.9.1; https://www.bagpackvacation.com"
107.189.21.225 - - [27/Feb/2026:10:22:51 -0500] "POST /wp-content/plugins/akismet/includes/cache-processor.php HTTP/1.1" 301 795 "-" "Mozilla/5.0"
107.189.21.225 - - [27/Feb/2026:10:22:52 -0500] "GET /wp-content/plugins/akismet/includes/cache-processor.php HTTP/1.1" 403 1242 "-" "Mozilla/5.0"
162.213.253.84 - - [27/Feb/2026:10:29:26 -0500] "POST /wp-cron.php?doing_wp_cron=1772206166.7268989086151123046875 HTTP/1.1" 200 0 "-" "WordPress/6.9.1; https://www.bagpackvacation.com"
52.71.216.196 - - [27/Feb/2026:10:29:24 -0500] "GET /wp-json/oembed/1.0/embed?format=xml&url=https://www.bagpackvacation.com/beauty-of-nature-kerala/ HTTP/1.1" 200 1178 "-" "Mozilla/5.0 AppleWebKit/537.36 (KHTML, like Gecko; compatible; Amazonbot/0.1; +https://developer.amazon.com/support/amazonbot) Chrome/119.0.6045.214 Safari/537.36"
162.213.253.84 - - [27/Feb/2026:10:29:28 -0500] "POST /wp-admin/admin-ajax.php?action=async_litespeed&nonce=0uLlrtjeGS1x6DwMM37TfVvdIXjgInFv&litespeed_type=imgoptm HTTP/1.1" 200 0 "-" "WordPress/6.9.1; https://www.bagpackvacation.com"
139.59.127.187 - - [27/Feb/2026:10:48:08 -0500] "GET /sftp-config.json HTTP/1.1" 404 21144 "-" "Mozilla/5.0 (Macintosh; Intel Mac OS X 10.15; rv:77.0) Gecko/20100101 Firefox/77.0"
139.59.127.187 - - [27/Feb/2026:10:48:14 -0500] "GET /.vscode/ftp-config.json HTTP/1.1" 404 21148 "-" "Mozilla/5.0 (Macintosh; Intel Mac OS X 10.15; rv:77.0) Gecko/20100101 Firefox/77.0"
139.59.127.187 - - [27/Feb/2026:10:48:19 -0500] "GET /.sftp-config.json HTTP/1.1" 404 21144 "-" "Mozilla/5.0 (Macintosh; Intel Mac OS X 10.15; rv:77.0) Gecko/20100101 Firefox/77.0"
139.59.127.187 - - [27/Feb/2026:10:48:27 -0500] "GET /ftp-config.json HTTP/1.1" 404 21145 "-" "Mozilla/5.0 (Macintosh; Intel Mac OS X 10.15; rv:77.0) Gecko/20100101 Firefox/77.0"
139.59.127.187 - - [27/Feb/2026:10:48:30 -0500] "GET /.ftp-config.json HTTP/1.1" 404 21144 "-" "Mozilla/5.0 (Macintosh; Intel Mac OS X 10.15; rv:77.0) Gecko/20100101 Firefox/77.0"
162.213.253.84 - - [27/Feb/2026:10:48:32 -0500] "POST /wp-admin/admin-ajax.php?action=async_litespeed&nonce=hlTAIE7DSPLUSV85E9jot4dZdf6gEM0R&litespeed_type=imgoptm HTTP/1.1" 200 0 "-" "WordPress/6.9.1; https://www.bagpackvacation.com"
51.195.41.174 - - [27/Feb/2026:10:49:32 -0500] "GET /wp-login.php HTTP/1.1" 200 1797 "https://bagpackvacation.com/wp-login.php" "Mozilla/5.0 (Macintosh; Intel Mac OS X 10_12_6) AppleWebKit/604.4.7 (KHTML, like Gecko) Version/11.0.2 Safari/604.4.7"
51.195.41.174 - - [27/Feb/2026:10:49:32 -0500] "GET /wp-login.php HTTP/1.1" 200 1797 "https://bagpackvacation.com/wp-login.php" "Mozilla/5.0 (Macintosh; Intel Mac OS X 10_12_6) AppleWebKit/604.4.7 (KHTML, like Gecko) Version/11.0.2 Safari/604.4.7"
216.73.216.85 - - [27/Feb/2026:10:55:28 -0500] "GET /sitemap.xml HTTP/1.1" 301 795 "-" "Mozilla/5.0 AppleWebKit/537.36 (KHTML, like Gecko; compatible; ClaudeBot/1.0; [email protected])"
162.213.253.84 - - [27/Feb/2026:10:48:10 -0500] "POST /wp-cron.php?doing_wp_cron=1772207290.3031620979309082031250 HTTP/1.1" 200 0 "-" "WordPress/6.9.1; https://www.bagpackvacation.com"
162.213.253.84 - - [27/Feb/2026:10:48:11 -0500] "POST /wp-admin/admin-ajax.php?action=async_litespeed&nonce=Jt71CqzhJLr3velkkwDlKDOdI3xUtDT5&litespeed_type=imgoptm HTTP/1.1" 200 0 "-" "WordPress/6.9.1; https://www.bagpackvacation.com"
139.59.127.187 - - [27/Feb/2026:10:48:11 -0500] "GET /.vscode/sftp.json HTTP/1.1" 404 21145 "-" "Mozilla/5.0 (Macintosh; Intel Mac OS X 10.15; rv:77.0) Gecko/20100101 Firefox/77.0"
139.59.127.187 - - [27/Feb/2026:10:48:17 -0500] "GET /.vscode/ftp-sync.json HTTP/1.1" 404 21147 "-" "Mozilla/5.0 (Macintosh; Intel Mac OS X 10.15; rv:77.0) Gecko/20100101 Firefox/77.0"
139.59.127.187 - - [27/Feb/2026:10:48:22 -0500] "GET /ftp-sync.json HTTP/1.1" 404 21145 "-" "Mozilla/5.0 (Macintosh; Intel Mac OS X 10.15; rv:77.0) Gecko/20100101 Firefox/77.0"
139.59.127.187 - - [27/Feb/2026:10:48:24 -0500] "GET /.ftp-sync.json HTTP/1.1" 404 21145 "-" "Mozilla/5.0 (Macintosh; Intel Mac OS X 10.15; rv:77.0) Gecko/20100101 Firefox/77.0"
162.213.253.84 - - [27/Feb/2026:10:48:31 -0500] "POST /wp-cron.php?doing_wp_cron=1772207311.5374619960784912109375 HTTP/1.1" 200 0 "-" "WordPress/6.9.1; https://www.bagpackvacation.com"
51.195.41.174 - - [27/Feb/2026:10:49:30 -0500] "GET /wp-login.php HTTP/1.1" 301 795 "-" "Mozilla/5.0 (Macintosh; Intel Mac OS X 10_12_6) AppleWebKit/604.4.7 (KHTML, like Gecko) Version/11.0.2 Safari/604.4.7"
51.195.41.174 - - [27/Feb/2026:10:49:32 -0500] "POST /wp-login.php HTTP/1.1" 301 795 "https://bagpackvacation.com/wp-login.php" "Mozilla/5.0 (Macintosh; Intel Mac OS X 10_12_6) AppleWebKit/604.4.7 (KHTML, like Gecko) Version/11.0.2 Safari/604.4.7"
216.73.216.85 - - [27/Feb/2026:10:55:30 -0500] "GET /sitemap.xml HTTP/1.1" 301 0 "https://bagpackvacation.com/sitemap.xml" "Mozilla/5.0 AppleWebKit/537.36 (KHTML, like Gecko; compatible; ClaudeBot/1.0; [email protected])"
216.73.216.85 - - [27/Feb/2026:10:55:30 -0500] "GET /wp-sitemap.xml HTTP/1.1" 404 18610 "https://www.bagpackvacation.com/sitemap.xml" "Mozilla/5.0 AppleWebKit/537.36 (KHTML, like Gecko; compatible; ClaudeBot/1.0; [email protected])"
74.7.230.36 - - [27/Feb/2026:10:59:09 -0500] "GET /robots.txt HTTP/1.1" 200 108 "-" "Mozilla/5.0 (Macintosh; Intel Mac OS X 10_15_7) AppleWebKit/537.36 (KHTML, like Gecko) Chrome/131.0.0.0 Safari/537.36; compatible; OAI-SearchBot/1.3; robots.txt; +https://openai.com/searchbot"
122.117.102.125 - - [27/Feb/2026:10:59:15 -0500] "GET /wp-login.php HTTP/1.1" 301 795 "-" "Mozilla/4.0 (compatible; MSIE 7.0; Windows NT 6.3; WOW64; Trident/7.0; .NET4.0C; .NET4.0E; .NET CLR 2.0.50727; .NET CLR 3.0.30729; .NET CLR 3.5.30729; Tablet PC 2.0)"
122.117.102.125 - - [27/Feb/2026:10:59:17 -0500] "GET /wp-login.php HTTP/1.1" 200 1797 "https://bagpackvacation.com/wp-login.php" "Mozilla/4.0 (compatible; MSIE 7.0; Windows NT 6.3; WOW64; Trident/7.0; .NET4.0C; .NET4.0E; .NET CLR 2.0.50727; .NET CLR 3.0.30729; .NET CLR 3.5.30729; Tablet PC 2.0)"
122.117.102.125 - - [27/Feb/2026:10:59:18 -0500] "POST /wp-login.php HTTP/1.1" 301 795 "https://bagpackvacation.com/wp-login.php" "Mozilla/4.0 (compatible; MSIE 7.0; Windows NT 6.3; WOW64; Trident/7.0; .NET4.0C; .NET4.0E; .NET CLR 2.0.50727; .NET CLR 3.0.30729; .NET CLR 3.5.30729; Tablet PC 2.0)"
122.117.102.125 - - [27/Feb/2026:10:59:18 -0500] "GET /wp-login.php HTTP/1.1" 200 1797 "https://bagpackvacation.com/wp-login.php" "Mozilla/4.0 (compatible; MSIE 7.0; Windows NT 6.3; WOW64; Trident/7.0; .NET4.0C; .NET4.0E; .NET CLR 2.0.50727; .NET CLR 3.0.30729; .NET CLR 3.5.30729; Tablet PC 2.0)"
34.229.36.79 - - [27/Feb/2026:11:09:25 -0500] "GET / HTTP/1.1" 301 795 "-" "Mozilla/5.0 (iPad; CPU OS 18_5_0 like Mac OS X) AppleWebKit/605.1.15 (KHTML, like Gecko) CriOS/138.0.7204.156 Mobile/15E148 Safari/604.1"
34.229.36.79 - - [27/Feb/2026:11:09:25 -0500] "GET / HTTP/1.1" 200 40195 "-" "Mozilla/5.0 (iPad; CPU OS 18_5_0 like Mac OS X) AppleWebKit/605.1.15 (KHTML, like Gecko) CriOS/138.0.7204.156 Mobile/15E148 Safari/604.1"
103.145.51.107 - - [27/Feb/2026:11:28:46 -0500] "GET /wp-login.php HTTP/1.1" 301 795 "-" "Mozilla/4.0 (compatible; MSIE 7.0; Windows NT 10.0; WOW64; Trident/7.0; .NET4.0C; .NET4.0E; .NET CLR 2.0.50727; .NET CLR 3.0.30729; .NET CLR 3.5.30729)"
103.145.51.107 - - [27/Feb/2026:11:28:48 -0500] "GET /wp-login.php HTTP/1.1" 200 1797 "https://bagpackvacation.com/wp-login.php" "Mozilla/4.0 (compatible; MSIE 7.0; Windows NT 10.0; WOW64; Trident/7.0; .NET4.0C; .NET4.0E; .NET CLR 2.0.50727; .NET CLR 3.0.30729; .NET CLR 3.5.30729)"
103.145.51.107 - - [27/Feb/2026:11:28:49 -0500] "POST /wp-login.php HTTP/1.1" 301 795 "https://bagpackvacation.com/wp-login.php" "Mozilla/4.0 (compatible; MSIE 7.0; Windows NT 10.0; WOW64; Trident/7.0; .NET4.0C; .NET4.0E; .NET CLR 2.0.50727; .NET CLR 3.0.30729; .NET CLR 3.5.30729)"
163.44.192.46 - - [27/Feb/2026:11:20:26 -0500] "GET /wp-login.php HTTP/1.1" 301 795 "-" "Mozilla/5.0 (Windows NT 6.3; WOW64; Trident/7.0; SMJB; rv:11.0) like Gecko"
163.44.192.46 - - [27/Feb/2026:11:20:28 -0500] "GET /wp-login.php HTTP/1.1" 200 1797 "https://bagpackvacation.com/wp-login.php" "Mozilla/5.0 (Windows NT 6.3; WOW64; Trident/7.0; SMJB; rv:11.0) like Gecko"
163.44.192.46 - - [27/Feb/2026:11:20:29 -0500] "POST /wp-login.php HTTP/1.1" 301 795 "https://bagpackvacation.com/wp-login.php" "Mozilla/5.0 (Windows NT 6.3; WOW64; Trident/7.0; SMJB; rv:11.0) like Gecko"
163.44.192.46 - - [27/Feb/2026:11:20:30 -0500] "GET /wp-login.php HTTP/1.1" 200 1797 "https://bagpackvacation.com/wp-login.php" "Mozilla/5.0 (Windows NT 6.3; WOW64; Trident/7.0; SMJB; rv:11.0) like Gecko"
103.145.51.107 - - [27/Feb/2026:11:28:49 -0500] "GET /wp-login.php HTTP/1.1" 200 1797 "https://bagpackvacation.com/wp-login.php" "Mozilla/4.0 (compatible; MSIE 7.0; Windows NT 10.0; WOW64; Trident/7.0; .NET4.0C; .NET4.0E; .NET CLR 2.0.50727; .NET CLR 3.0.30729; .NET CLR 3.5.30729)"
198.71.60.118 - - [27/Feb/2026:11:45:30 -0500] "GET /wp-login.php HTTP/1.1" 301 795 "-" "Mozilla/5.0 (Windows NT 6.3; WOW64) AppleWebKit/537.36 (KHTML, like Gecko) Chrome/66.0.3359.181 Safari/537.36"
198.71.60.118 - - [27/Feb/2026:11:45:32 -0500] "POST /wp-login.php HTTP/1.1" 301 795 "https://bagpackvacation.com/wp-login.php" "Mozilla/5.0 (Windows NT 6.3; WOW64) AppleWebKit/537.36 (KHTML, like Gecko) Chrome/66.0.3359.181 Safari/537.36"
72.57.65.71 - - [27/Feb/2026:11:41:18 -0500] "GET /contact-us/ HTTP/1.1" 200 22376 "-" "Mozilla/5.0 (Macintosh; Intel Mac OS X 12_5) AppleWebKit/537.36 (KHTML, like Gecko) Chrome/114.0.0.0 YaBrowser/22.7.0 Yowser/2.5 Safari/537.36"
162.213.253.84 - - [27/Feb/2026:11:41:20 -0500] "POST /wp-cron.php?doing_wp_cron=1772210480.8086259365081787109375 HTTP/1.1" 200 0 "-" "WordPress/6.9.1; https://www.bagpackvacation.com"
72.57.65.71 - - [27/Feb/2026:11:41:19 -0500] "POST /wp-admin/admin-ajax.php HTTP/1.1" 200 17 "https://www.bagpackvacation.com/contact-us/" "Mozilla/5.0 (Macintosh; Intel Mac OS X 12_5) AppleWebKit/537.36 (KHTML, like Gecko) Chrome/114.0.0.0 YaBrowser/22.7.0 Yowser/2.5 Safari/537.36"
162.213.253.84 - - [27/Feb/2026:11:41:22 -0500] "POST /wp-admin/admin-ajax.php?action=async_litespeed&nonce=BxDOGGFkBV8i9wfnwWjCo6IP9DQfmxCA&litespeed_type=imgoptm HTTP/1.1" 200 0 "-" "WordPress/6.9.1; https://www.bagpackvacation.com"
198.71.60.118 - - [27/Feb/2026:11:45:31 -0500] "GET /wp-login.php HTTP/1.1" 200 1797 "https://bagpackvacation.com/wp-login.php" "Mozilla/5.0 (Windows NT 6.3; WOW64) AppleWebKit/537.36 (KHTML, like Gecko) Chrome/66.0.3359.181 Safari/537.36"
198.71.60.118 - - [27/Feb/2026:11:45:32 -0500] "GET /wp-login.php HTTP/1.1" 200 1797 "https://bagpackvacation.com/wp-login.php" "Mozilla/5.0 (Windows NT 6.3; WOW64) AppleWebKit/537.36 (KHTML, like Gecko) Chrome/66.0.3359.181 Safari/537.36"
149.40.50.210 - - [27/Feb/2026:11:47:57 -0500] "POST /wp-admin/admin-ajax.php HTTP/1.1" 200 17 "https://www.bagpackvacation.com/contact-us/" "Mozilla/5.0 (Macintosh; Intel Mac OS X 12_5) AppleWebKit/537.36 (KHTML, like Gecko) Chrome/114.0.0.0 YaBrowser/22.7.0 Yowser/2.5 Safari/537.36"
162.213.253.84 - - [27/Feb/2026:11:47:59 -0500] "POST /wp-admin/admin-ajax.php?action=async_litespeed&nonce=Q5APgrUv3E9zIW6LEXOw7xqkOfzrTPZS&litespeed_type=imgoptm HTTP/1.1" 200 0 "-" "WordPress/6.9.1; https://www.bagpackvacation.com"
40.80.89.74 - - [27/Feb/2026:11:50:40 -0500] "GET /wk/index.php HTTP/1.1" 301 795 "-" "Mozilla/5.0 (Windows NT 10.0; Win64; x64) AppleWebKit/537.36 (KHTML, like Gecko) Chrome/120.0.0.0 Safari/537.36"
40.80.89.74 - - [27/Feb/2026:11:50:41 -0500] "GET /inputs.php HTTP/1.1" 301 795 "-" "Mozilla/5.0 (Windows NT 10.0; Win64; x64) AppleWebKit/537.36 (KHTML, like Gecko) Chrome/120.0.0.0 Safari/537.36"
40.80.89.74 - - [27/Feb/2026:11:50:41 -0500] "GET /function/function.php HTTP/1.1" 301 795 "-" "Mozilla/5.0 (Windows NT 10.0; Win64; x64) AppleWebKit/537.36 (KHTML, like Gecko) Chrome/120.0.0.0 Safari/537.36"
40.80.89.74 - - [27/Feb/2026:11:50:41 -0500] "GET /rip.php HTTP/1.1" 301 795 "-" "Mozilla/5.0 (Windows NT 10.0; Win64; x64) AppleWebKit/537.36 (KHTML, like Gecko) Chrome/120.0.0.0 Safari/537.36"
40.80.89.74 - - [27/Feb/2026:11:50:42 -0500] "GET /wp-content/uploads/index.php HTTP/1.1" 301 795 "-" "Mozilla/5.0 (Windows NT 10.0; Win64; x64) AppleWebKit/537.36 (KHTML, like Gecko) Chrome/120.0.0.0 Safari/537.36"
40.80.89.74 - - [27/Feb/2026:11:50:42 -0500] "GET /themes.php HTTP/1.1" 301 795 "-" "Mozilla/5.0 (Windows NT 10.0; Win64; x64) AppleWebKit/537.36 (KHTML, like Gecko) Chrome/120.0.0.0 Safari/537.36"
40.80.89.74 - - [27/Feb/2026:11:50:43 -0500] "GET /index/function.php HTTP/1.1" 301 795 "-" "Mozilla/5.0 (Windows NT 10.0; Win64; x64) AppleWebKit/537.36 (KHTML, like Gecko) Chrome/120.0.0.0 Safari/537.36"
40.80.89.74 - - [27/Feb/2026:11:50:43 -0500] "GET /ws.php HTTP/1.1" 301 795 "-" "Mozilla/5.0 (Windows NT 10.0; Win64; x64) AppleWebKit/537.36 (KHTML, like Gecko) Chrome/120.0.0.0 Safari/537.36"
40.80.89.74 - - [27/Feb/2026:11:50:43 -0500] "GET /404.php HTTP/1.1" 301 795 "-" "Mozilla/5.0 (Windows NT 10.0; Win64; x64) AppleWebKit/537.36 (KHTML, like Gecko) Chrome/120.0.0.0 Safari/537.36"
40.80.89.74 - - [27/Feb/2026:11:50:44 -0500] "GET /wp-admin/user/index.php HTTP/1.1" 301 795 "-" "Mozilla/5.0 (Windows NT 10.0; Win64; x64) AppleWebKit/537.36 (KHTML, like Gecko) Chrome/120.0.0.0 Safari/537.36"
40.80.89.74 - - [27/Feb/2026:11:50:44 -0500] "GET /wp-content/themes/hideo/network.php HTTP/1.1" 301 795 "-" "Mozilla/5.0 (Windows NT 10.0; Win64; x64) AppleWebKit/537.36 (KHTML, like Gecko) Chrome/120.0.0.0 Safari/537.36"
40.80.89.74 - - [27/Feb/2026:11:50:45 -0500] "GET /abc.php HTTP/1.1" 301 795 "-" "Mozilla/5.0 (Windows NT 10.0; Win64; x64) AppleWebKit/537.36 (KHTML, like Gecko) Chrome/120.0.0.0 Safari/537.36"
40.80.89.74 - - [27/Feb/2026:11:50:45 -0500] "GET /abcd.php HTTP/1.1" 301 795 "-" "Mozilla/5.0 (Windows NT 10.0; Win64; x64) AppleWebKit/537.36 (KHTML, like Gecko) Chrome/120.0.0.0 Safari/537.36"
40.80.89.74 - - [27/Feb/2026:11:50:45 -0500] "GET /wp-trackback.php HTTP/1.1" 301 795 "-" "Mozilla/5.0 (Windows NT 10.0; Win64; x64) AppleWebKit/537.36 (KHTML, like Gecko) Chrome/120.0.0.0 Safari/537.36"
40.80.89.74 - - [27/Feb/2026:11:50:46 -0500] "GET /file.php HTTP/1.1" 301 795 "-" "Mozilla/5.0 (Windows NT 10.0; Win64; x64) AppleWebKit/537.36 (KHTML, like Gecko) Chrome/120.0.0.0 Safari/537.36"
40.80.89.74 - - [27/Feb/2026:11:50:47 -0500] "GET /goods.php HTTP/1.1" 301 795 "-" "Mozilla/5.0 (Windows NT 10.0; Win64; x64) AppleWebKit/537.36 (KHTML, like Gecko) Chrome/120.0.0.0 Safari/537.36"
40.80.89.74 - - [27/Feb/2026:11:50:47 -0500] "GET /class-t.api.php HTTP/1.1" 301 795 "-" "Mozilla/5.0 (Windows NT 10.0; Win64; x64) AppleWebKit/537.36 (KHTML, like Gecko) Chrome/120.0.0.0 Safari/537.36"
149.40.50.210 - - [27/Feb/2026:11:47:51 -0500] "GET /contact-us/ HTTP/1.1" 200 22376 "-" "Mozilla/5.0 (Macintosh; Intel Mac OS X 12_5) AppleWebKit/537.36 (KHTML, like Gecko) Chrome/114.0.0.0 YaBrowser/22.7.0 Yowser/2.5 Safari/537.36"
162.213.253.84 - - [27/Feb/2026:11:47:58 -0500] "POST /wp-cron.php?doing_wp_cron=1772210878.2970900535583496093750 HTTP/1.1" 200 0 "-" "WordPress/6.9.1; https://www.bagpackvacation.com"
40.80.89.74 - - [27/Feb/2026:11:50:41 -0500] "GET /ioxi-o.php HTTP/1.1" 301 795 "-" "Mozilla/5.0 (Windows NT 10.0; Win64; x64) AppleWebKit/537.36 (KHTML, like Gecko) Chrome/120.0.0.0 Safari/537.36"
40.80.89.74 - - [27/Feb/2026:11:50:42 -0500] "GET /admin.php HTTP/1.1" 301 795 "-" "Mozilla/5.0 (Windows NT 10.0; Win64; x64) AppleWebKit/537.36 (KHTML, like Gecko) Chrome/120.0.0.0 Safari/537.36"
40.80.89.74 - - [27/Feb/2026:11:50:42 -0500] "GET /cache.php HTTP/1.1" 301 795 "-" "Mozilla/5.0 (Windows NT 10.0; Win64; x64) AppleWebKit/537.36 (KHTML, like Gecko) Chrome/120.0.0.0 Safari/537.36"
40.80.89.74 - - [27/Feb/2026:11:50:43 -0500] "GET /an.php HTTP/1.1" 301 795 "-" "Mozilla/5.0 (Windows NT 10.0; Win64; x64) AppleWebKit/537.36 (KHTML, like Gecko) Chrome/120.0.0.0 Safari/537.36"
40.80.89.74 - - [27/Feb/2026:11:50:43 -0500] "GET /randkeyword.PhP7 HTTP/1.1" 301 795 "-" "Mozilla/5.0 (Windows NT 10.0; Win64; x64) AppleWebKit/537.36 (KHTML, like Gecko) Chrome/120.0.0.0 Safari/537.36"
40.80.89.74 - - [27/Feb/2026:11:50:44 -0500] "GET /wp-conf.php HTTP/1.1" 301 795 "-" "Mozilla/5.0 (Windows NT 10.0; Win64; x64) AppleWebKit/537.36 (KHTML, like Gecko) Chrome/120.0.0.0 Safari/537.36"
40.80.89.74 - - [27/Feb/2026:11:50:44 -0500] "GET /wp-login.php HTTP/1.1" 301 795 "-" "Mozilla/5.0 (Windows NT 10.0; Win64; x64) AppleWebKit/537.36 (KHTML, like Gecko) Chrome/120.0.0.0 Safari/537.36"
40.80.89.74 - - [27/Feb/2026:11:50:45 -0500] "GET /as.php HTTP/1.1" 301 795 "-" "Mozilla/5.0 (Windows NT 10.0; Win64; x64) AppleWebKit/537.36 (KHTML, like Gecko) Chrome/120.0.0.0 Safari/537.36"
40.80.89.74 - - [27/Feb/2026:11:50:45 -0500] "GET /about.php HTTP/1.1" 301 795 "-" "Mozilla/5.0 (Windows NT 10.0; Win64; x64) AppleWebKit/537.36 (KHTML, like Gecko) Chrome/120.0.0.0 Safari/537.36"
40.80.89.74 - - [27/Feb/2026:11:50:46 -0500] "GET /adminfuns.php HTTP/1.1" 301 795 "-" "Mozilla/5.0 (Windows NT 10.0; Win64; x64) AppleWebKit/537.36 (KHTML, like Gecko) Chrome/120.0.0.0 Safari/537.36"
40.80.89.74 - - [27/Feb/2026:11:50:46 -0500] "GET /wp-good.php HTTP/1.1" 301 795 "-" "Mozilla/5.0 (Windows NT 10.0; Win64; x64) AppleWebKit/537.36 (KHTML, like Gecko) Chrome/120.0.0.0 Safari/537.36"
40.80.89.74 - - [27/Feb/2026:11:50:47 -0500] "GET /kbfr.php HTTP/1.1" 301 795 "-" "Mozilla/5.0 (Windows NT 10.0; Win64; x64) AppleWebKit/537.36 (KHTML, like Gecko) Chrome/120.0.0.0 Safari/537.36"
40.80.89.74 - - [27/Feb/2026:11:50:48 -0500] "GET /defaults.php HTTP/1.1" 301 795 "-" "Mozilla/5.0 (Windows NT 10.0; Win64; x64) AppleWebKit/537.36 (KHTML, like Gecko) Chrome/120.0.0.0 Safari/537.36"
40.80.89.74 - - [27/Feb/2026:11:50:49 -0500] "GET /wp-includes/ HTTP/1.1" 301 795 "-" "Mozilla/5.0 (Windows NT 10.0; Win64; x64) AppleWebKit/537.36 (KHTML, like Gecko) Chrome/120.0.0.0 Safari/537.36"
40.80.89.74 - - [27/Feb/2026:11:50:49 -0500] "GET /.well-known/ HTTP/1.1" 301 795 "-" "Mozilla/5.0 (Windows NT 10.0; Win64; x64) AppleWebKit/537.36 (KHTML, like Gecko) Chrome/120.0.0.0 Safari/537.36"
40.80.89.74 - - [27/Feb/2026:11:50:49 -0500] "GET /info.php HTTP/1.1" 301 795 "-" "Mozilla/5.0 (Windows NT 10.0; Win64; x64) AppleWebKit/537.36 (KHTML, like Gecko) Chrome/120.0.0.0 Safari/537.36"
