40.80.89.74 - - [27/Feb/2026:11:50:49 -0500] "GET /cgi-bin/ HTTP/1.1" 301 795 "-" "Mozilla/5.0 (Windows NT 10.0; Win64; x64) AppleWebKit/537.36 (KHTML, like Gecko) Chrome/120.0.0.0 Safari/537.36"
40.80.89.74 - - [27/Feb/2026:11:50:49 -0500] "GET /uploads/ HTTP/1.1" 301 795 "-" "Mozilla/5.0 (Windows NT 10.0; Win64; x64) AppleWebKit/537.36 (KHTML, like Gecko) Chrome/120.0.0.0 Safari/537.36"
40.80.89.74 - - [27/Feb/2026:11:50:50 -0500] "GET /wp-admin/images/ HTTP/1.1" 301 795 "-" "Mozilla/5.0 (Windows NT 10.0; Win64; x64) AppleWebKit/537.36 (KHTML, like Gecko) Chrome/120.0.0.0 Safari/537.36"
40.80.89.74 - - [27/Feb/2026:11:50:50 -0500] "GET /wp-includes/Requests/src/Response/about.php HTTP/1.1" 301 795 "-" "Mozilla/5.0 (Windows NT 10.0; Win64; x64) AppleWebKit/537.36 (KHTML, like Gecko) Chrome/120.0.0.0 Safari/537.36"
40.80.89.74 - - [27/Feb/2026:11:50:50 -0500] "GET /wp-includes/html-api/ HTTP/1.1" 301 795 "-" "Mozilla/5.0 (Windows NT 10.0; Win64; x64) AppleWebKit/537.36 (KHTML, like Gecko) Chrome/120.0.0.0 Safari/537.36"
40.80.89.74 - - [27/Feb/2026:11:50:50 -0500] "GET /wp-content/admin.php HTTP/1.1" 301 795 "-" "Mozilla/5.0 (Windows NT 10.0; Win64; x64) AppleWebKit/537.36 (KHTML, like Gecko) Chrome/120.0.0.0 Safari/537.36"
40.80.89.74 - - [27/Feb/2026:11:50:51 -0500] "GET /wp-admin/css/colors/ectoplasm/ HTTP/1.1" 301 795 "-" "Mozilla/5.0 (Windows NT 10.0; Win64; x64) AppleWebKit/537.36 (KHTML, like Gecko) Chrome/120.0.0.0 Safari/537.36"
40.80.89.74 - - [27/Feb/2026:11:50:51 -0500] "GET /wp-content/uploads/ HTTP/1.1" 301 795 "-" "Mozilla/5.0 (Windows NT 10.0; Win64; x64) AppleWebKit/537.36 (KHTML, like Gecko) Chrome/120.0.0.0 Safari/537.36"
40.80.89.74 - - [27/Feb/2026:11:50:51 -0500] "GET /wp-content/themes/index.php HTTP/1.1" 301 795 "-" "Mozilla/5.0 (Windows NT 10.0; Win64; x64) AppleWebKit/537.36 (KHTML, like Gecko) Chrome/120.0.0.0 Safari/537.36"
40.80.89.74 - - [27/Feb/2026:11:50:52 -0500] "GET /wp-content/plugins/index.php HTTP/1.1" 301 795 "-" "Mozilla/5.0 (Windows NT 10.0; Win64; x64) AppleWebKit/537.36 (KHTML, like Gecko) Chrome/120.0.0.0 Safari/537.36"
40.80.89.74 - - [27/Feb/2026:11:50:52 -0500] "GET /wp-includes/images/ HTTP/1.1" 301 795 "-" "Mozilla/5.0 (Windows NT 10.0; Win64; x64) AppleWebKit/537.36 (KHTML, like Gecko) Chrome/120.0.0.0 Safari/537.36"
40.80.89.74 - - [27/Feb/2026:11:50:52 -0500] "GET /wp-content/plugins/WordPressCore/ HTTP/1.1" 301 795 "-" "Mozilla/5.0 (Windows NT 10.0; Win64; x64) AppleWebKit/537.36 (KHTML, like Gecko) Chrome/120.0.0.0 Safari/537.36"
84.239.47.12 - - [27/Feb/2026:12:01:00 -0500] "GET /manali-tour-packages/ HTTP/1.1" 200 27423 "-" "panscient.com"
84.239.47.12 - - [27/Feb/2026:12:01:33 -0500] "GET /wp-content/plugins/woocommerce/assets/js/frontend/add-to-cart.min.js?ver=9.8.6 HTTP/1.1" 200 1446 "-" "panscient.com"
84.239.47.12 - - [27/Feb/2026:12:02:17 -0500] "GET /honeymoon-wow-andaman-5-nights-6-days/ HTTP/1.1" 200 29555 "-" "panscient.com"
84.239.47.12 - - [27/Feb/2026:12:02:23 -0500] "GET /singapore-tour-packages/ HTTP/1.1" 200 28890 "-" "panscient.com"
84.239.47.12 - - [27/Feb/2026:12:02:45 -0500] "GET /about-us/ HTTP/1.1" 200 25373 "-" "panscient.com"
84.239.47.12 - - [27/Feb/2026:12:02:49 -0500] "GET /andaman/ HTTP/1.1" 200 27227 "-" "panscient.com"
84.239.47.12 - - [27/Feb/2026:12:03:37 -0500] "GET /product/kashmir-weekend-getaway/ HTTP/1.1" 200 24485 "-" "panscient.com"
40.80.89.74 - - [27/Feb/2026:11:50:47 -0500] "GET /sf.php HTTP/1.1" 301 795 "-" "Mozilla/5.0 (Windows NT 10.0; Win64; x64) AppleWebKit/537.36 (KHTML, like Gecko) Chrome/120.0.0.0 Safari/537.36"
40.80.89.74 - - [27/Feb/2026:11:50:48 -0500] "GET /autoload_classmap.php HTTP/1.1" 301 795 "-" "Mozilla/5.0 (Windows NT 10.0; Win64; x64) AppleWebKit/537.36 (KHTML, like Gecko) Chrome/120.0.0.0 Safari/537.36"
40.80.89.74 - - [27/Feb/2026:11:50:48 -0500] "GET /chosen.php?p= HTTP/1.1" 301 795 "-" "Mozilla/5.0 (Windows NT 10.0; Win64; x64) AppleWebKit/537.36 (KHTML, like Gecko) Chrome/120.0.0.0 Safari/537.36"
40.80.89.74 - - [27/Feb/2026:11:50:48 -0500] "GET /classwithtostring.php HTTP/1.1" 301 795 "-" "Mozilla/5.0 (Windows NT 10.0; Win64; x64) AppleWebKit/537.36 (KHTML, like Gecko) Chrome/120.0.0.0 Safari/537.36"
40.80.89.74 - - [27/Feb/2026:11:50:51 -0500] "GET /wp-content/themes/admin.php HTTP/1.1" 301 795 "-" "Mozilla/5.0 (Windows NT 10.0; Win64; x64) AppleWebKit/537.36 (KHTML, like Gecko) Chrome/120.0.0.0 Safari/537.36"
40.80.89.74 - - [27/Feb/2026:11:50:52 -0500] "GET /wp-includes/PHPMailer/ HTTP/1.1" 301 795 "-" "Mozilla/5.0 (Windows NT 10.0; Win64; x64) AppleWebKit/537.36 (KHTML, like Gecko) Chrome/120.0.0.0 Safari/537.36"
84.239.47.12 - - [27/Feb/2026:12:00:54 -0500] "GET /robots.txt HTTP/1.1" 200 216 "-" "panscient.com"
84.239.47.12 - - [27/Feb/2026:12:00:54 -0500] "GET / HTTP/1.1" 200 40195 "-" "panscient.com"
162.213.253.84 - - [27/Feb/2026:12:01:00 -0500] "POST /wp-admin/admin-ajax.php?action=async_litespeed&nonce=ZRnvRxhUPAI34YeN0O2EA2CAOWOP4hFO&litespeed_type=imgoptm HTTP/1.1" 200 0 "-" "WordPress/6.9.1; https://www.bagpackvacation.com"
162.213.253.84 - - [27/Feb/2026:12:01:10 -0500] "POST /wp-cron.php?doing_wp_cron=1772211670.1190750598907470703125 HTTP/1.1" 200 0 "-" "WordPress/6.9.1; https://www.bagpackvacation.com"
84.239.47.12 - - [27/Feb/2026:12:01:08 -0500] "GET /paradise-kashmir-4-night-5-days/ HTTP/1.1" 404 21152 "-" "panscient.com"
162.213.253.84 - - [27/Feb/2026:12:01:31 -0500] "POST /wp-admin/admin-ajax.php?action=async_litespeed&nonce=1MTAg2HkhyZmmcTHHDBfj8bAxveh667j&litespeed_type=imgoptm HTTP/1.1" 200 0 "-" "WordPress/6.9.1; https://www.bagpackvacation.com"
84.239.47.12 - - [27/Feb/2026:12:01:57 -0500] "GET /kashmir-weekend-getaway/ HTTP/1.1" 301 0 "-" "panscient.com"
84.239.47.12 - - [27/Feb/2026:12:02:01 -0500] "GET /product/kashmir-weekend-getaway/ HTTP/1.1" 200 24485 "-" "panscient.com"
84.239.47.12 - - [27/Feb/2026:12:02:20 -0500] "GET /beautiful-shimla-2-night-3-days/ HTTP/1.1" 200 29058 "-" "panscient.com"
84.239.47.12 - - [27/Feb/2026:12:02:28 -0500] "GET /shimla-tour-packages/ HTTP/1.1" 200 27517 "-" "panscient.com"
162.213.253.84 - - [27/Feb/2026:12:02:38 -0500] "POST /wp-admin/admin-ajax.php?action=async_litespeed&nonce=jNU9kCR07hxaCNRhhJGIiiqEnylETNgm&litespeed_type=imgoptm HTTP/1.1" 200 0 "-" "WordPress/6.9.1; https://www.bagpackvacation.com"
162.213.253.84 - - [27/Feb/2026:12:02:51 -0500] "POST /wp-cron.php?doing_wp_cron=1772211771.0364289283752441406250 HTTP/1.1" 200 0 "-" "WordPress/6.9.1; https://www.bagpackvacation.com"
84.239.47.12 - - [27/Feb/2026:12:03:20 -0500] "GET /wp-includes/js/jquery/ui/core.min.js?ver=1.13.3 HTTP/1.1" 200 7751 "-" "panscient.com"
84.239.47.12 - - [27/Feb/2026:12:03:20 -0500] "GET /wp-content/plugins/woocommerce/assets/js/js-cookie/js.cookie.min.js?ver=2.1.4-wc.9.8.6 HTTP/1.1" 200 848 "-" "panscient.com"
162.213.253.84 - - [27/Feb/2026:12:03:43 -0500] "POST /wp-admin/admin-ajax.php?action=async_litespeed&nonce=yGMiXS21gPzrwSbrWdazPyULFWBkrIYI&litespeed_type=imgoptm HTTP/1.1" 200 0 "-" "WordPress/6.9.1; https://www.bagpackvacation.com"
84.239.47.12 - - [27/Feb/2026:12:03:52 -0500] "GET /kashmir/ HTTP/1.1" 200 27463 "-" "panscient.com"
84.239.47.12 - - [27/Feb/2026:12:04:18 -0500] "GET /goa-tour-packages/ HTTP/1.1" 200 26596 "-" "panscient.com"
84.239.47.12 - - [27/Feb/2026:12:04:38 -0500] "GET /nainital-corbett-special-3-night-4-days/ HTTP/1.1" 200 29100 "-" "panscient.com"
84.239.47.12 - - [27/Feb/2026:12:04:57 -0500] "GET /wp-includes/js/wp-util.min.js?ver=6.9.1 HTTP/1.1" 200 767 "-" "panscient.com"
84.239.47.12 - - [27/Feb/2026:12:05:06 -0500] "GET /wp-content/plugins/wp-whatsapp/assets/js/whatsapp-button.js?ver=3.7.2 HTTP/1.1" 200 522 "-" "panscient.com"
84.239.47.12 - - [27/Feb/2026:12:05:24 -0500] "GET /ooty-tour-packages/ HTTP/1.1" 200 27245 "-" "panscient.com"
162.213.253.84 - - [27/Feb/2026:12:05:36 -0500] "POST /wp-admin/admin-ajax.php?action=async_litespeed&nonce=77tEyqWAf0uanMFeiWLsEmEMq4VGr3CQ&litespeed_type=imgoptm HTTP/1.1" 200 0 "-" "WordPress/6.9.1; https://www.bagpackvacation.com"
84.239.47.12 - - [27/Feb/2026:12:05:44 -0500] "GET /beauty-of-nature-kerala/ HTTP/1.1" 200 29131 "-" "panscient.com"
84.239.47.12 - - [27/Feb/2026:12:06:03 -0500] "GET /jim-corbett-tour-packages/ HTTP/1.1" 200 27547 "-" "panscient.com"
84.239.47.12 - - [27/Feb/2026:12:06:28 -0500] "GET /romantic-sikkim-delight-with-gangtok-darjeeling-pelling/ HTTP/1.1" 200 29773 "-" "panscient.com"
84.239.47.12 - - [27/Feb/2026:12:06:36 -0500] "GET /romantic-goa-with-dudh-sagar-waterfall-4-night-5-days/ HTTP/1.1" 200 29026 "-" "panscient.com"
162.213.253.84 - - [27/Feb/2026:12:06:54 -0500] "POST /wp-admin/admin-ajax.php?action=async_litespeed&nonce=4gWr9EO8SnSVgVF27fILukhlll0LnBHn&litespeed_type=imgoptm HTTP/1.1" 200 0 "-" "WordPress/6.9.1; https://www.bagpackvacation.com"
84.239.47.12 - - [27/Feb/2026:12:07:53 -0500] "GET /wp-content/plugins/primary-addon-for-elementor/assets/js/owl.carousel.min.js?ver=2.3.4 HTTP/1.1" 200 13415 "-" "panscient.com"
84.239.47.12 - - [27/Feb/2026:12:07:54 -0500] "GET /wp-content/plugins/elementor-pro/assets/lib/smartmenus/jquery.smartmenus.min.js?ver=1.0.1 HTTP/1.1" 200 8310 "-" "panscient.com"
84.239.47.12 - - [27/Feb/2026:12:08:00 -0500] "GET /wp-content/plugins/primary-addon-for-elementor/assets/js/flickity.pkgd.min.js?ver=2.2.1 HTTP/1.1" 200 16195 "-" "panscient.com"
84.239.47.12 - - [27/Feb/2026:12:08:03 -0500] "GET /wp-content/plugins/elementskit-lite/libs/framework/assets/js/frontend-script.js?ver=3.5.0 HTTP/1.1" 200 40 "-" "panscient.com"
84.239.47.12 - - [27/Feb/2026:12:08:05 -0500] "GET /wp-content/plugins/primary-addon-for-elementor/assets/js/InstagramFeed.min.js?ver=1.3.8 HTTP/1.1" 200 2311 "-" "panscient.com"
84.239.47.12 - - [27/Feb/2026:12:08:06 -0500] "GET /wp-content/plugins/primary-addon-for-elementor/assets/js/packery-mode.pkgd.min.js?ver=2.1.2 HTTP/1.1" 200 11313 "-" "panscient.com"
84.239.47.12 - - [27/Feb/2026:12:08:07 -0500] "GET /wp-content/plugins/wp-whatsapp/assets/dist/js/njt-whatsapp.js?ver=3.7.2 HTTP/1.1" 200 20300 "-" "panscient.com"
84.239.47.12 - - [27/Feb/2026:12:08:12 -0500] "GET /wp-content/plugins/primary-addon-for-elementor/assets/js/jquery.matchHeight.min.js?ver=0.7.2 HTTP/1.1" 200 1436 "-" "panscient.com"
84.239.47.12 - - [27/Feb/2026:12:08:16 -0500] "GET /wp-content/plugins/elementor/assets/js/frontend.min.js?ver=3.28.4 HTTP/1.1" 200 15096 "-" "panscient.com"
84.239.47.12 - - [27/Feb/2026:12:08:18 -0500] "GET /wp-content/plugins/primary-addon-for-elementor/assets/js/scripts.js?ver=1.2 HTTP/1.1" 200 2182 "-" "panscient.com"
84.239.47.12 - - [27/Feb/2026:12:08:23 -0500] "GET /wp-content/plugins/wpforms-lite/assets/js/share/utils.min.js?ver=1.9.5.1 HTTP/1.1" 200 823 "-" "panscient.com"
84.239.47.12 - - [27/Feb/2026:12:08:24 -0500] "GET /wp-includes/js/jquery/jquery.min.js?ver=3.7.1 HTTP/1.1" 200 34296 "-" "panscient.com"
84.239.47.12 - - [27/Feb/2026:12:04:08 -0500] "GET /wp-content/plugins/woocommerce/assets/js/frontend/order-attribution.min.js?ver=9.8.6 HTTP/1.1" 200 1152 "-" "panscient.com"
162.213.253.84 - - [27/Feb/2026:12:04:33 -0500] "POST /wp-admin/admin-ajax.php?action=async_litespeed&nonce=oZbpbECDpCYyeEvlsErFqZIRYxLfizXU&litespeed_type=imgoptm HTTP/1.1" 200 0 "-" "WordPress/6.9.1; https://www.bagpackvacation.com"
84.239.47.12 - - [27/Feb/2026:12:04:58 -0500] "GET /travel-insurance/ HTTP/1.1" 200 25027 "-" "panscient.com"
84.239.47.12 - - [27/Feb/2026:12:05:53 -0500] "GET /north-east-tour-packages/ HTTP/1.1" 200 27346 "-" "panscient.com"
84.239.47.12 - - [27/Feb/2026:12:06:10 -0500] "GET /fun-with-family-in-kashmir-5-night-6-days/ HTTP/1.1" 200 30209 "-" "panscient.com"
84.239.47.12 - - [27/Feb/2026:12:06:45 -0500] "GET /contact-us/ HTTP/1.1" 200 25657 "-" "panscient.com"
84.239.47.12 - - [27/Feb/2026:12:06:49 -0500] "GET /wp-content/plugins/primary-addon-for-elementor/assets/js/Chart.min.js?ver=2.9.3 HTTP/1.1" 200 65791 "-" "panscient.com"
84.239.47.12 - - [27/Feb/2026:12:07:09 -0500] "GET /wp-content/themes/hello-elementor/assets/js/hello-frontend.min.js?ver=3.3.0 HTTP/1.1" 200 639 "-" "panscient.com"
84.239.47.12 - - [27/Feb/2026:12:07:19 -0500] "GET /wp-content/plugins/elementskit-lite/widgets/init/assets/js/animate-circle.min.js?ver=3.5.0 HTTP/1.1" 200 454 "-" "panscient.com"
84.239.47.12 - - [27/Feb/2026:12:07:29 -0500] "GET /relaxing-shimla-with-narkanda-3-night-4-days/ HTTP/1.1" 200 29452 "-" "panscient.com"
162.213.253.84 - - [27/Feb/2026:12:07:32 -0500] "POST /wp-admin/admin-ajax.php?action=async_litespeed&nonce=a9wEAmtVFxBul0OtAMZ5Ezxqqf6oxPiO&litespeed_type=imgoptm HTTP/1.1" 200 0 "-" "WordPress/6.9.1; https://www.bagpackvacation.com"
84.239.47.12 - - [27/Feb/2026:12:07:56 -0500] "GET /wp-content/plugins/primary-addon-for-elementor/assets/js/jquery.waypoints.js?ver=2.0.3 HTTP/1.1" 200 4411 "-" "panscient.com"
84.239.47.12 - - [27/Feb/2026:12:07:57 -0500] "GET /wp-content/plugins/primary-addon-for-elementor/assets/js/jquery.counterup.min.js?ver=1.0 HTTP/1.1" 200 586 "-" "panscient.com"
84.239.47.12 - - [27/Feb/2026:12:07:58 -0500] "GET /wp-includes/js/underscore.min.js?ver=1.13.7 HTTP/1.1" 200 7877 "-" "panscient.com"
84.239.47.12 - - [27/Feb/2026:12:08:01 -0500] "GET /wp-content/plugins/primary-addon-for-elementor/assets/js/typed.min.js?ver=2.0.11 HTTP/1.1" 200 3901 "-" "panscient.com"
84.239.47.12 - - [27/Feb/2026:12:08:10 -0500] "GET /wp-content/plugins/primary-addon-for-elementor/assets/js/jquery.magnific-popup.min.js?ver=1.1.0 HTTP/1.1" 200 8071 "-" "panscient.com"
84.239.47.12 - - [27/Feb/2026:12:08:14 -0500] "GET /wp-content/plugins/wpforms-lite/assets/js/integrations/elementor/frontend.min.js?ver=1.9.5.1 HTTP/1.1" 200 619 "-" "panscient.com"
84.239.47.12 - - [27/Feb/2026:12:08:15 -0500] "GET /wp-content/plugins/wp-whatsapp/assets/js/whatsapp-popup.js?ver=3.7.2 HTTP/1.1" 200 378 "-" "panscient.com"
84.239.47.12 - - [27/Feb/2026:12:08:20 -0500] "GET /wp-content/plugins/elementor-pro/assets/js/frontend.min.js?ver=3.7.3 HTTP/1.1" 200 6386 "-" "panscient.com"
84.239.47.12 - - [27/Feb/2026:12:08:21 -0500] "GET /wp-content/plugins/woocommerce/assets/js/frontend/woocommerce.min.js?ver=9.8.6 HTTP/1.1" 200 1503 "-" "panscient.com"
84.239.47.12 - - [27/Feb/2026:12:08:35 -0500] "GET /wp-content/plugins/primary-addon-for-elementor/assets/js/owl.carousel.min.js?ver=2.3.4 HTTP/1.1" 200 13415 "-" "panscient.com"
84.239.47.12 - - [27/Feb/2026:12:08:44 -0500] "GET /wp-content/plugins/elementor-pro/assets/lib/smartmenus/jquery.smartmenus.min.js?ver=1.0.1 HTTP/1.1" 200 8310 "-" "panscient.com"
84.239.47.12 - - [27/Feb/2026:12:08:45 -0500] "GET /wp-content/plugins/primary-addon-for-elementor/assets/js/jquery.counterup.min.js?ver=1.0 HTTP/1.1" 200 586 "-" "panscient.com"
84.239.47.12 - - [27/Feb/2026:12:08:47 -0500] "GET /wp-content/plugins/primary-addon-for-elementor/assets/js/InstagramFeed.min.js?ver=1.3.8 HTTP/1.1" 200 2311 "-" "panscient.com"
84.239.47.12 - - [27/Feb/2026:12:08:38 -0500] "GET /wp-content/plugins/woocommerce/assets/js/frontend/add-to-cart.min.js?ver=9.8.6 HTTP/1.1" 200 1446 "-" "panscient.com"
84.239.47.12 - - [27/Feb/2026:12:08:39 -0500] "GET /wp-includes/js/jquery/ui/core.min.js?ver=1.13.3 HTTP/1.1" 200 7751 "-" "panscient.com"
84.239.47.12 - - [27/Feb/2026:12:08:41 -0500] "GET /wp-content/plugins/woocommerce/assets/js/js-cookie/js.cookie.min.js?ver=2.1.4-wc.9.8.6 HTTP/1.1" 200 848 "-" "panscient.com"
84.239.47.12 - - [27/Feb/2026:12:08:59 -0500] "GET /bali-tour-packages/ HTTP/1.1" 200 27311 "-" "panscient.com"
84.239.47.12 - - [27/Feb/2026:12:09:12 -0500] "GET /wp-content/plugins/primary-addon-for-elementor/assets/js/scripts.js?ver=1.2 HTTP/1.1" 200 2182 "-" "panscient.com"
84.239.47.12 - - [27/Feb/2026:12:09:29 -0500] "GET /wp-content/plugins/woocommerce/assets/js/frontend/woocommerce.min.js?ver=9.8.6 HTTP/1.1" 200 1503 "-" "panscient.com"
84.239.47.12 - - [27/Feb/2026:12:09:32 -0500] "GET /wp-content/plugins/wpforms-lite/assets/js/share/utils.min.js?ver=1.9.5.1 HTTP/1.1" 200 823 "-" "panscient.com"
84.239.47.12 - - [27/Feb/2026:12:09:34 -0500] "GET /dubai-tour-packages/ HTTP/1.1" 200 28104 "-" "panscient.com"
84.239.47.12 - - [27/Feb/2026:12:09:50 -0500] "GET /wp-content/plugins/primary-addon-for-elementor/elementor/js/prim-elementor.js?ver=6.9.1 HTTP/1.1" 200 3538 "-" "panscient.com"
84.239.47.12 - - [27/Feb/2026:12:09:54 -0500] "GET /wp-content/plugins/popup-maker/assets/js/site.min.js?defer&ver=1.20.4 HTTP/1.1" 200 19872 "-" "panscient.com"
84.239.47.12 - - [27/Feb/2026:12:09:55 -0500] "GET /wp-content/plugins/wpforms-lite/assets/lib/jquery.validate.min.js?ver=1.21.0 HTTP/1.1" 200 9095 "-" "panscient.com"
84.239.47.12 - - [27/Feb/2026:12:10:04 -0500] "GET /wp-content/plugins/primary-addon-for-elementor/assets/js/isotope.min.js?ver=3.0.6 HTTP/1.1" 200 11445 "-" "panscient.com"
84.239.47.12 - - [27/Feb/2026:12:10:07 -0500] "GET /wp-includes/js/dist/i18n.min.js?ver=c26c3dc7bed366793375 HTTP/1.1" 200 2322 "-" "panscient.com"
84.239.47.12 - - [27/Feb/2026:12:10:18 -0500] "GET /wp-content/plugins/elementor/assets/lib/swiper/v8/swiper.min.js?ver=8.4.5 HTTP/1.1" 200 46330 "-" "panscient.com"
84.239.47.12 - - [27/Feb/2026:12:10:22 -0500] "GET /wp-content/plugins/wpforms-lite/assets/lib/punycode.min.js?ver=1.0.0 HTTP/1.1" 200 888 "-" "panscient.com"
84.239.47.12 - - [27/Feb/2026:12:10:23 -0500] "GET /wp-includes/js/jquery/jquery-migrate.min.js?ver=3.4.1 HTTP/1.1" 200 5233 "-" "panscient.com"
84.239.47.12 - - [27/Feb/2026:12:10:25 -0500] "GET /wp-includes/js/wp-util.min.js?ver=6.9.1 HTTP/1.1" 200 767 "-" "panscient.com"
84.239.47.12 - - [27/Feb/2026:12:10:30 -0500] "GET /kerala-tour-packages/ HTTP/1.1" 200 27363 "-" "panscient.com"
84.239.47.12 - - [27/Feb/2026:12:10:34 -0500] "GET /wp-content/plugins/woocommerce/assets/js/jquery-blockui/jquery.blockUI.min.js?ver=2.7.0-wc.9.8.6 HTTP/1.1" 200 3723 "-" "panscient.com"
84.239.47.12 - - [27/Feb/2026:12:10:38 -0500] "GET /wp-content/plugins/wpforms-lite/assets/lib/mailcheck.min.js?ver=1.1.2 HTTP/1.1" 200 1762 "-" "panscient.com"
84.239.47.12 - - [27/Feb/2026:12:10:39 -0500] "GET /mauritius-tour-packages/ HTTP/1.1" 200 27369 "-" "panscient.com"
84.239.47.12 - - [27/Feb/2026:12:10:48 -0500] "GET /wp-content/plugins/elementskit-lite/widgets/init/assets/js/widget-scripts.js?ver=3.5.0 HTTP/1.1" 200 48189 "-" "panscient.com"
84.239.47.12 - - [27/Feb/2026:12:10:50 -0500] "GET /wp-content/plugins/elementor/assets/js/webpack.runtime.min.js?ver=3.28.4 HTTP/1.1" 200 2468 "-" "panscient.com"
84.239.47.12 - - [27/Feb/2026:12:10:51 -0500] "GET /wp-content/plugins/primary-addon-for-elementor/assets/js/Chart.min.js?ver=2.9.3 HTTP/1.1" 200 65791 "-" "panscient.com"
84.239.47.12 - - [27/Feb/2026:12:10:54 -0500] "GET /wp-content/plugins/elementor-pro/assets/js/preloaded-elements-handlers.min.js?ver=3.7.3 HTTP/1.1" 200 37290 "-" "panscient.com"
84.239.47.12 - - [27/Feb/2026:12:11:12 -0500] "GET /wp-content/plugins/wpforms-lite/assets/js/frontend/wpforms.min.js?ver=1.9.5.1 HTTP/1.1" 200 15846 "-" "panscient.com"
84.239.47.12 - - [27/Feb/2026:12:08:49 -0500] "GET /wp-content/plugins/primary-addon-for-elementor/assets/js/packery-mode.pkgd.min.js?ver=2.1.2 HTTP/1.1" 200 11313 "-" "panscient.com"
84.239.47.12 - - [27/Feb/2026:12:08:51 -0500] "GET /thailand-tour-packages/ HTTP/1.1" 200 28887 "-" "panscient.com"
84.239.47.12 - - [27/Feb/2026:12:09:04 -0500] "GET /wp-content/plugins/wp-whatsapp/assets/dist/js/njt-whatsapp.js?ver=3.7.2 HTTP/1.1" 200 20300 "-" "panscient.com"
84.239.47.12 - - [27/Feb/2026:12:09:10 -0500] "GET /wp-content/plugins/wpforms-lite/assets/js/integrations/elementor/frontend.min.js?ver=1.9.5.1 HTTP/1.1" 200 619 "-" "panscient.com"
84.239.47.12 - - [27/Feb/2026:12:09:24 -0500] "GET /malaysia-tour-packages/ HTTP/1.1" 200 28970 "-" "panscient.com"
84.239.47.12 - - [27/Feb/2026:12:09:37 -0500] "GET /wp-includes/js/jquery/jquery.min.js?ver=3.7.1 HTTP/1.1" 200 34296 "-" "panscient.com"
84.239.47.12 - - [27/Feb/2026:12:09:39 -0500] "GET /wp-content/plugins/woocommerce/assets/js/sourcebuster/sourcebuster.min.js?ver=9.8.6 HTTP/1.1" 200 5213 "-" "panscient.com"
84.239.47.12 - - [27/Feb/2026:12:09:42 -0500] "GET /explore-kullu-with-manali-4-nights-5-days/ HTTP/1.1" 200 29265 "-" "panscient.com"
84.239.47.12 - - [27/Feb/2026:12:09:49 -0500] "GET /wp-content/plugins/elementor/assets/lib/jquery-numerator/jquery-numerator.min.js?ver=0.2.1 HTTP/1.1" 200 767 "-" "panscient.com"
84.239.47.12 - - [27/Feb/2026:12:09:50 -0500] "GET /robots.txt HTTP/1.1" 200 216 "-" "panscient.com"
84.239.47.12 - - [27/Feb/2026:12:09:52 -0500] "GET /wp-content/plugins/primary-addon-for-elementor/assets/js/juxtapose.js?ver=1.2.1 HTTP/1.1" 200 6903 "-" "panscient.com"
84.239.47.12 - - [27/Feb/2026:12:09:57 -0500] "GET /wp-includes/js/dist/hooks.min.js?ver=dd5603f07f9220ed27f1 HTTP/1.1" 200 2042 "-" "panscient.com"
84.239.47.12 - - [27/Feb/2026:12:09:59 -0500] "GET /wp-content/plugins/elementskit-lite/widgets/init/assets/js/elementor.js?ver=3.5.0 HTTP/1.1" 200 6103 "-" "panscient.com"
84.239.47.12 - - [27/Feb/2026:12:10:06 -0500] "GET /wp-content/plugins/woocommerce/assets/js/frontend/order-attribution.min.js?ver=9.8.6 HTTP/1.1" 200 1152 "-" "panscient.com"
84.239.47.12 - - [27/Feb/2026:12:10:19 -0500] "GET /wp-content/plugins/elementor/assets/js/frontend-modules.min.js?ver=3.28.4 HTTP/1.1" 200 16573 "-" "panscient.com"
84.239.47.12 - - [27/Feb/2026:12:10:36 -0500] "GET /wp-content/plugins/wp-whatsapp/assets/js/whatsapp-button.js?ver=3.7.2 HTTP/1.1" 200 522 "-" "panscient.com"
84.239.47.12 - - [27/Feb/2026:12:10:49 -0500] "GET /wp-includes/js/imagesloaded.min.js?ver=5.0.0 HTTP/1.1" 200 1944 "-" "panscient.com"
162.213.253.84 - - [27/Feb/2026:12:11:01 -0500] "POST /wp-cron.php?doing_wp_cron=1772212261.0695381164550781250000 HTTP/1.1" 200 0 "-" "WordPress/6.9.1; https://www.bagpackvacation.com"
84.239.47.12 - - [27/Feb/2026:12:10:59 -0500] "GET /sri-lanka-tour-packages/ HTTP/1.1" 200 27388 "-" "panscient.com"
162.213.253.84 - - [27/Feb/2026:12:11:02 -0500] "POST /wp-admin/admin-ajax.php?action=async_litespeed&nonce=7sgZRso58EKZ7aRlmhOoWK8rUqVn19ys&litespeed_type=imgoptm HTTP/1.1" 200 0 "-" "WordPress/6.9.1; https://www.bagpackvacation.com"
84.239.47.12 - - [27/Feb/2026:12:11:29 -0500] "GET /wp-content/plugins/primary-addon-for-elementor/assets/js/jquery.matchHeight.min.js?ver=0.7.2 HTTP/1.1" 200 1436 "-" "panscient.com"
84.239.47.12 - - [27/Feb/2026:12:11:42 -0500] "GET /wp-content/plugins/elementor-pro/assets/js/webpack-pro.runtime.min.js?ver=3.7.3 HTTP/1.1" 200 2423 "-" "panscient.com"
84.239.47.12 - - [27/Feb/2026:12:11:43 -0500] "GET /wp-content/plugins/elementskit-lite/libs/framework/assets/js/frontend-script.js?ver=3.5.0 HTTP/1.1" 200 40 "-" "panscient.com"
84.239.47.12 - - [27/Feb/2026:12:12:15 -0500] "GET /wp-content/plugins/elementskit-lite/widgets/init/assets/js/animate-circle.min.js?ver=3.5.0 HTTP/1.1" 200 454 "-" "panscient.com"
84.239.47.12 - - [27/Feb/2026:12:12:17 -0500] "GET /wp-content/plugins/primary-addon-for-elementor/assets/js/jquery.waypoints.js?ver=2.0.3 HTTP/1.1" 200 4411 "-" "panscient.com"
162.213.253.84 - - [27/Feb/2026:12:12:20 -0500] "POST /wp-cron.php?doing_wp_cron=1772212340.2374670505523681640625 HTTP/1.1" 200 0 "-" "WordPress/6.9.1; https://www.bagpackvacation.com"
162.213.253.84 - - [27/Feb/2026:12:12:21 -0500] "POST /wp-admin/admin-ajax.php?action=async_litespeed&nonce=CJm41KgEU4jufecuu8lfPdUvjXJOJRPq&litespeed_type=imgoptm HTTP/1.1" 200 0 "-" "WordPress/6.9.1; https://www.bagpackvacation.com"
84.239.47.12 - - [27/Feb/2026:12:11:15 -0500] "GET /maldives-tour-packages/ HTTP/1.1" 200 28763 "-" "panscient.com"
84.239.47.12 - - [27/Feb/2026:12:11:25 -0500] "GET /wp-content/plugins/elementor-pro/assets/js/frontend.min.js?ver=3.7.3 HTTP/1.1" 200 6386 "-" "panscient.com"
84.239.47.12 - - [27/Feb/2026:12:11:26 -0500] "GET /wp-content/plugins/elementor/assets/js/frontend.min.js?ver=3.28.4 HTTP/1.1" 200 15096 "-" "panscient.com"
84.239.47.12 - - [27/Feb/2026:12:11:27 -0500] "GET /wp-content/plugins/wp-whatsapp/assets/js/whatsapp-popup.js?ver=3.7.2 HTTP/1.1" 200 378 "-" "panscient.com"
84.239.47.12 - - [27/Feb/2026:12:11:30 -0500] "GET /wp-content/plugins/primary-addon-for-elementor/assets/js/jquery.magnific-popup.min.js?ver=1.1.0 HTTP/1.1" 200 8071 "-" "panscient.com"
84.239.47.12 - - [27/Feb/2026:12:11:32 -0500] "GET /terms-conditions-with-cancellation-policy/ HTTP/1.1" 200 28180 "-" "panscient.com"
84.239.47.12 - - [27/Feb/2026:12:11:44 -0500] "GET /wp-content/plugins/primary-addon-for-elementor/assets/js/typed.min.js?ver=2.0.11 HTTP/1.1" 200 3901 "-" "panscient.com"
84.239.47.12 - - [27/Feb/2026:12:11:46 -0500] "GET /wp-content/themes/hello-elementor/assets/js/hello-frontend.min.js?ver=3.3.0 HTTP/1.1" 200 639 "-" "panscient.com"
84.239.47.12 - - [27/Feb/2026:12:11:58 -0500] "GET /wp-content/plugins/wpforms-lite/assets/js/frontend/fields/address.min.js?ver=1.9.5.1 HTTP/1.1" 200 478 "-" "panscient.com"
84.239.47.12 - - [27/Feb/2026:12:12:12 -0500] "GET /wp-content/plugins/primary-addon-for-elementor/assets/js/flickity.pkgd.min.js?ver=2.2.1 HTTP/1.1" 200 16195 "-" "panscient.com"
84.239.47.12 - - [27/Feb/2026:12:12:14 -0500] "GET /wp-includes/js/underscore.min.js?ver=1.13.7 HTTP/1.1" 200 7877 "-" "panscient.com"
84.239.47.12 - - [27/Feb/2026:12:12:18 -0500] "GET /category/uncategorized/ HTTP/1.1" 200 20506 "-" "panscient.com"
84.239.47.12 - - [27/Feb/2026:12:12:33 -0500] "GET /4-night-5-days-best-holiday-package-for-bangkok-pattaya/ HTTP/1.1" 200 29677 "-" "panscient.com"
162.213.253.84 - - [27/Feb/2026:12:12:50 -0500] "POST /wp-cron.php?doing_wp_cron=1772212370.2279610633850097656250 HTTP/1.1" 200 0 "-" "WordPress/6.9.1; https://www.bagpackvacation.com"
84.239.47.12 - - [27/Feb/2026:12:12:48 -0500] "GET /5-night-6-days-malaysia-family-tour/ HTTP/1.1" 200 29720 "-" "panscient.com"
162.213.253.84 - - [27/Feb/2026:12:12:51 -0500] "POST /wp-admin/admin-ajax.php?action=async_litespeed&nonce=EtEg5gGGimvEJ3pDnaioitto0zkCnGYu&litespeed_type=imgoptm HTTP/1.1" 200 0 "-" "WordPress/6.9.1; https://www.bagpackvacation.com"
84.239.47.12 - - [27/Feb/2026:12:13:03 -0500] "GET /4-night-5-days-singapore-honeymoon-special/ HTTP/1.1" 200 30779 "-" "panscient.com"
84.239.47.12 - - [27/Feb/2026:12:13:12 -0500] "GET /3-night-4-days-dubai-weekend-getaway/ HTTP/1.1" 200 29171 "-" "panscient.com"
84.239.47.12 - - [27/Feb/2026:12:13:17 -0500] "GET /3-night-4-days-sri-lanka-loaded/ HTTP/1.1" 200 29809 "-" "panscient.com"
84.239.47.12 - - [27/Feb/2026:12:13:23 -0500] "GET /3-night-4-days-thailand-pattaya-weekend-getaway/ HTTP/1.1" 200 28984 "-" "panscient.com"
162.213.253.84 - - [27/Feb/2026:12:13:31 -0500] "POST /wp-cron.php?doing_wp_cron=1772212411.9550559520721435546875 HTTP/1.1" 200 0 "-" "WordPress/6.9.1; https://www.bagpackvacation.com"
84.239.47.12 - - [27/Feb/2026:12:13:33 -0500] "GET /4-night-5-days-singapore-family-special/ HTTP/1.1" 200 31125 "-" "panscient.com"
84.239.47.12 - - [27/Feb/2026:12:13:37 -0500] "GET /explore-manali-3-night-4-days/ HTTP/1.1" 200 28944 "-" "panscient.com"
84.239.47.12 - - [27/Feb/2026:12:13:45 -0500] "GET /4-nights-05-days-best-holiday-package-for-malaysia/ HTTP/1.1" 200 29382 "-" "panscient.com"
84.239.47.12 - - [27/Feb/2026:12:13:57 -0500] "GET /4-night-5-days-family-special-dubai-holiday/ HTTP/1.1" 200 29882 "-" "panscient.com"
84.239.47.12 - - [27/Feb/2026:12:14:01 -0500] "GET /4-night-5-days-dubai-super-saver-holiday/ HTTP/1.1" 200 29322 "-" "panscient.com"
84.239.47.12 - - [27/Feb/2026:12:14:04 -0500] "GET /4-night-5-days-best-of-bali-package/ HTTP/1.1" 200 30012 "-" "panscient.com"
84.239.47.12 - - [27/Feb/2026:12:14:07 -0500] "GET /romantic-dazzling-ooty-mysore-4-night-5-days/ HTTP/1.1" 200 28664 "-" "panscient.com"
84.239.47.12 - - [27/Feb/2026:12:14:11 -0500] "GET /romantic-kashmir-4-night-5-days/ HTTP/1.1" 200 29915 "-" "panscient.com"
84.239.47.12 - - [27/Feb/2026:12:14:16 -0500] "GET /6-night-7-days-luxury-honeymoon-package/ HTTP/1.1" 200 30724 "-" "panscient.com"
84.239.47.12 - - [27/Feb/2026:12:14:32 -0500] "GET /6-night-7-days-magical-mauritius-package/ HTTP/1.1" 200 31025 "-" "panscient.com"
162.213.253.84 - - [27/Feb/2026:12:14:39 -0500] "POST /wp-cron.php?doing_wp_cron=1772212479.1215419769287109375000 HTTP/1.1" 200 0 "-" "WordPress/6.9.1; https://www.bagpackvacation.com"
162.213.253.84 - - [27/Feb/2026:12:14:40 -0500] "POST /wp-admin/admin-ajax.php?action=async_litespeed&nonce=obRuOOm1DBDhSTnmPE4uOSJoHMWkZzC1&litespeed_type=imgoptm HTTP/1.1" 200 0 "-" "WordPress/6.9.1; https://www.bagpackvacation.com"
84.239.47.12 - - [27/Feb/2026:12:14:42 -0500] "GET /3-night-4-days-exotic-maldives/ HTTP/1.1" 200 27747 "-" "panscient.com"
84.239.47.12 - - [27/Feb/2026:12:14:46 -0500] "GET /dazzling-ooty-mysore-coorg-5-night-6-days/ HTTP/1.1" 200 28730 "-" "panscient.com"
84.239.47.12 - - [27/Feb/2026:12:14:51 -0500] "GET /5-night-6-days-bali-fully-loaded-with-split-stay/ HTTP/1.1" 200 30761 "-" "panscient.com"
162.213.253.84 - - [27/Feb/2026:12:14:57 -0500] "POST /wp-cron.php?doing_wp_cron=1772212497.5184140205383300781250 HTTP/1.1" 200 0 "-" "WordPress/6.9.1; https://www.bagpackvacation.com"
84.239.47.12 - - [27/Feb/2026:12:15:05 -0500] "GET /3-night-4-days-malaysia-weekend-getaway/ HTTP/1.1" 200 29145 "-" "panscient.com"
84.239.47.12 - - [27/Feb/2026:12:12:27 -0500] "GET /4-nights-05-days-idyllic-malaysia-tour-package/ HTTP/1.1" 200 29907 "-" "panscient.com"
84.239.47.12 - - [27/Feb/2026:12:12:41 -0500] "GET /3-night-4-days-spectacular-maldives-tour-package/ HTTP/1.1" 200 27683 "-" "panscient.com"
84.239.47.12 - - [27/Feb/2026:12:12:54 -0500] "GET /romantic-nainital-corbett-special-2-night-3-days/ HTTP/1.1" 200 28917 "-" "panscient.com"
84.239.47.12 - - [27/Feb/2026:12:13:07 -0500] "GET /4-night-5-days-singapore-honeymoon-special-2/ HTTP/1.1" 200 30994 "-" "panscient.com"
84.239.47.12 - - [27/Feb/2026:12:13:20 -0500] "GET /fun-with-family-in-goa/ HTTP/1.1" 200 28677 "-" "panscient.com"
84.239.47.12 - - [27/Feb/2026:12:13:26 -0500] "GET /6-night-7-days-sri-lanka-package/ HTTP/1.1" 200 30382 "-" "panscient.com"
84.239.47.12 - - [27/Feb/2026:12:13:29 -0500] "GET /4-night-5-days-maldives/ HTTP/1.1" 200 27654 "-" "panscient.com"
162.213.253.84 - - [27/Feb/2026:12:13:33 -0500] "POST /wp-admin/admin-ajax.php?action=async_litespeed&nonce=obfPzfbvOG7cxum1AtUa0OPJE5HdJwVC&litespeed_type=imgoptm HTTP/1.1" 200 0 "-" "WordPress/6.9.1; https://www.bagpackvacation.com"
84.239.47.12 - - [27/Feb/2026:12:13:43 -0500] "GET /3-night-4-days-bali-loaded/ HTTP/1.1" 200 29761 "-" "panscient.com"
84.239.47.12 - - [27/Feb/2026:12:13:51 -0500] "GET /4-night-5-days-mauritius-loaded/ HTTP/1.1" 200 30129 "-" "panscient.com"
37.77.150.123 - - [27/Feb/2026:12:14:08 -0500] "GET /wp-login.php?wp_lang=en_US HTTP/1.1" 200 2017 "http://www.bagpackvacation.com/wp-login.php" "Mozilla/5.0 (Windows NT 10.0; Win64; x64; rv:141.0) Gecko/20100101 Firefox/141.0"
37.77.150.123 - - [27/Feb/2026:12:14:13 -0500] "POST /wp-login.php?wp_lang=en_US HTTP/1.1" 200 2212 "http://www.bagpackvacation.com/wp-login.php" "Mozilla/5.0 (Windows NT 10.0; Win64; x64; rv:141.0) Gecko/20100101 Firefox/141.0"
84.239.47.12 - - [27/Feb/2026:12:14:20 -0500] "GET /sikkim-delight-with-gangtok-darjeeling/ HTTP/1.1" 200 29369 "-" "panscient.com"
84.239.47.12 - - [27/Feb/2026:12:14:23 -0500] "GET /exotic-andaman-4-nights-5-days/ HTTP/1.1" 200 29262 "-" "panscient.com"
84.239.47.12 - - [27/Feb/2026:12:14:27 -0500] "GET /5-night-6-days-maldives-romantic-package/ HTTP/1.1" 200 27822 "-" "panscient.com"
84.239.47.12 - - [27/Feb/2026:12:14:37 -0500] "GET /3-night-4-days-singapore-weekend-getaway/ HTTP/1.1" 200 30458 "-" "panscient.com"
84.239.47.12 - - [27/Feb/2026:12:14:56 -0500] "GET /3-night-4-days-dubai-holiday-with-burj-khalifa/ HTTP/1.1" 200 29365 "-" "panscient.com"
84.239.47.12 - - [27/Feb/2026:12:15:00 -0500] "GET /5-night-6-days-spectacular-mauritius-with-casela-bird-park/ HTTP/1.1" 200 30883 "-" "panscient.com"
84.239.47.12 - - [27/Feb/2026:12:15:08 -0500] "GET /4-night-5-days-soothing-sri-lanka-package/ HTTP/1.1" 200 30084 "-" "panscient.com"
84.239.47.12 - - [27/Feb/2026:12:15:10 -0500] "GET /5-night-6-days-splendours-of-sri-lanka-package/ HTTP/1.1" 200 30018 "-" "panscient.com"
84.239.47.12 - - [27/Feb/2026:12:15:15 -0500] "GET /4-night-5-days-best-of-bali-with-split-stay/ HTTP/1.1" 200 30141 "-" "panscient.com"
184.32.51.101 - - [27/Feb/2026:12:21:25 -0500] "GET /robots.txt HTTP/1.1" 301 795 "-" "Mozilla/5.0 (compatible; wpbot/1.4; +https://forms.gle/ajBaxygz9jSR8p8G9)"
184.32.51.101 - - [27/Feb/2026:12:21:26 -0500] "GET /enhancecp HTTP/1.1" 301 795 "-" "Mozilla/5.0 (compatible; wpbot/1.4; +https://forms.gle/ajBaxygz9jSR8p8G9)"
222.253.48.165 - - [27/Feb/2026:12:23:57 -0500] "GET /3-night-4-days-malaysia-weekend-getaway/ HTTP/1.1" 200 29145 "-" "Mozilla/5.0 (Windows NT 6.1; WOW64) AppleWebKit/537.36 (KHTML, like Gecko) Chrome/63.0.3239.132 AOL/11.0 AOLBUILD/11.0.1839 Safari/537.36"
52.167.144.59 - - [27/Feb/2026:12:25:26 -0500] "GET /robots.txt HTTP/1.1" 200 108 "-" "Mozilla/5.0 AppleWebKit/537.36 (KHTML, like Gecko; compatible; bingbot/2.0; +http://www.bing.com/bingbot.htm) Chrome/116.0.1938.76 Safari/537.36"
40.77.167.22 - - [27/Feb/2026:12:25:33 -0500] "GET /sri-lanka-tour-packages HTTP/1.1" 301 795 "-" "Mozilla/5.0 AppleWebKit/537.36 (KHTML, like Gecko; compatible; bingbot/2.0; +http://www.bing.com/bingbot.htm) Chrome/116.0.1938.76 Safari/537.36"
162.213.253.84 - - [27/Feb/2026:12:25:43 -0500] "POST /wp-cron.php?doing_wp_cron=1772213143.5192809104919433593750 HTTP/1.1" 200 0 "-" "WordPress/6.9.1; https://www.bagpackvacation.com"
40.77.167.67 - - [27/Feb/2026:12:25:42 -0500] "GET /sri-lanka-tour-packages HTTP/1.1" 301 0 "-" "Mozilla/5.0 AppleWebKit/537.36 (KHTML, like Gecko; compatible; bingbot/2.0; +http://www.bing.com/bingbot.htm) Chrome/116.0.1938.76 Safari/537.36"
162.213.253.84 - - [27/Feb/2026:12:25:44 -0500] "POST /wp-admin/admin-ajax.php?action=async_litespeed&nonce=Rtj8dt8Ex5NjMB28hqjM1FTVAeM5ahmP&litespeed_type=imgoptm HTTP/1.1" 200 21 "-" "WordPress/6.9.1; https://www.bagpackvacation.com"
162.213.253.84 - - [27/Feb/2026:12:32:58 -0500] "POST /wp-cron.php?doing_wp_cron=1772213578.9266281127929687500000 HTTP/1.1" 200 0 "-" "WordPress/6.9.1; https://www.bagpackvacation.com"
184.32.51.101 - - [27/Feb/2026:12:32:57 -0500] "GET /enhancecp HTTP/1.1" 404 21138 "-" "Mozilla/5.0 (compatible; wpbot/1.4; +https://forms.gle/ajBaxygz9jSR8p8G9)"
162.213.253.84 - - [27/Feb/2026:12:32:59 -0500] "POST /wp-admin/admin-ajax.php?action=async_litespeed&nonce=C8Jtnln8mMgy7Ch6GuGWWmxpunwkkafY&litespeed_type=imgoptm HTTP/1.1" 200 21 "-" "WordPress/6.9.1; https://www.bagpackvacation.com"
162.213.253.84 - - [27/Feb/2026:12:36:08 -0500] "POST /wp-admin/admin-ajax.php?action=async_litespeed&nonce=4nTdtw99cEsQdYcPbThpapxonh9ECBO7&litespeed_type=imgoptm HTTP/1.1" 200 0 "-" "WordPress/6.9.1; https://www.bagpackvacation.com"
52.167.144.59 - - [27/Feb/2026:12:25:26 -0500] "GET /robots.txt HTTP/1.1" 301 795 "-" "Mozilla/5.0 AppleWebKit/537.36 (KHTML, like Gecko; compatible; bingbot/2.0; +http://www.bing.com/bingbot.htm) Chrome/116.0.1938.76 Safari/537.36"
52.167.144.59 - - [27/Feb/2026:12:25:36 -0500] "GET /robots.txt HTTP/1.1" 200 108 "-" "Mozilla/5.0 AppleWebKit/537.36 (KHTML, like Gecko; compatible; bingbot/2.0; +http://www.bing.com/bingbot.htm) Chrome/116.0.1938.76 Safari/537.36"
40.77.167.67 - - [27/Feb/2026:12:25:44 -0500] "GET /sri-lanka-tour-packages/ HTTP/1.1" 200 24054 "-" "Mozilla/5.0 AppleWebKit/537.36 (KHTML, like Gecko; compatible; bingbot/2.0; +http://www.bing.com/bingbot.htm) Chrome/116.0.1938.76 Safari/537.36"
184.32.51.101 - - [27/Feb/2026:12:32:57 -0500] "GET /robots.txt HTTP/1.1" 200 129 "-" "Mozilla/5.0 (compatible; wpbot/1.4; +https://forms.gle/ajBaxygz9jSR8p8G9)"
162.213.253.84 - - [27/Feb/2026:12:36:07 -0500] "POST /wp-cron.php?doing_wp_cron=1772213767.6466050148010253906250 HTTP/1.1" 200 0 "-" "WordPress/6.9.1; https://www.bagpackvacation.com"
114.119.149.92 - - [27/Feb/2026:12:36:06 -0500] "GET /shimla-tour-packages HTTP/1.1" 301 0 "https://www.bagpackvacation.com/fun-with-family-in-goa" "Mozilla/5.0 (Linux; Android 7.0;) AppleWebKit/537.36 (KHTML, like Gecko) Mobile Safari/537.36 (compatible; PetalBot;+https://webmaster.petalsearch.com/site/petalbot)"
114.119.149.92 - - [27/Feb/2026:12:36:08 -0500] "GET /shimla-tour-packages/ HTTP/1.1" 200 27517 "https://www.bagpackvacation.com/fun-with-family-in-goa" "Mozilla/5.0 (Linux; Android 7.0;) AppleWebKit/537.36 (KHTML, like Gecko) Mobile Safari/537.36 (compatible; PetalBot;+https://webmaster.petalsearch.com/site/petalbot)"
65.111.21.19 - - [27/Feb/2026:12:38:12 -0500] "POST /wp-admin/admin-ajax.php HTTP/1.1" 200 111 "https://www.bagpackvacation.com/contact-us/" "Mozilla/5.0 (Macintosh; Intel Mac OS X 12_5) AppleWebKit/537.36 (KHTML, like Gecko) Chrome/114.0.0.0 YaBrowser/22.7.0 Yowser/2.5 Safari/537.36"
114.119.137.238 - - [27/Feb/2026:12:37:32 -0500] "GET /goa-tour-packages/ HTTP/1.1" 200 26596 "https://www.bagpackvacation.com/3-night-4-days-exotic-maldives" "Mozilla/5.0 (Linux; Android 7.0;) AppleWebKit/537.36 (KHTML, like Gecko) Mobile Safari/537.36 (compatible; PetalBot;+https://webmaster.petalsearch.com/site/petalbot)"
65.111.21.19 - - [27/Feb/2026:12:38:11 -0500] "GET /contact-us/ HTTP/1.1" 200 22376 "-" "Mozilla/5.0 (Macintosh; Intel Mac OS X 12_5) AppleWebKit/537.36 (KHTML, like Gecko) Chrome/114.0.0.0 YaBrowser/22.7.0 Yowser/2.5 Safari/537.36"
162.213.253.84 - - [27/Feb/2026:12:38:14 -0500] "POST /wp-cron.php?doing_wp_cron=1772213894.4106400012969970703125 HTTP/1.1" 200 0 "-" "WordPress/6.9.1; https://www.bagpackvacation.com"
162.213.253.84 - - [27/Feb/2026:12:38:15 -0500] "POST /wp-admin/admin-ajax.php?action=async_litespeed&nonce=JawbCxCeAWSu4gkd6y3npteYkcVYU2XK&litespeed_type=imgoptm HTTP/1.1" 200 0 "-" "WordPress/6.9.1; https://www.bagpackvacation.com"
43.134.250.93 - - [27/Feb/2026:12:49:34 -0500] "GET /ip HTTP/1.1" 301 795 "-" "Mozilla/5.0 (Macintosh; Intel Mac OS X 10_15_7) AppleWebKit/537.36 (KHTML, like Gecko) Chrome/114.0.0.0 Safari/537.36"
43.173.119.202 - - [27/Feb/2026:12:49:34 -0500] "GET /ip HTTP/1.1" 301 795 "-" "Mozilla/5.0 (Macintosh; Intel Mac OS X 10_15_7) AppleWebKit/537.36 (KHTML, like Gecko) Chrome/114.0.0.0 Safari/537.36"
150.109.64.47 - - [27/Feb/2026:12:49:34 -0500] "GET /ip HTTP/1.1" 301 795 "-" "Mozilla/5.0 (Macintosh; Intel Mac OS X 10_15_7) AppleWebKit/537.36 (KHTML, like Gecko) Chrome/114.0.0.0 Safari/537.36"
216.73.216.85 - - [27/Feb/2026:12:58:39 -0500] "GET /robots.txt HTTP/1.1" 200 108 "https://bagpackvacation.com/robots.txt" "Mozilla/5.0 AppleWebKit/537.36 (KHTML, like Gecko; compatible; ClaudeBot/1.0; [email protected])"
216.73.216.85 - - [27/Feb/2026:12:58:39 -0500] "GET /sitemap.xml HTTP/1.1" 301 0 "https://bagpackvacation.com/sitemap.xml" "Mozilla/5.0 AppleWebKit/537.36 (KHTML, like Gecko; compatible; ClaudeBot/1.0; [email protected])"
216.73.216.85 - - [27/Feb/2026:12:58:39 -0500] "GET /robots.txt HTTP/1.1" 301 795 "-" "Mozilla/5.0 AppleWebKit/537.36 (KHTML, like Gecko; compatible; ClaudeBot/1.0; [email protected])"
216.73.216.85 - - [27/Feb/2026:12:58:39 -0500] "GET /sitemap.xml HTTP/1.1" 301 795 "-" "Mozilla/5.0 AppleWebKit/537.36 (KHTML, like Gecko; compatible; ClaudeBot/1.0; [email protected])"
162.213.253.84 - - [27/Feb/2026:12:58:41 -0500] "POST /wp-cron.php?doing_wp_cron=1772215121.3182449340820312500000 HTTP/1.1" 200 0 "-" "WordPress/6.9.1; https://www.bagpackvacation.com"
216.73.216.85 - - [27/Feb/2026:12:58:39 -0500] "GET /wp-sitemap.xml HTTP/1.1" 404 18610 "https://www.bagpackvacation.com/sitemap.xml" "Mozilla/5.0 AppleWebKit/537.36 (KHTML, like Gecko; compatible; ClaudeBot/1.0; [email protected])"
162.213.253.84 - - [27/Feb/2026:12:58:42 -0500] "POST /wp-admin/admin-ajax.php?action=async_litespeed&nonce=3RsBle4kqea5gLFtllRyBW3JBSlIJtSH&litespeed_type=imgoptm HTTP/1.1" 200 21 "-" "WordPress/6.9.1; https://www.bagpackvacation.com"
107.189.30.53 - - [27/Feb/2026:13:19:23 -0500] "GET /wp-login.php HTTP/1.1" 301 795 "-" "Mozilla/5.0 (Windows NT 5.1; rv:30.0) Gecko/20100101 Firefox/30.0"
162.213.253.84 - - [27/Feb/2026:13:28:29 -0500] "POST /wp-cron.php?doing_wp_cron=1772216909.7300961017608642578125 HTTP/1.1" 200 0 "-" "WordPress/6.9.1; https://www.bagpackvacation.com"
67.101.124.24 - - [27/Feb/2026:13:28:30 -0500] "POST /wp-admin/admin-ajax.php HTTP/1.1" 200 17 "https://www.bagpackvacation.com/contact-us/" "Mozilla/5.0 (Macintosh; Intel Mac OS X 12_5) AppleWebKit/537.36 (KHTML, like Gecko) Chrome/114.0.0.0 YaBrowser/22.7.0 Yowser/2.5 Safari/537.36"
18.144.58.77 - - [27/Feb/2026:13:14:40 -0500] "GET / HTTP/1.1" 200 40195 "-" "Mozilla/5.0 (X11; Linux x86_64) AppleWebKit/537.36 (KHTML, like Gecko) Chrome/137.0.0.0 Safari/537.36"
136.144.35.161 - - [27/Feb/2026:13:23:54 -0500] "GET /wp-login.php HTTP/1.1" 301 795 "-" "Mozilla/5.0"
136.144.35.161 - - [27/Feb/2026:13:23:55 -0500] "GET /wp-admin/ HTTP/1.1" 301 795 "-" "Mozilla/5.0"
67.101.124.24 - - [27/Feb/2026:13:28:28 -0500] "GET /contact HTTP/1.1" 301 0 "-" "Mozilla/5.0 (Macintosh; Intel Mac OS X 12_5) AppleWebKit/537.36 (KHTML, like Gecko) Chrome/114.0.0.0 YaBrowser/22.7.0 Yowser/2.5 Safari/537.36"
67.101.124.24 - - [27/Feb/2026:13:28:30 -0500] "GET /contact-us/ HTTP/1.1" 200 22376 "https://www.bagpackvacation.com/contact" "Mozilla/5.0 (Macintosh; Intel Mac OS X 12_5) AppleWebKit/537.36 (KHTML, like Gecko) Chrome/114.0.0.0 YaBrowser/22.7.0 Yowser/2.5 Safari/537.36"
162.213.253.84 - - [27/Feb/2026:13:28:30 -0500] "POST /wp-admin/admin-ajax.php?action=async_litespeed&nonce=jubg8tzYo0wGrXMQYBTT7t3gqEcNG54I&litespeed_type=imgoptm HTTP/1.1" 200 0 "-" "WordPress/6.9.1; https://www.bagpackvacation.com"
107.189.21.225 - - [27/Feb/2026:13:32:08 -0500] "GET /wp-content/plugins/seocore/seocore.php HTTP/1.1" 301 795 "-" "Mozilla/5.0 (Windows NT 10.0; Win64; x64) AppleWebKit/537.36"
107.189.21.225 - - [27/Feb/2026:13:32:09 -0500] "GET /wp-content/plugins/seocore/seocore.php HTTP/1.1" 404 18616 "-" "Mozilla/5.0 (Windows NT 10.0; Win64; x64) AppleWebKit/537.36"
162.213.253.84 - - [27/Feb/2026:13:32:12 -0500] "POST /wp-admin/admin-ajax.php?action=async_litespeed&nonce=WEK6PqCvd58rvcrz283gccnqOOtcY6MV&litespeed_type=imgoptm HTTP/1.1" 200 0 "-" "WordPress/6.9.1; https://www.bagpackvacation.com"
205.185.123.235 - - [27/Feb/2026:13:33:35 -0500] "GET /wp-login.php HTTP/1.1" 301 795 "-" "Mozilla/5.0 (Macintosh; Intel Mac OS X 10_7_5) AppleWebKit/537.36 (KHTML, like Gecko) Chrome/36.0.1985.125 Safari/537.36"
205.185.123.235 - - [27/Feb/2026:13:33:35 -0500] "GET /wp-login.php HTTP/1.1" 200 5761 "-" "Mozilla/5.0 (Macintosh; Intel Mac OS X 10_7_5) AppleWebKit/537.36 (KHTML, like Gecko) Chrome/36.0.1985.125 Safari/537.36"
205.185.123.235 - - [27/Feb/2026:13:33:35 -0500] "GET /wp-admin/themes.php HTTP/1.1" 301 795 "-" "python-requests/2.27.1"
205.185.123.235 - - [27/Feb/2026:13:33:35 -0500] "GET /wp-admin/themes.php HTTP/1.1" 302 0 "-" "python-requests/2.27.1"
162.213.253.84 - - [27/Feb/2026:13:33:38 -0500] "POST /wp-admin/admin-ajax.php?action=async_litespeed&nonce=4QVcQ3qymjLGoUuygxVUzHovbiu1bnCu&litespeed_type=imgoptm HTTP/1.1" 200 0 "-" "WordPress/6.9.1; https://www.bagpackvacation.com"
205.185.123.235 - - [27/Feb/2026:13:33:41 -0500] "GET /wp-admin/plugin-install.php?tab=upload HTTP/1.1" 301 795 "-" "python-requests/2.27.1"
162.213.253.84 - - [27/Feb/2026:13:34:56 -0500] "POST /wp-cron.php?doing_wp_cron=1772217296.1119539737701416015625 HTTP/1.1" 200 0 "-" "WordPress/6.9.1; https://www.bagpackvacation.com"
114.119.136.251 - - [27/Feb/2026:13:34:57 -0500] "GET /honeymoon-wow-andaman-5-nights-6-days/ HTTP/1.1" 200 29555 "https://www.bagpackvacation.com/honeymoon-wow-andaman-5-nights-6-days" "Mozilla/5.0 (Linux; Android 7.0;) AppleWebKit/537.36 (KHTML, like Gecko) Mobile Safari/537.36 (compatible; PetalBot;+https://webmaster.petalsearch.com/site/petalbot)"
162.213.253.84 - - [27/Feb/2026:13:34:57 -0500] "POST /wp-admin/admin-ajax.php?action=async_litespeed&nonce=Ff3LnF2N7VK9CxXmlXjUsYyTcYrAxVJt&litespeed_type=imgoptm HTTP/1.1" 200 21 "-" "WordPress/6.9.1; https://www.bagpackvacation.com"
162.213.253.84 - - [27/Feb/2026:13:36:20 -0500] "POST /wp-admin/admin-ajax.php?action=async_litespeed&nonce=1MaV7rV5iCaUkevVQglJUpuPoBXVLD64&litespeed_type=imgoptm HTTP/1.1" 200 0 "-" "WordPress/6.9.1; https://www.bagpackvacation.com"
52.45.29.57 - - [27/Feb/2026:13:39:34 -0500] "GET /mauritius-tour-packages/ HTTP/1.1" 200 27369 "-" "Mozilla/5.0 AppleWebKit/537.36 (KHTML, like Gecko; compatible; Amazonbot/0.1; +https://developer.amazon.com/support/amazonbot) Chrome/119.0.6045.214 Safari/537.36"
18.214.238.178 - - [27/Feb/2026:13:39:38 -0500] "GET /3-night-4-days-dubai-holiday-with-burj-khalifa/ HTTP/1.1" 200 29365 "-" "Mozilla/5.0 AppleWebKit/537.36 (KHTML, like Gecko; compatible; Amazonbot/0.1; +https://developer.amazon.com/support/amazonbot) Chrome/119.0.6045.214 Safari/537.36"
18.209.137.234 - - [27/Feb/2026:13:39:43 -0500] "GET /4-night-5-days-best-of-bali-package/ HTTP/1.1" 200 30012 "-" "Mozilla/5.0 AppleWebKit/537.36 (KHTML, like Gecko; compatible; Amazonbot/0.1; +https://developer.amazon.com/support/amazonbot) Chrome/119.0.6045.214 Safari/537.36"
162.213.253.84 - - [27/Feb/2026:13:40:16 -0500] "POST /wp-cron.php?doing_wp_cron=1772217616.4633278846740722656250 HTTP/1.1" 200 0 "-" "WordPress/6.9.1; https://www.bagpackvacation.com"
162.213.253.84 - - [27/Feb/2026:13:41:31 -0500] "POST /wp-cron.php?doing_wp_cron=1772217691.6281239986419677734375 HTTP/1.1" 200 0 "-" "WordPress/6.9.1; https://www.bagpackvacation.com"
20.220.148.100 - - [27/Feb/2026:13:41:33 -0500] "GET /aqmpjaid.php HTTP/1.1" 404 103055 "-" "-"
20.220.148.100 - - [27/Feb/2026:13:41:36 -0500] "GET /ay.php HTTP/1.1" 404 103043 "-" "-"
162.213.253.84 - - [27/Feb/2026:13:32:10 -0500] "POST /wp-cron.php?doing_wp_cron=1772217130.9306530952453613281250 HTTP/1.1" 200 0 "-" "WordPress/6.9.1; https://www.bagpackvacation.com"
205.185.123.235 - - [27/Feb/2026:13:33:35 -0500] "POST /wp-login.php HTTP/1.1" 301 795 "-" "Mozilla/5.0 (Macintosh; Intel Mac OS X 10_7_5) AppleWebKit/537.36 (KHTML, like Gecko) Chrome/36.0.1985.125 Safari/537.36"
205.185.123.235 - - [27/Feb/2026:13:33:35 -0500] "GET /wp-login.php HTTP/1.1" 200 5761 "-" "Mozilla/5.0 (Macintosh; Intel Mac OS X 10_7_5) AppleWebKit/537.36 (KHTML, like Gecko) Chrome/36.0.1985.125 Safari/537.36"
162.213.253.84 - - [27/Feb/2026:13:33:36 -0500] "POST /wp-cron.php?doing_wp_cron=1772217216.9112980365753173828125 HTTP/1.1" 200 0 "-" "WordPress/6.9.1; https://www.bagpackvacation.com"
205.185.123.235 - - [27/Feb/2026:13:33:38 -0500] "GET /wp-login.php?redirect_to=https%3A%2F%2Fwww.bagpackvacation.com%2Fwp-admin%2Fthemes.php&reauth=1 HTTP/1.1" 200 2031 "-" "python-requests/2.27.1"
205.185.123.235 - - [27/Feb/2026:13:33:41 -0500] "GET /wp-admin/plugin-install.php?tab=upload HTTP/1.1" 302 0 "-" "python-requests/2.27.1"
205.185.123.235 - - [27/Feb/2026:13:33:42 -0500] "GET /wp-login.php?redirect_to=https%3A%2F%2Fwww.bagpackvacation.com%2Fwp-admin%2Fplugin-install.php%3Ftab%3Dupload&reauth=1 HTTP/1.1" 200 2037 "-" "python-requests/2.27.1"
114.119.136.251 - - [27/Feb/2026:13:34:55 -0500] "GET /honeymoon-wow-andaman-5-nights-6-days HTTP/1.1" 301 0 "https://www.bagpackvacation.com/honeymoon-wow-andaman-5-nights-6-days" "Mozilla/5.0 (Linux; Android 7.0;) AppleWebKit/537.36 (KHTML, like Gecko) Mobile Safari/537.36 (compatible; PetalBot;+https://webmaster.petalsearch.com/site/petalbot)"
15.204.14.110 - - [27/Feb/2026:13:40:13 -0500] "GET /wp-content/plugins/fancy-elementor-gallery-box/assets/js/fancy-elementor-flipbox.js HTTP/1.1" 301 795 "-" "Mozilla/5.0 (Windows NT 10.0; Win64; x64) AppleWebKit/537.36 (KHTML, like Gecko) Chrome/127.0.0.0 Safari/537.36"
15.204.14.110 - - [27/Feb/2026:13:40:14 -0500] "GET /wp-content/plugins/fancy-elementor-gallery-box/assets/js/fancy-elementor-flipbox.js HTTP/1.1" 404 103197 "-" "Mozilla/5.0 (Windows NT 10.0; Win64; x64) AppleWebKit/537.36 (KHTML, like Gecko) Chrome/127.0.0.0 Safari/537.36"
162.213.253.84 - - [27/Feb/2026:13:40:17 -0500] "POST /wp-admin/admin-ajax.php?action=async_litespeed&nonce=0fvvhVUgGpuwOPXHrUqvrpdl6qJp1qX9&litespeed_type=imgoptm HTTP/1.1" 200 0 "-" "WordPress/6.9.1; https://www.bagpackvacation.com"
162.213.253.84 - - [27/Feb/2026:13:41:17 -0500] "POST /wp-cron.php?doing_wp_cron=1772217677.9255969524383544921875 HTTP/1.1" 200 0 "-" "WordPress/6.9.1; https://www.bagpackvacation.com"
20.220.148.100 - - [27/Feb/2026:13:41:16 -0500] "GET /wp-content/plugins/hellopress/wp_filemanager.php HTTP/1.1" 404 103127 "-" "-"
162.213.253.84 - - [27/Feb/2026:13:41:19 -0500] "POST /wp-admin/admin-ajax.php?action=async_litespeed&nonce=1wqrIp4lu200kW0ABCWBd2mP9GGfV9Ob&litespeed_type=imgoptm HTTP/1.1" 200 0 "-" "WordPress/6.9.1; https://www.bagpackvacation.com"
20.220.148.100 - - [27/Feb/2026:13:41:30 -0500] "GET /aigcpsba.php HTTP/1.1" 404 103055 "-" "-"
162.213.253.84 - - [27/Feb/2026:13:41:32 -0500] "POST /wp-admin/admin-ajax.php?action=async_litespeed&nonce=gtsm4eJgXoNRyAhJ7kS3vh154H3eD5HL&litespeed_type=imgoptm HTTP/1.1" 200 0 "-" "WordPress/6.9.1; https://www.bagpackvacation.com"
20.220.148.100 - - [27/Feb/2026:13:41:35 -0500] "GET /ivnnopon.php HTTP/1.1" 404 103055 "-" "-"
20.220.148.100 - - [27/Feb/2026:13:41:39 -0500] "GET /update/g.php HTTP/1.1" 404 103055 "-" "-"
20.220.148.100 - - [27/Feb/2026:13:41:43 -0500] "GET /update/nf.php HTTP/1.1" 404 103057 "-" "-"
20.220.148.100 - - [27/Feb/2026:13:41:44 -0500] "GET /nf.php HTTP/1.1" 404 103043 "-" "-"
43.156.156.96 - - [27/Feb/2026:13:44:33 -0500] "GET / HTTP/1.1" 200 40195 "http://bagpackvacation.com" "Mozilla/5.0 (iPhone; CPU iPhone OS 13_2_3 like Mac OS X) AppleWebKit/605.1.15 (KHTML, like Gecko) Version/13.0.3 Mobile/15E148 Safari/604.1"
20.220.148.100 - - [27/Feb/2026:13:41:38 -0500] "GET /baixy.php HTTP/1.1" 404 103049 "-" "-"
20.220.148.100 - - [27/Feb/2026:13:41:41 -0500] "GET /g.php HTTP/1.1" 404 103041 "-" "-"
20.220.148.100 - - [27/Feb/2026:13:41:46 -0500] "GET /sc.php HTTP/1.1" 404 103043 "-" "-"
