41.79.212.13 - - [27/Feb/2026:13:44:32 -0500] "GET /wp-login.php HTTP/1.1" 301 795 "-" "Mozilla/4.0 (compatible; MSIE 7.0; Windows NT 6.2; WOW64; Trident/7.0; .NET4.0E; .NET4.0C; .NET CLR 3.5.30729; .NET CLR 2.0.50727; .NET CLR 3.0.30729; InfoPath.3)"
41.79.212.13 - - [27/Feb/2026:13:44:37 -0500] "GET /wp-login.php HTTP/1.1" 200 1797 "https://bagpackvacation.com/wp-login.php" "Mozilla/4.0 (compatible; MSIE 7.0; Windows NT 6.2; WOW64; Trident/7.0; .NET4.0E; .NET4.0C; .NET CLR 3.5.30729; .NET CLR 2.0.50727; .NET CLR 3.0.30729; InfoPath.3)"
162.213.253.84 - - [27/Feb/2026:13:44:57 -0500] "POST /wp-admin/admin-ajax.php?action=async_litespeed&nonce=RyjLrfB5DDZG2ksxWgF6YX5xhaobS2Vw&litespeed_type=imgoptm HTTP/1.1" 200 0 "-" "WordPress/6.9.1; https://www.bagpackvacation.com"
41.79.212.13 - - [27/Feb/2026:13:44:34 -0500] "GET /wp-login.php HTTP/1.1" 200 1797 "https://bagpackvacation.com/wp-login.php" "Mozilla/4.0 (compatible; MSIE 7.0; Windows NT 6.2; WOW64; Trident/7.0; .NET4.0E; .NET4.0C; .NET CLR 3.5.30729; .NET CLR 2.0.50727; .NET CLR 3.0.30729; InfoPath.3)"
41.79.212.13 - - [27/Feb/2026:13:44:34 -0500] "POST /wp-login.php HTTP/1.1" 301 795 "https://bagpackvacation.com/wp-login.php" "Mozilla/4.0 (compatible; MSIE 7.0; Windows NT 6.2; WOW64; Trident/7.0; .NET4.0E; .NET4.0C; .NET CLR 3.5.30729; .NET CLR 2.0.50727; .NET CLR 3.0.30729; InfoPath.3)"
162.213.253.84 - - [27/Feb/2026:13:44:56 -0500] "POST /wp-cron.php?doing_wp_cron=1772217896.5406279563903808593750 HTTP/1.1" 200 0 "-" "WordPress/6.9.1; https://www.bagpackvacation.com"
54.147.80.137 - - [27/Feb/2026:13:44:54 -0500] "GET /wp-json/wp/v2/pages/274 HTTP/1.1" 200 35184 "-" "Mozilla/5.0 AppleWebKit/537.36 (KHTML, like Gecko; compatible; Amazonbot/0.1; +https://developer.amazon.com/support/amazonbot) Chrome/119.0.6045.214 Safari/537.36"
1.92.197.94 - - [27/Feb/2026:13:49:51 -0500] "GET /ip HTTP/1.1" 301 795 "-" "Mozilla/5.0 (Macintosh; Intel Mac OS X 10_15_7) AppleWebKit/537.36 (KHTML, like Gecko) Chrome/114.0.0.0 Safari/537.36"
162.213.253.84 - - [27/Feb/2026:13:54:05 -0500] "POST /wp-admin/admin-ajax.php?action=async_litespeed&nonce=mDCyGMPBqtxaDPYhj0CHzVO1n8oDXDLP&litespeed_type=imgoptm HTTP/1.1" 200 0 "-" "WordPress/6.9.1; https://www.bagpackvacation.com"
94.74.107.218 - - [27/Feb/2026:13:56:46 -0500] "GET /ip HTTP/1.1" 301 795 "-" "Mozilla/5.0 (Macintosh; Intel Mac OS X 10_15_7) AppleWebKit/537.36 (KHTML, like Gecko) Chrome/114.0.0.0 Safari/537.36"
46.250.174.249 - - [27/Feb/2026:13:56:47 -0500] "GET /ip HTTP/1.1" 301 795 "-" "Mozilla/5.0 (Macintosh; Intel Mac OS X 10_15_7) AppleWebKit/537.36 (KHTML, like Gecko) Chrome/114.0.0.0 Safari/537.36"
177.221.77.15 - - [27/Feb/2026:14:00:17 -0500] "GET /3-night-4-days-spectacular-maldives-tour-package/ HTTP/1.1" 200 27683 "-" "Mozilla/5.0 (Windows NT 10.0; Win64; x64) AppleWebKit/537.36 (KHTML, like Gecko) Chrome/89.0.4389.116 Safari/537.36"
101.42.28.252 - - [27/Feb/2026:13:49:51 -0500] "GET /ip HTTP/1.1" 301 795 "-" "Mozilla/5.0 (Macintosh; Intel Mac OS X 10_15_7) AppleWebKit/537.36 (KHTML, like Gecko) Chrome/114.0.0.0 Safari/537.36"
180.153.197.22 - - [27/Feb/2026:13:49:52 -0500] "GET /ip HTTP/1.1" 301 795 "-" "Mozilla/5.0 (Macintosh; Intel Mac OS X 10_15_7) AppleWebKit/537.36 (KHTML, like Gecko) Chrome/114.0.0.0 Safari/537.36"
140.206.236.79 - - [27/Feb/2026:13:49:52 -0500] "GET /ip HTTP/1.1" 301 795 "-" "Mozilla/5.0 (Macintosh; Intel Mac OS X 10_15_7) AppleWebKit/537.36 (KHTML, like Gecko) Chrome/114.0.0.0 Safari/537.36"
15.204.14.110 - - [27/Feb/2026:13:54:02 -0500] "GET /?check_plugin HTTP/1.1" 301 795 "-" "Mozilla/5.0 (Windows NT 10.0; Win64; x64) AppleWebKit/537.36 (KHTML, like Gecko) Chrome/127.0.0.0 Safari/537.36"
162.213.253.84 - - [27/Feb/2026:13:54:04 -0500] "POST /wp-cron.php?doing_wp_cron=1772218444.8579831123352050781250 HTTP/1.1" 200 0 "-" "WordPress/6.9.1; https://www.bagpackvacation.com"
15.204.14.110 - - [27/Feb/2026:13:54:02 -0500] "GET /?check_plugin HTTP/1.1" 200 254363 "-" "Mozilla/5.0 (Windows NT 10.0; Win64; x64) AppleWebKit/537.36 (KHTML, like Gecko) Chrome/127.0.0.0 Safari/537.36"
162.128.159.86 - - [27/Feb/2026:13:56:46 -0500] "GET /ip HTTP/1.1" 301 795 "-" "Mozilla/5.0 (Macintosh; Intel Mac OS X 10_15_7) AppleWebKit/537.36 (KHTML, like Gecko) Chrome/114.0.0.0 Safari/537.36"
162.128.163.234 - - [27/Feb/2026:13:56:46 -0500] "GET /ip HTTP/1.1" 301 795 "-" "Mozilla/5.0 (Macintosh; Intel Mac OS X 10_15_7) AppleWebKit/537.36 (KHTML, like Gecko) Chrome/114.0.0.0 Safari/537.36"
166.108.233.82 - - [27/Feb/2026:13:56:46 -0500] "GET /ip HTTP/1.1" 301 795 "-" "Mozilla/5.0 (Macintosh; Intel Mac OS X 10_15_7) AppleWebKit/537.36 (KHTML, like Gecko) Chrome/114.0.0.0 Safari/537.36"
49.51.36.179 - - [27/Feb/2026:14:19:33 -0500] "GET /kerala-tour-packages/ HTTP/1.1" 200 27363 "-" "Mozilla/5.0 (iPhone; CPU iPhone OS 13_2_3 like Mac OS X) AppleWebKit/605.1.15 (KHTML, like Gecko) Version/13.0.3 Mobile/15E148 Safari/604.1"
162.213.253.84 - - [27/Feb/2026:14:20:19 -0500] "POST /wp-cron.php?doing_wp_cron=1772220019.0037400722503662109375 HTTP/1.1" 200 0 "-" "WordPress/6.9.1; https://www.bagpackvacation.com"
162.213.253.84 - - [27/Feb/2026:14:20:20 -0500] "POST /wp-admin/admin-ajax.php?action=async_litespeed&nonce=30XY7oM0mJxj2Wsp71cbYHzHvbTxGsyF&litespeed_type=imgoptm HTTP/1.1" 200 0 "-" "WordPress/6.9.1; https://www.bagpackvacation.com"
43.130.106.18 - - [27/Feb/2026:14:16:27 -0500] "GET /north-east-tour-packages/ HTTP/1.1" 200 27346 "-" "Mozilla/5.0 (iPhone; CPU iPhone OS 13_2_3 like Mac OS X) AppleWebKit/605.1.15 (KHTML, like Gecko) Version/13.0.3 Mobile/15E148 Safari/604.1"
14.226.64.235 - - [27/Feb/2026:14:20:17 -0500] "GET /4-nights-05-days-best-holiday-package-for-malaysia/tel:9211684078 HTTP/1.1" 404 21161 "-" "Mozilla/5.0 (Macintosh; Intel Mac OS X 10_14_6) AppleWebKit/537.36 (KHTML, like Gecko) Chrome/80.0.3987.163 Safari/537.36"
43.130.14.245 - - [27/Feb/2026:14:31:01 -0500] "GET /ooty-tour-packages/ HTTP/1.1" 200 27245 "-" "Mozilla/5.0 (iPhone; CPU iPhone OS 13_2_3 like Mac OS X) AppleWebKit/605.1.15 (KHTML, like Gecko) Version/13.0.3 Mobile/15E148 Safari/604.1"
35.153.36.16 - - [27/Feb/2026:14:33:12 -0500] "GET / HTTP/1.1" 200 40195 "-" "Mozilla/5.0 (Windows NT 10.0; Win64; x64) AppleWebKit/537.36 (KHTML, like Gecko) Chrome/135.0.0.0 Safari/537.36"
167.172.79.172 - - [27/Feb/2026:14:34:19 -0500] "GET /wp-login.php HTTP/1.1" 301 795 "-" "Mozilla/5.0 (Windows NT 5.1; Win64; x64) AppleWebKit/537.36 (KHTML, like Gecko) Chrome/52.0.2743.116 Safari/537.36 Edge/15.15063"
167.172.79.172 - - [27/Feb/2026:14:34:20 -0500] "GET /wp-login.php HTTP/1.1" 200 1797 "https://bagpackvacation.com/wp-login.php" "Mozilla/5.0 (Windows NT 5.1; Win64; x64) AppleWebKit/537.36 (KHTML, like Gecko) Chrome/52.0.2743.116 Safari/537.36 Edge/15.15063"
167.172.79.172 - - [27/Feb/2026:14:34:20 -0500] "POST /wp-login.php HTTP/1.1" 301 795 "https://bagpackvacation.com/wp-login.php" "Mozilla/5.0 (Windows NT 5.1; Win64; x64) AppleWebKit/537.36 (KHTML, like Gecko) Chrome/52.0.2743.116 Safari/537.36 Edge/15.15063"
167.172.79.172 - - [27/Feb/2026:14:34:21 -0500] "GET /wp-login.php HTTP/1.1" 200 1797 "https://bagpackvacation.com/wp-login.php" "Mozilla/5.0 (Windows NT 5.1; Win64; x64) AppleWebKit/537.36 (KHTML, like Gecko) Chrome/52.0.2743.116 Safari/537.36 Edge/15.15063"
188.130.27.116 - - [27/Feb/2026:14:38:56 -0500] "GET /wp-login.php HTTP/1.1" 301 795 "-" "Mozilla/5.0 (Windows NT 6.1; WOW64; Trident/7.0; MATP; rv:11.0) like Gecko"
188.130.27.116 - - [27/Feb/2026:14:38:58 -0500] "GET /wp-login.php HTTP/1.1" 200 1797 "https://bagpackvacation.com/wp-login.php" "Mozilla/5.0 (Windows NT 6.1; WOW64; Trident/7.0; MATP; rv:11.0) like Gecko"
138.246.253.24 - - [27/Feb/2026:14:40:36 -0500] "GET /robots.txt HTTP/1.1" 200 216 "-" "Mozilla/5.0 (Windows NT 10.0; Win64; x64) AppleWebKit/537.36 (KHTML, like Gecko) Chrome/103.0.5060.134 Safari/537.36"
142.93.120.13 - - [27/Feb/2026:14:43:42 -0500] "GET /wp-login.php HTTP/1.1" 301 795 "-" "Mozilla/5.0 (Windows NT 6.3; WOW64; Trident/7.0; ASJB; rv:11.0) like Gecko"
142.93.120.13 - - [27/Feb/2026:14:43:43 -0500] "GET /wp-login.php HTTP/1.1" 200 1797 "https://bagpackvacation.com/wp-login.php" "Mozilla/5.0 (Windows NT 6.3; WOW64; Trident/7.0; ASJB; rv:11.0) like Gecko"
43.157.38.131 - - [27/Feb/2026:14:51:24 -0500] "GET /kashmir/ HTTP/1.1" 200 27463 "-" "Mozilla/5.0 (iPhone; CPU iPhone OS 13_2_3 like Mac OS X) AppleWebKit/605.1.15 (KHTML, like Gecko) Version/13.0.3 Mobile/15E148 Safari/604.1"
188.130.27.116 - - [27/Feb/2026:14:38:58 -0500] "POST /wp-login.php HTTP/1.1" 301 795 "https://bagpackvacation.com/wp-login.php" "Mozilla/5.0 (Windows NT 6.1; WOW64; Trident/7.0; MATP; rv:11.0) like Gecko"
188.130.27.116 - - [27/Feb/2026:14:38:59 -0500] "GET /wp-login.php HTTP/1.1" 200 1797 "https://bagpackvacation.com/wp-login.php" "Mozilla/5.0 (Windows NT 6.1; WOW64; Trident/7.0; MATP; rv:11.0) like Gecko"
43.130.3.122 - - [27/Feb/2026:14:39:13 -0500] "GET /bali-tour-packages/ HTTP/1.1" 200 27311 "-" "Mozilla/5.0 (iPhone; CPU iPhone OS 13_2_3 like Mac OS X) AppleWebKit/605.1.15 (KHTML, like Gecko) Version/13.0.3 Mobile/15E148 Safari/604.1"
54.169.64.46 - - [27/Feb/2026:14:43:05 -0500] "GET / HTTP/1.1" 301 795 "-" "httpx - Open-source project (github.com/projectdiscovery/httpx)"
142.93.120.13 - - [27/Feb/2026:14:43:43 -0500] "GET /wp-login.php HTTP/1.1" 200 1797 "https://bagpackvacation.com/wp-login.php" "Mozilla/5.0 (Windows NT 6.3; WOW64; Trident/7.0; ASJB; rv:11.0) like Gecko"
142.93.120.13 - - [27/Feb/2026:14:43:43 -0500] "POST /wp-login.php HTTP/1.1" 301 795 "https://bagpackvacation.com/wp-login.php" "Mozilla/5.0 (Windows NT 6.3; WOW64; Trident/7.0; ASJB; rv:11.0) like Gecko"
98.89.254.180 - - [27/Feb/2026:14:53:16 -0500] "GET /robots.txt HTTP/1.1" 200 129 "-" "Mozilla/5.0 (Macintosh; Intel Mac OS X 10_10_1) AppleWebKit/600.2.5 (KHTML, like Gecko) Version/8.0.2 Safari/600.2.5 (Gort)"
114.119.156.124 - - [27/Feb/2026:14:58:26 -0500] "GET /3-night-4-days-dubai-holiday-with-burj-khalifa/ HTTP/1.1" 200 29365 "https://www.bagpackvacation.com/dubai-tour-packages" "Mozilla/5.0 (Linux; Android 7.0;) AppleWebKit/537.36 (KHTML, like Gecko) Mobile Safari/537.36 (compatible; PetalBot;+https://webmaster.petalsearch.com/site/petalbot)"
50.6.174.16 - - [27/Feb/2026:15:05:57 -0500] "GET /wp-login.php HTTP/1.1" 301 795 "-" "Mozilla/4.0 (compatible; MSIE 7.0; Windows NT 6.2; WOW64; Trident/7.0; .NET4.0C; .NET4.0E; .NET CLR 2.0.50727; .NET CLR 3.0.30729; .NET CLR 3.5.30729; InfoPath.2; Creative AutoUpdate v1.41.07)"
162.213.253.84 - - [27/Feb/2026:15:11:22 -0500] "POST /wp-cron.php?doing_wp_cron=1772223082.8481369018554687500000 HTTP/1.1" 200 0 "-" "WordPress/6.9.1; https://www.bagpackvacation.com"
43.157.148.38 - - [27/Feb/2026:15:11:21 -0500] "GET /wp-json/wp/v2/pages/259 HTTP/1.1" 200 34962 "-" "Mozilla/5.0 (iPhone; CPU iPhone OS 13_2_3 like Mac OS X) AppleWebKit/605.1.15 (KHTML, like Gecko) Version/13.0.3 Mobile/15E148 Safari/604.1"
162.213.253.84 - - [27/Feb/2026:15:11:24 -0500] "POST /wp-admin/admin-ajax.php?action=async_litespeed&nonce=u1XA79Ay3th957h2MOi8BxwvfsCSv8pe&litespeed_type=imgoptm HTTP/1.1" 200 0 "-" "WordPress/6.9.1; https://www.bagpackvacation.com"
50.6.174.16 - - [27/Feb/2026:15:05:58 -0500] "GET /wp-login.php HTTP/1.1" 200 1797 "https://bagpackvacation.com/wp-login.php" "Mozilla/4.0 (compatible; MSIE 7.0; Windows NT 6.2; WOW64; Trident/7.0; .NET4.0C; .NET4.0E; .NET CLR 2.0.50727; .NET CLR 3.0.30729; .NET CLR 3.5.30729; InfoPath.2; Creative AutoUpdate v1.41.07)"
50.6.174.16 - - [27/Feb/2026:15:05:58 -0500] "POST /wp-login.php HTTP/1.1" 301 795 "https://bagpackvacation.com/wp-login.php" "Mozilla/4.0 (compatible; MSIE 7.0; Windows NT 6.2; WOW64; Trident/7.0; .NET4.0C; .NET4.0E; .NET CLR 2.0.50727; .NET CLR 3.0.30729; .NET CLR 3.5.30729; InfoPath.2; Creative AutoUpdate v1.41.07)"
50.6.174.16 - - [27/Feb/2026:15:05:59 -0500] "GET /wp-login.php HTTP/1.1" 200 1797 "https://bagpackvacation.com/wp-login.php" "Mozilla/4.0 (compatible; MSIE 7.0; Windows NT 6.2; WOW64; Trident/7.0; .NET4.0C; .NET4.0E; .NET CLR 2.0.50727; .NET CLR 3.0.30729; .NET CLR 3.5.30729; InfoPath.2; Creative AutoUpdate v1.41.07)"
162.213.253.84 - - [27/Feb/2026:15:17:41 -0500] "POST /wp-admin/admin-ajax.php?action=async_litespeed&nonce=ubAja68y8jRywd2yoDSXhvoPN0Sq3IZp&litespeed_type=imgoptm HTTP/1.1" 200 0 "-" "WordPress/6.9.1; https://www.bagpackvacation.com"
72.167.150.128 - - [27/Feb/2026:15:18:51 -0500] "GET /wp-login.php HTTP/1.1" 200 1797 "https://bagpackvacation.com/wp-login.php" "Mozilla/4.0 (compatible; MSIE 7.0; Windows NT 6.1; Win64; x64; Trident/7.0; .NET CLR 2.0.50727; SLCC2; .NET CLR 3.5.30729; .NET CLR 3.0.30729; Media Center PC 6.0; .NET4.0C; .NET4.0E; InfoPath.3)"
72.167.150.128 - - [27/Feb/2026:15:18:51 -0500] "GET /wp-login.php HTTP/1.1" 200 1797 "https://bagpackvacation.com/wp-login.php" "Mozilla/4.0 (compatible; MSIE 7.0; Windows NT 6.1; Win64; x64; Trident/7.0; .NET CLR 2.0.50727; SLCC2; .NET CLR 3.5.30729; .NET CLR 3.0.30729; Media Center PC 6.0; .NET4.0C; .NET4.0E; InfoPath.3)"
216.73.216.85 - - [27/Feb/2026:15:26:43 -0500] "GET /robots.txt HTTP/1.1" 200 108 "https://bagpackvacation.com/robots.txt" "Mozilla/5.0 AppleWebKit/537.36 (KHTML, like Gecko; compatible; ClaudeBot/1.0; [email protected])"
216.73.216.85 - - [27/Feb/2026:15:26:43 -0500] "GET / HTTP/1.1" 301 795 "-" "Mozilla/5.0 AppleWebKit/537.36 (KHTML, like Gecko; compatible; ClaudeBot/1.0; [email protected])"
194.26.192.20 - - [27/Feb/2026:15:14:03 -0500] "GET /.env.example HTTP/1.1" 301 795 "-" "Mozilla/5.0 (X11; Linux x86_64) AppleWebKit/537.36 (KHTML, like Gecko) Chrome/81.0.4044.129 Safari/537.36"
194.26.192.20 - - [27/Feb/2026:15:14:06 -0500] "POST / HTTP/1.1" 301 795 "-" "Mozilla/5.0 (X11; Linux x86_64) AppleWebKit/537.36 (KHTML, like Gecko) Chrome/81.0.4044.129 Safari/537.36"
45.178.250.51 - - [27/Feb/2026:15:17:01 -0500] "GET /5-night-6-days-maldives-romantic-package/ HTTP/1.1" 200 27822 "-" "Mozilla/5.0 (Macintosh; Intel Mac OS X 10_11_6) AppleWebKit/537.36 (KHTML, like Gecko) Chrome/80.0.3987.132 Safari/537.36"
162.213.253.84 - - [27/Feb/2026:15:17:40 -0500] "POST /wp-cron.php?doing_wp_cron=1772223460.5525169372558593750000 HTTP/1.1" 200 0 "-" "WordPress/6.9.1; https://www.bagpackvacation.com"
3.216.227.216 - - [27/Feb/2026:15:17:39 -0500] "GET /wp-json/oembed/1.0/embed?format=xml&url=https://www.bagpackvacation.com/thailand-tour-packages/ HTTP/1.1" 200 1164 "-" "Mozilla/5.0 AppleWebKit/537.36 (KHTML, like Gecko; compatible; Amazonbot/0.1; +https://developer.amazon.com/support/amazonbot) Chrome/119.0.6045.214 Safari/537.36"
72.167.150.128 - - [27/Feb/2026:15:18:50 -0500] "GET /wp-login.php HTTP/1.1" 301 795 "-" "Mozilla/4.0 (compatible; MSIE 7.0; Windows NT 6.1; Win64; x64; Trident/7.0; .NET CLR 2.0.50727; SLCC2; .NET CLR 3.5.30729; .NET CLR 3.0.30729; Media Center PC 6.0; .NET4.0C; .NET4.0E; InfoPath.3)"
72.167.150.128 - - [27/Feb/2026:15:18:51 -0500] "POST /wp-login.php HTTP/1.1" 301 795 "https://bagpackvacation.com/wp-login.php" "Mozilla/4.0 (compatible; MSIE 7.0; Windows NT 6.1; Win64; x64; Trident/7.0; .NET CLR 2.0.50727; SLCC2; .NET CLR 3.5.30729; .NET CLR 3.0.30729; Media Center PC 6.0; .NET4.0C; .NET4.0E; InfoPath.3)"
49.51.183.220 - - [27/Feb/2026:15:20:15 -0500] "GET /romantic-sikkim-delight-with-gangtok-darjeeling-pelling/ HTTP/1.1" 200 29773 "-" "Mozilla/5.0 (iPhone; CPU iPhone OS 13_2_3 like Mac OS X) AppleWebKit/605.1.15 (KHTML, like Gecko) Version/13.0.3 Mobile/15E148 Safari/604.1"
216.73.216.85 - - [27/Feb/2026:15:26:41 -0500] "GET /robots.txt HTTP/1.1" 301 795 "-" "Mozilla/5.0 AppleWebKit/537.36 (KHTML, like Gecko; compatible; ClaudeBot/1.0; [email protected])"
216.73.216.85 - - [27/Feb/2026:15:26:43 -0500] "GET / HTTP/1.1" 200 34037 "https://bagpackvacation.com/" "Mozilla/5.0 AppleWebKit/537.36 (KHTML, like Gecko; compatible; ClaudeBot/1.0; [email protected])"
162.213.253.84 - - [27/Feb/2026:15:29:25 -0500] "POST /wp-cron.php?doing_wp_cron=1772224165.2865989208221435546875 HTTP/1.1" 200 0 "-" "WordPress/6.9.1; https://www.bagpackvacation.com"
37.140.223.15 - - [27/Feb/2026:15:36:10 -0500] "GET /wp-admin/ HTTP/1.1" 301 795 "-" "Mozilla/5.0"
43.165.69.68 - - [27/Feb/2026:15:39:51 -0500] "GET /sri-lanka-tour-packages/ HTTP/1.1" 200 27388 "-" "Mozilla/5.0 (iPhone; CPU iPhone OS 13_2_3 like Mac OS X) AppleWebKit/605.1.15 (KHTML, like Gecko) Version/13.0.3 Mobile/15E148 Safari/604.1"
43.159.143.187 - - [27/Feb/2026:15:29:23 -0500] "GET /contact-us/ HTTP/1.1" 200 25676 "-" "Mozilla/5.0 (iPhone; CPU iPhone OS 13_2_3 like Mac OS X) AppleWebKit/605.1.15 (KHTML, like Gecko) Version/13.0.3 Mobile/15E148 Safari/604.1"
162.213.253.84 - - [27/Feb/2026:15:29:26 -0500] "POST /wp-admin/admin-ajax.php?action=async_litespeed&nonce=I4MAZS9CchrMmu43HE3D33w4RpA2rd2L&litespeed_type=imgoptm HTTP/1.1" 200 0 "-" "WordPress/6.9.1; https://www.bagpackvacation.com"
37.140.223.15 - - [27/Feb/2026:15:36:10 -0500] "GET /wp-login.php HTTP/1.1" 301 795 "-" "Mozilla/5.0"
106.119.167.146 - - [27/Feb/2026:15:38:33 -0500] "GET / HTTP/1.1" 200 40195 "http://bagpackvacation.com" "Mozilla/5.0 (iPhone; CPU iPhone OS 13_2_3 like Mac OS X) AppleWebKit/605.1.15 (KHTML, like Gecko) Version/13.0.3 Mobile/15E148 Safari/604.1"
43.153.87.54 - - [27/Feb/2026:15:48:37 -0500] "GET /terms-conditions-with-cancellation-policy/ HTTP/1.1" 200 28180 "-" "Mozilla/5.0 (iPhone; CPU iPhone OS 13_2_3 like Mac OS X) AppleWebKit/605.1.15 (KHTML, like Gecko) Version/13.0.3 Mobile/15E148 Safari/604.1"
216.73.216.85 - - [27/Feb/2026:15:51:52 -0500] "GET /sitemap.xml HTTP/1.1" 301 795 "-" "Mozilla/5.0 AppleWebKit/537.36 (KHTML, like Gecko; compatible; ClaudeBot/1.0; [email protected])"
162.213.253.84 - - [27/Feb/2026:15:51:54 -0500] "POST /wp-cron.php?doing_wp_cron=1772225514.9179658889770507812500 HTTP/1.1" 200 0 "-" "WordPress/6.9.1; https://www.bagpackvacation.com"
162.213.253.84 - - [27/Feb/2026:15:51:55 -0500] "POST /wp-admin/admin-ajax.php?action=async_litespeed&nonce=HIJRwGGcM7H1N7CV2sdj4B0urMs3FaUo&litespeed_type=imgoptm HTTP/1.1" 200 0 "-" "WordPress/6.9.1; https://www.bagpackvacation.com"
216.73.216.85 - - [27/Feb/2026:15:51:51 -0500] "GET /robots.txt HTTP/1.1" 301 795 "-" "-"
216.73.216.85 - - [27/Feb/2026:15:51:52 -0500] "GET /robots.txt HTTP/1.1" 200 108 "https://bagpackvacation.com/robots.txt" "-"
216.73.216.85 - - [27/Feb/2026:15:51:53 -0500] "GET /sitemap.xml HTTP/1.1" 301 0 "https://bagpackvacation.com/sitemap.xml" "Mozilla/5.0 AppleWebKit/537.36 (KHTML, like Gecko; compatible; ClaudeBot/1.0; [email protected])"
216.73.216.85 - - [27/Feb/2026:15:51:53 -0500] "GET /wp-sitemap.xml HTTP/1.1" 404 18610 "https://www.bagpackvacation.com/sitemap.xml" "Mozilla/5.0 AppleWebKit/537.36 (KHTML, like Gecko; compatible; ClaudeBot/1.0; [email protected])"
162.213.253.84 - - [27/Feb/2026:15:58:49 -0500] "POST /wp-cron.php?doing_wp_cron=1772225929.4307529926300048828125 HTTP/1.1" 200 0 "-" "WordPress/6.9.1; https://www.bagpackvacation.com"
49.51.33.159 - - [27/Feb/2026:15:58:47 -0500] "GET /wp-json/oembed/1.0/embed?url=https%3A%2F%2Fwww.bagpackvacation.com%2Fromantic-sikkim-delight-with-gangtok-darjeeling-pelling%2F HTTP/1.1" 200 2549 "-" "Mozilla/5.0 (iPhone; CPU iPhone OS 13_2_3 like Mac OS X) AppleWebKit/605.1.15 (KHTML, like Gecko) Version/13.0.3 Mobile/15E148 Safari/604.1"
162.213.253.84 - - [27/Feb/2026:15:58:50 -0500] "POST /wp-admin/admin-ajax.php?action=async_litespeed&nonce=bUqtSeRkcvhQw7FJ0orBMCeBaFFNVfRc&litespeed_type=imgoptm HTTP/1.1" 200 0 "-" "WordPress/6.9.1; https://www.bagpackvacation.com"
162.213.253.84 - - [27/Feb/2026:16:08:03 -0500] "POST /wp-cron.php?doing_wp_cron=1772226483.0400381088256835937500 HTTP/1.1" 200 0 "-" "WordPress/6.9.1; https://www.bagpackvacation.com"
162.213.253.84 - - [27/Feb/2026:16:08:04 -0500] "POST /wp-admin/admin-ajax.php?action=async_litespeed&nonce=vcpyGJbLUvn8EZRyZmfue55DE7SxiXoA&litespeed_type=imgoptm HTTP/1.1" 200 0 "-" "WordPress/6.9.1; https://www.bagpackvacation.com"
43.157.153.236 - - [27/Feb/2026:16:08:01 -0500] "GET /xmlrpc.php?rsd HTTP/1.1" 200 317 "-" "Mozilla/5.0 (iPhone; CPU iPhone OS 13_2_3 like Mac OS X) AppleWebKit/605.1.15 (KHTML, like Gecko) Version/13.0.3 Mobile/15E148 Safari/604.1"
129.121.74.114 - - [27/Feb/2026:16:12:37 -0500] "GET /wp-login.php HTTP/1.1" 301 795 "-" "Mozilla/4.0 (compatible; MSIE 7.0; Windows NT 6.2; WOW64; Trident/7.0; .NET4.0C; .NET4.0E; .NET CLR 2.0.50727; .NET CLR 3.0.30729; .NET CLR 3.5.30729; InfoPath.2)"
40.77.167.52 - - [27/Feb/2026:16:14:59 -0500] "GET /ooty-tour-packages HTTP/1.1" 301 795 "-" "Mozilla/5.0 AppleWebKit/537.36 (KHTML, like Gecko; compatible; bingbot/2.0; +http://www.bing.com/bingbot.htm) Chrome/116.0.1938.76 Safari/537.36"
162.213.253.84 - - [27/Feb/2026:16:15:10 -0500] "POST /wp-cron.php?doing_wp_cron=1772226910.8761739730834960937500 HTTP/1.1" 200 0 "-" "WordPress/6.9.1; https://www.bagpackvacation.com"
52.167.144.160 - - [27/Feb/2026:16:15:12 -0500] "GET /ooty-tour-packages/ HTTP/1.1" 200 24008 "-" "Mozilla/5.0 AppleWebKit/537.36 (KHTML, like Gecko; compatible; bingbot/2.0; +http://www.bing.com/bingbot.htm) Chrome/116.0.1938.76 Safari/537.36"
162.213.253.84 - - [27/Feb/2026:16:15:12 -0500] "POST /wp-admin/admin-ajax.php?action=async_litespeed&nonce=BqZdHKdhlaEO5iyIVYtinqmmlpeQjKSy&litespeed_type=imgoptm HTTP/1.1" 200 0 "-" "WordPress/6.9.1; https://www.bagpackvacation.com"
162.213.253.84 - - [27/Feb/2026:16:16:42 -0500] "POST /wp-cron.php?doing_wp_cron=1772227002.0906429290771484375000 HTTP/1.1" 200 0 "-" "WordPress/6.9.1; https://www.bagpackvacation.com"
74.248.112.126 - - [27/Feb/2026:16:17:19 -0500] "GET /wp-content/plugins/hellopress/wp_filemanager.php HTTP/1.1" 404 103127 "-" "-"
74.248.112.126 - - [27/Feb/2026:16:17:21 -0500] "GET /w4.php HTTP/1.1" 404 103043 "-" "-"
74.248.112.126 - - [27/Feb/2026:16:17:23 -0500] "GET /yawa.php HTTP/1.1" 404 103047 "-" "-"
74.248.112.126 - - [27/Feb/2026:16:17:25 -0500] "GET /wolv.php HTTP/1.1" 404 103047 "-" "-"
162.213.253.84 - - [27/Feb/2026:16:17:29 -0500] "POST /wp-cron.php?doing_wp_cron=1772227049.6291260719299316406250 HTTP/1.1" 200 0 "-" "WordPress/6.9.1; https://www.bagpackvacation.com"
74.248.112.126 - - [27/Feb/2026:16:17:28 -0500] "GET /mml.php HTTP/1.1" 404 103045 "-" "-"
162.213.253.84 - - [27/Feb/2026:16:17:30 -0500] "POST /wp-admin/admin-ajax.php?action=async_litespeed&nonce=XAG0TABftUay4eZfyuekcAdsDWDDpblC&litespeed_type=imgoptm HTTP/1.1" 200 0 "-" "WordPress/6.9.1; https://www.bagpackvacation.com"
74.248.112.126 - - [27/Feb/2026:16:17:32 -0500] "GET /tymn.php HTTP/1.1" 404 103047 "-" "-"
74.248.112.126 - - [27/Feb/2026:16:17:34 -0500] "GET /g.php HTTP/1.1" 404 103041 "-" "-"
74.248.112.126 - - [27/Feb/2026:16:17:36 -0500] "GET /bal.php HTTP/1.1" 404 103045 "-" "-"
74.248.112.126 - - [27/Feb/2026:16:17:38 -0500] "GET /bengi.php HTTP/1.1" 404 103049 "-" "-"
74.248.112.126 - - [27/Feb/2026:16:17:41 -0500] "GET /lb.php HTTP/1.1" 404 103043 "-" "-"
74.248.112.126 - - [27/Feb/2026:16:17:44 -0500] "GET /wp-admin/images/wp-conflg.php HTTP/1.1" 404 103089 "-" "-"
43.159.143.139 - - [27/Feb/2026:16:17:46 -0500] "GET /thailand-tour-packages/ HTTP/1.1" 200 28887 "-" "Mozilla/5.0 (iPhone; CPU iPhone OS 13_2_3 like Mac OS X) AppleWebKit/605.1.15 (KHTML, like Gecko) Version/13.0.3 Mobile/15E148 Safari/604.1"
74.248.112.126 - - [27/Feb/2026:16:17:46 -0500] "GET /assets/css/index.php HTTP/1.1" 301 0 "-" "-"
74.248.112.126 - - [27/Feb/2026:16:17:47 -0500] "GET /assets/css/ HTTP/1.1" 404 103053 "-" "-"
74.248.112.126 - - [27/Feb/2026:16:17:49 -0500] "GET /boots.php HTTP/1.1" 404 103049 "-" "-"
74.248.112.126 - - [27/Feb/2026:16:17:54 -0500] "GET /wp-content/admin.php HTTP/1.1" 404 103071 "-" "-"
74.248.112.126 - - [27/Feb/2026:16:17:59 -0500] "GET /index.php HTTP/1.1" 301 0 "-" "-"
74.248.112.126 - - [27/Feb/2026:16:18:01 -0500] "GET /aa.php HTTP/1.1" 404 103043 "-" "-"
162.213.253.84 - - [27/Feb/2026:16:18:04 -0500] "POST /wp-cron.php?doing_wp_cron=1772227084.2593359947204589843750 HTTP/1.1" 200 0 "-" "WordPress/6.9.1; https://www.bagpackvacation.com"
74.248.112.126 - - [27/Feb/2026:16:18:03 -0500] "GET /1.php HTTP/1.1" 404 103041 "-" "-"
74.248.112.126 - - [27/Feb/2026:16:18:12 -0500] "GET /new.php HTTP/1.1" 404 103045 "-" "-"
129.121.74.114 - - [27/Feb/2026:16:12:37 -0500] "GET /wp-login.php HTTP/1.1" 200 1797 "https://bagpackvacation.com/wp-login.php" "Mozilla/4.0 (compatible; MSIE 7.0; Windows NT 6.2; WOW64; Trident/7.0; .NET4.0C; .NET4.0E; .NET CLR 2.0.50727; .NET CLR 3.0.30729; .NET CLR 3.5.30729; InfoPath.2)"
129.121.74.114 - - [27/Feb/2026:16:12:37 -0500] "POST /wp-login.php HTTP/1.1" 301 795 "https://bagpackvacation.com/wp-login.php" "Mozilla/4.0 (compatible; MSIE 7.0; Windows NT 6.2; WOW64; Trident/7.0; .NET4.0C; .NET4.0E; .NET CLR 2.0.50727; .NET CLR 3.0.30729; .NET CLR 3.5.30729; InfoPath.2)"
129.121.74.114 - - [27/Feb/2026:16:12:38 -0500] "GET /wp-login.php HTTP/1.1" 200 1797 "https://bagpackvacation.com/wp-login.php" "Mozilla/4.0 (compatible; MSIE 7.0; Windows NT 6.2; WOW64; Trident/7.0; .NET4.0C; .NET4.0E; .NET CLR 2.0.50727; .NET CLR 3.0.30729; .NET CLR 3.5.30729; InfoPath.2)"
52.167.144.160 - - [27/Feb/2026:16:15:09 -0500] "GET /ooty-tour-packages HTTP/1.1" 301 0 "-" "Mozilla/5.0 AppleWebKit/537.36 (KHTML, like Gecko; compatible; bingbot/2.0; +http://www.bing.com/bingbot.htm) Chrome/116.0.1938.76 Safari/537.36"
187.57.142.72 - - [27/Feb/2026:16:16:39 -0500] "POST /xmlrpc.php HTTP/1.1" 301 795 "-" "Mozilla/5.0 (X11; Ubuntu; Linux x86_64; x64) AppleWebKit/537.36 (KHTML, like Gecko) Firefox/85.0.0.0 Safari/537.36"
187.57.142.72 - - [27/Feb/2026:16:16:40 -0500] "GET /xmlrpc.php HTTP/1.1" 405 42 "-" "Mozilla/5.0 (X11; Ubuntu; Linux x86_64; x64) AppleWebKit/537.36 (KHTML, like Gecko) Firefox/85.0.0.0 Safari/537.36"
162.213.253.84 - - [27/Feb/2026:16:16:43 -0500] "POST /wp-admin/admin-ajax.php?action=async_litespeed&nonce=9vic7mdQehyRHn6YnPuJ9f499zXY0kgh&litespeed_type=imgoptm HTTP/1.1" 200 0 "-" "WordPress/6.9.1; https://www.bagpackvacation.com"
162.213.253.84 - - [27/Feb/2026:16:17:20 -0500] "POST /wp-cron.php?doing_wp_cron=1772227040.7893528938293457031250 HTTP/1.1" 200 0 "-" "WordPress/6.9.1; https://www.bagpackvacation.com"
74.248.112.126 - - [27/Feb/2026:16:17:30 -0500] "GET /test1.php HTTP/1.1" 404 103049 "-" "-"
74.248.112.126 - - [27/Feb/2026:16:17:43 -0500] "GET /wp-admin/images/wp-conflg.php?p= HTTP/1.1" 301 0 "-" "-"
162.213.253.84 - - [27/Feb/2026:16:17:51 -0500] "POST /wp-cron.php?doing_wp_cron=1772227071.3166849613189697265625 HTTP/1.1" 200 0 "-" "WordPress/6.9.1; https://www.bagpackvacation.com"
74.248.112.126 - - [27/Feb/2026:16:17:52 -0500] "GET /logi.php HTTP/1.1" 404 103047 "-" "-"
74.248.112.126 - - [27/Feb/2026:16:17:56 -0500] "GET /samfa.php HTTP/1.1" 404 103049 "-" "-"
74.248.112.126 - - [27/Feb/2026:16:17:58 -0500] "GET /wp-includes/css/dist/ HTTP/1.1" 403 1242 "-" "-"
74.248.112.126 - - [27/Feb/2026:16:18:00 -0500] "GET / HTTP/1.1" 200 254363 "-" "-"
74.248.112.126 - - [27/Feb/2026:16:18:05 -0500] "GET /templates/beez/index.php HTTP/1.1" 301 0 "-" "-"
74.248.112.126 - - [27/Feb/2026:16:18:06 -0500] "GET /templates/beez/ HTTP/1.1" 404 103061 "-" "-"
74.248.112.126 - - [27/Feb/2026:16:18:08 -0500] "GET /w.php HTTP/1.1" 404 103041 "-" "-"
74.248.112.126 - - [27/Feb/2026:16:18:10 -0500] "GET /system.php HTTP/1.1" 404 103051 "-" "-"
74.248.112.126 - - [27/Feb/2026:16:18:14 -0500] "GET /x.php HTTP/1.1" 404 103041 "-" "-"
74.248.112.126 - - [27/Feb/2026:16:18:17 -0500] "GET /wp-admin/js/pe9rsn.php HTTP/1.1" 404 103075 "-" "-"
74.248.112.126 - - [27/Feb/2026:16:18:27 -0500] "GET /wp-admin/js/widgets/ HTTP/1.1" 403 1242 "-" "-"
74.248.112.126 - - [27/Feb/2026:16:18:28 -0500] "GET /wp-includes/assets/ HTTP/1.1" 403 1242 "-" "-"
162.213.253.84 - - [27/Feb/2026:16:18:30 -0500] "POST /wp-cron.php?doing_wp_cron=1772227110.7139449119567871093750 HTTP/1.1" 200 0 "-" "WordPress/6.9.1; https://www.bagpackvacation.com"
74.248.112.126 - - [27/Feb/2026:16:18:29 -0500] "GET /inputs.php HTTP/1.1" 404 103051 "-" "-"
162.213.253.84 - - [27/Feb/2026:16:18:31 -0500] "POST /wp-admin/admin-ajax.php?action=async_litespeed&nonce=ZrfE5yUjF3f0XtMt0Cb7l32m8bjmjywm&litespeed_type=imgoptm HTTP/1.1" 200 0 "-" "WordPress/6.9.1; https://www.bagpackvacation.com"
74.248.112.126 - - [27/Feb/2026:16:18:16 -0500] "GET /wp-includes/js/tinymce/themes/inlite/ HTTP/1.1" 403 1242 "-" "-"
74.248.112.126 - - [27/Feb/2026:16:18:19 -0500] "GET /wp-content/plugins/index.php HTTP/1.1" 200 0 "-" "-"
74.248.112.126 - - [27/Feb/2026:16:18:19 -0500] "GET /wp-content/themes/index.php HTTP/1.1" 200 0 "-" "-"
74.248.112.126 - - [27/Feb/2026:16:18:20 -0500] "GET /special.php HTTP/1.1" 404 103053 "-" "-"
74.248.112.126 - - [27/Feb/2026:16:18:22 -0500] "GET /bak.php HTTP/1.1" 404 103045 "-" "-"
74.248.112.126 - - [27/Feb/2026:16:18:24 -0500] "GET /wp-content/upgrade/about.php HTTP/1.1" 404 103087 "-" "-"
74.248.112.126 - - [27/Feb/2026:16:18:26 -0500] "GET /wp-admin/js/widgets/index.php HTTP/1.1" 301 0 "-" "-"
74.248.112.126 - - [27/Feb/2026:16:18:27 -0500] "GET /wp-includes/assets/index.php HTTP/1.1" 301 0 "-" "-"
74.248.112.126 - - [27/Feb/2026:16:18:34 -0500] "GET /core.php HTTP/1.1" 404 103047 "-" "-"
74.248.112.126 - - [27/Feb/2026:16:18:36 -0500] "GET /about.php HTTP/1.1" 404 103049 "-" "-"
74.248.112.126 - - [27/Feb/2026:16:18:41 -0500] "GET /zsec.php HTTP/1.1" 404 103047 "-" "-"
74.248.112.126 - - [27/Feb/2026:16:18:43 -0500] "GET /wp-content/plugins/erinyani/ HTTP/1.1" 404 103087 "-" "-"
74.248.112.126 - - [27/Feb/2026:16:18:45 -0500] "GET /hi.php HTTP/1.1" 404 103043 "-" "-"
74.248.112.126 - - [27/Feb/2026:16:18:47 -0500] "GET /wp-content/cong.php HTTP/1.1" 404 103069 "-" "-"
74.248.112.126 - - [27/Feb/2026:16:18:49 -0500] "GET /wp-content/index.php HTTP/1.1" 200 0 "-" "-"
162.213.253.84 - - [27/Feb/2026:16:18:51 -0500] "POST /wp-cron.php?doing_wp_cron=1772227131.4056189060211181640625 HTTP/1.1" 200 0 "-" "WordPress/6.9.1; https://www.bagpackvacation.com"
74.248.112.126 - - [27/Feb/2026:16:18:49 -0500] "GET /.wp/wso.php HTTP/1.1" 404 103053 "-" "-"
74.248.112.126 - - [27/Feb/2026:16:18:52 -0500] "GET /wp-includes/css/index.php?p= HTTP/1.1" 301 0 "-" "-"
74.248.112.126 - - [27/Feb/2026:16:19:05 -0500] "GET /wp-content/uploads/2021/02/ HTTP/1.1" 404 103085 "-" "-"
74.248.112.126 - - [27/Feb/2026:16:19:10 -0500] "GET /wp-includes/js/jquery/ HTTP/1.1" 403 1242 "-" "-"
74.248.112.126 - - [27/Feb/2026:16:19:17 -0500] "GET /sys.php HTTP/1.1" 404 103045 "-" "-"
74.248.112.126 - - [27/Feb/2026:16:19:22 -0500] "GET /x123x.php HTTP/1.1" 404 103049 "-" "-"
74.248.112.126 - - [27/Feb/2026:16:19:31 -0500] "GET /gssdd.php HTTP/1.1" 404 103049 "-" "-"
74.248.112.126 - - [27/Feb/2026:16:19:33 -0500] "GET /F19.php HTTP/1.1" 404 103045 "-" "-"
74.248.112.126 - - [27/Feb/2026:16:19:38 -0500] "GET /fff.php HTTP/1.1" 404 103045 "-" "-"
74.248.112.126 - - [27/Feb/2026:16:19:44 -0500] "GET /yussef.php HTTP/1.1" 404 103051 "-" "-"
74.248.112.126 - - [27/Feb/2026:16:19:46 -0500] "GET /bs1.php HTTP/1.1" 404 103045 "-" "-"
74.248.112.126 - - [27/Feb/2026:16:19:48 -0500] "GET /BDKR28WP.php HTTP/1.1" 404 103055 "-" "-"
162.213.253.84 - - [27/Feb/2026:16:19:52 -0500] "POST /wp-cron.php?doing_wp_cron=1772227192.1053071022033691406250 HTTP/1.1" 200 0 "-" "WordPress/6.9.1; https://www.bagpackvacation.com"
74.248.112.126 - - [27/Feb/2026:16:19:50 -0500] "GET /zu.php HTTP/1.1" 404 103043 "-" "-"
74.248.112.126 - - [27/Feb/2026:16:19:55 -0500] "GET /opts.php HTTP/1.1" 404 103047 "-" "-"
74.248.112.126 - - [27/Feb/2026:16:19:57 -0500] "GET /wp-act.php HTTP/1.1" 404 103051 "-" "-"
74.248.112.126 - - [27/Feb/2026:16:19:59 -0500] "GET /ze.php HTTP/1.1" 404 103043 "-" "-"
74.248.112.126 - - [27/Feb/2026:16:20:01 -0500] "GET /seetox.php HTTP/1.1" 404 103051 "-" "-"
74.248.112.126 - - [27/Feb/2026:16:20:04 -0500] "GET /wp-content/ HTTP/1.1" 200 0 "-" "-"
74.248.112.126 - - [27/Feb/2026:16:20:10 -0500] "GET /xoot.php HTTP/1.1" 404 103047 "-" "-"
20.211.1.210 - - [27/Feb/2026:16:20:13 -0500] "GET /inputs.php HTTP/1.1" 301 795 "-" "Mozilla/5.0 (Windows NT 10.0; Win64; x64) AppleWebKit/537.36 (KHTML, like Gecko) Chrome/120.0.0.0 Safari/537.36"
20.211.1.210 - - [27/Feb/2026:16:20:13 -0500] "GET /ioxi-o.php HTTP/1.1" 301 795 "-" "Mozilla/5.0 (Windows NT 10.0; Win64; x64) AppleWebKit/537.36 (KHTML, like Gecko) Chrome/120.0.0.0 Safari/537.36"
74.248.112.126 - - [27/Feb/2026:16:18:31 -0500] "GET /wp-monamon.php HTTP/1.1" 404 103059 "-" "-"
74.248.112.126 - - [27/Feb/2026:16:18:33 -0500] "GET /wp-includes/assets/ HTTP/1.1" 403 1242 "-" "-"
74.248.112.126 - - [27/Feb/2026:16:18:34 -0500] "GET /wp-includes/sitemaps/ HTTP/1.1" 403 1242 "-" "-"
74.248.112.126 - - [27/Feb/2026:16:18:38 -0500] "GET /log.php HTTP/1.1" 404 103045 "-" "-"
74.248.112.126 - - [27/Feb/2026:16:18:53 -0500] "GET /wp-includes/css/ HTTP/1.1" 403 1242 "-" "-"
74.248.112.126 - - [27/Feb/2026:16:18:53 -0500] "GET /wp-includes/l10n/ HTTP/1.1" 403 1242 "-" "-"
74.248.112.126 - - [27/Feb/2026:16:18:54 -0500] "GET /wp-includes/images/smilies/index.php HTTP/1.1" 301 0 "-" "-"
74.248.112.126 - - [27/Feb/2026:16:18:55 -0500] "GET /wp-includes/images/smilies/ HTTP/1.1" 403 1242 "-" "-"
74.248.112.126 - - [27/Feb/2026:16:18:55 -0500] "GET /d2.php HTTP/1.1" 404 103043 "-" "-"
74.248.112.126 - - [27/Feb/2026:16:18:58 -0500] "GET /new/index.php HTTP/1.1" 301 0 "-" "-"
74.248.112.126 - - [27/Feb/2026:16:18:59 -0500] "GET /new/ HTTP/1.1" 404 103039 "-" "-"
74.248.112.126 - - [27/Feb/2026:16:19:01 -0500] "GET /assets/css/dist/ HTTP/1.1" 404 103063 "-" "-"
162.213.253.84 - - [27/Feb/2026:16:19:04 -0500] "POST /wp-cron.php?doing_wp_cron=1772227144.8497231006622314453125 HTTP/1.1" 200 0 "-" "WordPress/6.9.1; https://www.bagpackvacation.com"
74.248.112.126 - - [27/Feb/2026:16:19:03 -0500] "GET /wp-content/uploads/2021/02/index.php HTTP/1.1" 301 0 "-" "-"
74.248.112.126 - - [27/Feb/2026:16:19:08 -0500] "GET /products/about.php HTTP/1.1" 404 103067 "-" "-"
74.248.112.126 - - [27/Feb/2026:16:19:11 -0500] "GET /wp-admin/js/fi.php HTTP/1.1" 404 103067 "-" "-"
74.248.112.126 - - [27/Feb/2026:16:19:13 -0500] "GET /wc49.php HTTP/1.1" 404 103047 "-" "-"
74.248.112.126 - - [27/Feb/2026:16:19:15 -0500] "GET /TL.php HTTP/1.1" 404 103043 "-" "-"
74.248.112.126 - - [27/Feb/2026:16:19:20 -0500] "GET /fck.php HTTP/1.1" 404 103045 "-" "-"
74.248.112.126 - - [27/Feb/2026:16:19:24 -0500] "GET /wp-michan.php HTTP/1.1" 404 103057 "-" "-"
74.248.112.126 - - [27/Feb/2026:16:19:26 -0500] "GET /nw2.php HTTP/1.1" 404 103045 "-" "-"
162.213.253.84 - - [27/Feb/2026:16:19:30 -0500] "POST /wp-cron.php?doing_wp_cron=1772227170.8304860591888427734375 HTTP/1.1" 200 0 "-" "WordPress/6.9.1; https://www.bagpackvacation.com"
74.248.112.126 - - [27/Feb/2026:16:19:29 -0500] "GET /blackmini.php HTTP/1.1" 404 103057 "-" "-"
162.213.253.84 - - [27/Feb/2026:16:19:31 -0500] "POST /wp-admin/admin-ajax.php?action=async_litespeed&nonce=0OjsaNlpQUmQC6mwiBp4HMLtGTYN1CaY&litespeed_type=imgoptm HTTP/1.1" 200 0 "-" "WordPress/6.9.1; https://www.bagpackvacation.com"
74.248.112.126 - - [27/Feb/2026:16:19:36 -0500] "GET /F1.php HTTP/1.1" 404 103043 "-" "-"
74.248.112.126 - - [27/Feb/2026:16:19:40 -0500] "GET /R57.php HTTP/1.1" 404 103045 "-" "-"
74.248.112.126 - - [27/Feb/2026:16:19:42 -0500] "GET /4h.php HTTP/1.1" 404 103043 "-" "-"
74.248.112.126 - - [27/Feb/2026:16:19:52 -0500] "GET /alpha.php HTTP/1.1" 404 103049 "-" "-"
162.213.253.84 - - [27/Feb/2026:16:20:06 -0500] "POST /wp-cron.php?doing_wp_cron=1772227206.4694449901580810546875 HTTP/1.1" 200 0 "-" "WordPress/6.9.1; https://www.bagpackvacation.com"
74.248.112.126 - - [27/Feb/2026:16:20:04 -0500] "GET /plugins.php?p= HTTP/1.1" 301 0 "-" "-"
74.248.112.126 - - [27/Feb/2026:16:20:06 -0500] "GET /plugins.php HTTP/1.1" 404 103053 "-" "-"
20.211.1.210 - - [27/Feb/2026:16:20:13 -0500] "GET /wk/index.php HTTP/1.1" 301 795 "-" "Mozilla/5.0 (Windows NT 10.0; Win64; x64) AppleWebKit/537.36 (KHTML, like Gecko) Chrome/120.0.0.0 Safari/537.36"
20.211.1.210 - - [27/Feb/2026:16:20:13 -0500] "GET /function/function.php HTTP/1.1" 301 795 "-" "Mozilla/5.0 (Windows NT 10.0; Win64; x64) AppleWebKit/537.36 (KHTML, like Gecko) Chrome/120.0.0.0 Safari/537.36"
20.211.1.210 - - [27/Feb/2026:16:20:13 -0500] "GET /rip.php HTTP/1.1" 301 795 "-" "Mozilla/5.0 (Windows NT 10.0; Win64; x64) AppleWebKit/537.36 (KHTML, like Gecko) Chrome/120.0.0.0 Safari/537.36"
20.211.1.210 - - [27/Feb/2026:16:20:14 -0500] "GET /an.php HTTP/1.1" 301 795 "-" "Mozilla/5.0 (Windows NT 10.0; Win64; x64) AppleWebKit/537.36 (KHTML, like Gecko) Chrome/120.0.0.0 Safari/537.36"
74.248.112.126 - - [27/Feb/2026:16:20:13 -0500] "GET /X57.php HTTP/1.1" 404 103045 "-" "-"
20.211.1.210 - - [27/Feb/2026:16:20:14 -0500] "GET /index/function.php HTTP/1.1" 301 795 "-" "Mozilla/5.0 (Windows NT 10.0; Win64; x64) AppleWebKit/537.36 (KHTML, like Gecko) Chrome/120.0.0.0 Safari/537.36"
20.211.1.210 - - [27/Feb/2026:16:20:15 -0500] "GET /ws.php HTTP/1.1" 301 795 "-" "Mozilla/5.0 (Windows NT 10.0; Win64; x64) AppleWebKit/537.36 (KHTML, like Gecko) Chrome/120.0.0.0 Safari/537.36"
20.211.1.210 - - [27/Feb/2026:16:20:15 -0500] "GET /wp-admin/user/index.php HTTP/1.1" 301 795 "-" "Mozilla/5.0 (Windows NT 10.0; Win64; x64) AppleWebKit/537.36 (KHTML, like Gecko) Chrome/120.0.0.0 Safari/537.36"
20.211.1.210 - - [27/Feb/2026:16:20:15 -0500] "GET /wp-conf.php HTTP/1.1" 301 795 "-" "Mozilla/5.0 (Windows NT 10.0; Win64; x64) AppleWebKit/537.36 (KHTML, like Gecko) Chrome/120.0.0.0 Safari/537.36"
20.211.1.210 - - [27/Feb/2026:16:20:15 -0500] "GET /wp-login.php HTTP/1.1" 301 795 "-" "Mozilla/5.0 (Windows NT 10.0; Win64; x64) AppleWebKit/537.36 (KHTML, like Gecko) Chrome/120.0.0.0 Safari/537.36"
20.211.1.210 - - [27/Feb/2026:16:20:16 -0500] "GET /abc.php HTTP/1.1" 301 795 "-" "Mozilla/5.0 (Windows NT 10.0; Win64; x64) AppleWebKit/537.36 (KHTML, like Gecko) Chrome/120.0.0.0 Safari/537.36"
20.211.1.210 - - [27/Feb/2026:16:20:16 -0500] "GET /as.php HTTP/1.1" 301 795 "-" "Mozilla/5.0 (Windows NT 10.0; Win64; x64) AppleWebKit/537.36 (KHTML, like Gecko) Chrome/120.0.0.0 Safari/537.36"
20.211.1.210 - - [27/Feb/2026:16:20:16 -0500] "GET /file.php HTTP/1.1" 301 795 "-" "Mozilla/5.0 (Windows NT 10.0; Win64; x64) AppleWebKit/537.36 (KHTML, like Gecko) Chrome/120.0.0.0 Safari/537.36"
74.248.112.126 - - [27/Feb/2026:16:20:15 -0500] "GET /file59.php HTTP/1.1" 404 103051 "-" "-"
20.211.1.210 - - [27/Feb/2026:16:20:16 -0500] "GET /adminfuns.php HTTP/1.1" 301 795 "-" "Mozilla/5.0 (Windows NT 10.0; Win64; x64) AppleWebKit/537.36 (KHTML, like Gecko) Chrome/120.0.0.0 Safari/537.36"
20.211.1.210 - - [27/Feb/2026:16:20:17 -0500] "GET /goods.php HTTP/1.1" 301 795 "-" "Mozilla/5.0 (Windows NT 10.0; Win64; x64) AppleWebKit/537.36 (KHTML, like Gecko) Chrome/120.0.0.0 Safari/537.36"
20.211.1.210 - - [27/Feb/2026:16:20:17 -0500] "GET /class-t.api.php HTTP/1.1" 301 795 "-" "Mozilla/5.0 (Windows NT 10.0; Win64; x64) AppleWebKit/537.36 (KHTML, like Gecko) Chrome/120.0.0.0 Safari/537.36"
20.211.1.210 - - [27/Feb/2026:16:20:17 -0500] "GET /sf.php HTTP/1.1" 301 795 "-" "Mozilla/5.0 (Windows NT 10.0; Win64; x64) AppleWebKit/537.36 (KHTML, like Gecko) Chrome/120.0.0.0 Safari/537.36"
20.211.1.210 - - [27/Feb/2026:16:20:17 -0500] "GET /kbfr.php HTTP/1.1" 301 795 "-" "Mozilla/5.0 (Windows NT 10.0; Win64; x64) AppleWebKit/537.36 (KHTML, like Gecko) Chrome/120.0.0.0 Safari/537.36"
20.211.1.210 - - [27/Feb/2026:16:20:17 -0500] "GET /autoload_classmap.php HTTP/1.1" 301 795 "-" "Mozilla/5.0 (Windows NT 10.0; Win64; x64) AppleWebKit/537.36 (KHTML, like Gecko) Chrome/120.0.0.0 Safari/537.36"
20.211.1.210 - - [27/Feb/2026:16:20:18 -0500] "GET /chosen.php?p= HTTP/1.1" 301 795 "-" "Mozilla/5.0 (Windows NT 10.0; Win64; x64) AppleWebKit/537.36 (KHTML, like Gecko) Chrome/120.0.0.0 Safari/537.36"
20.211.1.210 - - [27/Feb/2026:16:20:18 -0500] "GET /.well-known/ HTTP/1.1" 301 795 "-" "Mozilla/5.0 (Windows NT 10.0; Win64; x64) AppleWebKit/537.36 (KHTML, like Gecko) Chrome/120.0.0.0 Safari/537.36"
20.211.1.210 - - [27/Feb/2026:16:20:18 -0500] "GET /info.php HTTP/1.1" 301 795 "-" "Mozilla/5.0 (Windows NT 10.0; Win64; x64) AppleWebKit/537.36 (KHTML, like Gecko) Chrome/120.0.0.0 Safari/537.36"
20.211.1.210 - - [27/Feb/2026:16:20:19 -0500] "GET /cgi-bin/ HTTP/1.1" 301 795 "-" "Mozilla/5.0 (Windows NT 10.0; Win64; x64) AppleWebKit/537.36 (KHTML, like Gecko) Chrome/120.0.0.0 Safari/537.36"
20.211.1.210 - - [27/Feb/2026:16:20:13 -0500] "GET /admin.php HTTP/1.1" 301 795 "-" "Mozilla/5.0 (Windows NT 10.0; Win64; x64) AppleWebKit/537.36 (KHTML, like Gecko) Chrome/120.0.0.0 Safari/537.36"
20.211.1.210 - - [27/Feb/2026:16:20:14 -0500] "GET /wp-content/uploads/index.php HTTP/1.1" 301 795 "-" "Mozilla/5.0 (Windows NT 10.0; Win64; x64) AppleWebKit/537.36 (KHTML, like Gecko) Chrome/120.0.0.0 Safari/537.36"
20.211.1.210 - - [27/Feb/2026:16:20:14 -0500] "GET /cache.php HTTP/1.1" 301 795 "-" "Mozilla/5.0 (Windows NT 10.0; Win64; x64) AppleWebKit/537.36 (KHTML, like Gecko) Chrome/120.0.0.0 Safari/537.36"
20.211.1.210 - - [27/Feb/2026:16:20:14 -0500] "GET /themes.php HTTP/1.1" 301 795 "-" "Mozilla/5.0 (Windows NT 10.0; Win64; x64) AppleWebKit/537.36 (KHTML, like Gecko) Chrome/120.0.0.0 Safari/537.36"
20.211.1.210 - - [27/Feb/2026:16:20:14 -0500] "GET /randkeyword.PhP7 HTTP/1.1" 301 795 "-" "Mozilla/5.0 (Windows NT 10.0; Win64; x64) AppleWebKit/537.36 (KHTML, like Gecko) Chrome/120.0.0.0 Safari/537.36"
20.211.1.210 - - [27/Feb/2026:16:20:15 -0500] "GET /404.php HTTP/1.1" 301 795 "-" "Mozilla/5.0 (Windows NT 10.0; Win64; x64) AppleWebKit/537.36 (KHTML, like Gecko) Chrome/120.0.0.0 Safari/537.36"
20.211.1.210 - - [27/Feb/2026:16:20:15 -0500] "GET /wp-content/themes/hideo/network.php HTTP/1.1" 301 795 "-" "Mozilla/5.0 (Windows NT 10.0; Win64; x64) AppleWebKit/537.36 (KHTML, like Gecko) Chrome/120.0.0.0 Safari/537.36"
20.211.1.210 - - [27/Feb/2026:16:20:16 -0500] "GET /abcd.php HTTP/1.1" 301 795 "-" "Mozilla/5.0 (Windows NT 10.0; Win64; x64) AppleWebKit/537.36 (KHTML, like Gecko) Chrome/120.0.0.0 Safari/537.36"
20.211.1.210 - - [27/Feb/2026:16:20:16 -0500] "GET /wp-trackback.php HTTP/1.1" 301 795 "-" "Mozilla/5.0 (Windows NT 10.0; Win64; x64) AppleWebKit/537.36 (KHTML, like Gecko) Chrome/120.0.0.0 Safari/537.36"
20.211.1.210 - - [27/Feb/2026:16:20:16 -0500] "GET /about.php HTTP/1.1" 301 795 "-" "Mozilla/5.0 (Windows NT 10.0; Win64; x64) AppleWebKit/537.36 (KHTML, like Gecko) Chrome/120.0.0.0 Safari/537.36"
20.211.1.210 - - [27/Feb/2026:16:20:17 -0500] "GET /wp-good.php HTTP/1.1" 301 795 "-" "Mozilla/5.0 (Windows NT 10.0; Win64; x64) AppleWebKit/537.36 (KHTML, like Gecko) Chrome/120.0.0.0 Safari/537.36"
20.211.1.210 - - [27/Feb/2026:16:20:17 -0500] "GET /xmlrpc.php HTTP/1.1" 301 795 "-" "Mozilla/5.0 (Windows NT 10.0; Win64; x64) AppleWebKit/537.36 (KHTML, like Gecko) Chrome/120.0.0.0 Safari/537.36"
20.211.1.210 - - [27/Feb/2026:16:20:18 -0500] "GET /classwithtostring.php HTTP/1.1" 301 795 "-" "Mozilla/5.0 (Windows NT 10.0; Win64; x64) AppleWebKit/537.36 (KHTML, like Gecko) Chrome/120.0.0.0 Safari/537.36"
20.211.1.210 - - [27/Feb/2026:16:20:18 -0500] "GET /defaults.php HTTP/1.1" 301 795 "-" "Mozilla/5.0 (Windows NT 10.0; Win64; x64) AppleWebKit/537.36 (KHTML, like Gecko) Chrome/120.0.0.0 Safari/537.36"
20.211.1.210 - - [27/Feb/2026:16:20:18 -0500] "GET /wp-includes/ HTTP/1.1" 301 795 "-" "Mozilla/5.0 (Windows NT 10.0; Win64; x64) AppleWebKit/537.36 (KHTML, like Gecko) Chrome/120.0.0.0 Safari/537.36"
74.248.112.126 - - [27/Feb/2026:16:20:17 -0500] "GET /wp-admin/css/bolt.php HTTP/1.1" 404 103073 "-" "-"
20.211.1.210 - - [27/Feb/2026:16:20:19 -0500] "GET /wp-admin/images/ HTTP/1.1" 301 795 "-" "Mozilla/5.0 (Windows NT 10.0; Win64; x64) AppleWebKit/537.36 (KHTML, like Gecko) Chrome/120.0.0.0 Safari/537.36"
20.211.1.210 - - [27/Feb/2026:16:20:19 -0500] "GET /wp-includes/Requests/src/Response/about.php HTTP/1.1" 301 795 "-" "Mozilla/5.0 (Windows NT 10.0; Win64; x64) AppleWebKit/537.36 (KHTML, like Gecko) Chrome/120.0.0.0 Safari/537.36"
20.211.1.210 - - [27/Feb/2026:16:20:20 -0500] "GET /wp-content/themes/index.php HTTP/1.1" 301 795 "-" "Mozilla/5.0 (Windows NT 10.0; Win64; x64) AppleWebKit/537.36 (KHTML, like Gecko) Chrome/120.0.0.0 Safari/537.36"
20.211.1.210 - - [27/Feb/2026:16:20:20 -0500] "GET /wp-content/plugins/index.php HTTP/1.1" 301 795 "-" "Mozilla/5.0 (Windows NT 10.0; Win64; x64) AppleWebKit/537.36 (KHTML, like Gecko) Chrome/120.0.0.0 Safari/537.36"
20.211.1.210 - - [27/Feb/2026:16:20:21 -0500] "GET /wp-content/plugins/WordPressCore/ HTTP/1.1" 301 795 "-" "Mozilla/5.0 (Windows NT 10.0; Win64; x64) AppleWebKit/537.36 (KHTML, like Gecko) Chrome/120.0.0.0 Safari/537.36"
74.248.112.126 - - [27/Feb/2026:16:20:19 -0500] "GET /xa.php HTTP/1.1" 404 103043 "-" "-"
162.213.253.84 - - [27/Feb/2026:16:20:30 -0500] "POST /wp-cron.php?doing_wp_cron=1772227230.1240580081939697265625 HTTP/1.1" 200 0 "-" "WordPress/6.9.1; https://www.bagpackvacation.com"
74.248.112.126 - - [27/Feb/2026:16:20:30 -0500] "GET /leuk.php HTTP/1.1" 404 103047 "-" "-"
74.248.112.126 - - [27/Feb/2026:16:20:40 -0500] "GET /666.php HTTP/1.1" 404 103045 "-" "-"
74.248.112.126 - - [27/Feb/2026:16:20:44 -0500] "GET /un.php HTTP/1.1" 404 103043 "-" "-"
74.248.112.126 - - [27/Feb/2026:16:20:46 -0500] "GET /fs.php HTTP/1.1" 404 103043 "-" "-"
74.248.112.126 - - [27/Feb/2026:16:20:53 -0500] "GET /0.php HTTP/1.1" 404 103041 "-" "-"
74.248.112.126 - - [27/Feb/2026:16:20:59 -0500] "GET /wp-blog.php HTTP/1.1" 404 103053 "-" "-"
66.116.207.52 - - [27/Feb/2026:16:21:02 -0500] "GET /wp-login.php HTTP/1.1" 200 1797 "https://bagpackvacation.com/wp-login.php" "Mozilla/4.0 (compatible; MSIE 7.0; Windows NT 6.2; WOW64; Trident/7.0; .NET4.0C; .NET4.0E; InfoPath.3)"
162.213.253.84 - - [27/Feb/2026:16:21:04 -0500] "POST /wp-cron.php?doing_wp_cron=1772227264.6980750560760498046875 HTTP/1.1" 200 0 "-" "WordPress/6.9.1; https://www.bagpackvacation.com"
74.248.112.126 - - [27/Feb/2026:16:21:03 -0500] "GET /a1vx.php HTTP/1.1" 404 103047 "-" "-"
74.248.112.126 - - [27/Feb/2026:16:21:05 -0500] "GET /sbhu.php HTTP/1.1" 404 103047 "-" "-"
74.248.112.126 - - [27/Feb/2026:16:21:07 -0500] "GET /wp-the.php HTTP/1.1" 404 103051 "-" "-"
74.248.112.126 - - [27/Feb/2026:16:21:09 -0500] "GET /06.php HTTP/1.1" 404 103043 "-" "-"
20.211.1.210 - - [27/Feb/2026:16:20:19 -0500] "GET /uploads/ HTTP/1.1" 301 795 "-" "Mozilla/5.0 (Windows NT 10.0; Win64; x64) AppleWebKit/537.36 (KHTML, like Gecko) Chrome/120.0.0.0 Safari/537.36"
20.211.1.210 - - [27/Feb/2026:16:20:19 -0500] "GET /wp-includes/html-api/ HTTP/1.1" 301 795 "-" "Mozilla/5.0 (Windows NT 10.0; Win64; x64) AppleWebKit/537.36 (KHTML, like Gecko) Chrome/120.0.0.0 Safari/537.36"
20.211.1.210 - - [27/Feb/2026:16:20:19 -0500] "GET /wp-content/admin.php HTTP/1.1" 301 795 "-" "Mozilla/5.0 (Windows NT 10.0; Win64; x64) AppleWebKit/537.36 (KHTML, like Gecko) Chrome/120.0.0.0 Safari/537.36"
20.211.1.210 - - [27/Feb/2026:16:20:19 -0500] "GET /wp-admin/css/colors/ectoplasm/ HTTP/1.1" 301 795 "-" "Mozilla/5.0 (Windows NT 10.0; Win64; x64) AppleWebKit/537.36 (KHTML, like Gecko) Chrome/120.0.0.0 Safari/537.36"
20.211.1.210 - - [27/Feb/2026:16:20:20 -0500] "GET /wp-content/uploads/ HTTP/1.1" 301 795 "-" "Mozilla/5.0 (Windows NT 10.0; Win64; x64) AppleWebKit/537.36 (KHTML, like Gecko) Chrome/120.0.0.0 Safari/537.36"
20.211.1.210 - - [27/Feb/2026:16:20:20 -0500] "GET /wp-content/themes/admin.php HTTP/1.1" 301 795 "-" "Mozilla/5.0 (Windows NT 10.0; Win64; x64) AppleWebKit/537.36 (KHTML, like Gecko) Chrome/120.0.0.0 Safari/537.36"
20.211.1.210 - - [27/Feb/2026:16:20:20 -0500] "GET /wp-includes/PHPMailer/ HTTP/1.1" 301 795 "-" "Mozilla/5.0 (Windows NT 10.0; Win64; x64) AppleWebKit/537.36 (KHTML, like Gecko) Chrome/120.0.0.0 Safari/537.36"
20.211.1.210 - - [27/Feb/2026:16:20:20 -0500] "GET /wp-includes/images/ HTTP/1.1" 301 795 "-" "Mozilla/5.0 (Windows NT 10.0; Win64; x64) AppleWebKit/537.36 (KHTML, like Gecko) Chrome/120.0.0.0 Safari/537.36"
74.248.112.126 - - [27/Feb/2026:16:20:22 -0500] "GET /er.php HTTP/1.1" 404 103043 "-" "-"
74.248.112.126 - - [27/Feb/2026:16:20:24 -0500] "GET /fault.php HTTP/1.1" 404 103049 "-" "-"
74.248.112.126 - - [27/Feb/2026:16:20:26 -0500] "GET /motu.php HTTP/1.1" 404 103047 "-" "-"
74.248.112.126 - - [27/Feb/2026:16:20:28 -0500] "GET /66.php HTTP/1.1" 404 103043 "-" "-"
162.213.253.84 - - [27/Feb/2026:16:20:31 -0500] "POST /wp-admin/admin-ajax.php?action=async_litespeed&nonce=Axc1jSkJZaeTfRqJmlo8rRjBwvwIVnA6&litespeed_type=imgoptm HTTP/1.1" 200 0 "-" "WordPress/6.9.1; https://www.bagpackvacation.com"
74.248.112.126 - - [27/Feb/2026:16:20:33 -0500] "GET /xqq.php HTTP/1.1" 404 103045 "-" "-"
74.248.112.126 - - [27/Feb/2026:16:20:35 -0500] "GET /kolda.php HTTP/1.1" 404 103049 "-" "-"
74.248.112.126 - - [27/Feb/2026:16:20:37 -0500] "GET /nw.php HTTP/1.1" 404 103043 "-" "-"
74.248.112.126 - - [27/Feb/2026:16:20:42 -0500] "GET /kj.php HTTP/1.1" 404 103043 "-" "-"
74.248.112.126 - - [27/Feb/2026:16:20:48 -0500] "GET /ms.php HTTP/1.1" 404 103043 "-" "-"
162.213.253.84 - - [27/Feb/2026:16:20:52 -0500] "POST /wp-cron.php?doing_wp_cron=1772227252.2731471061706542968750 HTTP/1.1" 200 0 "-" "WordPress/6.9.1; https://www.bagpackvacation.com"
74.248.112.126 - - [27/Feb/2026:16:20:50 -0500] "GET /cu.php HTTP/1.1" 404 103043 "-" "-"
74.248.112.126 - - [27/Feb/2026:16:20:55 -0500] "GET /ms-edit.php HTTP/1.1" 404 103053 "-" "-"
74.248.112.126 - - [27/Feb/2026:16:20:57 -0500] "GET /grsiuk.php HTTP/1.1" 404 103051 "-" "-"
66.116.207.52 - - [27/Feb/2026:16:20:59 -0500] "GET /wp-login.php HTTP/1.1" 301 795 "-" "Mozilla/4.0 (compatible; MSIE 7.0; Windows NT 6.2; WOW64; Trident/7.0; .NET4.0C; .NET4.0E; InfoPath.3)"
66.116.207.52 - - [27/Feb/2026:16:21:01 -0500] "GET /wp-login.php HTTP/1.1" 200 1797 "https://bagpackvacation.com/wp-login.php" "Mozilla/4.0 (compatible; MSIE 7.0; Windows NT 6.2; WOW64; Trident/7.0; .NET4.0C; .NET4.0E; InfoPath.3)"
66.116.207.52 - - [27/Feb/2026:16:21:01 -0500] "POST /wp-login.php HTTP/1.1" 301 795 "https://bagpackvacation.com/wp-login.php" "Mozilla/4.0 (compatible; MSIE 7.0; Windows NT 6.2; WOW64; Trident/7.0; .NET4.0C; .NET4.0E; InfoPath.3)"
