161.97.158.68 - - [14/Apr/2026:13:45:43 -0400] "GET /wp-admin/css/colors/modern/ HTTP/1.1" 200 908 "binance.com" "Mozilla/5.0 (Windows NT 10.0; Win64; x64) AppleWebKit/537.36 (KHTML, like Gecko) Chrome/90.0.4430.85 Safari/537.36"
193.37.32.39 - - [14/Apr/2026:13:45:41 -0400] "GET /wp-includes/block-patterns/wp-includes/block-patterns/heading-paragraph.php HTTP/1.1" 301 0 "-" "Mozilla/5.0 (Windows NT 10.0; Win64; x64) AppleWebKit/537.36 (KHTML, like Gecko) Chrome/75.0.3770.100 Safari/537.36"
193.37.32.39 - - [14/Apr/2026:13:45:43 -0400] "GET /wp-includes/block-patterns/wp-includes/block-patterns/large-header-button.php HTTP/1.1" 301 0 "-" "Mozilla/5.0 (Macintosh; Intel Mac OS X 10_10_1) AppleWebKit/537.36 (KHTML, like Gecko) Chrome/39.0.2171.95 Safari/537.36"
193.37.32.39 - - [14/Apr/2026:13:45:45 -0400] "GET /wp-includes/block-patterns/wp-includes/block-patterns/quote.php HTTP/1.1" 301 0 "-" "Mozilla/5.0 (Windows NT 10.0) AppleWebKit/537.36 (KHTML, like Gecko) Chrome/84.0.4147.105 Safari/537.36"
161.97.158.68 - - [14/Apr/2026:13:45:49 -0400] "GET /wp-admin/css/colors/ocean/ HTTP/1.1" 200 904 "binance.com" "Mozilla/5.0 (Windows NT 10.0; Win64; x64) AppleWebKit/537.36 (KHTML, like Gecko) Chrome/90.0.4430.85 Safari/537.36"
193.37.32.39 - - [14/Apr/2026:13:45:49 -0400] "GET /wp-includes/block-patterns/wp-includes/block-patterns/text-two-columns.php HTTP/1.1" 301 0 "-" "Mozilla/5.0 (Windows NT 10.0; Win64; x64) AppleWebKit/537.36 (KHTML, like Gecko) Chrome/84.0.4147.105 Safari/537.36 OPR/70.0.3728.95"
193.37.32.39 - - [14/Apr/2026:13:45:49 -0400] "GET /wp-includes/block-patterns/wp-includes/block-patterns/three-buttons.php HTTP/1.1" 301 0 "-" "Mozilla/5.0 (Windows NT 10.0; Win64; x64; rv:71.0) Gecko/20100101 Firefox/71.0"
193.37.32.39 - - [14/Apr/2026:13:45:57 -0400] "GET /wp-includes/certificates/ HTTP/1.1" 200 1641 "-" "Mozilla/5.0 (Windows NT 6.1; Win64; x64) AppleWebKit/537.36 (KHTML, like Gecko) Chrome/80.0.3987.149 Safari/537.36"
193.37.32.39 - - [14/Apr/2026:13:45:57 -0400] "GET /wp-content/cache/ HTTP/1.1" 301 0 "-" "Mozilla/5.0 (Windows NT 10.0; Win64; x64) AppleWebKit/537.36 (KHTML, like Gecko) Chrome/81.0.4044.129 Safari/537.36"
161.97.158.68 - - [14/Apr/2026:13:46:02 -0400] "GET /wp-admin/css/colors/sunrise/ HTTP/1.1" 200 908 "binance.com" "Mozilla/5.0 (Windows NT 10.0; Win64; x64) AppleWebKit/537.36 (KHTML, like Gecko) Chrome/90.0.4430.85 Safari/537.36"
193.37.32.39 - - [14/Apr/2026:13:46:11 -0400] "GET /wp-includes/random_compat/wp-includes/random_compat/error_polyfill.php HTTP/1.1" 301 0 "-" "Mozilla/5.0 (X11; Ubuntu; Linux x86_64; rv:79.0) Gecko/20100101 Firefox/79.0"
193.37.32.39 - - [14/Apr/2026:13:46:12 -0400] "GET /wp-includes/random_compat/wp-includes/random_compat/random.php HTTP/1.1" 301 0 "-" "Mozilla/5.0 (Windows NT 10.0; Win64; x64; rv:75.0) Gecko/20100101 Firefox/75.0"
193.37.32.39 - - [14/Apr/2026:13:46:02 -0400] "GET /wp-includes/random_compat/ HTTP/1.1" 200 4977 "-" "Mozilla/5.0 (Windows NT 6.1; Win64; x64) AppleWebKit/537.36 (KHTML, like Gecko) Chrome/78.0.3904.108 Safari/537.36"
193.37.32.39 - - [14/Apr/2026:13:46:04 -0400] "GET /wp-includes/random_compat/wp-includes/random_compat/byte_safe_strings.php HTTP/1.1" 301 0 "-" "Mozilla/5.0 (Windows NT 10.0; WOW64) AppleWebKit/537.36 (KHTML, like Gecko) Chrome/84.0.4147.105 Safari/537.36"
161.97.158.68 - - [14/Apr/2026:13:46:09 -0400] "GET /wp-admin/images/ HTTP/1.1" 200 2548 "binance.com" "Mozilla/5.0 (Windows NT 10.0; Win64; x64) AppleWebKit/537.36 (KHTML, like Gecko) Chrome/90.0.4430.85 Safari/537.36"
193.37.32.39 - - [14/Apr/2026:13:46:09 -0400] "GET /wp-includes/random_compat/wp-includes/random_compat/cast_to_int.php HTTP/1.1" 301 0 "-" "Mozilla/5.0 (Windows NT 10.0; Win64; x64) AppleWebKit/537.36 (KHTML, like Gecko) Chrome/84.0.4147.105 Safari/537.36"
193.37.32.39 - - [14/Apr/2026:13:46:15 -0400] "GET /wp-includes/random_compat/wp-includes/random_compat/random_bytes_dev_urandom.php HTTP/1.1" 301 0 "-" "Mozilla/5.0 (Windows NT 10.0; Win64; x64) AppleWebKit/537.36 (KHTML, like Gecko) Chrome/70.0.3538.110 Safari/537.36"
161.97.158.68 - - [14/Apr/2026:13:46:17 -0400] "GET /wp-admin/js/ HTTP/1.1" 200 3328 "binance.com" "Mozilla/5.0 (Windows NT 10.0; Win64; x64) AppleWebKit/537.36 (KHTML, like Gecko) Chrome/90.0.4430.85 Safari/537.36"
161.97.158.68 - - [14/Apr/2026:13:46:25 -0400] "GET /wp-admin/js/widgets/ HTTP/1.1" 200 1454 "binance.com" "Mozilla/5.0 (Windows NT 10.0; Win64; x64) AppleWebKit/537.36 (KHTML, like Gecko) Chrome/90.0.4430.85 Safari/537.36"
193.37.32.39 - - [14/Apr/2026:13:46:29 -0400] "GET /wp-content/plugins/WordPressCore/ HTTP/1.1" 301 0 "-" "Mozilla/5.0 (Windows NT 10.0) AppleWebKit/537.36 (KHTML, like Gecko) Chrome/72.0.3626.121 Safari/537.36"
193.37.32.39 - - [14/Apr/2026:13:46:43 -0400] "GET /wp-content/plugins/phpadmin/ HTTP/1.1" 301 0 "-" "Mozilla/5.0 (Windows NT 6.3; Win64; x64; rv:73.0) Gecko/20100101 Firefox/73.0"
161.97.158.68 - - [14/Apr/2026:13:46:48 -0400] "GET /wp-includes/ HTTP/1.1" 200 6711 "binance.com" "Mozilla/5.0 (Windows NT 10.0; Win64; x64) AppleWebKit/537.36 (KHTML, like Gecko) Chrome/90.0.4430.85 Safari/537.36"
193.37.32.39 - - [14/Apr/2026:13:46:48 -0400] "GET /wp-content/plugins/seoo/ HTTP/1.1" 301 0 "-" "Mozilla/5.0 (Windows NT 10.0; Win64; x64; rv:76.0) Gecko/20100101 Firefox/76.0"
193.37.32.39 - - [14/Apr/2026:13:46:53 -0400] "GET /wp-content/themes/seotheme/ HTTP/1.1" 301 0 "-" "Mozilla/5.0 (Windows NT 10.0; Win64; x64) AppleWebKit/537.36 (KHTML, like Gecko) Chrome/70.0.3538.110 Safari/537.36"
193.37.32.39 - - [14/Apr/2026:13:46:55 -0400] "GET /wp-content/plugins/ioxi/ HTTP/1.1" 301 0 "-" "Mozilla/5.0 (Windows NT 10.0; Win64; x64) AppleWebKit/537.36 (KHTML, like Gecko) Chrome/83.0.4103.97 Safari/537.36"
193.37.32.39 - - [14/Apr/2026:13:46:57 -0400] "GET /blog/wp-content/ HTTP/1.1" 301 0 "-" "Mozilla/5.0 (Windows NT 10.0; WOW64; x64) AppleWebKit/537.36 (KHTML, like Gecko) Chrome/84.0.4147.105 Safari/537.36 OPR/70.0.3728.95"
193.37.32.39 - - [14/Apr/2026:13:46:57 -0400] "GET /.well-known/acme-challenge/ HTTP/1.1" 200 2439 "-" "Mozilla/5.0 (Windows NT 10.0; Win64; x64) AppleWebKit/537.36 (KHTML, like Gecko) Chrome/74.0.3729.169 Safari/537.36"
193.37.32.39 - - [14/Apr/2026:13:46:59 -0400] "GET /wp-includes/css/dist/edit-widgets/ HTTP/1.1" 301 0 "-" "Mozilla/5.0 (Windows NT 6.1; Win64; x64) AppleWebKit/537.36 (KHTML, like Gecko) Chrome/58.0.3029.110 Safari/537.3"
193.37.32.39 - - [14/Apr/2026:13:47:00 -0400] "GET /wp-includes/Requests/src/Exception/Http/ HTTP/1.1" 301 0 "-" "Mozilla/5.0 (Windows NT 10.0; Win64; x64) AppleWebKit/537.36 (KHTML, like Gecko) Chrome/75.0.3770.100 Safari/537.36"
193.37.32.39 - - [14/Apr/2026:13:47:02 -0400] "GET /wp-includes/Text/Diff/ HTTP/1.1" 200 2130 "-" "Mozilla/5.0 (Windows NT 10.0; Win64; x64) AppleWebKit/537.36 (KHTML, like Gecko) Chrome/79.0.3945.79 Safari/537.36"
193.37.32.39 - - [14/Apr/2026:13:46:13 -0400] "GET /wp-includes/random_compat/wp-includes/random_compat/random_bytes_com_dotnet.php HTTP/1.1" 301 0 "-" "Mozilla/5.0 (Macintosh; Intel Mac OS X 10.15; rv:79.0) Gecko/20100101 Firefox/79.0"
193.37.32.39 - - [14/Apr/2026:13:46:17 -0400] "GET /wp-includes/random_compat/wp-includes/random_compat/random_bytes_libsodium.php HTTP/1.1" 301 0 "-" "Mozilla/5.0 (X11; Linux x86_64) AppleWebKit/537.36 (KHTML, like Gecko) Chrome/84.0.4147.105 Safari/537.36"
216.244.66.227 - - [14/Apr/2026:13:46:24 -0400] "GET /robots.txt HTTP/1.1" 200 122 "-" "Mozilla/5.0 (compatible; DotBot/1.2; +https://opensiteexplorer.org/dotbot; [email protected])"
193.37.32.39 - - [14/Apr/2026:13:46:24 -0400] "GET /wp-includes/random_compat/wp-includes/random_compat/random_bytes_libsodium_legacy.php HTTP/1.1" 301 0 "-" "Mozilla/5.0 (Windows NT 10.0; Win64; x64) AppleWebKit/537.36 (KHTML, like Gecko) Chrome/74.0.3729.157 Safari/537.36"
193.37.32.39 - - [14/Apr/2026:13:46:25 -0400] "GET /wp-includes/random_compat/wp-includes/random_compat/random_bytes_mcrypt.php HTTP/1.1" 301 0 "-" "Mozilla/5.0 (Windows NT 10.0; Win64; x64; rv:74.0) Gecko/20100101 Firefox/74.0"
193.37.32.39 - - [14/Apr/2026:13:46:26 -0400] "GET /wp-includes/random_compat/wp-includes/random_compat/random_int.php HTTP/1.1" 301 0 "-" "Mozilla/5.0 (Windows NT 10.0; Win64; x64; rv:77.0) Gecko/20100101 Firefox/77.0"
193.37.32.39 - - [14/Apr/2026:13:46:31 -0400] "GET /wp-includes/images/media/ HTTP/1.1" 200 4346 "-" "Mozilla/5.0 (X11; Ubuntu; Linux i686; rv:79.0) Gecko/20100101 Firefox/79.0"
161.97.158.68 - - [14/Apr/2026:13:46:39 -0400] "GET /wp-includes/ HTTP/1.1" 200 6711 "binance.com" "Mozilla/5.0 (Windows NT 10.0; Win64; x64) AppleWebKit/537.36 (KHTML, like Gecko) Chrome/90.0.4430.85 Safari/537.36"
193.37.32.39 - - [14/Apr/2026:13:46:40 -0400] "GET /wp-includes/css/ HTTP/1.1" 200 12865 "-" "Mozilla/5.0 (X11; Linux x86_64) AppleWebKit/537.36 (KHTML, like Gecko) Chrome/84.0.4147.105 Safari/537.36"
193.37.32.39 - - [14/Apr/2026:13:46:50 -0400] "GET /wp-content/plugins/view-more/ HTTP/1.1" 301 0 "-" "Mozilla/5.0 (Windows NT 10.0; Win64; x64) AppleWebKit/537.36 (KHTML, like Gecko) Chrome/83.0.4103.61 Safari/537.36"
193.37.32.39 - - [14/Apr/2026:13:46:53 -0400] "GET /wp-admin/css/colors/ HTTP/1.1" 200 4716 "-" "Mozilla/5.0 (Windows NT 6.1; Win64; x64) AppleWebKit/537.36 (KHTML, like Gecko) Chrome/74.0.3729.169 Safari/537.36"
193.37.32.39 - - [14/Apr/2026:13:46:54 -0400] "GET /wp-includes/images/ HTTP/1.1" 200 9635 "-" "Mozilla/5.0 (Windows NT 10.0; WOW64; x64) AppleWebKit/537.36 (KHTML, like Gecko) Chrome/84.0.4147.105 Safari/537.36 OPR/70.0.3728.95"
193.37.32.39 - - [14/Apr/2026:13:46:57 -0400] "GET /wp-content/themes/astra/inc/ HTTP/1.1" 301 0 "-" "Mozilla/5.0 (Windows NT 10.0; Win64; x64; rv:72.0) Gecko/20100101 Firefox/72.0"
193.37.32.39 - - [14/Apr/2026:13:46:58 -0400] "GET /wp-content/plugins/ccx/ HTTP/1.1" 301 0 "-" "Mozilla/5.0 (Windows NT 10.0; Win64; x64) AppleWebKit/537.36 (KHTML, like Gecko) Chrome/58.0.3029.110 Safari/537.3"
193.37.32.39 - - [14/Apr/2026:13:47:00 -0400] "GET /wp-includes/Text/Diff/Renderer/ HTTP/1.1" 200 1664 "-" "Mozilla/5.0 (X11; Ubuntu; Linux x86_64; rv:79.0) Gecko/20100101 Firefox/79.0"
193.37.32.39 - - [14/Apr/2026:13:47:01 -0400] "GET /wp-includes/Text/Diff/Renderer/wp-includes/Text/Diff/Renderer/inline.php HTTP/1.1" 301 0 "-" "Mozilla/5.0 (Windows NT 10.0; Win64; x64) AppleWebKit/537.36 (KHTML, like Gecko) Chrome/84.0.4147.105 Safari/537.36"
193.37.32.39 - - [14/Apr/2026:13:47:04 -0400] "GET /wp-content/themes/twentytwentytwo/assets/fonts/ HTTP/1.1" 301 0 "-" "Mozilla/5.0 (Windows NT 10.0; Win64; x64) AppleWebKit/537.36 (KHTML, like Gecko) Chrome/84.0.4147.105 Safari/537.36"
193.37.32.39 - - [14/Apr/2026:13:47:06 -0400] "GET /blog/wp-includes/ HTTP/1.1" 301 0 "-" "Mozilla/5.0 (Linux x86_64; rv:79.0) Gecko/20100101 Firefox/79.0"
193.37.32.39 - - [14/Apr/2026:13:47:03 -0400] "GET /wp-includes/Text/Diff/wp-includes/Text/Diff/Renderer.php HTTP/1.1" 301 0 "-" "Mozilla/5.0 (Macintosh; Intel Mac OS X 10_12_6) AppleWebKit/537.36 (KHTML, like Gecko) Chrome/58.0.3029.110 Safari/537.3"
193.37.32.39 - - [14/Apr/2026:13:47:04 -0400] "GET /wp-includes/js/tinymce/skins/lightgray/img/ HTTP/1.1" 200 2527 "-" "Mozilla/5.0 (Windows NT 10.0; Win64; x64) AppleWebKit/537.36 (KHTML, like Gecko) Chrome/75.0.3770.100 Safari/537.36"
193.37.32.39 - - [14/Apr/2026:13:47:10 -0400] "GET /wp-includes/blocks/ HTTP/1.1" 500 0 "-" "Mozilla/5.0 (Windows NT 10.0; Win64; x64) AppleWebKit/537.36 (KHTML, like Gecko) Chrome/79.0.3945.130 Safari/537.36"
193.37.32.39 - - [14/Apr/2026:13:47:13 -0400] "GET /wp-content/themes/twentytwentytwo/ HTTP/1.1" 301 0 "-" "Mozilla/5.0 (Macintosh; Intel Mac OS X 10.15; rv:79.0) Gecko/20100101 Firefox/79.0"
193.37.32.39 - - [14/Apr/2026:13:47:14 -0400] "GET /wp-includes/html-api/ HTTP/1.1" 301 0 "-" "Mozilla/5.0 (Macintosh; Intel Mac OS X 10_15_6) AppleWebKit/537.36 (KHTML, like Gecko) Chrome/84.0.4147.105 Safari/537.36 OPR/70.0.3728.95"
193.37.32.39 - - [14/Apr/2026:13:47:15 -0400] "GET /wp-includes/sitemaps/providers/ HTTP/1.1" 200 2363 "-" "Mozilla/5.0 (Windows NT 6.1; Win64; x64) AppleWebKit/537.36 (KHTML, like Gecko) Chrome/79.0.3945.130 Safari/537.36"
193.37.32.39 - - [14/Apr/2026:13:47:15 -0400] "GET /wp-includes/sitemaps/providers/wp-includes/sitemaps/providers/class-wp-sitemaps-posts.php HTTP/1.1" 301 0 "-" "Mozilla/5.0 (Windows NT 10.0; Win64; x64) AppleWebKit/537.36 (KHTML, like Gecko) Chrome/81.0.4044.129 Safari/537.36"
193.37.32.39 - - [14/Apr/2026:13:47:16 -0400] "GET /wp-includes/sitemaps/providers/wp-includes/sitemaps/providers/class-wp-sitemaps-taxonomies.php HTTP/1.1" 301 0 "-" "Mozilla/5.0 (Windows NT 10.0; Win64; x64; rv:75.0) Gecko/20100101 Firefox/75.0"
193.37.32.39 - - [14/Apr/2026:13:47:18 -0400] "GET /wp-includes/Text/Diff/Engine/ HTTP/1.1" 200 2445 "-" "Mozilla/5.0 (Windows NT 10.0; Win64; x64) AppleWebKit/537.36 (KHTML, like Gecko) Chrome/70.0.3538.77 Safari/537.36"
193.37.32.39 - - [14/Apr/2026:13:47:23 -0400] "GET /wp-includes/blocks/calendar/ HTTP/1.1" 200 1645 "-" "Mozilla/5.0 (Windows NT 10.0; WOW64; x64) AppleWebKit/537.36 (KHTML, like Gecko) Chrome/84.0.4147.105 Safari/537.36 OPR/70.0.3728.95"
193.37.32.39 - - [14/Apr/2026:13:47:24 -0400] "GET /wp-content/plugins/fix/ HTTP/1.1" 301 0 "-" "Mozilla/5.0 (Windows NT 10.0; Win64; x64) AppleWebKit/537.36 (KHTML, like Gecko) Chrome/58.0.3029.110 Safari/537.3"
193.37.32.39 - - [14/Apr/2026:13:47:26 -0400] "GET /wp-content/themes/twentytwentyfour/ HTTP/1.1" 301 0 "-" "Mozilla/5.0 (Macintosh; Intel Mac OS X 10_15_6) AppleWebKit/537.36 (KHTML, like Gecko) Chrome/84.0.4147.105 Safari/537.36 OPR/70.0.3728.95"
193.37.32.39 - - [14/Apr/2026:13:47:28 -0400] "GET /wp-includes/bk/ HTTP/1.1" 301 0 "-" "Mozilla/5.0 (Windows NT 10.0; Win64; x64) AppleWebKit/537.36 (KHTML, like Gecko) Chrome/58.0.3029.110 Safari/537.3"
193.37.32.39 - - [14/Apr/2026:13:47:30 -0400] "GET /wp-content/uploads/2023/05/ HTTP/1.1" 200 82494 "-" "Mozilla/5.0 (Windows NT 10.0; Win64; x64; rv:75.0) Gecko/20100101 Firefox/75.0"
193.37.32.39 - - [14/Apr/2026:13:47:32 -0400] "GET /wp-includes/Text/ HTTP/1.1" 200 1839 "-" "Mozilla/5.0 (Windows NT 6.1; Win64; x64) AppleWebKit/537.36 (KHTML, like Gecko) Chrome/74.0.3729.169 Safari/537.36"
193.37.32.39 - - [14/Apr/2026:13:47:33 -0400] "GET /wp-includes/Text/wp-includes/Text/Diff.php HTTP/1.1" 301 0 "-" "Mozilla/5.0 (Windows NT 10.0; WOW64) AppleWebKit/537.36 (KHTML, like Gecko) Chrome/84.0.4147.105 Safari/537.36"
193.37.32.39 - - [14/Apr/2026:13:47:33 -0400] "GET /wp-includes/sitemaps/ HTTP/1.1" 200 4129 "-" "Mozilla/5.0 (Windows NT 10.0; Win64; x64; rv:71.0) Gecko/20100101 Firefox/71.0"
193.37.32.39 - - [14/Apr/2026:13:47:36 -0400] "GET /wp-includes/sitemaps/wp-includes/sitemaps/class-wp-sitemaps-provider.php HTTP/1.1" 301 0 "-" "Mozilla/5.0 (Windows NT 10.0) AppleWebKit/537.36 (KHTML, like Gecko) Chrome/84.0.4147.105 Safari/537.36"
193.37.32.39 - - [14/Apr/2026:13:47:08 -0400] "GET /blog/wp-admin/ HTTP/1.1" 301 0 "-" "Mozilla/5.0 (Macintosh; Intel Mac OS X 10_15_6) AppleWebKit/537.36 (KHTML, like Gecko) Chrome/84.0.4147.125 Safari/537.36"
193.37.32.39 - - [14/Apr/2026:13:47:09 -0400] "GET /wp-content/themes/twentyfive/ HTTP/1.1" 301 0 "-" "Mozilla/5.0 (Windows NT 10.0; Win64; x64; rv:72.0) Gecko/20100101 Firefox/72.0"
193.37.32.39 - - [14/Apr/2026:13:47:11 -0400] "GET /.bod/.ll/ HTTP/1.1" 301 0 "-" "Mozilla/5.0 (Macintosh; Intel Mac OS X 10_15_6) AppleWebKit/537.36 (KHTML, like Gecko) Chrome/84.0.4147.105 Safari/537.36 OPR/70.0.3728.95"
193.37.32.39 - - [14/Apr/2026:13:47:16 -0400] "GET /wp-includes/sitemaps/providers/wp-includes/sitemaps/providers/class-wp-sitemaps-users.php HTTP/1.1" 301 0 "-" "Mozilla/5.0 (Windows NT 6.1; Win64; x64) AppleWebKit/537.36 (KHTML, like Gecko) Chrome/79.0.3945.130 Safari/537.36"
193.37.32.39 - - [14/Apr/2026:13:47:18 -0400] "GET /wp-includes/Text/Diff/Engine/wp-includes/Text/Diff/Engine/native.php HTTP/1.1" 301 0 "-" "Mozilla/5.0 (Macintosh; Intel Mac OS X 10_12_6) AppleWebKit/537.36 (KHTML, like Gecko) Chrome/58.0.3029.110 Safari/537.3"
193.37.32.39 - - [14/Apr/2026:13:47:19 -0400] "GET /wp-includes/Text/Diff/Engine/wp-includes/Text/Diff/Engine/shell.php HTTP/1.1" 301 0 "-" "Mozilla/5.0 (Windows NT 10.0; WOW64; Trident/7.0; .NET4.0C; .NET4.0E; .NET CLR 2.0.50727; .NET CLR 3.0.30729; .NET CLR 3.5.30729; rv:11.0) like Gecko"
193.37.32.39 - - [14/Apr/2026:13:47:20 -0400] "GET /wp-includes/Text/Diff/Engine/wp-includes/Text/Diff/Engine/string.php HTTP/1.1" 301 0 "-" "Mozilla/5.0 (Windows NT 10.0; Win64; x64; rv:67.0) Gecko/20100101 Firefox/67.0"
193.37.32.39 - - [14/Apr/2026:13:47:23 -0400] "GET /wp-includes/Text/Diff/Engine/wp-includes/Text/Diff/Engine/xdiff.php HTTP/1.1" 301 0 "-" "Mozilla/5.0 (Windows NT 10.0; Win64; x64; rv:74.0) Gecko/20100101 Firefox/74.0"
193.37.32.39 - - [14/Apr/2026:13:47:23 -0400] "GET /wp-admin/css/colors/coffee/ HTTP/1.1" 200 2746 "-" "Mozilla/5.0 (Windows NT 10.0; Win64; x64) AppleWebKit/537.36 (KHTML, like Gecko) Chrome/79.0.3945.130 Safari/537.36"
193.37.32.39 - - [14/Apr/2026:13:47:29 -0400] "GET /wp-content/ALFA_DATA/alfacgiapi/ HTTP/1.1" 301 0 "-" "Mozilla/5.0 (Windows NT 10.0; Win64; x64; rv:73.0) Gecko/20100101 Firefox/73.0"
193.37.32.39 - - [14/Apr/2026:13:47:32 -0400] "GET /wp-content/themes/hello-element/ HTTP/1.1" 301 0 "-" "Mozilla/5.0 (Windows NT 10.0; Win64; x64; rv:76.0) Gecko/20100101 Firefox/76.0"
193.37.32.39 - - [14/Apr/2026:13:47:34 -0400] "GET /wp-includes/sitemaps/wp-includes/sitemaps/class-wp-sitemaps-index.php HTTP/1.1" 301 0 "-" "Mozilla/5.0 (Windows NT 10.0; Win64; x64; rv:72.0) Gecko/20100101 Firefox/72.0"
193.37.32.39 - - [14/Apr/2026:13:47:38 -0400] "GET /wp-includes/sitemaps/wp-includes/sitemaps/class-wp-sitemaps-renderer.php HTTP/1.1" 301 0 "-" "Mozilla/5.0 (Windows NT 10.0; Win64; x64) AppleWebKit/537.36 (KHTML, like Gecko) Chrome/84.0.4147.105 Safari/537.36"
193.37.32.39 - - [14/Apr/2026:13:47:41 -0400] "GET /wp-includes/sitemaps/wp-includes/sitemaps/class-wp-sitemaps.php HTTP/1.1" 301 0 "-" "Mozilla/5.0 (X11; Fedora; Linux x86_64; rv:79.0) Gecko/20100101 Firefox/79.0"
193.37.32.39 - - [14/Apr/2026:13:47:41 -0400] "GET /wp-includes/sodium_compat/ HTTP/1.1" 200 3533 "-" "Mozilla/5.0 (Windows NT 10.0; Win64; x64; rv:79.0) Gecko/20100101 Firefox/79.0"
193.37.32.39 - - [14/Apr/2026:13:47:42 -0400] "GET /wp-includes/sodium_compat/wp-includes/sodium_compat/autoload.php HTTP/1.1" 301 0 "-" "Mozilla/5.0 (Windows NT 6.3; Win64; x64; rv:73.0) Gecko/20100101 Firefox/73.0"
193.37.32.39 - - [14/Apr/2026:13:47:53 -0400] "GET /wp-includes/sodium_compat/src/wp-includes/sodium_compat/src/SodiumException.php HTTP/1.1" 301 0 "-" "Mozilla/5.0 (Windows NT 10.0; Win64; x64; rv:77.0) Gecko/20100101 Firefox/77.0"
193.37.32.39 - - [14/Apr/2026:13:47:54 -0400] "GET /wp-content/plugins/erinyani/ HTTP/1.1" 301 0 "-" "Mozilla/5.0 (Windows NT 10.0; Win64; x64; rv:73.0) Gecko/20100101 Firefox/73.0"
193.37.32.39 - - [14/Apr/2026:13:47:37 -0400] "GET /wp-includes/sitemaps/wp-includes/sitemaps/class-wp-sitemaps-registry.php HTTP/1.1" 301 0 "-" "Mozilla/5.0 (Windows NT 10.0; Win64; x64) AppleWebKit/537.36 (KHTML, like Gecko) Chrome/75.0.3770.100 Safari/537.36"
193.37.32.39 - - [14/Apr/2026:13:47:40 -0400] "GET /wp-includes/sitemaps/wp-includes/sitemaps/class-wp-sitemaps-stylesheet.php HTTP/1.1" 301 0 "-" "Mozilla/5.0 (Windows NT 10.0; Win64; x64) AppleWebKit/537.36 (KHTML, like Gecko) Chrome/74.0.3729.157 Safari/537.36"
161.97.158.68 - - [14/Apr/2026:13:47:41 -0400] "GET /wp-includes/ID3/ HTTP/1.1" 200 1604 "binance.com" "Mozilla/5.0 (Windows NT 10.0; Win64; x64) AppleWebKit/537.36 (KHTML, like Gecko) Chrome/90.0.4430.85 Safari/537.36"
193.37.32.39 - - [14/Apr/2026:13:47:43 -0400] "GET /wp-includes/js/dist/ HTTP/1.1" 200 27119 "-" "Mozilla/5.0 (Windows NT 10.0; Win64; x64; rv:71.0) Gecko/20100101 Firefox/71.0"
193.37.32.39 - - [14/Apr/2026:13:47:44 -0400] "GET /wp-includes/sodium_compat/src/ HTTP/1.1" 200 4144 "-" "Mozilla/5.0 (Windows NT 10.0; Win64; x64; rv:74.0) Gecko/20100101 Firefox/74.0"
193.37.32.39 - - [14/Apr/2026:13:47:44 -0400] "GET /wp-includes/sodium_compat/src/wp-includes/sodium_compat/src/Compat.php HTTP/1.1" 301 0 "-" "Mozilla/5.0 (Windows NT 6.1; Win64; x64) AppleWebKit/537.36 (KHTML, like Gecko) Chrome/78.0.3904.108 Safari/537.36"
193.37.32.39 - - [14/Apr/2026:13:47:45 -0400] "GET /wp-includes/sodium_compat/src/wp-includes/sodium_compat/src/Crypto.php HTTP/1.1" 301 0 "-" "Mozilla/5.0 (Windows NT 10.0; Win64; x64) AppleWebKit/537.36 (KHTML, like Gecko) Chrome/84.0.4147.105 Safari/537.36"
193.37.32.39 - - [14/Apr/2026:13:47:47 -0400] "GET /wp-includes/sodium_compat/src/wp-includes/sodium_compat/src/Crypto32.php HTTP/1.1" 301 0 "-" "Mozilla/5.0 (X11; Fedora; Linux x86_64; rv:79.0) Gecko/20100101 Firefox/79.0"
161.97.158.68 - - [14/Apr/2026:13:47:48 -0400] "GET /wp-includes/ID3/ HTTP/1.1" 200 1604 "binance.com" "Mozilla/5.0 (Windows NT 10.0; Win64; x64) AppleWebKit/537.36 (KHTML, like Gecko) Chrome/90.0.4430.85 Safari/537.36"
193.37.32.39 - - [14/Apr/2026:13:47:50 -0400] "GET /wp-includes/sodium_compat/src/wp-includes/sodium_compat/src/File.php HTTP/1.1" 301 0 "-" "Mozilla/5.0 (Windows NT 10.0; Win64; x64) AppleWebKit/537.36 (KHTML, like Gecko) Chrome/58.0.3029.110 Safari/537.3"
161.97.158.68 - - [14/Apr/2026:13:48:02 -0400] "GET /wp-includes/IXR/ HTTP/1.1" 200 1326 "binance.com" "Mozilla/5.0 (Windows NT 10.0; Win64; x64) AppleWebKit/537.36 (KHTML, like Gecko) Chrome/90.0.4430.85 Safari/537.36"
161.97.158.68 - - [14/Apr/2026:13:48:10 -0400] "GET /wp-includes/IXR/ HTTP/1.1" 200 1326 "binance.com" "Mozilla/5.0 (Windows NT 10.0; Win64; x64) AppleWebKit/537.36 (KHTML, like Gecko) Chrome/90.0.4430.85 Safari/537.36"
193.37.32.39 - - [14/Apr/2026:13:48:10 -0400] "GET /wp-includes/SimplePie/Cache/wp-includes/SimplePie/Cache/Memcache.php HTTP/1.1" 301 0 "-" "Mozilla/5.0 (Windows NT 10.0; Win64; x64) AppleWebKit/537.36 (KHTML, like Gecko) Chrome/79.0.3945.79 Safari/537.36"
193.37.32.39 - - [14/Apr/2026:13:48:14 -0400] "GET /wp-includes/SimplePie/Cache/wp-includes/SimplePie/Cache/MySQL.php HTTP/1.1" 301 0 "-" "Mozilla/5.0 (Macintosh; Intel Mac OS X 10_15_6) AppleWebKit/537.36 (KHTML, like Gecko) Chrome/84.0.4147.105 Safari/537.36 OPR/70.0.3728.95"
193.37.32.39 - - [14/Apr/2026:13:48:16 -0400] "GET /wp-includes/SimplePie/Cache/wp-includes/SimplePie/Cache/Redis.php HTTP/1.1" 301 0 "-" "Mozilla/5.0 (Macintosh; Intel Mac OS X 10_15_6) AppleWebKit/537.36 (KHTML, like Gecko) Chrome/84.0.4147.105 Safari/537.36 OPR/70.0.3728.95"
193.37.32.39 - - [14/Apr/2026:13:48:17 -0400] "GET /wp-includes/js/tinymce/plugins/fullscreen/ HTTP/1.1" 200 1989 "-" "Mozilla/5.0 (Windows NT 10.0; Win64; x64) AppleWebKit/537.36 (KHTML, like Gecko) Chrome/75.0.3770.100 Safari/537.36"
193.37.32.39 - - [14/Apr/2026:13:48:17 -0400] "GET /wp-content/languages/themes/ HTTP/1.1" 301 0 "-" "Mozilla/5.0 (Macintosh; Intel Mac OS X 10_15_6) AppleWebKit/537.36 (KHTML, like Gecko) Chrome/84.0.4147.125 Safari/537.36"
193.37.32.39 - - [14/Apr/2026:13:47:59 -0400] "GET /wp-includes/SimplePie/Parse/ HTTP/1.1" 200 1650 "-" "Mozilla/5.0 (Windows NT 10.0; WOW64; Trident/7.0; .NET4.0C; .NET4.0E; .NET CLR 2.0.50727; .NET CLR 3.0.30729; .NET CLR 3.5.30729; rv:11.0) like Gecko"
193.37.32.39 - - [14/Apr/2026:13:48:00 -0400] "GET /wp-includes/SimplePie/Parse/wp-includes/SimplePie/Parse/Date.php HTTP/1.1" 301 0 "-" "Mozilla/5.0 (Macintosh; Intel Mac OS X 10.15; rv:79.0) Gecko/20100101 Firefox/79.0"
193.37.32.39 - - [14/Apr/2026:13:48:04 -0400] "GET /wp-content/themes/sky-pro/ HTTP/1.1" 301 0 "-" "Mozilla/5.0 (Macintosh; Intel Mac OS X 10_10_1) AppleWebKit/537.36 (KHTML, like Gecko) Chrome/39.0.2171.95 Safari/537.36"
193.37.32.39 - - [14/Apr/2026:13:48:06 -0400] "GET /wp-includes/SimplePie/Cache/ HTTP/1.1" 200 3863 "-" "Mozilla/5.0 (Windows NT 6.1; Win64; x64) AppleWebKit/537.36 (KHTML, like Gecko) Chrome/79.0.3945.130 Safari/537.36"
193.37.32.39 - - [14/Apr/2026:13:48:07 -0400] "GET /wp-includes/SimplePie/Cache/wp-includes/SimplePie/Cache/Base.php HTTP/1.1" 301 0 "-" "Mozilla/5.0 (Windows NT 10.0; WOW64) AppleWebKit/537.36 (KHTML, like Gecko) Chrome/72.0.3626.121 Safari/537.36"
193.37.32.39 - - [14/Apr/2026:13:48:08 -0400] "GET /wp-includes/SimplePie/Cache/wp-includes/SimplePie/Cache/DB.php HTTP/1.1" 301 0 "-" "Mozilla/5.0 (Macintosh; Intel Mac OS X 10.15; rv:79.0) Gecko/20100101 Firefox/79.0"
193.37.32.39 - - [14/Apr/2026:13:48:09 -0400] "GET /wp-includes/SimplePie/Cache/wp-includes/SimplePie/Cache/File.php HTTP/1.1" 301 0 "-" "Mozilla/5.0 (Macintosh; Intel Mac OS X 10_12_6) AppleWebKit/537.36 (KHTML, like Gecko) Chrome/58.0.3029.110 Safari/537.3"
193.37.32.39 - - [14/Apr/2026:13:48:12 -0400] "GET /wp-includes/SimplePie/Cache/wp-includes/SimplePie/Cache/Memcached.php HTTP/1.1" 301 0 "-" "Mozilla/5.0 (Windows NT 10.0; Win64; x64) AppleWebKit/537.36 (KHTML, like Gecko) Chrome/70.0.3538.77 Safari/537.36"
193.37.32.39 - - [14/Apr/2026:13:48:18 -0400] "GET /admin/controller/extension/extension/ HTTP/1.1" 301 0 "-" "Mozilla/5.0 (Windows NT 10.0; WOW64) AppleWebKit/537.36 (KHTML, like Gecko) Chrome/84.0.4147.105 Safari/537.36"
161.97.158.68 - - [14/Apr/2026:13:48:20 -0400] "GET /wp-includes/PHPMailer/ HTTP/1.1" 200 869 "binance.com" "Mozilla/5.0 (Windows NT 10.0; Win64; x64) AppleWebKit/537.36 (KHTML, like Gecko) Chrome/90.0.4430.85 Safari/537.36"
193.37.32.39 - - [14/Apr/2026:13:48:20 -0400] "GET /img/ HTTP/1.1" 301 0 "-" "Mozilla/5.0 (Windows NT 10.0; Win64; x64) AppleWebKit/537.36 (KHTML, like Gecko) Chrome/77.0.3865.90 Safari/537.36"
193.37.32.39 - - [14/Apr/2026:13:48:21 -0400] "GET /wp-includes/interactivity-api/ HTTP/1.1" 301 0 "-" "Mozilla/5.0 (Windows NT 10.0) AppleWebKit/537.36 (KHTML, like Gecko) Chrome/72.0.3626.121 Safari/537.36"
193.37.32.39 - - [14/Apr/2026:13:48:21 -0400] "GET /wp-includes/l10n/ HTTP/1.1" 301 0 "-" "Mozilla/5.0 (Macintosh; Intel Mac OS X 10_15_6) AppleWebKit/537.36 (KHTML, like Gecko) Chrome/84.0.4147.105 Safari/537.36"
193.37.32.39 - - [14/Apr/2026:13:48:24 -0400] "GET /.trash7309/ HTTP/1.1" 301 0 "-" "Mozilla/5.0 (Windows NT 10.0; Win64; x64; rv:71.0) Gecko/20100101 Firefox/71.0"
193.37.32.39 - - [14/Apr/2026:13:48:27 -0400] "GET /wp-content/plugins/ioxi/ioxi/ HTTP/1.1" 301 0 "-" "Mozilla/5.0 (Windows NT 10.0; Win64; x64) AppleWebKit/537.36 (KHTML, like Gecko) Chrome/75.0.3770.100 Safari/537.36"
193.37.32.39 - - [14/Apr/2026:13:48:29 -0400] "GET /modules/ HTTP/1.1" 301 0 "-" "Mozilla/5.0 (Macintosh; Intel Mac OS X 10_10_1) AppleWebKit/537.36 (KHTML, like Gecko) Chrome/39.0.2171.95 Safari/537.36"
193.37.32.39 - - [14/Apr/2026:13:48:31 -0400] "GET /wp-includes/js/codemirror/ HTTP/1.1" 200 4199 "-" "Mozilla/5.0 (Windows NT 10.0; Win64; x64) AppleWebKit/537.36 (KHTML, like Gecko) Chrome/80.0.3987.149 Safari/537.36"
193.37.32.39 - - [14/Apr/2026:13:48:31 -0400] "GET /wp-includes/js/tinymce/langs/ HTTP/1.1" 200 1672 "-" "Mozilla/5.0 (Windows NT 10.0; Win64; x64) AppleWebKit/537.36 (KHTML, like Gecko) Chrome/69.0.3497.100 Safari/537.36"
193.37.32.39 - - [14/Apr/2026:13:48:23 -0400] "GET /tinyfilemanager/ HTTP/1.1" 301 0 "-" "Mozilla/5.0 (Windows NT 10.0; Win64; x64; rv:74.0) Gecko/20100101 Firefox/74.0"
193.37.32.39 - - [14/Apr/2026:13:48:23 -0400] "GET /wp-includes/js/tinymce/utils/ HTTP/1.1" 200 2487 "-" "Mozilla/5.0 (Windows NT 6.1; Win64; x64) AppleWebKit/537.36 (KHTML, like Gecko) Chrome/58.0.3029.110 Safari/537.3"
193.37.32.39 - - [14/Apr/2026:13:48:24 -0400] "GET /components/com_newsfeeds/models/ HTTP/1.1" 301 0 "-" "Mozilla/5.0 (Windows NT 10.0; WOW64) AppleWebKit/537.36 (KHTML, like Gecko) Chrome/84.0.4147.105 Safari/537.36"
161.97.158.68 - - [14/Apr/2026:13:48:26 -0400] "GET /wp-includes/PHPMailer/ HTTP/1.1" 200 869 "binance.com" "Mozilla/5.0 (Windows NT 10.0; Win64; x64) AppleWebKit/537.36 (KHTML, like Gecko) Chrome/90.0.4430.85 Safari/537.36"
193.37.32.39 - - [14/Apr/2026:13:48:26 -0400] "GET /wp-content/plugins/revslider/includes/external/page/ HTTP/1.1" 301 0 "-" "Mozilla/5.0 (Windows NT 6.3; Win64; x64; rv:73.0) Gecko/20100101 Firefox/73.0"
161.97.158.68 - - [14/Apr/2026:13:48:33 -0400] "GET /wp-includes/Text/ HTTP/1.1" 200 816 "binance.com" "Mozilla/5.0 (Windows NT 10.0; Win64; x64) AppleWebKit/537.36 (KHTML, like Gecko) Chrome/90.0.4430.85 Safari/537.36"
193.37.32.39 - - [14/Apr/2026:13:48:32 -0400] "GET /plugins/ HTTP/1.1" 301 0 "-" "Mozilla/5.0 (Windows NT 10.0; Win64; x64) AppleWebKit/537.36 (KHTML, like Gecko) Chrome/83.0.4103.97 Safari/537.36"
193.37.32.39 - - [14/Apr/2026:13:48:37 -0400] "GET /wordpress/wp-content/uploads/ HTTP/1.1" 301 0 "-" "Mozilla/5.0 (Windows NT 10.0; Win64; x64) AppleWebKit/537.36 (KHTML, like Gecko) Chrome/81.0.4044.129 Safari/537.36"
193.37.32.39 - - [14/Apr/2026:13:48:46 -0400] "GET /.tmb/ HTTP/1.1" 301 0 "-" "Mozilla/5.0 (Macintosh; Intel Mac OS X 10_10_1) AppleWebKit/537.36 (KHTML, like Gecko) Chrome/39.0.2171.95 Safari/537.36"
193.37.32.39 - - [14/Apr/2026:13:48:48 -0400] "GET /wp-includes/blocks/file/ HTTP/1.1" 200 1633 "-" "Mozilla/5.0 (Windows NT 10.0) AppleWebKit/537.36 (KHTML, like Gecko) Chrome/84.0.4147.105 Safari/537.36"
161.97.158.68 - - [14/Apr/2026:13:48:50 -0400] "GET /wp-includes/Text/Diff/ HTTP/1.1" 200 850 "binance.com" "Mozilla/5.0 (Windows NT 10.0; Win64; x64) AppleWebKit/537.36 (KHTML, like Gecko) Chrome/90.0.4430.85 Safari/537.36"
193.37.32.39 - - [14/Apr/2026:13:48:51 -0400] "GET /blog/ HTTP/1.1" 301 0 "-" "Mozilla/5.0 (Macintosh; Intel Mac OS X 10_12_6) AppleWebKit/537.36 (KHTML, like Gecko) Chrome/58.0.3029.110 Safari/537.3"
193.37.32.39 - - [14/Apr/2026:13:48:56 -0400] "GET /images/news_event/ HTTP/1.1" 301 0 "-" "Mozilla/5.0 (X11; Linux x86_64) AppleWebKit/537.36 (KHTML, like Gecko) Chrome/84.0.4147.105 Safari/537.36 OPR/70.0.3728.95"
193.37.32.39 - - [14/Apr/2026:13:48:57 -0400] "GET /wp-content/themes/wp-pridmag/ HTTP/1.1" 301 0 "-" "Mozilla/5.0 (X11; Linux i686; rv:79.0) Gecko/20100101 Firefox/79.0"
193.37.32.39 - - [14/Apr/2026:13:48:58 -0400] "GET /templates/beez5/ HTTP/1.1" 301 0 "-" "Mozilla/5.0 (Windows NT 10.0; Win64; x64; rv:74.0) Gecko/20100101 Firefox/74.0"
193.37.32.39 - - [14/Apr/2026:13:49:00 -0400] "GET /wp-admin/js/file/ HTTP/1.1" 301 0 "-" "Mozilla/5.0 (Windows NT 10.0; Win64; x64; rv:77.0) Gecko/20100101 Firefox/77.0"
193.37.32.39 - - [14/Apr/2026:13:49:00 -0400] "GET /wp-includes/id3/ HTTP/1.1" 301 0 "-" "Mozilla/5.0 (Windows NT 6.3; Win64; x64; rv:73.0) Gecko/20100101 Firefox/73.0"
193.37.32.39 - - [14/Apr/2026:13:49:01 -0400] "GET /upload/bilder/ HTTP/1.1" 301 0 "-" "Mozilla/5.0 (Windows NT 10.0; Win64; x64; rv:72.0) Gecko/20100101 Firefox/72.0"
193.37.32.39 - - [14/Apr/2026:13:49:02 -0400] "GET /wp-includes/Requests/Text/ HTTP/1.1" 301 0 "-" "Mozilla/5.0 (Windows NT 10.0; Win64; x64) AppleWebKit/537.36 (KHTML, like Gecko) Chrome/80.0.3987.149 Safari/537.36"
161.97.158.68 - - [14/Apr/2026:13:49:04 -0400] "GET /wp-includes/Text/Diff/Engine/ HTTP/1.1" 200 864 "binance.com" "Mozilla/5.0 (Windows NT 10.0; Win64; x64) AppleWebKit/537.36 (KHTML, like Gecko) Chrome/90.0.4430.85 Safari/537.36"
193.37.32.39 - - [14/Apr/2026:13:48:32 -0400] "GET /wp-admin/css/colors/modern/ HTTP/1.1" 200 2746 "-" "Mozilla/5.0 (Windows NT 10.0; Win64; x64) AppleWebKit/537.36 (KHTML, like Gecko) Chrome/70.0.3538.77 Safari/537.36"
193.37.32.39 - - [14/Apr/2026:13:48:32 -0400] "GET /wp-includes/blocks/group/ HTTP/1.1" 200 1636 "-" "Mozilla/5.0 (Windows NT 10.0; Win64; x64) AppleWebKit/537.36 (KHTML, like Gecko) Chrome/75.0.3770.100 Safari/537.36"
193.37.32.39 - - [14/Apr/2026:13:48:37 -0400] "GET /upload/ HTTP/1.1" 301 0 "-" "Mozilla/5.0 (X11; Fedora; Linux x86_64; rv:79.0) Gecko/20100101 Firefox/79.0"
193.37.32.39 - - [14/Apr/2026:13:48:38 -0400] "GET /wordpress/wp-includes/ HTTP/1.1" 301 0 "-" "Mozilla/5.0 (Windows NT 10.0; Win64; x64; rv:74.0) Gecko/20100101 Firefox/74.0"
161.97.158.68 - - [14/Apr/2026:13:48:43 -0400] "GET /wp-includes/Text/ HTTP/1.1" 200 816 "binance.com" "Mozilla/5.0 (Windows NT 10.0; Win64; x64) AppleWebKit/537.36 (KHTML, like Gecko) Chrome/90.0.4430.85 Safari/537.36"
193.37.32.39 - - [14/Apr/2026:13:48:44 -0400] "GET /wp-includes/css/dist/ HTTP/1.1" 200 4338 "-" "Mozilla/5.0 (Windows NT 10.0) AppleWebKit/537.36 (KHTML, like Gecko) Chrome/84.0.4147.105 Safari/537.36"
193.37.32.39 - - [14/Apr/2026:13:48:44 -0400] "GET /ALFA_DATA/alfacgiapi/ HTTP/1.1" 301 0 "-" "Mozilla/5.0 (Windows NT 6.1; Win64; x64) AppleWebKit/537.36 (KHTML, like Gecko) Chrome/58.0.3029.110 Safari/537.3"
193.37.32.39 - - [14/Apr/2026:13:48:46 -0400] "GET /wp-includes/assets/wp-includes/assets/ HTTP/1.1" 301 0 "-" "Mozilla/5.0 (Windows NT 10.0; Win64; x64) AppleWebKit/537.36 (KHTML, like Gecko) Chrome/83.0.4103.97 Safari/537.36"
193.37.32.39 - - [14/Apr/2026:13:48:49 -0400] "GET /wp-content/mu-plugins/ HTTP/1.1" 301 0 "-" "Mozilla/5.0 (Windows NT 10.0; Win64; x64) AppleWebKit/537.36 (KHTML, like Gecko) Chrome/75.0.3770.100 Safari/537.36"
193.37.32.39 - - [14/Apr/2026:13:48:53 -0400] "GET /include/ HTTP/1.1" 301 0 "-" "Mozilla/5.0 (Windows NT 10.0; Win64; x64) AppleWebKit/537.36 (KHTML, like Gecko) Chrome/79.0.3945.79 Safari/537.36"
193.37.32.39 - - [14/Apr/2026:13:48:54 -0400] "GET /file/ HTTP/1.1" 301 0 "-" "Mozilla/5.0 (X11; Ubuntu; Linux i686; rv:79.0) Gecko/20100101 Firefox/79.0"
193.37.32.39 - - [14/Apr/2026:13:48:54 -0400] "GET /wp-content/themes/twentytwentyfour/patterns/ HTTP/1.1" 301 0 "-" "Mozilla/5.0 (Windows NT 10.0; Win64; x64) AppleWebKit/537.36 (KHTML, like Gecko) Chrome/69.0.3497.100 Safari/537.36"
161.97.158.68 - - [14/Apr/2026:13:48:56 -0400] "GET /wp-includes/Text/Diff/ HTTP/1.1" 200 850 "binance.com" "Mozilla/5.0 (Windows NT 10.0; Win64; x64) AppleWebKit/537.36 (KHTML, like Gecko) Chrome/90.0.4430.85 Safari/537.36"
193.37.32.39 - - [14/Apr/2026:13:49:01 -0400] "GET /wp-includes/js/imgareaselect/ HTTP/1.1" 200 2850 "-" "Mozilla/5.0 (Macintosh; Intel Mac OS X 10_15_6) AppleWebKit/537.36 (KHTML, like Gecko) Chrome/84.0.4147.105 Safari/537.36 OPR/70.0.3728.95"
193.37.32.39 - - [14/Apr/2026:13:49:03 -0400] "GET /wp-includes/sodium_compat/lib/ HTTP/1.1" 200 2817 "-" "Mozilla/5.0 (Windows NT 10.0; Win64; x64) AppleWebKit/537.36 (KHTML, like Gecko) Chrome/83.0.4103.61 Safari/537.36"
193.37.32.39 - - [14/Apr/2026:13:49:03 -0400] "GET /wp-includes/sodium_compat/lib/wp-includes/sodium_compat/lib/constants.php HTTP/1.1" 301 0 "-" "Mozilla/5.0 (Windows NT 10.0; Win64; x64; rv:79.0) Gecko/20100101 Firefox/79.0"
193.37.32.39 - - [14/Apr/2026:13:49:05 -0400] "GET /wp-includes/sodium_compat/lib/wp-includes/sodium_compat/lib/php72compat.php HTTP/1.1" 301 0 "-" "Mozilla/5.0 (compatible; MSIE 10.0; Windows NT 6.1; Trident/6.0)"
193.37.32.39 - - [14/Apr/2026:13:49:05 -0400] "GET /wp-includes/sodium_compat/lib/wp-includes/sodium_compat/lib/php72compat_const.php HTTP/1.1" 301 0 "-" "Mozilla/5.0 (Windows NT 10.0; Win64; x64; rv:75.0) Gecko/20100101 Firefox/75.0"
193.37.32.39 - - [14/Apr/2026:13:49:10 -0400] "GET /wp-includes/sodium_compat/lib/wp-includes/sodium_compat/lib/sodium_compat.php HTTP/1.1" 301 0 "-" "Mozilla/5.0 (Windows NT 10.0; Win64; x64) AppleWebKit/537.36 (KHTML, like Gecko) Chrome/77.0.3865.90 Safari/537.36"
193.37.32.39 - - [14/Apr/2026:13:49:04 -0400] "GET /wp-includes/sodium_compat/lib/wp-includes/sodium_compat/lib/namespaced.php HTTP/1.1" 301 0 "-" "Mozilla/5.0 (Windows NT 10.0; Win64; x64) AppleWebKit/537.36 (KHTML, like Gecko) Chrome/83.0.4103.61 Safari/537.36"
193.37.32.39 - - [14/Apr/2026:13:49:15 -0400] "GET /wp-includes/js/jcrop/ HTTP/1.1" 200 2189 "-" "Mozilla/5.0 (X11; Ubuntu; Linux x86_64; rv:79.0) Gecko/20100101 Firefox/79.0"
193.37.32.39 - - [14/Apr/2026:13:49:15 -0400] "GET /wp-content/uploads/2021/ HTTP/1.1" 200 4821 "-" "Mozilla/5.0 (Windows NT 10.0; Win64; x64) AppleWebKit/537.36 (KHTML, like Gecko) Chrome/79.0.3945.130 Safari/537.36"
193.37.32.39 - - [14/Apr/2026:13:49:20 -0400] "GET /wp-includes/block-bindings/ HTTP/1.1" 301 0 "-" "Mozilla/5.0 (Windows NT 10.0; Win64; x64) AppleWebKit/537.36 (KHTML, like Gecko) Chrome/74.0.3729.157 Safari/537.36"
193.37.32.39 - - [14/Apr/2026:13:49:21 -0400] "GET /wp-includes/Requests/Auth/ HTTP/1.1" 200 1645 "-" "Mozilla/5.0 (Windows NT 10.0; Win64; x64; rv:75.0) Gecko/20100101 Firefox/75.0"
161.97.158.68 - - [14/Apr/2026:13:49:25 -0400] "GET /wp-includes/Text/Diff/Renderer/ HTTP/1.1" 200 788 "binance.com" "Mozilla/5.0 (Windows NT 10.0; Win64; x64) AppleWebKit/537.36 (KHTML, like Gecko) Chrome/90.0.4430.85 Safari/537.36"
193.37.32.39 - - [14/Apr/2026:13:49:25 -0400] "GET /wp-content/plugins/classic-editor/ HTTP/1.1" 301 0 "-" "Mozilla/5.0 (Windows NT 10.0; Win64; x64) AppleWebKit/537.36 (KHTML, like Gecko) Chrome/83.0.4103.97 Safari/537.36"
193.37.32.39 - - [14/Apr/2026:13:49:26 -0400] "GET /wordpress/wp-admin/includes/ HTTP/1.1" 301 0 "-" "Mozilla/5.0 (Windows NT 10.0; Win64; x64) AppleWebKit/537.36 (KHTML, like Gecko) Chrome/80.0.3987.149 Safari/537.36"
193.37.32.39 - - [14/Apr/2026:13:49:28 -0400] "GET /files/shares/ HTTP/1.1" 301 0 "-" "Mozilla/5.0 (compatible; MSIE 10.0; Windows NT 6.1; Trident/6.0)"
161.97.158.68 - - [14/Apr/2026:13:49:33 -0400] "GET /wp-includes/Text/Diff/Renderer/ HTTP/1.1" 200 788 "binance.com" "Mozilla/5.0 (Windows NT 10.0; Win64; x64) AppleWebKit/537.36 (KHTML, like Gecko) Chrome/90.0.4430.85 Safari/537.36"
161.97.158.68 - - [14/Apr/2026:13:49:40 -0400] "GET /wp-includes/blocks/ HTTP/1.1" 500 0 "binance.com" "Mozilla/5.0 (Windows NT 10.0; Win64; x64) AppleWebKit/537.36 (KHTML, like Gecko) Chrome/90.0.4430.85 Safari/537.36"
161.97.158.68 - - [14/Apr/2026:13:49:13 -0400] "GET /wp-includes/Text/Diff/Engine/ HTTP/1.1" 200 864 "binance.com" "Mozilla/5.0 (Windows NT 10.0; Win64; x64) AppleWebKit/537.36 (KHTML, like Gecko) Chrome/90.0.4430.85 Safari/537.36"
193.37.32.39 - - [14/Apr/2026:13:49:15 -0400] "GET /assets/js/ HTTP/1.1" 301 0 "-" "Mozilla/5.0 (Windows NT 6.1; Win64; x64) AppleWebKit/537.36 (KHTML, like Gecko) Chrome/78.0.3904.108 Safari/537.36"
193.37.32.39 - - [14/Apr/2026:13:49:21 -0400] "GET /wp-includes/Requests/Auth/wp-includes/Requests/Auth/Basic.php HTTP/1.1" 301 0 "-" "Mozilla/5.0 (Windows NT 10.0; Win64; x64) AppleWebKit/537.36 (KHTML, like Gecko) Chrome/83.0.4103.61 Safari/537.36"
193.37.32.39 - - [14/Apr/2026:13:49:22 -0400] "GET /wp-includes/Requests/library/ HTTP/1.1" 301 0 "-" "Mozilla/5.0 (Windows NT 10.0; Win64; x64) AppleWebKit/537.36 (KHTML, like Gecko) Chrome/74.0.3729.169 Safari/537.36"
193.37.32.39 - - [14/Apr/2026:13:49:27 -0400] "GET /backup/ HTTP/1.1" 301 0 "-" "Mozilla/5.0 (X11; Ubuntu; Linux x86_64; rv:79.0) Gecko/20100101 Firefox/79.0"
161.97.158.68 - - [14/Apr/2026:13:49:46 -0400] "GET /wp-includes/pomo/ HTTP/1.1" 200 1214 "binance.com" "Mozilla/5.0 (Windows NT 10.0; Win64; x64) AppleWebKit/537.36 (KHTML, like Gecko) Chrome/90.0.4430.85 Safari/537.36"
161.97.158.68 - - [14/Apr/2026:13:50:20 -0400] "GET /wp-includes/sitemaps/providers/ HTTP/1.1" 200 850 "binance.com" "Mozilla/5.0 (Windows NT 10.0; Win64; x64) AppleWebKit/537.36 (KHTML, like Gecko) Chrome/90.0.4430.85 Safari/537.36"
161.97.158.68 - - [14/Apr/2026:13:50:27 -0400] "GET /wp-includes/sitemaps/providers/ HTTP/1.1" 200 850 "binance.com" "Mozilla/5.0 (Windows NT 10.0; Win64; x64) AppleWebKit/537.36 (KHTML, like Gecko) Chrome/90.0.4430.85 Safari/537.36"
161.97.158.68 - - [14/Apr/2026:13:50:35 -0400] "GET /wp-includes/widgets/ HTTP/1.1" 200 1568 "binance.com" "Mozilla/5.0 (Windows NT 10.0; Win64; x64) AppleWebKit/537.36 (KHTML, like Gecko) Chrome/90.0.4430.85 Safari/537.36"
161.97.158.68 - - [14/Apr/2026:13:50:41 -0400] "GET /wp-includes/widgets/ HTTP/1.1" 200 1568 "binance.com" "Mozilla/5.0 (Windows NT 10.0; Win64; x64) AppleWebKit/537.36 (KHTML, like Gecko) Chrome/90.0.4430.85 Safari/537.36"
161.97.158.68 - - [14/Apr/2026:13:50:52 -0400] "GET /wp-includes/css/ HTTP/1.1" 200 2051 "binance.com" "Mozilla/5.0 (Windows NT 10.0; Win64; x64) AppleWebKit/537.36 (KHTML, like Gecko) Chrome/90.0.4430.85 Safari/537.36"
161.97.158.68 - - [14/Apr/2026:13:51:01 -0400] "GET /wp-includes/css/dist/ HTTP/1.1" 200 1231 "binance.com" "Mozilla/5.0 (Windows NT 10.0; Win64; x64) AppleWebKit/537.36 (KHTML, like Gecko) Chrome/90.0.4430.85 Safari/537.36"
43.166.129.247 - - [14/Apr/2026:13:51:14 -0400] "GET / HTTP/1.1" 301 0 "-" "Mozilla/5.0 (iPhone; CPU iPhone OS 13_2_3 like Mac OS X) AppleWebKit/605.1.15 (KHTML, like Gecko) Version/13.0.3 Mobile/15E148 Safari/604.1"
161.97.158.68 - - [14/Apr/2026:13:51:16 -0400] "GET /wp-includes/images/ HTTP/1.1" 200 1791 "binance.com" "Mozilla/5.0 (Windows NT 10.0; Win64; x64) AppleWebKit/537.36 (KHTML, like Gecko) Chrome/90.0.4430.85 Safari/537.36"
161.97.158.68 - - [14/Apr/2026:13:51:29 -0400] "GET /wp-includes/images/media/ HTTP/1.1" 200 1255 "binance.com" "Mozilla/5.0 (Windows NT 10.0; Win64; x64) AppleWebKit/537.36 (KHTML, like Gecko) Chrome/90.0.4430.85 Safari/537.36"
161.97.158.68 - - [14/Apr/2026:13:51:36 -0400] "GET /wp-includes/images/smilies/ HTTP/1.1" 200 1635 "binance.com" "Mozilla/5.0 (Windows NT 10.0; Win64; x64) AppleWebKit/537.36 (KHTML, like Gecko) Chrome/90.0.4430.85 Safari/537.36"
161.97.158.68 - - [14/Apr/2026:13:51:49 -0400] "GET /wp-includes/js/%20 HTTP/1.1" 301 0 "binance.com" "Mozilla/5.0 (Windows NT 10.0; Win64; x64) AppleWebKit/537.36 (KHTML, like Gecko) Chrome/90.0.4430.85 Safari/537.36"
161.97.158.68 - - [14/Apr/2026:13:51:53 -0400] "GET /wp-includes/js/ HTTP/1.1" 200 3749 "binance.com" "Mozilla/5.0 (Windows NT 10.0; Win64; x64) AppleWebKit/537.36 (KHTML, like Gecko) Chrome/90.0.4430.85 Safari/537.36"
161.97.158.68 - - [14/Apr/2026:13:52:00 -0400] "GET /wp-includes/js/codemirror/ HTTP/1.1" 200 1301 "binance.com" "Mozilla/5.0 (Windows NT 10.0; Win64; x64) AppleWebKit/537.36 (KHTML, like Gecko) Chrome/90.0.4430.85 Safari/537.36"
161.97.158.68 - - [14/Apr/2026:13:52:06 -0400] "GET /wp-includes/js/plupload/ HTTP/1.1" 200 1328 "binance.com" "Mozilla/5.0 (Windows NT 10.0; Win64; x64) AppleWebKit/537.36 (KHTML, like Gecko) Chrome/90.0.4430.85 Safari/537.36"
161.97.158.68 - - [14/Apr/2026:13:52:12 -0400] "GET /.well-known/ HTTP/1.1" 200 762 "binance.com" "Mozilla/5.0 (Windows NT 10.0; Win64; x64) AppleWebKit/537.36 (KHTML, like Gecko) Chrome/90.0.4430.85 Safari/537.36"
161.97.158.68 - - [14/Apr/2026:13:49:54 -0400] "GET /wp-includes/pomo/ HTTP/1.1" 200 1214 "binance.com" "Mozilla/5.0 (Windows NT 10.0; Win64; x64) AppleWebKit/537.36 (KHTML, like Gecko) Chrome/90.0.4430.85 Safari/537.36"
161.97.158.68 - - [14/Apr/2026:13:50:03 -0400] "GET /wp-includes/sitemaps/ HTTP/1.1" 200 1267 "binance.com" "Mozilla/5.0 (Windows NT 10.0; Win64; x64) AppleWebKit/537.36 (KHTML, like Gecko) Chrome/90.0.4430.85 Safari/537.36"
161.97.158.68 - - [14/Apr/2026:13:50:10 -0400] "GET /wp-includes/sitemaps/ HTTP/1.1" 200 1267 "binance.com" "Mozilla/5.0 (Windows NT 10.0; Win64; x64) AppleWebKit/537.36 (KHTML, like Gecko) Chrome/90.0.4430.85 Safari/537.36"
161.97.158.68 - - [14/Apr/2026:13:51:09 -0400] "GET /wp-includes/fonts/ HTTP/1.1" 200 884 "binance.com" "Mozilla/5.0 (Windows NT 10.0; Win64; x64) AppleWebKit/537.36 (KHTML, like Gecko) Chrome/90.0.4430.85 Safari/537.36"
161.97.158.68 - - [14/Apr/2026:13:51:23 -0400] "GET /wp-includes/images/crystal/ HTTP/1.1" 200 1335 "binance.com" "Mozilla/5.0 (Windows NT 10.0; Win64; x64) AppleWebKit/537.36 (KHTML, like Gecko) Chrome/90.0.4430.85 Safari/537.36"
161.97.158.68 - - [14/Apr/2026:13:51:42 -0400] "GET /wp-includes/images/wlw/ HTTP/1.1" 200 837 "binance.com" "Mozilla/5.0 (Windows NT 10.0; Win64; x64) AppleWebKit/537.36 (KHTML, like Gecko) Chrome/90.0.4430.85 Safari/537.36"
216.244.66.227 - - [14/Apr/2026:13:58:27 -0400] "GET /page/95/ HTTP/1.1" 301 0 "-" "Mozilla/5.0 (compatible; DotBot/1.2; +https://opensiteexplorer.org/dotbot; [email protected])"
162.213.253.84 - - [14/Apr/2026:14:02:00 -0400] "POST /wp-cron.php?doing_wp_cron=1776189719.7135739326477050781250 HTTP/1.1" 200 0 "http://www.thedubaitoday.com/wp-cron.php?doing_wp_cron=1776189719.7135739326477050781250" "WordPress/5.5.16; https://www.thedubaitoday.com"
104.28.229.13 - - [14/Apr/2026:14:01:58 -0400] "GET /wp-json/wp/v2/posts HTTP/1.1" 200 51386 "-" "Mozilla/5.0 (Windows NT 10.0; Win64; x64) AppleWebKit/537.36 (KHTML, like Gecko) Chrome/120.0.0.0 Safari/537.36"
216.244.66.227 - - [14/Apr/2026:14:31:18 -0400] "GET /robots.txt HTTP/1.1" 200 122 "-" "Mozilla/5.0 (compatible; DotBot/1.2; +https://opensiteexplorer.org/dotbot; [email protected])"
124.217.64.76 - - [14/Apr/2026:14:25:35 -0400] "GET /wp-json/wp/v2/posts HTTP/1.1" 200 51386 "-" "Mozilla/5.0 (Windows NT 10.0; Win64; x64) AppleWebKit/537.36 (KHTML, like Gecko) Chrome/120.0.0.0 Safari/537.36"
216.244.66.227 - - [14/Apr/2026:14:42:18 -0400] "GET /?feed=rss2&p=9354 HTTP/1.1" 301 0 "-" "Mozilla/5.0 (compatible; DotBot/1.2; +https://opensiteexplorer.org/dotbot; [email protected])"
216.244.66.227 - - [14/Apr/2026:14:43:11 -0400] "GET /page/25/ HTTP/1.1" 301 0 "-" "Mozilla/5.0 (compatible; DotBot/1.2; +https://opensiteexplorer.org/dotbot; [email protected])"
216.244.66.227 - - [14/Apr/2026:14:43:15 -0400] "GET /page/52/ HTTP/1.1" 301 0 "-" "Mozilla/5.0 (compatible; DotBot/1.2; +https://opensiteexplorer.org/dotbot; [email protected])"
43.153.74.75 - - [14/Apr/2026:14:47:27 -0400] "GET / HTTP/1.1" 301 0 "-" "Mozilla/5.0 (iPhone; CPU iPhone OS 13_2_3 like Mac OS X) AppleWebKit/605.1.15 (KHTML, like Gecko) Version/13.0.3 Mobile/15E148 Safari/604.1"
34.83.237.190 - - [14/Apr/2026:15:01:48 -0400] "HEAD /new/ HTTP/1.1" 301 0 "-" "Mozilla/5.0 (Macintosh; Intel Mac OS X 15_0) AppleWebKit/537.36 (KHTML, like Gecko) Chrome/125.0.6422.141 Safari/537.36"
34.83.237.190 - - [14/Apr/2026:15:01:51 -0400] "HEAD /wp/ HTTP/1.1" 404 0 "http://thedubaitoday.com/wp/" "Mozilla/5.0 (X11; Linux x86_64) AppleWebKit/537.36 (KHTML, like Gecko) Chrome/125.0.6422.76 Safari/537.36"
34.83.237.190 - - [14/Apr/2026:15:01:51 -0400] "HEAD / HTTP/1.1" 301 0 "-" "Mozilla/5.0 (Linux; Android 12; TECNO CK6n) AppleWebKit/537.36 (KHTML, like Gecko) Chrome/125.0.6422.50 Mobile Safari/537.36"
34.83.237.190 - - [14/Apr/2026:15:01:51 -0400] "HEAD /wordpress/ HTTP/1.1" 301 0 "-" "Mozilla/5.0 (Windows NT 10.0; Win64; x64) AppleWebKit/537.36 (KHTML, like Gecko) Chrome/127.0.6534.42 Safari/537.36"
34.83.237.190 - - [14/Apr/2026:15:01:52 -0400] "HEAD /wordpress/ HTTP/1.1" 404 0 "http://thedubaitoday.com/wordpress/" "Mozilla/5.0 (Windows NT 10.0; Win64; x64) AppleWebKit/537.36 (KHTML, like Gecko) Chrome/127.0.6534.42 Safari/537.36"
34.83.237.190 - - [14/Apr/2026:15:01:53 -0400] "HEAD /old/ HTTP/1.1" 404 0 "http://thedubaitoday.com/old/" "Mozilla/5.0 (Linux; Android 12; Redmi Note 11) AppleWebKit/537.36 (KHTML, like Gecko) Chrome/123.0.6312.112 Mobile Safari/537.36"
34.83.237.190 - - [14/Apr/2026:15:01:53 -0400] "HEAD /blog/ HTTP/1.1" 301 0 "-" "Mozilla/5.0 (Macintosh; Intel Mac OS X 15_0) AppleWebKit/537.36 (KHTML, like Gecko) Chrome/125.0.6422.141 Safari/537.36"
34.83.237.190 - - [14/Apr/2026:15:01:54 -0400] "HEAD /blog/ HTTP/1.1" 404 0 "http://thedubaitoday.com/blog/" "Mozilla/5.0 (Macintosh; Intel Mac OS X 15_0) AppleWebKit/537.36 (KHTML, like Gecko) Chrome/125.0.6422.141 Safari/537.36"
103.22.142.22 - - [14/Apr/2026:14:56:52 -0400] "GET / HTTP/1.1" 301 0 "-" "Mozilla/5.0"
34.83.237.190 - - [14/Apr/2026:15:01:48 -0400] "HEAD /backup/ HTTP/1.1" 301 0 "-" "Mozilla/5.0 (iPhone; CPU iPhone OS 16_7 like Mac OS X) AppleWebKit/605.1.15 (KHTML, like Gecko) Version/16.7 Mobile/15E148 Safari/604.1"
34.83.237.190 - - [14/Apr/2026:15:01:49 -0400] "HEAD /backup/ HTTP/1.1" 404 0 "http://thedubaitoday.com/backup/" "Mozilla/5.0 (iPhone; CPU iPhone OS 16_7 like Mac OS X) AppleWebKit/605.1.15 (KHTML, like Gecko) Version/16.7 Mobile/15E148 Safari/604.1"
34.83.237.190 - - [14/Apr/2026:15:01:50 -0400] "HEAD /wp/ HTTP/1.1" 301 0 "-" "Mozilla/5.0 (X11; Linux x86_64) AppleWebKit/537.36 (KHTML, like Gecko) Chrome/125.0.6422.76 Safari/537.36"
34.83.237.190 - - [14/Apr/2026:15:01:52 -0400] "HEAD /old/ HTTP/1.1" 301 0 "-" "Mozilla/5.0 (Linux; Android 12; Redmi Note 11) AppleWebKit/537.36 (KHTML, like Gecko) Chrome/123.0.6312.112 Mobile Safari/537.36"
88.151.32.161 - - [14/Apr/2026:15:41:38 -0400] "GET /.aws/credentials HTTP/1.1" 301 0 "-" "Mozilla/5.0 (Macintosh; Intel Mac OS X 10_15_7) AppleWebKit/537.36 (KHTML, like Gecko) Chrome/136.0.0.0 Safari/537.36"
88.151.32.161 - - [14/Apr/2026:15:41:38 -0400] "GET /serviceAccountKey.json HTTP/1.1" 301 0 "-" "Mozilla/5.0 (Windows NT 10.0; Win64; x64; rv:138.0) Gecko/20100101 Firefox/138.0"
88.151.32.161 - - [14/Apr/2026:15:41:38 -0400] "GET /backend/.env HTTP/1.1" 301 0 "-" "Mozilla/5.0 (Macintosh; Intel Mac OS X 10_15_7) AppleWebKit/537.36 (KHTML, like Gecko) Chrome/136.0.0.0 Safari/537.36"
88.151.32.161 - - [14/Apr/2026:15:41:38 -0400] "GET /.env.local HTTP/1.1" 301 0 "-" "Mozilla/5.0 (Windows NT 10.0; Win64; x64) AppleWebKit/537.36 (KHTML, like Gecko) Chrome/136.0.0.0 Safari/537.36"
88.151.32.161 - - [14/Apr/2026:15:41:38 -0400] "GET /.env.backup HTTP/1.1" 301 0 "-" "Mozilla/5.0 (Windows NT 10.0; Win64; x64; rv:138.0) Gecko/20100101 Firefox/138.0"
88.151.32.161 - - [14/Apr/2026:15:41:38 -0400] "GET /.anthropic/config.json HTTP/1.1" 301 0 "-" "Mozilla/5.0 (Macintosh; Intel Mac OS X 10.15; rv:138.0) Gecko/20100101 Firefox/138.0"
88.151.32.161 - - [14/Apr/2026:15:41:38 -0400] "GET /.env HTTP/1.1" 301 0 "-" "Mozilla/5.0 (Macintosh; Intel Mac OS X 10.15; rv:138.0) Gecko/20100101 Firefox/138.0"
88.151.32.161 - - [14/Apr/2026:15:41:38 -0400] "GET /.env.production HTTP/1.1" 301 0 "-" "Mozilla/5.0 (Macintosh; Intel Mac OS X 10_15_7) AppleWebKit/537.36 (KHTML, like Gecko) Chrome/136.0.0.0 Safari/537.36"
88.151.32.161 - - [14/Apr/2026:15:41:38 -0400] "GET /.openai/config.json HTTP/1.1" 301 0 "-" "Mozilla/5.0 (Windows NT 10.0; Win64; x64; rv:138.0) Gecko/20100101 Firefox/138.0"
88.151.32.161 - - [14/Apr/2026:15:41:38 -0400] "GET /app/.env HTTP/1.1" 301 0 "-" "Mozilla/5.0 (Macintosh; Intel Mac OS X 10.15; rv:138.0) Gecko/20100101 Firefox/138.0"
88.151.32.161 - - [14/Apr/2026:15:41:38 -0400] "GET /api/.env HTTP/1.1" 301 0 "-" "Mozilla/5.0 (Windows NT 10.0; Win64; x64) AppleWebKit/537.36 (KHTML, like Gecko) Chrome/136.0.0.0 Safari/537.36"
