88.151.32.161 - - [14/Apr/2026:15:41:43 -0400] "GET /.env.local HTTP/1.1" 404 11110 "http://thedubaitoday.com/.env.local" "Mozilla/5.0 (Windows NT 10.0; Win64; x64) AppleWebKit/537.36 (KHTML, like Gecko) Chrome/136.0.0.0 Safari/537.36"
88.151.32.161 - - [14/Apr/2026:15:41:44 -0400] "GET /.cursor/mcp.json HTTP/1.1" 404 11110 "http://thedubaitoday.com/.cursor/mcp.json" "Mozilla/5.0 (Windows NT 10.0; Win64; x64) AppleWebKit/537.36 (KHTML, like Gecko) Chrome/136.0.0.0 Safari/537.36"
88.151.32.161 - - [14/Apr/2026:15:41:44 -0400] "GET /.env.bak HTTP/1.1" 404 11110 "http://thedubaitoday.com/.env.bak" "Mozilla/5.0 (X11; Linux x86_64) AppleWebKit/537.36 (KHTML, like Gecko) Chrome/136.0.0.0 Safari/537.36"
88.151.32.161 - - [14/Apr/2026:15:41:44 -0400] "GET /credentials.json HTTP/1.1" 404 11110 "http://thedubaitoday.com/credentials.json" "Mozilla/5.0 (X11; Linux x86_64) AppleWebKit/537.36 (KHTML, like Gecko) Chrome/136.0.0.0 Safari/537.36"
88.151.32.161 - - [14/Apr/2026:15:41:44 -0400] "GET /.env.backup HTTP/1.1" 404 11110 "http://thedubaitoday.com/.env.backup" "Mozilla/5.0 (Windows NT 10.0; Win64; x64; rv:138.0) Gecko/20100101 Firefox/138.0"
88.151.32.161 - - [14/Apr/2026:15:41:44 -0400] "GET /.env.production HTTP/1.1" 404 11110 "http://thedubaitoday.com/.env.production" "Mozilla/5.0 (Macintosh; Intel Mac OS X 10_15_7) AppleWebKit/537.36 (KHTML, like Gecko) Chrome/136.0.0.0 Safari/537.36"
88.151.32.161 - - [14/Apr/2026:15:41:44 -0400] "GET /.openai/config.json HTTP/1.1" 404 11110 "http://thedubaitoday.com/.openai/config.json" "Mozilla/5.0 (Windows NT 10.0; Win64; x64; rv:138.0) Gecko/20100101 Firefox/138.0"
88.151.32.161 - - [14/Apr/2026:15:41:36 -0400] "GET / HTTP/1.1" 301 0 "-" "Mozilla/5.0 (Windows NT 10.0; Win64; x64; rv:138.0) Gecko/20100101 Firefox/138.0"
88.151.32.161 - - [14/Apr/2026:15:41:38 -0400] "GET /secrets.json HTTP/1.1" 301 0 "-" "Mozilla/5.0 (X11; Linux x86_64) AppleWebKit/537.36 (KHTML, like Gecko) Chrome/136.0.0.0 Safari/537.36"
88.151.32.161 - - [14/Apr/2026:15:41:38 -0400] "GET /credentials.json HTTP/1.1" 301 0 "-" "Mozilla/5.0 (X11; Linux x86_64) AppleWebKit/537.36 (KHTML, like Gecko) Chrome/136.0.0.0 Safari/537.36"
88.151.32.161 - - [14/Apr/2026:15:41:38 -0400] "GET /laravel/.env HTTP/1.1" 301 0 "-" "Mozilla/5.0 (X11; Linux x86_64) AppleWebKit/537.36 (KHTML, like Gecko) Chrome/136.0.0.0 Safari/537.36"
88.151.32.161 - - [14/Apr/2026:15:41:38 -0400] "GET /.env.bak HTTP/1.1" 301 0 "-" "Mozilla/5.0 (X11; Linux x86_64) AppleWebKit/537.36 (KHTML, like Gecko) Chrome/136.0.0.0 Safari/537.36"
88.151.32.161 - - [14/Apr/2026:15:41:38 -0400] "GET /config.json HTTP/1.1" 301 0 "-" "Mozilla/5.0 (Macintosh; Intel Mac OS X 10.15; rv:138.0) Gecko/20100101 Firefox/138.0"
88.151.32.161 - - [14/Apr/2026:15:41:38 -0400] "GET /.cursor/mcp.json HTTP/1.1" 301 0 "-" "Mozilla/5.0 (Windows NT 10.0; Win64; x64) AppleWebKit/537.36 (KHTML, like Gecko) Chrome/136.0.0.0 Safari/537.36"
88.151.32.161 - - [14/Apr/2026:15:41:39 -0400] "GET /secrets.json HTTP/1.1" 404 11110 "http://thedubaitoday.com/secrets.json" "Mozilla/5.0 (X11; Linux x86_64) AppleWebKit/537.36 (KHTML, like Gecko) Chrome/136.0.0.0 Safari/537.36"
88.151.32.161 - - [14/Apr/2026:15:41:43 -0400] "GET /.aws/credentials HTTP/1.1" 404 11110 "http://thedubaitoday.com/.aws/credentials" "Mozilla/5.0 (Macintosh; Intel Mac OS X 10_15_7) AppleWebKit/537.36 (KHTML, like Gecko) Chrome/136.0.0.0 Safari/537.36"
88.151.32.161 - - [14/Apr/2026:15:41:43 -0400] "GET /.anthropic/config.json HTTP/1.1" 404 11110 "http://thedubaitoday.com/.anthropic/config.json" "Mozilla/5.0 (Macintosh; Intel Mac OS X 10.15; rv:138.0) Gecko/20100101 Firefox/138.0"
88.151.32.161 - - [14/Apr/2026:15:41:44 -0400] "GET /config.json HTTP/1.1" 404 11110 "http://thedubaitoday.com/config.json" "Mozilla/5.0 (Macintosh; Intel Mac OS X 10.15; rv:138.0) Gecko/20100101 Firefox/138.0"
88.151.32.161 - - [14/Apr/2026:15:41:44 -0400] "GET /serviceAccountKey.json HTTP/1.1" 404 11110 "http://thedubaitoday.com/serviceAccountKey.json" "Mozilla/5.0 (Windows NT 10.0; Win64; x64; rv:138.0) Gecko/20100101 Firefox/138.0"
88.151.32.161 - - [14/Apr/2026:15:41:48 -0400] "GET / HTTP/1.1" 301 0 "-" "Mozilla/5.0 (Macintosh; Intel Mac OS X 10_15_7) AppleWebKit/537.36 (KHTML, like Gecko) Chrome/136.0.0.0 Safari/537.36"
110.249.201.58 - - [14/Apr/2026:16:01:06 -0400] "GET /robots.txt HTTP/1.1" 301 0 "-" "Mozilla/5.0 (Linux; Android 5.0) AppleWebKit/537.36 (KHTML, like Gecko) Mobile Safari/537.36 (compatible; Bytespider; https://zhanzhang.toutiao.com/)"
110.249.201.81 - - [14/Apr/2026:16:01:07 -0400] "GET /robots.txt HTTP/1.1" 200 117 "-" "Mozilla/5.0 (Linux; Android 5.0) AppleWebKit/537.36 (KHTML, like Gecko) Mobile Safari/537.36 (compatible; Bytespider; https://zhanzhang.toutiao.com/)"
107.189.18.50 - - [14/Apr/2026:16:20:45 -0400] "HEAD /backup.zip HTTP/1.1" 301 0 "-" "python-requests/2.27.1"
107.189.18.50 - - [14/Apr/2026:16:20:46 -0400] "HEAD /backup.zip HTTP/1.1" 404 0 "-" "python-requests/2.27.1"
212.47.78.122 - - [14/Apr/2026:16:22:27 -0400] "GET / HTTP/1.1" 301 0 "-" "Go-http-client/1.1"
212.47.78.122 - - [14/Apr/2026:16:22:29 -0400] "GET /wp-includes/css/buttons.css HTTP/1.1" 200 2749 "-" "Go-http-client/1.1"
115.45.40.223 - - [14/Apr/2026:16:30:07 -0400] "GET /robots.txt HTTP/1.1" 200 117 "-" "Mozilla/5.0 (Windows NT 10.0; WOW64) AppleWebKit/537.36 (KHTML, like Gecko) Chrome/61.0.3353.66 Safari/537.36 LBBROWSER"
216.244.66.227 - - [14/Apr/2026:16:46:29 -0400] "GET /robots.txt HTTP/1.1" 200 122 "-" "Mozilla/5.0 (compatible; DotBot/1.2; +https://opensiteexplorer.org/dotbot; [email protected])"
216.244.66.227 - - [14/Apr/2026:16:55:15 -0400] "GET /author/admin/page/102/ HTTP/1.1" 200 84348 "-" "Mozilla/5.0 (compatible; DotBot/1.2; +https://opensiteexplorer.org/dotbot; [email protected])"
182.44.9.147 - - [14/Apr/2026:17:09:51 -0400] "GET / HTTP/1.1" 301 0 "-" "Mozilla/5.0 (iPhone; CPU iPhone OS 13_2_3 like Mac OS X) AppleWebKit/605.1.15 (KHTML, like Gecko) Version/13.0.3 Mobile/15E148 Safari/604.1"
159.203.184.227 - - [14/Apr/2026:17:13:43 -0400] "GET /.git/config HTTP/1.1" 403 1242 "-" "Mozilla/5.0 (X11; Linux x86_64) AppleWebKit/537.36 (KHTML, like Gecko) Chrome/81.0.4044.129 Safari/537.36"
216.244.66.227 - - [14/Apr/2026:17:41:30 -0400] "GET /author/admin/page/103/ HTTP/1.1" 200 84175 "-" "Mozilla/5.0 (compatible; DotBot/1.2; +https://opensiteexplorer.org/dotbot; [email protected])"
216.244.66.227 - - [14/Apr/2026:17:42:25 -0400] "GET /page/139/ HTTP/1.1" 301 0 "-" "Mozilla/5.0 (compatible; DotBot/1.2; +https://opensiteexplorer.org/dotbot; [email protected])"
216.244.66.227 - - [14/Apr/2026:17:34:06 -0400] "GET /robots.txt HTTP/1.1" 200 122 "-" "Mozilla/5.0 (compatible; DotBot/1.2; +https://opensiteexplorer.org/dotbot; [email protected])"
162.213.253.84 - - [14/Apr/2026:17:41:31 -0400] "POST /wp-cron.php?doing_wp_cron=1776202891.3004200458526611328125 HTTP/1.1" 200 0 "http://www.thedubaitoday.com/wp-cron.php?doing_wp_cron=1776202891.3004200458526611328125" "WordPress/5.5.16; https://www.thedubaitoday.com"
216.244.66.227 - - [14/Apr/2026:17:42:01 -0400] "GET /page/135/ HTTP/1.1" 301 0 "-" "Mozilla/5.0 (compatible; DotBot/1.2; +https://opensiteexplorer.org/dotbot; [email protected])"
216.244.66.227 - - [14/Apr/2026:17:42:49 -0400] "GET /page/40/ HTTP/1.1" 301 0 "-" "Mozilla/5.0 (compatible; DotBot/1.2; +https://opensiteexplorer.org/dotbot; [email protected])"
83.99.206.1 - - [14/Apr/2026:18:06:15 -0400] "GET / HTTP/1.1" 301 0 "-" "Mozilla/5.0 (X11; Linux x86_64) AppleWebKit/537.36 (KHTML, like Gecko; GeedoShopProductFinder) Chrome/142.0.0.0 Safari/537.36"
220.181.51.85 - - [14/Apr/2026:18:17:51 -0400] "GET /robots.txt HTTP/1.1" 200 117 "-" "Mozilla/5.0 (Windows NT 10.0; WOW64) AppleWebKit/537.36 (KHTML, like Gecko) Chrome/48.0.2564.116 Safari/537.36"
119.249.100.114 - - [14/Apr/2026:18:17:52 -0400] "GET /robots.txt HTTP/1.1" 200 117 "-" "Mozilla/5.0 (Windows NT 10.0; WOW64) AppleWebKit/537.36 (KHTML, like Gecko) Chrome/48.0.2564.116 Safari/537.36"
216.244.66.227 - - [14/Apr/2026:18:20:43 -0400] "GET /robots.txt HTTP/1.1" 200 122 "-" "Mozilla/5.0 (compatible; DotBot/1.2; +https://opensiteexplorer.org/dotbot; [email protected])"
162.213.253.84 - - [14/Apr/2026:18:27:11 -0400] "POST /wp-cron.php?doing_wp_cron=1776205631.6663959026336669921875 HTTP/1.1" 200 0 "http://www.thedubaitoday.com/wp-cron.php?doing_wp_cron=1776205631.6663959026336669921875" "WordPress/5.5.16; https://www.thedubaitoday.com"
216.244.66.227 - - [14/Apr/2026:18:27:11 -0400] "GET /category/articles/ HTTP/1.1" 200 66095 "-" "Mozilla/5.0 (compatible; DotBot/1.2; +https://opensiteexplorer.org/dotbot; [email protected])"
216.244.66.227 - - [14/Apr/2026:18:54:12 -0400] "GET /page/83/ HTTP/1.1" 301 0 "-" "Mozilla/5.0 (compatible; DotBot/1.2; +https://opensiteexplorer.org/dotbot; [email protected])"
216.244.66.227 - - [14/Apr/2026:18:53:47 -0400] "GET /page/26/ HTTP/1.1" 301 0 "-" "Mozilla/5.0 (compatible; DotBot/1.2; +https://opensiteexplorer.org/dotbot; [email protected])"
216.244.66.227 - - [14/Apr/2026:19:10:14 -0400] "GET /robots.txt HTTP/1.1" 200 122 "-" "Mozilla/5.0 (compatible; DotBot/1.2; +https://opensiteexplorer.org/dotbot; [email protected])"
110.249.202.114 - - [14/Apr/2026:19:25:36 -0400] "GET /robots.txt HTTP/1.1" 200 117 "-" "Mozilla/5.0 (Linux; Android 5.0) AppleWebKit/537.36 (KHTML, like Gecko) Mobile Safari/537.36 (compatible; Bytespider; https://zhanzhang.toutiao.com/)"
110.249.202.33 - - [14/Apr/2026:19:25:34 -0400] "GET /robots.txt HTTP/1.1" 301 0 "-" "Mozilla/5.0 (Linux; Android 5.0) AppleWebKit/537.36 (KHTML, like Gecko) Mobile Safari/537.36 (compatible; Bytespider; https://zhanzhang.toutiao.com/)"
52.25.226.169 - - [14/Apr/2026:19:35:21 -0400] "GET /robots.txt HTTP/1.1" 301 0 "-" "CheckMarkNetwork/1.0 (+http://www.checkmarknetwork.com/spider.html)"
52.25.226.169 - - [14/Apr/2026:19:35:21 -0400] "GET /robots.txt HTTP/1.1" 200 117 "-" "CheckMarkNetwork/1.0 (+http://www.checkmarknetwork.com/spider.html)"
52.25.226.169 - - [14/Apr/2026:19:35:21 -0400] "HEAD / HTTP/1.1" 301 0 "-" "CheckMarkNetwork/1.0 (+http://www.checkmarknetwork.com/spider.html)"
216.244.66.227 - - [14/Apr/2026:19:45:31 -0400] "GET /page/120/ HTTP/1.1" 301 0 "-" "Mozilla/5.0 (compatible; DotBot/1.2; +https://opensiteexplorer.org/dotbot; [email protected])"
216.244.66.227 - - [14/Apr/2026:19:45:35 -0400] "GET /page/41/ HTTP/1.1" 301 0 "-" "Mozilla/5.0 (compatible; DotBot/1.2; +https://opensiteexplorer.org/dotbot; [email protected])"
216.244.66.227 - - [14/Apr/2026:20:01:04 -0400] "GET /robots.txt HTTP/1.1" 200 122 "-" "Mozilla/5.0 (compatible; DotBot/1.2; +https://opensiteexplorer.org/dotbot; [email protected])"
216.244.66.227 - - [14/Apr/2026:20:26:21 -0400] "GET /?p=8267 HTTP/1.1" 301 0 "-" "Mozilla/5.0 (compatible; DotBot/1.2; +https://opensiteexplorer.org/dotbot; [email protected])"
159.203.184.227 - - [14/Apr/2026:20:23:19 -0400] "GET /.git/config HTTP/1.1" 403 1242 "-" "Mozilla/5.0 (X11; Linux x86_64) AppleWebKit/537.36 (KHTML, like Gecko) Chrome/81.0.4044.129 Safari/537.36"
216.244.66.227 - - [14/Apr/2026:20:25:33 -0400] "GET /uae-leaders-congratulate-custodian-of-two-holy-mosques-on-success-of-hajj-season/ HTTP/1.1" 200 66984 "-" "Mozilla/5.0 (compatible; DotBot/1.2; +https://opensiteexplorer.org/dotbot; [email protected])"
216.244.66.227 - - [14/Apr/2026:20:41:15 -0400] "GET /page/127/ HTTP/1.1" 301 0 "-" "Mozilla/5.0 (compatible; DotBot/1.2; +https://opensiteexplorer.org/dotbot; [email protected])"
216.244.66.227 - - [14/Apr/2026:20:41:35 -0400] "GET /page/9/ HTTP/1.1" 301 0 "-" "Mozilla/5.0 (compatible; DotBot/1.2; +https://opensiteexplorer.org/dotbot; [email protected])"
216.244.66.227 - - [14/Apr/2026:20:41:53 -0400] "GET /page/94/ HTTP/1.1" 301 0 "-" "Mozilla/5.0 (compatible; DotBot/1.2; +https://opensiteexplorer.org/dotbot; [email protected])"
216.244.66.227 - - [14/Apr/2026:21:03:06 -0400] "GET /robots.txt HTTP/1.1" 200 122 "-" "Mozilla/5.0 (compatible; DotBot/1.2; +https://opensiteexplorer.org/dotbot; [email protected])"
216.244.66.227 - - [14/Apr/2026:21:27:28 -0400] "GET /uae-president-bids-farewell-as-us-president-concludes-state-visit-to-the-uae/ HTTP/1.1" 200 67630 "-" "Mozilla/5.0 (compatible; DotBot/1.2; +https://opensiteexplorer.org/dotbot; [email protected])"
162.213.253.84 - - [14/Apr/2026:21:27:28 -0400] "POST /wp-cron.php?doing_wp_cron=1776216448.6241409778594970703125 HTTP/1.1" 200 0 "http://www.thedubaitoday.com/wp-cron.php?doing_wp_cron=1776216448.6241409778594970703125" "WordPress/5.5.16; https://www.thedubaitoday.com"
43.154.140.188 - - [14/Apr/2026:21:45:04 -0400] "GET / HTTP/1.1" 301 0 "-" "Mozilla/5.0 (iPhone; CPU iPhone OS 13_2_3 like Mac OS X) AppleWebKit/605.1.15 (KHTML, like Gecko) Version/13.0.3 Mobile/15E148 Safari/604.1"
216.244.66.227 - - [14/Apr/2026:21:58:19 -0400] "GET /category/health-2/ HTTP/1.1" 200 86978 "-" "Mozilla/5.0 (compatible; DotBot/1.2; +https://opensiteexplorer.org/dotbot; [email protected])"
216.244.66.227 - - [14/Apr/2026:21:52:12 -0400] "GET /robots.txt HTTP/1.1" 200 122 "-" "Mozilla/5.0 (compatible; DotBot/1.2; +https://opensiteexplorer.org/dotbot; [email protected])"
162.213.253.84 - - [14/Apr/2026:21:58:19 -0400] "POST /wp-cron.php?doing_wp_cron=1776218299.7081789970397949218750 HTTP/1.1" 200 0 "http://www.thedubaitoday.com/wp-cron.php?doing_wp_cron=1776218299.7081789970397949218750" "WordPress/5.5.16; https://www.thedubaitoday.com"
194.26.192.215 - - [14/Apr/2026:22:24:55 -0400] "GET / HTTP/1.1" 301 0 "thedubaitoday.com" "Mozilla/5.0 (Windows NT 10.0; Win64; x64) AppleWebKit/537.36 (KHTML, like Gecko) Chrome/111.0.0.0 Safari/537.36"
216.244.66.227 - - [14/Apr/2026:22:28:17 -0400] "GET /page/15/ HTTP/1.1" 301 0 "-" "Mozilla/5.0 (compatible; DotBot/1.2; +https://opensiteexplorer.org/dotbot; [email protected])"
194.26.192.215 - - [14/Apr/2026:22:24:47 -0400] "GET / HTTP/1.1" 301 0 "thedubaitoday.com" "Mozilla/5.0 (Windows NT 10.0; Win64; x64) AppleWebKit/537.36 (KHTML, like Gecko) Chrome/111.0.0.0 Safari/537.36"
216.244.66.227 - - [14/Apr/2026:22:27:49 -0400] "GET /page/101/ HTTP/1.1" 301 0 "-" "Mozilla/5.0 (compatible; DotBot/1.2; +https://opensiteexplorer.org/dotbot; [email protected])"
43.130.72.177 - - [14/Apr/2026:22:43:41 -0400] "GET / HTTP/1.1" 301 0 "-" "Mozilla/5.0 (iPhone; CPU iPhone OS 13_2_3 like Mac OS X) AppleWebKit/605.1.15 (KHTML, like Gecko) Version/13.0.3 Mobile/15E148 Safari/604.1"
182.42.110.255 - - [14/Apr/2026:23:24:00 -0400] "GET / HTTP/1.1" 301 0 "-" "Mozilla/5.0 (iPhone; CPU iPhone OS 13_2_3 like Mac OS X) AppleWebKit/605.1.15 (KHTML, like Gecko) Version/13.0.3 Mobile/15E148 Safari/604.1"
216.244.66.227 - - [14/Apr/2026:23:31:48 -0400] "GET /robots.txt HTTP/1.1" 200 122 "-" "Mozilla/5.0 (compatible; DotBot/1.2; +https://opensiteexplorer.org/dotbot; [email protected])"
216.244.66.227 - - [14/Apr/2026:23:38:05 -0400] "GET /feed/ HTTP/1.1" 200 36866 "-" "Mozilla/5.0 (compatible; DotBot/1.2; +https://opensiteexplorer.org/dotbot; [email protected])"
194.26.192.253 - - [15/Apr/2026:00:04:45 -0400] "GET /ppztbjhe.php?Fox=d3wL7 HTTP/1.1" 404 55224 "www.google.com" "Mozilla/5.0 (Linux; Android 7.0; SM-G892A Bulid/NRD90M; wv) AppleWebKit/537.36 (KHTML, like Gecko) Version/4.0 Chrome/60.0.3112.107 Moblie Safari/537.36"
216.244.66.227 - - [15/Apr/2026:00:06:49 -0400] "GET /page/61/ HTTP/1.1" 301 0 "-" "Mozilla/5.0 (compatible; DotBot/1.2; +https://opensiteexplorer.org/dotbot; [email protected])"
194.26.192.253 - - [15/Apr/2026:00:04:45 -0400] "GET / HTTP/1.1" 301 0 "-" "Mozlila/5.0 (Linux; Android 7.0; SM-G892A Bulid/NRD90M; wv) AppleWebKit/537.36 (KHTML, like Gecko) Version/4.0 Chrome/60.0.3112.107 Moblie Safari/537.36"
194.26.192.253 - - [15/Apr/2026:00:04:45 -0400] "GET /wp-content/plugins/fix/up.php HTTP/1.1" 404 55224 "-" "Mozilla/5.0 (Windows NT 10.0; Win64; x64) AppleWebKit/537.36 (KHTML, like Gecko) Chrome/85.0.4183.102 Safari/537.36"
194.26.192.253 - - [15/Apr/2026:00:04:45 -0400] "GET /wp-content/themes/seotheme/db.php?u HTTP/1.1" 404 55224 "www.google.com" "Mozlila/5.0 (Linux; Android 7.0; SM-G892A Bulid/NRD90M; wv) AppleWebKit/537.36 (KHTML, like Gecko) Version/4.0 Chrome/60.0.3112.107 Moblie Safari/537.36"
194.26.192.253 - - [15/Apr/2026:00:04:45 -0400] "POST /ALFA_DATA/alfacgiapi/perl.alfa HTTP/1.1" 404 55152 "www.google.com" "Mozlila/5.0 (Linux; Android 7.0; SM-G892A Bulid/NRD90M; wv) AppleWebKit/537.36 (KHTML, like Gecko) Version/4.0 Chrome/60.0.3112.107 Moblie Safari/537.36"
194.26.192.253 - - [15/Apr/2026:00:04:52 -0400] "POST /alfacgiapi/perl.alfa HTTP/1.1" 404 55152 "www.google.com" "Mozlila/5.0 (Linux; Android 7.0; SM-G892A Bulid/NRD90M; wv) AppleWebKit/537.36 (KHTML, like Gecko) Version/4.0 Chrome/60.0.3112.107 Moblie Safari/537.36"
159.203.184.227 - - [15/Apr/2026:00:17:05 -0400] "GET /.git/config HTTP/1.1" 403 1242 "-" "Mozilla/5.0 (X11; Linux x86_64) AppleWebKit/537.36 (KHTML, like Gecko) Chrome/81.0.4044.129 Safari/537.36"
146.103.115.7 - - [15/Apr/2026:00:17:19 -0400] "GET / HTTP/1.0" 301 0 "http://thedubaitoday.com/" "Mozilla/5.0 (Windows NT 10.0; Win64; x64) AppleWebKit/537.36 (KHTML, like Gecko) Chrome/130.0.0.0 Safari/537.36 CCleaner/130.0.0.0"
198.235.24.55 - - [15/Apr/2026:00:27:46 -0400] "GET / HTTP/1.1" 301 0 "-" "Hello from Palo Alto Networks, find out more about our scans in https://docs-cortex.paloaltonetworks.com/r/1/Cortex-Xpanse/Scanning-activity"
162.213.253.84 - - [15/Apr/2026:00:27:47 -0400] "POST /wp-cron.php?doing_wp_cron=1776227267.3485260009765625000000 HTTP/1.1" 200 0 "http://www.thedubaitoday.com/wp-cron.php?doing_wp_cron=1776227267.3485260009765625000000" "WordPress/5.5.16; https://www.thedubaitoday.com"
216.244.66.227 - - [15/Apr/2026:00:35:28 -0400] "GET /robots.txt HTTP/1.1" 200 122 "-" "Mozilla/5.0 (compatible; DotBot/1.2; +https://opensiteexplorer.org/dotbot; [email protected])"
159.203.184.227 - - [15/Apr/2026:00:40:24 -0400] "GET /.git/config HTTP/1.1" 403 1242 "-" "Mozilla/5.0 (X11; Linux x86_64) AppleWebKit/537.36 (KHTML, like Gecko) Chrome/81.0.4044.129 Safari/537.36"
216.244.66.227 - - [15/Apr/2026:01:09:17 -0400] "GET /time-to-open-its-first-two-hotels-in-egypt/ HTTP/1.1" 200 69831 "-" "Mozilla/5.0 (compatible; DotBot/1.2; +https://opensiteexplorer.org/dotbot; [email protected])"
216.244.66.227 - - [15/Apr/2026:01:23:20 -0400] "GET /robots.txt HTTP/1.1" 200 122 "-" "Mozilla/5.0 (compatible; DotBot/1.2; +https://opensiteexplorer.org/dotbot; [email protected])"