Path : /home/vishqocm/access-logs/
File Upload :
Current File : /home/vishqocm////access-logs/bagpackvacation.vishalwebtech.com-ssl_log

192.71.126.53 - - [03/Jun/2026:08:20:19 -0400] "GET / HTTP/1.1" 200 40165 "http://bagpackvacation.com/" "Mozilla/5.0 (Windows NT 10.0; Win64; x64; rv:123.0) Gecko/20100101 Firefox/123"
209.141.60.58 - - [03/Jun/2026:08:22:17 -0400] "GET /wp-login.php HTTP/1.1" 200 5935 "-" "Mozilla/5.0 (Windows NT 5.1; rv:30.0) Gecko/20100101 Firefox/30.0"
209.141.60.58 - - [03/Jun/2026:08:23:07 -0400] "POST /wp-login.php HTTP/1.1" 301 795 "-" "Mozilla/5.0 (Windows NT 5.1; rv:30.0) Gecko/20100101 Firefox/30.0"
209.141.60.58 - - [03/Jun/2026:08:23:07 -0400] "GET /wp-login.php HTTP/1.1" 200 5935 "-" "Mozilla/5.0 (Windows NT 5.1; rv:30.0) Gecko/20100101 Firefox/30.0"
209.141.60.58 - - [03/Jun/2026:08:23:07 -0400] "GET /wp-admin/themes.php HTTP/1.1" 301 795 "-" "python-requests/2.34.2"
162.213.253.84 - - [03/Jun/2026:08:23:09 -0400] "POST /wp-cron.php?doing_wp_cron=1780489389.8330709934234619140625 HTTP/1.1" 200 0 "-" "WordPress/7.0; https://www.bagpackvacation.com"
209.141.60.58 - - [03/Jun/2026:08:23:08 -0400] "GET /wp-admin/themes.php HTTP/1.1" 302 0 "-" "python-requests/2.34.2"
209.141.60.58 - - [03/Jun/2026:08:23:09 -0400] "GET /wp-login.php?redirect_to=https%3A%2F%2Fwww.bagpackvacation.com%2Fwp-admin%2Fthemes.php&reauth=1 HTTP/1.1" 200 2046 "-" "python-requests/2.34.2"
209.141.60.58 - - [03/Jun/2026:08:23:12 -0400] "GET /wp-admin/plugin-install.php?tab=upload HTTP/1.1" 302 0 "-" "python-requests/2.34.2"
209.141.60.58 - - [03/Jun/2026:08:23:14 -0400] "GET /wp-login.php?redirect_to=https%3A%2F%2Fwww.bagpackvacation.com%2Fwp-admin%2Fplugin-install.php%3Ftab%3Dupload&reauth=1 HTTP/1.1" 200 2053 "-" "python-requests/2.34.2"
92.53.96.192 - admin [03/Jun/2026:08:32:41 -0400] "GET /wp-json/wp/v2/users/me HTTP/1.1" 301 795 "-" "Mozilla/5.0 (Windows NT 10.0) AppleWebKit/537.36 (KHTML, like Gecko) Chrome/133.0.0.0 Safari/537.36"
103.230.156.120 - - [03/Jun/2026:08:33:05 -0400] "GET /wp-login.php HTTP/1.1" 301 795 "-" "Mozilla/5.0 (Windows NT 10.0; Win64; x64) AppleWebKit/537.36 (KHTML, like Gecko) Chrome/120.0.0.0 Safari/537.36"
163.223.13.54 - - [03/Jun/2026:08:41:52 -0400] "GET /wp-login.php HTTP/1.1" 200 1806 "-" "Mozilla/5.0 (Macintosh; Intel Mac OS X 10_15_7) AppleWebKit/537.36 (KHTML, like Gecko) Chrome/133.0.0.0 Safari/537.36"
162.213.253.84 - - [03/Jun/2026:08:41:57 -0400] "POST /wp-cron.php?doing_wp_cron=1780490516.8852949142456054687500 HTTP/1.1" 200 0 "-" "WordPress/7.0; https://www.bagpackvacation.com"
43.130.100.35 - - [03/Jun/2026:08:45:12 -0400] "GET / HTTP/1.1" 200 40165 "http://www.bagpackvacation.com" "Mozilla/5.0 (iPhone; CPU iPhone OS 13_2_3 like Mac OS X) AppleWebKit/605.1.15 (KHTML, like Gecko) Version/13.0.3 Mobile/15E148 Safari/604.1"
162.213.253.84 - - [03/Jun/2026:08:45:12 -0400] "POST /wp-admin/admin-ajax.php?action=async_litespeed&nonce=C12h0DcEwTTDOcKNU5Vcqsg1J2lRhJVL&litespeed_type=imgoptm HTTP/1.1" 200 0 "-" "WordPress/7.0; https://www.bagpackvacation.com"
162.213.253.84 - - [03/Jun/2026:08:50:46 -0400] "POST /wp-cron.php?doing_wp_cron=1780491046.3949329853057861328125 HTTP/1.1" 200 0 "-" "WordPress/7.0; https://www.bagpackvacation.com"
195.250.23.54 - - [03/Jun/2026:08:52:08 -0400] "GET /wp-login.php HTTP/1.1" 301 795 "-" "Mozilla/5.0 (Windows NT 10.0; Win64; x64) AppleWebKit/537.36 (KHTML, like Gecko) Chrome/120.0.0.0 Safari/537.36"
195.250.23.54 - - [03/Jun/2026:08:52:15 -0400] "GET /wp-login.php HTTP/1.1" 200 1806 "-" "Mozilla/5.0 (Windows NT 10.0; Win64; x64) AppleWebKit/537.36 (KHTML, like Gecko) Chrome/120.0.0.0 Safari/537.36"
162.213.253.84 - - [03/Jun/2026:08:52:16 -0400] "POST /wp-cron.php?doing_wp_cron=1780491136.9748320579528808593750 HTTP/1.1" 200 0 "-" "WordPress/7.0; https://www.bagpackvacation.com"
195.250.23.54 - - [03/Jun/2026:08:52:16 -0400] "POST /wp-login.php HTTP/1.1" 200 1905 "https://www.bagpackvacation.com/wp-login.php" "Mozilla/5.0 (Windows NT 10.0; Win64; x64) AppleWebKit/537.36 (KHTML, like Gecko) Chrome/120.0.0.0 Safari/537.36"
192.71.2.119 - - [03/Jun/2026:08:20:21 -0400] "GET /romantic-sikkim-delight-with-gangtok-darjeeling-pelling/ HTTP/1.1" 200 29761 "-" "Mozilla/5.0 (Windows NT 10.0; Win64; x64; rv:123.0) Gecko/20100101 Firefox/123"
192.71.126.249 - - [03/Jun/2026:08:20:22 -0400] "GET /romantic-goa-with-dudh-sagar-waterfall-4-night-5-days/ HTTP/1.1" 200 28996 "-" "Mozilla/5.0 (Windows NT 10.0; Win64; x64; rv:123.0) Gecko/20100101 Firefox/123"
192.71.142.176 - - [03/Jun/2026:08:20:23 -0400] "GET /relaxing-shimla-with-narkanda-3-night-4-days/ HTTP/1.1" 200 29397 "-" "Mozilla/5.0 (Windows NT 10.0; Win64; x64; rv:123.0) Gecko/20100101 Firefox/123"
209.141.60.58 - - [03/Jun/2026:08:22:17 -0400] "GET /wp-login.php HTTP/1.1" 301 795 "-" "Mozilla/5.0 (Windows NT 5.1; rv:30.0) Gecko/20100101 Firefox/30.0"
209.141.60.58 - - [03/Jun/2026:08:23:12 -0400] "GET /wp-admin/plugin-install.php?tab=upload HTTP/1.1" 301 795 "-" "python-requests/2.34.2"
162.213.253.84 - - [03/Jun/2026:08:23:12 -0400] "POST /wp-admin/admin-ajax.php?action=async_litespeed&nonce=vsEDu880DDC8qYSjW9nu59CNDLm3nJd7&litespeed_type=imgoptm HTTP/1.1" 200 0 "-" "WordPress/7.0; https://www.bagpackvacation.com"
92.53.96.192 - - [03/Jun/2026:08:32:29 -0400] "GET /wp-login.php HTTP/1.1" 301 795 "-" "Mozilla/5.0 (Windows NT 10.0) AppleWebKit/537.36 (KHTML, like Gecko) Chrome/133.0.0.0 Safari/537.36"
162.213.253.84 - - [03/Jun/2026:08:32:52 -0400] "POST /wp-cron.php?doing_wp_cron=1780489972.1419770717620849609375 HTTP/1.1" 200 0 "-" "WordPress/7.0; https://www.bagpackvacation.com"
92.53.96.192 - - [03/Jun/2026:08:32:50 -0400] "GET /wp-json/wp/v2/users/me HTTP/1.1" 401 96 "https://mail.bagpackvacation.com/wp-json/wp/v2/users/me" "Mozilla/5.0 (Windows NT 10.0) AppleWebKit/537.36 (KHTML, like Gecko) Chrome/133.0.0.0 Safari/537.36"
162.213.253.84 - - [03/Jun/2026:08:32:53 -0400] "POST /wp-admin/admin-ajax.php?action=async_litespeed&nonce=xLujLBXnBn3iBkUeLRsTdkYX6Og5A85q&litespeed_type=imgoptm HTTP/1.1" 200 0 "-" "WordPress/7.0; https://www.bagpackvacation.com"
163.223.13.54 - - [03/Jun/2026:08:41:55 -0400] "POST /wp-login.php HTTP/1.1" 200 1905 "https://www.bagpackvacation.com/wp-login.php" "Mozilla/5.0 (Macintosh; Intel Mac OS X 10_15_7) AppleWebKit/537.36 (KHTML, like Gecko) Chrome/133.0.0.0 Safari/537.36"
64.233.173.102 - - [03/Jun/2026:08:42:54 -0400] "GET /wp-content/uploads/2023/01/bagpack-vacation-logo.png HTTP/1.1" 200 49743 "-" "Mozilla/5.0 (Windows NT 5.1; rv:11.0) Gecko Firefox/11.0 (via ggpht.com GoogleImageProxy)"
69.49.112.67 - - [03/Jun/2026:08:50:44 -0400] "GET /wp-login.php HTTP/1.1" 200 1806 "-" "Mozilla/5.0 (Windows NT 10.0; Win64; x64) AppleWebKit/537.36 (KHTML, like Gecko) Chrome/120.0.0.0 Safari/537.36"
69.49.112.67 - - [03/Jun/2026:08:50:45 -0400] "POST /wp-login.php HTTP/1.1" 200 1905 "https://www.bagpackvacation.com/wp-login.php" "Mozilla/5.0 (Windows NT 10.0; Win64; x64) AppleWebKit/537.36 (KHTML, like Gecko) Chrome/120.0.0.0 Safari/537.36"
162.213.253.84 - - [03/Jun/2026:08:50:47 -0400] "POST /wp-admin/admin-ajax.php?action=async_litespeed&nonce=2WsK1dMhFGLENSJdTFnSffDL8ZR5waxn&litespeed_type=imgoptm HTTP/1.1" 200 0 "-" "WordPress/7.0; https://www.bagpackvacation.com"
195.250.23.54 - - [03/Jun/2026:08:52:12 -0400] "GET /wp-login.php HTTP/1.1" 200 1806 "https://mail.bagpackvacation.com/wp-login.php" "Mozilla/5.0 (Windows NT 10.0; Win64; x64) AppleWebKit/537.36 (KHTML, like Gecko) Chrome/120.0.0.0 Safari/537.36"
162.213.253.84 - - [03/Jun/2026:08:52:17 -0400] "POST /wp-admin/admin-ajax.php?action=async_litespeed&nonce=pn2dSKm4qwRtfBNjyT8NXWA6VeySDsSM&litespeed_type=imgoptm HTTP/1.1" 200 0 "-" "WordPress/7.0; https://www.bagpackvacation.com"
217.182.203.52 - - [03/Jun/2026:08:58:34 -0400] "GET /wp-login.php HTTP/1.1" 200 1806 "-" "Mozilla/5.0 (Windows NT 10.0; Win64; x64) AppleWebKit/537.36 (KHTML, like Gecko) Chrome/120.0.0.0 Safari/537.36"
162.213.253.84 - - [03/Jun/2026:08:58:37 -0400] "POST /wp-admin/admin-ajax.php?action=async_litespeed&nonce=gHn9Qwk40wVAXrTxyZBJsYuPMJX8U7xD&litespeed_type=imgoptm HTTP/1.1" 200 21 "-" "WordPress/7.0; https://www.bagpackvacation.com"
159.198.45.42 - - [03/Jun/2026:09:00:47 -0400] "GET /wp-content/ HTTP/1.1" 200 0 "-" "Mozilla/5.0 (X11; Linux x86_64) AppleWebKit/537.31 (KHTML, like Gecko) Chrome/26.0.1410.63 Safari/537.31"
159.198.45.42 - - [03/Jun/2026:09:00:47 -0400] "GET /wp-content/plugins/ HTTP/1.1" 200 0 "-" "Mozilla/5.0 (X11; Linux x86_64) AppleWebKit/537.31 (KHTML, like Gecko) Chrome/26.0.1410.63 Safari/537.31"
162.241.152.21 - - [03/Jun/2026:09:01:24 -0400] "GET /wp-login.php HTTP/1.1" 200 1806 "https://mail.bagpackvacation.com/wp-login.php" "Mozilla/5.0 (Windows NT 10.0; Win64; x64; rv:133.0) Gecko/20100101 Firefox/133.0"
162.241.152.21 - - [03/Jun/2026:09:01:25 -0400] "POST /wp-login.php HTTP/1.1" 301 795 "https://mail.bagpackvacation.com/wp-login.php" "Mozilla/5.0 (Windows NT 10.0; Win64; x64; rv:133.0) Gecko/20100101 Firefox/133.0"
162.213.253.84 - - [03/Jun/2026:09:10:09 -0400] "POST /wp-cron.php?doing_wp_cron=1780492209.3684670925140380859375 HTTP/1.1" 200 0 "-" "WordPress/7.0; https://www.bagpackvacation.com"
14.186.184.225 - - [03/Jun/2026:09:10:07 -0400] "GET /4-night-5-days-singapore-honeymoon-special-2/tel:9211684078 HTTP/1.1" 404 22174 "-" "Mozilla/5.0 (Windows NT 6.3; Win64; x64) AppleWebKit/537.36 (KHTML, like Gecko) Chrome/105.0.0.0 Safari/537.36"
162.213.253.84 - - [03/Jun/2026:09:10:10 -0400] "POST /wp-admin/admin-ajax.php?action=async_litespeed&nonce=sSoZFSkrlest38bETd6tCl9lr2yMhA7b&litespeed_type=imgoptm HTTP/1.1" 200 0 "-" "WordPress/7.0; https://www.bagpackvacation.com"
162.213.253.84 - - [03/Jun/2026:09:10:37 -0400] "POST /wp-cron.php?doing_wp_cron=1780492237.8293900489807128906250 HTTP/1.1" 200 0 "-" "WordPress/7.0; https://www.bagpackvacation.com"
82.165.2.98 - admin [03/Jun/2026:09:10:36 -0400] "GET /wp-json/wp/v2/users/me HTTP/1.1" 401 96 "-" "Mozilla/5.0 (Macintosh; Intel Mac OS X 10_15_7) AppleWebKit/537.36 (KHTML, like Gecko) Chrome/133.0.0.0 Safari/537.36 Edg/133.0.0.0"
162.213.253.84 - - [03/Jun/2026:09:10:38 -0400] "POST /wp-admin/admin-ajax.php?action=async_litespeed&nonce=YkQCClqO7XZhr80JnRAUqIP5qpMfNNFu&litespeed_type=imgoptm HTTP/1.1" 200 0 "-" "WordPress/7.0; https://www.bagpackvacation.com"
46.4.120.162 - - [03/Jun/2026:09:18:09 -0400] "GET /wp-login.php HTTP/1.1" 200 1806 "-" "Mozilla/5.0 (Windows NT 10.0; Win64; x64) AppleWebKit/537.36 (KHTML, like Gecko) Chrome/120.0.0.0 Safari/537.36"
46.4.120.162 - - [03/Jun/2026:09:18:09 -0400] "POST /wp-login.php HTTP/1.1" 200 1905 "https://www.bagpackvacation.com/wp-login.php" "Mozilla/5.0 (Windows NT 10.0; Win64; x64) AppleWebKit/537.36 (KHTML, like Gecko) Chrome/120.0.0.0 Safari/537.36"
162.213.253.84 - - [03/Jun/2026:08:54:10 -0400] "POST /wp-cron.php?doing_wp_cron=1780491250.6798241138458251953125 HTTP/1.1" 200 0 "-" "WordPress/7.0; https://www.bagpackvacation.com"
43.173.174.78 - - [03/Jun/2026:08:54:09 -0400] "GET /wp-json/wp/v2/pages/1696 HTTP/1.1" 200 29589 "-" "Mozilla/5.0 (Windows NT 10.0; Win64; x64) AppleWebKit/537.36 (KHTML, like Gecko) Chrome/116.0.0.0 Safari/537.36"
103.39.133.73 - - [03/Jun/2026:08:57:26 -0400] "GET /wp-login.php HTTP/1.1" 200 1806 "-" "Mozilla/5.0 (Windows NT 10.0; Win64; x64) AppleWebKit/537.36 (KHTML, like Gecko) Chrome/120.0.0.0 Safari/537.36"
162.213.253.84 - - [03/Jun/2026:08:57:28 -0400] "POST /wp-cron.php?doing_wp_cron=1780491448.1060841083526611328125 HTTP/1.1" 200 0 "-" "WordPress/7.0; https://www.bagpackvacation.com"
103.39.133.73 - - [03/Jun/2026:08:57:26 -0400] "POST /wp-login.php HTTP/1.1" 200 1905 "https://www.bagpackvacation.com/wp-login.php" "Mozilla/5.0 (Windows NT 10.0; Win64; x64) AppleWebKit/537.36 (KHTML, like Gecko) Chrome/120.0.0.0 Safari/537.36"
162.213.253.84 - - [03/Jun/2026:08:57:29 -0400] "POST /wp-admin/admin-ajax.php?action=async_litespeed&nonce=vMvTwJa4Flzo0Hueyy0gDM6djioELYYP&litespeed_type=imgoptm HTTP/1.1" 200 0 "-" "WordPress/7.0; https://www.bagpackvacation.com"
217.182.203.52 - - [03/Jun/2026:08:58:32 -0400] "GET /wp-login.php HTTP/1.1" 301 795 "-" "Mozilla/5.0 (Windows NT 10.0; Win64; x64) AppleWebKit/537.36 (KHTML, like Gecko) Chrome/120.0.0.0 Safari/537.36"
217.182.203.52 - - [03/Jun/2026:08:58:33 -0400] "GET /wp-login.php HTTP/1.1" 200 1806 "https://bagpackvacation.com/wp-login.php" "Mozilla/5.0 (Windows NT 10.0; Win64; x64) AppleWebKit/537.36 (KHTML, like Gecko) Chrome/120.0.0.0 Safari/537.36"
162.213.253.84 - - [03/Jun/2026:08:58:36 -0400] "POST /wp-cron.php?doing_wp_cron=1780491515.9946670532226562500000 HTTP/1.1" 200 0 "-" "WordPress/7.0; https://www.bagpackvacation.com"
217.182.203.52 - - [03/Jun/2026:08:58:34 -0400] "POST /wp-login.php HTTP/1.1" 200 1905 "https://www.bagpackvacation.com/wp-login.php" "Mozilla/5.0 (Windows NT 10.0; Win64; x64) AppleWebKit/537.36 (KHTML, like Gecko) Chrome/120.0.0.0 Safari/537.36"
159.198.45.42 - - [03/Jun/2026:09:00:46 -0400] "GET / HTTP/1.1" 200 40165 "-" "Mozilla/5.0 (X11; Linux x86_64) AppleWebKit/537.31 (KHTML, like Gecko) Chrome/26.0.1410.63 Safari/537.31"
159.198.45.42 - - [03/Jun/2026:09:00:47 -0400] "GET /wp-content/plugins/woocommerce/ HTTP/1.1" 403 1242 "-" "Mozilla/5.0 (X11; Linux x86_64) AppleWebKit/537.31 (KHTML, like Gecko) Chrome/26.0.1410.63 Safari/537.31"
162.241.152.21 - - [03/Jun/2026:09:01:24 -0400] "GET /wp-login.php HTTP/1.1" 301 795 "-" "Mozilla/5.0 (Windows NT 10.0; Win64; x64; rv:133.0) Gecko/20100101 Firefox/133.0"
162.241.152.21 - - [03/Jun/2026:09:01:25 -0400] "GET /wp-login.php HTTP/1.1" 200 1806 "https://mail.bagpackvacation.com/wp-login.php" "Mozilla/5.0 (Windows NT 10.0; Win64; x64; rv:133.0) Gecko/20100101 Firefox/133.0"
162.213.253.84 - - [03/Jun/2026:09:18:10 -0400] "POST /wp-cron.php?doing_wp_cron=1780492690.8197948932647705078125 HTTP/1.1" 200 0 "-" "WordPress/7.0; https://www.bagpackvacation.com"
162.213.253.84 - - [03/Jun/2026:09:18:11 -0400] "POST /wp-admin/admin-ajax.php?action=async_litespeed&nonce=4wIL6ku4Tao8Eyd4kaR1iUOa8XkIZayx&litespeed_type=imgoptm HTTP/1.1" 200 0 "-" "WordPress/7.0; https://www.bagpackvacation.com"
51.195.63.239 - - [03/Jun/2026:09:26:56 -0400] "GET /wp-login.php HTTP/1.1" 301 795 "-" "Mozilla/5.0 (Windows NT 10.0; Win64; x64) AppleWebKit/537.36 (KHTML, like Gecko) Chrome/120.0.0.0 Safari/537.36"
51.195.63.239 - - [03/Jun/2026:09:27:04 -0400] "GET /wp-login.php HTTP/1.1" 200 1806 "-" "Mozilla/5.0 (Windows NT 10.0; Win64; x64) AppleWebKit/537.36 (KHTML, like Gecko) Chrome/120.0.0.0 Safari/537.36"
51.195.63.239 - - [03/Jun/2026:09:27:04 -0400] "POST /wp-login.php HTTP/1.1" 200 1905 "https://www.bagpackvacation.com/wp-login.php" "Mozilla/5.0 (Windows NT 10.0; Win64; x64) AppleWebKit/537.36 (KHTML, like Gecko) Chrome/120.0.0.0 Safari/537.36"
95.129.101.144 - - [03/Jun/2026:09:21:45 -0400] "GET /3-night-4-days-dubai-holiday-with-burj-khalifa/ HTTP/1.1" 200 25157 "-" "Mozilla/5.0 (compatible; SpiderLing; +https://nlp.fi.muni.cz/projects/biwec/)"
51.195.63.239 - - [03/Jun/2026:09:27:01 -0400] "GET /wp-login.php HTTP/1.1" 200 1806 "https://mail.bagpackvacation.com/wp-login.php" "Mozilla/5.0 (Windows NT 10.0; Win64; x64) AppleWebKit/537.36 (KHTML, like Gecko) Chrome/120.0.0.0 Safari/537.36"
162.213.253.84 - - [03/Jun/2026:09:27:05 -0400] "POST /wp-cron.php?doing_wp_cron=1780493225.4719839096069335937500 HTTP/1.1" 200 0 "-" "WordPress/7.0; https://www.bagpackvacation.com"
162.213.253.84 - - [03/Jun/2026:09:27:07 -0400] "POST /wp-admin/admin-ajax.php?action=async_litespeed&nonce=Y8wOjBADK1FPaHWB9hdzqhh6KrqqjkeC&litespeed_type=imgoptm HTTP/1.1" 200 0 "-" "WordPress/7.0; https://www.bagpackvacation.com"
192.250.239.252 - - [03/Jun/2026:09:31:02 -0400] "GET /wp-login.php HTTP/1.1" 200 1806 "https://mail.bagpackvacation.com/wp-login.php" "Mozilla/5.0 (Windows NT 10.0; Win64; x64) AppleWebKit/537.36 (KHTML, like Gecko) Chrome/133.0.0.0 Safari/537.36 Edg/133.0.0.0"
192.250.239.252 - - [03/Jun/2026:09:30:59 -0400] "GET /wp-login.php HTTP/1.1" 301 795 "-" "Mozilla/5.0 (Windows NT 10.0; Win64; x64) AppleWebKit/537.36 (KHTML, like Gecko) Chrome/133.0.0.0 Safari/537.36 Edg/133.0.0.0"
192.250.239.252 - - [03/Jun/2026:09:31:01 -0400] "GET /wp-login.php HTTP/1.1" 200 1806 "https://mail.bagpackvacation.com/wp-login.php" "Mozilla/5.0 (Windows NT 10.0; Win64; x64) AppleWebKit/537.36 (KHTML, like Gecko) Chrome/133.0.0.0 Safari/537.36 Edg/133.0.0.0"
192.250.239.252 - - [03/Jun/2026:09:31:01 -0400] "POST /wp-login.php HTTP/1.1" 301 795 "https://mail.bagpackvacation.com/wp-login.php" "Mozilla/5.0 (Windows NT 10.0; Win64; x64) AppleWebKit/537.36 (KHTML, like Gecko) Chrome/133.0.0.0 Safari/537.36 Edg/133.0.0.0"