162.214.173.88 - - [20/Apr/2026:09:06:08 -0400] "POST /wp-login.php HTTP/1.1" 200 2148 "https://mail.thedubaitoday.com/wp-login.php" "Mozilla/5.0 (Macintosh; Intel Mac OS X 10_13_4) AppleWebKit/537.36 (KHTML, like Gecko) Chrome/67.0.3396.79 Safari/537.36"
114.119.148.10 - - [20/Apr/2026:09:07:39 -0400] "GET /difc-becomes-top-five-global-hub-for-hedge-fund-managers/ HTTP/1.1" 200 15513 "https://www.thedubaitoday.com/page/8/" "Mozilla/5.0 (Linux; Android 7.0;) AppleWebKit/537.36 (KHTML, like Gecko) Mobile Safari/537.36 (compatible; PetalBot;+https://webmaster.petalsearch.com/site/petalbot)"
43.156.241.176 - - [20/Apr/2026:09:08:51 -0400] "GET /category/national-news/page/3/ HTTP/1.1" 200 16129 "-" "Sogou web spider/4.0(+http://www.sogou.com/docs/help/webmasters.htm#07)"
114.119.156.60 - - [20/Apr/2026:08:54:30 -0400] "GET /dubai-awqaf-and-minor-affairs-foundation-launches-endowment-projects-worth-aed-56-2-million/ HTTP/1.1" 200 14513 "https://www.thedubaitoday.com/dubai-awqaf-and-minor-affairs-foundation-launches-endowment-projects-worth-aed-56-2-million/" "Mozilla/5.0 (Linux; Android 7.0;) AppleWebKit/537.36 (KHTML, like Gecko) Mobile Safari/537.36 (compatible; PetalBot;+https://webmaster.petalsearch.com/site/petalbot)"
34.101.189.231 - - [20/Apr/2026:08:56:15 -0400] "POST /wp-login.php HTTP/1.1" 200 2148 "https://mail.thedubaitoday.com/wp-login.php" "Mozilla/5.0 (compatible; MSIE 10.0; Windows NT 6.1; Trident/7.0)"
114.119.151.155 - - [20/Apr/2026:08:58:30 -0400] "GET /dmcc-awarded-global-free-zone-of-the-year-for-eighth-consecutive-year HTTP/1.1" 301 0 "https://www.thedubaitoday.com/dmcc-awarded-global-free-zone-of-the-year-for-eighth-consecutive-year" "Mozilla/5.0 (Linux; Android 7.0;) AppleWebKit/537.36 (KHTML, like Gecko) Mobile Safari/537.36 (compatible; PetalBot;+https://webmaster.petalsearch.com/site/petalbot)"
114.119.151.155 - - [20/Apr/2026:08:58:34 -0400] "GET /dmcc-awarded-global-free-zone-of-the-year-for-eighth-consecutive-year/ HTTP/1.1" 200 15033 "https://www.thedubaitoday.com/dmcc-awarded-global-free-zone-of-the-year-for-eighth-consecutive-year" "Mozilla/5.0 (Linux; Android 7.0;) AppleWebKit/537.36 (KHTML, like Gecko) Mobile Safari/537.36 (compatible; PetalBot;+https://webmaster.petalsearch.com/site/petalbot)"
2.57.97.48 - - [20/Apr/2026:08:58:33 -0400] "GET /adu-launches-innovation-centre-in-its-al-ain-campus/ HTTP/1.1" 200 18148 "-" "Mozilla/5.0 (Windows NT 10.0; WOW64) AppleWebKit/537.36 (KHTML, like Gecko) Chrome/89.0.4389.116 Safari/537.36"
114.119.156.60 - - [20/Apr/2026:09:00:12 -0400] "GET /digital-school-starts-pilot-stage-in-emirati-jordanian-refugee-camp/ HTTP/1.1" 200 15214 "https://www.thedubaitoday.com/digital-school-starts-pilot-stage-in-emirati-jordanian-refugee-camp" "Mozilla/5.0 (Linux; Android 7.0;) AppleWebKit/537.36 (KHTML, like Gecko) Mobile Safari/537.36 (compatible; PetalBot;+https://webmaster.petalsearch.com/site/petalbot)"
162.213.253.84 - - [20/Apr/2026:09:00:49 -0400] "POST /wp-cron.php?doing_wp_cron=1776690049.9291338920593261718750 HTTP/1.1" 200 0 "https://www.thedubaitoday.com/wp-cron.php?doing_wp_cron=1776690049.9291338920593261718750" "WordPress/5.5.16; https://www.thedubaitoday.com"
35.237.29.145 - - [20/Apr/2026:09:00:50 -0400] "POST /xmlrpc.php HTTP/1.1" 200 205 "-" "Mozilla/5.0 (Windows NT 6.1; WOW64; Trident/7.0; BOIE9;ENUS; rv:11.0) like Gecko"
162.213.253.84 - - [20/Apr/2026:09:03:37 -0400] "POST /wp-cron.php?doing_wp_cron=1776690217.6525979042053222656250 HTTP/1.1" 200 0 "https://www.thedubaitoday.com/wp-cron.php?doing_wp_cron=1776690217.6525979042053222656250" "WordPress/5.5.16; https://www.thedubaitoday.com"
114.119.148.10 - - [20/Apr/2026:09:03:37 -0400] "GET /difc-records-best-performance-in-17-year-history-driving-dubais-next-phase-of-growth HTTP/1.1" 301 0 "https://www.thedubaitoday.com/category/business/page/10" "Mozilla/5.0 (Linux; Android 7.0;) AppleWebKit/537.36 (KHTML, like Gecko) Mobile Safari/537.36 (compatible; PetalBot;+https://webmaster.petalsearch.com/site/petalbot)"
114.119.129.24 - - [20/Apr/2026:09:05:25 -0400] "GET /difc-launches-first-global-family-business-private-wealth-centre HTTP/1.1" 301 0 "https://www.thedubaitoday.com/difc-launches-first-global-family-business-private-wealth-centre" "Mozilla/5.0 (Linux; Android 7.0;) AppleWebKit/537.36 (KHTML, like Gecko) Mobile Safari/537.36 (compatible; PetalBot;+https://webmaster.petalsearch.com/site/petalbot)"
79.117.201.171 - - [20/Apr/2026:09:07:13 -0400] "GET /a-night-to-remember-from-muskaan-events-miss-uae-international-2024-and-gulf-achievers-2024/ HTTP/1.1" 200 13397 "-" "Mozilla/5.0 (Windows NT 10.0; Win64; x64) AppleWebKit/537.36 (KHTML, like Gecko) Chrome/121.0.0.0 Safari/537.36 Edg/121.0.0.0"
82.165.166.246 - - [20/Apr/2026:09:11:17 -0400] "POST /xmlrpc.php HTTP/1.1" 200 205 "-" "Mozilla/4.0 (compatible; MSIE 7.0; Windows NT 6.2; Trident/7.0; .NET4.0C; .NET4.0E)"
13.210.97.104 - - [20/Apr/2026:09:11:28 -0400] "POST /xmlrpc.php HTTP/1.1" 200 205 "-" "Mozilla/4.0 (compatible; MSIE 7.0; Windows NT 6.3; WOW64; Trident/7.0; .NET4.0C; .NET4.0E; .NET CLR 2.0.50727; .NET CLR 3.0.30729; .NET CLR 3.5.30729)"
54.39.0.137 - - [20/Apr/2026:09:14:32 -0400] "GET /us-welcomes-al-ula-declaration-issued-at-gcc-summit/ HTTP/1.1" 200 12384 "-" "Mozilla/5.0 (compatible; AhrefsBot/7.0; +http://ahrefs.com/robot/)"
114.119.135.207 - - [20/Apr/2026:09:14:49 -0400] "GET /uae-and-brics-partnership-seeking-to-enhance-global-development-prosperity HTTP/1.1" 301 0 "https://www.thedubaitoday.com/?cat=52&paged=2" "Mozilla/5.0 (Linux; Android 7.0;) AppleWebKit/537.36 (KHTML, like Gecko) Mobile Safari/537.36 (compatible; PetalBot;+https://webmaster.petalsearch.com/site/petalbot)"
114.119.135.207 - - [20/Apr/2026:09:14:53 -0400] "GET /uae-and-brics-partnership-seeking-to-enhance-global-development-prosperity/ HTTP/1.1" 200 17057 "https://www.thedubaitoday.com/?cat=52&paged=2" "Mozilla/5.0 (Linux; Android 7.0;) AppleWebKit/537.36 (KHTML, like Gecko) Mobile Safari/537.36 (compatible; PetalBot;+https://webmaster.petalsearch.com/site/petalbot)"
208.109.188.137 - - [20/Apr/2026:09:16:38 -0400] "GET /wp-login.php HTTP/1.1" 200 2019 "-" "Mozilla/5.0 (Windows NT 10.0; Win64; x64) AppleWebKit/537.36 (KHTML, like Gecko) Chrome/64.0.3282.140 Safari/537.36 Edge/17.17134"
114.119.136.150 - - [20/Apr/2026:09:09:18 -0400] "GET /difc-announces-future-sustainability-forum-in-dubai/ HTTP/1.1" 200 15815 "https://www.thedubaitoday.com/difc-announces-future-sustainability-forum-in-dubai" "Mozilla/5.0 (Linux; Android 7.0;) AppleWebKit/537.36 (KHTML, like Gecko) Mobile Safari/537.36 (compatible; PetalBot;+https://webmaster.petalsearch.com/site/petalbot)"
136.243.92.189 - - [20/Apr/2026:09:11:16 -0400] "POST /xmlrpc.php HTTP/1.1" 200 205 "-" "Mozilla/5.0 (Windows NT 6.1; WOW64; Trident/7.0; MDDCJS; rv:11.0) like Gecko"
114.119.156.60 - - [20/Apr/2026:09:11:39 -0400] "GET /dib-rings-market-opening-bell-to-celebrate-listing-us1-billion-at1-sukuk-on-nasdaq-dubai HTTP/1.1" 301 0 "https://www.thedubaitoday.com/?cat=52&paged=18" "Mozilla/5.0 (Linux; Android 7.0;) AppleWebKit/537.36 (KHTML, like Gecko) Mobile Safari/537.36 (compatible; PetalBot;+https://webmaster.petalsearch.com/site/petalbot)"
114.119.156.60 - - [20/Apr/2026:09:11:43 -0400] "GET /dib-rings-market-opening-bell-to-celebrate-listing-us1-billion-at1-sukuk-on-nasdaq-dubai/ HTTP/1.1" 200 15471 "https://www.thedubaitoday.com/?cat=52&paged=18" "Mozilla/5.0 (Linux; Android 7.0;) AppleWebKit/537.36 (KHTML, like Gecko) Mobile Safari/537.36 (compatible; PetalBot;+https://webmaster.petalsearch.com/site/petalbot)"
114.119.136.150 - - [20/Apr/2026:09:12:46 -0400] "GET /uae-president-receives-indian-pms-letter-on-strengthening-strategic-relations/ HTTP/1.1" 200 14978 "https://www.thedubaitoday.com/uae-president-receives-indian-pms-letter-on-strengthening-strategic-relations" "Mozilla/5.0 (Linux; Android 7.0;) AppleWebKit/537.36 (KHTML, like Gecko) Mobile Safari/537.36 (compatible; PetalBot;+https://webmaster.petalsearch.com/site/petalbot)"
162.213.253.84 - - [20/Apr/2026:09:16:39 -0400] "POST /wp-cron.php?doing_wp_cron=1776690999.9618790149688720703125 HTTP/1.1" 200 0 "https://www.thedubaitoday.com/wp-cron.php?doing_wp_cron=1776690999.9618790149688720703125" "WordPress/5.5.16; https://www.thedubaitoday.com"
208.109.188.137 - - [20/Apr/2026:09:16:39 -0400] "POST /wp-login.php HTTP/1.1" 200 2148 "https://mail.thedubaitoday.com/wp-login.php" "Mozilla/5.0 (Windows NT 10.0; Win64; x64) AppleWebKit/537.36 (KHTML, like Gecko) Chrome/64.0.3282.140 Safari/537.36 Edge/17.17134"
216.73.216.119 - - [20/Apr/2026:09:18:05 -0400] "GET /robots.txt HTTP/1.1" 200 103 "-" "Mozilla/5.0 AppleWebKit/537.36 (KHTML, like Gecko; compatible; ClaudeBot/1.0; [email protected])"
216.73.216.119 - - [20/Apr/2026:09:18:05 -0400] "GET /wp-sitemap.xml HTTP/1.1" 200 234 "-" "Mozilla/5.0 AppleWebKit/537.36 (KHTML, like Gecko; compatible; ClaudeBot/1.0; [email protected])"
114.119.148.10 - - [20/Apr/2026:09:20:25 -0400] "GET /page/7 HTTP/1.1" 301 0 "-" "Mozilla/5.0 (Linux; Android 7.0;) AppleWebKit/537.36 (KHTML, like Gecko) Mobile Safari/537.36 (compatible; PetalBot;+https://webmaster.petalsearch.com/site/petalbot)"
114.119.148.10 - - [20/Apr/2026:09:20:29 -0400] "GET /page/7/ HTTP/1.1" 200 20774 "-" "Mozilla/5.0 (Linux; Android 7.0;) AppleWebKit/537.36 (KHTML, like Gecko) Mobile Safari/537.36 (compatible; PetalBot;+https://webmaster.petalsearch.com/site/petalbot)"
114.119.136.150 - - [20/Apr/2026:09:22:35 -0400] "GET /page/44 HTTP/1.1" 301 0 "https://www.thedubaitoday.com/page/44" "Mozilla/5.0 (Linux; Android 7.0;) AppleWebKit/537.36 (KHTML, like Gecko) Mobile Safari/537.36 (compatible; PetalBot;+https://webmaster.petalsearch.com/site/petalbot)"
114.119.136.150 - - [20/Apr/2026:09:22:38 -0400] "GET /page/44/ HTTP/1.1" 200 20776 "https://www.thedubaitoday.com/page/44" "Mozilla/5.0 (Linux; Android 7.0;) AppleWebKit/537.36 (KHTML, like Gecko) Mobile Safari/537.36 (compatible; PetalBot;+https://webmaster.petalsearch.com/site/petalbot)"
114.119.129.24 - - [20/Apr/2026:09:24:06 -0400] "GET /national-institute-for-health-specialties-accredits-corniche-hospital/ HTTP/1.1" 200 14854 "https://www.thedubaitoday.com/?cat=45&paged=4" "Mozilla/5.0 (Linux; Android 7.0;) AppleWebKit/537.36 (KHTML, like Gecko) Mobile Safari/537.36 (compatible; PetalBot;+https://webmaster.petalsearch.com/site/petalbot)"
14.231.104.2 - - [20/Apr/2026:09:24:49 -0400] "GET /indulge-in-limited-period-turkey-sizzlers/ HTTP/1.1" 200 15051 "-" "Mozilla/5.0 (Macintosh; Intel Mac OS X 11_1_0) AppleWebKit/537.36 (KHTML, like Gecko) Chrome/87.0.4280.88 Safari/537.36 FS"
114.119.129.24 - - [20/Apr/2026:09:26:01 -0400] "GET /mohammed-bin-rashid-receives-prime-minister-of-north-macedonia HTTP/1.1" 301 0 "https://www.thedubaitoday.com/?p=8419" "Mozilla/5.0 (Linux; Android 7.0;) AppleWebKit/537.36 (KHTML, like Gecko) Mobile Safari/537.36 (compatible; PetalBot;+https://webmaster.petalsearch.com/site/petalbot)"
114.119.129.24 - - [20/Apr/2026:09:26:06 -0400] "GET /mohammed-bin-rashid-receives-prime-minister-of-north-macedonia/ HTTP/1.1" 200 16030 "https://www.thedubaitoday.com/?p=8419" "Mozilla/5.0 (Linux; Android 7.0;) AppleWebKit/537.36 (KHTML, like Gecko) Mobile Safari/537.36 (compatible; PetalBot;+https://webmaster.petalsearch.com/site/petalbot)"
114.119.129.24 - - [20/Apr/2026:09:17:42 -0400] "GET /saudi-crown-prince-announces-the-line-in-neom/ HTTP/1.1" 200 15780 "https://www.thedubaitoday.com/saudi-crown-prince-announces-the-line-in-neom" "Mozilla/5.0 (Linux; Android 7.0;) AppleWebKit/537.36 (KHTML, like Gecko) Mobile Safari/537.36 (compatible; PetalBot;+https://webmaster.petalsearch.com/site/petalbot)"
114.119.136.150 - - [20/Apr/2026:09:19:36 -0400] "GET /providing-citizens-with-decent-life-top-priority-of-uaes-leadership-hamdan-bin-zayed/ HTTP/1.1" 200 14610 "https://www.thedubaitoday.com/providing-citizens-with-decent-life-top-priority-of-uaes-leadership-hamdan-bin-zayed/" "Mozilla/5.0 (Linux; Android 7.0;) AppleWebKit/537.36 (KHTML, like Gecko) Mobile Safari/537.36 (compatible; PetalBot;+https://webmaster.petalsearch.com/site/petalbot)"
54.39.0.152 - - [20/Apr/2026:09:22:26 -0400] "GET /classic-charm-from-mamiya-diamonds/ HTTP/1.1" 200 13209 "-" "Mozilla/5.0 (compatible; AhrefsBot/7.0; +http://ahrefs.com/robot/)"
114.119.129.24 - - [20/Apr/2026:09:24:02 -0400] "GET /national-institute-for-health-specialties-accredits-corniche-hospital HTTP/1.1" 301 0 "https://www.thedubaitoday.com/?cat=45&paged=4" "Mozilla/5.0 (Linux; Android 7.0;) AppleWebKit/537.36 (KHTML, like Gecko) Mobile Safari/537.36 (compatible; PetalBot;+https://webmaster.petalsearch.com/site/petalbot)"
143.20.253.19 - - [20/Apr/2026:09:26:40 -0400] "GET /index.php?rest_route=%2Foembed%2F1.0%2Fembed&url=https%3A%2F%2Fwww.thedubaitoday.com%2F%3Fp%3D5305&format=xml HTTP/1.1" 200 1376 "-" "Mozilla/5.0 (Macintosh; Intel Mac OS X 10_15_7) AppleWebKit/537.36 (KHTML, like Gecko) Chrome/135.0.0.0 Safari/537.36"
88.97.177.120 - - [20/Apr/2026:09:27:26 -0400] "GET /abu-dhabi-gearing-up-to-host-18th-edition-of-adihex-2021/ HTTP/1.1" 200 13170 "-" "Mozilla/5.0 (Linux; Android 10; K) AppleWebKit/537.36 (KHTML, like Gecko) Chrome/122.0.0.0 Mobile Safari/537.36"
114.119.151.155 - - [20/Apr/2026:09:29:17 -0400] "GET /maserati-is-back-at-the-i-c-e-in-st-moritz-with-its-glowing-trident HTTP/1.1" 301 0 "https://www.thedubaitoday.com/?cat=70&paged=2" "Mozilla/5.0 (Linux; Android 7.0;) AppleWebKit/537.36 (KHTML, like Gecko) Mobile Safari/537.36 (compatible; PetalBot;+https://webmaster.petalsearch.com/site/petalbot)"
114.119.151.155 - - [20/Apr/2026:09:29:20 -0400] "GET /maserati-is-back-at-the-i-c-e-in-st-moritz-with-its-glowing-trident/ HTTP/1.1" 200 14772 "https://www.thedubaitoday.com/?cat=70&paged=2" "Mozilla/5.0 (Linux; Android 7.0;) AppleWebKit/537.36 (KHTML, like Gecko) Mobile Safari/537.36 (compatible; PetalBot;+https://webmaster.petalsearch.com/site/petalbot)"
162.213.253.84 - - [20/Apr/2026:09:33:02 -0400] "POST /wp-cron.php?doing_wp_cron=1776691982.7996230125427246093750 HTTP/1.1" 200 0 "https://www.thedubaitoday.com/wp-cron.php?doing_wp_cron=1776691982.7996230125427246093750" "WordPress/5.5.16; https://www.thedubaitoday.com"
114.119.135.207 - - [20/Apr/2026:09:33:11 -0400] "GET /expo-2020-dubais-water-week-to-spotlight-conservation-of-planets-most-precious-resource/ HTTP/1.1" 200 16351 "https://www.thedubaitoday.com/expo-2020-dubais-water-week-to-spotlight-conservation-of-planets-most-precious-resource/" "Mozilla/5.0 (Linux; Android 7.0;) AppleWebKit/537.36 (KHTML, like Gecko) Mobile Safari/537.36 (compatible; PetalBot;+https://webmaster.petalsearch.com/site/petalbot)"
216.73.216.119 - - [20/Apr/2026:09:33:29 -0400] "GET / HTTP/1.1" 301 0 "-" "Mozilla/5.0 AppleWebKit/537.36 (KHTML, like Gecko; compatible; ClaudeBot/1.0; [email protected])"
216.73.216.119 - - [20/Apr/2026:09:33:30 -0400] "GET / HTTP/1.1" 200 16911 "https://thedubaitoday.com/" "Mozilla/5.0 AppleWebKit/537.36 (KHTML, like Gecko; compatible; ClaudeBot/1.0; [email protected])"
114.119.141.83 - - [20/Apr/2026:09:37:11 -0400] "GET /emaar-malls-records-80-growth-in-profit-to-aed-622-million-in-first-half-of-2021/ HTTP/1.1" 200 15081 "https://www.thedubaitoday.com/category/business/page/13" "Mozilla/5.0 (Linux; Android 7.0;) AppleWebKit/537.36 (KHTML, like Gecko) Mobile Safari/537.36 (compatible; PetalBot;+https://webmaster.petalsearch.com/site/petalbot)"
114.119.136.150 - - [20/Apr/2026:09:38:28 -0400] "GET /dubai-will-host-the-international-deluxe-beauty-awards-on-april-15 HTTP/1.1" 301 0 "https://www.thedubaitoday.com/?author=1&paged=153" "Mozilla/5.0 (Linux; Android 7.0;) AppleWebKit/537.36 (KHTML, like Gecko) Mobile Safari/537.36 (compatible; PetalBot;+https://webmaster.petalsearch.com/site/petalbot)"
114.119.151.155 - - [20/Apr/2026:09:40:42 -0400] "GET /dubai-opera-hosts-legendary-opera-singer-andrea-bocelli HTTP/1.1" 301 0 "https://www.thedubaitoday.com/author/admin/page/165" "Mozilla/5.0 (Linux; Android 7.0;) AppleWebKit/537.36 (KHTML, like Gecko) Mobile Safari/537.36 (compatible; PetalBot;+https://webmaster.petalsearch.com/site/petalbot)"
52.167.144.222 - - [20/Apr/2026:09:41:19 -0400] "GET /?s= HTTP/1.1" 200 13387 "-" "Mozilla/5.0 AppleWebKit/537.36 (KHTML, like Gecko; compatible; bingbot/2.0; +http://www.bing.com/bingbot.htm) Chrome/116.0.1938.76 Safari/537.36"
154.54.249.197 - - [20/Apr/2026:09:29:01 -0400] "GET /robots.txt HTTP/1.1" 200 117 "-" "Mozilla/5.0 (compatible; Barkrowler/0.9; +https://babbar.tech/crawler)"
216.73.216.119 - - [20/Apr/2026:09:29:21 -0400] "GET / HTTP/1.1" 200 16911 "-" "Mozilla/5.0 AppleWebKit/537.36 (KHTML, like Gecko; compatible; ClaudeBot/1.0; [email protected])"
54.39.0.103 - - [20/Apr/2026:09:29:51 -0400] "GET /author/admin/page/70/ HTTP/1.1" 200 14149 "-" "Mozilla/5.0 (compatible; AhrefsBot/7.0; +http://ahrefs.com/robot/)"
114.119.151.155 - - [20/Apr/2026:09:31:08 -0400] "GET /get-to-experience-nlp-coaching-with-deanna-at-mind-and-body-works-dxb/ HTTP/1.1" 200 14117 "https://www.thedubaitoday.com/category/lifestyle" "Mozilla/5.0 (Linux; Android 7.0;) AppleWebKit/537.36 (KHTML, like Gecko) Mobile Safari/537.36 (compatible; PetalBot;+https://webmaster.petalsearch.com/site/petalbot)"
112.86.225.17 - - [20/Apr/2026:09:31:12 -0400] "GET / HTTP/1.1" 200 20701 "-" "Sogou web spider/4.0(+http://www.sogou.com/docs/help/webmasters.htm#07)"
74.98.176.107 - - [20/Apr/2026:09:32:21 -0400] "GET /uae-leaders-congratulate-president-of-turkiye-on-republic-day/ HTTP/1.1" 200 12043 "-" "Mozilla/5.0 (iPhone; CPU iPhone OS 17_0_1 like Mac OS X) AppleWebKit/605.1.15 (KHTML, like Gecko) Version/17.0 Mobile/15E148 Safari/604.1"
113.184.140.164 - - [20/Apr/2026:09:32:25 -0400] "GET /khawla-art-and-culture-hosts-a-vibrant-land-exhibition/ HTTP/1.1" 200 14734 "-" "Mozilla/5.0 (Windows NT 10.0; Win64; x64) AppleWebKit/537.36 (KHTML, like Gecko) Chrome/67.0.3396.62 Safari/537.36"
145.223.131.54 - - [20/Apr/2026:09:33:02 -0400] "GET /?p=9012 HTTP/1.1" 301 0 "-" "Mozilla/5.0 (Macintosh; Intel Mac OS X 10.15; rv:{version}.0) Gecko/20100101 Firefox/133.0"
145.223.131.54 - - [20/Apr/2026:09:33:03 -0400] "GET /maktoum-bin-mohammed-meets-with-ceo-of-accenture/ HTTP/1.1" 200 15533 "-" "Mozilla/5.0 (Macintosh; Intel Mac OS X 10.15; rv:{version}.0) Gecko/20100101 Firefox/133.0"
114.119.129.24 - - [20/Apr/2026:09:35:10 -0400] "GET /emirates-drift-championship-returns-to-yas-marina-circuit-for-new-season/ HTTP/1.1" 200 15088 "https://www.thedubaitoday.com/page/8/" "Mozilla/5.0 (Linux; Android 7.0;) AppleWebKit/537.36 (KHTML, like Gecko) Mobile Safari/537.36 (compatible; PetalBot;+https://webmaster.petalsearch.com/site/petalbot)"
54.39.0.242 - - [20/Apr/2026:09:36:54 -0400] "GET /acci-participates-in-cosmetista-expo-north-west-africa-in-casablanca/ HTTP/1.1" 200 12645 "-" "Mozilla/5.0 (compatible; AhrefsBot/7.0; +http://ahrefs.com/robot/)"
114.119.136.150 - - [20/Apr/2026:09:38:32 -0400] "GET /dubai-will-host-the-international-deluxe-beauty-awards-on-april-15/ HTTP/1.1" 200 14919 "https://www.thedubaitoday.com/?author=1&paged=153" "Mozilla/5.0 (Linux; Android 7.0;) AppleWebKit/537.36 (KHTML, like Gecko) Mobile Safari/537.36 (compatible; PetalBot;+https://webmaster.petalsearch.com/site/petalbot)"
105.107.134.0 - - [20/Apr/2026:09:39:35 -0400] "GET /sheikh-zayed-festival-sets-three-guinness-world-records-with-largest-40-minute-fireworks-display/ HTTP/1.1" 200 14972 "-" "Mozilla/5.0 (Macintosh; Intel Mac OS X 10_15_6) AppleWebKit/537.36 (KHTML, like Gecko) Brave Chrome/83.0.4103.106 Safari/537.36"
114.119.151.155 - - [20/Apr/2026:09:40:46 -0400] "GET /dubai-opera-hosts-legendary-opera-singer-andrea-bocelli/ HTTP/1.1" 200 15777 "https://www.thedubaitoday.com/author/admin/page/165" "Mozilla/5.0 (Linux; Android 7.0;) AppleWebKit/537.36 (KHTML, like Gecko) Mobile Safari/537.36 (compatible; PetalBot;+https://webmaster.petalsearch.com/site/petalbot)"
114.119.151.155 - - [20/Apr/2026:09:42:25 -0400] "GET /uae-unveils-new-installation-by-emirati-artist-mohamed-ibrahim-at-la-biennale-di-venezia/ HTTP/1.1" 200 16092 "https://www.thedubaitoday.com/uae-unveils-new-installation-by-emirati-artist-mohamed-ibrahim-at-la-biennale-di-venezia/" "Mozilla/5.0 (Linux; Android 7.0;) AppleWebKit/537.36 (KHTML, like Gecko) Mobile Safari/537.36 (compatible; PetalBot;+https://webmaster.petalsearch.com/site/petalbot)"
114.119.156.60 - - [20/Apr/2026:09:44:01 -0400] "GET /uae-takes-part-in-7th-gcc-health-ministers-committee-meeting/ HTTP/1.1" 200 15426 "https://www.thedubaitoday.com/uae-takes-part-in-7th-gcc-health-ministers-committee-meeting" "Mozilla/5.0 (Linux; Android 7.0;) AppleWebKit/537.36 (KHTML, like Gecko) Mobile Safari/537.36 (compatible; PetalBot;+https://webmaster.petalsearch.com/site/petalbot)"
69.80.83.141 - - [20/Apr/2026:09:44:25 -0400] "GET /saudia-enhances-fleet-with-suite-of-boeing-services/ HTTP/1.1" 200 12782 "-" "Mozilla/5.0 (Windows NT 10.0; Win64; x64) AppleWebKit/537.36 (KHTML, like Gecko) Chrome/121.0.0.0 Safari/537.36 Edg/121.0.0.0 GLS/100.10.9979.100"
54.39.6.227 - - [20/Apr/2026:09:44:34 -0400] "GET /sharjahs-historic-buildings-on-isescos-final-list/ HTTP/1.1" 200 12444 "-" "Mozilla/5.0 (compatible; AhrefsBot/7.0; +http://ahrefs.com/robot/)"
162.213.253.84 - - [20/Apr/2026:09:47:39 -0400] "POST /wp-cron.php?doing_wp_cron=1776692859.6930680274963378906250 HTTP/1.1" 200 0 "https://www.thedubaitoday.com/wp-cron.php?doing_wp_cron=1776692859.6930680274963378906250" "WordPress/5.5.16; https://www.thedubaitoday.com"
114.119.135.207 - - [20/Apr/2026:09:47:39 -0400] "GET /uae-ambassador-meets-peruvian-minister-of-economy-and-finance HTTP/1.1" 301 0 "https://www.thedubaitoday.com/?p=7886" "Mozilla/5.0 (Linux; Android 7.0;) AppleWebKit/537.36 (KHTML, like Gecko) Mobile Safari/537.36 (compatible; PetalBot;+https://webmaster.petalsearch.com/site/petalbot)"
43.173.173.85 - - [20/Apr/2026:09:48:03 -0400] "GET /a-taste-of-spanish-melodies-this-expo-2020/ HTTP/1.1" 200 15231 "-" "Mozilla/5.0 (Windows NT 10.0; Win64; x64) AppleWebKit/537.36 (KHTML, like Gecko) Chrome/120.0.0.0 Safari/537.36"
43.173.177.46 - - [20/Apr/2026:09:49:03 -0400] "GET /?p=5738 HTTP/1.1" 301 0 "-" "Mozilla/5.0 (Windows NT 10.0; Win64; x64) AppleWebKit/537.36 (KHTML, like Gecko) Chrome/111.0.0.0 Safari/537.36"
114.119.129.24 - - [20/Apr/2026:09:49:49 -0400] "GET /uae-all-set-to-become-global-cryptocurrency-market-hub HTTP/1.1" 301 0 "https://www.thedubaitoday.com/uae-all-set-to-become-global-cryptocurrency-market-hub" "Mozilla/5.0 (Linux; Android 7.0;) AppleWebKit/537.36 (KHTML, like Gecko) Mobile Safari/537.36 (compatible; PetalBot;+https://webmaster.petalsearch.com/site/petalbot)"
114.119.129.24 - - [20/Apr/2026:09:49:53 -0400] "GET /uae-all-set-to-become-global-cryptocurrency-market-hub/ HTTP/1.1" 200 15174 "https://www.thedubaitoday.com/uae-all-set-to-become-global-cryptocurrency-market-hub" "Mozilla/5.0 (Linux; Android 7.0;) AppleWebKit/537.36 (KHTML, like Gecko) Mobile Safari/537.36 (compatible; PetalBot;+https://webmaster.petalsearch.com/site/petalbot)"
114.119.151.155 - - [20/Apr/2026:09:52:08 -0400] "GET /the-head-of-state-arrives-in-cairo-on-an-official-visit-and-the-egyptian-president-is-at-the-forefront-of-his-reception/ HTTP/1.1" 200 15157 "https://www.thedubaitoday.com/?p=8922" "Mozilla/5.0 (Linux; Android 7.0;) AppleWebKit/537.36 (KHTML, like Gecko) Mobile Safari/537.36 (compatible; PetalBot;+https://webmaster.petalsearch.com/site/petalbot)"
20.215.220.220 - - [20/Apr/2026:09:52:20 -0400] "GET /dubai-customs-introduces-comprehensive-guide-on-customs-services-during-expo-2020-dubai/ HTTP/1.1" 200 13275 "-" "Mozilla/5.0 AppleWebKit/537.36 (KHTML, like Gecko); compatible; ChatGPT-User/1.0; +https://openai.com/bot"
114.119.141.83 - - [20/Apr/2026:09:52:59 -0400] "GET /the-expand-north-star-2023-exhibition-showcases-cutting-edge-technology HTTP/1.1" 301 0 "https://www.thedubaitoday.com/category/uncategorized" "Mozilla/5.0 (Linux; Android 7.0;) AppleWebKit/537.36 (KHTML, like Gecko) Mobile Safari/537.36 (compatible; PetalBot;+https://webmaster.petalsearch.com/site/petalbot)"
107.172.119.7 - - [20/Apr/2026:09:53:26 -0400] "GET /advertise-us/ HTTP/1.1" 200 10981 "https://www.yandex.com/" "Mozilla/5.0 (Linux; Android 13; SM-A536E) AppleWebKit/537.36 (KHTML, like Gecko) Chrome/112.0.0.0 Mobile Safari/537.36 uacq"
114.119.156.60 - - [20/Apr/2026:09:43:59 -0400] "GET /uae-takes-part-in-7th-gcc-health-ministers-committee-meeting HTTP/1.1" 301 0 "https://www.thedubaitoday.com/uae-takes-part-in-7th-gcc-health-ministers-committee-meeting" "Mozilla/5.0 (Linux; Android 7.0;) AppleWebKit/537.36 (KHTML, like Gecko) Mobile Safari/537.36 (compatible; PetalBot;+https://webmaster.petalsearch.com/site/petalbot)"
114.119.135.207 - - [20/Apr/2026:09:47:41 -0400] "GET /uae-ambassador-meets-peruvian-minister-of-economy-and-finance/ HTTP/1.1" 200 14137 "https://www.thedubaitoday.com/?p=7886" "Mozilla/5.0 (Linux; Android 7.0;) AppleWebKit/537.36 (KHTML, like Gecko) Mobile Safari/537.36 (compatible; PetalBot;+https://webmaster.petalsearch.com/site/petalbot)"
43.172.197.37 - - [20/Apr/2026:09:49:05 -0400] "GET /international-jury-panel-for-louvre-abu-dhabi-art-here-2021-richard-mille-art-prize-announced/ HTTP/1.1" 200 15318 "-" "Mozilla/5.0 (Windows NT 10.0; Win64; x64) AppleWebKit/537.36 (KHTML, like Gecko) Chrome/111.0.0.0 Safari/537.36"
47.128.60.120 - - [20/Apr/2026:09:49:25 -0400] "GET /advertise-us/ HTTP/1.1" 200 10981 "-" "Mozilla/5.0 (Linux; Android 5.0) AppleWebKit/537.36 (KHTML, like Gecko) Mobile Safari/537.36 (compatible; Bytespider; [email protected])"
166.108.205.46 - - [20/Apr/2026:09:49:32 -0400] "GET /wp-content/uploads/2021/08/%e2%80%98Thrive-Together-850x560.jpg HTTP/1.1" 200 101836 "https://www.thedubaitoday.com/?author=1&paged=119" "Mozilla/5.0 (Windows NT 10.0; Win64; x64) AppleWebKit/537.36 (KHTML, like Gecko) Chrome/101.0.4951.64 Safari/537.36 Edg/101.0.1210.47"
14.182.129.175 - - [20/Apr/2026:09:50:40 -0400] "GET /saif-bin-zayed-visits-egypt-pavilion-at-expo-2020-dubai/ HTTP/1.1" 200 14194 "-" "Mozilla/5.0 (Macintosh; Intel Mac OS X 10_13_6) AppleWebKit/537.36 (KHTML, like Gecko) Chrome/73.0.3683.103 Safari/537.36"
54.39.89.158 - - [20/Apr/2026:09:51:41 -0400] "GET /the-sheikh-zayed-private-academy-for-boys-named-apple-distinguished-school/ HTTP/1.1" 200 12776 "-" "Mozilla/5.0 (compatible; AhrefsBot/7.0; +http://ahrefs.com/robot/)"
114.119.151.155 - - [20/Apr/2026:09:52:03 -0400] "GET /the-head-of-state-arrives-in-cairo-on-an-official-visit-and-the-egyptian-president-is-at-the-forefront-of-his-reception HTTP/1.1" 301 0 "https://www.thedubaitoday.com/?p=8922" "Mozilla/5.0 (Linux; Android 7.0;) AppleWebKit/537.36 (KHTML, like Gecko) Mobile Safari/537.36 (compatible; PetalBot;+https://webmaster.petalsearch.com/site/petalbot)"
114.119.141.83 - - [20/Apr/2026:09:53:03 -0400] "GET /the-expand-north-star-2023-exhibition-showcases-cutting-edge-technology/ HTTP/1.1" 200 15481 "https://www.thedubaitoday.com/category/uncategorized" "Mozilla/5.0 (Linux; Android 7.0;) AppleWebKit/537.36 (KHTML, like Gecko) Mobile Safari/537.36 (compatible; PetalBot;+https://webmaster.petalsearch.com/site/petalbot)"
104.165.198.111 - - [20/Apr/2026:09:53:28 -0400] "GET /wp-includes/css/dist/block-library/theme.min.css?ver=5.5.16 HTTP/1.1" 200 635 "https://www.thedubaitoday.com/advertise-us/" "Mozilla/5.0 (Linux; Android 8.0; Pixel 2 Build/OPD3.170816.012) AppleWebKit/537.36 (KHTML, like Gecko) Chrome/45.0.9291.1507 Mobile Safari/537.36"
104.165.198.111 - - [20/Apr/2026:09:53:28 -0400] "GET /wp-content/themes/digiqole/assets/css/owl.theme.default.min.css?ver=1.4.6 HTTP/1.1" 200 375 "https://www.thedubaitoday.com/advertise-us/" "Mozilla/5.0 (Linux; Android 8.0; Pixel 2 Build/OPD3.170816.012) AppleWebKit/537.36 (KHTML, like Gecko) Chrome/45.0.9291.1507 Mobile Safari/537.36"
104.165.198.111 - - [20/Apr/2026:09:53:28 -0400] "GET /wp-content/plugins/contact-form-7/includes/css/styles.css?ver=5.3 HTTP/1.1" 200 621 "https://www.thedubaitoday.com/advertise-us/" "Mozilla/5.0 (Linux; Android 8.0; Pixel 2 Build/OPD3.170816.012) AppleWebKit/537.36 (KHTML, like Gecko) Chrome/45.0.9291.1507 Mobile Safari/537.36"
104.165.198.111 - - [20/Apr/2026:09:53:28 -0400] "GET /wp-content/plugins/litespeed-cache/assets/css/litespeed-dummy.css?ver=5.5.16 HTTP/1.1" 200 60 "https://www.thedubaitoday.com/advertise-us/" "Mozilla/5.0 (Linux; Android 8.0; Pixel 2 Build/OPD3.170816.012) AppleWebKit/537.36 (KHTML, like Gecko) Chrome/45.0.9291.1507 Mobile Safari/537.36"
154.246.205.51 - - [20/Apr/2026:09:55:00 -0400] "POST /xmlrpc.php HTTP/1.1" 200 403 "-" "WordPress.com; https://wordpress.com"
154.246.205.51 - - [20/Apr/2026:09:55:12 -0400] "POST /xmlrpc.php HTTP/1.1" 200 403 "-" "Jetpack/12.0; WordPress/6.1; http://site43865689.com"
114.119.156.60 - - [20/Apr/2026:09:55:17 -0400] "GET /sial-middle-east-virtual-platform-to-focus-on-challenges-facing-global-fb-hospitality-and-dates-industry HTTP/1.1" 301 0 "https://www.thedubaitoday.com/?cat=58&paged=2" "Mozilla/5.0 (Linux; Android 7.0;) AppleWebKit/537.36 (KHTML, like Gecko) Mobile Safari/537.36 (compatible; PetalBot;+https://webmaster.petalsearch.com/site/petalbot)"
114.119.156.60 - - [20/Apr/2026:09:55:22 -0400] "GET /sial-middle-east-virtual-platform-to-focus-on-challenges-facing-global-fb-hospitality-and-dates-industry/ HTTP/1.1" 200 16545 "https://www.thedubaitoday.com/?cat=58&paged=2" "Mozilla/5.0 (Linux; Android 7.0;) AppleWebKit/537.36 (KHTML, like Gecko) Mobile Safari/537.36 (compatible; PetalBot;+https://webmaster.petalsearch.com/site/petalbot)"
154.246.205.51 - - [20/Apr/2026:09:55:37 -0400] "POST /xmlrpc.php HTTP/1.1" 200 403 "-" "Jetpack by WordPress.com (Jetpack 13.0; WordPress 6.4)"
154.246.205.51 - - [20/Apr/2026:09:57:00 -0400] "POST /xmlrpc.php HTTP/1.1" 200 403 "-" "Jetpack by WordPress.com"
154.246.205.51 - - [20/Apr/2026:09:57:22 -0400] "POST /xmlrpc.php HTTP/1.1" 200 403 "-" "WordPress.com; https://wordpress.com"
154.246.205.51 - - [20/Apr/2026:09:57:31 -0400] "POST /xmlrpc.php HTTP/1.1" 200 403 "-" "Jetpack/12.1; WordPress/6.3; http://site83300807.com"
154.246.205.51 - - [20/Apr/2026:09:58:03 -0400] "POST /xmlrpc.php HTTP/1.1" 200 403 "-" "Jetpack by WordPress.com (Jetpack 13.0; WordPress 6.4)"
114.119.130.109 - - [20/Apr/2026:09:58:15 -0400] "GET /saqr-ghobash-receives-ambassadors-of-china-czech-republic-mongolia/ HTTP/1.1" 200 14592 "https://www.thedubaitoday.com/category/international-news/page/2" "Mozilla/5.0 (Linux; Android 7.0;) AppleWebKit/537.36 (KHTML, like Gecko) Mobile Safari/537.36 (compatible; PetalBot;+https://webmaster.petalsearch.com/site/petalbot)"
143.20.253.85 - - [20/Apr/2026:09:59:14 -0400] "GET /wp-json/oembed/1.0/embed?format=xml&url=https%3A%2F%2Fwww.thedubaitoday.com%2Ffrances-macron-launches-bid-for-second-term-as-president%2F HTTP/1.1" 200 1347 "-" "Mozilla/5.0 (Macintosh; Intel Mac OS X 10_15_7) AppleWebKit/537.36 (KHTML, like Gecko) Chrome/135.0.0.0 Safari/537.36"
154.246.205.51 - - [20/Apr/2026:09:59:18 -0400] "POST /xmlrpc.php HTTP/1.1" 200 403 "-" "Jetpack/13.0; WordPress/6.4; http://site43761638.com"
82.38.180.196 - - [20/Apr/2026:10:00:23 -0400] "GET /category/education/ HTTP/1.1" 200 14232 "-" "Mozilla/5.0 (Macintosh; Intel Mac OS X 10_15_7) AppleWebKit/537.36 (KHTML, like Gecko) Chrome/133.0.0.0 Safari/537.36"
154.246.205.51 - - [20/Apr/2026:10:00:24 -0400] "POST /xmlrpc.php HTTP/1.1" 200 403 "-" "WordPress.com; https://wordpress.com"
104.165.198.111 - - [20/Apr/2026:09:53:28 -0400] "GET /wp-content/uploads/elementor/css/global.css?ver=1605806951 HTTP/1.1" 200 3379 "https://www.thedubaitoday.com/advertise-us/" "Mozilla/5.0 (Linux; Android 8.0; Pixel 2 Build/OPD3.170816.012) AppleWebKit/537.36 (KHTML, like Gecko) Chrome/45.0.9291.1507 Mobile Safari/537.36"
104.165.198.111 - - [20/Apr/2026:09:53:28 -0400] "GET /wp-content/themes/digiqole/assets/css/master.css?ver=1.4.6 HTTP/1.1" 200 27631 "https://www.thedubaitoday.com/advertise-us/" "Mozilla/5.0 (Linux; Android 8.0; Pixel 2 Build/OPD3.170816.012) AppleWebKit/537.36 (KHTML, like Gecko) Chrome/45.0.9291.1507 Mobile Safari/537.36"
40.77.167.17 - - [20/Apr/2026:09:53:40 -0400] "GET /page/178/?s HTTP/1.1" 200 13870 "-" "Mozilla/5.0 AppleWebKit/537.36 (KHTML, like Gecko; compatible; bingbot/2.0; +http://www.bing.com/bingbot.htm) Chrome/116.0.1938.76 Safari/537.36"
154.246.205.51 - - [20/Apr/2026:09:54:50 -0400] "POST /xmlrpc.php HTTP/1.1" 200 403 "-" "Jetpack/12.0; WordPress/6.4; http://site32101002.com"
154.246.205.51 - - [20/Apr/2026:09:55:57 -0400] "POST /xmlrpc.php HTTP/1.1" 200 403 "-" "Jetpack by WordPress.com (Jetpack 12.1; WordPress 6.2)"
154.246.205.51 - - [20/Apr/2026:09:56:06 -0400] "POST /xmlrpc.php HTTP/1.1" 200 403 "-" "Jetpack/13.0; WordPress/6.4; http://site83836191.com"
154.246.205.51 - - [20/Apr/2026:09:56:51 -0400] "POST /xmlrpc.php HTTP/1.1" 200 403 "-" "Jetpack by WordPress.com (Jetpack 12.1; WordPress 6.3)"
154.246.205.51 - - [20/Apr/2026:09:57:10 -0400] "POST /xmlrpc.php HTTP/1.1" 200 403 "-" "Jetpack by WordPress.com"
154.246.205.51 - - [20/Apr/2026:09:57:57 -0400] "POST /xmlrpc.php HTTP/1.1" 200 403 "-" "Jetpack by WordPress.com"
114.119.130.109 - - [20/Apr/2026:09:58:11 -0400] "GET /saqr-ghobash-receives-ambassadors-of-china-czech-republic-mongolia HTTP/1.1" 301 0 "https://www.thedubaitoday.com/category/international-news/page/2" "Mozilla/5.0 (Linux; Android 7.0;) AppleWebKit/537.36 (KHTML, like Gecko) Mobile Safari/537.36 (compatible; PetalBot;+https://webmaster.petalsearch.com/site/petalbot)"
154.246.205.51 - - [20/Apr/2026:09:58:14 -0400] "POST /xmlrpc.php HTTP/1.1" 200 403 "-" "WordPress.com; https://wordpress.com"
154.246.205.51 - - [20/Apr/2026:09:58:25 -0400] "POST /xmlrpc.php HTTP/1.1" 200 403 "-" "Jetpack/12.0; WordPress/6.1; http://site10829919.com"
51.222.168.40 - - [20/Apr/2026:09:58:57 -0400] "GET /time-hotels-innovative-csr-2021-plan-right-on-track/ HTTP/1.1" 200 13492 "-" "Mozilla/5.0 (compatible; AhrefsBot/7.0; +http://ahrefs.com/robot/)"
154.246.205.51 - - [20/Apr/2026:09:59:10 -0400] "POST /xmlrpc.php HTTP/1.1" 200 403 "-" "WordPress.com; https://wordpress.com"
154.246.205.51 - - [20/Apr/2026:09:59:29 -0400] "POST /xmlrpc.php HTTP/1.1" 200 403 "-" "WordPress.com; https://wordpress.com"
154.246.205.51 - - [20/Apr/2026:09:59:52 -0400] "POST /xmlrpc.php HTTP/1.1" 200 403 "-" "Jetpack by WordPress.com (Jetpack 12.5; WordPress 6.2)"
162.213.253.84 - - [20/Apr/2026:10:00:24 -0400] "POST /wp-cron.php?doing_wp_cron=1776693624.5482740402221679687500 HTTP/1.1" 200 0 "https://www.thedubaitoday.com/wp-cron.php?doing_wp_cron=1776693624.5482740402221679687500" "WordPress/5.5.16; https://www.thedubaitoday.com"
154.246.205.51 - - [20/Apr/2026:10:00:33 -0400] "POST /xmlrpc.php HTTP/1.1" 200 403 "-" "Jetpack by WordPress.com (Jetpack 12.0; WordPress 6.1)"
154.246.205.51 - - [20/Apr/2026:10:00:54 -0400] "POST /xmlrpc.php HTTP/1.1" 200 403 "-" "WordPress.com; https://wordpress.com"
154.246.205.51 - - [20/Apr/2026:10:01:15 -0400] "POST /xmlrpc.php HTTP/1.1" 200 403 "-" "Jetpack by WordPress.com"
114.119.141.83 - - [20/Apr/2026:10:01:33 -0400] "GET /over-1000-athletes-to-take-to-mat-at-grand-slam-abu-dhabi-rio-de-janeiro-2020 HTTP/1.1" 301 0 "https://www.thedubaitoday.com/?cat=66&paged=7" "Mozilla/5.0 (Linux; Android 7.0;) AppleWebKit/537.36 (KHTML, like Gecko) Mobile Safari/537.36 (compatible; PetalBot;+https://webmaster.petalsearch.com/site/petalbot)"
154.246.205.51 - - [20/Apr/2026:10:01:47 -0400] "POST /xmlrpc.php HTTP/1.1" 200 403 "-" "Jetpack/12.1; WordPress/6.1; http://site81389119.com"
154.246.205.51 - - [20/Apr/2026:10:01:58 -0400] "POST /xmlrpc.php HTTP/1.1" 200 403 "-" "Jetpack/13.0; WordPress/6.4; http://site63942800.com"
154.246.205.51 - - [20/Apr/2026:10:02:08 -0400] "POST /xmlrpc.php HTTP/1.1" 200 403 "-" "Jetpack by WordPress.com (Jetpack 12.0; WordPress 6.1)"
157.55.39.197 - - [20/Apr/2026:10:02:15 -0400] "GET /wp-content/uploads/2021/10/Ambassador-for-Culture-for-ALECSO-850x560.jpg HTTP/1.1" 200 84534 "-" "Mozilla/5.0 AppleWebKit/537.36 (KHTML, like Gecko; compatible; bingbot/2.0; +http://www.bing.com/bingbot.htm) Chrome/116.0.1938.76 Safari/537.36"
154.246.205.51 - - [20/Apr/2026:10:02:34 -0400] "POST /xmlrpc.php HTTP/1.1" 200 403 "-" "Jetpack/12.1; WordPress/6.3; http://site94791801.com"
154.246.205.51 - - [20/Apr/2026:10:02:40 -0400] "POST /xmlrpc.php HTTP/1.1" 200 403 "-" "Jetpack by WordPress.com"
154.246.205.51 - - [20/Apr/2026:10:02:52 -0400] "POST /xmlrpc.php HTTP/1.1" 200 403 "-" "Jetpack by WordPress.com"
154.246.205.51 - - [20/Apr/2026:10:03:02 -0400] "POST /xmlrpc.php HTTP/1.1" 200 403 "-" "Jetpack by WordPress.com"
154.246.205.51 - - [20/Apr/2026:10:03:12 -0400] "POST /xmlrpc.php HTTP/1.1" 200 403 "-" "Jetpack by WordPress.com"
154.246.205.51 - - [20/Apr/2026:10:03:23 -0400] "POST /xmlrpc.php HTTP/1.1" 200 403 "-" "Jetpack by WordPress.com"
154.246.205.51 - - [20/Apr/2026:10:03:34 -0400] "POST /xmlrpc.php HTTP/1.1" 200 403 "-" "Jetpack by WordPress.com (Jetpack 12.1; WordPress 6.1)"
154.246.205.51 - - [20/Apr/2026:10:03:45 -0400] "POST /xmlrpc.php HTTP/1.1" 200 403 "-" "WordPress.com; https://wordpress.com"
52.73.142.41 - - [20/Apr/2026:10:04:30 -0400] "GET /wp-json/oembed/1.0/embed?format=xml&url=https://www.thedubaitoday.com/dewa-wins-innovative-power-technology-of-the-year-at-asian-power-awards-2020/ HTTP/1.1" 200 1363 "-" "Mozilla/5.0 AppleWebKit/537.36 (KHTML, like Gecko; compatible; Amazonbot/0.1; +https://developer.amazon.com/support/amazonbot) Chrome/119.0.6045.214 Safari/537.36"
154.246.205.51 - - [20/Apr/2026:10:05:21 -0400] "POST /xmlrpc.php HTTP/1.1" 200 403 "-" "Jetpack by WordPress.com (Jetpack 12.0; WordPress 6.1)"
54.39.136.176 - - [20/Apr/2026:10:05:22 -0400] "GET /visit-abu-dhabi-roadshow-in-tel-aviv-israel-concludes/ HTTP/1.1" 200 13098 "-" "Mozilla/5.0 (compatible; AhrefsBot/7.0; +http://ahrefs.com/robot/)"
154.246.205.51 - - [20/Apr/2026:10:05:31 -0400] "POST /xmlrpc.php HTTP/1.1" 200 403 "-" "Jetpack by WordPress.com (Jetpack 12.5; WordPress 6.2)"
154.246.205.51 - - [20/Apr/2026:10:05:42 -0400] "POST /xmlrpc.php HTTP/1.1" 200 403 "-" "Jetpack by WordPress.com"
154.246.205.51 - - [20/Apr/2026:10:06:05 -0400] "POST /xmlrpc.php HTTP/1.1" 200 403 "-" "WordPress.com; https://wordpress.com"
154.246.205.51 - - [20/Apr/2026:10:06:14 -0400] "POST /xmlrpc.php HTTP/1.1" 200 403 "-" "Jetpack by WordPress.com"
154.246.205.51 - - [20/Apr/2026:10:06:36 -0400] "POST /xmlrpc.php HTTP/1.1" 200 403 "-" "WordPress.com; https://wordpress.com"
154.246.205.51 - - [20/Apr/2026:10:00:43 -0400] "POST /xmlrpc.php HTTP/1.1" 200 403 "-" "WordPress.com; https://wordpress.com"
154.246.205.51 - - [20/Apr/2026:10:01:05 -0400] "POST /xmlrpc.php HTTP/1.1" 200 403 "-" "Jetpack by WordPress.com"
154.246.205.51 - - [20/Apr/2026:10:01:26 -0400] "POST /xmlrpc.php HTTP/1.1" 200 403 "-" "WordPress.com; https://wordpress.com"
154.246.205.51 - - [20/Apr/2026:10:01:37 -0400] "POST /xmlrpc.php HTTP/1.1" 200 403 "-" "Jetpack by WordPress.com (Jetpack 12.1; WordPress 6.2)"
114.119.141.83 - - [20/Apr/2026:10:01:37 -0400] "GET /over-1000-athletes-to-take-to-mat-at-grand-slam-abu-dhabi-rio-de-janeiro-2020/ HTTP/1.1" 200 14849 "https://www.thedubaitoday.com/?cat=66&paged=7" "Mozilla/5.0 (Linux; Android 7.0;) AppleWebKit/537.36 (KHTML, like Gecko) Mobile Safari/537.36 (compatible; PetalBot;+https://webmaster.petalsearch.com/site/petalbot)"
114.119.151.155 - - [20/Apr/2026:10:03:02 -0400] "GET /mohammed-bin-rashid-receives-calls-from-gcc-leaders-offering-condolences-on-brothers-death HTTP/1.1" 301 0 "https://www.thedubaitoday.com/?cat=67&paged=47" "Mozilla/5.0 (Linux; Android 7.0;) AppleWebKit/537.36 (KHTML, like Gecko) Mobile Safari/537.36 (compatible; PetalBot;+https://webmaster.petalsearch.com/site/petalbot)"
114.119.151.155 - - [20/Apr/2026:10:03:05 -0400] "GET /mohammed-bin-rashid-receives-calls-from-gcc-leaders-offering-condolences-on-brothers-death/ HTTP/1.1" 200 14467 "https://www.thedubaitoday.com/?cat=67&paged=47" "Mozilla/5.0 (Linux; Android 7.0;) AppleWebKit/537.36 (KHTML, like Gecko) Mobile Safari/537.36 (compatible; PetalBot;+https://webmaster.petalsearch.com/site/petalbot)"
162.213.253.84 - - [20/Apr/2026:10:03:34 -0400] "POST /wp-cron.php?doing_wp_cron=1776693814.6271469593048095703125 HTTP/1.1" 200 0 "https://www.thedubaitoday.com/wp-cron.php?doing_wp_cron=1776693814.6271469593048095703125" "WordPress/5.5.16; https://www.thedubaitoday.com"
154.246.205.51 - - [20/Apr/2026:10:03:55 -0400] "POST /xmlrpc.php HTTP/1.1" 200 403 "-" "Jetpack/12.5; WordPress/6.4; http://site20048155.com"
154.246.205.51 - - [20/Apr/2026:10:04:06 -0400] "POST /xmlrpc.php HTTP/1.1" 200 403 "-" "WordPress.com; https://wordpress.com"
114.119.129.24 - - [20/Apr/2026:10:04:58 -0400] "GET /mohammed-bin-rashid-attends-graduation-ceremony-of-706-police-cadets-at-expo-2020-dubai HTTP/1.1" 301 0 "https://www.thedubaitoday.com/?cat=67&paged=28" "Mozilla/5.0 (Linux; Android 7.0;) AppleWebKit/537.36 (KHTML, like Gecko) Mobile Safari/537.36 (compatible; PetalBot;+https://webmaster.petalsearch.com/site/petalbot)"
114.119.129.24 - - [20/Apr/2026:10:05:02 -0400] "GET /mohammed-bin-rashid-attends-graduation-ceremony-of-706-police-cadets-at-expo-2020-dubai/ HTTP/1.1" 200 15690 "https://www.thedubaitoday.com/?cat=67&paged=28" "Mozilla/5.0 (Linux; Android 7.0;) AppleWebKit/537.36 (KHTML, like Gecko) Mobile Safari/537.36 (compatible; PetalBot;+https://webmaster.petalsearch.com/site/petalbot)"
145.223.130.185 - - [20/Apr/2026:10:05:06 -0400] "GET /wetex-and-dss-2022-to-offer-field-visits-to-key-dubai-based-sustainability-projects/ HTTP/1.1" 200 12632 "-" "Mozilla/5.0 (Macintosh; Intel Mac OS X 10.15; rv:{version}.0) Gecko/20100101 Firefox/135.0"
154.246.205.51 - - [20/Apr/2026:10:05:13 -0400] "POST /xmlrpc.php HTTP/1.1" 200 403 "-" "Jetpack/12.0; WordPress/6.1; http://site65451054.com"
154.246.205.51 - - [20/Apr/2026:10:06:25 -0400] "POST /xmlrpc.php HTTP/1.1" 200 403 "-" "WordPress.com; https://wordpress.com"
114.119.156.60 - - [20/Apr/2026:10:06:37 -0400] "GET /mohammed-bin-rashid-approves-dubai-virtual-asset-regulation-law/ HTTP/1.1" 200 15724 "https://www.thedubaitoday.com/mohammed-bin-rashid-approves-dubai-virtual-asset-regulation-law/" "Mozilla/5.0 (Linux; Android 7.0;) AppleWebKit/537.36 (KHTML, like Gecko) Mobile Safari/537.36 (compatible; PetalBot;+https://webmaster.petalsearch.com/site/petalbot)"
154.246.205.51 - - [20/Apr/2026:10:06:47 -0400] "POST /xmlrpc.php HTTP/1.1" 200 403 "-" "WordPress.com; https://wordpress.com"
113.167.221.217 - - [20/Apr/2026:10:07:00 -0400] "GET /wp-content/uploads/2022/02/Spain-Pavilion-300x169.jpg%20300w,%20https:/www.thedubaitoday.com/wp-content/uploads/2022/02/Spain-Pavilion-1024x576.jpg%201024w,%20https:/www.thedubaitoday.com/wp-content/uploads/2022/02/Spain-Pavilion-768x432.jpg%20768w,%20https:/www.thedubaitoday.com/wp-content/uploads/2022/02/Spain-Pavilion-1536x864.jpg%201536w,%20https:/www.thedubaitoday.com/wp-content/uploads/2022/02/Spain-Pavilion.jpg%201600w HTTP/1.1" 404 11098 "https://www.thedubaitoday.com/" "Mozilla/5.0 (Windows NT 10.0; Win64; x64) AppleWebKit/537.36 (KHTML, like Gecko) Chrome/117.0.0.0 Safari/537.36"
154.246.205.51 - - [20/Apr/2026:10:07:52 -0400] "POST /xmlrpc.php HTTP/1.1" 200 403 "-" "WordPress.com; https://wordpress.com"
154.246.205.51 - - [20/Apr/2026:10:08:12 -0400] "POST /xmlrpc.php HTTP/1.1" 200 403 "-" "Jetpack by WordPress.com (Jetpack 13.0; WordPress 6.2)"
154.246.205.51 - - [20/Apr/2026:10:09:01 -0400] "POST /xmlrpc.php HTTP/1.1" 200 403 "-" "Jetpack/12.1; WordPress/6.1; http://site34179912.com"
154.246.205.51 - - [20/Apr/2026:10:09:20 -0400] "POST /xmlrpc.php HTTP/1.1" 200 403 "-" "Jetpack by WordPress.com (Jetpack 12.5; WordPress 6.1)"
154.246.205.51 - - [20/Apr/2026:10:09:27 -0400] "POST /xmlrpc.php HTTP/1.1" 200 403 "-" "Jetpack/12.5; WordPress/6.3; http://site94330061.com"
114.119.129.24 - - [20/Apr/2026:10:09:57 -0400] "GET /wp-content/uploads/2024/05/Bahrain-850x560.jpg HTTP/1.1" 200 111542 "https://www.thedubaitoday.com/mohammed-bin-rashid-attends-33rd-arab-league-summit-in-bahrain/" "Mozilla/5.0 (Linux; Android 7.0;) AppleWebKit/537.36 (KHTML, like Gecko) Mobile Safari/537.36 (compatible; PetalBot;+https://webmaster.petalsearch.com/site/petalbot)"
154.246.205.51 - - [20/Apr/2026:10:09:59 -0400] "POST /xmlrpc.php HTTP/1.1" 200 403 "-" "Jetpack/12.0; WordPress/6.1; http://site87078575.com"
154.246.205.51 - - [20/Apr/2026:10:10:12 -0400] "POST /xmlrpc.php HTTP/1.1" 200 403 "-" "Jetpack/12.0; WordPress/6.3; http://site26801046.com"
17.241.219.4 - - [20/Apr/2026:10:10:53 -0400] "GET /?feed=rss2&p=8174 HTTP/1.1" 301 0 "-" "Mozilla/5.0 (Macintosh; Intel Mac OS X 10_15_7) AppleWebKit/605.1.15 (KHTML, like Gecko) Version/17.4 Safari/605.1.15 (Applebot/0.1; +http://www.apple.com/go/applebot)"
154.246.205.51 - - [20/Apr/2026:10:11:27 -0400] "POST /xmlrpc.php HTTP/1.1" 200 403 "-" "Jetpack/12.5; WordPress/6.3; http://site47405225.com"
114.119.135.207 - - [20/Apr/2026:10:12:03 -0400] "GET /uae-president-issues-law-changing-national-archives-to-national-archives-library/ HTTP/1.1" 200 15486 "https://www.thedubaitoday.com/uae-president-issues-law-changing-national-archives-to-national-archives-library" "Mozilla/5.0 (Linux; Android 7.0;) AppleWebKit/537.36 (KHTML, like Gecko) Mobile Safari/537.36 (compatible; PetalBot;+https://webmaster.petalsearch.com/site/petalbot)"
154.246.205.51 - - [20/Apr/2026:10:12:23 -0400] "POST /xmlrpc.php HTTP/1.1" 200 403 "-" "Jetpack/12.5; WordPress/6.2; http://site79130015.com"
154.246.205.51 - - [20/Apr/2026:10:12:34 -0400] "POST /xmlrpc.php HTTP/1.1" 200 0 "-" "Jetpack by WordPress.com"
207.46.13.9 - - [20/Apr/2026:10:13:42 -0400] "GET /wp-content/uploads/2021/12/Federal-Supreme-Council-850x560.jpg HTTP/1.1" 200 52926 "-" "Mozilla/5.0 AppleWebKit/537.36 (KHTML, like Gecko; compatible; bingbot/2.0; +http://www.bing.com/bingbot.htm) Chrome/116.0.1938.76 Safari/537.36"
54.39.0.158 - - [20/Apr/2026:10:13:38 -0400] "GET /al-matrooshi-bears-uae-flag-in-tokyo-olympics-opening-ceremony/ HTTP/1.1" 200 12532 "-" "Mozilla/5.0 (compatible; AhrefsBot/7.0; +http://ahrefs.com/robot/)"
114.119.135.207 - - [20/Apr/2026:10:13:51 -0400] "GET /uae-president-confers-honours-on-indonesian-president-and-coordinating-minister-for-maritime-affairs-and-investment/ HTTP/1.1" 200 14843 "https://www.thedubaitoday.com/uae-president-confers-honours-on-indonesian-president-and-coordinating-minister-for-maritime-affairs-and-investment/" "Mozilla/5.0 (Linux; Android 7.0;) AppleWebKit/537.36 (KHTML, like Gecko) Mobile Safari/537.36 (compatible; PetalBot;+https://webmaster.petalsearch.com/site/petalbot)"
114.119.156.60 - - [20/Apr/2026:10:14:42 -0400] "GET /uae-president-arrives-in-al-alamein-city-discusses-fraternal-relations-with-egyptian-president HTTP/1.1" 301 0 "https://www.thedubaitoday.com/uae-president-arrives-in-al-alamein-city-discusses-fraternal-relations-with-egyptian-president" "Mozilla/5.0 (Linux; Android 7.0;) AppleWebKit/537.36 (KHTML, like Gecko) Mobile Safari/537.36 (compatible; PetalBot;+https://webmaster.petalsearch.com/site/petalbot)"
114.119.156.60 - - [20/Apr/2026:10:14:45 -0400] "GET /uae-president-arrives-in-al-alamein-city-discusses-fraternal-relations-with-egyptian-president/ HTTP/1.1" 200 14982 "https://www.thedubaitoday.com/uae-president-arrives-in-al-alamein-city-discusses-fraternal-relations-with-egyptian-president" "Mozilla/5.0 (Linux; Android 7.0;) AppleWebKit/537.36 (KHTML, like Gecko) Mobile Safari/537.36 (compatible; PetalBot;+https://webmaster.petalsearch.com/site/petalbot)"
143.198.113.63 - - [20/Apr/2026:10:06:48 -0400] "GET /wp-content/uploads/2022/02/Spain-Pavilion-300x169.jpg HTTP/1.1" 200 13655 "https://www.thedubaitoday.com/" "Mozilla/5.0 (Windows NT 10.0; Win64; x64) AppleWebKit/537.36 (KHTML, like Gecko) Chrome/120.0.0.0 Safari/537.36"
167.71.29.251 - - [20/Apr/2026:10:06:48 -0400] "GET /wp-content/uploads/2022/02/Spain-Pavilion-300x169.jpg%20300w,%20https://www.thedubaitoday.com/wp-content/uploads/2022/02/Spain-Pavilion-1024x576.jpg%201024w,%20https://www.thedubaitoday.com/wp-content/uploads/2022/02/Spain-Pavilion-768x432.jpg%20768w,%20https://www.thedubaitoday.com/wp-content/uploads/2022/02/Spain-Pavilion-1536x864.jpg%201536w,%20https://www.thedubaitoday.com/wp-content/uploads/2022/02/Spain-Pavilion.jpg%201600w HTTP/1.1" 301 0 "https://www.thedubaitoday.com/" "Mozilla/5.0 (Windows NT 10.0; Win64; x64) AppleWebKit/537.36 (KHTML, like Gecko) Chrome/117.0.0.0 Safari/537.36"
167.71.29.251 - - [20/Apr/2026:10:06:50 -0400] "GET /wp-content/uploads/2022/02/Spain-Pavilion-300x169.jpg%20300w,%20https:/www.thedubaitoday.com/wp-content/uploads/2022/02/Spain-Pavilion-1024x576.jpg%201024w,%20https:/www.thedubaitoday.com/wp-content/uploads/2022/02/Spain-Pavilion-768x432.jpg%20768w,%20https:/www.thedubaitoday.com/wp-content/uploads/2022/02/Spain-Pavilion-1536x864.jpg%201536w,%20https:/www.thedubaitoday.com/wp-content/uploads/2022/02/Spain-Pavilion.jpg%201600w HTTP/1.1" 404 11098 "https://www.thedubaitoday.com/" "Mozilla/5.0 (Windows NT 10.0; Win64; x64) AppleWebKit/537.36 (KHTML, like Gecko) Chrome/117.0.0.0 Safari/537.36"
14.171.107.99 - - [20/Apr/2026:10:06:58 -0400] "GET /wp-content/uploads/2022/02/Spain-Pavilion-300x169.jpg%20300w,%20https://www.thedubaitoday.com/wp-content/uploads/2022/02/Spain-Pavilion-1024x576.jpg%201024w,%20https://www.thedubaitoday.com/wp-content/uploads/2022/02/Spain-Pavilion-768x432.jpg%20768w,%20https://www.thedubaitoday.com/wp-content/uploads/2022/02/Spain-Pavilion-1536x864.jpg%201536w,%20https://www.thedubaitoday.com/wp-content/uploads/2022/02/Spain-Pavilion.jpg%201600w HTTP/1.1" 301 0 "https://www.thedubaitoday.com/" "Mozilla/5.0 (Windows NT 10.0; Win64; x64) AppleWebKit/537.36 (KHTML, like Gecko) Chrome/117.0.0.0 Safari/537.36"
154.246.205.51 - - [20/Apr/2026:10:07:23 -0400] "POST /xmlrpc.php HTTP/1.1" 200 403 "-" "WordPress.com; https://wordpress.com"
154.246.205.51 - - [20/Apr/2026:10:08:05 -0400] "POST /xmlrpc.php HTTP/1.1" 200 403 "-" "WordPress.com; https://wordpress.com"
