Path : /proc/thread-self/root/proc/self/root/home/vishqocm/access-logs/
File Upload :
Current File : //proc/thread-self/root/proc/self/root/home/vishqocm/access-logs/tejoversea.vishalwebtech.com

45.160.36.85 - - [08/Jun/2026:08:52:36 -0400] "GET http://tejoversea.com/contact-us/ HTTP/1.1" 200 14619 "-" "Mozilla/5.0 (Macintosh; Intel Mac OS X 11.1; rv:135.0) Gecko/20100101 Firefox/135.0"
43.167.157.80 - - [08/Jun/2026:09:00:11 -0400] "GET / HTTP/1.1" 200 19144 "-" "Mozilla/5.0 (iPhone; CPU iPhone OS 13_2_3 like Mac OS X) AppleWebKit/605.1.15 (KHTML, like Gecko) Version/13.0.3 Mobile/15E148 Safari/604.1"
85.208.96.206 - - [08/Jun/2026:09:28:26 -0400] "GET /service/warehousing/ HTTP/1.1" 200 12078 "-" "Mozilla/5.0 (compatible; SemrushBot/7~bl; +http://www.semrush.com/bot.html)"
85.208.96.196 - - [08/Jun/2026:09:28:26 -0400] "GET /robots.txt HTTP/1.1" 200 281 "-" "Mozilla/5.0 (compatible; SemrushBot/7~bl; +http://www.semrush.com/bot.html)"
162.213.253.84 - - [08/Jun/2026:09:49:40 -0400] "POST /wp-cron.php?doing_wp_cron=1780926580.5031189918518066406250 HTTP/1.1" 200 0 "http://tejoversea.com/wp-cron.php?doing_wp_cron=1780926580.5031189918518066406250" "WordPress/6.0.2; http://tejoversea.com"
162.213.253.84 - - [08/Jun/2026:09:49:41 -0400] "POST /wp-admin/admin-ajax.php?action=async_litespeed&nonce=8cf55cf2a3&litespeed_type=imgoptm HTTP/1.1" 200 0 "http://tejoversea.com/wp-admin/admin-ajax.php?action=async_litespeed&nonce=8cf55cf2a3&litespeed_type=imgoptm" "WordPress/6.0.2; http://tejoversea.com"
170.106.35.153 - - [08/Jun/2026:09:49:39 -0400] "GET / HTTP/1.1" 301 0 "-" "Mozilla/5.0 (iPhone; CPU iPhone OS 13_2_3 like Mac OS X) AppleWebKit/605.1.15 (KHTML, like Gecko) Version/13.0.3 Mobile/15E148 Safari/604.1"
170.106.35.153 - - [08/Jun/2026:09:49:42 -0400] "GET / HTTP/1.1" 200 19144 "http://www.tejoversea.com" "Mozilla/5.0 (iPhone; CPU iPhone OS 13_2_3 like Mac OS X) AppleWebKit/605.1.15 (KHTML, like Gecko) Version/13.0.3 Mobile/15E148 Safari/604.1"
162.213.253.84 - - [08/Jun/2026:11:27:34 -0400] "POST /wp-admin/admin-ajax.php?action=async_litespeed&nonce=8cf55cf2a3&litespeed_type=imgoptm HTTP/1.1" 200 0 "http://tejoversea.com/wp-admin/admin-ajax.php?action=async_litespeed&nonce=8cf55cf2a3&litespeed_type=imgoptm" "WordPress/6.0.2; http://tejoversea.com"
52.167.144.55 - - [08/Jun/2026:11:27:22 -0400] "GET /robots.txt HTTP/1.1" 200 246 "-" "Mozilla/5.0 AppleWebKit/537.36 (KHTML, like Gecko; compatible; bingbot/2.0; +http://www.bing.com/bingbot.htm) Chrome/116.0.1938.76 Safari/537.36"
162.213.253.84 - - [08/Jun/2026:11:27:33 -0400] "POST /wp-cron.php?doing_wp_cron=1780932453.9195439815521240234375 HTTP/1.1" 200 0 "http://tejoversea.com/wp-cron.php?doing_wp_cron=1780932453.9195439815521240234375" "WordPress/6.0.2; http://tejoversea.com"
157.55.39.195 - - [08/Jun/2026:11:27:33 -0400] "GET /sitemap_index.xml HTTP/1.1" 200 280 "-" "Mozilla/5.0 AppleWebKit/537.36 (KHTML, like Gecko; compatible; bingbot/2.0; +http://www.bing.com/bingbot.htm) Chrome/116.0.1938.76 Safari/537.36"
162.213.253.84 - - [08/Jun/2026:12:45:18 -0400] "POST /wp-cron.php?doing_wp_cron=1780937118.8804008960723876953125 HTTP/1.1" 200 0 "http://tejoversea.com/wp-cron.php?doing_wp_cron=1780937118.8804008960723876953125" "WordPress/6.0.2; http://tejoversea.com"
217.218.153.211 - - [08/Jun/2026:12:45:20 -0400] "GET /wp-admin/maint/moon.php HTTP/1.1" 404 6972 "http://tejoversea.com//wp-admin/maint/moon.php" "Mozilla/5.0 (Windows NT 6.3; Win64; x64) AppleWebKit/537.36 (KHTML, like Gecko) Chrome/103.0.0.0 Safari/537.36"
217.218.153.211 - - [08/Jun/2026:12:45:21 -0400] "GET /wp-admin/maint/moon.php?action=register HTTP/1.1" 404 6972 "https://www.pscaluminium.com/assets/revolution/js/extensions/mini.php?filesrc=/home/vishqocm/tmp/awstats/awstats042024.tejoversea.vishalwebtech.com.txt&path=/home/vishqocm/tmp/awstats" "Mozilla/5.0 (Windows NT 6.3; Win64; x64) AppleWebKit/537.36 (KHTML, like Gecko) Chrome/103.0.0.0 Safari/537.36"
217.218.153.211 - - [08/Jun/2026:12:45:18 -0400] "GET //wp-admin/maint/moon.php HTTP/1.1" 301 0 "https://www.pscaluminium.com/assets/revolution/js/extensions/mini.php?filesrc=/home/vishqocm/tmp/awstats/awstats042024.tejoversea.vishalwebtech.com.txt&path=/home/vishqocm/tmp/awstats" "Mozilla/5.0 (Windows NT 6.3; Win64; x64) AppleWebKit/537.36 (KHTML, like Gecko) Chrome/103.0.0.0 Safari/537.36"
162.213.253.84 - - [08/Jun/2026:12:45:19 -0400] "POST /wp-admin/admin-ajax.php?action=async_litespeed&nonce=8cf55cf2a3&litespeed_type=imgoptm HTTP/1.1" 200 0 "http://tejoversea.com/wp-admin/admin-ajax.php?action=async_litespeed&nonce=8cf55cf2a3&litespeed_type=imgoptm" "WordPress/6.0.2; http://tejoversea.com"
129.226.211.69 - - [08/Jun/2026:13:07:06 -0400] "GET / HTTP/1.1" 200 19144 "-" "Mozilla/5.0 (iPhone; CPU iPhone OS 13_2_3 like Mac OS X) AppleWebKit/605.1.15 (KHTML, like Gecko) Version/13.0.3 Mobile/15E148 Safari/604.1"
162.213.253.84 - - [08/Jun/2026:13:16:53 -0400] "POST /wp-cron.php?doing_wp_cron=1780939013.1038520336151123046875 HTTP/1.1" 200 0 "http://tejoversea.com/wp-cron.php?doing_wp_cron=1780939013.1038520336151123046875" "WordPress/6.0.2; http://tejoversea.com"
62.60.130.233 - - [08/Jun/2026:13:16:52 -0400] "GET //wp-content/plugins/plugins/cache.php HTTP/1.1" 301 0 "www.google.com" "Mozlila/5.0 (Linux; Android 7.0; SM-G892A Bulid/NRD90M; wv) AppleWebKit/537.36 (KHTML, like Gecko) Version/4.0 Chrome/60.0.3112.107 Moblie Safari/537.36"
62.60.130.233 - - [08/Jun/2026:13:16:55 -0400] "GET /wp-content/plugins/plugins/cache.php HTTP/1.1" 404 7611 "www.google.com" "Mozlila/5.0 (Linux; Android 7.0; SM-G892A Bulid/NRD90M; wv) AppleWebKit/537.36 (KHTML, like Gecko) Version/4.0 Chrome/60.0.3112.107 Moblie Safari/537.36"
62.60.130.233 - - [08/Jun/2026:13:17:05 -0400] "GET /images/images/cache.php HTTP/1.1" 404 7612 "www.google.com" "Mozlila/5.0 (Linux; Android 7.0; SM-G892A Bulid/NRD90M; wv) AppleWebKit/537.36 (KHTML, like Gecko) Version/4.0 Chrome/60.0.3112.107 Moblie Safari/537.36"
162.213.253.84 - - [08/Jun/2026:13:17:11 -0400] "POST /wp-cron.php?doing_wp_cron=1780939031.8220500946044921875000 HTTP/1.1" 200 0 "http://tejoversea.com/wp-cron.php?doing_wp_cron=1780939031.8220500946044921875000" "WordPress/6.0.2; http://tejoversea.com"
62.60.130.233 - - [08/Jun/2026:13:17:11 -0400] "GET //images/images/images/images/images/images/images/cache.php HTTP/1.1" 301 0 "www.google.com" "Mozlila/5.0 (Linux; Android 7.0; SM-G892A Bulid/NRD90M; wv) AppleWebKit/537.36 (KHTML, like Gecko) Version/4.0 Chrome/60.0.3112.107 Moblie Safari/537.36"
62.60.130.233 - - [08/Jun/2026:13:17:20 -0400] "GET //blogs/media/media/cache.php HTTP/1.1" 301 0 "www.google.com" "Mozlila/5.0 (Linux; Android 7.0; SM-G892A Bulid/NRD90M; wv) AppleWebKit/537.36 (KHTML, like Gecko) Version/4.0 Chrome/60.0.3112.107 Moblie Safari/537.36"
162.213.253.84 - - [08/Jun/2026:13:17:21 -0400] "POST /wp-admin/admin-ajax.php?action=async_litespeed&nonce=8cf55cf2a3&litespeed_type=imgoptm HTTP/1.1" 200 0 "http://tejoversea.com/wp-admin/admin-ajax.php?action=async_litespeed&nonce=8cf55cf2a3&litespeed_type=imgoptm" "WordPress/6.0.2; http://tejoversea.com"
62.60.130.233 - - [08/Jun/2026:13:17:23 -0400] "GET /blogs/media/media/cache.php HTTP/1.1" 404 7616 "www.google.com" "Mozlila/5.0 (Linux; Android 7.0; SM-G892A Bulid/NRD90M; wv) AppleWebKit/537.36 (KHTML, like Gecko) Version/4.0 Chrome/60.0.3112.107 Moblie Safari/537.36"
62.60.130.233 - - [08/Jun/2026:13:17:31 -0400] "GET //cache/logs/logs/cache.php HTTP/1.1" 301 0 "www.google.com" "Mozlila/5.0 (Linux; Android 7.0; SM-G892A Bulid/NRD90M; wv) AppleWebKit/537.36 (KHTML, like Gecko) Version/4.0 Chrome/60.0.3112.107 Moblie Safari/537.36"
62.60.130.233 - - [08/Jun/2026:13:17:32 -0400] "GET /cache/logs/logs/cache.php HTTP/1.1" 404 7616 "www.google.com" "Mozlila/5.0 (Linux; Android 7.0; SM-G892A Bulid/NRD90M; wv) AppleWebKit/537.36 (KHTML, like Gecko) Version/4.0 Chrome/60.0.3112.107 Moblie Safari/537.36"
62.60.130.233 - - [08/Jun/2026:13:17:42 -0400] "GET //images/images/images/images/images/images/cache.php HTTP/1.1" 301 0 "www.google.com" "Mozlila/5.0 (Linux; Android 7.0; SM-G892A Bulid/NRD90M; wv) AppleWebKit/537.36 (KHTML, like Gecko) Version/4.0 Chrome/60.0.3112.107 Moblie Safari/537.36"
62.60.130.233 - - [08/Jun/2026:13:17:43 -0400] "GET /images/images/images/images/images/images/cache.php HTTP/1.1" 404 7614 "www.google.com" "Mozlila/5.0 (Linux; Android 7.0; SM-G892A Bulid/NRD90M; wv) AppleWebKit/537.36 (KHTML, like Gecko) Version/4.0 Chrome/60.0.3112.107 Moblie Safari/537.36"
62.60.130.233 - - [08/Jun/2026:13:17:51 -0400] "GET //images/images/images/images/images/cache.php HTTP/1.1" 301 0 "www.google.com" "Mozlila/5.0 (Linux; Android 7.0; SM-G892A Bulid/NRD90M; wv) AppleWebKit/537.36 (KHTML, like Gecko) Version/4.0 Chrome/60.0.3112.107 Moblie Safari/537.36"
62.60.130.233 - - [08/Jun/2026:13:18:00 -0400] "GET //images/images/images/images/cache.php HTTP/1.1" 301 0 "www.google.com" "Mozlila/5.0 (Linux; Android 7.0; SM-G892A Bulid/NRD90M; wv) AppleWebKit/537.36 (KHTML, like Gecko) Version/4.0 Chrome/60.0.3112.107 Moblie Safari/537.36"
62.60.130.233 - - [08/Jun/2026:13:18:10 -0400] "GET //images/images/images/cache.php HTTP/1.1" 301 0 "www.google.com" "Mozlila/5.0 (Linux; Android 7.0; SM-G892A Bulid/NRD90M; wv) AppleWebKit/537.36 (KHTML, like Gecko) Version/4.0 Chrome/60.0.3112.107 Moblie Safari/537.36"
162.213.253.84 - - [08/Jun/2026:13:18:12 -0400] "POST /wp-cron.php?doing_wp_cron=1780939092.3805699348449707031250 HTTP/1.1" 200 0 "http://tejoversea.com/wp-cron.php?doing_wp_cron=1780939092.3805699348449707031250" "WordPress/6.0.2; http://tejoversea.com"
62.60.130.233 - - [08/Jun/2026:13:18:11 -0400] "GET /images/images/images/cache.php HTTP/1.1" 404 7612 "www.google.com" "Mozlila/5.0 (Linux; Android 7.0; SM-G892A Bulid/NRD90M; wv) AppleWebKit/537.36 (KHTML, like Gecko) Version/4.0 Chrome/60.0.3112.107 Moblie Safari/537.36"
162.213.253.84 - - [08/Jun/2026:13:18:19 -0400] "POST /wp-cron.php?doing_wp_cron=1780939099.4981350898742675781250 HTTP/1.1" 200 0 "http://tejoversea.com/wp-cron.php?doing_wp_cron=1780939099.4981350898742675781250" "WordPress/6.0.2; http://tejoversea.com"
62.60.130.233 - - [08/Jun/2026:13:18:19 -0400] "GET //cache/cache/cache.php HTTP/1.1" 301 0 "www.google.com" "Mozlila/5.0 (Linux; Android 7.0; SM-G892A Bulid/NRD90M; wv) AppleWebKit/537.36 (KHTML, like Gecko) Version/4.0 Chrome/60.0.3112.107 Moblie Safari/537.36"
62.60.130.233 - - [08/Jun/2026:13:18:28 -0400] "GET //cache/cache/cache/cache/cache.php HTTP/1.1" 301 0 "www.google.com" "Mozlila/5.0 (Linux; Android 7.0; SM-G892A Bulid/NRD90M; wv) AppleWebKit/537.36 (KHTML, like Gecko) Version/4.0 Chrome/60.0.3112.107 Moblie Safari/537.36"
62.60.130.233 - - [08/Jun/2026:13:18:37 -0400] "GET /cache/sitemaps/sitemaps/cache.php HTTP/1.1" 404 7618 "www.google.com" "Mozlila/5.0 (Linux; Android 7.0; SM-G892A Bulid/NRD90M; wv) AppleWebKit/537.36 (KHTML, like Gecko) Version/4.0 Chrome/60.0.3112.107 Moblie Safari/537.36"
62.60.130.233 - - [08/Jun/2026:13:18:47 -0400] "GET //cache/cache/cache/cache.php HTTP/1.1" 301 0 "www.google.com" "Mozlila/5.0 (Linux; Android 7.0; SM-G892A Bulid/NRD90M; wv) AppleWebKit/537.36 (KHTML, like Gecko) Version/4.0 Chrome/60.0.3112.107 Moblie Safari/537.36"
62.60.130.233 - - [08/Jun/2026:13:18:57 -0400] "GET //assets/images/images/cache.php HTTP/1.1" 301 0 "www.google.com" "Mozlila/5.0 (Linux; Android 7.0; SM-G892A Bulid/NRD90M; wv) AppleWebKit/537.36 (KHTML, like Gecko) Version/4.0 Chrome/60.0.3112.107 Moblie Safari/537.36"
62.60.130.233 - - [08/Jun/2026:13:18:58 -0400] "GET /assets/images/images/cache.php HTTP/1.1" 404 7607 "www.google.com" "Mozlila/5.0 (Linux; Android 7.0; SM-G892A Bulid/NRD90M; wv) AppleWebKit/537.36 (KHTML, like Gecko) Version/4.0 Chrome/60.0.3112.107 Moblie Safari/537.36"
162.213.253.84 - - [08/Jun/2026:13:16:53 -0400] "POST /wp-admin/admin-ajax.php?action=async_litespeed&nonce=8cf55cf2a3&litespeed_type=imgoptm HTTP/1.1" 200 21 "http://tejoversea.com/wp-admin/admin-ajax.php?action=async_litespeed&nonce=8cf55cf2a3&litespeed_type=imgoptm" "WordPress/6.0.2; http://tejoversea.com"
62.60.130.233 - - [08/Jun/2026:13:17:03 -0400] "GET //images/images/cache.php HTTP/1.1" 301 0 "www.google.com" "Mozlila/5.0 (Linux; Android 7.0; SM-G892A Bulid/NRD90M; wv) AppleWebKit/537.36 (KHTML, like Gecko) Version/4.0 Chrome/60.0.3112.107 Moblie Safari/537.36"
62.60.130.233 - - [08/Jun/2026:13:17:13 -0400] "GET /images/images/images/images/images/images/images/cache.php HTTP/1.1" 404 7612 "www.google.com" "Mozlila/5.0 (Linux; Android 7.0; SM-G892A Bulid/NRD90M; wv) AppleWebKit/537.36 (KHTML, like Gecko) Version/4.0 Chrome/60.0.3112.107 Moblie Safari/537.36"
162.213.253.84 - - [08/Jun/2026:13:17:20 -0400] "POST /wp-cron.php?doing_wp_cron=1780939040.8467268943786621093750 HTTP/1.1" 200 0 "http://tejoversea.com/wp-cron.php?doing_wp_cron=1780939040.8467268943786621093750" "WordPress/6.0.2; http://tejoversea.com"
62.60.130.233 - - [08/Jun/2026:13:17:52 -0400] "GET /images/images/images/images/images/cache.php HTTP/1.1" 404 7613 "www.google.com" "Mozlila/5.0 (Linux; Android 7.0; SM-G892A Bulid/NRD90M; wv) AppleWebKit/537.36 (KHTML, like Gecko) Version/4.0 Chrome/60.0.3112.107 Moblie Safari/537.36"
62.60.130.233 - - [08/Jun/2026:13:18:02 -0400] "GET /images/images/images/images/cache.php HTTP/1.1" 404 7613 "www.google.com" "Mozlila/5.0 (Linux; Android 7.0; SM-G892A Bulid/NRD90M; wv) AppleWebKit/537.36 (KHTML, like Gecko) Version/4.0 Chrome/60.0.3112.107 Moblie Safari/537.36"
162.213.253.84 - - [08/Jun/2026:13:18:19 -0400] "POST /wp-admin/admin-ajax.php?action=async_litespeed&nonce=8cf55cf2a3&litespeed_type=imgoptm HTTP/1.1" 200 0 "http://tejoversea.com/wp-admin/admin-ajax.php?action=async_litespeed&nonce=8cf55cf2a3&litespeed_type=imgoptm" "WordPress/6.0.2; http://tejoversea.com"
62.60.130.233 - - [08/Jun/2026:13:18:21 -0400] "GET /cache/cache/cache.php HTTP/1.1" 404 7610 "www.google.com" "Mozlila/5.0 (Linux; Android 7.0; SM-G892A Bulid/NRD90M; wv) AppleWebKit/537.36 (KHTML, like Gecko) Version/4.0 Chrome/60.0.3112.107 Moblie Safari/537.36"
62.60.130.233 - - [08/Jun/2026:13:18:29 -0400] "GET /cache/cache/cache/cache/cache.php HTTP/1.1" 404 7611 "www.google.com" "Mozlila/5.0 (Linux; Android 7.0; SM-G892A Bulid/NRD90M; wv) AppleWebKit/537.36 (KHTML, like Gecko) Version/4.0 Chrome/60.0.3112.107 Moblie Safari/537.36"
62.60.130.233 - - [08/Jun/2026:13:18:36 -0400] "GET //cache/sitemaps/sitemaps/cache.php HTTP/1.1" 301 0 "www.google.com" "Mozlila/5.0 (Linux; Android 7.0; SM-G892A Bulid/NRD90M; wv) AppleWebKit/537.36 (KHTML, like Gecko) Version/4.0 Chrome/60.0.3112.107 Moblie Safari/537.36"
62.60.130.233 - - [08/Jun/2026:13:18:49 -0400] "GET /cache/cache/cache/cache.php HTTP/1.1" 404 7611 "www.google.com" "Mozlila/5.0 (Linux; Android 7.0; SM-G892A Bulid/NRD90M; wv) AppleWebKit/537.36 (KHTML, like Gecko) Version/4.0 Chrome/60.0.3112.107 Moblie Safari/537.36"
1.13.158.23 - - [08/Jun/2026:13:31:11 -0400] "GET / HTTP/1.1" 200 19144 "http://www.tejoversea.com" "Mozilla/5.0 (iPhone; CPU iPhone OS 13_2_3 like Mac OS X) AppleWebKit/605.1.15 (KHTML, like Gecko) Version/13.0.3 Mobile/15E148 Safari/604.1"
1.13.158.23 - - [08/Jun/2026:13:31:10 -0400] "GET / HTTP/1.1" 301 0 "-" "Mozilla/5.0 (iPhone; CPU iPhone OS 13_2_3 like Mac OS X) AppleWebKit/605.1.15 (KHTML, like Gecko) Version/13.0.3 Mobile/15E148 Safari/604.1"
34.86.15.221 - - [08/Jun/2026:13:51:24 -0400] "HEAD /new/ HTTP/1.1" 404 0 "-" "Mozilla/5.0 (Linux; Android 12; Redmi Note 11) AppleWebKit/537.36 (KHTML, like Gecko) Chrome/123.0.6312.112 Mobile Safari/537.36"
34.86.15.221 - - [08/Jun/2026:13:51:25 -0400] "HEAD /wp/ HTTP/1.1" 404 0 "-" "Mozilla/5.0 (Linux; Android 11; RMX2195) AppleWebKit/537.36 (KHTML, like Gecko) Chrome/120.0.6099.210 Mobile Safari/537.36 OPR/75.2.3995.72468"
34.86.15.221 - - [08/Jun/2026:13:51:26 -0400] "HEAD / HTTP/1.1" 200 0 "-" "Mozilla/5.0 (Linux; Android 12; TECNO CK6n) AppleWebKit/537.36 (KHTML, like Gecko) Chrome/125.0.6422.50 Mobile Safari/537.36"
179.108.170.243 - - [08/Jun/2026:13:52:06 -0400] "GET /wp-json/wp/v2/posts HTTP/1.1" 200 2 "-" "Mozilla/5.0 (Windows NT 10.0; Win64; x64) AppleWebKit/537.36 (KHTML, like Gecko) Chrome/120.0.0.0 Safari/537.36"
162.213.253.84 - - [08/Jun/2026:13:51:23 -0400] "POST /wp-cron.php?doing_wp_cron=1780941083.5385940074920654296875 HTTP/1.1" 200 0 "http://tejoversea.com/wp-cron.php?doing_wp_cron=1780941083.5385940074920654296875" "WordPress/6.0.2; http://tejoversea.com"
34.86.15.221 - - [08/Jun/2026:13:51:23 -0400] "HEAD /blog/ HTTP/1.1" 404 0 "-" "Mozilla/5.0 (Linux; Android 11; moto g31) AppleWebKit/537.36 (KHTML, like Gecko) Chrome/122.0.6261.96 Mobile Safari/537.36"
162.213.253.84 - - [08/Jun/2026:13:51:24 -0400] "POST /wp-admin/admin-ajax.php?action=async_litespeed&nonce=8cf55cf2a3&litespeed_type=imgoptm HTTP/1.1" 200 0 "http://tejoversea.com/wp-admin/admin-ajax.php?action=async_litespeed&nonce=8cf55cf2a3&litespeed_type=imgoptm" "WordPress/6.0.2; http://tejoversea.com"
34.86.15.221 - - [08/Jun/2026:13:51:25 -0400] "HEAD /backup/ HTTP/1.1" 404 0 "-" "Mozilla/5.0 (Linux; Android 10; vivo 1904) AppleWebKit/537.36 (KHTML, like Gecko) Chrome/117.0.5938.60 Mobile Safari/537.36"
34.86.15.221 - - [08/Jun/2026:13:51:26 -0400] "HEAD /wordpress/ HTTP/1.1" 404 0 "-" "Mozilla/5.0 (iPhone; CPU iPhone OS 16_7 like Mac OS X) AppleWebKit/605.1.15 (KHTML, like Gecko) Version/16.7 Mobile/15E148 Safari/604.1"
34.86.15.221 - - [08/Jun/2026:13:51:26 -0400] "HEAD /old/ HTTP/1.1" 404 0 "-" "Mozilla/5.0 (Linux; Android 14; OnePlus 12) AppleWebKit/537.36 (KHTML, like Gecko) Chrome/125.0.6422.102 Mobile Safari/537.36"
43.157.38.228 - - [08/Jun/2026:14:05:34 -0400] "GET / HTTP/1.1" 301 0 "-" "Mozilla/5.0 (iPhone; CPU iPhone OS 13_2_3 like Mac OS X) AppleWebKit/605.1.15 (KHTML, like Gecko) Version/13.0.3 Mobile/15E148 Safari/604.1"
162.213.253.84 - - [08/Jun/2026:14:05:35 -0400] "POST /wp-admin/admin-ajax.php?action=async_litespeed&nonce=8cf55cf2a3&litespeed_type=imgoptm HTTP/1.1" 200 0 "http://tejoversea.com/wp-admin/admin-ajax.php?action=async_litespeed&nonce=8cf55cf2a3&litespeed_type=imgoptm" "WordPress/6.0.2; http://tejoversea.com"
43.157.38.228 - - [08/Jun/2026:14:05:38 -0400] "GET / HTTP/1.1" 200 19144 "http://www.tejoversea.com" "Mozilla/5.0 (iPhone; CPU iPhone OS 13_2_3 like Mac OS X) AppleWebKit/605.1.15 (KHTML, like Gecko) Version/13.0.3 Mobile/15E148 Safari/604.1"
162.213.253.84 - - [08/Jun/2026:14:05:35 -0400] "POST /wp-cron.php?doing_wp_cron=1780941935.2619979381561279296875 HTTP/1.1" 200 0 "http://tejoversea.com/wp-cron.php?doing_wp_cron=1780941935.2619979381561279296875" "WordPress/6.0.2; http://tejoversea.com"