216.244.66.248 - - [17/Apr/2026:16:50:09 -0400] "GET /members/admin/forums/ HTTP/1.1" 301 0 "-" "Mozilla/5.0 (compatible; DotBot/1.2; +https://opensiteexplorer.org/dotbot; [email protected])"
216.244.66.248 - - [17/Apr/2026:16:47:57 -0400] "GET /robots.txt HTTP/1.1" 200 115 "-" "Mozilla/5.0 (compatible; DotBot/1.2; +https://opensiteexplorer.org/dotbot; [email protected])"
216.244.66.248 - - [17/Apr/2026:16:54:52 -0400] "GET /events/2025-10/ HTTP/1.1" 200 67174 "-" "Mozilla/5.0 (compatible; DotBot/1.2; +https://opensiteexplorer.org/dotbot; [email protected])"
34.74.242.206 - - [17/Apr/2026:17:12:09 -0400] "GET /robots.txt HTTP/1.0" 200 110 "-" "ZoominfoBot (zoominfobot at zoominfo dot com)"
162.213.253.84 - - [17/Apr/2026:17:18:12 -0400] "POST /wp-cron.php?doing_wp_cron=1776460692.8820269107818603515625 HTTP/1.1" 200 0 "http://www.vjmedia.in/wp-cron.php?doing_wp_cron=1776460692.8820269107818603515625" "WordPress/5.5.1; https://www.vjmedia.in"
192.71.126.53 - - [17/Apr/2026:17:18:12 -0400] "GET / HTTP/1.1" 301 0 "-" "Mozilla/5.0 (iPhone; CPU iPhone OS 17_1_2 like Mac OS X) AppleWebKit/605.1.15 (KHTML, like Gecko) Version/17.1.2 Mobile/15E148 Safari/604"
34.74.242.206 - - [17/Apr/2026:17:12:09 -0400] "GET / HTTP/1.0" 301 0 "-" "ZoominfoBot (zoominfobot at zoominfo dot com)"
95.168.190.199 - - [17/Apr/2026:17:50:11 -0400] "GET /robots.txt HTTP/1.1" 301 0 "-" "Mozilla/5.0 (compatible; ORT/v1.0.0; visit ORTc.me )"
107.189.18.50 - - [17/Apr/2026:17:52:29 -0400] "GET /unzipper.php HTTP/1.1" 301 0 "-" "Python-urllib/2.7"
95.168.190.199 - - [17/Apr/2026:17:50:12 -0400] "GET /robots.txt HTTP/1.1" 200 97 "-" "Mozilla/5.0 (compatible; ORT/v1.0.0; visit ORTc.me )"
107.189.18.50 - - [17/Apr/2026:17:52:30 -0400] "GET /unzipper.php HTTP/1.1" 404 40404 "-" "Python-urllib/2.7"
162.62.132.25 - - [17/Apr/2026:17:59:39 -0400] "GET / HTTP/1.1" 301 0 "-" "Mozilla/5.0 (iPhone; CPU iPhone OS 13_2_3 like Mac OS X) AppleWebKit/605.1.15 (KHTML, like Gecko) Version/13.0.3 Mobile/15E148 Safari/604.1"
216.244.66.248 - - [17/Apr/2026:18:28:21 -0400] "GET /robots.txt HTTP/1.1" 200 115 "-" "Mozilla/5.0 (compatible; DotBot/1.2; +https://opensiteexplorer.org/dotbot; [email protected])"
51.103.133.91 - - [17/Apr/2026:18:41:24 -0400] "GET /file6.php HTTP/1.1" 404 40404 "-" "-"
51.103.133.91 - - [17/Apr/2026:18:41:27 -0400] "GET /flox.php HTTP/1.1" 404 40404 "-" "-"
51.103.133.91 - - [17/Apr/2026:18:41:28 -0400] "GET /mff.php HTTP/1.1" 404 40404 "-" "-"
51.103.133.91 - - [17/Apr/2026:18:41:29 -0400] "GET /aq.php HTTP/1.1" 404 40404 "-" "-"
51.103.133.91 - - [17/Apr/2026:18:41:30 -0400] "GET //filemanger2.php HTTP/1.1" 301 0 "-" "-"
51.103.133.91 - - [17/Apr/2026:18:41:31 -0400] "GET /filemanger2.php HTTP/1.1" 404 40404 "-" "-"
51.103.133.91 - - [17/Apr/2026:18:41:32 -0400] "GET /dx.php HTTP/1.1" 404 40404 "-" "-"
51.103.133.91 - - [17/Apr/2026:18:41:33 -0400] "GET /wp-vn1.php HTTP/1.1" 404 40404 "-" "-"
51.103.133.91 - - [17/Apr/2026:18:41:34 -0400] "GET /ewp.php HTTP/1.1" 404 40404 "-" "-"
51.103.133.91 - - [17/Apr/2026:18:41:35 -0400] "GET /kikikoko.php HTTP/1.1" 404 40404 "-" "-"
51.103.133.91 - - [17/Apr/2026:18:41:35 -0400] "GET //nwflm.php HTTP/1.1" 301 0 "-" "-"
51.103.133.91 - - [17/Apr/2026:18:41:37 -0400] "GET /xff.php HTTP/1.1" 404 40404 "-" "-"
51.103.133.91 - - [17/Apr/2026:18:41:38 -0400] "GET /lupo.php HTTP/1.1" 404 40404 "-" "-"
51.103.133.91 - - [17/Apr/2026:18:41:39 -0400] "GET /awa.php HTTP/1.1" 404 40404 "-" "-"
51.103.133.91 - - [17/Apr/2026:18:41:41 -0400] "GET /popo.php HTTP/1.1" 404 40404 "-" "-"
51.103.133.91 - - [17/Apr/2026:18:41:44 -0400] "GET /13.php HTTP/1.1" 404 40404 "-" "-"
51.103.133.91 - - [17/Apr/2026:18:41:46 -0400] "GET /11.php HTTP/1.1" 404 40404 "-" "-"
51.103.133.91 - - [17/Apr/2026:18:41:47 -0400] "GET /p.php HTTP/1.1" 404 40404 "-" "-"
51.103.133.91 - - [17/Apr/2026:18:41:49 -0400] "GET /oij98gy.php HTTP/1.1" 404 40404 "-" "-"
51.103.133.91 - - [17/Apr/2026:18:41:50 -0400] "GET /bthil.php HTTP/1.1" 404 40404 "-" "-"
51.103.133.91 - - [17/Apr/2026:18:41:51 -0400] "GET /turkshell.php HTTP/1.1" 404 40404 "-" "-"
51.103.133.91 - - [17/Apr/2026:18:41:52 -0400] "GET /tea.php HTTP/1.1" 404 40404 "-" "-"
51.103.133.91 - - [17/Apr/2026:18:41:53 -0400] "GET /seo.php HTTP/1.1" 404 40404 "-" "-"
51.103.133.91 - - [17/Apr/2026:18:41:54 -0400] "GET /7.php HTTP/1.1" 404 40404 "-" "-"
51.103.133.91 - - [17/Apr/2026:18:41:55 -0400] "GET /8.php HTTP/1.1" 404 40404 "-" "-"
51.103.133.91 - - [17/Apr/2026:18:41:57 -0400] "GET /2.php HTTP/1.1" 404 40404 "-" "-"
51.103.133.91 - - [17/Apr/2026:18:41:58 -0400] "GET /3.php HTTP/1.1" 404 40404 "-" "-"
51.103.133.91 - - [17/Apr/2026:18:41:59 -0400] "GET /4.php HTTP/1.1" 404 40404 "-" "-"
51.103.133.91 - - [17/Apr/2026:18:42:01 -0400] "GET /6.php HTTP/1.1" 404 40404 "-" "-"
51.103.133.91 - - [17/Apr/2026:18:42:03 -0400] "GET /10.php HTTP/1.1" 404 40404 "-" "-"
51.103.133.91 - - [17/Apr/2026:18:42:05 -0400] "GET /100.php HTTP/1.1" 404 40404 "-" "-"
51.103.133.91 - - [17/Apr/2026:18:42:07 -0400] "GET /f35_S.php HTTP/1.1" 404 40404 "-" "-"
51.103.133.91 - - [17/Apr/2026:18:42:10 -0400] "GET /wp1.php HTTP/1.1" 404 40404 "-" "-"
51.103.133.91 - - [17/Apr/2026:18:42:12 -0400] "GET /byrgo.php HTTP/1.1" 404 40404 "-" "-"
51.103.133.91 - - [17/Apr/2026:18:42:13 -0400] "GET //xwpg.php HTTP/1.1" 301 0 "-" "-"
51.103.133.91 - - [17/Apr/2026:18:42:14 -0400] "GET /xwpg.php HTTP/1.1" 404 40404 "-" "-"
51.103.133.91 - - [17/Apr/2026:18:42:15 -0400] "GET /ass.php HTTP/1.1" 404 40404 "-" "-"
51.103.133.91 - - [17/Apr/2026:18:42:16 -0400] "GET //about.php HTTP/1.1" 301 0 "-" "-"
51.103.133.91 - - [17/Apr/2026:18:42:17 -0400] "GET /no18.php HTTP/1.1" 404 40404 "-" "-"
51.103.133.91 - - [17/Apr/2026:18:42:18 -0400] "GET /fine.php HTTP/1.1" 404 40404 "-" "-"
51.103.133.91 - - [17/Apr/2026:18:42:19 -0400] "GET /zample.php HTTP/1.1" 404 40404 "-" "-"
51.103.133.91 - - [17/Apr/2026:18:42:20 -0400] "GET /hplfuns.php HTTP/1.1" 404 40404 "-" "-"
51.103.133.91 - - [17/Apr/2026:18:42:21 -0400] "GET /xa.php HTTP/1.1" 404 40404 "-" "-"
170.106.180.246 - - [17/Apr/2026:18:42:23 -0400] "GET / HTTP/1.1" 301 0 "-" "Mozilla/5.0 (iPhone; CPU iPhone OS 13_2_3 like Mac OS X) AppleWebKit/605.1.15 (KHTML, like Gecko) Version/13.0.3 Mobile/15E148 Safari/604.1"
162.213.253.84 - - [17/Apr/2026:18:41:23 -0400] "POST /wp-cron.php?doing_wp_cron=1776465683.7547121047973632812500 HTTP/1.1" 200 0 "http://www.vjmedia.in/wp-cron.php?doing_wp_cron=1776465683.7547121047973632812500" "WordPress/5.5.1; https://www.vjmedia.in"
51.103.133.91 - - [17/Apr/2026:18:41:22 -0400] "GET /wp-content/plugins/hellopress/wp_filemanager.php HTTP/1.1" 404 40404 "-" "-"
51.103.133.91 - - [17/Apr/2026:18:41:25 -0400] "GET //sl.php HTTP/1.1" 301 0 "-" "-"
51.103.133.91 - - [17/Apr/2026:18:41:26 -0400] "GET /sl.php HTTP/1.1" 404 40404 "-" "-"
51.103.133.91 - - [17/Apr/2026:18:41:36 -0400] "GET /nwflm.php HTTP/1.1" 404 40404 "-" "-"
51.103.133.91 - - [17/Apr/2026:18:41:37 -0400] "GET /dx.php HTTP/1.1" 404 40404 "-" "-"
51.103.133.91 - - [17/Apr/2026:18:41:40 -0400] "GET /sadcut1.php HTTP/1.1" 404 40404 "-" "-"
51.103.133.91 - - [17/Apr/2026:18:41:42 -0400] "GET /water.php HTTP/1.1" 404 40404 "-" "-"
51.103.133.91 - - [17/Apr/2026:18:41:43 -0400] "GET /ggb.php HTTP/1.1" 404 40404 "-" "-"
51.103.133.91 - - [17/Apr/2026:18:41:45 -0400] "GET /wert.php HTTP/1.1" 404 40404 "-" "-"
51.103.133.91 - - [17/Apr/2026:18:41:56 -0400] "GET /1.php HTTP/1.1" 404 40404 "-" "-"
51.103.133.91 - - [17/Apr/2026:18:42:00 -0400] "GET /5.php HTTP/1.1" 404 40404 "-" "-"
51.103.133.91 - - [17/Apr/2026:18:42:02 -0400] "GET /9.php HTTP/1.1" 404 40404 "-" "-"
51.103.133.91 - - [17/Apr/2026:18:42:04 -0400] "GET /.mopj.php HTTP/1.1" 404 40404 "-" "-"
51.103.133.91 - - [17/Apr/2026:18:42:06 -0400] "GET /nano.php HTTP/1.1" 404 40404 "-" "-"
51.103.133.91 - - [17/Apr/2026:18:42:08 -0400] "GET /2026w.php HTTP/1.1" 404 40404 "-" "-"
51.103.133.91 - - [17/Apr/2026:18:42:09 -0400] "GET /111.php HTTP/1.1" 404 40404 "-" "-"
51.103.133.91 - - [17/Apr/2026:18:42:11 -0400] "GET /aligk.php HTTP/1.1" 404 40404 "-" "-"
51.103.133.91 - - [17/Apr/2026:18:42:16 -0400] "GET /about.php HTTP/1.1" 404 40404 "-" "-"
51.103.133.91 - - [17/Apr/2026:18:42:22 -0400] "GET //admin.php HTTP/1.1" 301 0 "-" "-"
51.103.133.91 - - [17/Apr/2026:18:42:23 -0400] "GET /admin.php HTTP/1.1" 404 40404 "-" "-"
51.103.133.91 - - [17/Apr/2026:18:42:25 -0400] "GET /fe5.php HTTP/1.1" 404 40404 "-" "-"
51.103.133.91 - - [17/Apr/2026:18:42:26 -0400] "GET /uuu.php HTTP/1.1" 404 40404 "-" "-"
51.103.133.91 - - [17/Apr/2026:18:42:28 -0400] "GET /w2025.php HTTP/1.1" 404 40404 "-" "-"
51.103.133.91 - - [17/Apr/2026:18:42:30 -0400] "GET /a2.php HTTP/1.1" 404 40404 "-" "-"
51.103.133.91 - - [17/Apr/2026:18:42:31 -0400] "GET //edit.php HTTP/1.1" 301 0 "-" "-"
51.103.133.91 - - [17/Apr/2026:18:42:35 -0400] "GET /66.php HTTP/1.1" 404 40404 "-" "-"
51.103.133.91 - - [17/Apr/2026:18:42:36 -0400] "GET /a5.php HTTP/1.1" 404 40404 "-" "-"
51.103.133.91 - - [17/Apr/2026:18:42:38 -0400] "GET /f6.php HTTP/1.1" 404 40404 "-" "-"
51.103.133.91 - - [17/Apr/2026:18:42:40 -0400] "GET /inputs.php HTTP/1.1" 404 40404 "-" "-"
51.103.133.91 - - [17/Apr/2026:18:42:42 -0400] "GET //aa.php HTTP/1.1" 301 0 "-" "-"
51.103.133.91 - - [17/Apr/2026:18:42:47 -0400] "GET /bless4.php HTTP/1.1" 404 40404 "-" "-"
51.103.133.91 - - [17/Apr/2026:18:42:51 -0400] "GET /aaa.php HTTP/1.1" 404 40404 "-" "-"
51.103.133.91 - - [17/Apr/2026:18:42:52 -0400] "GET /classwithtostring.php?p= HTTP/1.1" 301 0 "-" "-"
51.103.133.91 - - [17/Apr/2026:18:42:53 -0400] "GET /classwithtostring.php HTTP/1.1" 404 40404 "-" "-"
51.103.133.91 - - [17/Apr/2026:18:42:54 -0400] "GET /wp-content/themes/index.php HTTP/1.1" 200 0 "-" "-"
51.103.133.91 - - [17/Apr/2026:18:42:55 -0400] "GET /tinyfilemanager.php HTTP/1.1" 404 40404 "-" "-"
51.103.133.91 - - [17/Apr/2026:18:42:56 -0400] "GET /wp-update.php HTTP/1.1" 404 40404 "-" "-"
51.103.133.91 - - [17/Apr/2026:18:42:57 -0400] "GET /sbhu.php HTTP/1.1" 404 40404 "-" "-"
51.103.133.91 - - [17/Apr/2026:18:42:59 -0400] "GET //wp-includes/js/jquery/ HTTP/1.1" 200 7071 "-" "-"
51.103.133.91 - - [17/Apr/2026:18:42:59 -0400] "GET //wp-content/admin.php HTTP/1.1" 301 0 "-" "-"
51.103.133.91 - - [17/Apr/2026:18:43:00 -0400] "GET /wp-content/admin.php HTTP/1.1" 404 40404 "-" "-"
51.103.133.91 - - [17/Apr/2026:18:42:24 -0400] "GET /inege.php HTTP/1.1" 404 40404 "-" "-"
51.103.133.91 - - [17/Apr/2026:18:42:27 -0400] "GET /sf.php HTTP/1.1" 404 40404 "-" "-"
51.103.133.91 - - [17/Apr/2026:18:42:27 -0400] "GET /no1.php HTTP/1.1" 404 40404 "-" "-"
51.103.133.91 - - [17/Apr/2026:18:42:29 -0400] "GET /fvvff.php HTTP/1.1" 404 40404 "-" "-"
51.103.133.91 - - [17/Apr/2026:18:42:32 -0400] "GET /edit.php HTTP/1.1" 404 40404 "-" "-"
51.103.133.91 - - [17/Apr/2026:18:42:33 -0400] "GET /ioxi-o.php HTTP/1.1" 404 40404 "-" "-"
51.103.133.91 - - [17/Apr/2026:18:42:34 -0400] "GET /wp-content/admin.php HTTP/1.1" 404 40404 "-" "-"
51.103.133.91 - - [17/Apr/2026:18:42:37 -0400] "GET /ol.php HTTP/1.1" 404 40404 "-" "-"
51.103.133.91 - - [17/Apr/2026:18:42:38 -0400] "GET //f6.php HTTP/1.1" 301 0 "-" "-"
51.103.133.91 - - [17/Apr/2026:18:42:40 -0400] "GET //inputs.php HTTP/1.1" 301 0 "-" "-"
51.103.133.91 - - [17/Apr/2026:18:42:41 -0400] "GET /style.php HTTP/1.1" 404 40404 "-" "-"
51.103.133.91 - - [17/Apr/2026:18:42:43 -0400] "GET /aa.php HTTP/1.1" 404 40404 "-" "-"
51.103.133.91 - - [17/Apr/2026:18:42:44 -0400] "GET //av.php HTTP/1.1" 301 0 "-" "-"
51.103.133.91 - - [17/Apr/2026:18:42:45 -0400] "GET /av.php HTTP/1.1" 404 40404 "-" "-"
51.103.133.91 - - [17/Apr/2026:18:42:46 -0400] "GET /wp-admin/css/bolt.php HTTP/1.1" 404 40404 "-" "-"
51.103.133.91 - - [17/Apr/2026:18:42:48 -0400] "GET /wp-act.php HTTP/1.1" 404 40404 "-" "-"
51.103.133.91 - - [17/Apr/2026:18:42:49 -0400] "GET /xqq.php HTTP/1.1" 404 40404 "-" "-"
51.103.133.91 - - [17/Apr/2026:18:42:50 -0400] "GET /plss3.php HTTP/1.1" 404 40404 "-" "-"
51.103.133.91 - - [17/Apr/2026:18:42:51 -0400] "GET /aaa.php?p= HTTP/1.1" 301 0 "-" "-"
51.103.133.91 - - [17/Apr/2026:18:42:54 -0400] "GET /tinyfilemanager.php?p= HTTP/1.1" 301 0 "-" "-"
51.103.133.91 - - [17/Apr/2026:18:42:58 -0400] "GET /wp-blog.php HTTP/1.1" 404 40404 "-" "-"
51.103.133.91 - - [17/Apr/2026:18:43:00 -0400] "GET /ms-edit.php HTTP/1.1" 404 40404 "-" "-"
51.103.133.91 - - [17/Apr/2026:18:43:02 -0400] "GET //adminfuns.php HTTP/1.1" 301 0 "-" "-"
51.103.133.91 - - [17/Apr/2026:18:43:06 -0400] "GET /fff.php HTTP/1.1" 404 40404 "-" "-"
51.103.133.91 - - [17/Apr/2026:18:43:10 -0400] "GET /makeasmtp.php HTTP/1.1" 404 40404 "-" "-"
51.103.133.91 - - [17/Apr/2026:18:43:11 -0400] "GET /wp-michan.php HTTP/1.1" 404 40404 "-" "-"
51.103.133.91 - - [17/Apr/2026:18:43:13 -0400] "GET //wp-includes/css/dist/ HTTP/1.1" 200 4346 "-" "-"
51.103.133.91 - - [17/Apr/2026:18:43:15 -0400] "GET /wp-includes/l10n/ HTTP/1.1" 404 40404 "-" "-"
51.103.133.91 - - [17/Apr/2026:18:43:18 -0400] "GET /wp-admin/js/fi.php HTTP/1.1" 404 40404 "-" "-"
51.103.133.91 - - [17/Apr/2026:18:43:19 -0400] "GET /fe5.php HTTP/1.1" 404 40404 "-" "-"
51.103.133.91 - - [17/Apr/2026:18:43:19 -0400] "GET //wp-content/uploads/2021/02/index.php HTTP/1.1" 301 0 "-" "-"
51.103.133.91 - - [17/Apr/2026:18:43:20 -0400] "GET /av.php HTTP/1.1" 404 40404 "-" "-"
51.103.133.91 - - [17/Apr/2026:18:43:20 -0400] "GET /abcd.php HTTP/1.1" 404 40404 "-" "-"
51.103.133.91 - - [17/Apr/2026:18:43:23 -0400] "GET /a1.php HTTP/1.1" 404 40404 "-" "-"
51.103.133.91 - - [17/Apr/2026:18:43:26 -0400] "GET /f35.php HTTP/1.1" 404 40404 "-" "-"
51.103.133.91 - - [17/Apr/2026:18:43:28 -0400] "GET /prv8.php HTTP/1.1" 404 40404 "-" "-"
51.103.133.91 - - [17/Apr/2026:18:43:30 -0400] "GET /dev.php HTTP/1.1" 404 40404 "-" "-"
51.103.133.91 - - [17/Apr/2026:18:43:31 -0400] "GET /bal.php HTTP/1.1" 404 40404 "-" "-"
51.103.133.91 - - [17/Apr/2026:18:43:31 -0400] "GET /in.php HTTP/1.1" 404 40404 "-" "-"
51.103.133.91 - - [17/Apr/2026:18:43:33 -0400] "GET /motu.php HTTP/1.1" 404 40404 "-" "-"
51.103.133.91 - - [17/Apr/2026:18:43:34 -0400] "GET /bs1.php HTTP/1.1" 404 40404 "-" "-"
51.103.133.91 - - [17/Apr/2026:18:43:40 -0400] "GET /acp.php HTTP/1.1" 404 40404 "-" "-"
51.103.133.91 - - [17/Apr/2026:18:43:41 -0400] "GET /file48.php HTTP/1.1" 404 40404 "-" "-"
51.103.133.91 - - [17/Apr/2026:18:43:44 -0400] "GET /wp-content/ HTTP/1.1" 200 0 "-" "-"
51.103.133.91 - - [17/Apr/2026:18:43:03 -0400] "GET /adminfuns.php HTTP/1.1" 404 40404 "-" "-"
51.103.133.91 - - [17/Apr/2026:18:43:04 -0400] "GET /goods.php HTTP/1.1" 404 40404 "-" "-"
51.103.133.91 - - [17/Apr/2026:18:43:05 -0400] "GET /ms-edit.php HTTP/1.1" 404 40404 "-" "-"
51.103.133.91 - - [17/Apr/2026:18:43:05 -0400] "GET /222.php HTTP/1.1" 404 40404 "-" "-"
51.103.133.91 - - [17/Apr/2026:18:43:06 -0400] "GET //cgi-bin/index.php HTTP/1.1" 404 1251 "-" "-"
51.103.133.91 - - [17/Apr/2026:18:43:07 -0400] "GET /wp-content/ HTTP/1.1" 200 0 "-" "-"
51.103.133.91 - - [17/Apr/2026:18:43:07 -0400] "GET /we.php HTTP/1.1" 404 40404 "-" "-"
51.103.133.91 - - [17/Apr/2026:18:43:08 -0400] "GET /alpha.php HTTP/1.1" 404 40404 "-" "-"
51.103.133.91 - - [17/Apr/2026:18:43:09 -0400] "GET /makeasmtp.php?p= HTTP/1.1" 301 0 "-" "-"
51.103.133.91 - - [17/Apr/2026:18:43:12 -0400] "GET /wp-the.php HTTP/1.1" 404 40404 "-" "-"
51.103.133.91 - - [17/Apr/2026:18:43:13 -0400] "GET /BDKR28WP.php HTTP/1.1" 404 40404 "-" "-"
51.103.133.91 - - [17/Apr/2026:18:43:14 -0400] "GET //wp-includes/l10n/ HTTP/1.1" 301 0 "-" "-"
51.103.133.91 - - [17/Apr/2026:18:43:16 -0400] "GET /wen.php HTTP/1.1" 404 40404 "-" "-"
51.103.133.91 - - [17/Apr/2026:18:43:17 -0400] "GET /wp.php HTTP/1.1" 404 40404 "-" "-"
51.103.133.91 - - [17/Apr/2026:18:43:20 -0400] "GET /wp-content/uploads/2021/02/ HTTP/1.1" 200 1389 "-" "-"
51.103.133.91 - - [17/Apr/2026:18:43:21 -0400] "GET /fi.php HTTP/1.1" 404 40404 "-" "-"
51.103.133.91 - - [17/Apr/2026:18:43:22 -0400] "GET //a1.php HTTP/1.1" 301 0 "-" "-"
51.103.133.91 - - [17/Apr/2026:18:43:24 -0400] "GET /update/f35.php HTTP/1.1" 404 40404 "-" "-"
51.103.133.91 - - [17/Apr/2026:18:43:25 -0400] "GET /wp-includes/Text/Diff/Engine/about.php HTTP/1.1" 404 40404 "-" "-"
51.103.133.91 - - [17/Apr/2026:18:43:27 -0400] "GET //wp-includes/css/index.php?p= HTTP/1.1" 301 0 "-" "-"
51.103.133.91 - - [17/Apr/2026:18:43:27 -0400] "GET /wp-includes/css/ HTTP/1.1" 200 12862 "-" "-"
51.103.133.91 - - [17/Apr/2026:18:43:28 -0400] "GET /wp-includes/SimplePie/ HTTP/1.1" 200 9375 "-" "-"
51.103.133.91 - - [17/Apr/2026:18:43:29 -0400] "GET /k.php HTTP/1.1" 404 40404 "-" "-"
51.103.133.91 - - [17/Apr/2026:18:43:32 -0400] "GET /gssdd.php HTTP/1.1" 404 40404 "-" "-"
51.103.133.91 - - [17/Apr/2026:18:43:35 -0400] "GET /bengi.php HTTP/1.1" 404 40404 "-" "-"
51.103.133.91 - - [17/Apr/2026:18:43:36 -0400] "GET /wp-content/plugins/pwnd/as.php HTTP/1.1" 404 40404 "-" "-"
51.103.133.91 - - [17/Apr/2026:18:43:37 -0400] "GET /axx.php HTTP/1.1" 404 40404 "-" "-"
51.103.133.91 - - [17/Apr/2026:18:43:38 -0400] "GET /alfashell.php HTTP/1.1" 404 40404 "-" "-"
51.103.133.91 - - [17/Apr/2026:18:43:39 -0400] "GET /gettest.php HTTP/1.1" 404 40404 "-" "-"
51.103.133.91 - - [17/Apr/2026:18:43:43 -0400] "GET /g.php HTTP/1.1" 404 40404 "-" "-"
51.103.133.91 - - [17/Apr/2026:18:43:45 -0400] "GET /ew.php HTTP/1.1" 404 40404 "-" "-"
51.103.133.91 - - [17/Apr/2026:18:43:46 -0400] "GET /file21.php HTTP/1.1" 404 40404 "-" "-"
51.103.133.91 - - [17/Apr/2026:18:43:49 -0400] "GET /file18.php HTTP/1.1" 404 40404 "-" "-"
51.103.133.91 - - [17/Apr/2026:18:43:52 -0400] "GET /cabs.php HTTP/1.1" 404 40404 "-" "-"
51.103.133.91 - - [17/Apr/2026:18:43:53 -0400] "GET /xwx1.php HTTP/1.1" 404 40404 "-" "-"
51.103.133.91 - - [17/Apr/2026:18:43:44 -0400] "GET /simple.php HTTP/1.1" 404 40404 "-" "-"
51.103.133.91 - - [17/Apr/2026:18:43:47 -0400] "GET /class19.php HTTP/1.1" 404 40404 "-" "-"
51.103.133.91 - - [17/Apr/2026:18:43:48 -0400] "GET /class20.php HTTP/1.1" 404 40404 "-" "-"
51.103.133.91 - - [17/Apr/2026:18:43:50 -0400] "GET /vee.php HTTP/1.1" 404 40404 "-" "-"
51.103.133.91 - - [17/Apr/2026:18:43:54 -0400] "GET /x1da.php HTTP/1.1" 404 40404 "-" "-"
51.103.133.91 - - [17/Apr/2026:18:43:55 -0400] "GET /jp.php HTTP/1.1" 404 40404 "-" "-"
51.103.133.91 - - [17/Apr/2026:18:43:56 -0400] "GET /chosen.php HTTP/1.1" 404 40404 "-" "-"
49.233.45.47 - - [17/Apr/2026:18:46:12 -0400] "GET / HTTP/1.1" 301 0 "-" "Mozilla/5.0 (iPhone; CPU iPhone OS 13_2_3 like Mac OS X) AppleWebKit/605.1.15 (KHTML, like Gecko) Version/13.0.3 Mobile/15E148 Safari/604.1"
216.244.66.248 - - [17/Apr/2026:19:04:56 -0400] "GET /events/category/billboard/2019-05-01/ HTTP/1.1" 200 50729 "-" "Mozilla/5.0 (compatible; DotBot/1.2; +https://opensiteexplorer.org/dotbot; [email protected])"
216.244.66.248 - - [17/Apr/2026:19:05:16 -0400] "GET /events/category/billboard/2019-10-01/ HTTP/1.1" 200 50765 "-" "Mozilla/5.0 (compatible; DotBot/1.2; +https://opensiteexplorer.org/dotbot; [email protected])"
216.244.66.248 - - [17/Apr/2026:19:05:06 -0400] "GET /events/category/billboard/2019-06-28/ HTTP/1.1" 200 50746 "-" "Mozilla/5.0 (compatible; DotBot/1.2; +https://opensiteexplorer.org/dotbot; [email protected])"
66.249.79.69 - - [17/Apr/2026:19:00:24 -0400] "GET / HTTP/1.1" 301 0 "-" "Mozilla/5.0 (Linux; Android 6.0.1; Nexus 5X Build/MMB29P) AppleWebKit/537.36 (KHTML, like Gecko) Chrome/99.0.4844.84 Mobile Safari/537.36 (compatible; Googlebot/2.1; +http://www.google.com/bot.html)"
216.244.66.248 - - [17/Apr/2026:19:01:53 -0400] "GET /events/2019-05-27/ HTTP/1.1" 200 50144 "-" "Mozilla/5.0 (compatible; DotBot/1.2; +https://opensiteexplorer.org/dotbot; [email protected])"
66.249.79.69 - - [17/Apr/2026:18:59:59 -0400] "GET /robots.txt HTTP/1.1" 200 97 "-" "Mozilla/5.0 (compatible; Googlebot/2.1; +http://www.google.com/bot.html)"
66.249.79.69 - - [17/Apr/2026:18:59:59 -0400] "GET / HTTP/1.1" 301 0 "-" "Mozilla/5.0 (Linux; Android 6.0.1; Nexus 5X Build/MMB29P) AppleWebKit/537.36 (KHTML, like Gecko) Chrome/146.0.7680.177 Mobile Safari/537.36 (compatible; Googlebot/2.1; +http://www.google.com/bot.html)"
66.249.79.69 - - [17/Apr/2026:19:00:22 -0400] "GET / HTTP/1.1" 301 0 "-" "Mozilla/5.0 (compatible; Googlebot/2.1; +http://www.google.com/bot.html)"
216.244.66.248 - - [17/Apr/2026:19:18:40 -0400] "GET /robots.txt HTTP/1.1" 200 115 "-" "Mozilla/5.0 (compatible; DotBot/1.2; +https://opensiteexplorer.org/dotbot; [email protected])"
216.244.66.248 - - [17/Apr/2026:19:22:35 -0400] "GET /members/admin/activity/favorites/ HTTP/1.1" 301 0 "-" "Mozilla/5.0 (compatible; DotBot/1.2; +https://opensiteexplorer.org/dotbot; [email protected])"
116.76.37.65 - - [17/Apr/2026:19:25:51 -0400] "GET /robots.txt HTTP/1.1" 200 110 "-" "Mozilla/5.0 (Windows NT 10.0; WOW64) AppleWebKit/537.36 (KHTML, like Gecko) Chrome/59.0.4345.160 Safari/537.36 QIHU 360SE"
114.119.145.19 - - [17/Apr/2026:19:29:08 -0400] "GET /2019/09/04 HTTP/1.1" 301 0 "https://www.vjmedia.in/2019/09/23" "Mozilla/5.0 (Linux; Android 7.0;) AppleWebKit/537.36 (KHTML, like Gecko) Mobile Safari/537.36 (compatible; PetalBot;+https://webmaster.petalsearch.com/site/petalbot)"
114.119.145.19 - - [17/Apr/2026:19:29:09 -0400] "GET /2019/09/04/ HTTP/1.1" 200 14955 "https://www.vjmedia.in/2019/09/23" "Mozilla/5.0 (Linux; Android 7.0;) AppleWebKit/537.36 (KHTML, like Gecko) Mobile Safari/537.36 (compatible; PetalBot;+https://webmaster.petalsearch.com/site/petalbot)"
74.249.158.70 - - [17/Apr/2026:19:51:25 -0400] "GET //wp-content/plugins/fix/up.php HTTP/1.1" 301 0 "-" "Mozilla/5.0 (Windows NT 10.0; Win64; x64) AppleWebKit/537.36 (KHTML, like Gecko) Chrome/85.0.4183.102 Safari/537.36"
74.249.158.70 - - [17/Apr/2026:19:51:26 -0400] "GET /wp-content/plugins/fix/up.php HTTP/1.1" 404 12100 "-" "Mozilla/5.0 (Windows NT 10.0; Win64; x64) AppleWebKit/537.36 (KHTML, like Gecko) Chrome/85.0.4183.102 Safari/537.36"
162.213.253.84 - - [17/Apr/2026:20:03:32 -0400] "POST /wp-cron.php?doing_wp_cron=1776470612.8571519851684570312500 HTTP/1.1" 200 0 "http://www.vjmedia.in/wp-cron.php?doing_wp_cron=1776470612.8571519851684570312500" "WordPress/5.5.1; https://www.vjmedia.in"
34.75.242.119 - - [17/Apr/2026:20:03:33 -0400] "HEAD / HTTP/1.1" 301 0 "-" "Mozilla/5.0 (Macintosh; Intel Mac OS X 14_5) AppleWebKit/605.1.15 (KHTML, like Gecko) Version/17.5 Safari/605.1.15"
34.75.242.119 - - [17/Apr/2026:20:03:34 -0400] "HEAD /wordpress/ HTTP/1.1" 301 0 "-" "Mozilla/5.0 (Windows NT 10.0; Win64; x64; rv:127.0) Gecko/20100101 Firefox/127.0"
34.75.242.119 - - [17/Apr/2026:20:03:36 -0400] "HEAD /backup/ HTTP/1.1" 301 0 "-" "Mozilla/5.0 (Linux; Android 14; Samsung SM-A546B) AppleWebKit/537.36 (KHTML, like Gecko) Chrome/126.0.6478.14 Mobile Safari/537.36"
34.75.242.119 - - [17/Apr/2026:20:03:36 -0400] "HEAD /backup/ HTTP/1.1" 404 0 "http://vjmedia.in/backup/" "Mozilla/5.0 (Linux; Android 14; Samsung SM-A546B) AppleWebKit/537.36 (KHTML, like Gecko) Chrome/126.0.6478.14 Mobile Safari/537.36"
34.75.242.119 - - [17/Apr/2026:20:03:39 -0400] "HEAD /wp/ HTTP/1.1" 404 0 "http://vjmedia.in/wp/" "Mozilla/5.0 (Windows NT 10.0; Win64; x64) AppleWebKit/537.36 (KHTML, like Gecko) Chrome/126.0.6478.70 Safari/537.36 Vivaldi/6.7.3200.25"
34.75.242.119 - - [17/Apr/2026:20:03:40 -0400] "HEAD /old/ HTTP/1.1" 404 0 "http://vjmedia.in/old/" "Mozilla/5.0 (Linux; Android 10; vivo 1904) AppleWebKit/537.36 (KHTML, like Gecko) Chrome/117.0.5938.60 Mobile Safari/537.36"
216.244.66.248 - - [17/Apr/2026:20:09:48 -0400] "GET /robots.txt HTTP/1.1" 200 115 "-" "Mozilla/5.0 (compatible; DotBot/1.2; +https://opensiteexplorer.org/dotbot; [email protected])"
34.75.242.119 - - [17/Apr/2026:20:03:32 -0400] "HEAD /new/ HTTP/1.1" 301 0 "-" "Mozilla/5.0 (Linux; Android 10; vivo 1904) AppleWebKit/537.36 (KHTML, like Gecko) Chrome/117.0.5938.60 Mobile Safari/537.36"
34.75.242.119 - - [17/Apr/2026:20:03:35 -0400] "HEAD /wordpress/ HTTP/1.1" 404 0 "http://vjmedia.in/wordpress/" "Mozilla/5.0 (Windows NT 10.0; Win64; x64; rv:127.0) Gecko/20100101 Firefox/127.0"
34.75.242.119 - - [17/Apr/2026:20:03:37 -0400] "HEAD /blog/ HTTP/1.1" 301 0 "-" "Mozilla/5.0 (Windows NT 11.0; Win64; x64) AppleWebKit/537.36 (KHTML, like Gecko) Edg/128.0.2790.25 Chrome/128.0.6540.22 Safari/537.36"
34.75.242.119 - - [17/Apr/2026:20:03:37 -0400] "HEAD /blog/ HTTP/1.1" 404 0 "http://vjmedia.in/blog/" "Mozilla/5.0 (Windows NT 11.0; Win64; x64) AppleWebKit/537.36 (KHTML, like Gecko) Edg/128.0.2790.25 Chrome/128.0.6540.22 Safari/537.36"
34.75.242.119 - - [17/Apr/2026:20:03:38 -0400] "HEAD /wp/ HTTP/1.1" 301 0 "-" "Mozilla/5.0 (Windows NT 10.0; Win64; x64) AppleWebKit/537.36 (KHTML, like Gecko) Chrome/126.0.6478.70 Safari/537.36 Vivaldi/6.7.3200.25"
34.75.242.119 - - [17/Apr/2026:20:03:39 -0400] "HEAD /old/ HTTP/1.1" 301 0 "-" "Mozilla/5.0 (Linux; Android 10; vivo 1904) AppleWebKit/537.36 (KHTML, like Gecko) Chrome/117.0.5938.60 Mobile Safari/537.36"
188.191.165.159 - - [17/Apr/2026:20:09:31 -0400] "GET //wp-json/wp/v2/posts HTTP/1.0" 200 24926 "-" "Mozilla/5.0 (Windows NT 10.0; Win64; x64) AppleWebKit/537.36 (KHTML, like Gecko) Chrome/120.0.0.0 Safari/537.36"
188.116.25.189 - - [17/Apr/2026:20:31:28 -0400] "GET / HTTP/1.0" 301 0 "http://vjmedia.in/" "Mozilla/5.0 (Windows NT 10.0; Win64; x64) AppleWebKit/537.36 (KHTML, like Gecko) Chrome/131.0.0.0 Safari/537.36"
216.244.66.248 - - [17/Apr/2026:20:33:35 -0400] "GET /event/we-work-for-the-people-of-city/feed/ HTTP/1.1" 200 796 "-" "Mozilla/5.0 (compatible; DotBot/1.2; +https://opensiteexplorer.org/dotbot; [email protected])"
162.213.253.84 - - [17/Apr/2026:20:33:36 -0400] "POST /wp-cron.php?doing_wp_cron=1776472416.0251369476318359375000 HTTP/1.1" 200 0 "http://www.vjmedia.in/wp-cron.php?doing_wp_cron=1776472416.0251369476318359375000" "WordPress/5.5.1; https://www.vjmedia.in"
162.213.253.84 - - [17/Apr/2026:20:42:20 -0400] "POST /wp-cron.php?doing_wp_cron=1776472940.5354490280151367187500 HTTP/1.1" 200 0 "http://www.vjmedia.in/wp-cron.php?doing_wp_cron=1776472940.5354490280151367187500" "WordPress/5.5.1; https://www.vjmedia.in"
216.244.66.248 - - [17/Apr/2026:20:42:19 -0400] "GET /events/2019-03-12/ HTTP/1.1" 200 50162 "-" "Mozilla/5.0 (compatible; DotBot/1.2; +https://opensiteexplorer.org/dotbot; [email protected])"
216.244.66.248 - - [17/Apr/2026:20:47:38 -0400] "GET /events/category/billboard/2019-05-21/ HTTP/1.1" 200 50737 "-" "Mozilla/5.0 (compatible; DotBot/1.2; +https://opensiteexplorer.org/dotbot; [email protected])"
216.244.66.248 - - [17/Apr/2026:20:47:42 -0400] "GET /events/category/billboard/2019-11-10/ HTTP/1.1" 200 50782 "-" "Mozilla/5.0 (compatible; DotBot/1.2; +https://opensiteexplorer.org/dotbot; [email protected])"
216.244.66.248 - - [17/Apr/2026:20:47:45 -0400] "GET /events/category/billboard/2019-11-13/ HTTP/1.1" 200 50782 "-" "Mozilla/5.0 (compatible; DotBot/1.2; +https://opensiteexplorer.org/dotbot; [email protected])"
216.244.66.248 - - [17/Apr/2026:21:01:19 -0400] "GET /robots.txt HTTP/1.1" 200 115 "-" "Mozilla/5.0 (compatible; DotBot/1.2; +https://opensiteexplorer.org/dotbot; [email protected])"
216.244.66.248 - - [17/Apr/2026:21:33:32 -0400] "GET /events/2019-04/ HTTP/1.1" 200 70587 "-" "Mozilla/5.0 (compatible; DotBot/1.2; +https://opensiteexplorer.org/dotbot; [email protected])"
216.244.66.248 - - [17/Apr/2026:21:36:01 -0400] "GET /events/2019-06-08/ HTTP/1.1" 200 50145 "-" "Mozilla/5.0 (compatible; DotBot/1.2; +https://opensiteexplorer.org/dotbot; [email protected])"
216.244.66.248 - - [17/Apr/2026:21:38:27 -0400] "GET /events/category/billboard/2019-03-25/ HTTP/1.1" 200 50755 "-" "Mozilla/5.0 (compatible; DotBot/1.2; +https://opensiteexplorer.org/dotbot; [email protected])"
216.244.66.248 - - [17/Apr/2026:21:38:33 -0400] "GET /events/category/billboard/2019-07-02/ HTTP/1.1" 200 50738 "-" "Mozilla/5.0 (compatible; DotBot/1.2; +https://opensiteexplorer.org/dotbot; [email protected])"
103.65.237.92 - - [17/Apr/2026:21:30:30 -0400] "GET /wp-json/wp/v2/posts HTTP/1.0" 200 24926 "-" "Mozilla/5.0 (Windows NT 10.0; Win64; x64) AppleWebKit/537.36 (KHTML, like Gecko) Chrome/120.0.0.0 Safari/537.36"
162.213.253.84 - - [17/Apr/2026:21:33:32 -0400] "POST /wp-cron.php?doing_wp_cron=1776476012.9865770339965820312500 HTTP/1.1" 200 0 "http://www.vjmedia.in/wp-cron.php?doing_wp_cron=1776476012.9865770339965820312500" "WordPress/5.5.1; https://www.vjmedia.in"
216.244.66.248 - - [17/Apr/2026:21:38:19 -0400] "GET /events/category/billboard/2019-03-24/ HTTP/1.1" 200 50755 "-" "Mozilla/5.0 (compatible; DotBot/1.2; +https://opensiteexplorer.org/dotbot; [email protected])"
51.68.111.218 - - [17/Apr/2026:21:58:02 -0400] "GET /robots.txt HTTP/1.1" 200 97 "-" "Mozilla/5.0 (compatible; MJ12bot/v2.0.5; http://mj12bot.com/)"
162.213.253.84 - - [17/Apr/2026:21:58:03 -0400] "POST /wp-cron.php?doing_wp_cron=1776477483.4165039062500000000000 HTTP/1.1" 200 0 "http://www.vjmedia.in/wp-cron.php?doing_wp_cron=1776477483.4165039062500000000000" "WordPress/5.5.1; https://www.vjmedia.in"
51.68.111.218 - - [17/Apr/2026:21:58:02 -0400] "GET / HTTP/1.1" 301 0 "-" "Mozilla/5.0 (compatible; MJ12bot/v2.0.5; http://mj12bot.com/)"
51.68.111.218 - - [17/Apr/2026:21:58:02 -0400] "GET /robots.txt HTTP/1.1" 301 0 "-" "Mozilla/5.0 (compatible; MJ12bot/v2.0.5; http://mj12bot.com/)"
164.68.113.198 - - [17/Apr/2026:22:10:17 -0400] "GET /wp-admin/css/ HTTP/1.1" 200 3871 "binance.com" "Mozilla/5.0 (Windows NT 10.0; Win64; x64) AppleWebKit/537.36 (KHTML, like Gecko) Chrome/90.0.4430.85 Safari/537.36"
164.68.113.198 - - [17/Apr/2026:22:10:24 -0400] "GET /wp-content/uploads/2026/04/ HTTP/1.1" 200 683 "binance.com" "Mozilla/5.0 (Windows NT 10.0; Win64; x64) AppleWebKit/537.36 (KHTML, like Gecko) Chrome/90.0.4430.85 Safari/537.36"
164.68.113.198 - - [17/Apr/2026:22:10:37 -0400] "GET /wp-content/uploads/ HTTP/1.1" 200 1576 "binance.com" "Mozilla/5.0 (Windows NT 10.0; Win64; x64) AppleWebKit/537.36 (KHTML, like Gecko) Chrome/90.0.4430.85 Safari/537.36"
164.68.113.198 - - [17/Apr/2026:22:10:44 -0400] "GET /wp-content/upgrade/ HTTP/1.1" 200 759 "binance.com" "Mozilla/5.0 (Windows NT 10.0; Win64; x64) AppleWebKit/537.36 (KHTML, like Gecko) Chrome/90.0.4430.85 Safari/537.36"
164.68.113.198 - - [17/Apr/2026:22:10:51 -0400] "GET /wp-content/languages/ HTTP/1.1" 301 0 "binance.com" "Mozilla/5.0 (Windows NT 10.0; Win64; x64) AppleWebKit/537.36 (KHTML, like Gecko) Chrome/90.0.4430.85 Safari/537.36"
164.68.113.198 - - [17/Apr/2026:22:11:07 -0400] "GET /wp-admin/includes/ HTTP/1.1" 200 5062 "binance.com" "Mozilla/5.0 (Windows NT 10.0; Win64; x64) AppleWebKit/537.36 (KHTML, like Gecko) Chrome/90.0.4430.85 Safari/537.36"
164.68.113.198 - - [17/Apr/2026:22:11:57 -0400] "GET /wp-admin/maint/ HTTP/1.1" 200 827 "binance.com" "Mozilla/5.0 (Windows NT 10.0; Win64; x64) AppleWebKit/537.36 (KHTML, like Gecko) Chrome/90.0.4430.85 Safari/537.36"
164.68.113.198 - - [17/Apr/2026:22:12:05 -0400] "GET /wp-admin/network/ HTTP/1.1" 302 0 "binance.com" "Mozilla/5.0 (Windows NT 10.0; Win64; x64) AppleWebKit/537.36 (KHTML, like Gecko) Chrome/90.0.4430.85 Safari/537.36"
164.68.113.198 - - [17/Apr/2026:22:13:10 -0400] "GET /wp-admin/css/ HTTP/1.1" 200 3914 "binance.com" "Mozilla/5.0 (Windows NT 10.0; Win64; x64) AppleWebKit/537.36 (KHTML, like Gecko) Chrome/90.0.4430.85 Safari/537.36"
164.68.113.198 - - [17/Apr/2026:22:13:21 -0400] "GET /wp-admin/css/colors/ HTTP/1.1" 200 1356 "binance.com" "Mozilla/5.0 (Windows NT 10.0; Win64; x64) AppleWebKit/537.36 (KHTML, like Gecko) Chrome/90.0.4430.85 Safari/537.36"
164.68.113.198 - - [17/Apr/2026:22:13:28 -0400] "GET /wp-admin/css/colors/blue/ HTTP/1.1" 200 903 "binance.com" "Mozilla/5.0 (Windows NT 10.0; Win64; x64) AppleWebKit/537.36 (KHTML, like Gecko) Chrome/90.0.4430.85 Safari/537.36"
164.68.113.198 - - [17/Apr/2026:22:13:36 -0400] "GET /wp-admin/css/colors/coffee/ HTTP/1.1" 200 894 "binance.com" "Mozilla/5.0 (Windows NT 10.0; Win64; x64) AppleWebKit/537.36 (KHTML, like Gecko) Chrome/90.0.4430.85 Safari/537.36"
164.68.113.198 - - [17/Apr/2026:22:13:49 -0400] "GET /wp-admin/css/colors/light/ HTTP/1.1" 200 902 "binance.com" "Mozilla/5.0 (Windows NT 10.0; Win64; x64) AppleWebKit/537.36 (KHTML, like Gecko) Chrome/90.0.4430.85 Safari/537.36"
164.68.113.198 - - [17/Apr/2026:22:13:56 -0400] "GET /wp-admin/css/colors/midnight/ HTTP/1.1" 200 905 "binance.com" "Mozilla/5.0 (Windows NT 10.0; Win64; x64) AppleWebKit/537.36 (KHTML, like Gecko) Chrome/90.0.4430.85 Safari/537.36"
164.68.113.198 - - [17/Apr/2026:22:14:25 -0400] "GET /wp-admin/css/colors/sunrise/ HTTP/1.1" 200 908 "binance.com" "Mozilla/5.0 (Windows NT 10.0; Win64; x64) AppleWebKit/537.36 (KHTML, like Gecko) Chrome/90.0.4430.85 Safari/537.36"
164.68.113.198 - - [17/Apr/2026:22:14:33 -0400] "GET /wp-admin/images/ HTTP/1.1" 200 2920 "binance.com" "Mozilla/5.0 (Windows NT 10.0; Win64; x64) AppleWebKit/537.36 (KHTML, like Gecko) Chrome/90.0.4430.85 Safari/537.36"
164.68.113.198 - - [17/Apr/2026:22:14:40 -0400] "GET /wp-admin/js/ HTTP/1.1" 200 3867 "binance.com" "Mozilla/5.0 (Windows NT 10.0; Win64; x64) AppleWebKit/537.36 (KHTML, like Gecko) Chrome/90.0.4430.85 Safari/537.36"
164.68.113.198 - - [17/Apr/2026:22:14:54 -0400] "GET /wp-includes/ HTTP/1.1" 200 8550 "binance.com" "Mozilla/5.0 (Windows NT 10.0; Win64; x64) AppleWebKit/537.36 (KHTML, like Gecko) Chrome/90.0.4430.85 Safari/537.36"
164.68.113.198 - - [17/Apr/2026:22:16:04 -0400] "GET /wp-includes/ID3/ HTTP/1.1" 200 1652 "binance.com" "Mozilla/5.0 (Windows NT 10.0; Win64; x64) AppleWebKit/537.36 (KHTML, like Gecko) Chrome/90.0.4430.85 Safari/537.36"
164.68.113.198 - - [17/Apr/2026:22:16:11 -0400] "GET /wp-includes/ID3/ HTTP/1.1" 200 1652 "binance.com" "Mozilla/5.0 (Windows NT 10.0; Win64; x64) AppleWebKit/537.36 (KHTML, like Gecko) Chrome/90.0.4430.85 Safari/537.36"
164.68.113.198 - - [17/Apr/2026:22:16:38 -0400] "GET /wp-includes/PHPMailer/ HTTP/1.1" 200 859 "binance.com" "Mozilla/5.0 (Windows NT 10.0; Win64; x64) AppleWebKit/537.36 (KHTML, like Gecko) Chrome/90.0.4430.85 Safari/537.36"
216.244.66.248 - - [17/Apr/2026:22:04:07 -0400] "GET /robots.txt HTTP/1.1" 200 115 "-" "Mozilla/5.0 (compatible; DotBot/1.2; +https://opensiteexplorer.org/dotbot; [email protected])"
164.68.113.198 - - [17/Apr/2026:22:10:30 -0400] "GET /wp-content/uploads/2026/03/ HTTP/1.1" 200 683 "binance.com" "Mozilla/5.0 (Windows NT 10.0; Win64; x64) AppleWebKit/537.36 (KHTML, like Gecko) Chrome/90.0.4430.85 Safari/537.36"
164.68.113.198 - - [17/Apr/2026:22:10:57 -0400] "GET /wp-content/languages/ HTTP/1.1" 404 12099 "binance.com" "Mozilla/5.0 (Windows NT 10.0; Win64; x64) AppleWebKit/537.36 (KHTML, like Gecko) Chrome/90.0.4430.85 Safari/537.36"
164.68.113.198 - - [17/Apr/2026:22:11:16 -0400] "GET /wp-admin/includes/ HTTP/1.1" 200 5049 "binance.com" "Mozilla/5.0 (Windows NT 10.0; Win64; x64) AppleWebKit/537.36 (KHTML, like Gecko) Chrome/90.0.4430.85 Safari/537.36"
164.68.113.198 - - [17/Apr/2026:22:11:50 -0400] "GET /wp-admin/maint/ HTTP/1.1" 200 827 "binance.com" "Mozilla/5.0 (Windows NT 10.0; Win64; x64) AppleWebKit/537.36 (KHTML, like Gecko) Chrome/90.0.4430.85 Safari/537.36"
162.213.253.84 - - [17/Apr/2026:22:12:06 -0400] "POST /wp-cron.php?doing_wp_cron=1776478326.2716379165649414062500 HTTP/1.1" 200 0 "http://www.vjmedia.in/wp-cron.php?doing_wp_cron=1776478326.2716379165649414062500" "WordPress/5.5.1; https://www.vjmedia.in"
164.68.113.198 - - [17/Apr/2026:22:12:43 -0400] "GET /wp-admin/user/ HTTP/1.1" 302 0 "binance.com" "Mozilla/5.0 (Windows NT 10.0; Win64; x64) AppleWebKit/537.36 (KHTML, like Gecko) Chrome/90.0.4430.85 Safari/537.36"
164.68.113.198 - - [17/Apr/2026:22:13:42 -0400] "GET /wp-admin/css/colors/ectoplasm/ HTTP/1.1" 200 903 "binance.com" "Mozilla/5.0 (Windows NT 10.0; Win64; x64) AppleWebKit/537.36 (KHTML, like Gecko) Chrome/90.0.4430.85 Safari/537.36"
164.68.113.198 - - [17/Apr/2026:22:14:04 -0400] "GET /wp-admin/css/colors/modern/ HTTP/1.1" 200 879 "binance.com" "Mozilla/5.0 (Windows NT 10.0; Win64; x64) AppleWebKit/537.36 (KHTML, like Gecko) Chrome/90.0.4430.85 Safari/537.36"
164.68.113.198 - - [17/Apr/2026:22:14:11 -0400] "GET /wp-admin/css/colors/ocean/ HTTP/1.1" 200 891 "binance.com" "Mozilla/5.0 (Windows NT 10.0; Win64; x64) AppleWebKit/537.36 (KHTML, like Gecko) Chrome/90.0.4430.85 Safari/537.36"
164.68.113.198 - - [17/Apr/2026:22:14:18 -0400] "GET /wp-admin/css/colors/sunrise/%20 HTTP/1.1" 301 0 "binance.com" "Mozilla/5.0 (Windows NT 10.0; Win64; x64) AppleWebKit/537.36 (KHTML, like Gecko) Chrome/90.0.4430.85 Safari/537.36"
164.68.113.198 - - [17/Apr/2026:22:14:47 -0400] "GET /wp-admin/js/widgets/ HTTP/1.1" 200 1496 "binance.com" "Mozilla/5.0 (Windows NT 10.0; Win64; x64) AppleWebKit/537.36 (KHTML, like Gecko) Chrome/90.0.4430.85 Safari/537.36"
164.68.113.198 - - [17/Apr/2026:22:15:02 -0400] "GET /wp-includes/ HTTP/1.1" 200 8651 "binance.com" "Mozilla/5.0 (Windows NT 10.0; Win64; x64) AppleWebKit/537.36 (KHTML, like Gecko) Chrome/90.0.4430.85 Safari/537.36"
164.68.113.198 - - [17/Apr/2026:22:16:23 -0400] "GET /wp-includes/IXR/ HTTP/1.1" 200 1471 "binance.com" "Mozilla/5.0 (Windows NT 10.0; Win64; x64) AppleWebKit/537.36 (KHTML, like Gecko) Chrome/90.0.4430.85 Safari/537.36"
164.68.113.198 - - [17/Apr/2026:22:16:29 -0400] "GET /wp-includes/IXR/ HTTP/1.1" 200 1471 "binance.com" "Mozilla/5.0 (Windows NT 10.0; Win64; x64) AppleWebKit/537.36 (KHTML, like Gecko) Chrome/90.0.4430.85 Safari/537.36"
164.68.113.198 - - [17/Apr/2026:22:16:45 -0400] "GET /wp-includes/PHPMailer/ HTTP/1.1" 200 859 "binance.com" "Mozilla/5.0 (Windows NT 10.0; Win64; x64) AppleWebKit/537.36 (KHTML, like Gecko) Chrome/90.0.4430.85 Safari/537.36"
164.68.113.198 - - [17/Apr/2026:22:16:53 -0400] "GET /wp-includes/Text/ HTTP/1.1" 200 827 "binance.com" "Mozilla/5.0 (Windows NT 10.0; Win64; x64) AppleWebKit/537.36 (KHTML, like Gecko) Chrome/90.0.4430.85 Safari/537.36"
164.68.113.198 - - [17/Apr/2026:22:17:18 -0400] "GET /wp-includes/Text/Diff/ HTTP/1.1" 200 880 "binance.com" "Mozilla/5.0 (Windows NT 10.0; Win64; x64) AppleWebKit/537.36 (KHTML, like Gecko) Chrome/90.0.4430.85 Safari/537.36"
164.68.113.198 - - [17/Apr/2026:22:17:27 -0400] "GET /wp-includes/Text/Diff/Engine/ HTTP/1.1" 200 920 "binance.com" "Mozilla/5.0 (Windows NT 10.0; Win64; x64) AppleWebKit/537.36 (KHTML, like Gecko) Chrome/90.0.4430.85 Safari/537.36"
164.68.113.198 - - [17/Apr/2026:22:17:35 -0400] "GET /wp-includes/Text/Diff/Renderer/ HTTP/1.1" 200 779 "binance.com" "Mozilla/5.0 (Windows NT 10.0; Win64; x64) AppleWebKit/537.36 (KHTML, like Gecko) Chrome/90.0.4430.85 Safari/537.36"
164.68.113.198 - - [17/Apr/2026:22:17:41 -0400] "GET /wp-includes/Text/Diff/Renderer/ HTTP/1.1" 200 779 "binance.com" "Mozilla/5.0 (Windows NT 10.0; Win64; x64) AppleWebKit/537.36 (KHTML, like Gecko) Chrome/90.0.4430.85 Safari/537.36"
164.68.113.198 - - [17/Apr/2026:22:17:54 -0400] "GET /wp-includes/pomo/ HTTP/1.1" 200 1284 "binance.com" "Mozilla/5.0 (Windows NT 10.0; Win64; x64) AppleWebKit/537.36 (KHTML, like Gecko) Chrome/90.0.4430.85 Safari/537.36"
164.68.113.198 - - [17/Apr/2026:22:18:01 -0400] "GET /wp-includes/pomo/ HTTP/1.1" 200 1284 "binance.com" "Mozilla/5.0 (Windows NT 10.0; Win64; x64) AppleWebKit/537.36 (KHTML, like Gecko) Chrome/90.0.4430.85 Safari/537.36"
164.68.113.198 - - [17/Apr/2026:22:18:12 -0400] "GET /wp-includes/sitemaps/ HTTP/1.1" 200 1336 "binance.com" "Mozilla/5.0 (Windows NT 10.0; Win64; x64) AppleWebKit/537.36 (KHTML, like Gecko) Chrome/90.0.4430.85 Safari/537.36"
164.68.113.198 - - [17/Apr/2026:22:18:18 -0400] "GET /wp-includes/sitemaps/ HTTP/1.1" 200 1336 "binance.com" "Mozilla/5.0 (Windows NT 10.0; Win64; x64) AppleWebKit/537.36 (KHTML, like Gecko) Chrome/90.0.4430.85 Safari/537.36"
164.68.113.198 - - [17/Apr/2026:22:18:27 -0400] "GET /wp-includes/sitemaps/providers/ HTTP/1.1" 200 934 "binance.com" "Mozilla/5.0 (Windows NT 10.0; Win64; x64) AppleWebKit/537.36 (KHTML, like Gecko) Chrome/90.0.4430.85 Safari/537.36"
164.68.113.198 - - [17/Apr/2026:22:18:36 -0400] "GET /wp-includes/widgets/ HTTP/1.1" 200 1781 "binance.com" "Mozilla/5.0 (Windows NT 10.0; Win64; x64) AppleWebKit/537.36 (KHTML, like Gecko) Chrome/90.0.4430.85 Safari/537.36"
164.68.113.198 - - [17/Apr/2026:22:19:04 -0400] "GET /wp-includes/fonts/ HTTP/1.1" 200 905 "binance.com" "Mozilla/5.0 (Windows NT 10.0; Win64; x64) AppleWebKit/537.36 (KHTML, like Gecko) Chrome/90.0.4430.85 Safari/537.36"
164.68.113.198 - - [17/Apr/2026:22:19:12 -0400] "GET /wp-includes/images/ HTTP/1.1" 200 2019 "binance.com" "Mozilla/5.0 (Windows NT 10.0; Win64; x64) AppleWebKit/537.36 (KHTML, like Gecko) Chrome/90.0.4430.85 Safari/537.36"
164.68.113.198 - - [17/Apr/2026:22:19:41 -0400] "GET /wp-includes/images/wlw/ HTTP/1.1" 200 852 "binance.com" "Mozilla/5.0 (Windows NT 10.0; Win64; x64) AppleWebKit/537.36 (KHTML, like Gecko) Chrome/90.0.4430.85 Safari/537.36"
164.68.113.198 - - [17/Apr/2026:22:20:13 -0400] "GET /wp-includes/js/plupload/ HTTP/1.1" 200 1330 "binance.com" "Mozilla/5.0 (Windows NT 10.0; Win64; x64) AppleWebKit/537.36 (KHTML, like Gecko) Chrome/90.0.4430.85 Safari/537.36"
164.68.113.198 - - [17/Apr/2026:22:20:20 -0400] "GET /.well-known/ HTTP/1.1" 200 754 "binance.com" "Mozilla/5.0 (Windows NT 10.0; Win64; x64) AppleWebKit/537.36 (KHTML, like Gecko) Chrome/90.0.4430.85 Safari/537.36"
164.68.113.198 - - [17/Apr/2026:22:16:59 -0400] "GET /wp-includes/Text/ HTTP/1.1" 200 827 "binance.com" "Mozilla/5.0 (Windows NT 10.0; Win64; x64) AppleWebKit/537.36 (KHTML, like Gecko) Chrome/90.0.4430.85 Safari/537.36"
164.68.113.198 - - [17/Apr/2026:22:17:09 -0400] "GET /wp-includes/Text/Diff/ HTTP/1.1" 200 880 "binance.com" "Mozilla/5.0 (Windows NT 10.0; Win64; x64) AppleWebKit/537.36 (KHTML, like Gecko) Chrome/90.0.4430.85 Safari/537.36"
164.68.113.198 - - [17/Apr/2026:22:17:21 -0400] "GET /wp-includes/Text/Diff/Engine/ HTTP/1.1" 200 920 "binance.com" "Mozilla/5.0 (Windows NT 10.0; Win64; x64) AppleWebKit/537.36 (KHTML, like Gecko) Chrome/90.0.4430.85 Safari/537.36"
164.68.113.198 - - [17/Apr/2026:22:17:48 -0400] "GET /wp-includes/blocks/ HTTP/1.1" 500 0 "binance.com" "Mozilla/5.0 (Windows NT 10.0; Win64; x64) AppleWebKit/537.36 (KHTML, like Gecko) Chrome/90.0.4430.85 Safari/537.36"
164.68.113.198 - - [17/Apr/2026:22:18:34 -0400] "GET /wp-includes/sitemaps/providers/ HTTP/1.1" 200 934 "binance.com" "Mozilla/5.0 (Windows NT 10.0; Win64; x64) AppleWebKit/537.36 (KHTML, like Gecko) Chrome/90.0.4430.85 Safari/537.36"
164.68.113.198 - - [17/Apr/2026:22:18:37 -0400] "GET /wp-includes/widgets/ HTTP/1.1" 200 1781 "binance.com" "Mozilla/5.0 (Windows NT 10.0; Win64; x64) AppleWebKit/537.36 (KHTML, like Gecko) Chrome/90.0.4430.85 Safari/537.36"
164.68.113.198 - - [17/Apr/2026:22:18:49 -0400] "GET /wp-includes/css/ HTTP/1.1" 200 2284 "binance.com" "Mozilla/5.0 (Windows NT 10.0; Win64; x64) AppleWebKit/537.36 (KHTML, like Gecko) Chrome/90.0.4430.85 Safari/537.36"
164.68.113.198 - - [17/Apr/2026:22:18:57 -0400] "GET /wp-includes/css/dist/ HTTP/1.1" 200 1251 "binance.com" "Mozilla/5.0 (Windows NT 10.0; Win64; x64) AppleWebKit/537.36 (KHTML, like Gecko) Chrome/90.0.4430.85 Safari/537.36"
164.68.113.198 - - [17/Apr/2026:22:19:20 -0400] "GET /wp-includes/images/crystal/ HTTP/1.1" 200 1400 "binance.com" "Mozilla/5.0 (Windows NT 10.0; Win64; x64) AppleWebKit/537.36 (KHTML, like Gecko) Chrome/90.0.4430.85 Safari/537.36"
164.68.113.198 - - [17/Apr/2026:22:19:27 -0400] "GET /wp-includes/images/media/ HTTP/1.1" 200 1264 "binance.com" "Mozilla/5.0 (Windows NT 10.0; Win64; x64) AppleWebKit/537.36 (KHTML, like Gecko) Chrome/90.0.4430.85 Safari/537.36"
164.68.113.198 - - [17/Apr/2026:22:19:34 -0400] "GET /wp-includes/images/smilies/ HTTP/1.1" 200 1650 "binance.com" "Mozilla/5.0 (Windows NT 10.0; Win64; x64) AppleWebKit/537.36 (KHTML, like Gecko) Chrome/90.0.4430.85 Safari/537.36"
162.213.253.84 - - [17/Apr/2026:22:19:49 -0400] "POST /wp-cron.php?doing_wp_cron=1776478789.0548241138458251953125 HTTP/1.1" 200 0 "http://www.vjmedia.in/wp-cron.php?doing_wp_cron=1776478789.0548241138458251953125" "WordPress/5.5.1; https://www.vjmedia.in"
164.68.113.198 - - [17/Apr/2026:22:19:48 -0400] "GET /wp-includes/js/%20 HTTP/1.1" 301 0 "binance.com" "Mozilla/5.0 (Windows NT 10.0; Win64; x64) AppleWebKit/537.36 (KHTML, like Gecko) Chrome/90.0.4430.85 Safari/537.36"
164.68.113.198 - - [17/Apr/2026:22:19:55 -0400] "GET /wp-includes/js/ HTTP/1.1" 200 4377 "binance.com" "Mozilla/5.0 (Windows NT 10.0; Win64; x64) AppleWebKit/537.36 (KHTML, like Gecko) Chrome/90.0.4430.85 Safari/537.36"
164.68.113.198 - - [17/Apr/2026:22:20:06 -0400] "GET /wp-includes/js/codemirror/ HTTP/1.1" 200 1337 "binance.com" "Mozilla/5.0 (Windows NT 10.0; Win64; x64) AppleWebKit/537.36 (KHTML, like Gecko) Chrome/90.0.4430.85 Safari/537.36"
216.244.66.248 - - [17/Apr/2026:22:35:33 -0400] "GET /events/category/billboard/2019-06-25/ HTTP/1.1" 200 50746 "-" "Mozilla/5.0 (compatible; DotBot/1.2; +https://opensiteexplorer.org/dotbot; [email protected])"
14.236.122.152 - - [17/Apr/2026:22:46:07 -0400] "GET http://www.vjmedia.in/merlin-digital-showcases-external-counter-pulsation-therapy-ecp/ HTTP/1.1" 200 16893 "-" "Mozilla/5.0 (Windows NT 10.0; WOW64) AppleWebKit/537.36 (KHTML, like Gecko) Chrome/69.2.0.1713 Safari/537.36"
3.68.107.119 - - [17/Apr/2026:22:57:49 -0400] "HEAD / HTTP/1.1" 301 0 "-" "Python/3.10 aiohttp/3.10.10"
216.244.66.248 - - [17/Apr/2026:22:54:25 -0400] "GET /robots.txt HTTP/1.1" 200 115 "-" "Mozilla/5.0 (compatible; DotBot/1.2; +https://opensiteexplorer.org/dotbot; [email protected])"
162.213.253.84 - - [17/Apr/2026:22:57:50 -0400] "POST /wp-cron.php?doing_wp_cron=1776481070.1345601081848144531250 HTTP/1.1" 200 0 "http://www.vjmedia.in/wp-cron.php?doing_wp_cron=1776481070.1345601081848144531250" "WordPress/5.5.1; https://www.vjmedia.in"
162.213.253.84 - - [17/Apr/2026:23:09:17 -0400] "POST /wp-cron.php?doing_wp_cron=1776481757.3161549568176269531250 HTTP/1.1" 200 0 "http://www.vjmedia.in/wp-cron.php?doing_wp_cron=1776481757.3161549568176269531250" "WordPress/5.5.1; https://www.vjmedia.in"
216.244.66.248 - - [17/Apr/2026:23:09:16 -0400] "GET /coverage-of-paris-based-fashion-designer-sakina-shbib-in-day-of-dubai/ HTTP/1.1" 200 51287 "-" "Mozilla/5.0 (compatible; DotBot/1.2; +https://opensiteexplorer.org/dotbot; [email protected])"
35.159.84.167 - - [17/Apr/2026:23:10:35 -0400] "HEAD / HTTP/1.1" 301 0 "-" "Python/3.10 aiohttp/3.10.10"
66.249.79.69 - - [17/Apr/2026:23:27:23 -0400] "GET /robots.txt HTTP/1.1" 200 97 "-" "Mozilla/5.0 (compatible; Googlebot/2.1; +http://www.google.com/bot.html)"
66.249.79.69 - - [17/Apr/2026:23:27:23 -0400] "GET /feed/ HTTP/1.1" 200 2440 "-" "Mozilla/5.0 (Linux; Android 6.0.1; Nexus 5X Build/MMB29P) AppleWebKit/537.36 (KHTML, like Gecko) Chrome/146.0.7680.177 Mobile Safari/537.36 (compatible; Googlebot/2.1; +http://www.google.com/bot.html)"
216.244.66.248 - - [17/Apr/2026:23:31:52 -0400] "GET /events/category/billboard/2019-05-22/ HTTP/1.1" 200 50737 "-" "Mozilla/5.0 (compatible; DotBot/1.2; +https://opensiteexplorer.org/dotbot; [email protected])"
216.244.66.248 - - [17/Apr/2026:23:31:56 -0400] "GET /events/category/billboard/2019-10-27/ HTTP/1.1" 200 50773 "-" "Mozilla/5.0 (compatible; DotBot/1.2; +https://opensiteexplorer.org/dotbot; [email protected])"
66.249.79.69 - - [17/Apr/2026:23:37:11 -0400] "GET /inauguration-of-mall-tvr-for-images-magazine/feed/ HTTP/1.1" 200 420 "-" "Mozilla/5.0 (Linux; Android 6.0.1; Nexus 5X Build/MMB29P) AppleWebKit/537.36 (KHTML, like Gecko) Chrome/146.0.7680.177 Mobile Safari/537.36 (compatible; Googlebot/2.1; +http://www.google.com/bot.html)"
216.244.66.248 - - [17/Apr/2026:23:31:46 -0400] "GET /events/category/billboard/2019-04-25/ HTTP/1.1" 200 50755 "-" "Mozilla/5.0 (compatible; DotBot/1.2; +https://opensiteexplorer.org/dotbot; [email protected])"
66.249.79.71 - - [17/Apr/2026:23:37:12 -0400] "GET /celebrity-interviews/feed/ HTTP/1.1" 200 1852 "-" "Mozilla/5.0 (Linux; Android 6.0.1; Nexus 5X Build/MMB29P) AppleWebKit/537.36 (KHTML, like Gecko) Chrome/146.0.7680.177 Mobile Safari/537.36 (compatible; Googlebot/2.1; +http://www.google.com/bot.html)"
162.213.253.84 - - [17/Apr/2026:23:37:12 -0400] "POST /wp-cron.php?doing_wp_cron=1776483432.1289820671081542968750 HTTP/1.1" 200 0 "http://www.vjmedia.in/wp-cron.php?doing_wp_cron=1776483432.1289820671081542968750" "WordPress/5.5.1; https://www.vjmedia.in"
66.249.79.69 - - [17/Apr/2026:23:37:15 -0400] "GET /comments/feed/ HTTP/1.1" 200 730 "-" "Mozilla/5.0 (Linux; Android 6.0.1; Nexus 5X Build/MMB29P) AppleWebKit/537.36 (KHTML, like Gecko) Chrome/146.0.7680.177 Mobile Safari/537.36 (compatible; Googlebot/2.1; +http://www.google.com/bot.html)"
162.213.253.84 - - [17/Apr/2026:23:43:35 -0400] "POST /wp-cron.php?doing_wp_cron=1776483815.9440660476684570312500 HTTP/1.1" 200 0 "http://www.vjmedia.in/wp-cron.php?doing_wp_cron=1776483815.9440660476684570312500" "WordPress/5.5.1; https://www.vjmedia.in"
216.244.66.248 - - [17/Apr/2026:23:45:09 -0400] "GET /robots.txt HTTP/1.1" 200 115 "-" "Mozilla/5.0 (compatible; DotBot/1.2; +https://opensiteexplorer.org/dotbot; [email protected])"
51.68.236.91 - - [17/Apr/2026:23:46:14 -0400] "GET /robots.txt HTTP/1.1" 301 0 "-" "Mozilla/5.0 (compatible; MJ12bot/v2.0.5; http://mj12bot.com/)"
51.68.236.91 - - [17/Apr/2026:23:46:15 -0400] "GET / HTTP/1.1" 301 0 "-" "Mozilla/5.0 (compatible; MJ12bot/v2.0.5; http://mj12bot.com/)"
202.76.185.164 - - [17/Apr/2026:23:46:32 -0400] "GET / HTTP/1.1" 301 0 "-" "Mozilla/5.0 (Macintosh; Intel Mac OS X 15_1_1) AppleWebKit/537.36 (KHTML, like Gecko) Chrome/133.0.6943.53 Safari/537.36"
52.167.144.56 - - [17/Apr/2026:23:47:26 -0400] "GET /robots.txt HTTP/1.1" 200 97 "-" "Mozilla/5.0 AppleWebKit/537.36 (KHTML, like Gecko; compatible; bingbot/2.0; +http://www.bing.com/bingbot.htm) Chrome/116.0.1938.76 Safari/537.36"
207.46.13.127 - - [17/Apr/2026:23:47:34 -0400] "GET /sitemap.xml HTTP/1.1" 302 0 "-" "Mozilla/5.0 AppleWebKit/537.36 (KHTML, like Gecko; compatible; bingbot/2.0; +http://www.bing.com/bingbot.htm) Chrome/116.0.1938.76 Safari/537.36"
18.159.129.159 - - [17/Apr/2026:23:43:35 -0400] "HEAD / HTTP/1.1" 301 0 "-" "Python/3.10 aiohttp/3.10.10"
