196.51.247.102 - - [10/Jun/2026:08:44:25 -0400] "GET //wp-admin/css/colors/ectoplasm/load-styles.php HTTP/1.1" 301 0 "https://www.pscaluminium.com/assets/revolution/js/extensions/mini.php?filesrc=/home/vishqocm/tmp/awstats/awstats042024.tejoversea.vishalwebtech.com.txt&path=/home/vishqocm/tmp/awstats" "Mozilla/5.0 (Windows NT 6.3; Win64; x64) AppleWebKit/537.36 (KHTML, like Gecko) Chrome/103.0.0.0 Safari/537.36"
162.213.253.84 - - [10/Jun/2026:08:44:26 -0400] "POST /wp-admin/admin-ajax.php?action=async_litespeed&nonce=67f5e274f4&litespeed_type=imgoptm HTTP/1.1" 200 0 "http://tejoversea.com/wp-admin/admin-ajax.php?action=async_litespeed&nonce=67f5e274f4&litespeed_type=imgoptm" "WordPress/6.0.2; http://tejoversea.com"
162.213.253.84 - - [10/Jun/2026:08:44:26 -0400] "POST /wp-cron.php?doing_wp_cron=1781095466.1528029441833496093750 HTTP/1.1" 200 0 "http://tejoversea.com/wp-cron.php?doing_wp_cron=1781095466.1528029441833496093750" "WordPress/6.0.2; http://tejoversea.com"
196.51.247.102 - - [10/Jun/2026:08:44:27 -0400] "GET /wp-admin/css/colors/ectoplasm/load-styles.php HTTP/1.1" 404 6979 "http://tejoversea.com//wp-admin/css/colors/ectoplasm/load-styles.php" "Mozilla/5.0 (Windows NT 6.3; Win64; x64) AppleWebKit/537.36 (KHTML, like Gecko) Chrome/103.0.0.0 Safari/537.36"
196.51.247.102 - - [10/Jun/2026:08:44:28 -0400] "GET /wp-admin/css/colors/ectoplasm/load-styles.php?action=register HTTP/1.1" 404 6980 "https://www.pscaluminium.com/assets/revolution/js/extensions/mini.php?filesrc=/home/vishqocm/tmp/awstats/awstats042024.tejoversea.vishalwebtech.com.txt&path=/home/vishqocm/tmp/awstats" "Mozilla/5.0 (Windows NT 6.3; Win64; x64) AppleWebKit/537.36 (KHTML, like Gecko) Chrome/103.0.0.0 Safari/537.36"
162.213.253.84 - - [10/Jun/2026:09:08:09 -0400] "POST /wp-cron.php?doing_wp_cron=1781096889.3554239273071289062500 HTTP/1.1" 200 0 "http://tejoversea.com/wp-cron.php?doing_wp_cron=1781096889.3554239273071289062500" "WordPress/6.0.2; http://tejoversea.com"
162.213.253.84 - - [10/Jun/2026:09:08:14 -0400] "POST /wp-cron.php?doing_wp_cron=1781096894.4957609176635742187500 HTTP/1.1" 200 0 "http://tejoversea.com/wp-cron.php?doing_wp_cron=1781096894.4957609176635742187500" "WordPress/6.0.2; http://tejoversea.com"
113.249.101.167 - - [10/Jun/2026:09:08:21 -0400] "GET /author/tejoverseas25/ HTTP/1.1" 200 11873 "-" "Apache-HttpClient/4.5.2 (Java/1.8.0_161)"
113.249.101.167 - - [10/Jun/2026:09:08:24 -0400] "GET /?author=8 HTTP/1.1" 404 7604 "-" "Apache-HttpClient/4.5.2 (Java/1.8.0_161)"
113.249.101.167 - - [10/Jun/2026:09:08:27 -0400] "GET /?author=10 HTTP/1.1" 404 7604 "-" "Apache-HttpClient/4.5.2 (Java/1.8.0_161)"
113.249.101.167 - - [10/Jun/2026:09:08:31 -0400] "GET /?author=12 HTTP/1.1" 404 7597 "-" "Apache-HttpClient/4.5.2 (Java/1.8.0_161)"
113.249.101.167 - - [10/Jun/2026:09:08:32 -0400] "GET /?author=13 HTTP/1.1" 404 7604 "-" "Apache-HttpClient/4.5.2 (Java/1.8.0_161)"
113.249.101.167 - - [10/Jun/2026:09:08:34 -0400] "GET /?author=14 HTTP/1.1" 404 7604 "-" "Apache-HttpClient/4.5.2 (Java/1.8.0_161)"
113.249.101.167 - - [10/Jun/2026:09:08:36 -0400] "GET /?author=15 HTTP/1.1" 404 7604 "-" "Apache-HttpClient/4.5.2 (Java/1.8.0_161)"
113.249.101.167 - - [10/Jun/2026:09:08:38 -0400] "GET /author/vishal82/ HTTP/1.1" 200 11843 "-" "Apache-HttpClient/4.5.2 (Java/1.8.0_161)"
113.249.101.167 - - [10/Jun/2026:09:10:03 -0400] "GET /?author=17 HTTP/1.1" 200 11823 "-" "Apache-HttpClient/4.5.2 (Java/1.8.0_161)"
162.213.253.84 - - [10/Jun/2026:09:10:04 -0400] "POST /wp-admin/admin-ajax.php?action=async_litespeed&nonce=67f5e274f4&litespeed_type=imgoptm HTTP/1.1" 200 0 "http://tejoversea.com/wp-admin/admin-ajax.php?action=async_litespeed&nonce=67f5e274f4&litespeed_type=imgoptm" "WordPress/6.0.2; http://tejoversea.com"
162.213.253.84 - - [10/Jun/2026:09:10:31 -0400] "POST /wp-cron.php?doing_wp_cron=1781097031.4356129169464111328125 HTTP/1.1" 200 0 "http://tejoversea.com/wp-cron.php?doing_wp_cron=1781097031.4356129169464111328125" "WordPress/6.0.2; http://tejoversea.com"
162.213.253.84 - - [10/Jun/2026:09:10:32 -0400] "POST /wp-admin/admin-ajax.php?action=async_litespeed&nonce=67f5e274f4&litespeed_type=imgoptm HTTP/1.1" 200 0 "http://tejoversea.com/wp-admin/admin-ajax.php?action=async_litespeed&nonce=67f5e274f4&litespeed_type=imgoptm" "WordPress/6.0.2; http://tejoversea.com"
113.249.101.167 - - [10/Jun/2026:09:08:08 -0400] "GET /wp-login.php HTTP/1.1" 200 2258 "-" "Apache-HttpClient/4.5.2 (Java/1.8.0_161)"
162.213.253.84 - - [10/Jun/2026:09:08:09 -0400] "POST /wp-admin/admin-ajax.php?action=async_litespeed&nonce=67f5e274f4&litespeed_type=imgoptm HTTP/1.1" 200 0 "http://tejoversea.com/wp-admin/admin-ajax.php?action=async_litespeed&nonce=67f5e274f4&litespeed_type=imgoptm" "WordPress/6.0.2; http://tejoversea.com"
113.249.101.167 - - [10/Jun/2026:09:08:10 -0400] "GET /?author=1 HTTP/1.1" 404 7603 "-" "Apache-HttpClient/4.5.2 (Java/1.8.0_161)"
113.249.101.167 - - [10/Jun/2026:09:08:13 -0400] "GET /?author=2 HTTP/1.1" 404 7604 "-" "Apache-HttpClient/4.5.2 (Java/1.8.0_161)"
113.249.101.167 - - [10/Jun/2026:09:08:16 -0400] "GET /?author=3 HTTP/1.1" 404 7604 "-" "Apache-HttpClient/4.5.2 (Java/1.8.0_161)"
113.249.101.167 - - [10/Jun/2026:09:08:17 -0400] "GET /?author=4 HTTP/1.1" 404 7604 "-" "Apache-HttpClient/4.5.2 (Java/1.8.0_161)"
162.213.253.84 - - [10/Jun/2026:09:08:19 -0400] "POST /wp-cron.php?doing_wp_cron=1781096899.1317820549011230468750 HTTP/1.1" 200 0 "http://tejoversea.com/wp-cron.php?doing_wp_cron=1781096899.1317820549011230468750" "WordPress/6.0.2; http://tejoversea.com"
113.249.101.167 - - [10/Jun/2026:09:08:18 -0400] "GET /?author=5 HTTP/1.1" 404 7603 "-" "Apache-HttpClient/4.5.2 (Java/1.8.0_161)"
162.213.253.84 - - [10/Jun/2026:09:08:19 -0400] "POST /wp-admin/admin-ajax.php?action=async_litespeed&nonce=67f5e274f4&litespeed_type=imgoptm HTTP/1.1" 200 21 "http://tejoversea.com/wp-admin/admin-ajax.php?action=async_litespeed&nonce=67f5e274f4&litespeed_type=imgoptm" "WordPress/6.0.2; http://tejoversea.com"
113.249.101.167 - - [10/Jun/2026:09:08:20 -0400] "GET /?author=6 HTTP/1.1" 301 0 "-" "Apache-HttpClient/4.5.2 (Java/1.8.0_161)"
113.249.101.167 - - [10/Jun/2026:09:08:23 -0400] "GET /?author=7 HTTP/1.1" 404 7604 "-" "Apache-HttpClient/4.5.2 (Java/1.8.0_161)"
113.249.101.167 - - [10/Jun/2026:09:08:26 -0400] "GET /?author=9 HTTP/1.1" 404 7604 "-" "Apache-HttpClient/4.5.2 (Java/1.8.0_161)"
113.249.101.167 - - [10/Jun/2026:09:08:29 -0400] "GET /?author=11 HTTP/1.1" 404 7604 "-" "Apache-HttpClient/4.5.2 (Java/1.8.0_161)"
113.249.101.167 - - [10/Jun/2026:09:08:37 -0400] "GET /?author=16 HTTP/1.1" 301 0 "-" "Apache-HttpClient/4.5.2 (Java/1.8.0_161)"
162.213.253.84 - - [10/Jun/2026:09:10:04 -0400] "POST /wp-cron.php?doing_wp_cron=1781097004.1325349807739257812500 HTTP/1.1" 200 0 "http://tejoversea.com/wp-cron.php?doing_wp_cron=1781097004.1325349807739257812500" "WordPress/6.0.2; http://tejoversea.com"
162.213.253.84 - - [10/Jun/2026:09:10:11 -0400] "POST /wp-cron.php?doing_wp_cron=1781097011.8278300762176513671875 HTTP/1.1" 200 0 "http://tejoversea.com/wp-cron.php?doing_wp_cron=1781097011.8278300762176513671875" "WordPress/6.0.2; http://tejoversea.com"
113.249.101.167 - - [10/Jun/2026:09:10:11 -0400] "GET /?author=18 HTTP/1.1" 200 11828 "-" "Apache-HttpClient/4.5.2 (Java/1.8.0_161)"
113.249.101.167 - - [10/Jun/2026:09:10:30 -0400] "GET /?author=19 HTTP/1.1" 200 11824 "-" "Apache-HttpClient/4.5.2 (Java/1.8.0_161)"
113.249.101.167 - - [10/Jun/2026:09:10:32 -0400] "GET /?author=20 HTTP/1.1" 200 11811 "-" "Apache-HttpClient/4.5.2 (Java/1.8.0_161)"
3.224.215.150 - - [10/Jun/2026:09:16:32 -0400] "GET /wp-json/wp/v2/pages/113?page_id=120 HTTP/1.1" 200 46892 "-" "Mozilla/5.0 AppleWebKit/537.36 (KHTML, like Gecko; compatible; Amazonbot/0.1; +https://developer.amazon.com/support/amazonbot) Chrome/119.0.6045.214 Safari/537.36"
162.213.253.84 - - [10/Jun/2026:09:16:32 -0400] "POST /wp-cron.php?doing_wp_cron=1781097392.7175281047821044921875 HTTP/1.1" 200 0 "http://tejoversea.com/wp-cron.php?doing_wp_cron=1781097392.7175281047821044921875" "WordPress/6.0.2; http://tejoversea.com"
162.213.253.84 - - [10/Jun/2026:09:16:33 -0400] "POST /wp-admin/admin-ajax.php?action=async_litespeed&nonce=67f5e274f4&litespeed_type=imgoptm HTTP/1.1" 200 0 "http://tejoversea.com/wp-admin/admin-ajax.php?action=async_litespeed&nonce=67f5e274f4&litespeed_type=imgoptm" "WordPress/6.0.2; http://tejoversea.com"
43.157.158.178 - - [10/Jun/2026:10:10:02 -0400] "GET / HTTP/1.1" 200 19145 "-" "Mozilla/5.0 (iPhone; CPU iPhone OS 13_2_3 like Mac OS X) AppleWebKit/605.1.15 (KHTML, like Gecko) Version/13.0.3 Mobile/15E148 Safari/604.1"
194.247.173.99 - - [10/Jun/2026:10:28:00 -0400] "GET /robots.txt HTTP/1.1" 200 595 "-" "Mozilla/5.0 (compatible; MJ12bot/v1.4.8; http://mj12bot.com/)"
194.247.173.99 - - [10/Jun/2026:10:28:02 -0400] "GET /service/insurance/ HTTP/1.1" 200 10671 "-" "Mozilla/5.0 (compatible; MJ12bot/v1.4.8; http://mj12bot.com/)"
194.247.173.99 - - [10/Jun/2026:10:28:04 -0400] "GET /track-order/ HTTP/1.1" 200 12591 "-" "Mozilla/5.0 (compatible; MJ12bot/v1.4.8; http://mj12bot.com/)"
162.213.253.84 - - [10/Jun/2026:10:28:05 -0400] "POST /wp-cron.php?doing_wp_cron=1781101685.5367310047149658203125 HTTP/1.1" 200 0 "http://tejoversea.com/wp-cron.php?doing_wp_cron=1781101685.5367310047149658203125" "WordPress/6.0.2; http://tejoversea.com"
162.213.253.84 - - [10/Jun/2026:10:28:06 -0400] "POST /wp-admin/admin-ajax.php?action=async_litespeed&nonce=67f5e274f4&litespeed_type=imgoptm HTTP/1.1" 200 0 "http://tejoversea.com/wp-admin/admin-ajax.php?action=async_litespeed&nonce=67f5e274f4&litespeed_type=imgoptm" "WordPress/6.0.2; http://tejoversea.com"
162.213.253.84 - - [10/Jun/2026:10:45:52 -0400] "POST /wp-cron.php?doing_wp_cron=1781102752.0205740928649902343750 HTTP/1.1" 200 0 "http://tejoversea.com/wp-cron.php?doing_wp_cron=1781102752.0205740928649902343750" "WordPress/6.0.2; http://tejoversea.com"
40.77.167.123 - - [10/Jun/2026:10:45:51 -0400] "GET /about/ HTTP/1.1" 301 0 "-" "Mozilla/5.0 AppleWebKit/537.36 (KHTML, like Gecko; compatible; bingbot/2.0; +http://www.bing.com/bingbot.htm) Chrome/116.0.1938.76 Safari/537.36"
162.213.253.84 - - [10/Jun/2026:10:45:52 -0400] "POST /wp-admin/admin-ajax.php?action=async_litespeed&nonce=67f5e274f4&litespeed_type=imgoptm HTTP/1.1" 200 0 "http://tejoversea.com/wp-admin/admin-ajax.php?action=async_litespeed&nonce=67f5e274f4&litespeed_type=imgoptm" "WordPress/6.0.2; http://tejoversea.com"
138.252.144.20 - - [10/Jun/2026:10:53:04 -0400] "GET /wp-json/wp/v2/posts HTTP/1.1" 200 2 "-" "Mozilla/5.0 (Windows NT 10.0; Win64; x64) AppleWebKit/537.36 (KHTML, like Gecko) Chrome/120.0.0.0 Safari/537.36"
43.153.122.30 - - [10/Jun/2026:11:04:46 -0400] "GET / HTTP/1.1" 301 0 "-" "Mozilla/5.0 (iPhone; CPU iPhone OS 13_2_3 like Mac OS X) AppleWebKit/605.1.15 (KHTML, like Gecko) Version/13.0.3 Mobile/15E148 Safari/604.1"
43.153.122.30 - - [10/Jun/2026:11:04:48 -0400] "GET / HTTP/1.1" 200 19145 "http://www.tejoversea.com" "Mozilla/5.0 (iPhone; CPU iPhone OS 13_2_3 like Mac OS X) AppleWebKit/605.1.15 (KHTML, like Gecko) Version/13.0.3 Mobile/15E148 Safari/604.1"
162.213.253.84 - - [10/Jun/2026:10:53:05 -0400] "POST /wp-cron.php?doing_wp_cron=1781103185.0557229518890380859375 HTTP/1.1" 200 0 "http://tejoversea.com/wp-cron.php?doing_wp_cron=1781103185.0557229518890380859375" "WordPress/6.0.2; http://tejoversea.com"
162.213.253.84 - - [10/Jun/2026:10:53:05 -0400] "POST /wp-admin/admin-ajax.php?action=async_litespeed&nonce=67f5e274f4&litespeed_type=imgoptm HTTP/1.1" 200 0 "http://tejoversea.com/wp-admin/admin-ajax.php?action=async_litespeed&nonce=67f5e274f4&litespeed_type=imgoptm" "WordPress/6.0.2; http://tejoversea.com"
162.213.253.84 - - [10/Jun/2026:11:04:47 -0400] "POST /wp-cron.php?doing_wp_cron=1781103887.0131700038909912109375 HTTP/1.1" 200 0 "http://tejoversea.com/wp-cron.php?doing_wp_cron=1781103887.0131700038909912109375" "WordPress/6.0.2; http://tejoversea.com"
162.213.253.84 - - [10/Jun/2026:11:04:47 -0400] "POST /wp-admin/admin-ajax.php?action=async_litespeed&nonce=67f5e274f4&litespeed_type=imgoptm HTTP/1.1" 200 0 "http://tejoversea.com/wp-admin/admin-ajax.php?action=async_litespeed&nonce=67f5e274f4&litespeed_type=imgoptm" "WordPress/6.0.2; http://tejoversea.com"