216.244.66.227 - - [17/Apr/2026:08:25:53 -0400] "GET /robots.txt HTTP/1.1" 200 122 "-" "Mozilla/5.0 (compatible; DotBot/1.2; +https://opensiteexplorer.org/dotbot; [email protected])"
216.244.66.227 - - [17/Apr/2026:08:33:07 -0400] "GET /page/92/ HTTP/1.1" 301 0 "-" "Mozilla/5.0 (compatible; DotBot/1.2; +https://opensiteexplorer.org/dotbot; [email protected])"
216.244.66.227 - - [17/Apr/2026:08:33:02 -0400] "GET /page/12/ HTTP/1.1" 301 0 "-" "Mozilla/5.0 (compatible; DotBot/1.2; +https://opensiteexplorer.org/dotbot; [email protected])"
216.244.66.227 - - [17/Apr/2026:08:50:18 -0400] "GET /page/12/ HTTP/1.1" 301 0 "-" "Mozilla/5.0 (compatible; DotBot/1.2; +https://opensiteexplorer.org/dotbot; [email protected])"
216.244.66.227 - - [17/Apr/2026:08:50:22 -0400] "GET /page/92/ HTTP/1.1" 301 0 "-" "Mozilla/5.0 (compatible; DotBot/1.2; +https://opensiteexplorer.org/dotbot; [email protected])"
216.244.66.227 - - [17/Apr/2026:08:56:54 -0400] "GET /page/12/ HTTP/1.1" 301 0 "-" "Mozilla/5.0 (compatible; DotBot/1.2; +https://opensiteexplorer.org/dotbot; [email protected])"
216.244.66.227 - - [17/Apr/2026:08:56:59 -0400] "GET /page/92/ HTTP/1.1" 301 0 "-" "Mozilla/5.0 (compatible; DotBot/1.2; +https://opensiteexplorer.org/dotbot; [email protected])"
66.249.68.66 - - [17/Apr/2026:09:20:09 -0400] "GET /robots.txt HTTP/1.1" 200 103 "-" "Mozilla/5.0 (compatible; Googlebot/2.1; +http://www.google.com/bot.html)"
66.249.68.66 - - [17/Apr/2026:09:20:09 -0400] "GET / HTTP/1.1" 301 0 "-" "Mozilla/5.0 (Linux; Android 6.0.1; Nexus 5X Build/MMB29P) AppleWebKit/537.36 (KHTML, like Gecko) Chrome/146.0.7680.177 Mobile Safari/537.36 (compatible; Googlebot/2.1; +http://www.google.com/bot.html)"
216.244.66.227 - - [17/Apr/2026:09:45:14 -0400] "GET /?cat=65&paged=9 HTTP/1.1" 301 0 "-" "Mozilla/5.0 (compatible; DotBot/1.2; +https://opensiteexplorer.org/dotbot; [email protected])"
216.244.66.227 - - [17/Apr/2026:09:45:42 -0400] "GET /page/136/ HTTP/1.1" 301 0 "-" "Mozilla/5.0 (compatible; DotBot/1.2; +https://opensiteexplorer.org/dotbot; [email protected])"
216.244.66.227 - - [17/Apr/2026:09:45:49 -0400] "GET /page/32/ HTTP/1.1" 301 0 "-" "Mozilla/5.0 (compatible; DotBot/1.2; +https://opensiteexplorer.org/dotbot; [email protected])"
216.244.66.227 - - [17/Apr/2026:09:38:18 -0400] "GET /robots.txt HTTP/1.1" 200 122 "-" "Mozilla/5.0 (compatible; DotBot/1.2; +https://opensiteexplorer.org/dotbot; [email protected])"
216.244.66.227 - - [17/Apr/2026:09:45:46 -0400] "GET /page/171/ HTTP/1.1" 301 0 "-" "Mozilla/5.0 (compatible; DotBot/1.2; +https://opensiteexplorer.org/dotbot; [email protected])"
216.244.66.227 - - [17/Apr/2026:09:48:59 -0400] "GET /page/122/ HTTP/1.1" 301 0 "-" "Mozilla/5.0 (compatible; DotBot/1.2; +https://opensiteexplorer.org/dotbot; [email protected])"
216.244.66.227 - - [17/Apr/2026:10:25:44 -0400] "GET /robots.txt HTTP/1.1" 200 122 "-" "Mozilla/5.0 (compatible; DotBot/1.2; +https://opensiteexplorer.org/dotbot; [email protected])"
216.244.66.227 - - [17/Apr/2026:10:36:04 -0400] "GET /page/71/ HTTP/1.1" 301 0 "-" "Mozilla/5.0 (compatible; DotBot/1.2; +https://opensiteexplorer.org/dotbot; [email protected])"
216.244.66.227 - - [17/Apr/2026:10:36:09 -0400] "GET /page/73/ HTTP/1.1" 301 0 "-" "Mozilla/5.0 (compatible; DotBot/1.2; +https://opensiteexplorer.org/dotbot; [email protected])"
43.132.214.228 - - [17/Apr/2026:10:49:35 -0400] "GET / HTTP/1.1" 301 0 "-" "Mozilla/5.0 (iPhone; CPU iPhone OS 13_2_3 like Mac OS X) AppleWebKit/605.1.15 (KHTML, like Gecko) Version/13.0.3 Mobile/15E148 Safari/604.1"
43.152.72.244 - - [17/Apr/2026:11:30:48 -0400] "GET / HTTP/1.1" 301 0 "-" "Mozilla/5.0 (iPhone; CPU iPhone OS 13_2_3 like Mac OS X) AppleWebKit/605.1.15 (KHTML, like Gecko) Version/13.0.3 Mobile/15E148 Safari/604.1"
63.180.177.18 - - [17/Apr/2026:12:53:23 -0400] "HEAD / HTTP/1.1" 301 0 "-" "Python/3.10 aiohttp/3.10.10"
66.249.68.133 - - [17/Apr/2026:12:39:56 -0400] "GET /robots.txt HTTP/1.1" 301 0 "-" "Mozilla/5.0 (compatible; Googlebot/2.1; +http://www.google.com/bot.html)"
66.249.68.67 - - [17/Apr/2026:12:39:57 -0400] "GET /robots.txt HTTP/1.1" 200 103 "-" "Mozilla/5.0 (compatible; Googlebot/2.1; +http://www.google.com/bot.html)"
66.249.68.133 - - [17/Apr/2026:12:39:57 -0400] "GET / HTTP/1.1" 301 0 "-" "Mozilla/5.0 (Linux; Android 6.0.1; Nexus 5X Build/MMB29P) AppleWebKit/537.36 (KHTML, like Gecko) Chrome/146.0.7680.177 Mobile Safari/537.36 (compatible; Googlebot/2.1; +http://www.google.com/bot.html)"
216.244.66.227 - - [17/Apr/2026:13:35:59 -0400] "GET /robots.txt HTTP/1.1" 200 122 "-" "Mozilla/5.0 (compatible; DotBot/1.2; +https://opensiteexplorer.org/dotbot; [email protected])"
216.244.66.227 - - [17/Apr/2026:13:44:48 -0400] "GET /page/117/ HTTP/1.1" 301 0 "-" "Mozilla/5.0 (compatible; DotBot/1.2; +https://opensiteexplorer.org/dotbot; [email protected])"
216.244.66.227 - - [17/Apr/2026:13:44:53 -0400] "GET /page/137/ HTTP/1.1" 301 0 "-" "Mozilla/5.0 (compatible; DotBot/1.2; +https://opensiteexplorer.org/dotbot; [email protected])"
216.244.66.227 - - [17/Apr/2026:13:44:57 -0400] "GET /page/33/ HTTP/1.1" 301 0 "-" "Mozilla/5.0 (compatible; DotBot/1.2; +https://opensiteexplorer.org/dotbot; [email protected])"
207.180.233.81 - - [17/Apr/2026:14:03:21 -0400] "GET /wp-admin/css/ HTTP/1.1" 200 3380 "binance.com" "Mozilla/5.0 (Windows NT 10.0; Win64; x64) AppleWebKit/537.36 (KHTML, like Gecko) Chrome/90.0.4430.85 Safari/537.36"
207.180.233.81 - - [17/Apr/2026:14:03:30 -0400] "GET /wp-content/uploads/2026/04/ HTTP/1.1" 200 692 "binance.com" "Mozilla/5.0 (Windows NT 10.0; Win64; x64) AppleWebKit/537.36 (KHTML, like Gecko) Chrome/90.0.4430.85 Safari/537.36"
207.180.233.81 - - [17/Apr/2026:14:03:38 -0400] "GET /wp-content/uploads/2026/03/ HTTP/1.1" 200 692 "binance.com" "Mozilla/5.0 (Windows NT 10.0; Win64; x64) AppleWebKit/537.36 (KHTML, like Gecko) Chrome/90.0.4430.85 Safari/537.36"
207.180.233.81 - - [17/Apr/2026:14:03:52 -0400] "GET /wp-content/upgrade/ HTTP/1.1" 200 683 "binance.com" "Mozilla/5.0 (Windows NT 10.0; Win64; x64) AppleWebKit/537.36 (KHTML, like Gecko) Chrome/90.0.4430.85 Safari/537.36"
207.180.233.81 - - [17/Apr/2026:14:04:00 -0400] "GET /wp-content/languages/ HTTP/1.1" 404 11110 "binance.com" "Mozilla/5.0 (Windows NT 10.0; Win64; x64) AppleWebKit/537.36 (KHTML, like Gecko) Chrome/90.0.4430.85 Safari/537.36"
207.180.233.81 - - [17/Apr/2026:14:04:10 -0400] "GET /wp-admin/includes/ HTTP/1.1" 200 4006 "binance.com" "Mozilla/5.0 (Windows NT 10.0; Win64; x64) AppleWebKit/537.36 (KHTML, like Gecko) Chrome/90.0.4430.85 Safari/537.36"
207.180.233.81 - - [17/Apr/2026:14:05:09 -0400] "GET /wp-admin/maint/ HTTP/1.1" 200 775 "binance.com" "Mozilla/5.0 (Windows NT 10.0; Win64; x64) AppleWebKit/537.36 (KHTML, like Gecko) Chrome/90.0.4430.85 Safari/537.36"
207.180.233.81 - - [17/Apr/2026:14:05:19 -0400] "GET /wp-admin/network/ HTTP/1.1" 302 0 "binance.com" "Mozilla/5.0 (Windows NT 10.0; Win64; x64) AppleWebKit/537.36 (KHTML, like Gecko) Chrome/90.0.4430.85 Safari/537.36"
207.180.233.81 - - [17/Apr/2026:14:06:40 -0400] "GET /wp-admin/css/ HTTP/1.1" 200 3380 "binance.com" "Mozilla/5.0 (Windows NT 10.0; Win64; x64) AppleWebKit/537.36 (KHTML, like Gecko) Chrome/90.0.4430.85 Safari/537.36"
207.180.233.81 - - [17/Apr/2026:14:06:57 -0400] "GET /wp-admin/css/colors/blue/ HTTP/1.1" 200 906 "binance.com" "Mozilla/5.0 (Windows NT 10.0; Win64; x64) AppleWebKit/537.36 (KHTML, like Gecko) Chrome/90.0.4430.85 Safari/537.36"
207.180.233.81 - - [17/Apr/2026:14:07:13 -0400] "GET /wp-admin/css/colors/ectoplasm/ HTTP/1.1" 200 910 "binance.com" "Mozilla/5.0 (Windows NT 10.0; Win64; x64) AppleWebKit/537.36 (KHTML, like Gecko) Chrome/90.0.4430.85 Safari/537.36"
207.180.233.81 - - [17/Apr/2026:14:07:20 -0400] "GET /wp-admin/css/colors/light/ HTTP/1.1" 200 906 "binance.com" "Mozilla/5.0 (Windows NT 10.0; Win64; x64) AppleWebKit/537.36 (KHTML, like Gecko) Chrome/90.0.4430.85 Safari/537.36"
207.180.233.81 - - [17/Apr/2026:14:07:28 -0400] "GET /wp-admin/css/colors/midnight/ HTTP/1.1" 200 910 "binance.com" "Mozilla/5.0 (Windows NT 10.0; Win64; x64) AppleWebKit/537.36 (KHTML, like Gecko) Chrome/90.0.4430.85 Safari/537.36"
207.180.233.81 - - [17/Apr/2026:14:07:51 -0400] "GET /wp-admin/css/colors/sunrise/%20 HTTP/1.1" 301 0 "binance.com" "Mozilla/5.0 (Windows NT 10.0; Win64; x64) AppleWebKit/537.36 (KHTML, like Gecko) Chrome/90.0.4430.85 Safari/537.36"
207.180.233.81 - - [17/Apr/2026:14:08:06 -0400] "GET /wp-admin/images/ HTTP/1.1" 200 2576 "binance.com" "Mozilla/5.0 (Windows NT 10.0; Win64; x64) AppleWebKit/537.36 (KHTML, like Gecko) Chrome/90.0.4430.85 Safari/537.36"
207.180.233.81 - - [17/Apr/2026:14:08:14 -0400] "GET /wp-admin/js/ HTTP/1.1" 200 3318 "binance.com" "Mozilla/5.0 (Windows NT 10.0; Win64; x64) AppleWebKit/537.36 (KHTML, like Gecko) Chrome/90.0.4430.85 Safari/537.36"
207.180.233.81 - - [17/Apr/2026:14:08:30 -0400] "GET /wp-includes/ HTTP/1.1" 200 6777 "binance.com" "Mozilla/5.0 (Windows NT 10.0; Win64; x64) AppleWebKit/537.36 (KHTML, like Gecko) Chrome/90.0.4430.85 Safari/537.36"
207.180.233.81 - - [17/Apr/2026:14:08:41 -0400] "GET /wp-includes/ HTTP/1.1" 200 6821 "binance.com" "Mozilla/5.0 (Windows NT 10.0; Win64; x64) AppleWebKit/537.36 (KHTML, like Gecko) Chrome/90.0.4430.85 Safari/537.36"
207.180.233.81 - - [17/Apr/2026:14:03:45 -0400] "GET /wp-content/uploads/ HTTP/1.1" 200 1304 "binance.com" "Mozilla/5.0 (Windows NT 10.0; Win64; x64) AppleWebKit/537.36 (KHTML, like Gecko) Chrome/90.0.4430.85 Safari/537.36"
207.180.233.81 - - [17/Apr/2026:14:04:20 -0400] "GET /wp-admin/includes/ HTTP/1.1" 200 4006 "binance.com" "Mozilla/5.0 (Windows NT 10.0; Win64; x64) AppleWebKit/537.36 (KHTML, like Gecko) Chrome/90.0.4430.85 Safari/537.36"
207.180.233.81 - - [17/Apr/2026:14:04:59 -0400] "GET /wp-admin/maint/ HTTP/1.1" 200 775 "binance.com" "Mozilla/5.0 (Windows NT 10.0; Win64; x64) AppleWebKit/537.36 (KHTML, like Gecko) Chrome/90.0.4430.85 Safari/537.36"
207.180.233.81 - - [17/Apr/2026:14:06:03 -0400] "GET /wp-admin/user/ HTTP/1.1" 302 0 "binance.com" "Mozilla/5.0 (Windows NT 10.0; Win64; x64) AppleWebKit/537.36 (KHTML, like Gecko) Chrome/90.0.4430.85 Safari/537.36"
207.180.233.81 - - [17/Apr/2026:14:06:49 -0400] "GET /wp-admin/css/colors/ HTTP/1.1" 200 1292 "binance.com" "Mozilla/5.0 (Windows NT 10.0; Win64; x64) AppleWebKit/537.36 (KHTML, like Gecko) Chrome/90.0.4430.85 Safari/537.36"
207.180.233.81 - - [17/Apr/2026:14:07:04 -0400] "GET /wp-admin/css/colors/coffee/ HTTP/1.1" 200 907 "binance.com" "Mozilla/5.0 (Windows NT 10.0; Win64; x64) AppleWebKit/537.36 (KHTML, like Gecko) Chrome/90.0.4430.85 Safari/537.36"
207.180.233.81 - - [17/Apr/2026:14:07:35 -0400] "GET /wp-admin/css/colors/modern/ HTTP/1.1" 200 908 "binance.com" "Mozilla/5.0 (Windows NT 10.0; Win64; x64) AppleWebKit/537.36 (KHTML, like Gecko) Chrome/90.0.4430.85 Safari/537.36"
207.180.233.81 - - [17/Apr/2026:14:07:43 -0400] "GET /wp-admin/css/colors/ocean/ HTTP/1.1" 200 904 "binance.com" "Mozilla/5.0 (Windows NT 10.0; Win64; x64) AppleWebKit/537.36 (KHTML, like Gecko) Chrome/90.0.4430.85 Safari/537.36"
207.180.233.81 - - [17/Apr/2026:14:07:57 -0400] "GET /wp-admin/css/colors/sunrise/ HTTP/1.1" 200 908 "binance.com" "Mozilla/5.0 (Windows NT 10.0; Win64; x64) AppleWebKit/537.36 (KHTML, like Gecko) Chrome/90.0.4430.85 Safari/537.36"
207.180.233.81 - - [17/Apr/2026:14:08:23 -0400] "GET /wp-admin/js/widgets/ HTTP/1.1" 200 1454 "binance.com" "Mozilla/5.0 (Windows NT 10.0; Win64; x64) AppleWebKit/537.36 (KHTML, like Gecko) Chrome/90.0.4430.85 Safari/537.36"
207.180.233.81 - - [17/Apr/2026:14:09:44 -0400] "GET /wp-includes/ID3/ HTTP/1.1" 200 1604 "binance.com" "Mozilla/5.0 (Windows NT 10.0; Win64; x64) AppleWebKit/537.36 (KHTML, like Gecko) Chrome/90.0.4430.85 Safari/537.36"
207.180.233.81 - - [17/Apr/2026:14:10:02 -0400] "GET /wp-includes/IXR/ HTTP/1.1" 200 1326 "binance.com" "Mozilla/5.0 (Windows NT 10.0; Win64; x64) AppleWebKit/537.36 (KHTML, like Gecko) Chrome/90.0.4430.85 Safari/537.36"
207.180.233.81 - - [17/Apr/2026:14:10:21 -0400] "GET /wp-includes/PHPMailer/ HTTP/1.1" 200 869 "binance.com" "Mozilla/5.0 (Windows NT 10.0; Win64; x64) AppleWebKit/537.36 (KHTML, like Gecko) Chrome/90.0.4430.85 Safari/537.36"
207.180.233.81 - - [17/Apr/2026:14:10:36 -0400] "GET /wp-includes/Text/ HTTP/1.1" 200 816 "binance.com" "Mozilla/5.0 (Windows NT 10.0; Win64; x64) AppleWebKit/537.36 (KHTML, like Gecko) Chrome/90.0.4430.85 Safari/537.36"
207.180.233.81 - - [17/Apr/2026:14:10:44 -0400] "GET /wp-includes/Text/ HTTP/1.1" 200 816 "binance.com" "Mozilla/5.0 (Windows NT 10.0; Win64; x64) AppleWebKit/537.36 (KHTML, like Gecko) Chrome/90.0.4430.85 Safari/537.36"
207.180.233.81 - - [17/Apr/2026:14:11:16 -0400] "GET /wp-includes/Text/Diff/Engine/ HTTP/1.1" 200 864 "binance.com" "Mozilla/5.0 (Windows NT 10.0; Win64; x64) AppleWebKit/537.36 (KHTML, like Gecko) Chrome/90.0.4430.85 Safari/537.36"
207.180.233.81 - - [17/Apr/2026:14:11:25 -0400] "GET /wp-includes/Text/Diff/Renderer/ HTTP/1.1" 200 788 "binance.com" "Mozilla/5.0 (Windows NT 10.0; Win64; x64) AppleWebKit/537.36 (KHTML, like Gecko) Chrome/90.0.4430.85 Safari/537.36"
207.180.233.81 - - [17/Apr/2026:14:11:32 -0400] "GET /wp-includes/Text/Diff/Renderer/ HTTP/1.1" 200 788 "binance.com" "Mozilla/5.0 (Windows NT 10.0; Win64; x64) AppleWebKit/537.36 (KHTML, like Gecko) Chrome/90.0.4430.85 Safari/537.36"
207.180.233.81 - - [17/Apr/2026:14:09:52 -0400] "GET /wp-includes/ID3/ HTTP/1.1" 200 1604 "binance.com" "Mozilla/5.0 (Windows NT 10.0; Win64; x64) AppleWebKit/537.36 (KHTML, like Gecko) Chrome/90.0.4430.85 Safari/537.36"
207.180.233.81 - - [17/Apr/2026:14:10:10 -0400] "GET /wp-includes/IXR/ HTTP/1.1" 200 1326 "binance.com" "Mozilla/5.0 (Windows NT 10.0; Win64; x64) AppleWebKit/537.36 (KHTML, like Gecko) Chrome/90.0.4430.85 Safari/537.36"
207.180.233.81 - - [17/Apr/2026:14:10:29 -0400] "GET /wp-includes/PHPMailer/ HTTP/1.1" 200 869 "binance.com" "Mozilla/5.0 (Windows NT 10.0; Win64; x64) AppleWebKit/537.36 (KHTML, like Gecko) Chrome/90.0.4430.85 Safari/537.36"
207.180.233.81 - - [17/Apr/2026:14:10:53 -0400] "GET /wp-includes/Text/Diff/ HTTP/1.1" 200 850 "binance.com" "Mozilla/5.0 (Windows NT 10.0; Win64; x64) AppleWebKit/537.36 (KHTML, like Gecko) Chrome/90.0.4430.85 Safari/537.36"
207.180.233.81 - - [17/Apr/2026:14:11:00 -0400] "GET /wp-includes/Text/Diff/ HTTP/1.1" 200 850 "binance.com" "Mozilla/5.0 (Windows NT 10.0; Win64; x64) AppleWebKit/537.36 (KHTML, like Gecko) Chrome/90.0.4430.85 Safari/537.36"
207.180.233.81 - - [17/Apr/2026:14:11:08 -0400] "GET /wp-includes/Text/Diff/Engine/ HTTP/1.1" 200 864 "binance.com" "Mozilla/5.0 (Windows NT 10.0; Win64; x64) AppleWebKit/537.36 (KHTML, like Gecko) Chrome/90.0.4430.85 Safari/537.36"
207.180.233.81 - - [17/Apr/2026:14:11:52 -0400] "GET /wp-includes/pomo/ HTTP/1.1" 200 1214 "binance.com" "Mozilla/5.0 (Windows NT 10.0; Win64; x64) AppleWebKit/537.36 (KHTML, like Gecko) Chrome/90.0.4430.85 Safari/537.36"
207.180.233.81 - - [17/Apr/2026:14:11:57 -0400] "GET /wp-includes/pomo/ HTTP/1.1" 200 1214 "binance.com" "Mozilla/5.0 (Windows NT 10.0; Win64; x64) AppleWebKit/537.36 (KHTML, like Gecko) Chrome/90.0.4430.85 Safari/537.36"
207.180.233.81 - - [17/Apr/2026:14:12:01 -0400] "GET /wp-includes/sitemaps/ HTTP/1.1" 200 1267 "binance.com" "Mozilla/5.0 (Windows NT 10.0; Win64; x64) AppleWebKit/537.36 (KHTML, like Gecko) Chrome/90.0.4430.85 Safari/537.36"
207.180.233.81 - - [17/Apr/2026:14:12:22 -0400] "GET /wp-includes/sitemaps/providers/ HTTP/1.1" 200 850 "binance.com" "Mozilla/5.0 (Windows NT 10.0; Win64; x64) AppleWebKit/537.36 (KHTML, like Gecko) Chrome/90.0.4430.85 Safari/537.36"
207.180.233.81 - - [17/Apr/2026:14:13:23 -0400] "GET /wp-includes/fonts/ HTTP/1.1" 200 884 "binance.com" "Mozilla/5.0 (Windows NT 10.0; Win64; x64) AppleWebKit/537.36 (KHTML, like Gecko) Chrome/90.0.4430.85 Safari/537.36"
207.180.233.81 - - [17/Apr/2026:14:13:32 -0400] "GET /wp-includes/images/ HTTP/1.1" 200 1791 "binance.com" "Mozilla/5.0 (Windows NT 10.0; Win64; x64) AppleWebKit/537.36 (KHTML, like Gecko) Chrome/90.0.4430.85 Safari/537.36"
207.180.233.81 - - [17/Apr/2026:14:14:00 -0400] "GET /wp-includes/images/smilies/ HTTP/1.1" 200 1635 "binance.com" "Mozilla/5.0 (Windows NT 10.0; Win64; x64) AppleWebKit/537.36 (KHTML, like Gecko) Chrome/90.0.4430.85 Safari/537.36"
207.180.233.81 - - [17/Apr/2026:14:14:12 -0400] "GET /wp-includes/images/wlw/ HTTP/1.1" 200 837 "binance.com" "Mozilla/5.0 (Windows NT 10.0; Win64; x64) AppleWebKit/537.36 (KHTML, like Gecko) Chrome/90.0.4430.85 Safari/537.36"
207.180.233.81 - - [17/Apr/2026:14:14:26 -0400] "GET /wp-includes/js/ HTTP/1.1" 200 3788 "binance.com" "Mozilla/5.0 (Windows NT 10.0; Win64; x64) AppleWebKit/537.36 (KHTML, like Gecko) Chrome/90.0.4430.85 Safari/537.36"
138.197.153.21 - - [17/Apr/2026:14:19:41 -0400] "GET / HTTP/1.1" 301 0 "-" "Mozilla/5.0 (X11; Linux x86_64) AppleWebKit/537.36 (KHTML, like Gecko) Chrome/142.0.0.0 Safari/537.36"
207.180.233.81 - - [17/Apr/2026:14:11:40 -0400] "GET /wp-includes/blocks/ HTTP/1.1" 500 0 "binance.com" "Mozilla/5.0 (Windows NT 10.0; Win64; x64) AppleWebKit/537.36 (KHTML, like Gecko) Chrome/90.0.4430.85 Safari/537.36"
207.180.233.81 - - [17/Apr/2026:14:12:12 -0400] "GET /wp-includes/sitemaps/ HTTP/1.1" 200 1267 "binance.com" "Mozilla/5.0 (Windows NT 10.0; Win64; x64) AppleWebKit/537.36 (KHTML, like Gecko) Chrome/90.0.4430.85 Safari/537.36"
207.180.233.81 - - [17/Apr/2026:14:12:30 -0400] "GET /wp-includes/sitemaps/providers/ HTTP/1.1" 200 850 "binance.com" "Mozilla/5.0 (Windows NT 10.0; Win64; x64) AppleWebKit/537.36 (KHTML, like Gecko) Chrome/90.0.4430.85 Safari/537.36"
207.180.233.81 - - [17/Apr/2026:14:12:40 -0400] "GET /wp-includes/widgets/ HTTP/1.1" 200 1568 "binance.com" "Mozilla/5.0 (Windows NT 10.0; Win64; x64) AppleWebKit/537.36 (KHTML, like Gecko) Chrome/90.0.4430.85 Safari/537.36"
207.180.233.81 - - [17/Apr/2026:14:12:48 -0400] "GET /wp-includes/widgets/ HTTP/1.1" 200 1568 "binance.com" "Mozilla/5.0 (Windows NT 10.0; Win64; x64) AppleWebKit/537.36 (KHTML, like Gecko) Chrome/90.0.4430.85 Safari/537.36"
207.180.233.81 - - [17/Apr/2026:14:13:01 -0400] "GET /wp-includes/css/ HTTP/1.1" 200 2085 "binance.com" "Mozilla/5.0 (Windows NT 10.0; Win64; x64) AppleWebKit/537.36 (KHTML, like Gecko) Chrome/90.0.4430.85 Safari/537.36"
207.180.233.81 - - [17/Apr/2026:14:13:13 -0400] "GET /wp-includes/css/dist/ HTTP/1.1" 200 1231 "binance.com" "Mozilla/5.0 (Windows NT 10.0; Win64; x64) AppleWebKit/537.36 (KHTML, like Gecko) Chrome/90.0.4430.85 Safari/537.36"
207.180.233.81 - - [17/Apr/2026:14:13:44 -0400] "GET /wp-includes/images/crystal/ HTTP/1.1" 200 1335 "binance.com" "Mozilla/5.0 (Windows NT 10.0; Win64; x64) AppleWebKit/537.36 (KHTML, like Gecko) Chrome/90.0.4430.85 Safari/537.36"
207.180.233.81 - - [17/Apr/2026:14:13:52 -0400] "GET /wp-includes/images/media/ HTTP/1.1" 200 1255 "binance.com" "Mozilla/5.0 (Windows NT 10.0; Win64; x64) AppleWebKit/537.36 (KHTML, like Gecko) Chrome/90.0.4430.85 Safari/537.36"
207.180.233.81 - - [17/Apr/2026:14:14:20 -0400] "GET /wp-includes/js/%20 HTTP/1.1" 301 0 "binance.com" "Mozilla/5.0 (Windows NT 10.0; Win64; x64) AppleWebKit/537.36 (KHTML, like Gecko) Chrome/90.0.4430.85 Safari/537.36"
207.180.233.81 - - [17/Apr/2026:14:14:40 -0400] "GET /wp-includes/js/codemirror/ HTTP/1.1" 200 1301 "binance.com" "Mozilla/5.0 (Windows NT 10.0; Win64; x64) AppleWebKit/537.36 (KHTML, like Gecko) Chrome/90.0.4430.85 Safari/537.36"
207.180.233.81 - - [17/Apr/2026:14:14:47 -0400] "GET /wp-includes/js/plupload/ HTTP/1.1" 200 1328 "binance.com" "Mozilla/5.0 (Windows NT 10.0; Win64; x64) AppleWebKit/537.36 (KHTML, like Gecko) Chrome/90.0.4430.85 Safari/537.36"
207.180.233.81 - - [17/Apr/2026:14:14:54 -0400] "GET /.well-known/ HTTP/1.1" 200 762 "binance.com" "Mozilla/5.0 (Windows NT 10.0; Win64; x64) AppleWebKit/537.36 (KHTML, like Gecko) Chrome/90.0.4430.85 Safari/537.36"
138.197.153.21 - - [17/Apr/2026:14:19:42 -0400] "GET /favicon.ico HTTP/1.1" 404 1251 "http://thedubaitoday.com/" "Mozilla/5.0 (X11; Linux x86_64) AppleWebKit/537.36 (KHTML, like Gecko) Chrome/142.0.0.0 Safari/537.36"
216.244.66.227 - - [17/Apr/2026:14:22:49 -0400] "GET /robots.txt HTTP/1.1" 200 122 "-" "Mozilla/5.0 (compatible; DotBot/1.2; +https://opensiteexplorer.org/dotbot; [email protected])"
216.244.66.227 - - [17/Apr/2026:14:31:31 -0400] "GET /page/56/ HTTP/1.1" 301 0 "-" "Mozilla/5.0 (compatible; DotBot/1.2; +https://opensiteexplorer.org/dotbot; [email protected])"
216.244.66.227 - - [17/Apr/2026:14:31:27 -0400] "GET /page/121/ HTTP/1.1" 301 0 "-" "Mozilla/5.0 (compatible; DotBot/1.2; +https://opensiteexplorer.org/dotbot; [email protected])"
216.244.66.227 - - [17/Apr/2026:15:10:58 -0400] "GET /robots.txt HTTP/1.1" 200 122 "-" "Mozilla/5.0 (compatible; DotBot/1.2; +https://opensiteexplorer.org/dotbot; [email protected])"
216.244.66.227 - - [17/Apr/2026:15:22:45 -0400] "GET /page/36/ HTTP/1.1" 301 0 "-" "Mozilla/5.0 (compatible; DotBot/1.2; +https://opensiteexplorer.org/dotbot; [email protected])"
216.244.66.227 - - [17/Apr/2026:15:22:41 -0400] "GET /page/17/ HTTP/1.1" 301 0 "-" "Mozilla/5.0 (compatible; DotBot/1.2; +https://opensiteexplorer.org/dotbot; [email protected])"
34.26.183.30 - - [17/Apr/2026:15:41:12 -0400] "HEAD /wp/ HTTP/1.1" 404 0 "http://thedubaitoday.com/wp/" "Mozilla/5.0 (Linux; Android 14; OnePlus 12) AppleWebKit/537.36 (KHTML, like Gecko) Chrome/125.0.6422.102 Mobile Safari/537.36"
34.26.183.30 - - [17/Apr/2026:15:41:14 -0400] "HEAD /wordpress/ HTTP/1.1" 404 0 "http://thedubaitoday.com/wordpress/" "Mozilla/5.0 (Macintosh; Intel Mac OS X 13_5) AppleWebKit/605.1.15 (KHTML, like Gecko) Version/16.5 Safari/605.1.15"
34.26.183.30 - - [17/Apr/2026:15:41:16 -0400] "HEAD /old/ HTTP/1.1" 301 0 "-" "Mozilla/5.0 (Linux; Android 14; OnePlus 12) AppleWebKit/537.36 (KHTML, like Gecko) Chrome/125.0.6422.102 Mobile Safari/537.36"
34.26.183.30 - - [17/Apr/2026:15:41:17 -0400] "HEAD /backup/ HTTP/1.1" 301 0 "-" "Mozilla/5.0 (Linux; U; Android 10; en-US; CPH2015) AppleWebKit/537.36 (KHTML, like Gecko) UCBrowser/13.5.8.1311 Mobile Safari/537.36"
34.26.183.30 - - [17/Apr/2026:15:41:18 -0400] "HEAD /backup/ HTTP/1.1" 404 0 "http://thedubaitoday.com/backup/" "Mozilla/5.0 (Linux; U; Android 10; en-US; CPH2015) AppleWebKit/537.36 (KHTML, like Gecko) UCBrowser/13.5.8.1311 Mobile Safari/537.36"
34.26.183.30 - - [17/Apr/2026:15:41:11 -0400] "HEAD /wp/ HTTP/1.1" 301 0 "-" "Mozilla/5.0 (Linux; Android 14; OnePlus 12) AppleWebKit/537.36 (KHTML, like Gecko) Chrome/125.0.6422.102 Mobile Safari/537.36"
34.26.183.30 - - [17/Apr/2026:15:41:13 -0400] "HEAD /new/ HTTP/1.1" 301 0 "-" "Mozilla/5.0 (Windows NT 11.0; Win64; x64) AppleWebKit/537.36 (KHTML, like Gecko) Edg/128.0.2790.25 Chrome/128.0.6540.22 Safari/537.36"
34.26.183.30 - - [17/Apr/2026:15:41:13 -0400] "HEAD /wordpress/ HTTP/1.1" 301 0 "-" "Mozilla/5.0 (Macintosh; Intel Mac OS X 13_5) AppleWebKit/605.1.15 (KHTML, like Gecko) Version/16.5 Safari/605.1.15"
34.26.183.30 - - [17/Apr/2026:15:41:15 -0400] "HEAD /blog/ HTTP/1.1" 301 0 "-" "Mozilla/5.0 (iPad; CPU OS 17_4 like Mac OS X) AppleWebKit/605.1.15 (KHTML, like Gecko) Version/17.4 Mobile/15E148 Safari/604.1"
34.26.183.30 - - [17/Apr/2026:15:41:15 -0400] "HEAD /blog/ HTTP/1.1" 404 0 "http://thedubaitoday.com/blog/" "Mozilla/5.0 (iPad; CPU OS 17_4 like Mac OS X) AppleWebKit/605.1.15 (KHTML, like Gecko) Version/17.4 Mobile/15E148 Safari/604.1"
34.26.183.30 - - [17/Apr/2026:15:41:16 -0400] "HEAD /old/ HTTP/1.1" 404 0 "http://thedubaitoday.com/old/" "Mozilla/5.0 (Linux; Android 14; OnePlus 12) AppleWebKit/537.36 (KHTML, like Gecko) Chrome/125.0.6422.102 Mobile Safari/537.36"
34.26.183.30 - - [17/Apr/2026:15:41:17 -0400] "HEAD / HTTP/1.1" 301 0 "-" "Mozilla/5.0 (Linux; Android 12; TECNO CK6n) AppleWebKit/537.36 (KHTML, like Gecko) Chrome/125.0.6422.50 Mobile Safari/537.36"
216.244.66.227 - - [17/Apr/2026:15:58:28 -0400] "GET /robots.txt HTTP/1.1" 200 122 "-" "Mozilla/5.0 (compatible; DotBot/1.2; +https://opensiteexplorer.org/dotbot; [email protected])"
216.244.66.227 - - [17/Apr/2026:16:10:02 -0400] "GET /page/35/ HTTP/1.1" 301 0 "-" "Mozilla/5.0 (compatible; DotBot/1.2; +https://opensiteexplorer.org/dotbot; [email protected])"
216.244.66.227 - - [17/Apr/2026:16:49:54 -0400] "GET /robots.txt HTTP/1.1" 200 122 "-" "Mozilla/5.0 (compatible; DotBot/1.2; +https://opensiteexplorer.org/dotbot; [email protected])"
216.244.66.227 - - [17/Apr/2026:17:01:34 -0400] "GET /page/91/ HTTP/1.1" 301 0 "-" "Mozilla/5.0 (compatible; DotBot/1.2; +https://opensiteexplorer.org/dotbot; [email protected])"
216.244.66.227 - - [17/Apr/2026:17:37:13 -0400] "GET /robots.txt HTTP/1.1" 200 122 "-" "Mozilla/5.0 (compatible; DotBot/1.2; +https://opensiteexplorer.org/dotbot; [email protected])"
216.244.66.227 - - [17/Apr/2026:17:49:38 -0400] "GET /?cat=52&paged=12 HTTP/1.1" 301 0 "-" "Mozilla/5.0 (compatible; DotBot/1.2; +https://opensiteexplorer.org/dotbot; [email protected])"
216.244.66.227 - - [17/Apr/2026:17:50:27 -0400] "GET /page/133/ HTTP/1.1" 301 0 "-" "Mozilla/5.0 (compatible; DotBot/1.2; +https://opensiteexplorer.org/dotbot; [email protected])"
116.179.32.92 - - [17/Apr/2026:18:10:57 -0400] "GET /?p=4562 HTTP/1.1" 301 0 "-" "Mozilla/5.0 (Linux;u;Android 4.2.2;zh-cn;) AppleWebKit/534.46 (KHTML,like Gecko) Version/5.1 Mobile Safari/10600.6.3 (compatible; Baiduspider/2.0; +http://www.baidu.com/search/spider.html)"
216.244.66.227 - - [17/Apr/2026:18:26:01 -0400] "GET /robots.txt HTTP/1.1" 200 122 "-" "Mozilla/5.0 (compatible; DotBot/1.2; +https://opensiteexplorer.org/dotbot; [email protected])"
216.244.66.227 - - [17/Apr/2026:19:01:40 -0400] "GET /page/147/ HTTP/1.1" 301 0 "-" "Mozilla/5.0 (compatible; DotBot/1.2; +https://opensiteexplorer.org/dotbot; [email protected])"
216.244.66.227 - - [17/Apr/2026:19:02:20 -0400] "GET /page/90/ HTTP/1.1" 301 0 "-" "Mozilla/5.0 (compatible; DotBot/1.2; +https://opensiteexplorer.org/dotbot; [email protected])"
216.244.66.227 - - [17/Apr/2026:19:01:52 -0400] "GET /page/172/ HTTP/1.1" 301 0 "-" "Mozilla/5.0 (compatible; DotBot/1.2; +https://opensiteexplorer.org/dotbot; [email protected])"
216.244.66.227 - - [17/Apr/2026:19:02:01 -0400] "GET /page/19/ HTTP/1.1" 301 0 "-" "Mozilla/5.0 (compatible; DotBot/1.2; +https://opensiteexplorer.org/dotbot; [email protected])"
216.244.66.227 - - [17/Apr/2026:19:02:11 -0400] "GET /page/89/ HTTP/1.1" 301 0 "-" "Mozilla/5.0 (compatible; DotBot/1.2; +https://opensiteexplorer.org/dotbot; [email protected])"
216.244.66.227 - - [17/Apr/2026:19:14:59 -0400] "GET /robots.txt HTTP/1.1" 200 122 "-" "Mozilla/5.0 (compatible; DotBot/1.2; +https://opensiteexplorer.org/dotbot; [email protected])"
216.244.66.227 - - [17/Apr/2026:19:50:55 -0400] "GET /page/134/ HTTP/1.1" 301 0 "-" "Mozilla/5.0 (compatible; DotBot/1.2; +https://opensiteexplorer.org/dotbot; [email protected])"
216.244.66.227 - - [17/Apr/2026:19:51:05 -0400] "GET /page/77/ HTTP/1.1" 301 0 "-" "Mozilla/5.0 (compatible; DotBot/1.2; +https://opensiteexplorer.org/dotbot; [email protected])"
216.244.66.227 - - [17/Apr/2026:19:51:10 -0400] "GET /page/99/ HTTP/1.1" 301 0 "-" "Mozilla/5.0 (compatible; DotBot/1.2; +https://opensiteexplorer.org/dotbot; [email protected])"
216.244.66.227 - - [17/Apr/2026:19:54:02 -0400] "GET /author/admin/page/84/ HTTP/1.1" 200 83971 "-" "Mozilla/5.0 (compatible; DotBot/1.2; +https://opensiteexplorer.org/dotbot; [email protected])"
216.244.66.227 - - [17/Apr/2026:19:50:50 -0400] "GET /page/116/ HTTP/1.1" 301 0 "-" "Mozilla/5.0 (compatible; DotBot/1.2; +https://opensiteexplorer.org/dotbot; [email protected])"
216.244.66.227 - - [17/Apr/2026:19:51:02 -0400] "GET /page/151/ HTTP/1.1" 301 0 "-" "Mozilla/5.0 (compatible; DotBot/1.2; +https://opensiteexplorer.org/dotbot; [email protected])"
216.244.66.227 - - [17/Apr/2026:19:51:24 -0400] "GET /?p=9888 HTTP/1.1" 301 0 "-" "Mozilla/5.0 (compatible; DotBot/1.2; +https://opensiteexplorer.org/dotbot; [email protected])"
216.244.66.227 - - [17/Apr/2026:20:04:48 -0400] "GET /robots.txt HTTP/1.1" 200 122 "-" "Mozilla/5.0 (compatible; DotBot/1.2; +https://opensiteexplorer.org/dotbot; [email protected])"
125.94.144.102 - - [17/Apr/2026:20:23:09 -0400] "GET / HTTP/1.1" 301 0 "-" "Mozilla/5.0 (iPhone; CPU iPhone OS 13_2_3 like Mac OS X) AppleWebKit/605.1.15 (KHTML, like Gecko) Version/13.0.3 Mobile/15E148 Safari/604.1"
216.244.66.227 - - [17/Apr/2026:20:39:30 -0400] "GET /page/103/ HTTP/1.1" 301 0 "-" "Mozilla/5.0 (compatible; DotBot/1.2; +https://opensiteexplorer.org/dotbot; [email protected])"
216.244.66.227 - - [17/Apr/2026:20:54:56 -0400] "GET /robots.txt HTTP/1.1" 200 122 "-" "Mozilla/5.0 (compatible; DotBot/1.2; +https://opensiteexplorer.org/dotbot; [email protected])"
216.244.66.227 - - [17/Apr/2026:21:20:35 -0400] "GET /dubai-lights-up-with-spectacular-displays-as-part-of-ramadanindubai-campaign/ HTTP/1.1" 200 69495 "-" "Mozilla/5.0 (compatible; DotBot/1.2; +https://opensiteexplorer.org/dotbot; [email protected])"
20.91.129.11 - - [17/Apr/2026:21:36:12 -0400] "GET /wp-content/plugins/hellopress/wp_filemanager.php HTTP/1.1" 404 55224 "-" "-"
20.91.129.11 - - [17/Apr/2026:21:36:20 -0400] "GET /left-sidebar.php HTTP/1.1" 301 0 "-" "-"
20.91.129.11 - - [17/Apr/2026:21:36:22 -0400] "GET /yas.php HTTP/1.1" 301 0 "-" "-"
20.91.129.11 - - [17/Apr/2026:21:36:27 -0400] "GET /sadcut1.php HTTP/1.1" 301 0 "-" "-"
20.91.129.11 - - [17/Apr/2026:21:36:31 -0400] "GET /000.php HTTP/1.1" 301 0 "-" "-"
20.91.129.11 - - [17/Apr/2026:21:36:32 -0400] "GET /000.php HTTP/1.1" 404 55224 "-" "-"
20.91.129.11 - - [17/Apr/2026:21:36:37 -0400] "GET /css/themes.php HTTP/1.1" 301 0 "-" "-"
20.91.129.11 - - [17/Apr/2026:21:36:40 -0400] "GET /themes.php HTTP/1.1" 404 55224 "-" "-"
43.130.26.3 - - [17/Apr/2026:21:32:45 -0400] "GET / HTTP/1.1" 301 0 "-" "Mozilla/5.0 (iPhone; CPU iPhone OS 13_2_3 like Mac OS X) AppleWebKit/605.1.15 (KHTML, like Gecko) Version/13.0.3 Mobile/15E148 Safari/604.1"
20.91.129.11 - - [17/Apr/2026:21:36:08 -0400] "GET /wp-content/plugins/hellopress/wp_filemanager.php HTTP/1.1" 301 0 "-" "-"
20.91.129.11 - - [17/Apr/2026:21:36:21 -0400] "GET /left-sidebar.php HTTP/1.1" 404 55224 "-" "-"
20.91.129.11 - - [17/Apr/2026:21:36:23 -0400] "GET /yas.php HTTP/1.1" 404 55224 "-" "-"
20.91.129.11 - - [17/Apr/2026:21:36:24 -0400] "GET /tk.php HTTP/1.1" 301 0 "-" "-"
20.91.129.11 - - [17/Apr/2026:21:36:24 -0400] "GET /tk.php HTTP/1.1" 404 55224 "-" "-"
20.91.129.11 - - [17/Apr/2026:21:36:25 -0400] "GET /bthil.php HTTP/1.1" 301 0 "-" "-"
20.91.129.11 - - [17/Apr/2026:21:36:26 -0400] "GET /bthil.php HTTP/1.1" 404 55224 "-" "-"
20.91.129.11 - - [17/Apr/2026:21:36:28 -0400] "GET /sadcut1.php HTTP/1.1" 404 55224 "-" "-"
20.91.129.11 - - [17/Apr/2026:21:36:29 -0400] "GET /sd.php HTTP/1.1" 301 0 "-" "-"
20.91.129.11 - - [17/Apr/2026:21:36:30 -0400] "GET /sd.php HTTP/1.1" 404 55224 "-" "-"
20.91.129.11 - - [17/Apr/2026:21:36:33 -0400] "GET /css/w3llstore.php HTTP/1.1" 301 0 "-" "-"
20.91.129.11 - - [17/Apr/2026:21:36:33 -0400] "GET /css/w3llstore.php HTTP/1.1" 404 55224 "-" "-"
20.91.129.11 - - [17/Apr/2026:21:36:34 -0400] "GET /w3llstore.php HTTP/1.1" 301 0 "-" "-"
20.91.129.11 - - [17/Apr/2026:21:36:36 -0400] "GET /w3llstore.php HTTP/1.1" 404 55224 "-" "-"
20.91.129.11 - - [17/Apr/2026:21:36:38 -0400] "GET /css/themes.php HTTP/1.1" 404 55224 "-" "-"
20.91.129.11 - - [17/Apr/2026:21:36:39 -0400] "GET /themes.php HTTP/1.1" 301 0 "-" "-"
216.244.66.227 - - [17/Apr/2026:21:45:09 -0400] "GET /robots.txt HTTP/1.1" 200 122 "-" "Mozilla/5.0 (compatible; DotBot/1.2; +https://opensiteexplorer.org/dotbot; [email protected])"
162.213.253.84 - - [17/Apr/2026:22:00:11 -0400] "POST /wp-cron.php?doing_wp_cron=1776477611.0495309829711914062500 HTTP/1.1" 200 0 "http://www.thedubaitoday.com/wp-cron.php?doing_wp_cron=1776477611.0495309829711914062500" "WordPress/5.5.16; https://www.thedubaitoday.com"
110.249.201.139 - - [17/Apr/2026:22:00:10 -0400] "GET /robots.txt HTTP/1.1" 301 0 "-" "Mozilla/5.0 (Linux; Android 5.0) AppleWebKit/537.36 (KHTML, like Gecko) Mobile Safari/537.36 (compatible; Bytespider; https://zhanzhang.toutiao.com/)"
110.249.201.187 - - [17/Apr/2026:22:00:13 -0400] "GET /robots.txt HTTP/1.1" 200 117 "-" "Mozilla/5.0 (Linux; Android 5.0) AppleWebKit/537.36 (KHTML, like Gecko) Mobile Safari/537.36 (compatible; Bytespider; https://zhanzhang.toutiao.com/)"
216.244.66.227 - - [17/Apr/2026:22:07:02 -0400] "GET /mamiya-diamonds-shines-bright-in-dubais-jewelry-couture-with-bespoke-and-lab-grown-technology/ HTTP/1.1" 200 70857 "-" "Mozilla/5.0 (compatible; DotBot/1.2; +https://opensiteexplorer.org/dotbot; [email protected])"
216.244.66.227 - - [17/Apr/2026:22:26:06 -0400] "GET /page/115/ HTTP/1.1" 301 0 "-" "Mozilla/5.0 (compatible; DotBot/1.2; +https://opensiteexplorer.org/dotbot; [email protected])"
216.244.66.227 - - [17/Apr/2026:22:26:36 -0400] "GET /page/163/ HTTP/1.1" 301 0 "-" "Mozilla/5.0 (compatible; DotBot/1.2; +https://opensiteexplorer.org/dotbot; [email protected])"
216.244.66.227 - - [17/Apr/2026:22:27:04 -0400] "GET /page/59/ HTTP/1.1" 301 0 "-" "Mozilla/5.0 (compatible; DotBot/1.2; +https://opensiteexplorer.org/dotbot; [email protected])"
43.167.239.66 - - [17/Apr/2026:22:44:10 -0400] "GET / HTTP/1.1" 301 0 "-" "Mozilla/5.0 (iPhone; CPU iPhone OS 13_2_3 like Mac OS X) AppleWebKit/605.1.15 (KHTML, like Gecko) Version/13.0.3 Mobile/15E148 Safari/604.1"
216.244.66.227 - - [17/Apr/2026:22:50:43 -0400] "GET /robots.txt HTTP/1.1" 200 122 "-" "Mozilla/5.0 (compatible; DotBot/1.2; +https://opensiteexplorer.org/dotbot; [email protected])"
3.67.189.71 - - [17/Apr/2026:22:59:57 -0400] "HEAD / HTTP/1.1" 301 0 "-" "Python/3.10 aiohttp/3.10.10"
52.57.86.79 - - [17/Apr/2026:23:12:07 -0400] "HEAD / HTTP/1.1" 301 0 "-" "Python/3.10 aiohttp/3.10.10"
216.244.66.227 - - [17/Apr/2026:23:19:43 -0400] "GET /?p=8204 HTTP/1.1" 301 0 "-" "Mozilla/5.0 (compatible; DotBot/1.2; +https://opensiteexplorer.org/dotbot; [email protected])"
216.244.66.227 - - [17/Apr/2026:23:28:51 -0400] "GET /page/156/ HTTP/1.1" 301 0 "-" "Mozilla/5.0 (compatible; DotBot/1.2; +https://opensiteexplorer.org/dotbot; [email protected])"
216.244.66.227 - - [17/Apr/2026:23:28:46 -0400] "GET /page/140/ HTTP/1.1" 301 0 "-" "Mozilla/5.0 (compatible; DotBot/1.2; +https://opensiteexplorer.org/dotbot; [email protected])"
216.244.66.227 - - [17/Apr/2026:23:28:55 -0400] "GET /page/4/ HTTP/1.1" 301 0 "-" "Mozilla/5.0 (compatible; DotBot/1.2; +https://opensiteexplorer.org/dotbot; [email protected])"
216.244.66.227 - - [17/Apr/2026:23:39:17 -0400] "GET /robots.txt HTTP/1.1" 200 122 "-" "Mozilla/5.0 (compatible; DotBot/1.2; +https://opensiteexplorer.org/dotbot; [email protected])"
162.213.253.84 - - [17/Apr/2026:23:45:37 -0400] "POST /wp-cron.php?doing_wp_cron=1776483937.8300480842590332031250 HTTP/1.1" 200 0 "http://www.thedubaitoday.com/wp-cron.php?doing_wp_cron=1776483937.8300480842590332031250" "WordPress/5.5.16; https://www.thedubaitoday.com"
3.75.131.35 - - [17/Apr/2026:23:45:37 -0400] "HEAD / HTTP/1.1" 301 0 "-" "Python/3.10 aiohttp/3.10.10"
216.244.66.227 - - [17/Apr/2026:23:46:03 -0400] "GET /seif-el-hakim-crowns-the-winners-at-fashion-factor-dubai/ HTTP/1.1" 200 68099 "-" "Mozilla/5.0 (compatible; DotBot/1.2; +https://opensiteexplorer.org/dotbot; [email protected])"
162.213.253.84 - - [18/Apr/2026:00:16:23 -0400] "POST /wp-cron.php?doing_wp_cron=1776485783.2818210124969482421875 HTTP/1.1" 200 0 "http://www.thedubaitoday.com/wp-cron.php?doing_wp_cron=1776485783.2818210124969482421875" "WordPress/5.5.16; https://www.thedubaitoday.com"
216.244.66.227 - - [18/Apr/2026:00:16:22 -0400] "GET /page/95/ HTTP/1.1" 301 0 "-" "Mozilla/5.0 (compatible; DotBot/1.2; +https://opensiteexplorer.org/dotbot; [email protected])"
107.189.18.50 - - [18/Apr/2026:00:18:19 -0400] "GET /unzipper.php HTTP/1.1" 301 0 "-" "Python-urllib/2.7"
107.189.18.50 - - [18/Apr/2026:00:18:20 -0400] "GET /unzipper.php HTTP/1.1" 404 55224 "-" "Python-urllib/2.7"
50.114.33.193 - - [18/Apr/2026:00:19:31 -0400] "GET //wp-json/wp/v2/posts HTTP/1.0" 200 51386 "-" "Mozilla/5.0 (Windows NT 10.0; Win64; x64) AppleWebKit/537.36 (KHTML, like Gecko) Chrome/120.0.0.0 Safari/537.36"
216.244.66.227 - - [18/Apr/2026:00:29:57 -0400] "GET /robots.txt HTTP/1.1" 200 122 "-" "Mozilla/5.0 (compatible; DotBot/1.2; +https://opensiteexplorer.org/dotbot; [email protected])"
216.244.66.227 - - [18/Apr/2026:01:06:41 -0400] "GET /page/25/ HTTP/1.1" 301 0 "-" "Mozilla/5.0 (compatible; DotBot/1.2; +https://opensiteexplorer.org/dotbot; [email protected])"
216.244.66.227 - - [18/Apr/2026:01:06:46 -0400] "GET /page/52/ HTTP/1.1" 301 0 "-" "Mozilla/5.0 (compatible; DotBot/1.2; +https://opensiteexplorer.org/dotbot; [email protected])"
216.244.66.227 - - [18/Apr/2026:01:21:29 -0400] "GET /robots.txt HTTP/1.1" 200 122 "-" "Mozilla/5.0 (compatible; DotBot/1.2; +https://opensiteexplorer.org/dotbot; [email protected])"
162.213.253.84 - - [18/Apr/2026:01:15:04 -0400] "POST /wp-cron.php?doing_wp_cron=1776489304.1913540363311767578125 HTTP/1.1" 200 0 "http://www.thedubaitoday.com/wp-cron.php?doing_wp_cron=1776489304.1913540363311767578125" "WordPress/5.5.16; https://www.thedubaitoday.com"
124.222.86.149 - - [18/Apr/2026:01:15:03 -0400] "GET /wp-json/wp/v2/posts HTTP/1.1" 200 51386 "-" "Mozilla/5.0 (Windows NT 10.0; Win64; x64) AppleWebKit/537.36 (KHTML, like Gecko) Chrome/120.0.0.0 Safari/537.36"
173.252.70.28 - - [18/Apr/2026:01:26:28 -0400] "GET /robots.txt HTTP/1.1" 301 0 "-" "facebookexternalhit/1.1 (+http://www.facebook.com/externalhit_uatext.php)"
173.252.70.28 - - [18/Apr/2026:01:26:28 -0400] "GET /robots.txt HTTP/1.1" 200 122 "-" "facebookexternalhit/1.1 (+http://www.facebook.com/externalhit_uatext.php)"
216.244.66.227 - - [18/Apr/2026:01:48:19 -0400] "GET /?p=4895 HTTP/1.1" 301 0 "-" "Mozilla/5.0 (compatible; DotBot/1.2; +https://opensiteexplorer.org/dotbot; [email protected])"
216.244.66.227 - - [18/Apr/2026:02:28:02 -0400] "GET /robots.txt HTTP/1.1" 200 122 "-" "Mozilla/5.0 (compatible; DotBot/1.2; +https://opensiteexplorer.org/dotbot; [email protected])"
216.244.66.227 - - [18/Apr/2026:02:34:34 -0400] "GET /category/travel-tourism/airlines/ HTTP/1.1" 200 87306 "-" "Mozilla/5.0 (compatible; DotBot/1.2; +https://opensiteexplorer.org/dotbot; [email protected])"
49.234.192.248 - - [18/Apr/2026:02:38:10 -0400] "GET / HTTP/1.1" 301 0 "-" "Mozilla/5.0 (iPhone; CPU iPhone OS 13_2_3 like Mac OS X) AppleWebKit/605.1.15 (KHTML, like Gecko) Version/13.0.3 Mobile/15E148 Safari/604.1"
51.68.111.205 - - [18/Apr/2026:03:19:30 -0400] "GET /robots.txt HTTP/1.1" 200 103 "-" "Mozilla/5.0 (compatible; MJ12bot/v2.0.5; http://mj12bot.com/)"
51.68.111.205 - - [18/Apr/2026:03:19:31 -0400] "GET / HTTP/1.1" 301 0 "-" "Mozilla/5.0 (compatible; MJ12bot/v2.0.5; http://mj12bot.com/)"
216.244.66.227 - - [18/Apr/2026:03:17:25 -0400] "GET /robots.txt HTTP/1.1" 200 122 "-" "Mozilla/5.0 (compatible; DotBot/1.2; +https://opensiteexplorer.org/dotbot; [email protected])"
51.68.111.205 - - [18/Apr/2026:03:19:30 -0400] "GET /robots.txt HTTP/1.1" 301 0 "-" "Mozilla/5.0 (compatible; MJ12bot/v2.0.5; http://mj12bot.com/)"
216.244.66.227 - - [18/Apr/2026:04:20:28 -0400] "GET /robots.txt HTTP/1.1" 200 122 "-" "Mozilla/5.0 (compatible; DotBot/1.2; +https://opensiteexplorer.org/dotbot; [email protected])"
66.249.68.133 - - [18/Apr/2026:04:55:04 -0400] "GET /robots.txt HTTP/1.1" 301 0 "-" "Mozilla/5.0 (compatible; Googlebot/2.1; +http://www.google.com/bot.html)"
66.249.68.67 - - [18/Apr/2026:04:55:04 -0400] "GET /robots.txt HTTP/1.1" 200 103 "-" "Mozilla/5.0 (compatible; Googlebot/2.1; +http://www.google.com/bot.html)"
66.249.68.133 - - [18/Apr/2026:04:55:04 -0400] "GET / HTTP/1.1" 301 0 "-" "Mozilla/5.0 (compatible; Googlebot/2.1; +http://www.google.com/bot.html)"
216.244.66.227 - - [18/Apr/2026:04:57:06 -0400] "GET /international-reports-real-estate-key-driver-of-uae-economic-growth/ HTTP/1.1" 200 69654 "-" "Mozilla/5.0 (compatible; DotBot/1.2; +https://opensiteexplorer.org/dotbot; [email protected])"
216.244.66.227 - - [18/Apr/2026:05:08:09 -0400] "GET /robots.txt HTTP/1.1" 200 122 "-" "Mozilla/5.0 (compatible; DotBot/1.2; +https://opensiteexplorer.org/dotbot; [email protected])"
49.51.73.183 - - [18/Apr/2026:05:16:38 -0400] "GET / HTTP/1.1" 301 0 "-" "Mozilla/5.0 (iPhone; CPU iPhone OS 13_2_3 like Mac OS X) AppleWebKit/605.1.15 (KHTML, like Gecko) Version/13.0.3 Mobile/15E148 Safari/604.1"
216.244.66.227 - - [18/Apr/2026:05:32:14 -0400] "GET /page/83/ HTTP/1.1" 301 0 "-" "Mozilla/5.0 (compatible; DotBot/1.2; +https://opensiteexplorer.org/dotbot; [email protected])"
216.244.66.227 - - [18/Apr/2026:05:33:28 -0400] "GET /rak-new-years-eve-fireworks-to-feature-one-of-worlds-largest-pyrotechnics-performances-to-welcome-2021/ HTTP/1.1" 200 70549 "-" "Mozilla/5.0 (compatible; DotBot/1.2; +https://opensiteexplorer.org/dotbot; [email protected])"
216.244.66.227 - - [18/Apr/2026:05:36:42 -0400] "GET /kerala-offers-huge-investment-avenues-in-tourism-sector-tourism-minister/ HTTP/1.1" 200 67942 "-" "Mozilla/5.0 (compatible; DotBot/1.2; +https://opensiteexplorer.org/dotbot; [email protected])"
216.244.66.227 - - [18/Apr/2026:05:32:09 -0400] "GET /page/26/ HTTP/1.1" 301 0 "-" "Mozilla/5.0 (compatible; DotBot/1.2; +https://opensiteexplorer.org/dotbot; [email protected])"
216.244.66.227 - - [18/Apr/2026:05:35:16 -0400] "GET /us-pavilion-at-expo-to-share-spirit-of-freedom-that-inspires-to-create-innovate-commissioner-general/ HTTP/1.1" 200 71144 "-" "Mozilla/5.0 (compatible; DotBot/1.2; +https://opensiteexplorer.org/dotbot; [email protected])"
92.118.234.222 - - [18/Apr/2026:05:52:08 -0400] "GET /wp-json/wp/v2/posts HTTP/1.1" 200 51386 "-" "Mozilla/5.0 (Windows NT 10.0; Win64; x64) AppleWebKit/537.36 (KHTML, like Gecko) Chrome/120.0.0.0 Safari/537.36"
216.244.66.227 - - [18/Apr/2026:05:55:20 -0400] "GET /robots.txt HTTP/1.1" 200 122 "-" "Mozilla/5.0 (compatible; DotBot/1.2; +https://opensiteexplorer.org/dotbot; [email protected])"
124.156.179.141 - - [18/Apr/2026:05:59:30 -0400] "GET / HTTP/1.1" 301 0 "-" "Mozilla/5.0 (iPhone; CPU iPhone OS 13_2_3 like Mac OS X) AppleWebKit/605.1.15 (KHTML, like Gecko) Version/13.0.3 Mobile/15E148 Safari/604.1"
216.244.66.227 - - [18/Apr/2026:06:20:11 -0400] "GET /page/120/ HTTP/1.1" 301 0 "-" "Mozilla/5.0 (compatible; DotBot/1.2; +https://opensiteexplorer.org/dotbot; [email protected])"
216.244.66.227 - - [18/Apr/2026:06:20:16 -0400] "GET /page/41/ HTTP/1.1" 301 0 "-" "Mozilla/5.0 (compatible; DotBot/1.2; +https://opensiteexplorer.org/dotbot; [email protected])"
94.131.106.235 - - [18/Apr/2026:06:33:31 -0400] "GET /wp-json/wp/v2/posts HTTP/1.1" 200 51386 "-" "Mozilla/5.0 (Windows NT 10.0; Win64; x64) AppleWebKit/537.36 (KHTML, like Gecko) Chrome/120.0.0.0 Safari/537.36"
38.60.196.214 - - [18/Apr/2026:06:33:30 -0400] "GET /wp-json/wp/v2/posts HTTP/1.0" 200 0 "-" "Mozilla/5.0 (Windows NT 10.0; Win64; x64) AppleWebKit/537.36 (KHTML, like Gecko) Chrome/120.0.0.0 Safari/537.36"
216.244.66.227 - - [18/Apr/2026:06:43:25 -0400] "GET /robots.txt HTTP/1.1" 200 122 "-" "Mozilla/5.0 (compatible; DotBot/1.2; +https://opensiteexplorer.org/dotbot; [email protected])"
216.244.66.227 - - [18/Apr/2026:07:04:52 -0400] "GET /page/127/ HTTP/1.1" 301 0 "-" "Mozilla/5.0 (compatible; DotBot/1.2; +https://opensiteexplorer.org/dotbot; [email protected])"
216.244.66.227 - - [18/Apr/2026:07:05:04 -0400] "GET /page/94/ HTTP/1.1" 301 0 "-" "Mozilla/5.0 (compatible; DotBot/1.2; +https://opensiteexplorer.org/dotbot; [email protected])"
162.213.253.84 - - [18/Apr/2026:07:04:52 -0400] "POST /wp-cron.php?doing_wp_cron=1776510292.8905529975891113281250 HTTP/1.1" 200 0 "http://www.thedubaitoday.com/wp-cron.php?doing_wp_cron=1776510292.8905529975891113281250" "WordPress/5.5.16; https://www.thedubaitoday.com"
216.244.66.227 - - [18/Apr/2026:07:04:59 -0400] "GET /page/9/ HTTP/1.1" 301 0 "-" "Mozilla/5.0 (compatible; DotBot/1.2; +https://opensiteexplorer.org/dotbot; [email protected])"