66.102.6.66 - - [18/Apr/2026:00:39:20 -0400] "GET /wp-content/plugins/order-tracking/css/pure-grids-nr.css?ver=2.11.9 HTTP/1.1" 200 476 "http://tejoversea.com/contact-us/" "Mozilla/5.0 (Linux; Android 10; K) AppleWebKit/537.36 (KHTML, like Gecko) Chrome/138.0.0.0 Mobile Safari/537.36 (compatible; Google-Read-Aloud; +https://support.google.com/webmasters/answer/1061943)"
66.102.6.66 - - [18/Apr/2026:00:39:20 -0400] "GET /wp-content/plugins/contact-form-7/includes/css/styles.css?ver=5.6.3 HTTP/1.1" 200 848 "http://tejoversea.com/contact-us/" "Mozilla/5.0 (Linux; Android 10; K) AppleWebKit/537.36 (KHTML, like Gecko) Chrome/138.0.0.0 Mobile Safari/537.36 (compatible; Google-Read-Aloud; +https://support.google.com/webmasters/answer/1061943)"
66.102.6.67 - - [18/Apr/2026:00:39:20 -0400] "GET /wp-content/plugins/elementor/assets/css/frontend-lite.min.css?ver=3.7.7 HTTP/1.1" 200 12986 "http://tejoversea.com/contact-us/" "Mozilla/5.0 (Linux; Android 10; K) AppleWebKit/537.36 (KHTML, like Gecko) Chrome/138.0.0.0 Mobile Safari/537.36 (compatible; Google-Read-Aloud; +https://support.google.com/webmasters/answer/1061943)"
66.102.6.66 - - [18/Apr/2026:00:39:20 -0400] "GET /wp-content/plugins/order-tracking/css/pure-forms.css?ver=2.11.9 HTTP/1.1" 200 1457 "http://tejoversea.com/contact-us/" "Mozilla/5.0 (Linux; Android 10; K) AppleWebKit/537.36 (KHTML, like Gecko) Chrome/138.0.0.0 Mobile Safari/537.36 (compatible; Google-Read-Aloud; +https://support.google.com/webmasters/answer/1061943)"
66.102.6.67 - - [18/Apr/2026:00:39:20 -0400] "GET /wp-includes/js/jquery/jquery.min.js?ver=3.6.0 HTTP/1.1" 200 30273 "http://tejoversea.com/contact-us/" "Mozilla/5.0 (Linux; Android 10; K) AppleWebKit/537.36 (KHTML, like Gecko) Chrome/138.0.0.0 Mobile Safari/537.36 (compatible; Google-Read-Aloud; +https://support.google.com/webmasters/answer/1061943)"
66.102.6.67 - - [18/Apr/2026:00:39:20 -0400] "GET /wp-content/plugins/creame-whatsapp-me/public/css/joinchat-btn.min.css?ver=4.5.9 HTTP/1.1" 200 1951 "http://tejoversea.com/contact-us/" "Mozilla/5.0 (Linux; Android 10; K) AppleWebKit/537.36 (KHTML, like Gecko) Chrome/138.0.0.0 Mobile Safari/537.36 (compatible; Google-Read-Aloud; +https://support.google.com/webmasters/answer/1061943)"
66.249.88.225 - - [18/Apr/2026:00:39:20 -0400] "GET /wp-content/themes/logistek/assets/fonts/fontawesome/webfonts/fa-solid-900.woff2 HTTP/1.1" 200 79444 "http://tejoversea.com/wp-content/themes/logistek/assets/fonts/fontawesome/css/all.css?ver=6.0.2" "Mozilla/5.0 (Linux; Android 10; K) AppleWebKit/537.36 (KHTML, like Gecko) Chrome/138.0.0.0 Mobile Safari/537.36 (compatible; Google-Read-Aloud; +https://support.google.com/webmasters/answer/1061943)"
66.102.6.65 - - [18/Apr/2026:00:39:20 -0400] "GET /wp-includes/js/jquery/ui/core.min.js?ver=1.13.1 HTTP/1.1" 200 6637 "http://tejoversea.com/contact-us/" "Mozilla/5.0 (Linux; Android 10; K) AppleWebKit/537.36 (KHTML, like Gecko) Chrome/138.0.0.0 Mobile Safari/537.36 (compatible; Google-Read-Aloud; +https://support.google.com/webmasters/answer/1061943)"
66.102.6.66 - - [18/Apr/2026:00:39:20 -0400] "GET /wp-content/themes/logistek/assets/js/bootstrap.min.js?ver=6.0.2 HTTP/1.1" 200 13378 "http://tejoversea.com/contact-us/" "Mozilla/5.0 (Linux; Android 10; K) AppleWebKit/537.36 (KHTML, like Gecko) Chrome/138.0.0.0 Mobile Safari/537.36 (compatible; Google-Read-Aloud; +https://support.google.com/webmasters/answer/1061943)"
66.102.6.67 - - [18/Apr/2026:00:39:20 -0400] "GET /wp-content/themes/logistek/style.css?ver=2021-04-14 HTTP/1.1" 200 4684 "http://tejoversea.com/contact-us/" "Mozilla/5.0 (Linux; Android 10; K) AppleWebKit/537.36 (KHTML, like Gecko) Chrome/138.0.0.0 Mobile Safari/537.36 (compatible; Google-Read-Aloud; +https://support.google.com/webmasters/answer/1061943)"
66.102.6.65 - - [18/Apr/2026:00:39:20 -0400] "GET /wp-includes/js/wp-emoji-release.min.js?ver=6.0.2 HTTP/1.1" 200 4619 "http://tejoversea.com/contact-us/" "Mozilla/5.0 (Linux; Android 10; K) AppleWebKit/537.36 (KHTML, like Gecko) Chrome/138.0.0.0 Mobile Safari/537.36 (compatible; Google-Read-Aloud; +https://support.google.com/webmasters/answer/1061943)"
66.102.6.65 - - [18/Apr/2026:00:39:20 -0400] "GET /wp-includes/js/jquery/ui/datepicker.min.js?ver=1.13.1 HTTP/1.1" 200 10499 "http://tejoversea.com/contact-us/" "Mozilla/5.0 (Linux; Android 10; K) AppleWebKit/537.36 (KHTML, like Gecko) Chrome/138.0.0.0 Mobile Safari/537.36 (compatible; Google-Read-Aloud; +https://support.google.com/webmasters/answer/1061943)"
66.249.88.225 - - [18/Apr/2026:00:39:20 -0400] "GET /wp-content/themes/logistek/assets/fonts/fontawesome/webfonts/fa-brands-400.woff2 HTTP/1.1" 200 76612 "http://tejoversea.com/wp-content/themes/logistek/assets/fonts/fontawesome/css/all.css?ver=6.0.2" "Mozilla/5.0 (Linux; Android 10; K) AppleWebKit/537.36 (KHTML, like Gecko) Chrome/138.0.0.0 Mobile Safari/537.36 (compatible; Google-Read-Aloud; +https://support.google.com/webmasters/answer/1061943)"
66.249.88.225 - - [18/Apr/2026:00:39:20 -0400] "GET /wp-content/themes/logistek/assets/fonts/webexicon/fonts/webexicon.ttf?aeef8j HTTP/1.1" 200 218068 "http://tejoversea.com/wp-content/themes/logistek/assets/fonts/webexicon/style.css?ver=6.0.2" "Mozilla/5.0 (Linux; Android 10; K) AppleWebKit/537.36 (KHTML, like Gecko) Chrome/138.0.0.0 Mobile Safari/537.36 (compatible; Google-Read-Aloud; +https://support.google.com/webmasters/answer/1061943)"
66.102.6.67 - - [18/Apr/2026:00:39:20 -0400] "GET /wp-content/themes/logistek/assets/js/jquery.v1.12.4.min.js?ver=6.0.2 HTTP/1.1" 200 32850 "http://tejoversea.com/contact-us/" "Mozilla/5.0 (Linux; Android 10; K) AppleWebKit/537.36 (KHTML, like Gecko) Chrome/138.0.0.0 Mobile Safari/537.36 (compatible; Google-Read-Aloud; +https://support.google.com/webmasters/answer/1061943)"
66.102.6.65 - - [18/Apr/2026:00:39:20 -0400] "GET /wp-content/themes/logistek/assets/revolution/js/extensions/revolution.extension.parallax.min.js?ver=6.0.2 HTTP/1.1" 200 2917 "http://tejoversea.com/contact-us/" "Mozilla/5.0 (Linux; Android 10; K) AppleWebKit/537.36 (KHTML, like Gecko) Chrome/138.0.0.0 Mobile Safari/537.36 (compatible; Google-Read-Aloud; +https://support.google.com/webmasters/answer/1061943)"
66.102.6.65 - - [18/Apr/2026:00:39:20 -0400] "GET /wp-content/themes/logistek/assets/revolution/js/extensions/revolution.extension.navigation.min.js?ver=6.0.2 HTTP/1.1" 200 6714 "http://tejoversea.com/contact-us/" "Mozilla/5.0 (Linux; Android 10; K) AppleWebKit/537.36 (KHTML, like Gecko) Chrome/138.0.0.0 Mobile Safari/537.36 (compatible; Google-Read-Aloud; +https://support.google.com/webmasters/answer/1061943)"
66.102.6.66 - - [18/Apr/2026:00:39:20 -0400] "GET /wp-content/themes/logistek/assets/js/owl.carousel.min.js?ver=6.0.2 HTTP/1.1" 200 11139 "http://tejoversea.com/contact-us/" "Mozilla/5.0 (Linux; Android 10; K) AppleWebKit/537.36 (KHTML, like Gecko) Chrome/138.0.0.0 Mobile Safari/537.36 (compatible; Google-Read-Aloud; +https://support.google.com/webmasters/answer/1061943)"
66.102.6.65 - - [18/Apr/2026:00:39:20 -0400] "GET /wp-content/themes/logistek/assets/js/jquery.counterup.min.js?ver=6.0.2 HTTP/1.1" 200 496 "http://tejoversea.com/contact-us/" "Mozilla/5.0 (Linux; Android 10; K) AppleWebKit/537.36 (KHTML, like Gecko) Chrome/138.0.0.0 Mobile Safari/537.36 (compatible; Google-Read-Aloud; +https://support.google.com/webmasters/answer/1061943)"
66.102.6.67 - - [18/Apr/2026:00:39:20 -0400] "GET /wp-content/themes/logistek/assets/revolution/js/jquery.themepunch.tools.min.js?ver=6.0.2 HTTP/1.1" 200 32595 "http://tejoversea.com/contact-us/" "Mozilla/5.0 (Linux; Android 10; K) AppleWebKit/537.36 (KHTML, like Gecko) Chrome/138.0.0.0 Mobile Safari/537.36 (compatible; Google-Read-Aloud; +https://support.google.com/webmasters/answer/1061943)"
66.102.6.66 - - [18/Apr/2026:00:39:20 -0400] "GET /wp-content/themes/logistek/assets/revolution/js/extensions/revolution.extension.layeranimation.min.js?ver=6.0.2 HTTP/1.1" 200 12341 "http://tejoversea.com/contact-us/" "Mozilla/5.0 (Linux; Android 10; K) AppleWebKit/537.36 (KHTML, like Gecko) Chrome/138.0.0.0 Mobile Safari/537.36 (compatible; Google-Read-Aloud; +https://support.google.com/webmasters/answer/1061943)"
66.102.6.67 - - [18/Apr/2026:00:39:20 -0400] "GET /wp-content/themes/logistek/assets/revolution/js/extensions/revolution.extension.migration.min.js?ver=6.0.2 HTTP/1.1" 200 1593 "http://tejoversea.com/contact-us/" "Mozilla/5.0 (Linux; Android 10; K) AppleWebKit/537.36 (KHTML, like Gecko) Chrome/138.0.0.0 Mobile Safari/537.36 (compatible; Google-Read-Aloud; +https://support.google.com/webmasters/answer/1061943)"
66.102.6.67 - - [18/Apr/2026:00:39:20 -0400] "GET /wp-content/themes/logistek/assets/js/isotope.pkgd.min.js?ver=6.0.2 HTTP/1.1" 200 9601 "http://tejoversea.com/contact-us/" "Mozilla/5.0 (Linux; Android 10; K) AppleWebKit/537.36 (KHTML, like Gecko) Chrome/138.0.0.0 Mobile Safari/537.36 (compatible; Google-Read-Aloud; +https://support.google.com/webmasters/answer/1061943)"
66.102.6.66 - - [18/Apr/2026:00:39:20 -0400] "GET /wp-content/plugins/logistek-elementor/assets/js/bdevs-elementor.js?ver=1.0.0 HTTP/1.1" 200 263 "http://tejoversea.com/contact-us/" "Mozilla/5.0 (Linux; Android 10; K) AppleWebKit/537.36 (KHTML, like Gecko) Chrome/138.0.0.0 Mobile Safari/537.36 (compatible; Google-Read-Aloud; +https://support.google.com/webmasters/answer/1061943)"
66.102.6.66 - - [18/Apr/2026:00:39:20 -0400] "GET /wp-content/themes/logistek/assets/js/imagesloaded.pkgd.min.js?ver=6.0.2 HTTP/1.1" 200 1712 "http://tejoversea.com/contact-us/" "Mozilla/5.0 (Linux; Android 10; K) AppleWebKit/537.36 (KHTML, like Gecko) Chrome/138.0.0.0 Mobile Safari/537.36 (compatible; Google-Read-Aloud; +https://support.google.com/webmasters/answer/1061943)"
66.102.6.67 - - [18/Apr/2026:00:39:20 -0400] "GET /wp-content/plugins/elementor-pro/assets/js/webpack-pro.runtime.min.js?ver=3.7.7 HTTP/1.1" 200 2188 "http://tejoversea.com/contact-us/" "Mozilla/5.0 (Linux; Android 10; K) AppleWebKit/537.36 (KHTML, like Gecko) Chrome/138.0.0.0 Mobile Safari/537.36 (compatible; Google-Read-Aloud; +https://support.google.com/webmasters/answer/1061943)"
66.102.6.66 - - [18/Apr/2026:00:39:20 -0400] "GET /wp-content/themes/logistek/assets/js/jquery.magnific-popup.min.js?ver=6.0.2 HTTP/1.1" 200 7043 "http://tejoversea.com/contact-us/" "Mozilla/5.0 (Linux; Android 10; K) AppleWebKit/537.36 (KHTML, like Gecko) Chrome/138.0.0.0 Mobile Safari/537.36 (compatible; Google-Read-Aloud; +https://support.google.com/webmasters/answer/1061943)"
66.102.6.65 - - [18/Apr/2026:00:39:20 -0400] "GET /wp-content/themes/logistek/assets/revolution/js/extensions/revolution.extension.slideanims.min.js?ver=6.0.2 HTTP/1.1" 200 6396 "http://tejoversea.com/contact-us/" "Mozilla/5.0 (Linux; Android 10; K) AppleWebKit/537.36 (KHTML, like Gecko) Chrome/138.0.0.0 Mobile Safari/537.36 (compatible; Google-Read-Aloud; +https://support.google.com/webmasters/answer/1061943)"
66.102.6.67 - - [18/Apr/2026:00:39:20 -0400] "GET /wp-content/themes/logistek/assets/revolution/js/extensions/revolution.extension.carousel.min.js?ver=6.0.2 HTTP/1.1" 200 2462 "http://tejoversea.com/contact-us/" "Mozilla/5.0 (Linux; Android 10; K) AppleWebKit/537.36 (KHTML, like Gecko) Chrome/138.0.0.0 Mobile Safari/537.36 (compatible; Google-Read-Aloud; +https://support.google.com/webmasters/answer/1061943)"
66.102.6.67 - - [18/Apr/2026:00:39:20 -0400] "GET /wp-content/themes/logistek/assets/revolution/js/extensions/revolution.extension.kenburn.min.js?ver=6.0.2 HTTP/1.1" 200 1294 "http://tejoversea.com/contact-us/" "Mozilla/5.0 (Linux; Android 10; K) AppleWebKit/537.36 (KHTML, like Gecko) Chrome/138.0.0.0 Mobile Safari/537.36 (compatible; Google-Read-Aloud; +https://support.google.com/webmasters/answer/1061943)"
66.102.6.67 - - [18/Apr/2026:00:39:20 -0400] "GET /wp-content/themes/logistek/assets/js/jquery.meanmenu.min.js?ver=6.0.2 HTTP/1.1" 200 1303 "http://tejoversea.com/contact-us/" "Mozilla/5.0 (Linux; Android 10; K) AppleWebKit/537.36 (KHTML, like Gecko) Chrome/138.0.0.0 Mobile Safari/537.36 (compatible; Google-Read-Aloud; +https://support.google.com/webmasters/answer/1061943)"
66.102.6.67 - - [18/Apr/2026:00:39:20 -0400] "GET /wp-content/themes/logistek/assets/js/waypoints.min.js?ver=6.0.2 HTTP/1.1" 200 2461 "http://tejoversea.com/contact-us/" "Mozilla/5.0 (Linux; Android 10; K) AppleWebKit/537.36 (KHTML, like Gecko) Chrome/138.0.0.0 Mobile Safari/537.36 (compatible; Google-Read-Aloud; +https://support.google.com/webmasters/answer/1061943)"
66.102.6.65 - - [18/Apr/2026:00:39:20 -0400] "GET /wp-content/plugins/connect-contact-form-7-to-social-apps/assets/js/cf7cw-front-script.js?ver=1.5 HTTP/1.1" 200 500 "http://tejoversea.com/contact-us/" "Mozilla/5.0 (Linux; Android 10; K) AppleWebKit/537.36 (KHTML, like Gecko) Chrome/138.0.0.0 Mobile Safari/537.36 (compatible; Google-Read-Aloud; +https://support.google.com/webmasters/answer/1061943)"
66.102.6.65 - - [18/Apr/2026:00:39:20 -0400] "GET /wp-content/themes/logistek/assets/js/wow.js?ver=6.0.2 HTTP/1.1" 200 2035 "http://tejoversea.com/contact-us/" "Mozilla/5.0 (Linux; Android 10; K) AppleWebKit/537.36 (KHTML, like Gecko) Chrome/138.0.0.0 Mobile Safari/537.36 (compatible; Google-Read-Aloud; +https://support.google.com/webmasters/answer/1061943)"
66.102.6.65 - - [18/Apr/2026:00:39:20 -0400] "GET /wp-content/plugins/elementor/assets/js/frontend.min.js?ver=3.7.7 HTTP/1.1" 200 11703 "http://tejoversea.com/contact-us/" "Mozilla/5.0 (Linux; Android 10; K) AppleWebKit/537.36 (KHTML, like Gecko) Chrome/138.0.0.0 Mobile Safari/537.36 (compatible; Google-Read-Aloud; +https://support.google.com/webmasters/answer/1061943)"
66.102.6.65 - - [18/Apr/2026:00:39:20 -0400] "GET /wp-includes/js/dist/vendor/wp-polyfill.min.js?ver=3.15.0 HTTP/1.1" 200 6872 "http://tejoversea.com/contact-us/" "Mozilla/5.0 (Linux; Android 10; K) AppleWebKit/537.36 (KHTML, like Gecko) Chrome/138.0.0.0 Mobile Safari/537.36 (compatible; Google-Read-Aloud; +https://support.google.com/webmasters/answer/1061943)"
66.102.6.65 - - [18/Apr/2026:00:39:20 -0400] "GET /wp-includes/js/dist/vendor/regenerator-runtime.min.js?ver=0.13.9 HTTP/1.1" 200 2354 "http://tejoversea.com/contact-us/" "Mozilla/5.0 (Linux; Android 10; K) AppleWebKit/537.36 (KHTML, like Gecko) Chrome/138.0.0.0 Mobile Safari/537.36 (compatible; Google-Read-Aloud; +https://support.google.com/webmasters/answer/1061943)"
66.102.6.65 - - [18/Apr/2026:00:39:20 -0400] "GET /wp-includes/js/dist/i18n.min.js?ver=ebee46757c6a411e38fd079a7ac71d94 HTTP/1.1" 200 3717 "http://tejoversea.com/contact-us/" "Mozilla/5.0 (Linux; Android 10; K) AppleWebKit/537.36 (KHTML, like Gecko) Chrome/138.0.0.0 Mobile Safari/537.36 (compatible; Google-Read-Aloud; +https://support.google.com/webmasters/answer/1061943)"
66.102.6.67 - - [18/Apr/2026:00:39:20 -0400] "GET /wp-content/themes/logistek/assets/js/appear.js?ver=6.0.2 HTTP/1.1" 200 1226 "http://tejoversea.com/contact-us/" "Mozilla/5.0 (Linux; Android 10; K) AppleWebKit/537.36 (KHTML, like Gecko) Chrome/138.0.0.0 Mobile Safari/537.36 (compatible; Google-Read-Aloud; +https://support.google.com/webmasters/answer/1061943)"
66.102.6.66 - - [18/Apr/2026:00:39:20 -0400] "GET /wp-includes/js/dist/hooks.min.js?ver=c6d64f2cb8f5c6bb49caca37f8828ce3 HTTP/1.1" 200 1575 "http://tejoversea.com/contact-us/" "Mozilla/5.0 (Linux; Android 10; K) AppleWebKit/537.36 (KHTML, like Gecko) Chrome/138.0.0.0 Mobile Safari/537.36 (compatible; Google-Read-Aloud; +https://support.google.com/webmasters/answer/1061943)"
66.102.6.67 - - [18/Apr/2026:00:39:20 -0400] "GET /wp-content/plugins/creame-whatsapp-me/public/js/joinchat.min.js?ver=4.5.9 HTTP/1.1" 200 2504 "http://tejoversea.com/contact-us/" "Mozilla/5.0 (Linux; Android 10; K) AppleWebKit/537.36 (KHTML, like Gecko) Chrome/138.0.0.0 Mobile Safari/537.36 (compatible; Google-Read-Aloud; +https://support.google.com/webmasters/answer/1061943)"
66.102.6.66 - - [18/Apr/2026:00:39:20 -0400] "GET /wp-content/plugins/elementor/assets/lib/waypoints/waypoints.min.js?ver=4.0.2 HTTP/1.1" 200 2867 "http://tejoversea.com/contact-us/" "Mozilla/5.0 (Linux; Android 10; K) AppleWebKit/537.36 (KHTML, like Gecko) Chrome/138.0.0.0 Mobile Safari/537.36 (compatible; Google-Read-Aloud; +https://support.google.com/webmasters/answer/1061943)"
66.102.6.66 - - [18/Apr/2026:00:39:20 -0400] "GET /wp-content/themes/logistek/assets/revolution/js/extensions/revolution.extension.video.min.js?ver=6.0.2 HTTP/1.1" 200 5971 "http://tejoversea.com/contact-us/" "Mozilla/5.0 (Linux; Android 10; K) AppleWebKit/537.36 (KHTML, like Gecko) Chrome/138.0.0.0 Mobile Safari/537.36 (compatible; Google-Read-Aloud; +https://support.google.com/webmasters/answer/1061943)"
66.102.6.67 - - [18/Apr/2026:00:39:20 -0400] "GET /wp-content/plugins/elementor/assets/js/webpack.runtime.min.js?ver=3.7.7 HTTP/1.1" 200 2044 "http://tejoversea.com/contact-us/" "Mozilla/5.0 (Linux; Android 10; K) AppleWebKit/537.36 (KHTML, like Gecko) Chrome/138.0.0.0 Mobile Safari/537.36 (compatible; Google-Read-Aloud; +https://support.google.com/webmasters/answer/1061943)"
66.102.6.66 - - [18/Apr/2026:00:39:20 -0400] "GET /wp-content/themes/logistek/assets/js/main.js?ver=6.0.2 HTTP/1.1" 200 2788 "http://tejoversea.com/contact-us/" "Mozilla/5.0 (Linux; Android 10; K) AppleWebKit/537.36 (KHTML, like Gecko) Chrome/138.0.0.0 Mobile Safari/537.36 (compatible; Google-Read-Aloud; +https://support.google.com/webmasters/answer/1061943)"
66.102.6.66 - - [18/Apr/2026:00:39:20 -0400] "GET /wp-content/plugins/elementor-pro/assets/js/elements-handlers.min.js?ver=3.7.7 HTTP/1.1" 200 5290 "http://tejoversea.com/contact-us/" "Mozilla/5.0 (Linux; Android 10; K) AppleWebKit/537.36 (KHTML, like Gecko) Chrome/138.0.0.0 Mobile Safari/537.36 (compatible; Google-Read-Aloud; +https://support.google.com/webmasters/answer/1061943)"
66.102.6.65 - - [18/Apr/2026:00:39:20 -0400] "GET /wp-content/plugins/elementor/assets/js/frontend-modules.min.js?ver=3.7.7 HTTP/1.1" 200 10420 "http://tejoversea.com/contact-us/" "Mozilla/5.0 (Linux; Android 10; K) AppleWebKit/537.36 (KHTML, like Gecko) Chrome/138.0.0.0 Mobile Safari/537.36 (compatible; Google-Read-Aloud; +https://support.google.com/webmasters/answer/1061943)"
66.102.6.67 - - [18/Apr/2026:00:39:20 -0400] "GET /wp-content/themes/logistek/assets/fonts/fontawesome/webfonts/fa-solid-900.woff2 HTTP/1.1" 200 79444 "http://tejoversea.com/wp-content/themes/logistek/assets/fonts/fontawesome/css/all.css?ver=6.0.2" "Mozilla/5.0 (Linux; Android 10; K) AppleWebKit/537.36 (KHTML, like Gecko) Chrome/138.0.0.0 Mobile Safari/537.36 (compatible; Google-Read-Aloud; +https://support.google.com/webmasters/answer/1061943)"
66.102.6.67 - - [18/Apr/2026:00:39:20 -0400] "GET /wp-content/themes/logistek/assets/js/jquery.scrollUp.min.js?ver=6.0.2 HTTP/1.1" 200 853 "http://tejoversea.com/contact-us/" "Mozilla/5.0 (Linux; Android 10; K) AppleWebKit/537.36 (KHTML, like Gecko) Chrome/138.0.0.0 Mobile Safari/537.36 (compatible; Google-Read-Aloud; +https://support.google.com/webmasters/answer/1061943)"
66.102.6.65 - - [18/Apr/2026:00:39:20 -0400] "GET /wp-content/themes/logistek/assets/revolution/js/extensions/revolution.extension.actions.min.js?ver=6.0.2 HTTP/1.1" 200 2526 "http://tejoversea.com/contact-us/" "Mozilla/5.0 (Linux; Android 10; K) AppleWebKit/537.36 (KHTML, like Gecko) Chrome/138.0.0.0 Mobile Safari/537.36 (compatible; Google-Read-Aloud; +https://support.google.com/webmasters/answer/1061943)"
66.102.6.67 - - [18/Apr/2026:00:39:20 -0400] "GET /wp-content/themes/logistek/assets/revolution/js/jquery.themepunch.revolution.min.js?ver=6.0.2 HTTP/1.1" 200 16650 "http://tejoversea.com/contact-us/" "Mozilla/5.0 (Linux; Android 10; K) AppleWebKit/537.36 (KHTML, like Gecko) Chrome/138.0.0.0 Mobile Safari/537.36 (compatible; Google-Read-Aloud; +https://support.google.com/webmasters/answer/1061943)"
66.102.6.67 - - [18/Apr/2026:00:39:20 -0400] "GET /wp-content/themes/logistek/assets/revolution/js/slider_v1.js?ver=6.0.2 HTTP/1.1" 200 939 "http://tejoversea.com/contact-us/" "Mozilla/5.0 (Linux; Android 10; K) AppleWebKit/537.36 (KHTML, like Gecko) Chrome/138.0.0.0 Mobile Safari/537.36 (compatible; Google-Read-Aloud; +https://support.google.com/webmasters/answer/1061943)"
66.102.6.65 - - [18/Apr/2026:00:39:20 -0400] "GET /wp-content/plugins/elementor-pro/assets/js/frontend.min.js?ver=3.7.7 HTTP/1.1" 200 5506 "http://tejoversea.com/contact-us/" "Mozilla/5.0 (Linux; Android 10; K) AppleWebKit/537.36 (KHTML, like Gecko) Chrome/138.0.0.0 Mobile Safari/537.36 (compatible; Google-Read-Aloud; +https://support.google.com/webmasters/answer/1061943)"
66.102.6.67 - - [18/Apr/2026:00:39:20 -0400] "GET /wp-content/themes/logistek/assets/fonts/webexicon/fonts/webexicon.ttf?aeef8j HTTP/1.1" 200 218068 "http://tejoversea.com/wp-content/themes/logistek/assets/fonts/webexicon/style.css?ver=6.0.2" "Mozilla/5.0 (Linux; Android 10; K) AppleWebKit/537.36 (KHTML, like Gecko) Chrome/138.0.0.0 Mobile Safari/537.36 (compatible; Google-Read-Aloud; +https://support.google.com/webmasters/answer/1061943)"
66.102.6.67 - - [18/Apr/2026:00:39:20 -0400] "GET /wp-content/themes/logistek/assets/fonts/fontawesome/webfonts/fa-brands-400.woff2 HTTP/1.1" 200 76612 "http://tejoversea.com/wp-content/themes/logistek/assets/fonts/fontawesome/css/all.css?ver=6.0.2" "Mozilla/5.0 (Linux; Android 10; K) AppleWebKit/537.36 (KHTML, like Gecko) Chrome/138.0.0.0 Mobile Safari/537.36 (compatible; Google-Read-Aloud; +https://support.google.com/webmasters/answer/1061943)"
66.102.6.65 - - [18/Apr/2026:00:39:20 -0400] "GET /wp-json/contact-form-7/v1/contact-forms/342/feedback/schema HTTP/1.1" 200 235 "http://tejoversea.com/contact-us/" "Mozilla/5.0 (Linux; Android 10; K) AppleWebKit/537.36 (KHTML, like Gecko) Chrome/138.0.0.0 Mobile Safari/537.36 (compatible; Google-Read-Aloud; +https://support.google.com/webmasters/answer/1061943)"
66.102.6.67 - - [18/Apr/2026:00:39:21 -0400] "GET /wp-json/contact-form-7/v1/contact-forms/342/refill HTTP/1.1" 200 2 "http://tejoversea.com/contact-us/" "Mozilla/5.0 (Linux; Android 10; K) AppleWebKit/537.36 (KHTML, like Gecko) Chrome/138.0.0.0 Mobile Safari/537.36 (compatible; Google-Read-Aloud; +https://support.google.com/webmasters/answer/1061943)"
152.58.119.218 - - [18/Apr/2026:00:59:47 -0400] "GET /wp-content/themes/logistek/assets/img/side-panel/6.jpg HTTP/1.1" 404 7619 "http://tejoversea.com/" "Mozilla/5.0 (Linux; Android 10; K) AppleWebKit/537.36 (KHTML, like Gecko) Chrome/147.0.0.0 Mobile Safari/537.36"
152.58.119.218 - - [18/Apr/2026:00:59:48 -0400] "GET /wp-json/contact-form-7/v1/contact-forms/130/refill HTTP/1.1" 304 0 "http://tejoversea.com/" "Mozilla/5.0 (Linux; Android 10; K) AppleWebKit/537.36 (KHTML, like Gecko) Chrome/147.0.0.0 Mobile Safari/537.36"
49.235.136.28 - - [18/Apr/2026:01:03:39 -0400] "GET / HTTP/1.1" 200 19144 "-" "Mozilla/5.0 (iPhone; CPU iPhone OS 13_2_3 like Mac OS X) AppleWebKit/605.1.15 (KHTML, like Gecko) Version/13.0.3 Mobile/15E148 Safari/604.1"
108.181.23.235 - - [18/Apr/2026:00:51:32 -0400] "GET /wp-json/wp/v2/posts HTTP/1.1" 200 2 "-" "Mozilla/5.0 (Windows NT 10.0; Win64; x64) AppleWebKit/537.36 (KHTML, like Gecko) Chrome/120.0.0.0 Safari/537.36"
152.58.119.218 - - [18/Apr/2026:00:59:46 -0400] "GET / HTTP/1.1" 304 0 "-" "Mozilla/5.0 (Linux; Android 10; K) AppleWebKit/537.36 (KHTML, like Gecko) Chrome/147.0.0.0 Mobile Safari/537.36"
152.58.119.218 - - [18/Apr/2026:00:59:47 -0400] "GET /wp-content/themes/logistek/assets/img/side-panel/1.jpg HTTP/1.1" 404 7618 "http://tejoversea.com/" "Mozilla/5.0 (Linux; Android 10; K) AppleWebKit/537.36 (KHTML, like Gecko) Chrome/147.0.0.0 Mobile Safari/537.36"
152.58.119.218 - - [18/Apr/2026:00:59:47 -0400] "GET /wp-content/themes/logistek/assets/img/side-panel/2.jpg HTTP/1.1" 404 7618 "http://tejoversea.com/" "Mozilla/5.0 (Linux; Android 10; K) AppleWebKit/537.36 (KHTML, like Gecko) Chrome/147.0.0.0 Mobile Safari/537.36"
152.58.119.218 - - [18/Apr/2026:00:59:47 -0400] "GET /wp-content/themes/logistek/assets/img/side-panel/3.jpg HTTP/1.1" 404 7619 "http://tejoversea.com/" "Mozilla/5.0 (Linux; Android 10; K) AppleWebKit/537.36 (KHTML, like Gecko) Chrome/147.0.0.0 Mobile Safari/537.36"
152.58.119.218 - - [18/Apr/2026:00:59:47 -0400] "GET /wp-content/themes/logistek/assets/img/side-panel/5.jpg HTTP/1.1" 404 7619 "http://tejoversea.com/" "Mozilla/5.0 (Linux; Android 10; K) AppleWebKit/537.36 (KHTML, like Gecko) Chrome/147.0.0.0 Mobile Safari/537.36"
152.58.119.218 - - [18/Apr/2026:00:59:47 -0400] "GET /wp-content/themes/logistek/assets/img/side-panel/4.jpg HTTP/1.1" 404 7618 "http://tejoversea.com/" "Mozilla/5.0 (Linux; Android 10; K) AppleWebKit/537.36 (KHTML, like Gecko) Chrome/147.0.0.0 Mobile Safari/537.36"
152.58.119.218 - - [18/Apr/2026:00:59:47 -0400] "GET /wp-json/contact-form-7/v1/contact-forms/130/feedback/schema HTTP/1.1" 304 0 "http://tejoversea.com/" "Mozilla/5.0 (Linux; Android 10; K) AppleWebKit/537.36 (KHTML, like Gecko) Chrome/147.0.0.0 Mobile Safari/537.36"
51.68.111.214 - - [18/Apr/2026:01:43:51 -0400] "GET /robots.txt HTTP/1.1" 200 246 "-" "Mozilla/5.0 (compatible; MJ12bot/v2.0.5; http://mj12bot.com/)"
51.68.111.214 - - [18/Apr/2026:01:43:51 -0400] "GET / HTTP/1.1" 200 16657 "-" "Mozilla/5.0 (compatible; MJ12bot/v2.0.5; http://mj12bot.com/)"
144.124.230.163 - - [18/Apr/2026:02:19:05 -0400] "GET /contact-us/ HTTP/1.0" 200 59462 "http://tejoversea.com/contact-us/" "Mozilla/5.0 (Windows NT 10.0; Win64; x64) AppleWebKit/537.36 (KHTML, like Gecko) Chrome/130.0.0.0 Safari/537.36"
162.213.253.84 - - [18/Apr/2026:02:19:06 -0400] "POST /wp-cron.php?doing_wp_cron=1776493146.4584400653839111328125 HTTP/1.1" 200 0 "http://tejoversea.com/wp-cron.php?doing_wp_cron=1776493146.4584400653839111328125" "WordPress/6.0.2; http://tejoversea.com"
144.124.230.163 - - [18/Apr/2026:02:19:05 -0400] "POST /wp-json/contact-form-7/v1/contact-forms/342/feedback HTTP/1.0" 200 205 "http://tejoversea.com/contact-us/" "Mozilla/5.0 (Windows NT 10.0; Win64; x64) AppleWebKit/537.36 (KHTML, like Gecko) Chrome/130.0.0.0 Safari/537.36"
162.213.253.84 - - [18/Apr/2026:02:19:07 -0400] "POST /wp-admin/admin-ajax.php?action=async_litespeed&nonce=a0db9d06ae&litespeed_type=imgoptm HTTP/1.1" 200 21 "http://tejoversea.com/wp-admin/admin-ajax.php?action=async_litespeed&nonce=a0db9d06ae&litespeed_type=imgoptm" "WordPress/6.0.2; http://tejoversea.com"
162.213.253.84 - - [18/Apr/2026:02:31:57 -0400] "POST /wp-cron.php?doing_wp_cron=1776493917.0396950244903564453125 HTTP/1.1" 200 0 "http://tejoversea.com/wp-cron.php?doing_wp_cron=1776493917.0396950244903564453125" "WordPress/6.0.2; http://tejoversea.com"
64.92.9.212 - - [18/Apr/2026:02:31:56 -0400] "POST /xmlrpc.php HTTP/1.1" 200 210 "-" "Mozilla/5.0 (Windows NT 10.0) AppleWebKit/537.36 (KHTML, like Gecko) Chrome/137.0.0.0 Safari/537.36"
162.213.253.84 - - [18/Apr/2026:02:31:57 -0400] "POST /wp-admin/admin-ajax.php?action=async_litespeed&nonce=a0db9d06ae&litespeed_type=imgoptm HTTP/1.1" 200 0 "http://tejoversea.com/wp-admin/admin-ajax.php?action=async_litespeed&nonce=a0db9d06ae&litespeed_type=imgoptm" "WordPress/6.0.2; http://tejoversea.com"
162.213.253.84 - - [18/Apr/2026:02:31:59 -0400] "POST /wp-cron.php HTTP/1.1" 200 0 "http://tejoversea.com/wp-cron.php" "WordPress/6.0.2; http://tejoversea.com"
159.223.121.190 - - [18/Apr/2026:02:43:15 -0400] "GET / HTTP/1.1" 200 19139 "-" "Mozilla/5.0 (X11; Linux x86_64; rv:142.0) Gecko/20100101 Firefox/142.0"
159.223.121.190 - - [18/Apr/2026:02:43:16 -0400] "GET /wp-content/uploads/2022/10/Tej-Oversea-Logistic-e1664610081961.png HTTP/1.1" 200 14639 "http://tejoversea.com/" "Mozilla/5.0 (X11; Linux x86_64; rv:142.0) Gecko/20100101 Firefox/142.0"
85.208.96.204 - - [18/Apr/2026:02:48:28 -0400] "GET /robots.txt HTTP/1.1" 200 281 "-" "Mozilla/5.0 (compatible; SemrushBot/7~bl; +http://www.semrush.com/bot.html)"
43.164.197.177 - - [18/Apr/2026:02:41:34 -0400] "GET / HTTP/1.1" 200 19144 "-" "Mozilla/5.0 (iPhone; CPU iPhone OS 13_2_3 like Mac OS X) AppleWebKit/605.1.15 (KHTML, like Gecko) Version/13.0.3 Mobile/15E148 Safari/604.1"
185.191.171.9 - - [18/Apr/2026:02:48:28 -0400] "GET /service/ HTTP/1.1" 200 13305 "-" "Mozilla/5.0 (compatible; SemrushBot/7~bl; +http://www.semrush.com/bot.html)"
49.51.180.2 - - [18/Apr/2026:02:56:08 -0400] "GET /wp-json/wp/v2/pages/113 HTTP/1.1" 200 46880 "-" "Mozilla/5.0 (iPhone; CPU iPhone OS 13_2_3 like Mac OS X) AppleWebKit/605.1.15 (KHTML, like Gecko) Version/13.0.3 Mobile/15E148 Safari/604.1"
144.124.230.156 - - [18/Apr/2026:02:58:23 -0400] "GET /contact-us/ HTTP/1.0" 200 59462 "http://tejoversea.com/contact-us/" "Mozilla/5.0 (Windows NT 10.0; Win64; x64) AppleWebKit/537.36 (KHTML, like Gecko) Chrome/130.0.0.0 Safari/537.36 CCleaner/130.0.0.0"
162.213.253.84 - - [18/Apr/2026:02:56:09 -0400] "POST /wp-cron.php?doing_wp_cron=1776495369.0685100555419921875000 HTTP/1.1" 200 0 "http://tejoversea.com/wp-cron.php?doing_wp_cron=1776495369.0685100555419921875000" "WordPress/6.0.2; http://tejoversea.com"
162.213.253.84 - - [18/Apr/2026:02:56:09 -0400] "POST /wp-admin/admin-ajax.php?action=async_litespeed&nonce=b2fec69b09&litespeed_type=imgoptm HTTP/1.1" 200 0 "http://tejoversea.com/wp-admin/admin-ajax.php?action=async_litespeed&nonce=b2fec69b09&litespeed_type=imgoptm" "WordPress/6.0.2; http://tejoversea.com"
162.213.253.84 - - [18/Apr/2026:02:58:28 -0400] "POST /wp-cron.php?doing_wp_cron=1776495508.3584520816802978515625 HTTP/1.1" 200 0 "http://tejoversea.com/wp-cron.php?doing_wp_cron=1776495508.3584520816802978515625" "WordPress/6.0.2; http://tejoversea.com"
144.124.230.156 - - [18/Apr/2026:02:58:23 -0400] "POST /wp-json/contact-form-7/v1/contact-forms/342/feedback HTTP/1.0" 200 205 "http://tejoversea.com/contact-us/" "Mozilla/5.0 (Windows NT 10.0; Win64; x64) AppleWebKit/537.36 (KHTML, like Gecko) Chrome/130.0.0.0 Safari/537.36 CCleaner/130.0.0.0"
162.213.253.84 - - [18/Apr/2026:02:58:29 -0400] "POST /wp-admin/admin-ajax.php?action=async_litespeed&nonce=b2fec69b09&litespeed_type=imgoptm HTTP/1.1" 200 0 "http://tejoversea.com/wp-admin/admin-ajax.php?action=async_litespeed&nonce=b2fec69b09&litespeed_type=imgoptm" "WordPress/6.0.2; http://tejoversea.com"
43.135.36.201 - - [18/Apr/2026:03:55:42 -0400] "GET / HTTP/1.1" 301 0 "-" "Mozilla/5.0 (iPhone; CPU iPhone OS 13_2_3 like Mac OS X) AppleWebKit/605.1.15 (KHTML, like Gecko) Version/13.0.3 Mobile/15E148 Safari/604.1"
162.213.253.84 - - [18/Apr/2026:03:55:44 -0400] "POST /wp-cron.php?doing_wp_cron=1776498944.4841721057891845703125 HTTP/1.1" 200 0 "http://tejoversea.com/wp-cron.php?doing_wp_cron=1776498944.4841721057891845703125" "WordPress/6.0.2; http://tejoversea.com"
162.213.253.84 - - [18/Apr/2026:03:55:45 -0400] "POST /wp-admin/admin-ajax.php?action=async_litespeed&nonce=b2fec69b09&litespeed_type=imgoptm HTTP/1.1" 200 0 "http://tejoversea.com/wp-admin/admin-ajax.php?action=async_litespeed&nonce=b2fec69b09&litespeed_type=imgoptm" "WordPress/6.0.2; http://tejoversea.com"
43.135.36.201 - - [18/Apr/2026:03:55:46 -0400] "GET / HTTP/1.1" 200 19144 "http://www.tejoversea.com" "Mozilla/5.0 (iPhone; CPU iPhone OS 13_2_3 like Mac OS X) AppleWebKit/605.1.15 (KHTML, like Gecko) Version/13.0.3 Mobile/15E148 Safari/604.1"
162.213.253.84 - - [18/Apr/2026:04:11:36 -0400] "POST /wp-cron.php?doing_wp_cron=1776499896.5997819900512695312500 HTTP/1.1" 200 0 "http://tejoversea.com/wp-cron.php?doing_wp_cron=1776499896.5997819900512695312500" "WordPress/6.0.2; http://tejoversea.com"
162.213.253.84 - - [18/Apr/2026:04:11:37 -0400] "POST /wp-admin/admin-ajax.php?action=async_litespeed&nonce=b2fec69b09&litespeed_type=imgoptm HTTP/1.1" 200 0 "http://tejoversea.com/wp-admin/admin-ajax.php?action=async_litespeed&nonce=b2fec69b09&litespeed_type=imgoptm" "WordPress/6.0.2; http://tejoversea.com"
49.51.243.156 - - [18/Apr/2026:04:11:35 -0400] "GET /?page_id=126 HTTP/1.1" 301 0 "-" "Mozilla/5.0 (iPhone; CPU iPhone OS 13_2_3 like Mac OS X) AppleWebKit/605.1.15 (KHTML, like Gecko) Version/13.0.3 Mobile/15E148 Safari/604.1"
49.51.243.156 - - [18/Apr/2026:04:11:40 -0400] "GET /contact-us/ HTTP/1.1" 200 14632 "http://tejoversea.com/?page_id=126" "Mozilla/5.0 (iPhone; CPU iPhone OS 13_2_3 like Mac OS X) AppleWebKit/605.1.15 (KHTML, like Gecko) Version/13.0.3 Mobile/15E148 Safari/604.1"