165.231.182.8 - - [17/Apr/2026:15:16:15 -0400] "POST /wp-json/contact-form-7/v1/contact-forms/342/feedback HTTP/1.0" 200 205 "http://tejoversea.com/contact-us/" "Mozilla/5.0 (Windows NT 10.0; Win64; x64) AppleWebKit/537.36 (KHTML, like Gecko) Chrome/103.0.5060.66 Safari/537.36"
162.213.253.84 - - [17/Apr/2026:15:16:16 -0400] "POST /wp-admin/admin-ajax.php?action=async_litespeed&nonce=33ff8ec19c&litespeed_type=imgoptm HTTP/1.1" 200 0 "http://tejoversea.com/wp-admin/admin-ajax.php?action=async_litespeed&nonce=33ff8ec19c&litespeed_type=imgoptm" "WordPress/6.0.2; http://tejoversea.com"
165.231.182.10 - - [17/Apr/2026:15:16:14 -0400] "GET / HTTP/1.0" 200 83431 "http://tejoversea.com/" "Mozilla/5.0 (Windows NT 10.0; Win64; x64) AppleWebKit/537.36 (KHTML, like Gecko) Chrome/103.0.5060.66 Safari/537.36"
162.213.253.84 - - [17/Apr/2026:15:16:15 -0400] "POST /wp-cron.php?doing_wp_cron=1776453375.8896019458770751953125 HTTP/1.1" 200 0 "http://tejoversea.com/wp-cron.php?doing_wp_cron=1776453375.8896019458770751953125" "WordPress/6.0.2; http://tejoversea.com"
45.198.11.215 - - [17/Apr/2026:15:47:34 -0400] "GET /wp-includes/wlwmanifest.xml HTTP/1.1" 200 369 "-" "Opera/8.55.(X11; Linux i686; ce-RU) Presto/2.9.172 Version/12.00"
144.124.225.185 - - [17/Apr/2026:16:36:18 -0400] "POST /wp-json/contact-form-7/v1/contact-forms/342/feedback HTTP/1.0" 200 205 "http://tejoversea.com/contact-us/" "Mozilla/5.0 (Windows NT 10.0; Win64; x64) AppleWebKit/537.36 (KHTML, like Gecko) Chrome/129.0.0.0 Safari/537.36"
162.213.253.84 - - [17/Apr/2026:16:36:19 -0400] "POST /wp-admin/admin-ajax.php?action=async_litespeed&nonce=33ff8ec19c&litespeed_type=imgoptm HTTP/1.1" 200 21 "http://tejoversea.com/wp-admin/admin-ajax.php?action=async_litespeed&nonce=33ff8ec19c&litespeed_type=imgoptm" "WordPress/6.0.2; http://tejoversea.com"
144.124.225.185 - - [17/Apr/2026:16:36:18 -0400] "GET /contact-us/ HTTP/1.0" 200 59452 "http://tejoversea.com/contact-us/" "Mozilla/5.0 (Windows NT 10.0; Win64; x64) AppleWebKit/537.36 (KHTML, like Gecko) Chrome/129.0.0.0 Safari/537.36"
162.213.253.84 - - [17/Apr/2026:16:36:19 -0400] "POST /wp-cron.php?doing_wp_cron=1776458179.1954019069671630859375 HTTP/1.1" 200 0 "http://tejoversea.com/wp-cron.php?doing_wp_cron=1776458179.1954019069671630859375" "WordPress/6.0.2; http://tejoversea.com"
162.62.231.139 - - [17/Apr/2026:17:01:51 -0400] "GET / HTTP/1.1" 200 19131 "-" "Mozilla/5.0 (iPhone; CPU iPhone OS 13_2_3 like Mac OS X) AppleWebKit/605.1.15 (KHTML, like Gecko) Version/13.0.3 Mobile/15E148 Safari/604.1"
162.213.253.84 - - [17/Apr/2026:17:27:53 -0400] "POST /wp-cron.php?doing_wp_cron=1776461273.8734979629516601562500 HTTP/1.1" 200 0 "http://tejoversea.com/wp-cron.php?doing_wp_cron=1776461273.8734979629516601562500" "WordPress/6.0.2; http://tejoversea.com"
43.166.136.202 - - [17/Apr/2026:17:27:53 -0400] "GET /track-order/ HTTP/1.1" 200 14141 "-" "Mozilla/5.0 (iPhone; CPU iPhone OS 13_2_3 like Mac OS X) AppleWebKit/605.1.15 (KHTML, like Gecko) Version/13.0.3 Mobile/15E148 Safari/604.1"
162.213.253.84 - - [17/Apr/2026:17:27:54 -0400] "POST /wp-admin/admin-ajax.php?action=async_litespeed&nonce=33ff8ec19c&litespeed_type=imgoptm HTTP/1.1" 200 0 "http://tejoversea.com/wp-admin/admin-ajax.php?action=async_litespeed&nonce=33ff8ec19c&litespeed_type=imgoptm" "WordPress/6.0.2; http://tejoversea.com"
162.213.253.84 - - [17/Apr/2026:17:48:05 -0400] "POST /wp-cron.php?doing_wp_cron=1776462485.1358768939971923828125 HTTP/1.1" 200 0 "http://tejoversea.com/wp-cron.php?doing_wp_cron=1776462485.1358768939971923828125" "WordPress/6.0.2; http://tejoversea.com"
162.213.253.84 - - [17/Apr/2026:17:48:05 -0400] "POST /wp-admin/admin-ajax.php?action=async_litespeed&nonce=33ff8ec19c&litespeed_type=imgoptm HTTP/1.1" 200 0 "http://tejoversea.com/wp-admin/admin-ajax.php?action=async_litespeed&nonce=33ff8ec19c&litespeed_type=imgoptm" "WordPress/6.0.2; http://tejoversea.com"
43.159.128.247 - - [17/Apr/2026:17:55:32 -0400] "GET /?s= HTTP/1.1" 200 13497 "-" "Mozilla/5.0 (iPhone; CPU iPhone OS 13_2_3 like Mac OS X) AppleWebKit/605.1.15 (KHTML, like Gecko) Version/13.0.3 Mobile/15E148 Safari/604.1"
162.213.253.84 - - [17/Apr/2026:17:55:33 -0400] "POST /wp-admin/admin-ajax.php?action=async_litespeed&nonce=33ff8ec19c&litespeed_type=imgoptm HTTP/1.1" 200 0 "http://tejoversea.com/wp-admin/admin-ajax.php?action=async_litespeed&nonce=33ff8ec19c&litespeed_type=imgoptm" "WordPress/6.0.2; http://tejoversea.com"
23.23.180.225 - - [17/Apr/2026:17:56:37 -0400] "GET /service/ HTTP/1.1" 200 13305 "-" "Mozilla/5.0 AppleWebKit/537.36 (KHTML, like Gecko; compatible; Amazonbot/0.1; +https://developer.amazon.com/support/amazonbot) Chrome/119.0.6045.214 Safari/537.36"
43.166.132.142 - - [17/Apr/2026:17:48:04 -0400] "GET /service/insurance/ HTTP/1.1" 200 12112 "-" "Mozilla/5.0 (iPhone; CPU iPhone OS 13_2_3 like Mac OS X) AppleWebKit/605.1.15 (KHTML, like Gecko) Version/13.0.3 Mobile/15E148 Safari/604.1"
162.213.253.84 - - [17/Apr/2026:17:55:32 -0400] "POST /wp-cron.php?doing_wp_cron=1776462932.7119519710540771484375 HTTP/1.1" 200 0 "http://tejoversea.com/wp-cron.php?doing_wp_cron=1776462932.7119519710540771484375" "WordPress/6.0.2; http://tejoversea.com"
162.213.253.84 - - [17/Apr/2026:17:56:38 -0400] "POST /wp-cron.php?doing_wp_cron=1776462998.3434760570526123046875 HTTP/1.1" 200 0 "http://tejoversea.com/wp-cron.php?doing_wp_cron=1776462998.3434760570526123046875" "WordPress/6.0.2; http://tejoversea.com"
162.213.253.84 - - [17/Apr/2026:17:56:38 -0400] "POST /wp-admin/admin-ajax.php?action=async_litespeed&nonce=33ff8ec19c&litespeed_type=imgoptm HTTP/1.1" 200 21 "http://tejoversea.com/wp-admin/admin-ajax.php?action=async_litespeed&nonce=33ff8ec19c&litespeed_type=imgoptm" "WordPress/6.0.2; http://tejoversea.com"
162.213.253.84 - - [17/Apr/2026:18:07:30 -0400] "POST /wp-cron.php?doing_wp_cron=1776463650.8647239208221435546875 HTTP/1.1" 200 0 "http://tejoversea.com/wp-cron.php?doing_wp_cron=1776463650.8647239208221435546875" "WordPress/6.0.2; http://tejoversea.com"
43.166.226.186 - - [17/Apr/2026:18:07:30 -0400] "GET /service/car-shifting/ HTTP/1.1" 200 12718 "-" "Mozilla/5.0 (iPhone; CPU iPhone OS 13_2_3 like Mac OS X) AppleWebKit/605.1.15 (KHTML, like Gecko) Version/13.0.3 Mobile/15E148 Safari/604.1"
43.157.174.69 - - [17/Apr/2026:18:15:13 -0400] "GET /about/ HTTP/1.1" 301 0 "-" "Mozilla/5.0 (iPhone; CPU iPhone OS 13_2_3 like Mac OS X) AppleWebKit/605.1.15 (KHTML, like Gecko) Version/13.0.3 Mobile/15E148 Safari/604.1"
162.213.253.84 - - [17/Apr/2026:18:15:14 -0400] "POST /wp-admin/admin-ajax.php?action=async_litespeed&nonce=33ff8ec19c&litespeed_type=imgoptm HTTP/1.1" 200 0 "http://tejoversea.com/wp-admin/admin-ajax.php?action=async_litespeed&nonce=33ff8ec19c&litespeed_type=imgoptm" "WordPress/6.0.2; http://tejoversea.com"
162.213.253.84 - - [17/Apr/2026:18:07:31 -0400] "POST /wp-admin/admin-ajax.php?action=async_litespeed&nonce=33ff8ec19c&litespeed_type=imgoptm HTTP/1.1" 200 0 "http://tejoversea.com/wp-admin/admin-ajax.php?action=async_litespeed&nonce=33ff8ec19c&litespeed_type=imgoptm" "WordPress/6.0.2; http://tejoversea.com"
162.213.253.84 - - [17/Apr/2026:18:15:13 -0400] "POST /wp-cron.php?doing_wp_cron=1776464113.9309210777282714843750 HTTP/1.1" 200 0 "http://tejoversea.com/wp-cron.php?doing_wp_cron=1776464113.9309210777282714843750" "WordPress/6.0.2; http://tejoversea.com"
43.157.174.69 - - [17/Apr/2026:18:15:16 -0400] "GET /about-us/ HTTP/1.1" 200 15001 "http://tejoversea.com/about/" "Mozilla/5.0 (iPhone; CPU iPhone OS 13_2_3 like Mac OS X) AppleWebKit/605.1.15 (KHTML, like Gecko) Version/13.0.3 Mobile/15E148 Safari/604.1"
43.159.136.201 - - [17/Apr/2026:18:27:22 -0400] "GET /wp-json/wp/v2/pages/464 HTTP/1.1" 200 12551 "-" "Mozilla/5.0 (iPhone; CPU iPhone OS 13_2_3 like Mac OS X) AppleWebKit/605.1.15 (KHTML, like Gecko) Version/13.0.3 Mobile/15E148 Safari/604.1"
162.213.253.84 - - [17/Apr/2026:18:27:23 -0400] "POST /wp-admin/admin-ajax.php?action=async_litespeed&nonce=33ff8ec19c&litespeed_type=imgoptm HTTP/1.1" 200 21 "http://tejoversea.com/wp-admin/admin-ajax.php?action=async_litespeed&nonce=33ff8ec19c&litespeed_type=imgoptm" "WordPress/6.0.2; http://tejoversea.com"
162.213.253.84 - - [17/Apr/2026:18:29:12 -0400] "POST /wp-cron.php?doing_wp_cron=1776464952.6797080039978027343750 HTTP/1.1" 200 0 "http://tejoversea.com/wp-cron.php?doing_wp_cron=1776464952.6797080039978027343750" "WordPress/6.0.2; http://tejoversea.com"
3.219.146.217 - - [17/Apr/2026:18:29:12 -0400] "GET /robots.txt HTTP/1.1" 200 281 "-" "Mozilla/5.0 (Macintosh; Intel Mac OS X 10_10_1) AppleWebKit/600.2.5 (KHTML, like Gecko) Version/8.0.2 Safari/600.2.5 (Gort)"
162.213.253.84 - - [17/Apr/2026:18:29:13 -0400] "POST /wp-admin/admin-ajax.php?action=async_litespeed&nonce=33ff8ec19c&litespeed_type=imgoptm HTTP/1.1" 200 21 "http://tejoversea.com/wp-admin/admin-ajax.php?action=async_litespeed&nonce=33ff8ec19c&litespeed_type=imgoptm" "WordPress/6.0.2; http://tejoversea.com"
162.213.253.84 - - [17/Apr/2026:18:27:23 -0400] "POST /wp-cron.php?doing_wp_cron=1776464843.0288999080657958984375 HTTP/1.1" 200 0 "http://tejoversea.com/wp-cron.php?doing_wp_cron=1776464843.0288999080657958984375" "WordPress/6.0.2; http://tejoversea.com"
162.213.253.84 - - [17/Apr/2026:18:37:38 -0400] "POST /wp-cron.php?doing_wp_cron=1776465458.9330070018768310546875 HTTP/1.1" 200 0 "http://tejoversea.com/wp-cron.php?doing_wp_cron=1776465458.9330070018768310546875" "WordPress/6.0.2; http://tejoversea.com"
147.53.122.6 - - [17/Apr/2026:18:37:38 -0400] "GET /contact-us/ HTTP/1.1" 200 12958 "-" "Mozilla/5.0 (X11; Ubuntu; Linux x86_64; rv:114.0) Gecko/20100101 Firefox/114.0"
162.213.253.84 - - [17/Apr/2026:18:37:39 -0400] "POST /wp-admin/admin-ajax.php?action=async_litespeed&nonce=33ff8ec19c&litespeed_type=imgoptm HTTP/1.1" 200 21 "http://tejoversea.com/wp-admin/admin-ajax.php?action=async_litespeed&nonce=33ff8ec19c&litespeed_type=imgoptm" "WordPress/6.0.2; http://tejoversea.com"
147.53.122.6 - - [17/Apr/2026:18:37:41 -0400] "POST /wp-json/contact-form-7/v1/contact-forms/342/feedback HTTP/1.1" 200 205 "http://tejoversea.com/contact-us/" "Mozilla/5.0 (X11; Ubuntu; Linux x86_64; rv:114.0) Gecko/20100101 Firefox/114.0"
147.53.122.6 - - [17/Apr/2026:18:37:40 -0400] "GET /wp-content/plugins/contact-form-7/includes/js/index.js?ver=5.6.3 HTTP/1.1" 200 3689 "http://tejoversea.com/contact-us/" "Mozilla/5.0 (X11; Ubuntu; Linux x86_64; rv:114.0) Gecko/20100101 Firefox/114.0"
43.166.245.120 - - [17/Apr/2026:18:38:09 -0400] "GET /?p=486 HTTP/1.1" 301 0 "-" "Mozilla/5.0 (iPhone; CPU iPhone OS 13_2_3 like Mac OS X) AppleWebKit/605.1.15 (KHTML, like Gecko) Version/13.0.3 Mobile/15E148 Safari/604.1"
43.166.245.120 - - [17/Apr/2026:18:38:14 -0400] "GET /service/insurance/ HTTP/1.1" 200 12112 "http://tejoversea.com/?p=486" "Mozilla/5.0 (iPhone; CPU iPhone OS 13_2_3 like Mac OS X) AppleWebKit/605.1.15 (KHTML, like Gecko) Version/13.0.3 Mobile/15E148 Safari/604.1"
162.213.253.84 - - [17/Apr/2026:18:47:34 -0400] "POST /wp-cron.php?doing_wp_cron=1776466054.1926109790802001953125 HTTP/1.1" 200 0 "http://tejoversea.com/wp-cron.php?doing_wp_cron=1776466054.1926109790802001953125" "WordPress/6.0.2; http://tejoversea.com"
43.173.173.86 - - [17/Apr/2026:18:47:38 -0400] "GET /about-us HTTP/1.1" 301 0 "-" "Mozilla/5.0 (Windows NT 10.0; Win64; x64) AppleWebKit/537.36 (KHTML, like Gecko) Chrome/131.0.0.0 Safari/537.36"
43.173.173.177 - - [17/Apr/2026:18:47:40 -0400] "GET /wp-content/themes/logistek/assets/css/style.css?ver=6.0.2 HTTP/1.1" 200 22036 "http://tejoversea.com/about-us/" "Mozilla/5.0 (Windows NT 10.0; Win64; x64) AppleWebKit/537.36 (KHTML, like Gecko) Chrome/131.0.0.0 Safari/537.36"
43.173.174.235 - - [17/Apr/2026:18:47:40 -0400] "GET /wp-content/plugins/order-tracking/css/jquery-ui.min.css?ver=6.0.2 HTTP/1.1" 200 8966 "http://tejoversea.com/about-us/" "Mozilla/5.0 (Windows NT 10.0; Win64; x64) AppleWebKit/537.36 (KHTML, like Gecko) Chrome/131.0.0.0 Safari/537.36"
43.172.197.143 - - [17/Apr/2026:18:47:41 -0400] "GET /wp-content/themes/logistek/assets/revolution/js/extensions/revolution.extension.carousel.min.js?ver=6.0.2 HTTP/1.1" 200 2769 "http://tejoversea.com/about-us/" "Mozilla/5.0 (Windows NT 10.0; Win64; x64) AppleWebKit/537.36 (KHTML, like Gecko) Chrome/131.0.0.0 Safari/537.36"
43.153.54.14 - - [17/Apr/2026:18:47:33 -0400] "GET /service/ HTTP/1.1" 200 13307 "-" "Mozilla/5.0 (iPhone; CPU iPhone OS 13_2_3 like Mac OS X) AppleWebKit/605.1.15 (KHTML, like Gecko) Version/13.0.3 Mobile/15E148 Safari/604.1"
162.213.253.84 - - [17/Apr/2026:18:47:34 -0400] "POST /wp-admin/admin-ajax.php?action=async_litespeed&nonce=33ff8ec19c&litespeed_type=imgoptm HTTP/1.1" 200 21 "http://tejoversea.com/wp-admin/admin-ajax.php?action=async_litespeed&nonce=33ff8ec19c&litespeed_type=imgoptm" "WordPress/6.0.2; http://tejoversea.com"
43.173.173.56 - - [17/Apr/2026:18:47:39 -0400] "GET /about-us/ HTTP/1.1" 200 15001 "-" "Mozilla/5.0 (Windows NT 10.0; Win64; x64) AppleWebKit/537.36 (KHTML, like Gecko) Chrome/131.0.0.0 Safari/537.36"
43.172.198.11 - - [17/Apr/2026:18:47:40 -0400] "GET /wp-includes/js/jquery/ui/datepicker.min.js?ver=1.13.1 HTTP/1.1" 200 12350 "http://tejoversea.com/about-us/" "Mozilla/5.0 (Windows NT 10.0; Win64; x64) AppleWebKit/537.36 (KHTML, like Gecko) Chrome/131.0.0.0 Safari/537.36"
43.173.177.128 - - [17/Apr/2026:18:47:40 -0400] "GET /wp-content/themes/logistek/assets/fonts/webexicon/style.css?ver=6.0.2 HTTP/1.1" 200 7269 "http://tejoversea.com/about-us/" "Mozilla/5.0 (Windows NT 10.0; Win64; x64) AppleWebKit/537.36 (KHTML, like Gecko) Chrome/131.0.0.0 Safari/537.36"
43.173.178.108 - - [17/Apr/2026:18:47:40 -0400] "GET /wp-content/themes/logistek/assets/css/meanmenu.min.css?ver=6.0.2 HTTP/1.1" 200 1195 "http://tejoversea.com/about-us/" "Mozilla/5.0 (Windows NT 10.0; Win64; x64) AppleWebKit/537.36 (KHTML, like Gecko) Chrome/131.0.0.0 Safari/537.36"
43.173.175.237 - - [17/Apr/2026:18:47:40 -0400] "GET /wp-content/themes/logistek/assets/revolution/js/jquery.themepunch.revolution.min.js?ver=6.0.2 HTTP/1.1" 200 19941 "http://tejoversea.com/about-us/" "Mozilla/5.0 (Windows NT 10.0; Win64; x64) AppleWebKit/537.36 (KHTML, like Gecko) Chrome/131.0.0.0 Safari/537.36"
43.172.197.39 - - [17/Apr/2026:18:47:40 -0400] "GET /wp-content/themes/logistek/assets/revolution/js/extensions/revolution.extension.actions.min.js?ver=6.0.2 HTTP/1.1" 200 2921 "http://tejoversea.com/about-us/" "Mozilla/5.0 (Windows NT 10.0; Win64; x64) AppleWebKit/537.36 (KHTML, like Gecko) Chrome/131.0.0.0 Safari/537.36"
43.172.197.177 - - [17/Apr/2026:18:47:50 -0400] "GET /wp-content/plugins/elementor/assets/js/frontend-modules.min.js?ver=3.7.7 HTTP/1.1" 200 11827 "http://tejoversea.com/about-us/" "Mozilla/5.0 (Windows NT 10.0; Win64; x64) AppleWebKit/537.36 (KHTML, like Gecko) Chrome/131.0.0.0 Safari/537.36"
43.173.174.100 - - [17/Apr/2026:18:47:50 -0400] "GET /wp-content/themes/logistek/assets/fonts/webexicon/fonts/webexicon.ttf?aeef8j HTTP/1.1" 200 218068 "http://tejoversea.com/wp-content/themes/logistek/assets/fonts/webexicon/style.css?ver=6.0.2" "Mozilla/5.0 (Windows NT 10.0; Win64; x64) AppleWebKit/537.36 (KHTML, like Gecko) Chrome/131.0.0.0 Safari/537.36"
162.213.253.84 - - [17/Apr/2026:19:06:16 -0400] "POST /wp-cron.php?doing_wp_cron=1776467176.2508840560913085937500 HTTP/1.1" 200 0 "http://tejoversea.com/wp-cron.php?doing_wp_cron=1776467176.2508840560913085937500" "WordPress/6.0.2; http://tejoversea.com"
43.153.71.12 - - [17/Apr/2026:19:06:15 -0400] "GET /wp-json/oembed/1.0/embed?url=http%3A%2F%2Ftejoversea.com%2Fservice%2Fcar-shifting%2F HTTP/1.1" 200 3052 "-" "Mozilla/5.0 (iPhone; CPU iPhone OS 13_2_3 like Mac OS X) AppleWebKit/605.1.15 (KHTML, like Gecko) Version/13.0.3 Mobile/15E148 Safari/604.1"
162.213.253.84 - - [17/Apr/2026:19:06:16 -0400] "POST /wp-admin/admin-ajax.php?action=async_litespeed&nonce=33ff8ec19c&litespeed_type=imgoptm HTTP/1.1" 200 21 "http://tejoversea.com/wp-admin/admin-ajax.php?action=async_litespeed&nonce=33ff8ec19c&litespeed_type=imgoptm" "WordPress/6.0.2; http://tejoversea.com"
162.213.253.84 - - [17/Apr/2026:18:56:16 -0400] "POST /wp-cron.php?doing_wp_cron=1776466576.1684610843658447265625 HTTP/1.1" 200 0 "http://tejoversea.com/wp-cron.php?doing_wp_cron=1776466576.1684610843658447265625" "WordPress/6.0.2; http://tejoversea.com"
117.62.235.53 - - [17/Apr/2026:18:56:15 -0400] "GET / HTTP/1.1" 301 0 "-" "Mozilla/5.0 (iPhone; CPU iPhone OS 13_2_3 like Mac OS X) AppleWebKit/605.1.15 (KHTML, like Gecko) Version/13.0.3 Mobile/15E148 Safari/604.1"
162.213.253.84 - - [17/Apr/2026:18:56:16 -0400] "POST /wp-admin/admin-ajax.php?action=async_litespeed&nonce=33ff8ec19c&litespeed_type=imgoptm HTTP/1.1" 200 0 "http://tejoversea.com/wp-admin/admin-ajax.php?action=async_litespeed&nonce=33ff8ec19c&litespeed_type=imgoptm" "WordPress/6.0.2; http://tejoversea.com"
162.213.253.84 - - [17/Apr/2026:19:00:12 -0400] "POST /wp-cron.php?doing_wp_cron=1776466812.2960700988769531250000 HTTP/1.1" 200 0 "http://tejoversea.com/wp-cron.php?doing_wp_cron=1776466812.2960700988769531250000" "WordPress/6.0.2; http://tejoversea.com"
43.155.195.141 - - [17/Apr/2026:19:00:11 -0400] "GET / HTTP/1.1" 301 0 "-" "Mozilla/5.0 (iPhone; CPU iPhone OS 13_2_3 like Mac OS X) AppleWebKit/605.1.15 (KHTML, like Gecko) Version/13.0.3 Mobile/15E148 Safari/604.1"
162.213.253.84 - - [17/Apr/2026:19:00:13 -0400] "POST /wp-admin/admin-ajax.php?action=async_litespeed&nonce=33ff8ec19c&litespeed_type=imgoptm HTTP/1.1" 200 0 "http://tejoversea.com/wp-admin/admin-ajax.php?action=async_litespeed&nonce=33ff8ec19c&litespeed_type=imgoptm" "WordPress/6.0.2; http://tejoversea.com"
43.155.195.141 - - [17/Apr/2026:19:00:14 -0400] "GET / HTTP/1.1" 200 19144 "http://www.tejoversea.com" "Mozilla/5.0 (iPhone; CPU iPhone OS 13_2_3 like Mac OS X) AppleWebKit/605.1.15 (KHTML, like Gecko) Version/13.0.3 Mobile/15E148 Safari/604.1"
162.213.253.84 - - [17/Apr/2026:19:16:41 -0400] "POST /wp-admin/admin-ajax.php?action=async_litespeed&nonce=33ff8ec19c&litespeed_type=imgoptm HTTP/1.1" 200 21 "http://tejoversea.com/wp-admin/admin-ajax.php?action=async_litespeed&nonce=33ff8ec19c&litespeed_type=imgoptm" "WordPress/6.0.2; http://tejoversea.com"
162.213.253.84 - - [17/Apr/2026:19:16:00 -0400] "POST /wp-cron.php?doing_wp_cron=1776467760.1658060550689697265625 HTTP/1.1" 200 0 "http://tejoversea.com/wp-cron.php?doing_wp_cron=1776467760.1658060550689697265625" "WordPress/6.0.2; http://tejoversea.com"
201.23.21.229 - - [17/Apr/2026:19:15:59 -0400] "GET /wp-json/wp/v2/posts HTTP/1.1" 200 2 "-" "Mozilla/5.0 (Windows NT 10.0; Win64; x64) AppleWebKit/537.36 (KHTML, like Gecko) Chrome/120.0.0.0 Safari/537.36"
162.213.253.84 - - [17/Apr/2026:19:16:00 -0400] "POST /wp-admin/admin-ajax.php?action=async_litespeed&nonce=33ff8ec19c&litespeed_type=imgoptm HTTP/1.1" 200 21 "http://tejoversea.com/wp-admin/admin-ajax.php?action=async_litespeed&nonce=33ff8ec19c&litespeed_type=imgoptm" "WordPress/6.0.2; http://tejoversea.com"
162.213.253.84 - - [17/Apr/2026:19:16:40 -0400] "POST /wp-cron.php?doing_wp_cron=1776467800.5596098899841308593750 HTTP/1.1" 200 0 "http://tejoversea.com/wp-cron.php?doing_wp_cron=1776467800.5596098899841308593750" "WordPress/6.0.2; http://tejoversea.com"
43.153.74.75 - - [17/Apr/2026:19:16:40 -0400] "GET /service/office-moving-shifting/ HTTP/1.1" 200 12592 "-" "Mozilla/5.0 (iPhone; CPU iPhone OS 13_2_3 like Mac OS X) AppleWebKit/605.1.15 (KHTML, like Gecko) Version/13.0.3 Mobile/15E148 Safari/604.1"
162.213.253.84 - - [17/Apr/2026:19:17:38 -0400] "POST /wp-cron.php?doing_wp_cron=1776467858.5704369544982910156250 HTTP/1.1" 200 0 "http://tejoversea.com/wp-cron.php?doing_wp_cron=1776467858.5704369544982910156250" "WordPress/6.0.2; http://tejoversea.com"
185.195.233.149 - - [17/Apr/2026:19:17:40 -0400] "GET /wp-content/ HTTP/1.1" 200 0 "-" "Mozilla/5.0 (Macintosh; Intel Mac OS X 10.15; rv:77.0) Gecko/20100101 Firefox/77.0"
162.213.253.84 - - [17/Apr/2026:19:26:16 -0400] "POST /wp-cron.php?doing_wp_cron=1776468376.2501149177551269531250 HTTP/1.1" 200 0 "http://tejoversea.com/wp-cron.php?doing_wp_cron=1776468376.2501149177551269531250" "WordPress/6.0.2; http://tejoversea.com"
162.213.253.84 - - [17/Apr/2026:19:26:16 -0400] "POST /wp-admin/admin-ajax.php?action=async_litespeed&nonce=33ff8ec19c&litespeed_type=imgoptm HTTP/1.1" 200 0 "http://tejoversea.com/wp-admin/admin-ajax.php?action=async_litespeed&nonce=33ff8ec19c&litespeed_type=imgoptm" "WordPress/6.0.2; http://tejoversea.com"
185.195.233.149 - - [17/Apr/2026:19:17:38 -0400] "GET /.env HTTP/1.1" 404 7605 "-" "Mozilla/5.0 (Macintosh; Intel Mac OS X 10.15; rv:77.0) Gecko/20100101 Firefox/77.0"
162.213.253.84 - - [17/Apr/2026:19:17:39 -0400] "POST /wp-admin/admin-ajax.php?action=async_litespeed&nonce=33ff8ec19c&litespeed_type=imgoptm HTTP/1.1" 200 0 "http://tejoversea.com/wp-admin/admin-ajax.php?action=async_litespeed&nonce=33ff8ec19c&litespeed_type=imgoptm" "WordPress/6.0.2; http://tejoversea.com"
49.51.243.156 - - [17/Apr/2026:19:26:15 -0400] "GET /service/home-moving/ HTTP/1.1" 200 12792 "-" "Mozilla/5.0 (iPhone; CPU iPhone OS 13_2_3 like Mac OS X) AppleWebKit/605.1.15 (KHTML, like Gecko) Version/13.0.3 Mobile/15E148 Safari/604.1"
162.213.253.84 - - [17/Apr/2026:19:39:03 -0400] "POST /wp-cron.php?doing_wp_cron=1776469143.3118391036987304687500 HTTP/1.1" 200 0 "http://tejoversea.com/wp-cron.php?doing_wp_cron=1776469143.3118391036987304687500" "WordPress/6.0.2; http://tejoversea.com"
43.166.244.66 - - [17/Apr/2026:19:39:02 -0400] "GET /gallery/ HTTP/1.1" 200 14522 "-" "Mozilla/5.0 (iPhone; CPU iPhone OS 13_2_3 like Mac OS X) AppleWebKit/605.1.15 (KHTML, like Gecko) Version/13.0.3 Mobile/15E148 Safari/604.1"
162.213.253.84 - - [17/Apr/2026:19:39:03 -0400] "POST /wp-admin/admin-ajax.php?action=async_litespeed&nonce=33ff8ec19c&litespeed_type=imgoptm HTTP/1.1" 200 0 "http://tejoversea.com/wp-admin/admin-ajax.php?action=async_litespeed&nonce=33ff8ec19c&litespeed_type=imgoptm" "WordPress/6.0.2; http://tejoversea.com"
162.213.253.84 - - [17/Apr/2026:19:46:04 -0400] "POST /wp-cron.php?doing_wp_cron=1776469564.4788799285888671875000 HTTP/1.1" 200 0 "http://tejoversea.com/wp-cron.php?doing_wp_cron=1776469564.4788799285888671875000" "WordPress/6.0.2; http://tejoversea.com"
162.213.253.84 - - [17/Apr/2026:19:46:04 -0400] "POST /wp-admin/admin-ajax.php?action=async_litespeed&nonce=33ff8ec19c&litespeed_type=imgoptm HTTP/1.1" 200 0 "http://tejoversea.com/wp-admin/admin-ajax.php?action=async_litespeed&nonce=33ff8ec19c&litespeed_type=imgoptm" "WordPress/6.0.2; http://tejoversea.com"
49.51.243.156 - - [17/Apr/2026:19:46:03 -0400] "GET /service HTTP/1.1" 301 0 "-" "Mozilla/5.0 (iPhone; CPU iPhone OS 13_2_3 like Mac OS X) AppleWebKit/605.1.15 (KHTML, like Gecko) Version/13.0.3 Mobile/15E148 Safari/604.1"
49.51.243.156 - - [17/Apr/2026:19:46:06 -0400] "GET /service/ HTTP/1.1" 200 13307 "http://tejoversea.com/service" "Mozilla/5.0 (iPhone; CPU iPhone OS 13_2_3 like Mac OS X) AppleWebKit/605.1.15 (KHTML, like Gecko) Version/13.0.3 Mobile/15E148 Safari/604.1"
3.215.221.125 - - [17/Apr/2026:20:08:58 -0400] "GET /page/2/?s HTTP/1.1" 200 12754 "-" "Mozilla/5.0 AppleWebKit/537.36 (KHTML, like Gecko; compatible; Amazonbot/0.1; +https://developer.amazon.com/support/amazonbot) Chrome/119.0.6045.214 Safari/537.36"
162.213.253.84 - - [17/Apr/2026:20:08:59 -0400] "POST /wp-admin/admin-ajax.php?action=async_litespeed&nonce=a0db9d06ae&litespeed_type=imgoptm HTTP/1.1" 200 0 "http://tejoversea.com/wp-admin/admin-ajax.php?action=async_litespeed&nonce=a0db9d06ae&litespeed_type=imgoptm" "WordPress/6.0.2; http://tejoversea.com"
162.213.253.84 - - [17/Apr/2026:20:08:58 -0400] "POST /wp-cron.php?doing_wp_cron=1776470938.8796010017395019531250 HTTP/1.1" 200 0 "http://tejoversea.com/wp-cron.php?doing_wp_cron=1776470938.8796010017395019531250" "WordPress/6.0.2; http://tejoversea.com"
108.165.173.252 - - [17/Apr/2026:20:56:41 -0400] "GET /wp-json/wp/v2/posts HTTP/1.1" 200 2 "-" "Mozilla/5.0 (Windows NT 10.0; Win64; x64) AppleWebKit/537.36 (KHTML, like Gecko) Chrome/120.0.0.0 Safari/537.36"
45.118.156.90 - - [17/Apr/2026:21:17:25 -0400] "GET / HTTP/1.1" 200 19144 "-" "Mozilla/5.0 (Linux; Android 10; K) AppleWebKit/537.36 (KHTML, like Gecko) Chrome/147.0.0.0 Mobile Safari/537.36"
45.118.156.90 - - [17/Apr/2026:21:17:25 -0400] "GET /wp-content/plugins/wp-call-button/assets/block/build/index.css?ver=a1dbfd3fcfcfb0740ca8c4771bbdc4c3 HTTP/1.1" 200 341 "-" "Mozilla/5.0 (Linux; Android 10; K) AppleWebKit/537.36 (KHTML, like Gecko) Chrome/147.0.0.0 Mobile Safari/537.36"
45.118.156.90 - - [17/Apr/2026:21:17:25 -0400] "GET /wp-content/plugins/contact-form-7/includes/css/styles.css?ver=5.6.3 HTTP/1.1" 200 1040 "-" "Mozilla/5.0 (Linux; Android 10; K) AppleWebKit/537.36 (KHTML, like Gecko) Chrome/147.0.0.0 Mobile Safari/537.36"
45.118.156.90 - - [17/Apr/2026:21:17:25 -0400] "GET /wp-content/plugins/order-tracking/css/otp-styles.css?ver=2.11.9 HTTP/1.1" 200 2177 "-" "Mozilla/5.0 (Linux; Android 10; K) AppleWebKit/537.36 (KHTML, like Gecko) Chrome/147.0.0.0 Mobile Safari/537.36"
45.118.156.90 - - [17/Apr/2026:21:17:25 -0400] "GET /wp-content/plugins/order-tracking/css/pure-buttons.css?ver=2.11.9 HTTP/1.1" 200 835 "http://tejoversea.com/" "Mozilla/5.0 (Linux; Android 10; K) AppleWebKit/537.36 (KHTML, like Gecko) Chrome/147.0.0.0 Mobile Safari/537.36"
45.118.156.90 - - [17/Apr/2026:21:17:25 -0400] "GET /wp-content/plugins/order-tracking/css/pure-forms.css?ver=2.11.9 HTTP/1.1" 200 1805 "http://tejoversea.com/" "Mozilla/5.0 (Linux; Android 10; K) AppleWebKit/537.36 (KHTML, like Gecko) Chrome/147.0.0.0 Mobile Safari/537.36"
45.118.156.90 - - [17/Apr/2026:21:17:25 -0400] "GET /wp-content/plugins/order-tracking/css/pure-forms-nr.css?ver=2.11.9 HTTP/1.1" 200 1824 "http://tejoversea.com/" "Mozilla/5.0 (Linux; Android 10; K) AppleWebKit/537.36 (KHTML, like Gecko) Chrome/147.0.0.0 Mobile Safari/537.36"
45.118.156.90 - - [17/Apr/2026:21:17:25 -0400] "GET /wp-content/plugins/order-tracking/css/pure-grids-nr.css?ver=2.11.9 HTTP/1.1" 200 596 "http://tejoversea.com/" "Mozilla/5.0 (Linux; Android 10; K) AppleWebKit/537.36 (KHTML, like Gecko) Chrome/147.0.0.0 Mobile Safari/537.36"
45.118.156.90 - - [17/Apr/2026:21:17:25 -0400] "GET /wp-content/themes/logistek/assets/css/bootstrap.min.css?ver=6.0.2 HTTP/1.1" 200 27968 "http://tejoversea.com/" "Mozilla/5.0 (Linux; Android 10; K) AppleWebKit/537.36 (KHTML, like Gecko) Chrome/147.0.0.0 Mobile Safari/537.36"
45.118.156.90 - - [17/Apr/2026:21:17:25 -0400] "GET /wp-content/themes/logistek/assets/fonts/webexflaticon/flaticon.css?ver=6.0.2 HTTP/1.1" 200 1714 "http://tejoversea.com/" "Mozilla/5.0 (Linux; Android 10; K) AppleWebKit/537.36 (KHTML, like Gecko) Chrome/147.0.0.0 Mobile Safari/537.36"
45.118.156.90 - - [17/Apr/2026:21:17:25 -0400] "GET /wp-content/themes/logistek/assets/fonts/webexicon/style.css?ver=6.0.2 HTTP/1.1" 200 7269 "http://tejoversea.com/" "Mozilla/5.0 (Linux; Android 10; K) AppleWebKit/537.36 (KHTML, like Gecko) Chrome/147.0.0.0 Mobile Safari/537.36"
45.118.156.90 - - [17/Apr/2026:21:17:25 -0400] "GET /wp-content/themes/logistek/assets/css/magnific-popup.css?ver=6.0.2 HTTP/1.1" 200 2108 "http://tejoversea.com/" "Mozilla/5.0 (Linux; Android 10; K) AppleWebKit/537.36 (KHTML, like Gecko) Chrome/147.0.0.0 Mobile Safari/537.36"
45.118.156.90 - - [17/Apr/2026:21:17:26 -0400] "GET /wp-content/themes/logistek/assets/css/custom-animation.css?ver=6.0.2 HTTP/1.1" 200 818 "http://tejoversea.com/" "Mozilla/5.0 (Linux; Android 10; K) AppleWebKit/537.36 (KHTML, like Gecko) Chrome/147.0.0.0 Mobile Safari/537.36"
45.118.156.90 - - [17/Apr/2026:21:17:26 -0400] "GET /wp-content/themes/logistek/assets/css/meanmenu.min.css?ver=6.0.2 HTTP/1.1" 200 1195 "http://tejoversea.com/" "Mozilla/5.0 (Linux; Android 10; K) AppleWebKit/537.36 (KHTML, like Gecko) Chrome/147.0.0.0 Mobile Safari/537.36"
45.118.156.90 - - [17/Apr/2026:21:17:26 -0400] "GET /wp-content/themes/logistek/style.css?ver=2021-04-14 HTTP/1.1" 200 6026 "http://tejoversea.com/" "Mozilla/5.0 (Linux; Android 10; K) AppleWebKit/537.36 (KHTML, like Gecko) Chrome/147.0.0.0 Mobile Safari/537.36"
45.118.156.90 - - [17/Apr/2026:21:17:25 -0400] "GET /wp-includes/css/dist/block-library/style.min.css?ver=6.0.2 HTTP/1.1" 200 14777 "-" "Mozilla/5.0 (Linux; Android 10; K) AppleWebKit/537.36 (KHTML, like Gecko) Chrome/147.0.0.0 Mobile Safari/537.36"
45.118.156.90 - - [17/Apr/2026:21:17:25 -0400] "GET /wp-content/plugins/order-tracking/css/jquery-ui.min.css?ver=6.0.2 HTTP/1.1" 200 8966 "-" "Mozilla/5.0 (Linux; Android 10; K) AppleWebKit/537.36 (KHTML, like Gecko) Chrome/147.0.0.0 Mobile Safari/537.36"
45.118.156.90 - - [17/Apr/2026:21:17:25 -0400] "GET /wp-content/plugins/order-tracking/css/pure-grids.css?ver=2.11.9 HTTP/1.1" 200 337 "http://tejoversea.com/" "Mozilla/5.0 (Linux; Android 10; K) AppleWebKit/537.36 (KHTML, like Gecko) Chrome/147.0.0.0 Mobile Safari/537.36"
45.118.156.90 - - [17/Apr/2026:21:17:25 -0400] "GET /wp-content/themes/logistek/assets/fonts/fontawesome/css/all.css?ver=6.0.2 HTTP/1.1" 200 14644 "http://tejoversea.com/" "Mozilla/5.0 (Linux; Android 10; K) AppleWebKit/537.36 (KHTML, like Gecko) Chrome/147.0.0.0 Mobile Safari/537.36"
45.118.156.90 - - [17/Apr/2026:21:17:25 -0400] "GET /wp-content/themes/logistek/assets/css/owl.carousel.min.css?ver=6.0.2 HTTP/1.1" 200 1134 "http://tejoversea.com/" "Mozilla/5.0 (Linux; Android 10; K) AppleWebKit/537.36 (KHTML, like Gecko) Chrome/147.0.0.0 Mobile Safari/537.36"
45.118.156.90 - - [17/Apr/2026:21:17:25 -0400] "GET /wp-content/themes/logistek/assets/css/animate.css?ver=6.0.2 HTTP/1.1" 200 7064 "http://tejoversea.com/" "Mozilla/5.0 (Linux; Android 10; K) AppleWebKit/537.36 (KHTML, like Gecko) Chrome/147.0.0.0 Mobile Safari/537.36"
45.118.156.90 - - [17/Apr/2026:21:17:26 -0400] "GET /wp-content/themes/logistek/assets/css/style.css?ver=6.0.2 HTTP/1.1" 200 22036 "http://tejoversea.com/" "Mozilla/5.0 (Linux; Android 10; K) AppleWebKit/537.36 (KHTML, like Gecko) Chrome/147.0.0.0 Mobile Safari/537.36"
45.118.156.90 - - [17/Apr/2026:21:17:26 -0400] "GET /wp-content/themes/logistek/assets/css/responsive.css?ver=6.0.2 HTTP/1.1" 200 2156 "http://tejoversea.com/" "Mozilla/5.0 (Linux; Android 10; K) AppleWebKit/537.36 (KHTML, like Gecko) Chrome/147.0.0.0 Mobile Safari/537.36"
45.118.156.90 - - [17/Apr/2026:21:17:26 -0400] "GET /wp-content/plugins/elementor-pro/assets/css/frontend-lite.min.css?ver=3.7.7 HTTP/1.1" 200 1938 "http://tejoversea.com/" "Mozilla/5.0 (Linux; Android 10; K) AppleWebKit/537.36 (KHTML, like Gecko) Chrome/147.0.0.0 Mobile Safari/537.36"
45.118.156.90 - - [17/Apr/2026:21:17:26 -0400] "GET /wp-content/uploads/elementor/css/global.css?ver=1664536355 HTTP/1.1" 200 3653 "http://tejoversea.com/" "Mozilla/5.0 (Linux; Android 10; K) AppleWebKit/537.36 (KHTML, like Gecko) Chrome/147.0.0.0 Mobile Safari/537.36"
45.118.156.90 - - [17/Apr/2026:21:17:26 -0400] "GET /wp-content/uploads/elementor/css/post-113.css?ver=1775565322 HTTP/1.1" 200 257 "http://tejoversea.com/" "Mozilla/5.0 (Linux; Android 10; K) AppleWebKit/537.36 (KHTML, like Gecko) Chrome/147.0.0.0 Mobile Safari/537.36"
45.118.156.90 - - [17/Apr/2026:21:17:26 -0400] "GET /wp-includes/js/jquery/jquery.min.js?ver=3.6.0 HTTP/1.1" 200 34819 "http://tejoversea.com/" "Mozilla/5.0 (Linux; Android 10; K) AppleWebKit/537.36 (KHTML, like Gecko) Chrome/147.0.0.0 Mobile Safari/537.36"
45.118.156.90 - - [17/Apr/2026:21:17:28 -0400] "GET /wp-content/plugins/contact-form-7/includes/js/index.js?ver=5.6.3 HTTP/1.1" 200 4225 "http://tejoversea.com/" "Mozilla/5.0 (Linux; Android 10; K) AppleWebKit/537.36 (KHTML, like Gecko) Chrome/147.0.0.0 Mobile Safari/537.36"
45.118.156.90 - - [17/Apr/2026:21:17:28 -0400] "GET /wp-content/themes/logistek/assets/fonts/webexicon/fonts/webexicon.ttf?aeef8j HTTP/1.1" 200 218068 "http://tejoversea.com/wp-content/themes/logistek/assets/fonts/webexicon/style.css?ver=6.0.2" "Mozilla/5.0 (Linux; Android 10; K) AppleWebKit/537.36 (KHTML, like Gecko) Chrome/147.0.0.0 Mobile Safari/537.36"
45.118.156.90 - - [17/Apr/2026:21:17:26 -0400] "GET /wp-content/plugins/creame-whatsapp-me/public/css/joinchat-btn.min.css?ver=4.5.9 HTTP/1.1" 200 2277 "http://tejoversea.com/" "Mozilla/5.0 (Linux; Android 10; K) AppleWebKit/537.36 (KHTML, like Gecko) Chrome/147.0.0.0 Mobile Safari/537.36"
45.118.156.90 - - [17/Apr/2026:21:17:26 -0400] "GET /wp-content/plugins/elementor/assets/lib/eicons/css/elementor-icons.min.css?ver=5.16.0 HTTP/1.1" 200 4225 "http://tejoversea.com/" "Mozilla/5.0 (Linux; Android 10; K) AppleWebKit/537.36 (KHTML, like Gecko) Chrome/147.0.0.0 Mobile Safari/537.36"
45.118.156.90 - - [17/Apr/2026:21:17:26 -0400] "GET /wp-content/plugins/elementor/assets/css/frontend-lite.min.css?ver=3.7.7 HTTP/1.1" 200 17595 "http://tejoversea.com/" "Mozilla/5.0 (Linux; Android 10; K) AppleWebKit/537.36 (KHTML, like Gecko) Chrome/147.0.0.0 Mobile Safari/537.36"
45.118.156.90 - - [17/Apr/2026:21:17:26 -0400] "GET /wp-content/uploads/elementor/css/post-24.css?ver=1664536342 HTTP/1.1" 200 400 "http://tejoversea.com/" "Mozilla/5.0 (Linux; Android 10; K) AppleWebKit/537.36 (KHTML, like Gecko) Chrome/147.0.0.0 Mobile Safari/537.36"
45.118.156.90 - - [17/Apr/2026:21:17:26 -0400] "GET /wp-includes/js/jquery/jquery-migrate.min.js?ver=3.3.2 HTTP/1.1" 200 4461 "http://tejoversea.com/" "Mozilla/5.0 (Linux; Android 10; K) AppleWebKit/537.36 (KHTML, like Gecko) Chrome/147.0.0.0 Mobile Safari/537.36"
45.118.156.90 - - [17/Apr/2026:21:17:26 -0400] "GET /wp-content/plugins/order-tracking/js/ewd-otp-js.js?ver=2.11.9 HTTP/1.1" 200 1356 "http://tejoversea.com/" "Mozilla/5.0 (Linux; Android 10; K) AppleWebKit/537.36 (KHTML, like Gecko) Chrome/147.0.0.0 Mobile Safari/537.36"
45.118.156.90 - - [17/Apr/2026:21:17:27 -0400] "GET /wp-content/uploads/2022/10/logo-black-e1664945148632.png HTTP/1.1" 200 18396 "http://tejoversea.com/" "Mozilla/5.0 (Linux; Android 10; K) AppleWebKit/537.36 (KHTML, like Gecko) Chrome/147.0.0.0 Mobile Safari/537.36"
45.118.156.90 - - [17/Apr/2026:21:17:27 -0400] "GET /wp-content/uploads/2022/10/Tej-Oversea-Logistic-e1664610081961.png HTTP/1.1" 200 14639 "http://tejoversea.com/" "Mozilla/5.0 (Linux; Android 10; K) AppleWebKit/537.36 (KHTML, like Gecko) Chrome/147.0.0.0 Mobile Safari/537.36"
45.118.156.90 - - [17/Apr/2026:21:17:28 -0400] "GET /wp-includes/js/jquery/ui/core.min.js?ver=1.13.1 HTTP/1.1" 200 7544 "http://tejoversea.com/" "Mozilla/5.0 (Linux; Android 10; K) AppleWebKit/537.36 (KHTML, like Gecko) Chrome/147.0.0.0 Mobile Safari/537.36"
45.118.156.90 - - [17/Apr/2026:21:17:28 -0400] "GET /wp-content/plugins/contact-form-7/includes/swv/js/index.js?ver=5.6.3 HTTP/1.1" 200 3174 "http://tejoversea.com/" "Mozilla/5.0 (Linux; Android 10; K) AppleWebKit/537.36 (KHTML, like Gecko) Chrome/147.0.0.0 Mobile Safari/537.36"
45.118.156.90 - - [17/Apr/2026:21:17:27 -0400] "GET /wp-content/themes/logistek/assets/img/side-panel/2.jpg HTTP/1.1" 404 7618 "http://tejoversea.com/" "Mozilla/5.0 (Linux; Android 10; K) AppleWebKit/537.36 (KHTML, like Gecko) Chrome/147.0.0.0 Mobile Safari/537.36"
45.118.156.90 - - [17/Apr/2026:21:17:29 -0400] "GET /wp-content/themes/logistek/assets/fonts/fontawesome/webfonts/fa-regular-400.woff2 HTTP/1.1" 200 13584 "http://tejoversea.com/wp-content/themes/logistek/assets/fonts/fontawesome/css/all.css?ver=6.0.2" "Mozilla/5.0 (Linux; Android 10; K) AppleWebKit/537.36 (KHTML, like Gecko) Chrome/147.0.0.0 Mobile Safari/537.36"
45.118.156.90 - - [17/Apr/2026:21:17:29 -0400] "GET /wp-content/themes/logistek/assets/img/side-panel/6.jpg HTTP/1.1" 404 7618 "http://tejoversea.com/" "Mozilla/5.0 (Linux; Android 10; K) AppleWebKit/537.36 (KHTML, like Gecko) Chrome/147.0.0.0 Mobile Safari/537.36"
45.118.156.90 - - [17/Apr/2026:21:17:30 -0400] "GET /wp-content/themes/logistek/assets/js/jquery.v1.12.4.min.js?ver=6.0.2 HTTP/1.1" 200 38036 "http://tejoversea.com/" "Mozilla/5.0 (Linux; Android 10; K) AppleWebKit/537.36 (KHTML, like Gecko) Chrome/147.0.0.0 Mobile Safari/537.36"
45.118.156.90 - - [17/Apr/2026:21:17:30 -0400] "GET /wp-content/themes/logistek/assets/img/side-panel/4.jpg HTTP/1.1" 404 7617 "http://tejoversea.com/" "Mozilla/5.0 (Linux; Android 10; K) AppleWebKit/537.36 (KHTML, like Gecko) Chrome/147.0.0.0 Mobile Safari/537.36"
162.213.253.84 - - [17/Apr/2026:21:21:31 -0400] "POST /wp-cron.php?doing_wp_cron=1776475291.0582199096679687500000 HTTP/1.1" 200 0 "http://tejoversea.com/wp-cron.php?doing_wp_cron=1776475291.0582199096679687500000" "WordPress/6.0.2; http://tejoversea.com"
18.204.89.56 - - [17/Apr/2026:21:21:30 -0400] "GET /comments/feed/ HTTP/1.1" 200 588 "-" "Mozilla/5.0 AppleWebKit/537.36 (KHTML, like Gecko; compatible; Amazonbot/0.1; +https://developer.amazon.com/support/amazonbot) Chrome/119.0.6045.214 Safari/537.36"
45.118.156.90 - - [17/Apr/2026:21:17:28 -0400] "GET /wp-content/themes/logistek/assets/fonts/fontawesome/webfonts/fa-solid-900.woff2 HTTP/1.1" 200 79444 "http://tejoversea.com/wp-content/themes/logistek/assets/fonts/fontawesome/css/all.css?ver=6.0.2" "Mozilla/5.0 (Linux; Android 10; K) AppleWebKit/537.36 (KHTML, like Gecko) Chrome/147.0.0.0 Mobile Safari/537.36"
45.118.156.90 - - [17/Apr/2026:21:17:28 -0400] "GET /wp-content/themes/logistek/assets/fonts/fontawesome/webfonts/fa-brands-400.woff2 HTTP/1.1" 200 76612 "http://tejoversea.com/wp-content/themes/logistek/assets/fonts/fontawesome/css/all.css?ver=6.0.2" "Mozilla/5.0 (Linux; Android 10; K) AppleWebKit/537.36 (KHTML, like Gecko) Chrome/147.0.0.0 Mobile Safari/537.36"
45.118.156.90 - - [17/Apr/2026:21:17:28 -0400] "GET /wp-content/themes/logistek/assets/img/side-panel/3.jpg HTTP/1.1" 404 7612 "http://tejoversea.com/" "Mozilla/5.0 (Linux; Android 10; K) AppleWebKit/537.36 (KHTML, like Gecko) Chrome/147.0.0.0 Mobile Safari/537.36"
45.118.156.90 - - [17/Apr/2026:21:17:29 -0400] "GET /wp-content/themes/logistek/assets/fonts/webexflaticon/Flaticon.woff2 HTTP/1.1" 200 49320 "http://tejoversea.com/wp-content/themes/logistek/assets/fonts/webexflaticon/flaticon.css?ver=6.0.2" "Mozilla/5.0 (Linux; Android 10; K) AppleWebKit/537.36 (KHTML, like Gecko) Chrome/147.0.0.0 Mobile Safari/537.36"
162.213.253.84 - - [17/Apr/2026:21:17:28 -0400] "POST /wp-cron.php?doing_wp_cron=1776475048.3992340564727783203125 HTTP/1.1" 200 0 "http://tejoversea.com/wp-cron.php?doing_wp_cron=1776475048.3992340564727783203125" "WordPress/6.0.2; http://tejoversea.com"
45.118.156.90 - - [17/Apr/2026:21:17:29 -0400] "GET /wp-content/themes/logistek/assets/images/preloader.svg HTTP/1.1" 200 655 "http://tejoversea.com/wp-content/themes/logistek/assets/css/style.css?ver=6.0.2" "Mozilla/5.0 (Linux; Android 10; K) AppleWebKit/537.36 (KHTML, like Gecko) Chrome/147.0.0.0 Mobile Safari/537.36"
45.118.156.90 - - [17/Apr/2026:21:17:27 -0400] "GET /wp-content/themes/logistek/assets/img/side-panel/1.jpg HTTP/1.1" 404 7618 "http://tejoversea.com/" "Mozilla/5.0 (Linux; Android 10; K) AppleWebKit/537.36 (KHTML, like Gecko) Chrome/147.0.0.0 Mobile Safari/537.36"
45.118.156.90 - - [17/Apr/2026:21:17:29 -0400] "GET /wp-content/themes/logistek/assets/images/bg/1.jpg HTTP/1.1" 200 104444 "http://tejoversea.com/wp-content/themes/logistek/assets/css/style.css?ver=6.0.2" "Mozilla/5.0 (Linux; Android 10; K) AppleWebKit/537.36 (KHTML, like Gecko) Chrome/147.0.0.0 Mobile Safari/537.36"
162.213.253.84 - - [17/Apr/2026:21:17:29 -0400] "POST /wp-admin/admin-ajax.php?action=async_litespeed&nonce=a0db9d06ae&litespeed_type=imgoptm HTTP/1.1" 200 0 "http://tejoversea.com/wp-admin/admin-ajax.php?action=async_litespeed&nonce=a0db9d06ae&litespeed_type=imgoptm" "WordPress/6.0.2; http://tejoversea.com"
45.118.156.90 - - [17/Apr/2026:21:17:30 -0400] "GET /wp-includes/js/jquery/ui/datepicker.min.js?ver=1.13.1 HTTP/1.1" 200 12350 "http://tejoversea.com/" "Mozilla/5.0 (Linux; Android 10; K) AppleWebKit/537.36 (KHTML, like Gecko) Chrome/147.0.0.0 Mobile Safari/537.36"
45.118.156.90 - - [17/Apr/2026:21:17:30 -0400] "GET /wp-content/themes/logistek/assets/img/side-panel/5.jpg HTTP/1.1" 404 7612 "http://tejoversea.com/" "Mozilla/5.0 (Linux; Android 10; K) AppleWebKit/537.36 (KHTML, like Gecko) Chrome/147.0.0.0 Mobile Safari/537.36"
162.213.253.84 - - [17/Apr/2026:21:21:31 -0400] "POST /wp-admin/admin-ajax.php?action=async_litespeed&nonce=a0db9d06ae&litespeed_type=imgoptm HTTP/1.1" 200 0 "http://tejoversea.com/wp-admin/admin-ajax.php?action=async_litespeed&nonce=a0db9d06ae&litespeed_type=imgoptm" "WordPress/6.0.2; http://tejoversea.com"
52.167.144.59 - - [17/Apr/2026:22:35:57 -0400] "GET /robots.txt HTTP/1.1" 200 246 "-" "Mozilla/5.0 AppleWebKit/537.36 (KHTML, like Gecko; compatible; bingbot/2.0; +http://www.bing.com/bingbot.htm) Chrome/116.0.1938.76 Safari/537.36"
162.213.253.84 - - [17/Apr/2026:22:35:59 -0400] "POST /wp-admin/admin-ajax.php?action=async_litespeed&nonce=a0db9d06ae&litespeed_type=imgoptm HTTP/1.1" 200 0 "http://tejoversea.com/wp-admin/admin-ajax.php?action=async_litespeed&nonce=a0db9d06ae&litespeed_type=imgoptm" "WordPress/6.0.2; http://tejoversea.com"
51.161.65.77 - - [17/Apr/2026:22:39:14 -0400] "GET /robots.txt HTTP/1.1" 200 246 "-" "Mozilla/5.0 (compatible; AhrefsBot/7.0; +http://ahrefs.com/robot/)"
162.213.253.84 - - [17/Apr/2026:22:39:19 -0400] "POST /wp-cron.php?doing_wp_cron=1776479959.1148269176483154296875 HTTP/1.1" 200 0 "http://tejoversea.com/wp-cron.php?doing_wp_cron=1776479959.1148269176483154296875" "WordPress/6.0.2; http://tejoversea.com"
92.222.108.117 - - [17/Apr/2026:22:39:18 -0400] "GET / HTTP/1.1" 200 16657 "-" "Mozilla/5.0 (compatible; AhrefsBot/7.0; +http://ahrefs.com/robot/)"
162.213.253.84 - - [17/Apr/2026:22:39:19 -0400] "POST /wp-admin/admin-ajax.php?action=async_litespeed&nonce=a0db9d06ae&litespeed_type=imgoptm HTTP/1.1" 200 0 "http://tejoversea.com/wp-admin/admin-ajax.php?action=async_litespeed&nonce=a0db9d06ae&litespeed_type=imgoptm" "WordPress/6.0.2; http://tejoversea.com"
162.213.253.84 - - [17/Apr/2026:22:35:59 -0400] "POST /wp-cron.php?doing_wp_cron=1776479759.2268619537353515625000 HTTP/1.1" 200 0 "http://tejoversea.com/wp-cron.php?doing_wp_cron=1776479759.2268619537353515625000" "WordPress/6.0.2; http://tejoversea.com"
52.167.144.163 - - [17/Apr/2026:22:35:58 -0400] "GET /sitemap_index.xml HTTP/1.1" 200 280 "-" "Mozilla/5.0 AppleWebKit/537.36 (KHTML, like Gecko; compatible; bingbot/2.0; +http://www.bing.com/bingbot.htm) Chrome/116.0.1938.76 Safari/537.36"
54.177.158.113 - - [17/Apr/2026:22:55:26 -0400] "GET / HTTP/1.1" 200 19139 "-" "Mozilla/5.0 (X11; Linux x86_64) AppleWebKit/537.36 (KHTML, like Gecko) Chrome/137.0.0.0 Safari/537.36"
212.47.77.100 - - [17/Apr/2026:22:58:07 -0400] "GET /wp-admin/css/ HTTP/1.1" 403 1242 "binance.com" "Mozilla/5.0 (Windows NT 10.0; Win64; x64) AppleWebKit/537.36 (KHTML, like Gecko) Chrome/90.0.4430.85 Safari/537.36"
162.213.253.84 - - [17/Apr/2026:23:23:38 -0400] "POST /wp-cron.php?doing_wp_cron=1776482618.4665780067443847656250 HTTP/1.1" 200 0 "http://tejoversea.com/wp-cron.php?doing_wp_cron=1776482618.4665780067443847656250" "WordPress/6.0.2; http://tejoversea.com"
34.194.95.99 - - [17/Apr/2026:23:23:37 -0400] "GET /feed/ HTTP/1.1" 200 625 "-" "Mozilla/5.0 AppleWebKit/537.36 (KHTML, like Gecko; compatible; Amazonbot/0.1; +https://developer.amazon.com/support/amazonbot) Chrome/119.0.6045.214 Safari/537.36"
162.213.253.84 - - [17/Apr/2026:23:23:38 -0400] "POST /wp-admin/admin-ajax.php?action=async_litespeed&nonce=a0db9d06ae&litespeed_type=imgoptm HTTP/1.1" 200 21 "http://tejoversea.com/wp-admin/admin-ajax.php?action=async_litespeed&nonce=a0db9d06ae&litespeed_type=imgoptm" "WordPress/6.0.2; http://tejoversea.com"
17.246.19.29 - - [18/Apr/2026:00:05:38 -0400] "GET /robots.txt HTTP/1.1" 200 281 "-" "Mozilla/5.0 (Macintosh; Intel Mac OS X 10_15_7) AppleWebKit/605.1.15 (KHTML, like Gecko) Version/17.4 Safari/605.1.15 (Applebot/0.1; +http://www.apple.com/go/applebot)"
17.246.19.29 - - [18/Apr/2026:00:05:38 -0400] "GET /feed/ HTTP/1.1" 200 625 "-" "Mozilla/5.0 (Macintosh; Intel Mac OS X 10_15_7) AppleWebKit/605.1.15 (KHTML, like Gecko) Version/17.4 Safari/605.1.15 (Applebot/0.1; +http://www.apple.com/go/applebot)"
162.213.253.84 - - [18/Apr/2026:00:08:12 -0400] "POST /wp-cron.php?doing_wp_cron=1776485292.8178329467773437500000 HTTP/1.1" 200 0 "http://tejoversea.com/wp-cron.php?doing_wp_cron=1776485292.8178329467773437500000" "WordPress/6.0.2; http://tejoversea.com"
107.189.18.50 - - [18/Apr/2026:00:08:12 -0400] "GET /unzipper.php HTTP/1.1" 404 28715 "-" "Python-urllib/2.7"
162.213.253.84 - - [18/Apr/2026:00:08:13 -0400] "POST /wp-admin/admin-ajax.php?action=async_litespeed&nonce=a0db9d06ae&litespeed_type=imgoptm HTTP/1.1" 200 21 "http://tejoversea.com/wp-admin/admin-ajax.php?action=async_litespeed&nonce=a0db9d06ae&litespeed_type=imgoptm" "WordPress/6.0.2; http://tejoversea.com"
152.58.119.218 - - [18/Apr/2026:00:38:52 -0400] "GET / HTTP/1.1" 200 19144 "-" "Mozilla/5.0 (Linux; Android 10; K) AppleWebKit/537.36 (KHTML, like Gecko) Chrome/147.0.0.0 Mobile Safari/537.36"
152.58.119.218 - - [18/Apr/2026:00:38:52 -0400] "GET /wp-content/plugins/wp-call-button/assets/block/build/index.css?ver=a1dbfd3fcfcfb0740ca8c4771bbdc4c3 HTTP/1.1" 200 341 "-" "Mozilla/5.0 (Linux; Android 10; K) AppleWebKit/537.36 (KHTML, like Gecko) Chrome/147.0.0.0 Mobile Safari/537.36"
152.58.119.218 - - [18/Apr/2026:00:38:52 -0400] "GET /wp-content/plugins/contact-form-7/includes/css/styles.css?ver=5.6.3 HTTP/1.1" 200 1040 "-" "Mozilla/5.0 (Linux; Android 10; K) AppleWebKit/537.36 (KHTML, like Gecko) Chrome/147.0.0.0 Mobile Safari/537.36"
152.58.119.218 - - [18/Apr/2026:00:38:53 -0400] "GET /wp-content/plugins/order-tracking/css/jquery-ui.min.css?ver=6.0.2 HTTP/1.1" 200 8966 "-" "Mozilla/5.0 (Linux; Android 10; K) AppleWebKit/537.36 (KHTML, like Gecko) Chrome/147.0.0.0 Mobile Safari/537.36"
152.58.119.218 - - [18/Apr/2026:00:38:53 -0400] "GET /wp-content/plugins/order-tracking/css/otp-styles.css?ver=2.11.9 HTTP/1.1" 200 2177 "-" "Mozilla/5.0 (Linux; Android 10; K) AppleWebKit/537.36 (KHTML, like Gecko) Chrome/147.0.0.0 Mobile Safari/537.36"
152.58.119.218 - - [18/Apr/2026:00:38:53 -0400] "GET /wp-content/plugins/order-tracking/css/pure-forms.css?ver=2.11.9 HTTP/1.1" 200 1805 "http://tejoversea.com/" "Mozilla/5.0 (Linux; Android 10; K) AppleWebKit/537.36 (KHTML, like Gecko) Chrome/147.0.0.0 Mobile Safari/537.36"
152.58.119.218 - - [18/Apr/2026:00:38:53 -0400] "GET /wp-content/plugins/order-tracking/css/pure-grids.css?ver=2.11.9 HTTP/1.1" 200 337 "http://tejoversea.com/" "Mozilla/5.0 (Linux; Android 10; K) AppleWebKit/537.36 (KHTML, like Gecko) Chrome/147.0.0.0 Mobile Safari/537.36"
152.58.119.218 - - [18/Apr/2026:00:38:53 -0400] "GET /wp-content/themes/logistek/assets/css/bootstrap.min.css?ver=6.0.2 HTTP/1.1" 200 27968 "http://tejoversea.com/" "Mozilla/5.0 (Linux; Android 10; K) AppleWebKit/537.36 (KHTML, like Gecko) Chrome/147.0.0.0 Mobile Safari/537.36"
152.58.119.218 - - [18/Apr/2026:00:38:53 -0400] "GET /wp-content/themes/logistek/assets/fonts/webexflaticon/flaticon.css?ver=6.0.2 HTTP/1.1" 200 1714 "http://tejoversea.com/" "Mozilla/5.0 (Linux; Android 10; K) AppleWebKit/537.36 (KHTML, like Gecko) Chrome/147.0.0.0 Mobile Safari/537.36"
152.58.119.218 - - [18/Apr/2026:00:38:54 -0400] "GET /wp-content/themes/logistek/assets/css/owl.carousel.min.css?ver=6.0.2 HTTP/1.1" 200 1134 "http://tejoversea.com/" "Mozilla/5.0 (Linux; Android 10; K) AppleWebKit/537.36 (KHTML, like Gecko) Chrome/147.0.0.0 Mobile Safari/537.36"
152.58.119.218 - - [18/Apr/2026:00:38:54 -0400] "GET /wp-content/themes/logistek/assets/css/meanmenu.min.css?ver=6.0.2 HTTP/1.1" 200 1195 "http://tejoversea.com/" "Mozilla/5.0 (Linux; Android 10; K) AppleWebKit/537.36 (KHTML, like Gecko) Chrome/147.0.0.0 Mobile Safari/537.36"
152.58.119.218 - - [18/Apr/2026:00:38:54 -0400] "GET /wp-content/themes/logistek/assets/css/responsive.css?ver=6.0.2 HTTP/1.1" 200 2156 "http://tejoversea.com/" "Mozilla/5.0 (Linux; Android 10; K) AppleWebKit/537.36 (KHTML, like Gecko) Chrome/147.0.0.0 Mobile Safari/537.36"
152.58.119.218 - - [18/Apr/2026:00:38:54 -0400] "GET /wp-content/themes/logistek/assets/css/style.css?ver=6.0.2 HTTP/1.1" 200 22036 "http://tejoversea.com/" "Mozilla/5.0 (Linux; Android 10; K) AppleWebKit/537.36 (KHTML, like Gecko) Chrome/147.0.0.0 Mobile Safari/537.36"
152.58.119.218 - - [18/Apr/2026:00:38:54 -0400] "GET /wp-content/themes/logistek/assets/css/custom-animation.css?ver=6.0.2 HTTP/1.1" 200 818 "http://tejoversea.com/" "Mozilla/5.0 (Linux; Android 10; K) AppleWebKit/537.36 (KHTML, like Gecko) Chrome/147.0.0.0 Mobile Safari/537.36"
152.58.119.218 - - [18/Apr/2026:00:38:54 -0400] "GET /wp-content/plugins/creame-whatsapp-me/public/css/joinchat-btn.min.css?ver=4.5.9 HTTP/1.1" 200 2277 "http://tejoversea.com/" "Mozilla/5.0 (Linux; Android 10; K) AppleWebKit/537.36 (KHTML, like Gecko) Chrome/147.0.0.0 Mobile Safari/537.36"
152.58.119.218 - - [18/Apr/2026:00:38:52 -0400] "GET /wp-includes/css/dist/block-library/style.min.css?ver=6.0.2 HTTP/1.1" 200 14777 "-" "Mozilla/5.0 (Linux; Android 10; K) AppleWebKit/537.36 (KHTML, like Gecko) Chrome/147.0.0.0 Mobile Safari/537.36"
152.58.119.218 - - [18/Apr/2026:00:38:53 -0400] "GET /wp-content/plugins/order-tracking/css/pure-buttons.css?ver=2.11.9 HTTP/1.1" 200 835 "http://tejoversea.com/" "Mozilla/5.0 (Linux; Android 10; K) AppleWebKit/537.36 (KHTML, like Gecko) Chrome/147.0.0.0 Mobile Safari/537.36"
152.58.119.218 - - [18/Apr/2026:00:38:53 -0400] "GET /wp-content/plugins/order-tracking/css/pure-forms-nr.css?ver=2.11.9 HTTP/1.1" 200 1824 "http://tejoversea.com/" "Mozilla/5.0 (Linux; Android 10; K) AppleWebKit/537.36 (KHTML, like Gecko) Chrome/147.0.0.0 Mobile Safari/537.36"
152.58.119.218 - - [18/Apr/2026:00:38:53 -0400] "GET /wp-content/plugins/order-tracking/css/pure-grids-nr.css?ver=2.11.9 HTTP/1.1" 200 596 "http://tejoversea.com/" "Mozilla/5.0 (Linux; Android 10; K) AppleWebKit/537.36 (KHTML, like Gecko) Chrome/147.0.0.0 Mobile Safari/537.36"
