Path : /proc/thread-self/root/home/vishqocm/access-logs/
File Upload :
Current File : //proc/thread-self/root/home/vishqocm///access-logs/tejoversea.vishalwebtech.com

179.106.145.108 - - [19/Apr/2026:08:12:09 -0400] "GET /gallery/ HTTP/1.1" 200 12873 "-" "Mozilla/5.0 (iPod; U; CPU iPhone OS 3_0 like Mac OS X; doi-IN) AppleWebKit/533.35.6 (KHTML, like Gecko) Version/4.0.5 Mobile/8B112 Safari/6533.35.6"
189.92.39.154 - - [19/Apr/2026:08:14:11 -0400] "GET /service/home-moving/ HTTP/1.1" 200 11317 "-" "Mozilla/5.0 (compatible; MSIE 8.0; Windows NT 6.2; Trident/5.0)"
106.54.62.156 - - [19/Apr/2026:09:21:48 -0400] "GET / HTTP/1.1" 200 19144 "http://www.tejoversea.com" "Mozilla/5.0 (iPhone; CPU iPhone OS 13_2_3 like Mac OS X) AppleWebKit/605.1.15 (KHTML, like Gecko) Version/13.0.3 Mobile/15E148 Safari/604.1"
162.213.253.84 - - [19/Apr/2026:09:21:43 -0400] "POST /wp-cron.php?doing_wp_cron=1776604903.3504519462585449218750 HTTP/1.1" 200 0 "http://tejoversea.com/wp-cron.php?doing_wp_cron=1776604903.3504519462585449218750" "WordPress/6.0.2; http://tejoversea.com"
106.54.62.156 - - [19/Apr/2026:09:21:42 -0400] "GET / HTTP/1.1" 301 0 "-" "Mozilla/5.0 (iPhone; CPU iPhone OS 13_2_3 like Mac OS X) AppleWebKit/605.1.15 (KHTML, like Gecko) Version/13.0.3 Mobile/15E148 Safari/604.1"
162.213.253.84 - - [19/Apr/2026:09:21:43 -0400] "POST /wp-admin/admin-ajax.php?action=async_litespeed&nonce=e6d1a54979&litespeed_type=imgoptm HTTP/1.1" 200 21 "http://tejoversea.com/wp-admin/admin-ajax.php?action=async_litespeed&nonce=e6d1a54979&litespeed_type=imgoptm" "WordPress/6.0.2; http://tejoversea.com"
5.133.192.138 - - [19/Apr/2026:09:21:56 -0400] "GET /wp-content/uploads/2022/10/Tej-Oversea-Logistic-e1664610081961.png HTTP/1.1" 200 14639 "-" "Mozilla/5.0 (Windows NT 10.0; Win64; x64) AppleWebKit/537.36 (KHTML, like Gecko) Chrome/105.0.0.0 Safari/537.36"
88.230.20.233 - - [19/Apr/2026:09:27:40 -0400] "GET /service/office-moving-shifting/ HTTP/1.1" 200 11048 "-" "Mozilla/5.0 (Linux; Android 4.3) AppleWebKit/531.2 (KHTML, like Gecko) Chrome/53.0.876.0 Safari/531.2"
51.75.236.158 - - [19/Apr/2026:09:48:25 -0400] "GET /robots.txt HTTP/1.1" 200 246 "-" "Mozilla/5.0 (compatible; AhrefsBot/7.0; +http://ahrefs.com/robot/)"
179.61.129.188 - - [19/Apr/2026:09:38:17 -0400] "GET /wp-json/wp/v2/posts HTTP/1.1" 200 2 "-" "Mozilla/5.0 (Windows NT 10.0; Win64; x64) AppleWebKit/537.36 (KHTML, like Gecko) Chrome/120.0.0.0 Safari/537.36"
51.75.236.150 - - [19/Apr/2026:09:48:26 -0400] "GET / HTTP/1.1" 200 16657 "-" "Mozilla/5.0 (compatible; AhrefsBot/7.0; +http://ahrefs.com/robot/)"
66.249.79.135 - - [19/Apr/2026:10:21:28 -0400] "GET /wp-includes/js/wp-emoji-release.min.js?ver=6.0.2 HTTP/1.1" 200 4619 "http://tejoversea.com/" "Mozilla/5.0 (compatible; Googlebot/2.1; +http://www.google.com/bot.html)"
66.249.79.133 - - [19/Apr/2026:10:21:28 -0400] "GET /wp-content/themes/logistek/assets/css/bootstrap.min.css?ver=6.0.2 HTTP/1.1" 200 19105 "http://tejoversea.com/" "Mozilla/5.0 (compatible; Googlebot/2.1; +http://www.google.com/bot.html)"
66.249.79.134 - - [19/Apr/2026:10:21:29 -0400] "GET /wp-content/plugins/order-tracking/js/ewd-otp-js.js?ver=2.11.9 HTTP/1.1" 200 1103 "http://tejoversea.com/" "Mozilla/5.0 (compatible; Googlebot/2.1; +http://www.google.com/bot.html)"
66.249.79.134 - - [19/Apr/2026:10:21:30 -0400] "GET /wp-content/themes/logistek/assets/revolution/js/extensions/revolution.extension.migration.min.js?ver=6.0.2 HTTP/1.1" 200 1593 "http://tejoversea.com/" "Mozilla/5.0 (compatible; Googlebot/2.1; +http://www.google.com/bot.html)"
66.249.79.133 - - [19/Apr/2026:10:21:30 -0400] "GET /wp-includes/js/dist/hooks.min.js?ver=c6d64f2cb8f5c6bb49caca37f8828ce3 HTTP/1.1" 200 1575 "http://tejoversea.com/" "Mozilla/5.0 (compatible; Googlebot/2.1; +http://www.google.com/bot.html)"
66.249.79.134 - - [19/Apr/2026:10:21:30 -0400] "GET /wp-content/themes/logistek/assets/js/jquery.magnific-popup.min.js?ver=6.0.2 HTTP/1.1" 200 7043 "http://tejoversea.com/" "Mozilla/5.0 (compatible; Googlebot/2.1; +http://www.google.com/bot.html)"
66.249.79.134 - - [19/Apr/2026:10:21:25 -0400] "GET /robots.txt HTTP/1.1" 200 246 "-" "Mozilla/5.0 (compatible; Googlebot/2.1; +http://www.google.com/bot.html)"
66.249.79.133 - - [19/Apr/2026:10:21:25 -0400] "GET / HTTP/1.1" 200 16657 "-" "Mozilla/5.0 (compatible; Googlebot/2.1; +http://www.google.com/bot.html)"
66.249.79.134 - - [19/Apr/2026:10:21:28 -0400] "GET /wp-content/themes/logistek/assets/fonts/fontawesome/css/all.css?ver=6.0.2 HTTP/1.1" 200 12558 "http://tejoversea.com/" "Mozilla/5.0 (compatible; Googlebot/2.1; +http://www.google.com/bot.html)"
66.249.79.135 - - [19/Apr/2026:10:21:29 -0400] "GET /wp-content/uploads/elementor/css/post-113.css?ver=1775520000 HTTP/1.1" 200 208 "http://tejoversea.com/" "Mozilla/5.0 (compatible; Googlebot/2.1; +http://www.google.com/bot.html)"
66.249.79.134 - - [19/Apr/2026:10:21:29 -0400] "GET /wp-content/themes/logistek/assets/js/jquery.v1.12.4.min.js?ver=6.0.2 HTTP/1.1" 200 32850 "http://tejoversea.com/" "Mozilla/5.0 (compatible; Googlebot/2.1; +http://www.google.com/bot.html)"
66.249.79.134 - - [19/Apr/2026:10:21:30 -0400] "GET /wp-content/plugins/logistek-elementor/assets/js/bdevs-elementor.js?ver=1.0.0 HTTP/1.1" 200 263 "http://tejoversea.com/" "Mozilla/5.0 (compatible; Googlebot/2.1; +http://www.google.com/bot.html)"
66.249.79.134 - - [19/Apr/2026:10:21:31 -0400] "GET /wp-json/contact-form-7/v1/contact-forms/130/feedback/schema HTTP/1.1" 200 549 "http://tejoversea.com/" "Mozilla/5.0 (compatible; Googlebot/2.1; +http://www.google.com/bot.html)"
66.249.79.133 - - [19/Apr/2026:10:21:31 -0400] "GET /wp-json/contact-form-7/v1/contact-forms/130/refill HTTP/1.1" 200 2 "http://tejoversea.com/" "Mozilla/5.0 (compatible; Googlebot/2.1; +http://www.google.com/bot.html)"
74.7.230.31 - - [19/Apr/2026:10:28:03 -0400] "GET /robots.txt HTTP/1.1" 200 246 "-" "Mozilla/5.0 (Macintosh; Intel Mac OS X 10_15_7) AppleWebKit/537.36 (KHTML, like Gecko) Chrome/131.0.0.0 Safari/537.36; compatible; OAI-SearchBot/1.3; robots.txt; +https://openai.com/searchbot"
162.213.253.84 - - [19/Apr/2026:10:34:44 -0400] "POST /wp-cron.php?doing_wp_cron=1776609284.3593521118164062500000 HTTP/1.1" 200 0 "http://tejoversea.com/wp-cron.php?doing_wp_cron=1776609284.3593521118164062500000" "WordPress/6.0.2; http://tejoversea.com"
20.172.38.178 - - [19/Apr/2026:10:34:43 -0400] "GET /.env HTTP/1.1" 404 7605 "-" "Mozilla/5.0 (X11; Linux x86_64) AppleWebKit/537.36 (KHTML, like Gecko) Chrome/81.0.4044.129 Safari/537.36"
162.213.253.84 - - [19/Apr/2026:10:34:44 -0400] "POST /wp-admin/admin-ajax.php?action=async_litespeed&nonce=e6d1a54979&litespeed_type=imgoptm HTTP/1.1" 200 0 "http://tejoversea.com/wp-admin/admin-ajax.php?action=async_litespeed&nonce=e6d1a54979&litespeed_type=imgoptm" "WordPress/6.0.2; http://tejoversea.com"
20.172.38.178 - - [19/Apr/2026:10:34:45 -0400] "POST / HTTP/1.1" 200 19113 "-" "Mozilla/5.0 (X11; Linux x86_64) AppleWebKit/537.36 (KHTML, like Gecko) Chrome/81.0.4044.129 Safari/537.36"
155.212.161.227 - - [19/Apr/2026:10:43:35 -0400] "GET / HTTP/1.1" 200 16656 "-" "Mozilla/5.0 (Windows NT 10.0; Win64; x64) AppleWebKit/537.36 (KHTML, like Gecko) Chrome/120.0.0.0 Safari/537.36"
202.165.87.136 - - [19/Apr/2026:11:27:03 -0400] "GET /service/car-shifting/ HTTP/1.1" 200 11188 "-" "Opera/9.84.(X11; Linux x86_64; ka-GE) Presto/2.9.165 Version/11.00"
162.213.253.84 - - [19/Apr/2026:12:17:07 -0400] "POST /wp-admin/admin-ajax.php?action=async_litespeed&nonce=e6d1a54979&litespeed_type=imgoptm HTTP/1.1" 200 0 "http://tejoversea.com/wp-admin/admin-ajax.php?action=async_litespeed&nonce=e6d1a54979&litespeed_type=imgoptm" "WordPress/6.0.2; http://tejoversea.com"
162.213.253.84 - - [19/Apr/2026:12:17:06 -0400] "POST /wp-cron.php?doing_wp_cron=1776615426.5436580181121826171875 HTTP/1.1" 200 0 "http://tejoversea.com/wp-cron.php?doing_wp_cron=1776615426.5436580181121826171875" "WordPress/6.0.2; http://tejoversea.com"
52.167.144.171 - - [19/Apr/2026:12:17:05 -0400] "GET /sitemap_index.xml HTTP/1.1" 200 280 "-" "Mozilla/5.0 AppleWebKit/537.36 (KHTML, like Gecko; compatible; bingbot/2.0; +http://www.bing.com/bingbot.htm) Chrome/116.0.1938.76 Safari/537.36"
150.109.46.88 - - [19/Apr/2026:12:32:43 -0400] "GET / HTTP/1.1" 200 19144 "-" "Mozilla/5.0 (iPhone; CPU iPhone OS 13_2_3 like Mac OS X) AppleWebKit/605.1.15 (KHTML, like Gecko) Version/13.0.3 Mobile/15E148 Safari/604.1"
81.30.156.115 - - [19/Apr/2026:12:41:30 -0400] "GET /wp-json/wp/v2/posts HTTP/1.1" 200 2 "-" "-"
43.157.20.63 - - [19/Apr/2026:12:48:46 -0400] "GET /?page_id=120 HTTP/1.1" 301 0 "-" "Mozilla/5.0 (iPhone; CPU iPhone OS 13_2_3 like Mac OS X) AppleWebKit/605.1.15 (KHTML, like Gecko) Version/13.0.3 Mobile/15E148 Safari/604.1"
162.213.253.84 - - [19/Apr/2026:12:48:47 -0400] "POST /wp-admin/admin-ajax.php?action=async_litespeed&nonce=e6d1a54979&litespeed_type=imgoptm HTTP/1.1" 200 21 "http://tejoversea.com/wp-admin/admin-ajax.php?action=async_litespeed&nonce=e6d1a54979&litespeed_type=imgoptm" "WordPress/6.0.2; http://tejoversea.com"
162.213.253.84 - - [19/Apr/2026:12:48:47 -0400] "POST /wp-cron.php?doing_wp_cron=1776617327.3920230865478515625000 HTTP/1.1" 200 0 "http://tejoversea.com/wp-cron.php?doing_wp_cron=1776617327.3920230865478515625000" "WordPress/6.0.2; http://tejoversea.com"
43.157.20.63 - - [19/Apr/2026:12:48:50 -0400] "GET /about-us/ HTTP/1.1" 200 15001 "http://tejoversea.com?page_id=120" "Mozilla/5.0 (iPhone; CPU iPhone OS 13_2_3 like Mac OS X) AppleWebKit/605.1.15 (KHTML, like Gecko) Version/13.0.3 Mobile/15E148 Safari/604.1"
131.106.241.104 - - [19/Apr/2026:13:13:18 -0400] "GET /contact-us/ HTTP/1.1" 200 12958 "-" "Mozilla/5.0 (Macintosh; Intel Mac OS X 10_15_7) AppleWebKit/537.36 (KHTML, like Gecko) Chrome/139.0.0.0 Safari/537.36"
162.213.253.84 - - [19/Apr/2026:13:41:05 -0400] "POST /wp-cron.php?doing_wp_cron=1776620465.8026220798492431640625 HTTP/1.1" 200 0 "http://tejoversea.com/wp-cron.php?doing_wp_cron=1776620465.8026220798492431640625" "WordPress/6.0.2; http://tejoversea.com"
162.213.253.84 - - [19/Apr/2026:13:41:06 -0400] "POST /wp-admin/admin-ajax.php?action=async_litespeed&nonce=e6d1a54979&litespeed_type=imgoptm HTTP/1.1" 200 0 "http://tejoversea.com/wp-admin/admin-ajax.php?action=async_litespeed&nonce=e6d1a54979&litespeed_type=imgoptm" "WordPress/6.0.2; http://tejoversea.com"
43.164.197.177 - - [19/Apr/2026:13:41:07 -0400] "GET / HTTP/1.1" 200 19144 "http://www.tejoversea.com" "Mozilla/5.0 (iPhone; CPU iPhone OS 13_2_3 like Mac OS X) AppleWebKit/605.1.15 (KHTML, like Gecko) Version/13.0.3 Mobile/15E148 Safari/604.1"
43.164.197.177 - - [19/Apr/2026:13:41:05 -0400] "GET / HTTP/1.1" 301 0 "-" "Mozilla/5.0 (iPhone; CPU iPhone OS 13_2_3 like Mac OS X) AppleWebKit/605.1.15 (KHTML, like Gecko) Version/13.0.3 Mobile/15E148 Safari/604.1"
162.213.253.84 - - [19/Apr/2026:13:57:32 -0400] "POST /wp-cron.php?doing_wp_cron=1776621452.7576870918273925781250 HTTP/1.1" 200 0 "http://tejoversea.com/wp-cron.php?doing_wp_cron=1776621452.7576870918273925781250" "WordPress/6.0.2; http://tejoversea.com"
35.171.141.42 - - [19/Apr/2026:13:57:32 -0400] "GET /service/bike-scooty-shifting/ HTTP/1.1" 200 12213 "-" "Mozilla/5.0 AppleWebKit/537.36 (KHTML, like Gecko; compatible; Amazonbot/0.1; +https://developer.amazon.com/support/amazonbot) Chrome/119.0.6045.214 Safari/537.36"
162.213.253.84 - - [19/Apr/2026:13:57:33 -0400] "POST /wp-admin/admin-ajax.php?action=async_litespeed&nonce=e6d1a54979&litespeed_type=imgoptm HTTP/1.1" 200 0 "http://tejoversea.com/wp-admin/admin-ajax.php?action=async_litespeed&nonce=e6d1a54979&litespeed_type=imgoptm" "WordPress/6.0.2; http://tejoversea.com"
68.183.13.1 - - [19/Apr/2026:14:19:05 -0400] "POST /xmlrpc.php HTTP/1.1" 200 210 "-" "Mozilla/5.0 (Windows NT 10.0) AppleWebKit/537.43 (KHTML, like Gecko) Chrome/138.0.0.0 Safari/537.36 OPR/122.0.0.0"
162.213.253.84 - - [19/Apr/2026:14:19:06 -0400] "POST /wp-admin/admin-ajax.php?action=async_litespeed&nonce=e6d1a54979&litespeed_type=imgoptm HTTP/1.1" 200 0 "http://tejoversea.com/wp-admin/admin-ajax.php?action=async_litespeed&nonce=e6d1a54979&litespeed_type=imgoptm" "WordPress/6.0.2; http://tejoversea.com"
162.213.253.84 - - [19/Apr/2026:14:19:06 -0400] "POST /wp-cron.php?doing_wp_cron=1776622746.3996601104736328125000 HTTP/1.1" 200 0 "http://tejoversea.com/wp-cron.php?doing_wp_cron=1776622746.3996601104736328125000" "WordPress/6.0.2; http://tejoversea.com"
66.78.44.108 - - [19/Apr/2026:15:21:32 -0400] "GET /contact-us/ HTTP/1.1" 200 12958 "-" "Mozilla/5.0 (Macintosh; Intel Mac OS X 10_15_7) AppleWebKit/537.36 (KHTML, like Gecko) Chrome/139.0.0.0 Safari/537.36"
162.213.253.84 - - [19/Apr/2026:15:21:33 -0400] "POST /wp-cron.php?doing_wp_cron=1776626493.4517920017242431640625 HTTP/1.1" 200 0 "http://tejoversea.com/wp-cron.php?doing_wp_cron=1776626493.4517920017242431640625" "WordPress/6.0.2; http://tejoversea.com"
66.78.44.108 - - [19/Apr/2026:15:21:32 -0400] "POST /wp-json/contact-form-7/v1/contact-forms/342/feedback HTTP/1.1" 200 205 "http://tejoversea.com/contact-us/" "Mozilla/5.0 (Macintosh; Intel Mac OS X 10_15_7) AppleWebKit/537.36 (KHTML, like Gecko) Chrome/139.0.0.0 Safari/537.36"
78.163.115.80 - - [19/Apr/2026:15:32:35 -0400] "GET /wp-json/ HTTP/1.1" 200 192737 "-" "Mozilla/5.0 (compatible; MSIE 6.0; Windows NT 5.2; Trident/4.0)"
66.78.44.108 - - [19/Apr/2026:15:21:32 -0400] "GET /wp-content/plugins/contact-form-7/includes/js/index.js?ver=5.6.3 HTTP/1.1" 200 3689 "http://tejoversea.com/contact-us/" "Mozilla/5.0 (Macintosh; Intel Mac OS X 10_15_7) AppleWebKit/537.36 (KHTML, like Gecko) Chrome/139.0.0.0 Safari/537.36"
162.213.253.84 - - [19/Apr/2026:15:21:34 -0400] "POST /wp-admin/admin-ajax.php?action=async_litespeed&nonce=e6d1a54979&litespeed_type=imgoptm HTTP/1.1" 200 0 "http://tejoversea.com/wp-admin/admin-ajax.php?action=async_litespeed&nonce=e6d1a54979&litespeed_type=imgoptm" "WordPress/6.0.2; http://tejoversea.com"
182.42.111.213 - - [19/Apr/2026:15:50:15 -0400] "GET / HTTP/1.1" 200 19144 "-" "Mozilla/5.0 (iPhone; CPU iPhone OS 13_2_3 like Mac OS X) AppleWebKit/605.1.15 (KHTML, like Gecko) Version/13.0.3 Mobile/15E148 Safari/604.1"
162.213.253.84 - - [19/Apr/2026:16:04:45 -0400] "POST /wp-admin/admin-ajax.php?action=async_litespeed&nonce=e6d1a54979&litespeed_type=imgoptm HTTP/1.1" 200 21 "http://tejoversea.com/wp-admin/admin-ajax.php?action=async_litespeed&nonce=e6d1a54979&litespeed_type=imgoptm" "WordPress/6.0.2; http://tejoversea.com"
162.213.253.84 - - [19/Apr/2026:16:04:45 -0400] "POST /wp-cron.php?doing_wp_cron=1776629085.1745069026947021484375 HTTP/1.1" 200 0 "http://tejoversea.com/wp-cron.php?doing_wp_cron=1776629085.1745069026947021484375" "WordPress/6.0.2; http://tejoversea.com"
85.137.48.167 - - [19/Apr/2026:16:04:44 -0400] "GET /txets.php HTTP/1.1" 404 6968 "-" "Mozilla/4.0 (compatible; MSIE 6.0; Windows NT 5.1; SV1)"
162.213.253.84 - - [19/Apr/2026:16:17:57 -0400] "POST /wp-admin/admin-ajax.php?action=async_litespeed&nonce=e6d1a54979&litespeed_type=imgoptm HTTP/1.1" 200 21 "http://tejoversea.com/wp-admin/admin-ajax.php?action=async_litespeed&nonce=e6d1a54979&litespeed_type=imgoptm" "WordPress/6.0.2; http://tejoversea.com"
162.213.253.84 - - [19/Apr/2026:16:17:57 -0400] "POST /wp-cron.php?doing_wp_cron=1776629877.2980749607086181640625 HTTP/1.1" 200 0 "http://tejoversea.com/wp-cron.php?doing_wp_cron=1776629877.2980749607086181640625" "WordPress/6.0.2; http://tejoversea.com"
130.131.243.198 - - [19/Apr/2026:16:17:56 -0400] "GET //wp-content/plugins/fix/up.php HTTP/1.1" 301 0 "-" "Mozilla/5.0 (Windows NT 10.0; Win64; x64) AppleWebKit/537.36 (KHTML, like Gecko) Chrome/85.0.4183.102 Safari/537.36"
130.131.243.198 - - [19/Apr/2026:16:17:58 -0400] "GET /wp-content/plugins/fix/up.php HTTP/1.1" 404 7605 "-" "Mozilla/5.0 (Windows NT 10.0; Win64; x64) AppleWebKit/537.36 (KHTML, like Gecko) Chrome/85.0.4183.102 Safari/537.36"
79.110.200.27 - - [19/Apr/2026:16:30:15 -0400] "GET //wp-json/wp/v2/posts HTTP/1.0" 200 2 "-" "Mozilla/5.0 (Windows NT 10.0; Win64; x64) AppleWebKit/537.36 (KHTML, like Gecko) Chrome/120.0.0.0 Safari/537.36"
131.108.238.67 - - [19/Apr/2026:16:44:19 -0400] "GET /wp-includes/wlwmanifest.xml HTTP/1.1" 200 369 "-" "Mozilla/5.0 (Macintosh; U; Intel Mac OS X 10_8_4 rv:6.0; bhb-IN) AppleWebKit/531.27.2 (KHTML, like Gecko) Version/5.0.1 Safari/531.27.2"
162.213.253.84 - - [19/Apr/2026:16:57:34 -0400] "POST /wp-cron.php?doing_wp_cron=1776632254.8237850666046142578125 HTTP/1.1" 200 0 "http://tejoversea.com/wp-cron.php?doing_wp_cron=1776632254.8237850666046142578125" "WordPress/6.0.2; http://tejoversea.com"
132.196.3.209 - - [19/Apr/2026:16:57:34 -0400] "GET /wp-content/plugins/hellopress/wp_filemanager.php HTTP/1.1" 404 28751 "-" "-"
162.213.253.84 - - [19/Apr/2026:16:57:35 -0400] "POST /wp-admin/admin-ajax.php?action=async_litespeed&nonce=e6d1a54979&litespeed_type=imgoptm HTTP/1.1" 200 0 "http://tejoversea.com/wp-admin/admin-ajax.php?action=async_litespeed&nonce=e6d1a54979&litespeed_type=imgoptm" "WordPress/6.0.2; http://tejoversea.com"
132.196.3.209 - - [19/Apr/2026:16:57:39 -0400] "GET /goods.php HTTP/1.1" 404 28712 "-" "-"
132.196.3.209 - - [19/Apr/2026:16:57:40 -0400] "GET /public/css.php HTTP/1.1" 404 28717 "-" "-"
132.196.3.209 - - [19/Apr/2026:16:57:41 -0400] "GET /alfa.php HTTP/1.1" 404 28711 "-" "-"
132.196.3.209 - - [19/Apr/2026:16:57:42 -0400] "GET /classwithtostring.php HTTP/1.1" 404 28724 "-" "-"
132.196.3.209 - - [19/Apr/2026:16:57:44 -0400] "GET /gelay.php HTTP/1.1" 404 28712 "-" "-"
132.196.3.209 - - [19/Apr/2026:16:57:47 -0400] "GET /wp-admin/css/ HTTP/1.1" 403 1242 "-" "-"
132.196.3.209 - - [19/Apr/2026:16:57:50 -0400] "GET /about.php HTTP/1.1" 404 28712 "-" "-"
132.196.3.209 - - [19/Apr/2026:16:57:52 -0400] "GET /f35.php HTTP/1.1" 404 28710 "-" "-"
132.196.3.209 - - [19/Apr/2026:16:57:53 -0400] "GET /wp-includes/js/ HTTP/1.1" 403 1242 "-" "-"
132.196.3.209 - - [19/Apr/2026:16:57:55 -0400] "GET /info.php HTTP/1.1" 404 28711 "-" "-"
132.196.3.209 - - [19/Apr/2026:16:57:57 -0400] "GET /wp-includes/html-api/ HTTP/1.1" 404 28723 "-" "-"
132.196.3.209 - - [19/Apr/2026:16:57:58 -0400] "GET /wp-includes/ID3/index.php HTTP/1.1" 301 0 "-" "-"
132.196.3.209 - - [19/Apr/2026:16:58:00 -0400] "GET /wp-includes/ID3/ HTTP/1.1" 403 1242 "-" "-"
132.196.3.209 - - [19/Apr/2026:16:58:00 -0400] "GET /wp-admin/network/index.php HTTP/1.1" 302 0 "-" "-"
132.196.3.209 - - [19/Apr/2026:16:58:01 -0400] "GET /wp-login.php?redirect_to=http%3A%2F%2Ftejoversea.com%2Fwp-admin%2Fnetwork%2Findex.php&reauth=1 HTTP/1.1" 200 6503 "-" "-"
132.196.3.209 - - [19/Apr/2026:16:58:05 -0400] "GET /file.php HTTP/1.1" 404 28711 "-" "-"
132.196.3.209 - - [19/Apr/2026:16:58:08 -0400] "GET /wp-admin/js/ HTTP/1.1" 403 1242 "-" "-"
132.196.3.209 - - [19/Apr/2026:16:58:09 -0400] "GET /403.php HTTP/1.1" 404 28710 "-" "-"
132.196.3.209 - - [19/Apr/2026:16:58:11 -0400] "GET /wp-content/cache/ HTTP/1.1" 404 28719 "-" "-"
132.196.3.209 - - [19/Apr/2026:16:58:13 -0400] "GET /gecko.php HTTP/1.1" 404 28712 "-" "-"
132.196.3.209 - - [19/Apr/2026:16:58:19 -0400] "GET /wp-content/upgrade/ HTTP/1.1" 403 1242 "-" "-"
132.196.3.209 - - [19/Apr/2026:16:58:19 -0400] "GET /cah.php HTTP/1.1" 404 28710 "-" "-"
132.196.3.209 - - [19/Apr/2026:16:58:39 -0400] "GET /wk/index.php HTTP/1.1" 301 0 "-" "-"
132.196.3.209 - - [19/Apr/2026:16:58:41 -0400] "GET /wk/ HTTP/1.1" 404 28705 "-" "-"
132.196.3.209 - - [19/Apr/2026:16:58:44 -0400] "GET /wp-content/x/index.php HTTP/1.1" 301 0 "-" "-"
132.196.3.209 - - [19/Apr/2026:16:58:46 -0400] "GET /wp-content/x/ HTTP/1.1" 404 28715 "-" "-"
132.196.3.209 - - [19/Apr/2026:16:58:49 -0400] "GET /as.php HTTP/1.1" 404 28709 "-" "-"
132.196.3.209 - - [19/Apr/2026:16:58:50 -0400] "GET /wp-content/themes/admin.php HTTP/1.1" 404 28730 "-" "-"
132.196.3.209 - - [19/Apr/2026:16:58:52 -0400] "GET /.well-known/acme-challenge/ HTTP/1.1" 404 28729 "-" "-"
132.196.3.209 - - [19/Apr/2026:16:58:53 -0400] "GET /wp-includes/blocks/shortcode/ HTTP/1.1" 403 1242 "-" "-"
132.196.3.209 - - [19/Apr/2026:16:58:57 -0400] "GET /wp-content/uploads/goods.php HTTP/1.1" 404 28731 "-" "-"
132.196.3.209 - - [19/Apr/2026:16:58:58 -0400] "GET /wp-includes/ID3/ HTTP/1.1" 403 1242 "-" "-"
132.196.3.209 - - [19/Apr/2026:16:58:58 -0400] "GET /.well-known/ HTTP/1.1" 404 28714 "-" "-"
132.196.3.209 - - [19/Apr/2026:16:58:59 -0400] "GET /wso.php HTTP/1.1" 404 28710 "-" "-"
132.196.3.209 - - [19/Apr/2026:16:57:36 -0400] "GET /test1.php HTTP/1.1" 404 28712 "-" "-"
132.196.3.209 - - [19/Apr/2026:16:57:37 -0400] "GET /admin.php HTTP/1.1" 404 28712 "-" "-"
132.196.3.209 - - [19/Apr/2026:16:57:42 -0400] "GET /css.php HTTP/1.1" 404 28710 "-" "-"
132.196.3.209 - - [19/Apr/2026:16:57:43 -0400] "GET /wp-content/admin.php HTTP/1.1" 404 28723 "-" "-"
132.196.3.209 - - [19/Apr/2026:16:57:45 -0400] "GET /wp-admin/images/admin.php HTTP/1.1" 404 28728 "-" "-"
132.196.3.209 - - [19/Apr/2026:16:57:45 -0400] "GET /adminfuns.php HTTP/1.1" 404 28716 "-" "-"
132.196.3.209 - - [19/Apr/2026:16:57:47 -0400] "GET /admin/controller/extension/extension/ultra.php HTTP/1.1" 404 28749 "-" "-"
132.196.3.209 - - [19/Apr/2026:16:57:51 -0400] "GET /wp-admin/css/colors/index.php HTTP/1.1" 301 0 "-" "-"
132.196.3.209 - - [19/Apr/2026:16:57:52 -0400] "GET /wp-admin/css/colors/ HTTP/1.1" 403 1242 "-" "-"
132.196.3.209 - - [19/Apr/2026:16:57:53 -0400] "GET /wp-admin/css/colors/ HTTP/1.1" 403 1242 "-" "-"
132.196.3.209 - - [19/Apr/2026:16:57:53 -0400] "GET /222.php HTTP/1.1" 404 28710 "-" "-"
132.196.3.209 - - [19/Apr/2026:16:57:53 -0400] "GET /chosen.php HTTP/1.1" 404 28713 "-" "-"
132.196.3.209 - - [19/Apr/2026:16:58:02 -0400] "GET /k.php HTTP/1.1" 404 28708 "-" "-"
132.196.3.209 - - [19/Apr/2026:16:58:10 -0400] "GET /wp-includes/images/ HTTP/1.1" 403 1242 "-" "-"
162.213.253.84 - - [19/Apr/2026:16:58:12 -0400] "POST /wp-cron.php?doing_wp_cron=1776632292.3467669486999511718750 HTTP/1.1" 200 0 "http://tejoversea.com/wp-cron.php?doing_wp_cron=1776632292.3467669486999511718750" "WordPress/6.0.2; http://tejoversea.com"
132.196.3.209 - - [19/Apr/2026:16:58:14 -0400] "GET /wp-includes/ HTTP/1.1" 403 1242 "-" "-"
132.196.3.209 - - [19/Apr/2026:16:58:14 -0400] "GET /aa.php HTTP/1.1" 404 28709 "-" "-"
132.196.3.209 - - [19/Apr/2026:16:58:15 -0400] "GET /0x.php HTTP/1.1" 404 28709 "-" "-"
132.196.3.209 - - [19/Apr/2026:16:58:16 -0400] "GET /wp-content/upgrade/index.php HTTP/1.1" 301 0 "-" "-"
132.196.3.209 - - [19/Apr/2026:16:58:23 -0400] "GET /wp-includes/js/tinymce/plugins/compat3x/css/ HTTP/1.1" 403 1242 "-" "-"
132.196.3.209 - - [19/Apr/2026:16:58:24 -0400] "GET /system_log.php HTTP/1.1" 404 28717 "-" "-"
132.196.3.209 - - [19/Apr/2026:16:58:28 -0400] "GET /wp-includes/pomo/ HTTP/1.1" 403 1242 "-" "-"
132.196.3.209 - - [19/Apr/2026:16:58:28 -0400] "GET /wp-admin/user/index.php HTTP/1.1" 302 0 "-" "-"
132.196.3.209 - - [19/Apr/2026:16:58:30 -0400] "GET /wp-login.php?redirect_to=http%3A%2F%2Ftejoversea.com%2Fwp-admin%2Fuser%2Findex.php&reauth=1 HTTP/1.1" 200 6500 "-" "-"
132.196.3.209 - - [19/Apr/2026:16:58:31 -0400] "GET /ioxi-o.php HTTP/1.1" 404 28713 "-" "-"
132.196.3.209 - - [19/Apr/2026:16:58:32 -0400] "GET /abc.php HTTP/1.1" 404 28710 "-" "-"
132.196.3.209 - - [19/Apr/2026:16:58:36 -0400] "GET /akcc.php HTTP/1.1" 404 28711 "-" "-"
132.196.3.209 - - [19/Apr/2026:16:58:43 -0400] "GET /1.php HTTP/1.1" 404 28708 "-" "-"
132.196.3.209 - - [19/Apr/2026:16:58:49 -0400] "GET /wp-content/index.php HTTP/1.1" 200 0 "-" "-"
132.196.3.209 - - [19/Apr/2026:16:58:51 -0400] "GET /wp-config-sample.php HTTP/1.1" 500 2527 "-" "-"
132.196.3.209 - - [19/Apr/2026:16:58:51 -0400] "GET /.well-known/acme-challenge/index.php HTTP/1.1" 301 0 "-" "-"
132.196.3.209 - - [19/Apr/2026:16:58:52 -0400] "GET /wp-includes/blocks/shortcode/index.php HTTP/1.1" 301 0 "-" "-"
132.196.3.209 - - [19/Apr/2026:16:58:53 -0400] "GET /wp-includes/images/smilies/ HTTP/1.1" 403 1242 "-" "-"
132.196.3.209 - - [19/Apr/2026:16:58:53 -0400] "GET /cgi-bin/index.php HTTP/1.1" 404 1251 "-" "-"
132.196.3.209 - - [19/Apr/2026:16:58:54 -0400] "GET /an.php HTTP/1.1" 404 28709 "-" "-"
132.196.3.209 - - [19/Apr/2026:16:58:55 -0400] "GET /wp-admin/images/ HTTP/1.1" 403 1242 "-" "-"
132.196.3.209 - - [19/Apr/2026:16:58:56 -0400] "GET /404.php HTTP/1.1" 404 28710 "-" "-"
132.196.3.209 - - [19/Apr/2026:16:58:56 -0400] "GET /wp-login.php HTTP/1.1" 200 6486 "-" "-"
132.196.3.209 - - [19/Apr/2026:16:59:08 -0400] "GET /wp-includes/rest-api/ HTTP/1.1" 403 1242 "-" "-"
132.196.3.209 - - [19/Apr/2026:16:59:12 -0400] "GET /wp-admin/js/widgets/ HTTP/1.1" 403 1242 "-" "-"
132.196.3.209 - - [19/Apr/2026:16:59:13 -0400] "GET /wp-admin/css/colors/midnight/ HTTP/1.1" 403 1242 "-" "-"
132.196.3.209 - - [19/Apr/2026:16:59:14 -0400] "GET /tes.php HTTP/1.1" 404 28710 "-" "-"
132.196.3.209 - - [19/Apr/2026:16:59:15 -0400] "GET /files/index.php HTTP/1.1" 301 0 "-" "-"
162.213.253.84 - - [19/Apr/2026:16:59:21 -0400] "POST /wp-cron.php?doing_wp_cron=1776632361.2234110832214355468750 HTTP/1.1" 200 0 "http://tejoversea.com/wp-cron.php?doing_wp_cron=1776632361.2234110832214355468750" "WordPress/6.0.2; http://tejoversea.com"
162.213.253.84 - - [19/Apr/2026:16:59:21 -0400] "POST /wp-admin/admin-ajax.php?action=async_litespeed&nonce=e6d1a54979&litespeed_type=imgoptm HTTP/1.1" 200 0 "http://tejoversea.com/wp-admin/admin-ajax.php?action=async_litespeed&nonce=e6d1a54979&litespeed_type=imgoptm" "WordPress/6.0.2; http://tejoversea.com"
34.48.3.34 - - [19/Apr/2026:16:59:22 -0400] "HEAD /old/ HTTP/1.1" 404 0 "-" "Mozilla/5.0 (Windows NT 10.0; WOW64) AppleWebKit/537.36 (KHTML, like Gecko) Chrome/118.0.5993.90 Safari/537.36"
34.48.3.34 - - [19/Apr/2026:16:59:23 -0400] "HEAD /blog/ HTTP/1.1" 404 0 "-" "Mozilla/5.0 (Linux; U; Android 10; en-US; CPH2015) AppleWebKit/537.36 (KHTML, like Gecko) UCBrowser/13.5.8.1311 Mobile Safari/537.36"
34.48.3.34 - - [19/Apr/2026:16:59:26 -0400] "HEAD /wp/ HTTP/1.1" 404 0 "-" "Mozilla/5.0 (Linux; Android 11; RMX2195) AppleWebKit/537.36 (KHTML, like Gecko) Chrome/120.0.6099.210 Mobile Safari/537.36 OPR/75.2.3995.72468"
132.196.3.209 - - [19/Apr/2026:16:59:26 -0400] "GET /rip.php HTTP/1.1" 404 28710 "-" "-"
34.48.3.34 - - [19/Apr/2026:16:59:29 -0400] "HEAD /wordpress/ HTTP/1.1" 404 0 "-" "Mozilla/5.0 (Linux; Android 11; moto g31) AppleWebKit/537.36 (KHTML, like Gecko) Chrome/122.0.6261.96 Mobile Safari/537.36"
132.196.3.209 - - [19/Apr/2026:16:59:29 -0400] "GET /moon.php HTTP/1.1" 404 28711 "-" "-"
132.196.3.209 - - [19/Apr/2026:16:59:34 -0400] "GET /wp-includes/block-bindings/ HTTP/1.1" 404 28729 "-" "-"
132.196.3.209 - - [19/Apr/2026:16:59:35 -0400] "GET /wp-content/themes/ HTTP/1.1" 200 0 "-" "-"
132.196.3.209 - - [19/Apr/2026:16:59:35 -0400] "GET /inputs.php HTTP/1.1" 404 28713 "-" "-"
132.196.3.209 - - [19/Apr/2026:16:59:38 -0400] "GET /wp-includes/images/smilies/about.php HTTP/1.1" 404 28739 "-" "-"
132.196.3.209 - - [19/Apr/2026:16:59:39 -0400] "GET /wp-includes/js/crop/ HTTP/1.1" 403 1242 "-" "-"
132.196.3.209 - - [19/Apr/2026:16:59:42 -0400] "GET /bb.php HTTP/1.1" 404 28709 "-" "-"
132.196.3.209 - - [19/Apr/2026:16:59:51 -0400] "GET /wp-login.php?redirect_to=http%3A%2F%2Ftejoversea.com%2Fwp-admin%2Fnetwork%2F&reauth=1 HTTP/1.1" 200 6494 "-" "-"
132.196.3.209 - - [19/Apr/2026:16:59:56 -0400] "GET /wp-admin/css/index.php HTTP/1.1" 301 0 "-" "-"
132.196.3.209 - - [19/Apr/2026:16:59:57 -0400] "GET /wp-admin/css/ HTTP/1.1" 403 1242 "-" "-"
132.196.3.209 - - [19/Apr/2026:16:59:58 -0400] "GET /wp-includes/style-engine/ HTTP/1.1" 404 28727 "-" "-"
132.196.3.209 - - [19/Apr/2026:16:59:59 -0400] "GET /wp-admin/css/colors/coffee/index.php HTTP/1.1" 301 0 "-" "-"
132.196.3.209 - - [19/Apr/2026:16:59:59 -0400] "GET /wp-admin/css/colors/coffee/ HTTP/1.1" 403 1242 "-" "-"
132.196.3.209 - - [19/Apr/2026:17:00:03 -0400] "GET /function/function.php HTTP/1.1" 404 28724 "-" "-"
162.213.253.84 - - [19/Apr/2026:17:00:11 -0400] "POST /wp-cron.php?doing_wp_cron=1776632411.1997289657592773437500 HTTP/1.1" 200 0 "http://tejoversea.com/wp-cron.php?doing_wp_cron=1776632411.1997289657592773437500" "WordPress/6.0.2; http://tejoversea.com"
132.196.3.209 - - [19/Apr/2026:17:00:13 -0400] "GET /item.php HTTP/1.1" 404 28711 "-" "-"
132.196.3.209 - - [19/Apr/2026:16:59:01 -0400] "GET /sf.php HTTP/1.1" 404 28709 "-" "-"
132.196.3.209 - - [19/Apr/2026:16:59:03 -0400] "GET /index/function.php HTTP/1.1" 404 28721 "-" "-"
132.196.3.209 - - [19/Apr/2026:16:59:04 -0400] "GET /edit.php HTTP/1.1" 404 28711 "-" "-"
132.196.3.209 - - [19/Apr/2026:16:59:10 -0400] "GET /wp-content/themes/twentytwenty/404.php HTTP/1.1" 500 0 "-" "-"
132.196.3.209 - - [19/Apr/2026:16:59:10 -0400] "GET /wp-good.php HTTP/1.1" 404 28714 "-" "-"
132.196.3.209 - - [19/Apr/2026:16:59:15 -0400] "GET /files/ HTTP/1.1" 404 28708 "-" "-"
132.196.3.209 - - [19/Apr/2026:16:59:17 -0400] "GET /wp-content/uploads/index.php HTTP/1.1" 301 0 "-" "-"
132.196.3.209 - - [19/Apr/2026:16:59:20 -0400] "GET /wp-content/uploads/ HTTP/1.1" 403 1242 "-" "-"
132.196.3.209 - - [19/Apr/2026:16:59:20 -0400] "GET /images/images/about.php HTTP/1.1" 404 28726 "-" "-"
132.196.3.209 - - [19/Apr/2026:16:59:22 -0400] "GET /ms-edit.php HTTP/1.1" 404 28714 "-" "-"
34.48.3.34 - - [19/Apr/2026:16:59:24 -0400] "HEAD /backup/ HTTP/1.1" 404 0 "-" "Mozilla/5.0 (Linux; Android 11; RMX2195) AppleWebKit/537.36 (KHTML, like Gecko) Chrome/120.0.6099.210 Mobile Safari/537.36 OPR/75.2.3995.72468"
132.196.3.209 - - [19/Apr/2026:16:59:28 -0400] "GET /wp-content/uploads/ HTTP/1.1" 403 1242 "-" "-"
132.196.3.209 - - [19/Apr/2026:16:59:28 -0400] "GET /xmlrpc.php HTTP/1.1" 405 42 "-" "-"
34.48.3.34 - - [19/Apr/2026:16:59:28 -0400] "HEAD /new/ HTTP/1.1" 404 0 "-" "Mozilla/5.0 (Windows NT 11.0; Win64; x64) AppleWebKit/537.36 (KHTML, like Gecko) Edg/128.0.2790.25 Chrome/128.0.6540.22 Safari/537.36"
34.48.3.34 - - [19/Apr/2026:16:59:29 -0400] "HEAD / HTTP/1.1" 200 0 "-" "Mozilla/5.0 (Windows NT 10.0; Win64; x64) AppleWebKit/537.36 (KHTML, like Gecko) Chrome/125.0.6422.112 Safari/537.36 Brave/1.63.120"
132.196.3.209 - - [19/Apr/2026:16:59:32 -0400] "GET /cache.php HTTP/1.1" 404 28712 "-" "-"
132.196.3.209 - - [19/Apr/2026:16:59:39 -0400] "GET /wp-mail.php HTTP/1.1" 403 2591 "-" "-"
132.196.3.209 - - [19/Apr/2026:16:59:40 -0400] "GET /o.php HTTP/1.1" 404 28708 "-" "-"
132.196.3.209 - - [19/Apr/2026:16:59:43 -0400] "GET /wp-admin/maint/admin.php HTTP/1.1" 404 28727 "-" "-"
132.196.3.209 - - [19/Apr/2026:16:59:46 -0400] "GET /wp-admin/network/ HTTP/1.1" 302 0 "-" "-"
132.196.3.209 - - [19/Apr/2026:16:59:54 -0400] "GET /wp-includes/IXR/index.php HTTP/1.1" 301 0 "-" "-"
132.196.3.209 - - [19/Apr/2026:16:59:55 -0400] "GET /wp-includes/IXR/ HTTP/1.1" 403 1242 "-" "-"
132.196.3.209 - - [19/Apr/2026:16:59:55 -0400] "GET /xmrlpc.php HTTP/1.1" 404 28713 "-" "-"
132.196.3.209 - - [19/Apr/2026:16:59:56 -0400] "GET /epinyins.php HTTP/1.1" 404 28715 "-" "-"
132.196.3.209 - - [19/Apr/2026:16:59:57 -0400] "GET /wp-includes/php-compat/ HTTP/1.1" 403 1242 "-" "-"
132.196.3.209 - - [19/Apr/2026:16:59:57 -0400] "GET /wp-includes/style-engine/index.php HTTP/1.1" 301 0 "-" "-"
132.196.3.209 - - [19/Apr/2026:17:00:02 -0400] "GET /wp.php HTTP/1.1" 404 28709 "-" "-"
132.196.3.209 - - [19/Apr/2026:17:00:06 -0400] "GET /wp-includes/style-engine/autoload_classmap.php HTTP/1.1" 404 28749 "-" "-"
132.196.3.209 - - [19/Apr/2026:17:00:09 -0400] "GET /wp-includes/SimplePie/admin.php HTTP/1.1" 404 28734 "-" "-"
132.196.3.209 - - [19/Apr/2026:17:00:10 -0400] "GET /ok.php HTTP/1.1" 404 28709 "-" "-"
132.196.3.209 - - [19/Apr/2026:17:00:15 -0400] "GET /byp.php HTTP/1.1" 404 28710 "-" "-"
38.127.172.228 - - [19/Apr/2026:17:38:34 -0400] "GET /contact-us/ HTTP/1.1" 200 12958 "-" "Mozilla/5.0 (Macintosh; Intel Mac OS X 10_15_7) AppleWebKit/537.36 (KHTML, like Gecko) Chrome/139.0.0.0 Safari/537.36"
162.213.253.84 - - [19/Apr/2026:17:38:37 -0400] "POST /wp-cron.php?doing_wp_cron=1776634717.5442039966583251953125 HTTP/1.1" 200 0 "http://tejoversea.com/wp-cron.php?doing_wp_cron=1776634717.5442039966583251953125" "WordPress/6.0.2; http://tejoversea.com"
162.213.253.84 - - [19/Apr/2026:17:38:38 -0400] "POST /wp-admin/admin-ajax.php?action=async_litespeed&nonce=e6d1a54979&litespeed_type=imgoptm HTTP/1.1" 200 21 "http://tejoversea.com/wp-admin/admin-ajax.php?action=async_litespeed&nonce=e6d1a54979&litespeed_type=imgoptm" "WordPress/6.0.2; http://tejoversea.com"
38.127.172.228 - - [19/Apr/2026:17:38:35 -0400] "GET /wp-content/plugins/contact-form-7/includes/js/index.js?ver=5.6.3 HTTP/1.1" 200 3689 "http://tejoversea.com/contact-us/" "Mozilla/5.0 (Macintosh; Intel Mac OS X 10_15_7) AppleWebKit/537.36 (KHTML, like Gecko) Chrome/139.0.0.0 Safari/537.36"
38.127.172.228 - - [19/Apr/2026:17:38:36 -0400] "POST /wp-json/contact-form-7/v1/contact-forms/342/feedback HTTP/1.1" 200 205 "http://tejoversea.com/contact-us/" "Mozilla/5.0 (Macintosh; Intel Mac OS X 10_15_7) AppleWebKit/537.36 (KHTML, like Gecko) Chrome/139.0.0.0 Safari/537.36"