114.119.136.46 - - [17/Apr/2026:08:10:42 -0400] "GET /tourcat/snow-ice/ HTTP/1.1" 200 21226 "http://www.escapetravelservices.com/tourcat/snow-ice" "Mozilla/5.0 (Linux; Android 7.0;) AppleWebKit/537.36 (KHTML, like Gecko) Mobile Safari/537.36 (compatible; PetalBot;+https://webmaster.petalsearch.com/site/petalbot)"
162.213.253.84 - - [17/Apr/2026:08:14:24 -0400] "POST /wp-cron.php?doing_wp_cron=1776428064.7674319744110107421875 HTTP/1.1" 200 0 "http://www.escapetravelservices.com/wp-cron.php?doing_wp_cron=1776428064.7674319744110107421875" "WordPress/6.0; http://www.escapetravelservices.com"
114.119.136.44 - - [17/Apr/2026:08:19:54 -0400] "GET /tour/romantic-andaman-05-nights-06-days HTTP/1.1" 301 0 "https://www.escapetravelservices.com/tour/romantic-andaman-05-nights-06-days" "Mozilla/5.0 (Linux; Android 7.0;) AppleWebKit/537.36 (KHTML, like Gecko) Mobile Safari/537.36 (compatible; PetalBot;+https://webmaster.petalsearch.com/site/petalbot)"
162.213.253.84 - - [17/Apr/2026:08:19:55 -0400] "POST /wp-cron.php?doing_wp_cron=1776428395.8134670257568359375000 HTTP/1.1" 200 0 "http://www.escapetravelservices.com/wp-cron.php?doing_wp_cron=1776428395.8134670257568359375000" "WordPress/6.0; http://www.escapetravelservices.com"
114.119.136.44 - - [17/Apr/2026:08:19:55 -0400] "GET /tour/romantic-andaman-05-nights-06-days/ HTTP/1.1" 200 25773 "https://www.escapetravelservices.com/tour/romantic-andaman-05-nights-06-days" "Mozilla/5.0 (Linux; Android 7.0;) AppleWebKit/537.36 (KHTML, like Gecko) Mobile Safari/537.36 (compatible; PetalBot;+https://webmaster.petalsearch.com/site/petalbot)"
114.119.136.46 - - [17/Apr/2026:08:10:41 -0400] "GET /tourcat/snow-ice HTTP/1.1" 301 0 "http://www.escapetravelservices.com/tourcat/snow-ice" "Mozilla/5.0 (Linux; Android 7.0;) AppleWebKit/537.36 (KHTML, like Gecko) Mobile Safari/537.36 (compatible; PetalBot;+https://webmaster.petalsearch.com/site/petalbot)"
114.119.136.44 - - [17/Apr/2026:08:14:24 -0400] "GET /sitemap_index.xml HTTP/1.1" 200 385 "-" "Mozilla/5.0 (Linux; Android 7.0;) AppleWebKit/537.36 (KHTML, like Gecko) Mobile Safari/537.36 (compatible; PetalBot;+https://webmaster.petalsearch.com/site/petalbot)"
114.119.144.85 - - [17/Apr/2026:08:18:15 -0400] "GET /2021/01/08/weekend-getaways/ HTTP/1.1" 200 25895 "http://www.escapetravelservices.com/blog" "Mozilla/5.0 (Linux; Android 7.0;) AppleWebKit/537.36 (KHTML, like Gecko) Mobile Safari/537.36 (compatible; PetalBot;+https://webmaster.petalsearch.com/site/petalbot)"
85.208.96.210 - - [17/Apr/2026:08:47:47 -0400] "GET /tour/dazzling-goa/ HTTP/1.1" 200 27219 "-" "Mozilla/5.0 (compatible; SemrushBot/7~bl; +http://www.semrush.com/bot.html)"
34.239.197.197 - - [17/Apr/2026:08:51:11 -0400] "GET /destination/thailand/ HTTP/1.1" 200 24476 "-" "Mozilla/5.0 AppleWebKit/537.36 (KHTML, like Gecko; compatible; Amazonbot/0.1; +https://developer.amazon.com/support/amazonbot) Chrome/119.0.6045.214 Safari/537.36"
103.140.205.176 - - [17/Apr/2026:08:51:28 -0400] "GET http://www.escapetravelservices.com/tour/romantic-andaman-05-nights-06-days/ HTTP/1.1" 200 25773 "-" "Mozilla/5.0 (Macintosh; Intel Mac OS X 10_14_6) AppleWebKit/537.36 (KHTML, like Gecko) Chrome/98.0.4758.109 Safari/537.36"
185.191.171.12 - - [17/Apr/2026:08:47:47 -0400] "GET /robots.txt HTTP/1.1" 200 7690 "-" "Mozilla/5.0 (compatible; SemrushBot/7~bl; +http://www.semrush.com/bot.html)"
43.133.91.48 - - [17/Apr/2026:09:03:13 -0400] "GET / HTTP/1.1" 301 0 "-" "Mozilla/5.0 (iPhone; CPU iPhone OS 13_2_3 like Mac OS X) AppleWebKit/605.1.15 (KHTML, like Gecko) Version/13.0.3 Mobile/15E148 Safari/604.1"
43.133.91.48 - - [17/Apr/2026:09:03:14 -0400] "GET / HTTP/1.1" 200 33204 "http://escapetravelservices.com" "Mozilla/5.0 (iPhone; CPU iPhone OS 13_2_3 like Mac OS X) AppleWebKit/605.1.15 (KHTML, like Gecko) Version/13.0.3 Mobile/15E148 Safari/604.1"
216.73.216.57 - - [17/Apr/2026:09:28:10 -0400] "GET /robots.txt HTTP/1.1" 200 6886 "-" "Mozilla/5.0 AppleWebKit/537.36 (KHTML, like Gecko; compatible; ClaudeBot/1.0; [email protected])"
156.202.125.187 - - [17/Apr/2026:09:08:11 -0400] "GET http://www.escapetravelservices.com/tour/luxurious-maldives-dusit-thani-maldives-04-nights-05-days/ HTTP/1.1" 200 24532 "-" "Mozilla/5.0 (Macintosh; Intel Mac OS X 10_15_3) AppleWebKit/537.36 (KHTML, like Gecko) Chrome/82.0.4078.2 Safari/537.36"
14.172.77.138 - - [17/Apr/2026:09:17:27 -0400] "GET http://www.escapetravelservices.com/tours/page/3/ HTTP/1.1" 200 31096 "-" "Mozilla/5.0 (Macintosh; Intel Mac OS X 10_15_3) AppleWebKit/537.36 (KHTML, like Gecko) Brave Chrome/86.0.4240.99 Safari/537.36"
216.73.216.57 - - [17/Apr/2026:09:28:10 -0400] "GET /sitemap.xml HTTP/1.1" 301 0 "-" "Mozilla/5.0 AppleWebKit/537.36 (KHTML, like Gecko; compatible; ClaudeBot/1.0; [email protected])"
216.73.216.57 - - [17/Apr/2026:09:28:11 -0400] "GET /sitemap_index.xml HTTP/1.1" 200 326 "http://www.escapetravelservices.com/sitemap.xml" "Mozilla/5.0 AppleWebKit/537.36 (KHTML, like Gecko; compatible; ClaudeBot/1.0; [email protected])"
34.73.212.68 - - [17/Apr/2026:09:58:18 -0400] "GET /404error_test.html HTTP/1.1" 404 27471 "-" "Mozilla/5.0 (Windows NT 10.0; Win64; x64) AppleWebKit/537.36 (KHTML, like Gecko) Chrome/123.0.0.0 Safari/537.36"
34.73.212.68 - - [17/Apr/2026:09:58:20 -0400] "GET /contact-us/ HTTP/1.1" 200 137945 "-" "Mozilla/5.0 (Windows NT 10.0; Win64; x64) AppleWebKit/537.36 (KHTML, like Gecko) Chrome/101.0.4951.41 Safari/537.36 Edg/100.0.1185.39"
167.116.32.195 - - [17/Apr/2026:09:56:27 -0400] "GET http://www.escapetravelservices.com/tour/magical-goa-03-nights-04-days/ HTTP/1.1" 200 24860 "-" "Mozilla/5.0 (Windows NT 6.1; Win64; x64) AppleWebKit/537.36 (KHTML, like Gecko) Chrome/103.0.0.0 Safari/537.36"
163.172.179.57 - - [17/Apr/2026:09:58:16 -0400] "GET / HTTP/1.1" 200 33204 "-" "Mozilla/5.0 (Macintosh; Intel Mac OS X 14_4_1) AppleWebKit/605.1.15 (KHTML, like Gecko) Version/17.3.1 Safari/605.1.15"
34.73.212.68 - - [17/Apr/2026:09:58:17 -0400] "GET /robots.txt HTTP/1.1" 200 7690 "-" "Mozilla/5.0 (Windows NT 10.0; Win64; x64) AppleWebKit/537.36 (KHTML, like Gecko) Chrome/123.0.0.0 Safari/537.36 OPR/109.0.0.0"
162.213.253.84 - - [17/Apr/2026:09:58:18 -0400] "POST /wp-cron.php?doing_wp_cron=1776434298.9151430130004882812500 HTTP/1.1" 200 0 "http://www.escapetravelservices.com/wp-cron.php?doing_wp_cron=1776434298.9151430130004882812500" "WordPress/6.0; http://www.escapetravelservices.com"
85.208.96.193 - - [17/Apr/2026:10:12:57 -0400] "GET /robots.txt HTTP/1.1" 200 7690 "-" "Mozilla/5.0 (compatible; SemrushBot/7~bl; +http://www.semrush.com/bot.html)"
185.191.171.9 - - [17/Apr/2026:10:12:58 -0400] "GET /tour/luxurious-maldives-dusit-thani-maldives-04-nights-05-days/ HTTP/1.1" 200 24532 "-" "Mozilla/5.0 (compatible; SemrushBot/7~bl; +http://www.semrush.com/bot.html)"
152.42.139.17 - - [17/Apr/2026:10:34:43 -0400] "GET / HTTP/1.1" 301 0 "-" "Mozilla/5.0 (X11; Linux x86_64) AppleWebKit/537.36 (KHTML, like Gecko) Chrome/142.0.0.0 Safari/537.36"
162.213.253.84 - - [17/Apr/2026:10:34:44 -0400] "POST /wp-cron.php?doing_wp_cron=1776436484.1276099681854248046875 HTTP/1.1" 200 0 "http://www.escapetravelservices.com/wp-cron.php?doing_wp_cron=1776436484.1276099681854248046875" "WordPress/6.0; http://www.escapetravelservices.com"
152.42.139.17 - - [17/Apr/2026:10:34:45 -0400] "GET /favicon.ico HTTP/1.1" 404 1251 "http://escapetravelservices.com/" "Mozilla/5.0 (X11; Linux x86_64) AppleWebKit/537.36 (KHTML, like Gecko) Chrome/142.0.0.0 Safari/537.36"
182.42.110.255 - - [17/Apr/2026:10:49:55 -0400] "GET / HTTP/1.1" 200 33204 "-" "Mozilla/5.0 (iPhone; CPU iPhone OS 13_2_3 like Mac OS X) AppleWebKit/605.1.15 (KHTML, like Gecko) Version/13.0.3 Mobile/15E148 Safari/604.1"
17.246.23.51 - - [17/Apr/2026:11:10:44 -0400] "GET /robots.txt HTTP/1.1" 200 7690 "-" "Mozilla/5.0 (Macintosh; Intel Mac OS X 10_15_7) AppleWebKit/605.1.15 (KHTML, like Gecko) Version/17.4 Safari/605.1.15 (Applebot/0.1; +http://www.apple.com/go/applebot)"
17.246.23.51 - - [17/Apr/2026:11:10:45 -0400] "GET /tourcat/luxury-packages/feed/ HTTP/1.1" 200 24225 "-" "Mozilla/5.0 (Macintosh; Intel Mac OS X 10_15_7) AppleWebKit/605.1.15 (KHTML, like Gecko) Version/17.4 Safari/605.1.15 (Applebot/0.1; +http://www.apple.com/go/applebot)"
43.133.91.48 - - [17/Apr/2026:11:13:36 -0400] "GET / HTTP/1.1" 200 33204 "-" "Mozilla/5.0 (iPhone; CPU iPhone OS 13_2_3 like Mac OS X) AppleWebKit/605.1.15 (KHTML, like Gecko) Version/13.0.3 Mobile/15E148 Safari/604.1"
114.119.144.85 - - [17/Apr/2026:11:34:43 -0400] "GET /2021/01/09/best-treks-for-winter-season-in-india-himalayas/ HTTP/1.1" 200 26012 "http://www.escapetravelservices.com/blog" "Mozilla/5.0 (Linux; Android 7.0;) AppleWebKit/537.36 (KHTML, like Gecko) Mobile Safari/537.36 (compatible; PetalBot;+https://webmaster.petalsearch.com/site/petalbot)"
66.249.79.133 - - [17/Apr/2026:11:40:33 -0400] "GET / HTTP/1.1" 301 0 "-" "Mozilla/5.0 (Linux; Android 6.0.1; Nexus 5X Build/MMB29P) AppleWebKit/537.36 (KHTML, like Gecko) Chrome/146.0.7680.177 Mobile Safari/537.36 (compatible; Googlebot/2.1; +http://www.google.com/bot.html)"
66.249.79.72 - - [17/Apr/2026:11:40:44 -0400] "GET /wp-content/plugins/grandtour-custom-post/css/fontawesome-stars-o.css HTTP/1.1" 404 23969 "http://www.escapetravelservices.com/" "Mozilla/5.0 (Linux; Android 6.0.1; Nexus 5X Build/MMB29P) AppleWebKit/537.36 (KHTML, like Gecko) Chrome/146.0.7680.177 Mobile Safari/537.36 (compatible; Googlebot/2.1; +http://www.google.com/bot.html)"
162.213.253.84 - - [17/Apr/2026:11:34:44 -0400] "POST /wp-cron.php?doing_wp_cron=1776440084.3270249366760253906250 HTTP/1.1" 200 0 "http://www.escapetravelservices.com/wp-cron.php?doing_wp_cron=1776440084.3270249366760253906250" "WordPress/6.0; http://www.escapetravelservices.com"
66.249.79.132 - - [17/Apr/2026:11:40:33 -0400] "GET /robots.txt HTTP/1.1" 301 0 "-" "Mozilla/5.0 (compatible; Googlebot/2.1; +http://www.google.com/bot.html)"
66.249.79.73 - - [17/Apr/2026:11:40:33 -0400] "GET /robots.txt HTTP/1.1" 200 6886 "-" "Mozilla/5.0 (compatible; Googlebot/2.1; +http://www.google.com/bot.html)"
162.213.253.84 - - [17/Apr/2026:11:40:34 -0400] "POST /wp-cron.php?doing_wp_cron=1776440434.5712509155273437500000 HTTP/1.1" 200 0 "http://www.escapetravelservices.com/wp-cron.php?doing_wp_cron=1776440434.5712509155273437500000" "WordPress/6.0; http://www.escapetravelservices.com"
66.249.79.72 - - [17/Apr/2026:11:40:35 -0400] "GET / HTTP/1.1" 200 29008 "-" "Mozilla/5.0 (Linux; Android 6.0.1; Nexus 5X Build/MMB29P) AppleWebKit/537.36 (KHTML, like Gecko) Chrome/146.0.7680.177 Mobile Safari/537.36 (compatible; Googlebot/2.1; +http://www.google.com/bot.html)"
114.119.137.31 - - [17/Apr/2026:12:01:50 -0400] "GET /tour/magical-malaysia/ HTTP/1.1" 200 25936 "http://www.escapetravelservices.com/tour/fascinating-mauritius/" "Mozilla/5.0 (Linux; Android 7.0;) AppleWebKit/537.36 (KHTML, like Gecko) Mobile Safari/537.36 (compatible; PetalBot;+https://webmaster.petalsearch.com/site/petalbot)"
105.113.61.98 - - [17/Apr/2026:12:12:07 -0400] "GET http://www.escapetravelservices.com/tour/jubiliant-bali-package-04-nights-05-days/ HTTP/1.1" 200 25130 "-" "Mozilla/5.0 (Windows NT 6.1; WOW64) AppleWebKit/537.36 (KHTML, like Gecko) Chrome/86.0.4240.198 Safari/537.36"
105.113.61.98 - - [17/Apr/2026:12:12:06 -0400] "GET http://www.escapetravelservices.com/tour/delightful-seychelles-06-nights-07-days/ HTTP/1.1" 301 0 "-" "Mozilla/5.0 (Windows NT 6.1; WOW64) AppleWebKit/537.36 (KHTML, like Gecko) Chrome/86.0.4240.198 Safari/537.36"
216.73.216.57 - - [17/Apr/2026:12:30:50 -0400] "GET /robots.txt HTTP/1.1" 200 6886 "-" "Mozilla/5.0 AppleWebKit/537.36 (KHTML, like Gecko; compatible; ClaudeBot/1.0; [email protected])"
162.213.253.84 - - [17/Apr/2026:12:30:51 -0400] "POST /wp-cron.php?doing_wp_cron=1776443451.1860189437866210937500 HTTP/1.1" 200 0 "http://www.escapetravelservices.com/wp-cron.php?doing_wp_cron=1776443451.1860189437866210937500" "WordPress/6.0; http://www.escapetravelservices.com"
216.73.216.57 - - [17/Apr/2026:12:30:50 -0400] "GET /sitemap.xml HTTP/1.1" 301 0 "-" "Mozilla/5.0 AppleWebKit/537.36 (KHTML, like Gecko; compatible; ClaudeBot/1.0; [email protected])"
216.73.216.57 - - [17/Apr/2026:12:30:51 -0400] "GET /sitemap_index.xml HTTP/1.1" 200 326 "http://www.escapetravelservices.com/sitemap.xml" "Mozilla/5.0 AppleWebKit/537.36 (KHTML, like Gecko; compatible; ClaudeBot/1.0; [email protected])"
162.213.253.84 - - [17/Apr/2026:12:32:21 -0400] "POST /wp-cron.php?doing_wp_cron=1776443541.7579760551452636718750 HTTP/1.1" 200 0 "http://www.escapetravelservices.com/wp-cron.php?doing_wp_cron=1776443541.7579760551452636718750" "WordPress/6.0; http://www.escapetravelservices.com"
113.173.214.221 - - [17/Apr/2026:12:32:21 -0400] "GET http://www.escapetravelservices.com/tour/manali-02-nights-03-days/ HTTP/1.1" 200 25606 "-" "Mozilla/5.0 (Windows NT 10.0; WOW64) AppleWebKit/537.36 (KHTML, like Gecko) Chrome/102.0.0.0 Safari/537.36"
102.204.88.114 - - [17/Apr/2026:12:36:34 -0400] "GET http://www.escapetravelservices.com/tour/luxe-dubai-04-nights-05-days/ HTTP/1.1" 200 26183 "-" "Mozilla/5.0 (Windows NT 6.1; Win64; x64) AppleWebKit/537.36 (KHTML, like Gecko) Chrome/86.0.4240.75 Safari/537.36"
114.119.155.126 - - [17/Apr/2026:13:04:54 -0400] "GET /wp-content/uploads/2022/06/andaman-tour-packages-from-chennai-scaled.jpg HTTP/1.1" 200 615186 "http://www.escapetravelservices.com/tour/shore-the-city-port-bair-andaman-03-nights-04-days/" "Mozilla/5.0 (Linux; Android 7.0;) AppleWebKit/537.36 (KHTML, like Gecko) Mobile Safari/537.36 (compatible; PetalBot;+https://webmaster.petalsearch.com/site/petalbot)"
114.119.136.44 - - [17/Apr/2026:13:10:49 -0400] "GET /tour/romantic-andaman-04-nights-05-days/ HTTP/1.1" 200 25441 "https://www.escapetravelservices.com/tours/page/4" "Mozilla/5.0 (Linux; Android 7.0;) AppleWebKit/537.36 (KHTML, like Gecko) Mobile Safari/537.36 (compatible; PetalBot;+https://webmaster.petalsearch.com/site/petalbot)"
114.119.155.126 - - [17/Apr/2026:13:19:06 -0400] "GET /tour/magical-malaysia-package-04-nights-05-days/ HTTP/1.1" 200 25660 "http://www.escapetravelservices.com/destination/malaysia/" "Mozilla/5.0 (Linux; Android 7.0;) AppleWebKit/537.36 (KHTML, like Gecko) Mobile Safari/537.36 (compatible; PetalBot;+https://webmaster.petalsearch.com/site/petalbot)"
205.210.31.30 - - [17/Apr/2026:13:34:07 -0400] "GET / HTTP/1.1" 301 0 "-" "Hello from Palo Alto Networks, find out more about our scans in https://docs-cortex.paloaltonetworks.com/r/1/Cortex-Xpanse/Scanning-activity"
162.213.253.84 - - [17/Apr/2026:13:34:07 -0400] "POST /wp-cron.php?doing_wp_cron=1776447247.7984850406646728515625 HTTP/1.1" 200 0 "http://www.escapetravelservices.com/wp-cron.php?doing_wp_cron=1776447247.7984850406646728515625" "WordPress/6.0; http://www.escapetravelservices.com"
205.210.31.30 - - [17/Apr/2026:13:34:08 -0400] "GET / HTTP/1.1" 200 160917 "http://escapetravelservices.com/" "Hello from Palo Alto Networks, find out more about our scans in https://docs-cortex.paloaltonetworks.com/r/1/Cortex-Xpanse/Scanning-activity"
69.63.184.1 - - [17/Apr/2026:13:50:28 -0400] "GET /robots.txt HTTP/1.1" 200 44690 "-" "facebookexternalhit/1.1 (+http://www.facebook.com/externalhit_uatext.php)"
44.221.180.179 - - [17/Apr/2026:13:51:00 -0400] "GET /tour/dazzling-goa/ HTTP/1.1" 200 27219 "-" "Mozilla/5.0 AppleWebKit/537.36 (KHTML, like Gecko; compatible; Amazonbot/0.1; +https://developer.amazon.com/support/amazonbot) Chrome/119.0.6045.214 Safari/537.36"
162.213.253.84 - - [17/Apr/2026:13:54:23 -0400] "POST /wp-cron.php?doing_wp_cron=1776448463.6240119934082031250000 HTTP/1.1" 200 0 "http://www.escapetravelservices.com/wp-cron.php?doing_wp_cron=1776448463.6240119934082031250000" "WordPress/6.0; http://www.escapetravelservices.com"
129.204.200.196 - - [17/Apr/2026:13:54:23 -0400] "GET /e/data/images/arrow.gif HTTP/1.1" 301 0 "http://escapetravelservices.com/e/data/images/arrow.gif" "Mozilla/5.0 (Windows NT 10.0; Win64; x64) AppleWebKit/537.36 (KHTML, like Gecko) Chrome/83.0.4103.61 Safari/537.36"
129.204.200.196 - - [17/Apr/2026:13:54:24 -0400] "GET /e/data/images/arrow.gif HTTP/1.1" 404 131949 "http://escapetravelservices.com/e/data/images/arrow.gif" "Mozilla/5.0 (Windows NT 10.0; Win64; x64) AppleWebKit/537.36 (KHTML, like Gecko) Chrome/83.0.4103.61 Safari/537.36"
69.171.234.33 - - [17/Apr/2026:14:31:52 -0400] "GET / HTTP/1.1" 200 160917 "-" "facebookexternalhit/1.1 (+http://www.facebook.com/externalhit_uatext.php)"
31.13.127.54 - - [17/Apr/2026:14:31:55 -0400] "GET /wp-includes/css/dist/block-library/style.min.css HTTP/1.1" 200 14760 "http://www.escapetravelservices.com/?fbclid=IwZXh0bgNhZW0CMTEAc3J0YwZhcHBfaWQMMjU2MjgxMDQwNTU4AAEeP6CRCMqa-qf5BEMBiKxcNG3j-zjG1-uUxhZALhFq7kW5hlH2bQpyHtYhAFQ_aem_WoCO4u6OXx1b3NLiGtsiUQ" "Instagram 424.0.0.49.64 Android (36/16; 480dpi; 1080x2400; realme; RMX3998; RE5C94L1; mt6835; en_GB; 929871642)"
31.13.127.49 - - [17/Apr/2026:14:31:55 -0400] "GET /wp-content/plugins/booked/assets/js/tooltipster/css/tooltipster.css HTTP/1.1" 200 1970 "http://www.escapetravelservices.com/?fbclid=IwZXh0bgNhZW0CMTEAc3J0YwZhcHBfaWQMMjU2MjgxMDQwNTU4AAEeP6CRCMqa-qf5BEMBiKxcNG3j-zjG1-uUxhZALhFq7kW5hlH2bQpyHtYhAFQ_aem_WoCO4u6OXx1b3NLiGtsiUQ" "Instagram 424.0.0.49.64 Android (36/16; 480dpi; 1080x2400; realme; RMX3998; RE5C94L1; mt6835; en_GB; 929871642)"
31.13.127.54 - - [17/Apr/2026:14:31:55 -0400] "GET /wp-content/plugins/booked/assets/css/animations.css HTTP/1.1" 200 562 "http://www.escapetravelservices.com/?fbclid=IwZXh0bgNhZW0CMTEAc3J0YwZhcHBfaWQMMjU2MjgxMDQwNTU4AAEeP6CRCMqa-qf5BEMBiKxcNG3j-zjG1-uUxhZALhFq7kW5hlH2bQpyHtYhAFQ_aem_WoCO4u6OXx1b3NLiGtsiUQ" "Instagram 424.0.0.49.64 Android (36/16; 480dpi; 1080x2400; realme; RMX3998; RE5C94L1; mt6835; en_GB; 929871642)"
31.13.127.57 - - [17/Apr/2026:14:31:55 -0400] "GET /wp-content/plugins/booked/dist/booked.css HTTP/1.1" 200 10925 "http://www.escapetravelservices.com/?fbclid=IwZXh0bgNhZW0CMTEAc3J0YwZhcHBfaWQMMjU2MjgxMDQwNTU4AAEeP6CRCMqa-qf5BEMBiKxcNG3j-zjG1-uUxhZALhFq7kW5hlH2bQpyHtYhAFQ_aem_WoCO4u6OXx1b3NLiGtsiUQ" "Instagram 424.0.0.49.64 Android (36/16; 480dpi; 1080x2400; realme; RMX3998; RE5C94L1; mt6835; en_GB; 929871642)"
31.13.127.49 - - [17/Apr/2026:14:31:56 -0400] "GET /wp-content/plugins/whatsapp-for-wordpress/assets/css/style.css HTTP/1.1" 200 4693 "http://www.escapetravelservices.com/?fbclid=IwZXh0bgNhZW0CMTEAc3J0YwZhcHBfaWQMMjU2MjgxMDQwNTU4AAEeP6CRCMqa-qf5BEMBiKxcNG3j-zjG1-uUxhZALhFq7kW5hlH2bQpyHtYhAFQ_aem_WoCO4u6OXx1b3NLiGtsiUQ" "Instagram 424.0.0.49.64 Android (36/16; 480dpi; 1080x2400; realme; RMX3998; RE5C94L1; mt6835; en_GB; 929871642)"
31.13.127.57 - - [17/Apr/2026:14:31:56 -0400] "GET /wp-content/themes/escapetour/css/reset.css HTTP/1.1" 200 334 "http://www.escapetravelservices.com/?fbclid=IwZXh0bgNhZW0CMTEAc3J0YwZhcHBfaWQMMjU2MjgxMDQwNTU4AAEeP6CRCMqa-qf5BEMBiKxcNG3j-zjG1-uUxhZALhFq7kW5hlH2bQpyHtYhAFQ_aem_WoCO4u6OXx1b3NLiGtsiUQ" "Instagram 424.0.0.49.64 Android (36/16; 480dpi; 1080x2400; realme; RMX3998; RE5C94L1; mt6835; en_GB; 929871642)"
31.13.127.49 - - [17/Apr/2026:14:31:57 -0400] "GET /wp-content/themes/escapetour/css/animation.css HTTP/1.1" 200 1055 "http://www.escapetravelservices.com/?fbclid=IwZXh0bgNhZW0CMTEAc3J0YwZhcHBfaWQMMjU2MjgxMDQwNTU4AAEeP6CRCMqa-qf5BEMBiKxcNG3j-zjG1-uUxhZALhFq7kW5hlH2bQpyHtYhAFQ_aem_WoCO4u6OXx1b3NLiGtsiUQ" "Instagram 424.0.0.49.64 Android (36/16; 480dpi; 1080x2400; realme; RMX3998; RE5C94L1; mt6835; en_GB; 929871642)"
31.13.127.57 - - [17/Apr/2026:14:31:57 -0400] "GET /wp-content/themes/escapetour/css/ilightbox/ilightbox.css HTTP/1.1" 200 1778 "http://www.escapetravelservices.com/?fbclid=IwZXh0bgNhZW0CMTEAc3J0YwZhcHBfaWQMMjU2MjgxMDQwNTU4AAEeP6CRCMqa-qf5BEMBiKxcNG3j-zjG1-uUxhZALhFq7kW5hlH2bQpyHtYhAFQ_aem_WoCO4u6OXx1b3NLiGtsiUQ" "Instagram 424.0.0.49.64 Android (36/16; 480dpi; 1080x2400; realme; RMX3998; RE5C94L1; mt6835; en_GB; 929871642)"
31.13.127.54 - - [17/Apr/2026:14:31:55 -0400] "GET /wp-content/plugins/grandtour-custom-post/css/fontawesome-stars-o.css HTTP/1.1" 404 27462 "http://www.escapetravelservices.com/?fbclid=IwZXh0bgNhZW0CMTEAc3J0YwZhcHBfaWQMMjU2MjgxMDQwNTU4AAEeP6CRCMqa-qf5BEMBiKxcNG3j-zjG1-uUxhZALhFq7kW5hlH2bQpyHtYhAFQ_aem_WoCO4u6OXx1b3NLiGtsiUQ" "Instagram 424.0.0.49.64 Android (36/16; 480dpi; 1080x2400; realme; RMX3998; RE5C94L1; mt6835; en_GB; 929871642)"
173.252.107.113 - - [17/Apr/2026:14:31:52 -0400] "GET / HTTP/1.1" 200 160917 "-" "facebookexternalhit/1.1 (+http://www.facebook.com/externalhit_uatext.php)"
31.13.127.54 - - [17/Apr/2026:14:31:54 -0400] "GET /?fbclid=IwZXh0bgNhZW0CMTEAc3J0YwZhcHBfaWQMMjU2MjgxMDQwNTU4AAEeP6CRCMqa-qf5BEMBiKxcNG3j-zjG1-uUxhZALhFq7kW5hlH2bQpyHtYhAFQ_aem_WoCO4u6OXx1b3NLiGtsiUQ HTTP/1.1" 200 33204 "http://m.facebook.com" "Instagram 424.0.0.49.64 Android (36/16; 480dpi; 1080x2400; realme; RMX3998; RE5C94L1; mt6835; en_GB; 929871642)"
31.13.127.54 - - [17/Apr/2026:14:31:55 -0400] "GET /wp-content/plugins/booked/assets/js/tooltipster/css/themes/tooltipster-light.css HTTP/1.1" 200 226 "http://www.escapetravelservices.com/?fbclid=IwZXh0bgNhZW0CMTEAc3J0YwZhcHBfaWQMMjU2MjgxMDQwNTU4AAEeP6CRCMqa-qf5BEMBiKxcNG3j-zjG1-uUxhZALhFq7kW5hlH2bQpyHtYhAFQ_aem_WoCO4u6OXx1b3NLiGtsiUQ" "Instagram 424.0.0.49.64 Android (36/16; 480dpi; 1080x2400; realme; RMX3998; RE5C94L1; mt6835; en_GB; 929871642)"
31.13.127.57 - - [17/Apr/2026:14:31:55 -0400] "GET /wp-content/plugins/booked/assets/css/icons.css HTTP/1.1" 200 6618 "http://www.escapetravelservices.com/?fbclid=IwZXh0bgNhZW0CMTEAc3J0YwZhcHBfaWQMMjU2MjgxMDQwNTU4AAEeP6CRCMqa-qf5BEMBiKxcNG3j-zjG1-uUxhZALhFq7kW5hlH2bQpyHtYhAFQ_aem_WoCO4u6OXx1b3NLiGtsiUQ" "Instagram 424.0.0.49.64 Android (36/16; 480dpi; 1080x2400; realme; RMX3998; RE5C94L1; mt6835; en_GB; 929871642)"
31.13.127.49 - - [17/Apr/2026:14:31:55 -0400] "GET /wp-content/plugins/contact-form-7/includes/css/styles.css HTTP/1.1" 200 776 "http://www.escapetravelservices.com/?fbclid=IwZXh0bgNhZW0CMTEAc3J0YwZhcHBfaWQMMjU2MjgxMDQwNTU4AAEeP6CRCMqa-qf5BEMBiKxcNG3j-zjG1-uUxhZALhFq7kW5hlH2bQpyHtYhAFQ_aem_WoCO4u6OXx1b3NLiGtsiUQ" "Instagram 424.0.0.49.64 Android (36/16; 480dpi; 1080x2400; realme; RMX3998; RE5C94L1; mt6835; en_GB; 929871642)"
31.13.127.57 - - [17/Apr/2026:14:31:55 -0400] "GET /wp-content/plugins/revslider/public/assets/css/rs6.css HTTP/1.1" 200 15207 "http://www.escapetravelservices.com/?fbclid=IwZXh0bgNhZW0CMTEAc3J0YwZhcHBfaWQMMjU2MjgxMDQwNTU4AAEeP6CRCMqa-qf5BEMBiKxcNG3j-zjG1-uUxhZALhFq7kW5hlH2bQpyHtYhAFQ_aem_WoCO4u6OXx1b3NLiGtsiUQ" "Instagram 424.0.0.49.64 Android (36/16; 480dpi; 1080x2400; realme; RMX3998; RE5C94L1; mt6835; en_GB; 929871642)"
31.13.127.49 - - [17/Apr/2026:14:31:56 -0400] "GET /wp-content/themes/escapetour/css/wordpress.css HTTP/1.1" 200 1176 "http://www.escapetravelservices.com/?fbclid=IwZXh0bgNhZW0CMTEAc3J0YwZhcHBfaWQMMjU2MjgxMDQwNTU4AAEeP6CRCMqa-qf5BEMBiKxcNG3j-zjG1-uUxhZALhFq7kW5hlH2bQpyHtYhAFQ_aem_WoCO4u6OXx1b3NLiGtsiUQ" "Instagram 424.0.0.49.64 Android (36/16; 480dpi; 1080x2400; realme; RMX3998; RE5C94L1; mt6835; en_GB; 929871642)"
162.213.253.84 - - [17/Apr/2026:14:31:56 -0400] "POST /wp-cron.php?doing_wp_cron=1776450716.1711521148681640625000 HTTP/1.1" 200 0 "http://www.escapetravelservices.com/wp-cron.php?doing_wp_cron=1776450716.1711521148681640625000" "WordPress/6.0; http://www.escapetravelservices.com"
31.13.127.54 - - [17/Apr/2026:14:31:57 -0400] "GET /wp-content/themes/escapetour/css/jqueryui/custom.css HTTP/1.1" 200 5287 "http://www.escapetravelservices.com/?fbclid=IwZXh0bgNhZW0CMTEAc3J0YwZhcHBfaWQMMjU2MjgxMDQwNTU4AAEeP6CRCMqa-qf5BEMBiKxcNG3j-zjG1-uUxhZALhFq7kW5hlH2bQpyHtYhAFQ_aem_WoCO4u6OXx1b3NLiGtsiUQ" "Instagram 424.0.0.49.64 Android (36/16; 480dpi; 1080x2400; realme; RMX3998; RE5C94L1; mt6835; en_GB; 929871642)"
31.13.127.49 - - [17/Apr/2026:14:31:57 -0400] "GET /wp-content/themes/escapetour/js/flexslider/flexslider.css HTTP/1.1" 200 2042 "http://www.escapetravelservices.com/?fbclid=IwZXh0bgNhZW0CMTEAc3J0YwZhcHBfaWQMMjU2MjgxMDQwNTU4AAEeP6CRCMqa-qf5BEMBiKxcNG3j-zjG1-uUxhZALhFq7kW5hlH2bQpyHtYhAFQ_aem_WoCO4u6OXx1b3NLiGtsiUQ" "Instagram 424.0.0.49.64 Android (36/16; 480dpi; 1080x2400; realme; RMX3998; RE5C94L1; mt6835; en_GB; 929871642)"
31.13.127.57 - - [17/Apr/2026:14:31:57 -0400] "GET /wp-includes/js/mediaelement/mediaelementplayer-legacy.min.css HTTP/1.1" 200 2967 "http://www.escapetravelservices.com/?fbclid=IwZXh0bgNhZW0CMTEAc3J0YwZhcHBfaWQMMjU2MjgxMDQwNTU4AAEeP6CRCMqa-qf5BEMBiKxcNG3j-zjG1-uUxhZALhFq7kW5hlH2bQpyHtYhAFQ_aem_WoCO4u6OXx1b3NLiGtsiUQ" "Instagram 424.0.0.49.64 Android (36/16; 480dpi; 1080x2400; realme; RMX3998; RE5C94L1; mt6835; en_GB; 929871642)"
31.13.127.57 - - [17/Apr/2026:14:31:57 -0400] "GET /wp-content/themes/escapetour/css/odometer-theme-minimal.css HTTP/1.1" 200 629 "http://www.escapetravelservices.com/?fbclid=IwZXh0bgNhZW0CMTEAc3J0YwZhcHBfaWQMMjU2MjgxMDQwNTU4AAEeP6CRCMqa-qf5BEMBiKxcNG3j-zjG1-uUxhZALhFq7kW5hlH2bQpyHtYhAFQ_aem_WoCO4u6OXx1b3NLiGtsiUQ" "Instagram 424.0.0.49.64 Android (36/16; 480dpi; 1080x2400; realme; RMX3998; RE5C94L1; mt6835; en_GB; 929871642)"
31.13.127.49 - - [17/Apr/2026:14:31:57 -0400] "GET /wp-content/themes/escapetour/css/screen.css HTTP/1.1" 200 38946 "http://www.escapetravelservices.com/?fbclid=IwZXh0bgNhZW0CMTEAc3J0YwZhcHBfaWQMMjU2MjgxMDQwNTU4AAEeP6CRCMqa-qf5BEMBiKxcNG3j-zjG1-uUxhZALhFq7kW5hlH2bQpyHtYhAFQ_aem_WoCO4u6OXx1b3NLiGtsiUQ" "Instagram 424.0.0.49.64 Android (36/16; 480dpi; 1080x2400; realme; RMX3998; RE5C94L1; mt6835; en_GB; 929871642)"
31.13.127.54 - - [17/Apr/2026:14:31:58 -0400] "GET /wp-content/themes/escapetour/css/font-awesome.min.css HTTP/1.1" 200 7749 "http://www.escapetravelservices.com/?fbclid=IwZXh0bgNhZW0CMTEAc3J0YwZhcHBfaWQMMjU2MjgxMDQwNTU4AAEeP6CRCMqa-qf5BEMBiKxcNG3j-zjG1-uUxhZALhFq7kW5hlH2bQpyHtYhAFQ_aem_WoCO4u6OXx1b3NLiGtsiUQ" "Instagram 424.0.0.49.64 Android (36/16; 480dpi; 1080x2400; realme; RMX3998; RE5C94L1; mt6835; en_GB; 929871642)"
31.13.127.54 - - [17/Apr/2026:14:31:58 -0400] "GET /wp-admin/admin-ajax.php?action=grandtour_custom_css HTTP/1.1" 200 1726 "http://www.escapetravelservices.com/?fbclid=IwZXh0bgNhZW0CMTEAc3J0YwZhcHBfaWQMMjU2MjgxMDQwNTU4AAEeP6CRCMqa-qf5BEMBiKxcNG3j-zjG1-uUxhZALhFq7kW5hlH2bQpyHtYhAFQ_aem_WoCO4u6OXx1b3NLiGtsiUQ" "Instagram 424.0.0.49.64 Android (36/16; 480dpi; 1080x2400; realme; RMX3998; RE5C94L1; mt6835; en_GB; 929871642)"
31.13.127.57 - - [17/Apr/2026:14:31:59 -0400] "GET /wp-content/themes/escapetour/css/light-skin/skin.css HTTP/1.1" 200 1532 "http://www.escapetravelservices.com/wp-content/themes/escapetour/css/ilightbox/ilightbox.css" "Instagram 424.0.0.49.64 Android (36/16; 480dpi; 1080x2400; realme; RMX3998; RE5C94L1; mt6835; en_GB; 929871642)"
31.13.127.57 - - [17/Apr/2026:14:31:59 -0400] "GET /wp-content/themes/escapetour/css/parade-skin/skin.css HTTP/1.1" 200 636 "http://www.escapetravelservices.com/wp-content/themes/escapetour/css/ilightbox/ilightbox.css" "Instagram 424.0.0.49.64 Android (36/16; 480dpi; 1080x2400; realme; RMX3998; RE5C94L1; mt6835; en_GB; 929871642)"
31.13.127.49 - - [17/Apr/2026:14:31:59 -0400] "GET /wp-content/themes/escapetour/css/metro-black-skin/skin.css HTTP/1.1" 200 1364 "http://www.escapetravelservices.com/wp-content/themes/escapetour/css/ilightbox/ilightbox.css" "Instagram 424.0.0.49.64 Android (36/16; 480dpi; 1080x2400; realme; RMX3998; RE5C94L1; mt6835; en_GB; 929871642)"
31.13.127.54 - - [17/Apr/2026:14:31:59 -0400] "GET /wp-content/themes/escapetour/css/metro-white-skin/skin.css HTTP/1.1" 200 1523 "http://www.escapetravelservices.com/wp-content/themes/escapetour/css/ilightbox/ilightbox.css" "Instagram 424.0.0.49.64 Android (36/16; 480dpi; 1080x2400; realme; RMX3998; RE5C94L1; mt6835; en_GB; 929871642)"
31.13.127.49 - - [17/Apr/2026:14:32:00 -0400] "GET /wp-content/themes/escapetour/css/mac-skin/skin.css HTTP/1.1" 200 2033 "http://www.escapetravelservices.com/wp-content/themes/escapetour/css/ilightbox/ilightbox.css" "Instagram 424.0.0.49.64 Android (36/16; 480dpi; 1080x2400; realme; RMX3998; RE5C94L1; mt6835; en_GB; 929871642)"
31.13.127.54 - - [17/Apr/2026:14:31:57 -0400] "GET /wp-content/themes/escapetour/css/tooltipster.css HTTP/1.1" 200 1874 "http://www.escapetravelservices.com/?fbclid=IwZXh0bgNhZW0CMTEAc3J0YwZhcHBfaWQMMjU2MjgxMDQwNTU4AAEeP6CRCMqa-qf5BEMBiKxcNG3j-zjG1-uUxhZALhFq7kW5hlH2bQpyHtYhAFQ_aem_WoCO4u6OXx1b3NLiGtsiUQ" "Instagram 424.0.0.49.64 Android (36/16; 480dpi; 1080x2400; realme; RMX3998; RE5C94L1; mt6835; en_GB; 929871642)"
31.13.127.57 - - [17/Apr/2026:14:31:58 -0400] "GET /wp-content/themes/escapetour/css/menus/leftalignmenu.css HTTP/1.1" 200 862 "http://www.escapetravelservices.com/?fbclid=IwZXh0bgNhZW0CMTEAc3J0YwZhcHBfaWQMMjU2MjgxMDQwNTU4AAEeP6CRCMqa-qf5BEMBiKxcNG3j-zjG1-uUxhZALhFq7kW5hlH2bQpyHtYhAFQ_aem_WoCO4u6OXx1b3NLiGtsiUQ" "Instagram 424.0.0.49.64 Android (36/16; 480dpi; 1080x2400; realme; RMX3998; RE5C94L1; mt6835; en_GB; 929871642)"
31.13.127.57 - - [17/Apr/2026:14:31:58 -0400] "GET /wp-content/themes/escapetour/css/themify-icons.css HTTP/1.1" 200 3159 "http://www.escapetravelservices.com/?fbclid=IwZXh0bgNhZW0CMTEAc3J0YwZhcHBfaWQMMjU2MjgxMDQwNTU4AAEeP6CRCMqa-qf5BEMBiKxcNG3j-zjG1-uUxhZALhFq7kW5hlH2bQpyHtYhAFQ_aem_WoCO4u6OXx1b3NLiGtsiUQ" "Instagram 424.0.0.49.64 Android (36/16; 480dpi; 1080x2400; realme; RMX3998; RE5C94L1; mt6835; en_GB; 929871642)"
31.13.127.49 - - [17/Apr/2026:14:31:58 -0400] "GET /wp-content/plugins/meks-easy-instagram-widget/css/widget.css HTTP/1.1" 200 302 "http://www.escapetravelservices.com/?fbclid=IwZXh0bgNhZW0CMTEAc3J0YwZhcHBfaWQMMjU2MjgxMDQwNTU4AAEeP6CRCMqa-qf5BEMBiKxcNG3j-zjG1-uUxhZALhFq7kW5hlH2bQpyHtYhAFQ_aem_WoCO4u6OXx1b3NLiGtsiUQ" "Instagram 424.0.0.49.64 Android (36/16; 480dpi; 1080x2400; realme; RMX3998; RE5C94L1; mt6835; en_GB; 929871642)"
31.13.127.57 - - [17/Apr/2026:14:31:58 -0400] "GET /wp-content/plugins/sliding-enquiry-form/css/font-awesome.min.css HTTP/1.1" 200 7749 "http://www.escapetravelservices.com/?fbclid=IwZXh0bgNhZW0CMTEAc3J0YwZhcHBfaWQMMjU2MjgxMDQwNTU4AAEeP6CRCMqa-qf5BEMBiKxcNG3j-zjG1-uUxhZALhFq7kW5hlH2bQpyHtYhAFQ_aem_WoCO4u6OXx1b3NLiGtsiUQ" "Instagram 424.0.0.49.64 Android (36/16; 480dpi; 1080x2400; realme; RMX3998; RE5C94L1; mt6835; en_GB; 929871642)"
31.13.127.49 - - [17/Apr/2026:14:31:58 -0400] "GET /wp-content/plugins/sliding-enquiry-form/css/sliding-enquiry.css HTTP/1.1" 200 2015 "http://www.escapetravelservices.com/?fbclid=IwZXh0bgNhZW0CMTEAc3J0YwZhcHBfaWQMMjU2MjgxMDQwNTU4AAEeP6CRCMqa-qf5BEMBiKxcNG3j-zjG1-uUxhZALhFq7kW5hlH2bQpyHtYhAFQ_aem_WoCO4u6OXx1b3NLiGtsiUQ" "Instagram 424.0.0.49.64 Android (36/16; 480dpi; 1080x2400; realme; RMX3998; RE5C94L1; mt6835; en_GB; 929871642)"
31.13.127.49 - - [17/Apr/2026:14:31:58 -0400] "GET /wp-content/themes/escapetour/css/grid.css HTTP/1.1" 200 9765 "http://www.escapetravelservices.com/?fbclid=IwZXh0bgNhZW0CMTEAc3J0YwZhcHBfaWQMMjU2MjgxMDQwNTU4AAEeP6CRCMqa-qf5BEMBiKxcNG3j-zjG1-uUxhZALhFq7kW5hlH2bQpyHtYhAFQ_aem_WoCO4u6OXx1b3NLiGtsiUQ" "Instagram 424.0.0.49.64 Android (36/16; 480dpi; 1080x2400; realme; RMX3998; RE5C94L1; mt6835; en_GB; 929871642)"
31.13.127.54 - - [17/Apr/2026:14:31:59 -0400] "GET /wp-content/themes/escapetour/css/dark-skin/skin.css HTTP/1.1" 200 1525 "http://www.escapetravelservices.com/wp-content/themes/escapetour/css/ilightbox/ilightbox.css" "Instagram 424.0.0.49.64 Android (36/16; 480dpi; 1080x2400; realme; RMX3998; RE5C94L1; mt6835; en_GB; 929871642)"
31.13.127.49 - - [17/Apr/2026:14:31:59 -0400] "GET /wp-content/themes/escapetour/modules/kirki/assets/css/kirki-styles.css HTTP/1.1" 200 0 "http://www.escapetravelservices.com/?fbclid=IwZXh0bgNhZW0CMTEAc3J0YwZhcHBfaWQMMjU2MjgxMDQwNTU4AAEeP6CRCMqa-qf5BEMBiKxcNG3j-zjG1-uUxhZALhFq7kW5hlH2bQpyHtYhAFQ_aem_WoCO4u6OXx1b3NLiGtsiUQ" "Instagram 424.0.0.49.64 Android (36/16; 480dpi; 1080x2400; realme; RMX3998; RE5C94L1; mt6835; en_GB; 929871642)"
31.13.127.54 - - [17/Apr/2026:14:32:00 -0400] "GET /wp-content/themes/escapetour/css/smooth-skin/skin.css HTTP/1.1" 200 1660 "http://www.escapetravelservices.com/wp-content/themes/escapetour/css/ilightbox/ilightbox.css" "Instagram 424.0.0.49.64 Android (36/16; 480dpi; 1080x2400; realme; RMX3998; RE5C94L1; mt6835; en_GB; 929871642)"
31.13.127.49 - - [17/Apr/2026:14:32:00 -0400] "GET /wp-content/plugins/revslider/public/assets/js/rbtools.min.js HTTP/1.1" 200 50897 "http://www.escapetravelservices.com/?fbclid=IwZXh0bgNhZW0CMTEAc3J0YwZhcHBfaWQMMjU2MjgxMDQwNTU4AAEeP6CRCMqa-qf5BEMBiKxcNG3j-zjG1-uUxhZALhFq7kW5hlH2bQpyHtYhAFQ_aem_WoCO4u6OXx1b3NLiGtsiUQ" "Instagram 424.0.0.49.64 Android (36/16; 480dpi; 1080x2400; realme; RMX3998; RE5C94L1; mt6835; en_GB; 929871642)"
31.13.127.54 - - [17/Apr/2026:14:32:00 -0400] "GET /wp-includes/js/jquery/jquery-migrate.min.js HTTP/1.1" 200 4461 "http://www.escapetravelservices.com/?fbclid=IwZXh0bgNhZW0CMTEAc3J0YwZhcHBfaWQMMjU2MjgxMDQwNTU4AAEeP6CRCMqa-qf5BEMBiKxcNG3j-zjG1-uUxhZALhFq7kW5hlH2bQpyHtYhAFQ_aem_WoCO4u6OXx1b3NLiGtsiUQ" "Instagram 424.0.0.49.64 Android (36/16; 480dpi; 1080x2400; realme; RMX3998; RE5C94L1; mt6835; en_GB; 929871642)"
31.13.127.54 - - [17/Apr/2026:14:32:00 -0400] "GET /wp-content/plugins/whatsapp-for-wordpress/assets/js/main.js HTTP/1.1" 200 1644 "http://www.escapetravelservices.com/?fbclid=IwZXh0bgNhZW0CMTEAc3J0YwZhcHBfaWQMMjU2MjgxMDQwNTU4AAEeP6CRCMqa-qf5BEMBiKxcNG3j-zjG1-uUxhZALhFq7kW5hlH2bQpyHtYhAFQ_aem_WoCO4u6OXx1b3NLiGtsiUQ" "Instagram 424.0.0.49.64 Android (36/16; 480dpi; 1080x2400; realme; RMX3998; RE5C94L1; mt6835; en_GB; 929871642)"
31.13.127.54 - - [17/Apr/2026:14:32:01 -0400] "GET /wp-content/plugins/sliding-enquiry-form/js/validation.js HTTP/1.1" 200 764 "http://www.escapetravelservices.com/?fbclid=IwZXh0bgNhZW0CMTEAc3J0YwZhcHBfaWQMMjU2MjgxMDQwNTU4AAEeP6CRCMqa-qf5BEMBiKxcNG3j-zjG1-uUxhZALhFq7kW5hlH2bQpyHtYhAFQ_aem_WoCO4u6OXx1b3NLiGtsiUQ" "Instagram 424.0.0.49.64 Android (36/16; 480dpi; 1080x2400; realme; RMX3998; RE5C94L1; mt6835; en_GB; 929871642)"
31.13.127.23 - - [17/Apr/2026:14:32:01 -0400] "GET /wp-content/uploads/2021/01/escape-logo-black2.png HTTP/1.1" 200 32505 "http://www.escapetravelservices.com/?fbclid=IwZXh0bgNhZW0CMTEAc3J0YwZhcHBfaWQMMjU2MjgxMDQwNTU4AAEeP6CRCMqa-qf5BEMBiKxcNG3j-zjG1-uUxhZALhFq7kW5hlH2bQpyHtYhAFQ_aem_WoCO4u6OXx1b3NLiGtsiUQ" "Instagram 424.0.0.49.64 Android (36/16; 480dpi; 1080x2400; realme; RMX3998; RE5C94L1; mt6835; en_GB; 929871642)"
31.13.127.49 - - [17/Apr/2026:14:32:01 -0400] "GET /wp-content/uploads/2021/01/escape-logo-white1.png HTTP/1.1" 200 33369 "http://www.escapetravelservices.com/?fbclid=IwZXh0bgNhZW0CMTEAc3J0YwZhcHBfaWQMMjU2MjgxMDQwNTU4AAEeP6CRCMqa-qf5BEMBiKxcNG3j-zjG1-uUxhZALhFq7kW5hlH2bQpyHtYhAFQ_aem_WoCO4u6OXx1b3NLiGtsiUQ" "Instagram 424.0.0.49.64 Android (36/16; 480dpi; 1080x2400; realme; RMX3998; RE5C94L1; mt6835; en_GB; 929871642)"
31.13.127.71 - - [17/Apr/2026:14:32:01 -0400] "GET /wp-content/uploads/2022/06/Delightful-Seychlles-700x466.jpg HTTP/1.1" 200 107321 "http://www.escapetravelservices.com/?fbclid=IwZXh0bgNhZW0CMTEAc3J0YwZhcHBfaWQMMjU2MjgxMDQwNTU4AAEeP6CRCMqa-qf5BEMBiKxcNG3j-zjG1-uUxhZALhFq7kW5hlH2bQpyHtYhAFQ_aem_WoCO4u6OXx1b3NLiGtsiUQ" "Instagram 424.0.0.49.64 Android (36/16; 480dpi; 1080x2400; realme; RMX3998; RE5C94L1; mt6835; en_GB; 929871642)"
31.13.127.23 - - [17/Apr/2026:14:32:01 -0400] "GET /wp-includes/js/jquery/ui/core.min.js HTTP/1.1" 200 7544 "http://www.escapetravelservices.com/?fbclid=IwZXh0bgNhZW0CMTEAc3J0YwZhcHBfaWQMMjU2MjgxMDQwNTU4AAEeP6CRCMqa-qf5BEMBiKxcNG3j-zjG1-uUxhZALhFq7kW5hlH2bQpyHtYhAFQ_aem_WoCO4u6OXx1b3NLiGtsiUQ" "Instagram 424.0.0.49.64 Android (36/16; 480dpi; 1080x2400; realme; RMX3998; RE5C94L1; mt6835; en_GB; 929871642)"
31.13.127.57 - - [17/Apr/2026:14:32:00 -0400] "GET /wp-includes/js/jquery/jquery.min.js HTTP/1.1" 200 34819 "http://www.escapetravelservices.com/?fbclid=IwZXh0bgNhZW0CMTEAc3J0YwZhcHBfaWQMMjU2MjgxMDQwNTU4AAEeP6CRCMqa-qf5BEMBiKxcNG3j-zjG1-uUxhZALhFq7kW5hlH2bQpyHtYhAFQ_aem_WoCO4u6OXx1b3NLiGtsiUQ" "Instagram 424.0.0.49.64 Android (36/16; 480dpi; 1080x2400; realme; RMX3998; RE5C94L1; mt6835; en_GB; 929871642)"
31.13.127.57 - - [17/Apr/2026:14:32:00 -0400] "GET /wp-content/plugins/revslider/public/assets/js/rs6.min.js HTTP/1.1" 200 100200 "http://www.escapetravelservices.com/?fbclid=IwZXh0bgNhZW0CMTEAc3J0YwZhcHBfaWQMMjU2MjgxMDQwNTU4AAEeP6CRCMqa-qf5BEMBiKxcNG3j-zjG1-uUxhZALhFq7kW5hlH2bQpyHtYhAFQ_aem_WoCO4u6OXx1b3NLiGtsiUQ" "Instagram 424.0.0.49.64 Android (36/16; 480dpi; 1080x2400; realme; RMX3998; RE5C94L1; mt6835; en_GB; 929871642)"
31.13.127.49 - - [17/Apr/2026:14:32:01 -0400] "GET /wp-content/plugins/sliding-enquiry-form/js/modernizr.custom.js HTTP/1.1" 200 3857 "http://www.escapetravelservices.com/?fbclid=IwZXh0bgNhZW0CMTEAc3J0YwZhcHBfaWQMMjU2MjgxMDQwNTU4AAEeP6CRCMqa-qf5BEMBiKxcNG3j-zjG1-uUxhZALhFq7kW5hlH2bQpyHtYhAFQ_aem_WoCO4u6OXx1b3NLiGtsiUQ" "Instagram 424.0.0.49.64 Android (36/16; 480dpi; 1080x2400; realme; RMX3998; RE5C94L1; mt6835; en_GB; 929871642)"
31.13.127.71 - - [17/Apr/2026:14:32:01 -0400] "GET /wp-content/uploads/2022/06/escape-travel-services-ceo-150x150.jpg HTTP/1.1" 200 4381 "http://www.escapetravelservices.com/?fbclid=IwZXh0bgNhZW0CMTEAc3J0YwZhcHBfaWQMMjU2MjgxMDQwNTU4AAEeP6CRCMqa-qf5BEMBiKxcNG3j-zjG1-uUxhZALhFq7kW5hlH2bQpyHtYhAFQ_aem_WoCO4u6OXx1b3NLiGtsiUQ" "Instagram 424.0.0.49.64 Android (36/16; 480dpi; 1080x2400; realme; RMX3998; RE5C94L1; mt6835; en_GB; 929871642)"
31.13.127.71 - - [17/Apr/2026:14:32:01 -0400] "GET /wp-content/uploads/trustindex-google-widget.css HTTP/1.1" 200 3707 "http://www.escapetravelservices.com/?fbclid=IwZXh0bgNhZW0CMTEAc3J0YwZhcHBfaWQMMjU2MjgxMDQwNTU4AAEeP6CRCMqa-qf5BEMBiKxcNG3j-zjG1-uUxhZALhFq7kW5hlH2bQpyHtYhAFQ_aem_WoCO4u6OXx1b3NLiGtsiUQ" "Instagram 424.0.0.49.64 Android (36/16; 480dpi; 1080x2400; realme; RMX3998; RE5C94L1; mt6835; en_GB; 929871642)"
31.13.127.23 - - [17/Apr/2026:14:32:02 -0400] "GET /wp-content/plugins/booked/assets/js/spin.min.js HTTP/1.1" 200 2133 "http://www.escapetravelservices.com/?fbclid=IwZXh0bgNhZW0CMTEAc3J0YwZhcHBfaWQMMjU2MjgxMDQwNTU4AAEeP6CRCMqa-qf5BEMBiKxcNG3j-zjG1-uUxhZALhFq7kW5hlH2bQpyHtYhAFQ_aem_WoCO4u6OXx1b3NLiGtsiUQ" "Instagram 424.0.0.49.64 Android (36/16; 480dpi; 1080x2400; realme; RMX3998; RE5C94L1; mt6835; en_GB; 929871642)"
31.13.127.77 - - [17/Apr/2026:14:32:02 -0400] "GET /wp-includes/js/jquery/ui/datepicker.min.js HTTP/1.1" 200 12350 "http://www.escapetravelservices.com/?fbclid=IwZXh0bgNhZW0CMTEAc3J0YwZhcHBfaWQMMjU2MjgxMDQwNTU4AAEeP6CRCMqa-qf5BEMBiKxcNG3j-zjG1-uUxhZALhFq7kW5hlH2bQpyHtYhAFQ_aem_WoCO4u6OXx1b3NLiGtsiUQ" "Instagram 424.0.0.49.64 Android (36/16; 480dpi; 1080x2400; realme; RMX3998; RE5C94L1; mt6835; en_GB; 929871642)"
31.13.127.23 - - [17/Apr/2026:14:32:02 -0400] "GET /wp-content/plugins/booked/assets/js/functions.js HTTP/1.1" 200 11157 "http://www.escapetravelservices.com/?fbclid=IwZXh0bgNhZW0CMTEAc3J0YwZhcHBfaWQMMjU2MjgxMDQwNTU4AAEeP6CRCMqa-qf5BEMBiKxcNG3j-zjG1-uUxhZALhFq7kW5hlH2bQpyHtYhAFQ_aem_WoCO4u6OXx1b3NLiGtsiUQ" "Instagram 424.0.0.49.64 Android (36/16; 480dpi; 1080x2400; realme; RMX3998; RE5C94L1; mt6835; en_GB; 929871642)"
31.13.127.77 - - [17/Apr/2026:14:32:02 -0400] "GET /wp-content/themes/escapetour/js/ilightbox.packed.js HTTP/1.1" 200 26301 "http://www.escapetravelservices.com/?fbclid=IwZXh0bgNhZW0CMTEAc3J0YwZhcHBfaWQMMjU2MjgxMDQwNTU4AAEeP6CRCMqa-qf5BEMBiKxcNG3j-zjG1-uUxhZALhFq7kW5hlH2bQpyHtYhAFQ_aem_WoCO4u6OXx1b3NLiGtsiUQ" "Instagram 424.0.0.49.64 Android (36/16; 480dpi; 1080x2400; realme; RMX3998; RE5C94L1; mt6835; en_GB; 929871642)"
31.13.127.49 - - [17/Apr/2026:14:32:01 -0400] "GET /wp-content/uploads/2022/06/Thrilling-Malaysia-700x466.jpg HTTP/1.1" 200 24375 "http://www.escapetravelservices.com/?fbclid=IwZXh0bgNhZW0CMTEAc3J0YwZhcHBfaWQMMjU2MjgxMDQwNTU4AAEeP6CRCMqa-qf5BEMBiKxcNG3j-zjG1-uUxhZALhFq7kW5hlH2bQpyHtYhAFQ_aem_WoCO4u6OXx1b3NLiGtsiUQ" "Instagram 424.0.0.49.64 Android (36/16; 480dpi; 1080x2400; realme; RMX3998; RE5C94L1; mt6835; en_GB; 929871642)"
31.13.127.23 - - [17/Apr/2026:14:32:02 -0400] "GET /wp-content/plugins/booked/assets/js/spin.jquery.js HTTP/1.1" 200 815 "http://www.escapetravelservices.com/?fbclid=IwZXh0bgNhZW0CMTEAc3J0YwZhcHBfaWQMMjU2MjgxMDQwNTU4AAEeP6CRCMqa-qf5BEMBiKxcNG3j-zjG1-uUxhZALhFq7kW5hlH2bQpyHtYhAFQ_aem_WoCO4u6OXx1b3NLiGtsiUQ" "Instagram 424.0.0.49.64 Android (36/16; 480dpi; 1080x2400; realme; RMX3998; RE5C94L1; mt6835; en_GB; 929871642)"
31.13.127.71 - - [17/Apr/2026:14:32:02 -0400] "GET /wp-content/plugins/booked/assets/js/tooltipster/js/jquery.tooltipster.min.js HTTP/1.1" 200 5485 "http://www.escapetravelservices.com/?fbclid=IwZXh0bgNhZW0CMTEAc3J0YwZhcHBfaWQMMjU2MjgxMDQwNTU4AAEeP6CRCMqa-qf5BEMBiKxcNG3j-zjG1-uUxhZALhFq7kW5hlH2bQpyHtYhAFQ_aem_WoCO4u6OXx1b3NLiGtsiUQ" "Instagram 424.0.0.49.64 Android (36/16; 480dpi; 1080x2400; realme; RMX3998; RE5C94L1; mt6835; en_GB; 929871642)"
31.13.127.77 - - [17/Apr/2026:14:32:02 -0400] "GET /wp-content/plugins/contact-form-7/includes/js/scripts.js HTTP/1.1" 200 4567 "http://www.escapetravelservices.com/?fbclid=IwZXh0bgNhZW0CMTEAc3J0YwZhcHBfaWQMMjU2MjgxMDQwNTU4AAEeP6CRCMqa-qf5BEMBiKxcNG3j-zjG1-uUxhZALhFq7kW5hlH2bQpyHtYhAFQ_aem_WoCO4u6OXx1b3NLiGtsiUQ" "Instagram 424.0.0.49.64 Android (36/16; 480dpi; 1080x2400; realme; RMX3998; RE5C94L1; mt6835; en_GB; 929871642)"
31.13.127.71 - - [17/Apr/2026:14:32:02 -0400] "GET /wp-content/plugins/booked/includes/add-ons/frontend-agents/js/functions.js HTTP/1.1" 200 1311 "http://www.escapetravelservices.com/?fbclid=IwZXh0bgNhZW0CMTEAc3J0YwZhcHBfaWQMMjU2MjgxMDQwNTU4AAEeP6CRCMqa-qf5BEMBiKxcNG3j-zjG1-uUxhZALhFq7kW5hlH2bQpyHtYhAFQ_aem_WoCO4u6OXx1b3NLiGtsiUQ" "Instagram 424.0.0.49.64 Android (36/16; 480dpi; 1080x2400; realme; RMX3998; RE5C94L1; mt6835; en_GB; 929871642)"
31.13.127.23 - - [17/Apr/2026:14:32:02 -0400] "GET /wp-content/themes/escapetour/js/jquery.requestAnimationFrame.js HTTP/1.1" 200 686 "http://www.escapetravelservices.com/?fbclid=IwZXh0bgNhZW0CMTEAc3J0YwZhcHBfaWQMMjU2MjgxMDQwNTU4AAEeP6CRCMqa-qf5BEMBiKxcNG3j-zjG1-uUxhZALhFq7kW5hlH2bQpyHtYhAFQ_aem_WoCO4u6OXx1b3NLiGtsiUQ" "Instagram 424.0.0.49.64 Android (36/16; 480dpi; 1080x2400; realme; RMX3998; RE5C94L1; mt6835; en_GB; 929871642)"
31.13.127.71 - - [17/Apr/2026:14:32:02 -0400] "GET /wp-content/themes/escapetour/js/jquery.easing.js HTTP/1.1" 200 2186 "http://www.escapetravelservices.com/?fbclid=IwZXh0bgNhZW0CMTEAc3J0YwZhcHBfaWQMMjU2MjgxMDQwNTU4AAEeP6CRCMqa-qf5BEMBiKxcNG3j-zjG1-uUxhZALhFq7kW5hlH2bQpyHtYhAFQ_aem_WoCO4u6OXx1b3NLiGtsiUQ" "Instagram 424.0.0.49.64 Android (36/16; 480dpi; 1080x2400; realme; RMX3998; RE5C94L1; mt6835; en_GB; 929871642)"
31.13.127.77 - - [17/Apr/2026:14:32:02 -0400] "GET /wp-content/themes/escapetour/js/waypoints.min.js HTTP/1.1" 200 2830 "http://www.escapetravelservices.com/?fbclid=IwZXh0bgNhZW0CMTEAc3J0YwZhcHBfaWQMMjU2MjgxMDQwNTU4AAEeP6CRCMqa-qf5BEMBiKxcNG3j-zjG1-uUxhZALhFq7kW5hlH2bQpyHtYhAFQ_aem_WoCO4u6OXx1b3NLiGtsiUQ" "Instagram 424.0.0.49.64 Android (36/16; 480dpi; 1080x2400; realme; RMX3998; RE5C94L1; mt6835; en_GB; 929871642)"
31.13.127.23 - - [17/Apr/2026:14:32:02 -0400] "GET /wp-content/themes/escapetour/js/jquery.masory.js HTTP/1.1" 200 8144 "http://www.escapetravelservices.com/?fbclid=IwZXh0bgNhZW0CMTEAc3J0YwZhcHBfaWQMMjU2MjgxMDQwNTU4AAEeP6CRCMqa-qf5BEMBiKxcNG3j-zjG1-uUxhZALhFq7kW5hlH2bQpyHtYhAFQ_aem_WoCO4u6OXx1b3NLiGtsiUQ" "Instagram 424.0.0.49.64 Android (36/16; 480dpi; 1080x2400; realme; RMX3998; RE5C94L1; mt6835; en_GB; 929871642)"
31.13.127.71 - - [17/Apr/2026:14:32:02 -0400] "GET /wp-content/themes/escapetour/js/jquery.isotope.js HTTP/1.1" 200 5637 "http://www.escapetravelservices.com/?fbclid=IwZXh0bgNhZW0CMTEAc3J0YwZhcHBfaWQMMjU2MjgxMDQwNTU4AAEeP6CRCMqa-qf5BEMBiKxcNG3j-zjG1-uUxhZALhFq7kW5hlH2bQpyHtYhAFQ_aem_WoCO4u6OXx1b3NLiGtsiUQ" "Instagram 424.0.0.49.64 Android (36/16; 480dpi; 1080x2400; realme; RMX3998; RE5C94L1; mt6835; en_GB; 929871642)"
31.13.127.23 - - [17/Apr/2026:14:32:03 -0400] "GET /wp-content/themes/escapetour/js/jarallax.js HTTP/1.1" 200 10878 "http://www.escapetravelservices.com/?fbclid=IwZXh0bgNhZW0CMTEAc3J0YwZhcHBfaWQMMjU2MjgxMDQwNTU4AAEeP6CRCMqa-qf5BEMBiKxcNG3j-zjG1-uUxhZALhFq7kW5hlH2bQpyHtYhAFQ_aem_WoCO4u6OXx1b3NLiGtsiUQ" "Instagram 424.0.0.49.64 Android (36/16; 480dpi; 1080x2400; realme; RMX3998; RE5C94L1; mt6835; en_GB; 929871642)"
31.13.127.77 - - [17/Apr/2026:14:32:03 -0400] "GET /wp-content/plugins/sliding-enquiry-form/fonts/fontawesome-webfont.woff2?v=4.7.0 HTTP/1.1" 200 77160 "http://www.escapetravelservices.com/wp-content/plugins/sliding-enquiry-form/css/font-awesome.min.css" "Instagram 424.0.0.49.64 Android (36/16; 480dpi; 1080x2400; realme; RMX3998; RE5C94L1; mt6835; en_GB; 929871642)"
31.13.127.77 - - [17/Apr/2026:14:32:04 -0400] "GET /wp-content/uploads/2021/01/dubai-banner.jpg HTTP/1.1" 200 89714 "http://www.escapetravelservices.com/?fbclid=IwZXh0bgNhZW0CMTEAc3J0YwZhcHBfaWQMMjU2MjgxMDQwNTU4AAEeP6CRCMqa-qf5BEMBiKxcNG3j-zjG1-uUxhZALhFq7kW5hlH2bQpyHtYhAFQ_aem_WoCO4u6OXx1b3NLiGtsiUQ" "Instagram 424.0.0.49.64 Android (36/16; 480dpi; 1080x2400; realme; RMX3998; RE5C94L1; mt6835; en_GB; 929871642)"
31.13.127.71 - - [17/Apr/2026:14:32:04 -0400] "GET /wp-content/uploads/2022/06/shimla-manali-tour-package-from-mumbai-700x466.jpg HTTP/1.1" 200 97903 "http://www.escapetravelservices.com/?fbclid=IwZXh0bgNhZW0CMTEAc3J0YwZhcHBfaWQMMjU2MjgxMDQwNTU4AAEeP6CRCMqa-qf5BEMBiKxcNG3j-zjG1-uUxhZALhFq7kW5hlH2bQpyHtYhAFQ_aem_WoCO4u6OXx1b3NLiGtsiUQ" "Instagram 424.0.0.49.64 Android (36/16; 480dpi; 1080x2400; realme; RMX3998; RE5C94L1; mt6835; en_GB; 929871642)"
31.13.127.77 - - [17/Apr/2026:14:32:04 -0400] "GET /wp-content/plugins/whatsapp-for-wordpress/assets/img/whatsapp_logo.svg HTTP/1.1" 200 967 "http://www.escapetravelservices.com/wp-content/plugins/whatsapp-for-wordpress/assets/css/style.css" "Instagram 424.0.0.49.64 Android (36/16; 480dpi; 1080x2400; realme; RMX3998; RE5C94L1; mt6835; en_GB; 929871642)"
31.13.127.77 - - [17/Apr/2026:14:32:04 -0400] "GET /wp-content/plugins/sliding-enquiry-form/captha/CaptchaSecurityImages.php?width=100&height=40&characters=5&code=xtwqk8 HTTP/1.1" 200 201 "http://www.escapetravelservices.com/?fbclid=IwZXh0bgNhZW0CMTEAc3J0YwZhcHBfaWQMMjU2MjgxMDQwNTU4AAEeP6CRCMqa-qf5BEMBiKxcNG3j-zjG1-uUxhZALhFq7kW5hlH2bQpyHtYhAFQ_aem_WoCO4u6OXx1b3NLiGtsiUQ" "Instagram 424.0.0.49.64 Android (36/16; 480dpi; 1080x2400; realme; RMX3998; RE5C94L1; mt6835; en_GB; 929871642)"
31.13.127.23 - - [17/Apr/2026:14:32:04 -0400] "GET /wp-content/themes/escapetour/js/jquery.sticky-kit.min.js HTTP/1.1" 200 1340 "http://www.escapetravelservices.com/?fbclid=IwZXh0bgNhZW0CMTEAc3J0YwZhcHBfaWQMMjU2MjgxMDQwNTU4AAEeP6CRCMqa-qf5BEMBiKxcNG3j-zjG1-uUxhZALhFq7kW5hlH2bQpyHtYhAFQ_aem_WoCO4u6OXx1b3NLiGtsiUQ" "Instagram 424.0.0.49.64 Android (36/16; 480dpi; 1080x2400; realme; RMX3998; RE5C94L1; mt6835; en_GB; 929871642)"
31.13.127.57 - - [17/Apr/2026:14:32:04 -0400] "GET /wp-content/themes/escapetour/js/jquery.cookie.js HTTP/1.1" 200 1452 "http://www.escapetravelservices.com/?fbclid=IwZXh0bgNhZW0CMTEAc3J0YwZhcHBfaWQMMjU2MjgxMDQwNTU4AAEeP6CRCMqa-qf5BEMBiKxcNG3j-zjG1-uUxhZALhFq7kW5hlH2bQpyHtYhAFQ_aem_WoCO4u6OXx1b3NLiGtsiUQ" "Instagram 424.0.0.49.64 Android (36/16; 480dpi; 1080x2400; realme; RMX3998; RE5C94L1; mt6835; en_GB; 929871642)"
31.13.127.77 - - [17/Apr/2026:14:32:03 -0400] "GET /wp-content/themes/escapetour/js/jquery.tooltipster.min.js HTTP/1.1" 200 5312 "http://www.escapetravelservices.com/?fbclid=IwZXh0bgNhZW0CMTEAc3J0YwZhcHBfaWQMMjU2MjgxMDQwNTU4AAEeP6CRCMqa-qf5BEMBiKxcNG3j-zjG1-uUxhZALhFq7kW5hlH2bQpyHtYhAFQ_aem_WoCO4u6OXx1b3NLiGtsiUQ" "Instagram 424.0.0.49.64 Android (36/16; 480dpi; 1080x2400; realme; RMX3998; RE5C94L1; mt6835; en_GB; 929871642)"
31.13.127.77 - - [17/Apr/2026:14:32:03 -0400] "GET /wp-content/themes/escapetour/fonts/themify.woff HTTP/1.1" 200 56108 "http://www.escapetravelservices.com/wp-content/themes/escapetour/css/themify-icons.css" "Instagram 424.0.0.49.64 Android (36/16; 480dpi; 1080x2400; realme; RMX3998; RE5C94L1; mt6835; en_GB; 929871642)"
31.13.127.23 - - [17/Apr/2026:14:32:04 -0400] "GET /wp-content/uploads/2022/06/Luxurious-Maldives-700x466.jpg HTTP/1.1" 200 43619 "http://www.escapetravelservices.com/?fbclid=IwZXh0bgNhZW0CMTEAc3J0YwZhcHBfaWQMMjU2MjgxMDQwNTU4AAEeP6CRCMqa-qf5BEMBiKxcNG3j-zjG1-uUxhZALhFq7kW5hlH2bQpyHtYhAFQ_aem_WoCO4u6OXx1b3NLiGtsiUQ" "Instagram 424.0.0.49.64 Android (36/16; 480dpi; 1080x2400; realme; RMX3998; RE5C94L1; mt6835; en_GB; 929871642)"
31.13.127.23 - - [17/Apr/2026:14:32:04 -0400] "GET /wp-content/plugins/whatsapp-for-wordpress/assets/img/x_icon.svg HTTP/1.1" 200 383 "http://www.escapetravelservices.com/wp-content/plugins/whatsapp-for-wordpress/assets/css/style.css" "Instagram 424.0.0.49.64 Android (36/16; 480dpi; 1080x2400; realme; RMX3998; RE5C94L1; mt6835; en_GB; 929871642)"
31.13.127.77 - - [17/Apr/2026:14:32:04 -0400] "GET /wp-content/plugins/whatsapp-for-wordpress/assets/img/whatsapp_logo_green.svg HTTP/1.1" 200 967 "http://www.escapetravelservices.com/wp-content/plugins/whatsapp-for-wordpress/assets/css/style.css" "Instagram 424.0.0.49.64 Android (36/16; 480dpi; 1080x2400; realme; RMX3998; RE5C94L1; mt6835; en_GB; 929871642)"
31.13.127.54 - - [17/Apr/2026:14:32:04 -0400] "GET /wp-content/themes/escapetour/js/jquery.stellar.min.js HTTP/1.1" 200 3845 "http://www.escapetravelservices.com/?fbclid=IwZXh0bgNhZW0CMTEAc3J0YwZhcHBfaWQMMjU2MjgxMDQwNTU4AAEeP6CRCMqa-qf5BEMBiKxcNG3j-zjG1-uUxhZALhFq7kW5hlH2bQpyHtYhAFQ_aem_WoCO4u6OXx1b3NLiGtsiUQ" "Instagram 424.0.0.49.64 Android (36/16; 480dpi; 1080x2400; realme; RMX3998; RE5C94L1; mt6835; en_GB; 929871642)"
31.13.127.23 - - [17/Apr/2026:14:32:05 -0400] "GET /wp-content/themes/escapetour/js/custom.js HTTP/1.1" 200 5360 "http://www.escapetravelservices.com/?fbclid=IwZXh0bgNhZW0CMTEAc3J0YwZhcHBfaWQMMjU2MjgxMDQwNTU4AAEeP6CRCMqa-qf5BEMBiKxcNG3j-zjG1-uUxhZALhFq7kW5hlH2bQpyHtYhAFQ_aem_WoCO4u6OXx1b3NLiGtsiUQ" "Instagram 424.0.0.49.64 Android (36/16; 480dpi; 1080x2400; realme; RMX3998; RE5C94L1; mt6835; en_GB; 929871642)"
31.13.127.71 - - [17/Apr/2026:14:32:05 -0400] "GET /wp-content/uploads/2022/06/Luxury-Mauritius-700x466.jpg HTTP/1.1" 200 68250 "http://www.escapetravelservices.com/?fbclid=IwZXh0bgNhZW0CMTEAc3J0YwZhcHBfaWQMMjU2MjgxMDQwNTU4AAEeP6CRCMqa-qf5BEMBiKxcNG3j-zjG1-uUxhZALhFq7kW5hlH2bQpyHtYhAFQ_aem_WoCO4u6OXx1b3NLiGtsiUQ" "Instagram 424.0.0.49.64 Android (36/16; 480dpi; 1080x2400; realme; RMX3998; RE5C94L1; mt6835; en_GB; 929871642)"
