34.182.220.123 - - [17/Apr/2026:18:18:17 -0400] "HEAD /backup/ HTTP/1.1" 301 0 "-" "Mozilla/5.0 (Linux; Android 14; Xiaomi 14 Pro) AppleWebKit/537.36 (KHTML, like Gecko) Chrome/126.0.6478.33 Mobile Safari/537.36"
34.182.220.123 - - [17/Apr/2026:18:18:18 -0400] "HEAD /backup/ HTTP/1.1" 404 0 "http://escapetravelservices.com/backup/" "Mozilla/5.0 (Linux; Android 14; Xiaomi 14 Pro) AppleWebKit/537.36 (KHTML, like Gecko) Chrome/126.0.6478.33 Mobile Safari/537.36"
34.182.220.123 - - [17/Apr/2026:18:18:18 -0400] "HEAD /wp/ HTTP/1.1" 301 0 "-" "Mozilla/5.0 (Linux; Android 14; SM-A146P) AppleWebKit/537.36 (KHTML, like Gecko) SamsungBrowser/25.0 Chrome/123.0.6312.120 Mobile Safari/537.36"
34.182.220.123 - - [17/Apr/2026:18:18:19 -0400] "HEAD /wp/ HTTP/1.1" 404 0 "http://escapetravelservices.com/wp/" "Mozilla/5.0 (Linux; Android 14; SM-A146P) AppleWebKit/537.36 (KHTML, like Gecko) SamsungBrowser/25.0 Chrome/123.0.6312.120 Mobile Safari/537.36"
162.213.253.84 - - [17/Apr/2026:18:31:40 -0400] "POST /wp-cron.php?doing_wp_cron=1776465100.3636929988861083984375 HTTP/1.1" 200 0 "http://www.escapetravelservices.com/wp-cron.php?doing_wp_cron=1776465100.3636929988861083984375" "WordPress/6.0; http://www.escapetravelservices.com"
162.213.253.84 - - [17/Apr/2026:18:18:14 -0400] "POST /wp-cron.php?doing_wp_cron=1776464294.5714609622955322265625 HTTP/1.1" 200 0 "http://www.escapetravelservices.com/wp-cron.php?doing_wp_cron=1776464294.5714609622955322265625" "WordPress/6.0; http://www.escapetravelservices.com"
34.182.220.123 - - [17/Apr/2026:18:18:16 -0400] "HEAD / HTTP/1.1" 200 0 "http://escapetravelservices.com/" "Mozilla/5.0 (Linux; Android 11; moto g31) AppleWebKit/537.36 (KHTML, like Gecko) Chrome/122.0.6261.96 Mobile Safari/537.36"
34.182.220.123 - - [17/Apr/2026:18:18:16 -0400] "HEAD /wordpress/ HTTP/1.1" 301 0 "-" "Mozilla/5.0 (Macintosh; Intel Mac OS X 13_5) AppleWebKit/605.1.15 (KHTML, like Gecko) Version/16.5 Safari/605.1.15"
34.182.220.123 - - [17/Apr/2026:18:18:17 -0400] "HEAD /wordpress/ HTTP/1.1" 404 0 "http://escapetravelservices.com/wordpress/" "Mozilla/5.0 (Macintosh; Intel Mac OS X 13_5) AppleWebKit/605.1.15 (KHTML, like Gecko) Version/16.5 Safari/605.1.15"
34.182.220.123 - - [17/Apr/2026:18:18:20 -0400] "HEAD /new/ HTTP/1.1" 301 0 "-" "Mozilla/5.0 (X11; Linux x86_64; rv:127.0) Gecko/20100101 Firefox/127.0"
34.182.220.123 - - [17/Apr/2026:18:18:20 -0400] "HEAD /new/ HTTP/1.1" 404 0 "http://escapetravelservices.com/new/" "Mozilla/5.0 (X11; Linux x86_64; rv:127.0) Gecko/20100101 Firefox/127.0"
34.182.220.123 - - [17/Apr/2026:18:18:21 -0400] "HEAD /old/ HTTP/1.1" 301 0 "-" "Mozilla/5.0 (Macintosh; Intel Mac OS X 15_0) AppleWebKit/537.36 (KHTML, like Gecko) Chrome/125.0.6422.141 Safari/537.36"
34.182.220.123 - - [17/Apr/2026:18:18:22 -0400] "HEAD /old/ HTTP/1.1" 404 0 "http://escapetravelservices.com/old/" "Mozilla/5.0 (Macintosh; Intel Mac OS X 15_0) AppleWebKit/537.36 (KHTML, like Gecko) Chrome/125.0.6422.141 Safari/537.36"
198.235.24.175 - - [17/Apr/2026:18:20:16 -0400] "GET / HTTP/1.1" 301 0 "-" "Hello from Palo Alto Networks, find out more about our scans in https://docs-cortex.paloaltonetworks.com/r/1/Cortex-Xpanse/Scanning-activity"
43.156.204.134 - - [17/Apr/2026:18:31:39 -0400] "GET /destination/bali/ HTTP/1.1" 200 24348 "-" "Mozilla/5.0 (iPhone; CPU iPhone OS 13_2_3 like Mac OS X) AppleWebKit/605.1.15 (KHTML, like Gecko) Version/13.0.3 Mobile/15E148 Safari/604.1"
45.92.85.153 - - [17/Apr/2026:18:34:44 -0400] "GET / HTTP/1.1" 301 0 "-" "Mozilla/5.0 (Windows NT 10.0; Win64; x64) AppleWebKit/537.36 (KHTML, like Gecko) Chrome/94.0.4606.61 Safari/537.36"
185.247.137.152 - - [17/Apr/2026:18:39:12 -0400] "GET / HTTP/1.1" 200 33169 "-" "Mozilla/5.0 (compatible; InternetMeasurement/1.0; +https://internet-measurement.com/)"
87.236.176.25 - - [17/Apr/2026:18:39:13 -0400] "GET /wp-content/uploads/2022/06/cropped-escape-logo-white1-180x180.jpg HTTP/1.1" 200 4272 "-" "Mozilla/5.0 (compatible; InternetMeasurement/1.0; +https://internet-measurement.com/)"
45.92.84.80 - - [17/Apr/2026:18:34:45 -0400] "GET / HTTP/1.1" 301 0 "-" "Mozilla/5.0 (Windows NT 10.0; Win64; x64) AppleWebKit/537.36 (KHTML, like Gecko) Chrome/94.0.4606.61 Safari/537.36"
185.247.137.36 - - [17/Apr/2026:18:39:13 -0400] "GET /wp-content/uploads/2022/06/cropped-escape-logo-white1-32x32.jpg HTTP/1.1" 200 666 "-" "Mozilla/5.0 (compatible; InternetMeasurement/1.0; +https://internet-measurement.com/)"
185.247.137.29 - - [17/Apr/2026:18:39:13 -0400] "GET /wp-content/uploads/2022/06/cropped-escape-logo-white1-192x192.jpg HTTP/1.1" 200 4500 "-" "Mozilla/5.0 (compatible; InternetMeasurement/1.0; +https://internet-measurement.com/)"
185.247.137.66 - - [17/Apr/2026:18:39:13 -0400] "GET /wp-content/uploads/2022/06/cropped-escape-logo-white1-270x270.jpg HTTP/1.1" 200 6921 "-" "Mozilla/5.0 (compatible; InternetMeasurement/1.0; +https://internet-measurement.com/)"
185.195.233.149 - - [17/Apr/2026:19:05:16 -0400] "GET /.env HTTP/1.1" 301 0 "-" "Mozilla/5.0 (Macintosh; Intel Mac OS X 10.15; rv:77.0) Gecko/20100101 Firefox/77.0"
185.195.233.149 - - [17/Apr/2026:19:05:17 -0400] "GET /.env HTTP/1.1" 404 27471 "-" "Mozilla/5.0 (Macintosh; Intel Mac OS X 10.15; rv:77.0) Gecko/20100101 Firefox/77.0"
185.195.233.149 - - [17/Apr/2026:19:05:20 -0400] "GET /wp-content/ HTTP/1.1" 200 0 "-" "Mozilla/5.0 (Macintosh; Intel Mac OS X 10.15; rv:77.0) Gecko/20100101 Firefox/77.0"
119.28.89.249 - - [17/Apr/2026:18:52:13 -0400] "GET /destination/seychelles/ HTTP/1.1" 200 24103 "-" "Mozilla/5.0 (iPhone; CPU iPhone OS 13_2_3 like Mac OS X) AppleWebKit/605.1.15 (KHTML, like Gecko) Version/13.0.3 Mobile/15E148 Safari/604.1"
54.39.6.18 - - [17/Apr/2026:18:55:20 -0400] "GET /tourcat/luxury-packages/ HTTP/1.1" 200 18907 "-" "Mozilla/5.0 (compatible; AhrefsBot/7.0; +http://ahrefs.com/robot/)"
130.12.180.144 - - [17/Apr/2026:18:57:13 -0400] "GET /.git/HEAD HTTP/1.1" 403 1242 "-" "Mozilla/5.0 (Windows NT 10.0; Win64; x64) AppleWebKit/537.36"
54.193.21.144 - - [17/Apr/2026:19:01:19 -0400] "GET / HTTP/1.1" 301 0 "-" "Mozilla/5.0 (X11; Linux x86_64) AppleWebKit/537.36 (KHTML, like Gecko) Chrome/137.0.0.0 Safari/537.36"
54.193.21.144 - - [17/Apr/2026:19:01:20 -0400] "GET / HTTP/1.1" 200 33169 "-" "Mozilla/5.0 (X11; Linux x86_64) AppleWebKit/537.36 (KHTML, like Gecko) Chrome/137.0.0.0 Safari/537.36"
198.244.240.3 - - [17/Apr/2026:18:55:18 -0400] "GET /robots.txt HTTP/1.1" 200 6886 "-" "Mozilla/5.0 (compatible; AhrefsBot/7.0; +http://ahrefs.com/robot/)"
51.161.65.114 - - [17/Apr/2026:18:56:39 -0400] "GET /wp-content/plugins/sliding-enquiry-form/captha/CaptchaSecurityImages.php?width=100&height=40&characters=5&code=jszpmj HTTP/1.1" 200 175 "-" "Mozilla/5.0 (compatible; AhrefsBot/7.0; +http://ahrefs.com/robot/)"
130.12.180.144 - - [17/Apr/2026:18:57:13 -0400] "GET /.git/config HTTP/1.1" 403 1242 "-" "Mozilla/5.0 (Windows NT 10.0; Win64; x64) AppleWebKit/537.36"
162.213.253.84 - - [17/Apr/2026:19:01:20 -0400] "POST /wp-cron.php?doing_wp_cron=1776466880.3361589908599853515625 HTTP/1.1" 200 0 "http://www.escapetravelservices.com/wp-cron.php?doing_wp_cron=1776466880.3361589908599853515625" "WordPress/6.0; http://www.escapetravelservices.com"
107.189.18.50 - - [17/Apr/2026:19:10:24 -0400] "GET /unzipper.php HTTP/1.1" 301 0 "-" "Python-urllib/2.7"
162.213.253.84 - - [17/Apr/2026:19:10:25 -0400] "POST /wp-cron.php?doing_wp_cron=1776467425.5868120193481445312500 HTTP/1.1" 200 0 "http://www.escapetravelservices.com/wp-cron.php?doing_wp_cron=1776467425.5868120193481445312500" "WordPress/6.0; http://www.escapetravelservices.com"
107.189.18.50 - - [17/Apr/2026:19:10:26 -0400] "GET /unzipper.php HTTP/1.1" 404 131949 "-" "Python-urllib/2.7"
216.244.66.235 - - [17/Apr/2026:19:12:24 -0400] "GET /robots.txt HTTP/1.1" 200 44690 "-" "Mozilla/5.0 (compatible; DotBot/1.2; +https://opensiteexplorer.org/dotbot; [email protected])"
170.106.165.186 - - [17/Apr/2026:19:29:56 -0400] "GET /about-us/ HTTP/1.1" 200 30325 "-" "Mozilla/5.0 (iPhone; CPU iPhone OS 13_2_3 like Mac OS X) AppleWebKit/605.1.15 (KHTML, like Gecko) Version/13.0.3 Mobile/15E148 Safari/604.1"
162.213.253.84 - - [17/Apr/2026:19:31:28 -0400] "POST /wp-cron.php?doing_wp_cron=1776468688.7496318817138671875000 HTTP/1.1" 200 0 "http://www.escapetravelservices.com/wp-cron.php?doing_wp_cron=1776468688.7496318817138671875000" "WordPress/6.0; http://www.escapetravelservices.com"
216.244.66.235 - - [17/Apr/2026:19:31:28 -0400] "GET /tours/page/6/ HTTP/1.1" 200 147020 "-" "Mozilla/5.0 (compatible; DotBot/1.2; +https://opensiteexplorer.org/dotbot; [email protected])"
98.82.170.150 - - [17/Apr/2026:19:43:29 -0400] "GET /tour/exotic-thailand/ HTTP/1.1" 200 21672 "-" "Mozilla/5.0 (Macintosh; Intel Mac OS X 10_15_7) AppleWebKit/537.36 (KHTML, like Gecko) Chrome/124.0.0.0 Safari/537.36"
162.213.253.84 - - [17/Apr/2026:19:29:57 -0400] "POST /wp-cron.php?doing_wp_cron=1776468597.1147830486297607421875 HTTP/1.1" 200 0 "http://www.escapetravelservices.com/wp-cron.php?doing_wp_cron=1776468597.1147830486297607421875" "WordPress/6.0; http://www.escapetravelservices.com"
77.75.79.62 - - [17/Apr/2026:19:32:07 -0400] "GET /robots.txt HTTP/1.1" 200 7690 "-" "Mozilla/5.0 (compatible; SeznamBot/4.0; +https://o-seznam.cz/napoveda/vyhledavani/en/seznambot-crawler/)"
162.213.253.84 - - [17/Apr/2026:19:32:08 -0400] "POST /wp-cron.php?doing_wp_cron=1776468728.0235850811004638671875 HTTP/1.1" 200 0 "http://www.escapetravelservices.com/wp-cron.php?doing_wp_cron=1776468728.0235850811004638671875" "WordPress/6.0; http://www.escapetravelservices.com"
77.75.79.62 - - [17/Apr/2026:19:32:07 -0400] "GET /tour/magical-malaysia/ HTTP/1.1" 200 25945 "-" "Mozilla/5.0 (compatible; SeznamBot/4.0; +https://o-seznam.cz/napoveda/vyhledavani/en/seznambot-crawler/)"
162.213.253.84 - - [17/Apr/2026:19:43:29 -0400] "POST /wp-cron.php?doing_wp_cron=1776469409.5669069290161132812500 HTTP/1.1" 200 0 "http://www.escapetravelservices.com/wp-cron.php?doing_wp_cron=1776469409.5669069290161132812500" "WordPress/6.0; http://www.escapetravelservices.com"
35.172.125.172 - - [17/Apr/2026:19:50:49 -0400] "GET /tour/bali-family-vacation-05-nights-06-days/ HTTP/1.1" 200 25342 "-" "Mozilla/5.0 AppleWebKit/537.36 (KHTML, like Gecko; compatible; Amazonbot/0.1; +https://developer.amazon.com/support/amazonbot) Chrome/119.0.6045.214 Safari/537.36"
43.130.14.245 - - [17/Apr/2026:19:53:00 -0400] "GET /tour/sizzling-seychelles/ HTTP/1.1" 200 28466 "-" "Mozilla/5.0 (iPhone; CPU iPhone OS 13_2_3 like Mac OS X) AppleWebKit/605.1.15 (KHTML, like Gecko) Version/13.0.3 Mobile/15E148 Safari/604.1"
162.213.253.84 - - [17/Apr/2026:19:50:50 -0400] "POST /wp-cron.php?doing_wp_cron=1776469850.1030440330505371093750 HTTP/1.1" 200 0 "http://www.escapetravelservices.com/wp-cron.php?doing_wp_cron=1776469850.1030440330505371093750" "WordPress/6.0; http://www.escapetravelservices.com"
162.213.253.84 - - [17/Apr/2026:19:53:00 -0400] "POST /wp-cron.php?doing_wp_cron=1776469980.9515490531921386718750 HTTP/1.1" 200 0 "http://www.escapetravelservices.com/wp-cron.php?doing_wp_cron=1776469980.9515490531921386718750" "WordPress/6.0; http://www.escapetravelservices.com"
162.213.253.84 - - [17/Apr/2026:20:01:34 -0400] "POST /wp-cron.php?doing_wp_cron=1776470494.0465290546417236328125 HTTP/1.1" 200 0 "http://www.escapetravelservices.com/wp-cron.php?doing_wp_cron=1776470494.0465290546417236328125" "WordPress/6.0; http://www.escapetravelservices.com"
74.248.150.204 - - [17/Apr/2026:20:02:01 -0400] "GET /wp-content/plugins/hellopress/wp_filemanager.php HTTP/1.1" 404 132015 "-" "-"
74.248.150.204 - - [17/Apr/2026:20:02:08 -0400] "GET //sl.php HTTP/1.1" 301 0 "-" "-"
74.248.150.204 - - [17/Apr/2026:20:02:14 -0400] "GET /aq.php HTTP/1.1" 404 132015 "-" "-"
85.128.143.134 - - [17/Apr/2026:20:02:18 -0400] "POST /xmlrpc.php HTTP/1.1" 200 210 "-" "Mozilla/5.0 (Windows NT 10.0; Win64; x64) AppleWebKit/537.43 (KHTML, like Gecko) Chrome/140.0.0.0 Safari/537.36 OPR/124.0.0.0"
74.248.150.204 - - [17/Apr/2026:20:02:26 -0400] "GET /nwflm.php HTTP/1.1" 404 132015 "-" "-"
74.248.150.204 - - [17/Apr/2026:20:02:27 -0400] "GET /dx.php HTTP/1.1" 404 132015 "-" "-"
74.248.150.204 - - [17/Apr/2026:20:02:28 -0400] "GET /xff.php HTTP/1.1" 404 132015 "-" "-"
162.213.253.84 - - [17/Apr/2026:20:02:30 -0400] "POST /wp-cron.php?doing_wp_cron=1776470550.8011980056762695312500 HTTP/1.1" 200 0 "http://www.escapetravelservices.com/wp-cron.php?doing_wp_cron=1776470550.8011980056762695312500" "WordPress/6.0; http://www.escapetravelservices.com"
74.248.150.204 - - [17/Apr/2026:20:02:32 -0400] "GET /awa.php HTTP/1.1" 404 132015 "-" "-"
74.248.150.204 - - [17/Apr/2026:20:02:33 -0400] "GET /sadcut1.php HTTP/1.1" 404 132015 "-" "-"
74.248.150.204 - - [17/Apr/2026:20:02:35 -0400] "GET /water.php HTTP/1.1" 404 132015 "-" "-"
74.248.150.204 - - [17/Apr/2026:20:02:37 -0400] "GET /ggb.php HTTP/1.1" 404 132015 "-" "-"
74.248.150.204 - - [17/Apr/2026:20:02:39 -0400] "GET /wert.php HTTP/1.1" 404 132015 "-" "-"
74.248.150.204 - - [17/Apr/2026:20:02:43 -0400] "GET /oij98gy.php HTTP/1.1" 404 132015 "-" "-"
74.248.150.204 - - [17/Apr/2026:20:02:47 -0400] "GET /turkshell.php HTTP/1.1" 404 132015 "-" "-"
74.248.150.204 - - [17/Apr/2026:20:02:51 -0400] "GET /7.php HTTP/1.1" 404 132015 "-" "-"
74.248.150.204 - - [17/Apr/2026:20:02:52 -0400] "GET /8.php HTTP/1.1" 404 132015 "-" "-"
74.248.150.204 - - [17/Apr/2026:20:02:54 -0400] "GET /1.php HTTP/1.1" 404 132015 "-" "-"
74.248.150.204 - - [17/Apr/2026:20:02:55 -0400] "GET /2.php HTTP/1.1" 404 132015 "-" "-"
74.248.150.204 - - [17/Apr/2026:20:03:03 -0400] "GET /9.php HTTP/1.1" 404 132015 "-" "-"
74.248.150.204 - - [17/Apr/2026:20:03:06 -0400] "GET /.mopj.php HTTP/1.1" 404 132015 "-" "-"
74.248.150.204 - - [17/Apr/2026:20:03:08 -0400] "GET /100.php HTTP/1.1" 404 132015 "-" "-"
74.248.150.204 - - [17/Apr/2026:20:03:09 -0400] "GET /nano.php HTTP/1.1" 404 132015 "-" "-"
74.248.150.204 - - [17/Apr/2026:20:03:11 -0400] "GET /f35_S.php HTTP/1.1" 404 132015 "-" "-"
74.248.150.204 - - [17/Apr/2026:20:03:12 -0400] "GET /2026w.php HTTP/1.1" 404 132015 "-" "-"
74.248.150.204 - - [17/Apr/2026:20:03:13 -0400] "GET /111.php HTTP/1.1" 404 132015 "-" "-"
74.248.150.204 - - [17/Apr/2026:20:03:17 -0400] "GET /byrgo.php HTTP/1.1" 404 132015 "-" "-"
74.248.150.204 - - [17/Apr/2026:20:03:21 -0400] "GET /ass.php HTTP/1.1" 404 132015 "-" "-"
74.248.150.204 - - [17/Apr/2026:20:03:24 -0400] "GET /about.php HTTP/1.1" 404 132015 "-" "-"
162.213.253.84 - - [17/Apr/2026:20:03:30 -0400] "POST /wp-cron.php?doing_wp_cron=1776470610.9744589328765869140625 HTTP/1.1" 200 0 "http://www.escapetravelservices.com/wp-cron.php?doing_wp_cron=1776470610.9744589328765869140625" "WordPress/6.0; http://www.escapetravelservices.com"
74.248.150.204 - - [17/Apr/2026:20:03:30 -0400] "GET /hplfuns.php HTTP/1.1" 404 132015 "-" "-"
74.248.150.204 - - [17/Apr/2026:20:03:32 -0400] "GET /xa.php HTTP/1.1" 404 132015 "-" "-"
74.248.150.204 - - [17/Apr/2026:20:03:34 -0400] "GET /admin.php HTTP/1.1" 404 132015 "-" "-"
74.248.150.204 - - [17/Apr/2026:20:03:35 -0400] "GET /inege.php HTTP/1.1" 404 132015 "-" "-"
74.248.150.204 - - [17/Apr/2026:20:03:37 -0400] "GET /fe5.php HTTP/1.1" 404 132015 "-" "-"
3.94.40.182 - - [17/Apr/2026:20:01:33 -0400] "GET /destination/maldives/ HTTP/1.1" 200 24446 "-" "Mozilla/5.0 AppleWebKit/537.36 (KHTML, like Gecko; compatible; Amazonbot/0.1; +https://developer.amazon.com/support/amazonbot) Chrome/119.0.6045.214 Safari/537.36"
74.248.150.204 - - [17/Apr/2026:20:02:05 -0400] "GET /file6.php HTTP/1.1" 404 132015 "-" "-"
74.248.150.204 - - [17/Apr/2026:20:02:08 -0400] "GET /sl.php HTTP/1.1" 404 132015 "-" "-"
74.248.150.204 - - [17/Apr/2026:20:02:10 -0400] "GET /flox.php HTTP/1.1" 404 132015 "-" "-"
74.248.150.204 - - [17/Apr/2026:20:02:12 -0400] "GET /mff.php HTTP/1.1" 404 132015 "-" "-"
74.248.150.204 - - [17/Apr/2026:20:02:16 -0400] "GET //filemanger2.php HTTP/1.1" 301 0 "-" "-"
74.248.150.204 - - [17/Apr/2026:20:02:17 -0400] "GET /filemanger2.php HTTP/1.1" 404 132015 "-" "-"
74.248.150.204 - - [17/Apr/2026:20:02:18 -0400] "GET /dx.php HTTP/1.1" 404 132015 "-" "-"
74.248.150.204 - - [17/Apr/2026:20:02:20 -0400] "GET /wp-vn1.php HTTP/1.1" 404 132015 "-" "-"
74.248.150.204 - - [17/Apr/2026:20:02:22 -0400] "GET /ewp.php HTTP/1.1" 404 132015 "-" "-"
74.248.150.204 - - [17/Apr/2026:20:02:23 -0400] "GET /kikikoko.php HTTP/1.1" 404 132015 "-" "-"
74.248.150.204 - - [17/Apr/2026:20:02:25 -0400] "GET //nwflm.php HTTP/1.1" 301 0 "-" "-"
74.248.150.204 - - [17/Apr/2026:20:02:30 -0400] "GET /lupo.php HTTP/1.1" 404 132015 "-" "-"
74.248.150.204 - - [17/Apr/2026:20:02:34 -0400] "GET /popo.php HTTP/1.1" 404 132015 "-" "-"
74.248.150.204 - - [17/Apr/2026:20:02:38 -0400] "GET /13.php HTTP/1.1" 404 132015 "-" "-"
74.248.150.204 - - [17/Apr/2026:20:02:41 -0400] "GET /11.php HTTP/1.1" 404 132015 "-" "-"
74.248.150.204 - - [17/Apr/2026:20:02:42 -0400] "GET /p.php HTTP/1.1" 404 132015 "-" "-"
74.248.150.204 - - [17/Apr/2026:20:02:46 -0400] "GET /bthil.php HTTP/1.1" 404 132015 "-" "-"
74.248.150.204 - - [17/Apr/2026:20:02:48 -0400] "GET /tea.php HTTP/1.1" 404 132015 "-" "-"
74.248.150.204 - - [17/Apr/2026:20:02:50 -0400] "GET /seo.php HTTP/1.1" 404 132015 "-" "-"
74.248.150.204 - - [17/Apr/2026:20:02:57 -0400] "GET /3.php HTTP/1.1" 404 132015 "-" "-"
74.248.150.204 - - [17/Apr/2026:20:02:58 -0400] "GET /4.php HTTP/1.1" 404 132015 "-" "-"
74.248.150.204 - - [17/Apr/2026:20:03:00 -0400] "GET /5.php HTTP/1.1" 404 132015 "-" "-"
74.248.150.204 - - [17/Apr/2026:20:03:01 -0400] "GET /6.php HTTP/1.1" 404 132015 "-" "-"
74.248.150.204 - - [17/Apr/2026:20:03:04 -0400] "GET /10.php HTTP/1.1" 404 132015 "-" "-"
74.248.150.204 - - [17/Apr/2026:20:03:15 -0400] "GET /wp1.php HTTP/1.1" 404 132015 "-" "-"
74.248.150.204 - - [17/Apr/2026:20:03:16 -0400] "GET /aligk.php HTTP/1.1" 404 132015 "-" "-"
74.248.150.204 - - [17/Apr/2026:20:03:18 -0400] "GET //xwpg.php HTTP/1.1" 301 0 "-" "-"
74.248.150.204 - - [17/Apr/2026:20:03:19 -0400] "GET /xwpg.php HTTP/1.1" 404 132015 "-" "-"
74.248.150.204 - - [17/Apr/2026:20:03:23 -0400] "GET //about.php HTTP/1.1" 301 0 "-" "-"
74.248.150.204 - - [17/Apr/2026:20:03:25 -0400] "GET /no18.php HTTP/1.1" 404 132015 "-" "-"
74.248.150.204 - - [17/Apr/2026:20:03:27 -0400] "GET /fine.php HTTP/1.1" 404 132015 "-" "-"
74.248.150.204 - - [17/Apr/2026:20:03:29 -0400] "GET /zample.php HTTP/1.1" 404 132015 "-" "-"
74.248.150.204 - - [17/Apr/2026:20:03:33 -0400] "GET //admin.php HTTP/1.1" 301 0 "-" "-"
74.248.150.204 - - [17/Apr/2026:20:03:40 -0400] "GET /sf.php HTTP/1.1" 404 132015 "-" "-"
74.248.150.204 - - [17/Apr/2026:20:03:42 -0400] "GET /no1.php HTTP/1.1" 404 132015 "-" "-"
74.248.150.204 - - [17/Apr/2026:20:03:48 -0400] "GET //edit.php HTTP/1.1" 301 0 "-" "-"
74.248.150.204 - - [17/Apr/2026:20:03:51 -0400] "GET /ioxi-o.php HTTP/1.1" 404 132015 "-" "-"
74.248.150.204 - - [17/Apr/2026:20:03:53 -0400] "GET /wp-content/admin.php HTTP/1.1" 404 132015 "-" "-"
74.248.150.204 - - [17/Apr/2026:20:03:58 -0400] "GET /ol.php HTTP/1.1" 404 132015 "-" "-"
74.248.150.204 - - [17/Apr/2026:20:04:00 -0400] "GET //f6.php HTTP/1.1" 301 0 "-" "-"
74.248.150.204 - - [17/Apr/2026:20:04:02 -0400] "GET //inputs.php HTTP/1.1" 301 0 "-" "-"
74.248.150.204 - - [17/Apr/2026:20:03:38 -0400] "GET /uuu.php HTTP/1.1" 404 132015 "-" "-"
74.248.150.204 - - [17/Apr/2026:20:03:43 -0400] "GET /w2025.php HTTP/1.1" 404 132015 "-" "-"
74.248.150.204 - - [17/Apr/2026:20:03:45 -0400] "GET /fvvff.php HTTP/1.1" 404 132015 "-" "-"
74.248.150.204 - - [17/Apr/2026:20:03:47 -0400] "GET /a2.php HTTP/1.1" 404 132015 "-" "-"
74.248.150.204 - - [17/Apr/2026:20:03:49 -0400] "GET /edit.php HTTP/1.1" 404 132015 "-" "-"
74.248.150.204 - - [17/Apr/2026:20:03:54 -0400] "GET /66.php HTTP/1.1" 404 132015 "-" "-"
74.248.150.204 - - [17/Apr/2026:20:03:56 -0400] "GET /a5.php HTTP/1.1" 404 132015 "-" "-"
74.248.150.204 - - [17/Apr/2026:20:04:00 -0400] "GET /f6.php HTTP/1.1" 404 132015 "-" "-"
74.248.150.204 - - [17/Apr/2026:20:04:03 -0400] "GET /inputs.php HTTP/1.1" 404 132015 "-" "-"
74.248.150.204 - - [17/Apr/2026:20:04:08 -0400] "GET /aa.php HTTP/1.1" 404 132015 "-" "-"
74.248.150.204 - - [17/Apr/2026:20:04:10 -0400] "GET //av.php HTTP/1.1" 301 0 "-" "-"
74.248.150.204 - - [17/Apr/2026:20:04:11 -0400] "GET /av.php HTTP/1.1" 404 132015 "-" "-"
74.248.150.204 - - [17/Apr/2026:20:04:21 -0400] "GET /plss3.php HTTP/1.1" 404 132015 "-" "-"
74.248.150.204 - - [17/Apr/2026:20:04:25 -0400] "GET /classwithtostring.php?p= HTTP/1.1" 301 0 "-" "-"
74.248.150.204 - - [17/Apr/2026:20:04:26 -0400] "GET /classwithtostring.php HTTP/1.1" 404 132015 "-" "-"
74.248.150.204 - - [17/Apr/2026:20:04:27 -0400] "GET /wp-content/themes/index.php HTTP/1.1" 200 0 "-" "-"
74.248.150.204 - - [17/Apr/2026:20:04:28 -0400] "GET /tinyfilemanager.php?p= HTTP/1.1" 301 0 "-" "-"
162.213.253.84 - - [17/Apr/2026:20:04:30 -0400] "POST /wp-cron.php?doing_wp_cron=1776470670.8712120056152343750000 HTTP/1.1" 200 0 "http://www.escapetravelservices.com/wp-cron.php?doing_wp_cron=1776470670.8712120056152343750000" "WordPress/6.0; http://www.escapetravelservices.com"
74.248.150.204 - - [17/Apr/2026:20:04:40 -0400] "GET /ms-edit.php HTTP/1.1" 404 132015 "-" "-"
74.248.150.204 - - [17/Apr/2026:20:04:45 -0400] "GET /adminfuns.php HTTP/1.1" 404 132015 "-" "-"
74.248.150.204 - - [17/Apr/2026:20:04:49 -0400] "GET /goods.php HTTP/1.1" 404 132015 "-" "-"
74.248.150.204 - - [17/Apr/2026:20:04:51 -0400] "GET /222.php HTTP/1.1" 404 132015 "-" "-"
74.248.150.204 - - [17/Apr/2026:20:04:58 -0400] "GET /alpha.php HTTP/1.1" 404 132015 "-" "-"
114.119.136.44 - - [17/Apr/2026:20:04:58 -0400] "GET /tour/marvelous-phuket-krabi-04-nights-05-days/ HTTP/1.1" 200 24917 "http://www.escapetravelservices.com/tour/marvelous-phuket-krabi-04-nights-05-days" "Mozilla/5.0 (Linux; Android 7.0;) AppleWebKit/537.36 (KHTML, like Gecko) Mobile Safari/537.36 (compatible; PetalBot;+https://webmaster.petalsearch.com/site/petalbot)"
74.248.150.204 - - [17/Apr/2026:20:05:00 -0400] "GET /makeasmtp.php HTTP/1.1" 404 132015 "-" "-"
74.248.150.204 - - [17/Apr/2026:20:05:05 -0400] "GET /wp-the.php HTTP/1.1" 404 132015 "-" "-"
74.248.150.204 - - [17/Apr/2026:20:05:08 -0400] "GET //wp-includes/css/dist/ HTTP/1.1" 403 1242 "-" "-"
74.248.150.204 - - [17/Apr/2026:20:05:08 -0400] "GET /BDKR28WP.php HTTP/1.1" 404 132015 "-" "-"
74.248.150.204 - - [17/Apr/2026:20:05:10 -0400] "GET //wp-includes/l10n/ HTTP/1.1" 301 0 "-" "-"
74.248.150.204 - - [17/Apr/2026:20:05:12 -0400] "GET /wp-includes/l10n/ HTTP/1.1" 404 132015 "-" "-"
74.248.150.204 - - [17/Apr/2026:20:05:16 -0400] "GET /wp.php HTTP/1.1" 404 132015 "-" "-"
74.248.150.204 - - [17/Apr/2026:20:05:20 -0400] "GET /fe5.php HTTP/1.1" 404 132015 "-" "-"
74.248.150.204 - - [17/Apr/2026:20:05:21 -0400] "GET /av.php HTTP/1.1" 404 132015 "-" "-"
74.248.150.204 - - [17/Apr/2026:20:05:23 -0400] "GET /fi.php HTTP/1.1" 404 132015 "-" "-"
74.248.150.204 - - [17/Apr/2026:20:05:25 -0400] "GET //a1.php HTTP/1.1" 301 0 "-" "-"
74.248.150.204 - - [17/Apr/2026:20:05:34 -0400] "GET /wp-includes/SimplePie/ HTTP/1.1" 403 1242 "-" "-"
74.248.150.204 - - [17/Apr/2026:20:05:34 -0400] "GET /prv8.php HTTP/1.1" 404 132015 "-" "-"
74.248.150.204 - - [17/Apr/2026:20:05:38 -0400] "GET /bal.php HTTP/1.1" 404 132015 "-" "-"
74.248.150.204 - - [17/Apr/2026:20:04:05 -0400] "GET /style.php HTTP/1.1" 404 132015 "-" "-"
74.248.150.204 - - [17/Apr/2026:20:04:08 -0400] "GET //aa.php HTTP/1.1" 301 0 "-" "-"
74.248.150.204 - - [17/Apr/2026:20:04:13 -0400] "GET /wp-admin/css/bolt.php HTTP/1.1" 404 132015 "-" "-"
74.248.150.204 - - [17/Apr/2026:20:04:16 -0400] "GET /bless4.php HTTP/1.1" 404 132015 "-" "-"
74.248.150.204 - - [17/Apr/2026:20:04:17 -0400] "GET /wp-act.php HTTP/1.1" 404 132015 "-" "-"
74.248.150.204 - - [17/Apr/2026:20:04:19 -0400] "GET /xqq.php HTTP/1.1" 404 132015 "-" "-"
74.248.150.204 - - [17/Apr/2026:20:04:23 -0400] "GET /aaa.php?p= HTTP/1.1" 301 0 "-" "-"
74.248.150.204 - - [17/Apr/2026:20:04:23 -0400] "GET /aaa.php HTTP/1.1" 404 132015 "-" "-"
74.248.150.204 - - [17/Apr/2026:20:04:30 -0400] "GET /tinyfilemanager.php HTTP/1.1" 404 132015 "-" "-"
74.248.150.204 - - [17/Apr/2026:20:04:32 -0400] "GET /wp-update.php HTTP/1.1" 404 132015 "-" "-"
74.248.150.204 - - [17/Apr/2026:20:04:34 -0400] "GET /sbhu.php HTTP/1.1" 404 132015 "-" "-"
74.248.150.204 - - [17/Apr/2026:20:04:38 -0400] "GET /wp-blog.php HTTP/1.1" 404 132015 "-" "-"
74.248.150.204 - - [17/Apr/2026:20:04:39 -0400] "GET //wp-includes/js/jquery/ HTTP/1.1" 403 1242 "-" "-"
74.248.150.204 - - [17/Apr/2026:20:04:39 -0400] "GET //wp-content/admin.php HTTP/1.1" 301 0 "-" "-"
74.248.150.204 - - [17/Apr/2026:20:04:40 -0400] "GET /wp-content/admin.php HTTP/1.1" 404 132015 "-" "-"
74.248.150.204 - - [17/Apr/2026:20:04:44 -0400] "GET //adminfuns.php HTTP/1.1" 301 0 "-" "-"
74.248.150.204 - - [17/Apr/2026:20:04:51 -0400] "GET /ms-edit.php HTTP/1.1" 404 132015 "-" "-"
74.248.150.204 - - [17/Apr/2026:20:04:54 -0400] "GET //cgi-bin/index.php HTTP/1.1" 404 1251 "-" "-"
74.248.150.204 - - [17/Apr/2026:20:04:54 -0400] "GET /fff.php HTTP/1.1" 404 132015 "-" "-"
74.248.150.204 - - [17/Apr/2026:20:04:56 -0400] "GET /wp-content/ HTTP/1.1" 200 0 "-" "-"
74.248.150.204 - - [17/Apr/2026:20:04:56 -0400] "GET /we.php HTTP/1.1" 404 132015 "-" "-"
74.248.150.204 - - [17/Apr/2026:20:05:00 -0400] "GET /makeasmtp.php?p= HTTP/1.1" 301 0 "-" "-"
74.248.150.204 - - [17/Apr/2026:20:05:02 -0400] "GET /wp-michan.php HTTP/1.1" 404 132015 "-" "-"
74.248.150.204 - - [17/Apr/2026:20:05:14 -0400] "GET /wen.php HTTP/1.1" 404 132015 "-" "-"
74.248.150.204 - - [17/Apr/2026:20:05:18 -0400] "GET /wp-admin/js/fi.php HTTP/1.1" 404 132015 "-" "-"
74.248.150.204 - - [17/Apr/2026:20:05:20 -0400] "GET //wp-content/uploads/2021/02/index.php HTTP/1.1" 301 0 "-" "-"
74.248.150.204 - - [17/Apr/2026:20:05:21 -0400] "GET /wp-content/uploads/2021/02/ HTTP/1.1" 403 1242 "-" "-"
74.248.150.204 - - [17/Apr/2026:20:05:21 -0400] "GET /abcd.php HTTP/1.1" 404 132015 "-" "-"
74.248.150.204 - - [17/Apr/2026:20:05:26 -0400] "GET /a1.php HTTP/1.1" 404 132015 "-" "-"
74.248.150.204 - - [17/Apr/2026:20:05:27 -0400] "GET /update/f35.php HTTP/1.1" 404 132015 "-" "-"
162.213.253.84 - - [17/Apr/2026:20:05:30 -0400] "POST /wp-cron.php?doing_wp_cron=1776470730.1522109508514404296875 HTTP/1.1" 200 0 "http://www.escapetravelservices.com/wp-cron.php?doing_wp_cron=1776470730.1522109508514404296875" "WordPress/6.0; http://www.escapetravelservices.com"
74.248.150.204 - - [17/Apr/2026:20:05:29 -0400] "GET /wp-includes/Text/Diff/Engine/about.php HTTP/1.1" 404 132015 "-" "-"
74.248.150.204 - - [17/Apr/2026:20:05:31 -0400] "GET /f35.php HTTP/1.1" 404 132015 "-" "-"
74.248.150.204 - - [17/Apr/2026:20:05:33 -0400] "GET //wp-includes/css/index.php?p= HTTP/1.1" 301 0 "-" "-"
74.248.150.204 - - [17/Apr/2026:20:05:33 -0400] "GET /wp-includes/css/ HTTP/1.1" 403 1242 "-" "-"
74.248.150.204 - - [17/Apr/2026:20:05:35 -0400] "GET /k.php HTTP/1.1" 404 132015 "-" "-"
74.248.150.204 - - [17/Apr/2026:20:05:37 -0400] "GET /dev.php HTTP/1.1" 404 132015 "-" "-"
74.248.150.204 - - [17/Apr/2026:20:05:39 -0400] "GET /in.php HTTP/1.1" 404 132015 "-" "-"
74.248.150.204 - - [17/Apr/2026:20:05:41 -0400] "GET /gssdd.php HTTP/1.1" 404 132015 "-" "-"
74.248.150.204 - - [17/Apr/2026:20:05:42 -0400] "GET /motu.php HTTP/1.1" 404 132015 "-" "-"
74.248.150.204 - - [17/Apr/2026:20:05:44 -0400] "GET /bs1.php HTTP/1.1" 404 132015 "-" "-"
74.248.150.204 - - [17/Apr/2026:20:05:45 -0400] "GET /bengi.php HTTP/1.1" 404 132015 "-" "-"
74.248.150.204 - - [17/Apr/2026:20:05:50 -0400] "GET /gettest.php HTTP/1.1" 404 132015 "-" "-"
74.248.150.204 - - [17/Apr/2026:20:05:51 -0400] "GET /acp.php HTTP/1.1" 404 132015 "-" "-"
74.248.150.204 - - [17/Apr/2026:20:05:53 -0400] "GET /file48.php HTTP/1.1" 404 132015 "-" "-"
74.248.150.204 - - [17/Apr/2026:20:05:54 -0400] "GET /g.php HTTP/1.1" 404 132015 "-" "-"
74.248.150.204 - - [17/Apr/2026:20:05:55 -0400] "GET /wp-content/ HTTP/1.1" 200 0 "-" "-"
74.248.150.204 - - [17/Apr/2026:20:05:55 -0400] "GET /simple.php HTTP/1.1" 404 132015 "-" "-"
74.248.150.204 - - [17/Apr/2026:20:05:57 -0400] "GET /ew.php HTTP/1.1" 404 132015 "-" "-"
74.248.150.204 - - [17/Apr/2026:20:05:58 -0400] "GET /file21.php HTTP/1.1" 404 132015 "-" "-"
74.248.150.204 - - [17/Apr/2026:20:06:01 -0400] "GET /class20.php HTTP/1.1" 404 132015 "-" "-"
74.248.150.204 - - [17/Apr/2026:20:06:03 -0400] "GET /file18.php HTTP/1.1" 404 132015 "-" "-"
74.248.150.204 - - [17/Apr/2026:20:06:04 -0400] "GET /vee.php HTTP/1.1" 404 132015 "-" "-"
74.248.150.204 - - [17/Apr/2026:20:06:05 -0400] "GET /cabs.php HTTP/1.1" 404 132015 "-" "-"
114.119.136.46 - - [17/Apr/2026:20:10:14 -0400] "GET /tour/centara-ras-fushi-resort-spa-03-nights-04-days/ HTTP/1.1" 200 24633 "https://www.escapetravelservices.com/tours/page/5" "Mozilla/5.0 (Linux; Android 7.0;) AppleWebKit/537.36 (KHTML, like Gecko) Mobile Safari/537.36 (compatible; PetalBot;+https://webmaster.petalsearch.com/site/petalbot)"
74.248.150.204 - - [17/Apr/2026:20:05:46 -0400] "GET /wp-content/plugins/pwnd/as.php HTTP/1.1" 404 132015 "-" "-"
74.248.150.204 - - [17/Apr/2026:20:05:48 -0400] "GET /axx.php HTTP/1.1" 404 132015 "-" "-"
74.248.150.204 - - [17/Apr/2026:20:05:49 -0400] "GET /alfashell.php HTTP/1.1" 404 132015 "-" "-"
74.248.150.204 - - [17/Apr/2026:20:05:59 -0400] "GET /class19.php HTTP/1.1" 404 132015 "-" "-"
74.248.150.204 - - [17/Apr/2026:20:06:06 -0400] "GET /xwx1.php HTTP/1.1" 404 132015 "-" "-"
74.248.150.204 - - [17/Apr/2026:20:06:08 -0400] "GET /x1da.php HTTP/1.1" 404 132015 "-" "-"
74.248.150.204 - - [17/Apr/2026:20:06:09 -0400] "GET /jp.php HTTP/1.1" 404 132015 "-" "-"
74.248.150.204 - - [17/Apr/2026:20:06:10 -0400] "GET /chosen.php HTTP/1.1" 404 132015 "-" "-"
162.213.253.84 - - [17/Apr/2026:20:10:09 -0400] "POST /wp-cron.php?doing_wp_cron=1776471009.6982090473175048828125 HTTP/1.1" 200 0 "http://www.escapetravelservices.com/wp-cron.php?doing_wp_cron=1776471009.6982090473175048828125" "WordPress/6.0; http://www.escapetravelservices.com"
114.119.136.46 - - [17/Apr/2026:20:10:08 -0400] "GET /tour/centara-ras-fushi-resort-spa-03-nights-04-days HTTP/1.1" 301 0 "https://www.escapetravelservices.com/tours/page/5" "Mozilla/5.0 (Linux; Android 7.0;) AppleWebKit/537.36 (KHTML, like Gecko) Mobile Safari/537.36 (compatible; PetalBot;+https://webmaster.petalsearch.com/site/petalbot)"
162.213.253.84 - - [17/Apr/2026:20:17:34 -0400] "POST /wp-cron.php?doing_wp_cron=1776471454.2007350921630859375000 HTTP/1.1" 200 0 "http://www.escapetravelservices.com/wp-cron.php?doing_wp_cron=1776471454.2007350921630859375000" "WordPress/6.0; http://www.escapetravelservices.com"
162.213.253.84 - - [17/Apr/2026:20:31:09 -0400] "POST /wp-cron.php?doing_wp_cron=1776472269.3051459789276123046875 HTTP/1.1" 200 0 "http://www.escapetravelservices.com/wp-cron.php?doing_wp_cron=1776472269.3051459789276123046875" "WordPress/6.0; http://www.escapetravelservices.com"
124.156.157.91 - - [17/Apr/2026:20:31:08 -0400] "GET /wp-json/wp/v2/pages/2465 HTTP/1.1" 200 13891 "-" "Mozilla/5.0 (iPhone; CPU iPhone OS 13_2_3 like Mac OS X) AppleWebKit/605.1.15 (KHTML, like Gecko) Version/13.0.3 Mobile/15E148 Safari/604.1"
18.215.24.66 - - [17/Apr/2026:20:17:33 -0400] "GET /wp-json/wp/v2/tags/18 HTTP/1.1" 200 6074 "-" "Mozilla/5.0 AppleWebKit/537.36 (KHTML, like Gecko; compatible; Amazonbot/0.1; +https://developer.amazon.com/support/amazonbot) Chrome/119.0.6045.214 Safari/537.36"
162.213.253.84 - - [17/Apr/2026:20:25:03 -0400] "POST /wp-cron.php?doing_wp_cron=1776471903.7295510768890380859375 HTTP/1.1" 200 0 "http://www.escapetravelservices.com/wp-cron.php?doing_wp_cron=1776471903.7295510768890380859375" "WordPress/6.0; http://www.escapetravelservices.com"
43.159.145.153 - - [17/Apr/2026:20:25:03 -0400] "GET /wp-json/oembed/1.0/embed?url=http%3A%2F%2Fwww.escapetravelservices.com%2Fabout-us%2F&format=xml HTTP/1.1" 200 1347 "-" "Mozilla/5.0 (iPhone; CPU iPhone OS 13_2_3 like Mac OS X) AppleWebKit/605.1.15 (KHTML, like Gecko) Version/13.0.3 Mobile/15E148 Safari/604.1"
54.37.252.192 - - [17/Apr/2026:20:40:12 -0400] "GET /robots.txt HTTP/1.1" 200 44690 "-" "Mozilla/5.0 (compatible; MJ12bot/v1.4.8; http://mj12bot.com/)"
162.213.253.84 - - [17/Apr/2026:20:42:26 -0400] "POST /wp-cron.php?doing_wp_cron=1776472946.4695470333099365234375 HTTP/1.1" 200 0 "http://www.escapetravelservices.com/wp-cron.php?doing_wp_cron=1776472946.4695470333099365234375" "WordPress/6.0; http://www.escapetravelservices.com"
43.153.12.58 - - [17/Apr/2026:20:43:11 -0400] "GET /tours/ HTTP/1.1" 200 31112 "-" "Mozilla/5.0 (iPhone; CPU iPhone OS 13_2_3 like Mac OS X) AppleWebKit/605.1.15 (KHTML, like Gecko) Version/13.0.3 Mobile/15E148 Safari/604.1"
54.37.252.192 - - [17/Apr/2026:20:40:15 -0400] "GET /destination/bali/ HTTP/1.1" 200 21030 "-" "Mozilla/5.0 (compatible; MJ12bot/v1.4.8; http://mj12bot.com/)"
34.239.197.197 - - [17/Apr/2026:20:42:25 -0400] "GET /tour/romantic-mauritius-05-nights-06-days/ HTTP/1.1" 200 26004 "-" "Mozilla/5.0 AppleWebKit/537.36 (KHTML, like Gecko; compatible; Amazonbot/0.1; +https://developer.amazon.com/support/amazonbot) Chrome/119.0.6045.214 Safari/537.36"
162.213.253.84 - - [17/Apr/2026:20:54:28 -0400] "POST /wp-cron.php?doing_wp_cron=1776473668.3820118904113769531250 HTTP/1.1" 200 0 "http://www.escapetravelservices.com/wp-cron.php?doing_wp_cron=1776473668.3820118904113769531250" "WordPress/6.0; http://www.escapetravelservices.com"
23.23.212.212 - - [17/Apr/2026:21:00:02 -0400] "GET /tour/biyadhoo-island-resort-03-nights-04-days/ HTTP/1.1" 200 25269 "-" "Mozilla/5.0 AppleWebKit/537.36 (KHTML, like Gecko; compatible; Amazonbot/0.1; +https://developer.amazon.com/support/amazonbot) Chrome/119.0.6045.214 Safari/537.36"
101.32.208.70 - - [17/Apr/2026:20:54:27 -0400] "GET /destination/thailand/ HTTP/1.1" 200 24473 "-" "Mozilla/5.0 (iPhone; CPU iPhone OS 13_2_3 like Mac OS X) AppleWebKit/605.1.15 (KHTML, like Gecko) Version/13.0.3 Mobile/15E148 Safari/604.1"
162.213.253.84 - - [17/Apr/2026:21:00:03 -0400] "POST /wp-cron.php?doing_wp_cron=1776474003.2010650634765625000000 HTTP/1.1" 200 0 "http://www.escapetravelservices.com/wp-cron.php?doing_wp_cron=1776474003.2010650634765625000000" "WordPress/6.0; http://www.escapetravelservices.com"
77.75.76.168 - - [17/Apr/2026:21:00:51 -0400] "GET /destination/maldives/ HTTP/1.1" 200 24446 "-" "Mozilla/5.0 (compatible; SeznamBot/4.0; +https://o-seznam.cz/napoveda/vyhledavani/en/seznambot-crawler/)"
162.213.253.84 - - [17/Apr/2026:21:19:26 -0400] "POST /wp-cron.php?doing_wp_cron=1776475166.1753830909729003906250 HTTP/1.1" 200 0 "http://www.escapetravelservices.com/wp-cron.php?doing_wp_cron=1776475166.1753830909729003906250" "WordPress/6.0; http://www.escapetravelservices.com"
34.236.135.14 - - [17/Apr/2026:21:19:25 -0400] "GET /wp-json/wp/v2/pages/3102 HTTP/1.1" 200 19643 "-" "Mozilla/5.0 AppleWebKit/537.36 (KHTML, like Gecko; compatible; Amazonbot/0.1; +https://developer.amazon.com/support/amazonbot) Chrome/119.0.6045.214 Safari/537.36"
216.73.217.91 - - [17/Apr/2026:21:44:51 -0400] "GET /robots.txt HTTP/1.1" 200 6886 "-" "Mozilla/5.0 AppleWebKit/537.36 (KHTML, like Gecko; compatible; ClaudeBot/1.0; [email protected])"
216.73.217.91 - - [17/Apr/2026:21:44:51 -0400] "GET /sitemap.xml HTTP/1.1" 301 0 "-" "Mozilla/5.0 AppleWebKit/537.36 (KHTML, like Gecko; compatible; ClaudeBot/1.0; [email protected])"
216.73.217.91 - - [17/Apr/2026:21:44:52 -0400] "GET /sitemap_index.xml HTTP/1.1" 200 326 "http://www.escapetravelservices.com/sitemap.xml" "Mozilla/5.0 AppleWebKit/537.36 (KHTML, like Gecko; compatible; ClaudeBot/1.0; [email protected])"
162.213.253.84 - - [17/Apr/2026:21:44:15 -0400] "POST /wp-cron.php?doing_wp_cron=1776476655.8077690601348876953125 HTTP/1.1" 200 0 "http://www.escapetravelservices.com/wp-cron.php?doing_wp_cron=1776476655.8077690601348876953125" "WordPress/6.0; http://www.escapetravelservices.com"
157.66.57.98 - - [17/Apr/2026:21:44:15 -0400] "GET /wp-json/wp/v2/posts HTTP/1.1" 200 72663 "-" "Mozilla/5.0 (Windows NT 10.0; Win64; x64) AppleWebKit/537.36 (KHTML, like Gecko) Chrome/120.0.0.0 Safari/537.36"
162.213.253.84 - - [17/Apr/2026:21:44:51 -0400] "POST /wp-cron.php?doing_wp_cron=1776476691.6541020870208740234375 HTTP/1.1" 200 0 "http://www.escapetravelservices.com/wp-cron.php?doing_wp_cron=1776476691.6541020870208740234375" "WordPress/6.0; http://www.escapetravelservices.com"
44.212.145.46 - - [17/Apr/2026:21:54:05 -0400] "GET /tour/stunning-singapore/ HTTP/1.1" 200 25971 "-" "Mozilla/5.0 AppleWebKit/537.36 (KHTML, like Gecko; compatible; Amazonbot/0.1; +https://developer.amazon.com/support/amazonbot) Chrome/119.0.6045.214 Safari/537.36"
107.22.208.39 - - [17/Apr/2026:21:54:29 -0400] "GET /tour/luxurious-maldives-dusit-thani-maldives-04-nights-05-days/ HTTP/1.1" 200 24523 "-" "Mozilla/5.0 AppleWebKit/537.36 (KHTML, like Gecko; compatible; Amazonbot/0.1; +https://developer.amazon.com/support/amazonbot) Chrome/119.0.6045.214 Safari/537.36"
162.213.253.84 - - [17/Apr/2026:21:54:06 -0400] "POST /wp-cron.php?doing_wp_cron=1776477246.7125360965728759765625 HTTP/1.1" 200 0 "http://www.escapetravelservices.com/wp-cron.php?doing_wp_cron=1776477246.7125360965728759765625" "WordPress/6.0; http://www.escapetravelservices.com"
44.215.210.112 - - [17/Apr/2026:21:54:09 -0400] "GET /tour/splendid-dubai-package-05-nights-06-days/ HTTP/1.1" 200 25909 "-" "Mozilla/5.0 AppleWebKit/537.36 (KHTML, like Gecko; compatible; Amazonbot/0.1; +https://developer.amazon.com/support/amazonbot) Chrome/119.0.6045.214 Safari/537.36"
162.213.253.84 - - [17/Apr/2026:21:54:30 -0400] "POST /wp-cron.php?doing_wp_cron=1776477270.3866870403289794921875 HTTP/1.1" 200 0 "http://www.escapetravelservices.com/wp-cron.php?doing_wp_cron=1776477270.3866870403289794921875" "WordPress/6.0; http://www.escapetravelservices.com"
207.46.13.126 - - [17/Apr/2026:22:04:36 -0400] "GET /wp-content/uploads/2022/06/kerala-tour-packages-for-family-scaled.jpg HTTP/1.1" 200 873158 "-" "Mozilla/5.0 (Windows NT 6.1; WOW64) AppleWebKit/534+ (KHTML, like Gecko) BingPreview/1.0b"
49.51.132.100 - - [17/Apr/2026:22:18:54 -0400] "GET / HTTP/1.1" 200 33169 "-" "Mozilla/5.0 (iPhone; CPU iPhone OS 13_2_3 like Mac OS X) AppleWebKit/605.1.15 (KHTML, like Gecko) Version/13.0.3 Mobile/15E148 Safari/604.1"
216.244.66.235 - - [17/Apr/2026:22:25:28 -0400] "GET /robots.txt HTTP/1.1" 200 44690 "-" "Mozilla/5.0 (compatible; DotBot/1.2; +https://opensiteexplorer.org/dotbot; [email protected])"
83.136.232.108 - - [17/Apr/2026:22:41:25 -0400] "GET / HTTP/1.1" 200 29025 "http://ESCAPETRAVELSERVICES.COM" "Mozilla/5.0 (Windows NT 10.0; Win64; x64) AppleWebKit/537.36 (KHTML, like Gecko) Chrome/120.0.0.0 Safari/537.36"
162.213.253.84 - - [17/Apr/2026:22:47:00 -0400] "POST /wp-cron.php?doing_wp_cron=1776480420.9007730484008789062500 HTTP/1.1" 200 0 "http://www.escapetravelservices.com/wp-cron.php?doing_wp_cron=1776480420.9007730484008789062500" "WordPress/6.0; http://www.escapetravelservices.com"
43.165.135.242 - - [17/Apr/2026:22:47:00 -0400] "GET /tour/captivating-bangkok-pattaya-04-nights-05-days/ HTTP/1.1" 200 25468 "-" "Mozilla/5.0 (iPhone; CPU iPhone OS 13_2_3 like Mac OS X) AppleWebKit/605.1.15 (KHTML, like Gecko) Version/13.0.3 Mobile/15E148 Safari/604.1"
114.119.136.44 - - [17/Apr/2026:22:38:25 -0400] "GET /destination/singapore/ HTTP/1.1" 200 24495 "http://www.escapetravelservices.com/tour/fascinating-mauritius/" "Mozilla/5.0 (Linux; Android 7.0;) AppleWebKit/537.36 (KHTML, like Gecko) Mobile Safari/537.36 (compatible; PetalBot;+https://webmaster.petalsearch.com/site/petalbot)"
162.213.253.84 - - [17/Apr/2026:22:41:24 -0400] "POST /wp-cron.php?doing_wp_cron=1776480084.8637158870697021484375 HTTP/1.1" 200 0 "http://www.escapetravelservices.com/wp-cron.php?doing_wp_cron=1776480084.8637158870697021484375" "WordPress/6.0; http://www.escapetravelservices.com"
83.136.232.108 - - [17/Apr/2026:22:41:24 -0400] "GET / HTTP/1.1" 301 0 "-" "Mozilla/5.0 (Windows NT 10.0; Win64; x64) AppleWebKit/537.36 (KHTML, like Gecko) Chrome/120.0.0.0 Safari/537.36"
216.244.66.235 - - [17/Apr/2026:22:42:52 -0400] "GET /wp-content/uploads/2021/01/Honeymoon-Destinations-in-India.jpg HTTP/1.1" 200 130539 "-" "Mozilla/5.0 (compatible; DotBot/1.2; +https://opensiteexplorer.org/dotbot; [email protected])"
36.111.67.189 - - [17/Apr/2026:23:05:00 -0400] "GET / HTTP/1.1" 200 33169 "-" "Mozilla/5.0 (iPhone; CPU iPhone OS 13_2_3 like Mac OS X) AppleWebKit/605.1.15 (KHTML, like Gecko) Version/13.0.3 Mobile/15E148 Safari/604.1"
142.44.228.97 - - [17/Apr/2026:22:56:52 -0400] "GET / HTTP/1.1" 200 29025 "-" "Mozilla/5.0 (compatible; AhrefsBot/7.0; +http://ahrefs.com/robot/)"
43.158.91.71 - - [17/Apr/2026:23:00:50 -0400] "GET /?p=4611 HTTP/1.1" 301 0 "-" "Mozilla/5.0 (iPhone; CPU iPhone OS 13_2_3 like Mac OS X) AppleWebKit/605.1.15 (KHTML, like Gecko) Version/13.0.3 Mobile/15E148 Safari/604.1"
43.158.91.71 - - [17/Apr/2026:23:00:53 -0400] "GET /tour/captivating-bangkok-pattaya-04-nights-05-days/ HTTP/1.1" 200 25468 "http://www.escapetravelservices.com/?p=4611" "Mozilla/5.0 (iPhone; CPU iPhone OS 13_2_3 like Mac OS X) AppleWebKit/605.1.15 (KHTML, like Gecko) Version/13.0.3 Mobile/15E148 Safari/604.1"
162.213.253.84 - - [17/Apr/2026:23:00:51 -0400] "POST /wp-cron.php?doing_wp_cron=1776481251.7022430896759033203125 HTTP/1.1" 200 0 "http://www.escapetravelservices.com/wp-cron.php?doing_wp_cron=1776481251.7022430896759033203125" "WordPress/6.0; http://www.escapetravelservices.com"
54.39.210.93 - - [17/Apr/2026:23:01:38 -0400] "GET /wp-content/plugins/sliding-enquiry-form/captha/CaptchaSecurityImages.php?width=100&height=40&characters=5&code=p7n9mj HTTP/1.1" 200 175 "-" "Mozilla/5.0 (compatible; AhrefsBot/7.0; +http://ahrefs.com/robot/)"
49.51.183.75 - - [17/Apr/2026:23:11:51 -0400] "GET /wp-json/oembed/1.0/embed?url=http%3A%2F%2Fwww.escapetravelservices.com%2Ftour%2Fcaptivating-bangkok-pattaya-04-nights-05-days%2F&format=xml HTTP/1.1" 200 1446 "-" "Mozilla/5.0 (iPhone; CPU iPhone OS 13_2_3 like Mac OS X) AppleWebKit/605.1.15 (KHTML, like Gecko) Version/13.0.3 Mobile/15E148 Safari/604.1"
162.213.253.84 - - [17/Apr/2026:23:11:52 -0400] "POST /wp-cron.php?doing_wp_cron=1776481912.4745759963989257812500 HTTP/1.1" 200 0 "http://www.escapetravelservices.com/wp-cron.php?doing_wp_cron=1776481912.4745759963989257812500" "WordPress/6.0; http://www.escapetravelservices.com"
66.249.79.72 - - [17/Apr/2026:23:16:03 -0400] "GET /feed/ HTTP/1.1" 200 12805 "-" "Mozilla/5.0 (Linux; Android 6.0.1; Nexus 5X Build/MMB29P) AppleWebKit/537.36 (KHTML, like Gecko) Chrome/146.0.7680.177 Mobile Safari/537.36 (compatible; Googlebot/2.1; +http://www.google.com/bot.html)"
66.249.79.73 - - [17/Apr/2026:23:16:11 -0400] "GET /comments/feed/ HTTP/1.1" 200 7307 "-" "Mozilla/5.0 (Linux; Android 6.0.1; Nexus 5X Build/MMB29P) AppleWebKit/537.36 (KHTML, like Gecko) Chrome/146.0.7680.177 Mobile Safari/537.36 (compatible; Googlebot/2.1; +http://www.google.com/bot.html)"
162.213.253.84 - - [17/Apr/2026:23:21:40 -0400] "POST /wp-cron.php?doing_wp_cron=1776482500.9051539897918701171875 HTTP/1.1" 200 0 "http://www.escapetravelservices.com/wp-cron.php?doing_wp_cron=1776482500.9051539897918701171875" "WordPress/6.0; http://www.escapetravelservices.com"
66.249.79.72 - - [17/Apr/2026:23:16:03 -0400] "GET /robots.txt HTTP/1.1" 200 6886 "-" "Mozilla/5.0 (compatible; Googlebot/2.1; +http://www.google.com/bot.html)"
43.157.188.74 - - [17/Apr/2026:23:21:40 -0400] "GET /wp-json/oembed/1.0/embed?url=http%3A%2F%2Fwww.escapetravelservices.com%2Ftour%2Fcaptivating-bangkok-pattaya-04-nights-05-days%2F HTTP/1.1" 200 3036 "-" "Mozilla/5.0 (iPhone; CPU iPhone OS 13_2_3 like Mac OS X) AppleWebKit/605.1.15 (KHTML, like Gecko) Version/13.0.3 Mobile/15E148 Safari/604.1"
98.82.170.150 - - [17/Apr/2026:23:30:24 -0400] "GET / HTTP/1.1" 200 29025 "-" "Mozilla/5.0 (Macintosh; Intel Mac OS X 10_15_7) AppleWebKit/537.36 (KHTML, like Gecko) Chrome/124.0.0.0 Safari/537.36"
17.22.237.183 - - [17/Apr/2026:23:32:16 -0400] "GET / HTTP/1.1" 200 33169 "-" "Mozilla/5.0 (Macintosh; Intel Mac OS X 10_15_7) AppleWebKit/605.1.15 (KHTML, like Gecko) Version/17.4 Safari/605.1.15 (Applebot/0.1; +http://www.apple.com/go/applebot)"
39.175.75.53 - - [17/Apr/2026:23:36:21 -0400] "GET //wp-json/wp/v2/posts HTTP/1.0" 200 72663 "-" "Mozilla/5.0 (Windows NT 10.0; Win64; x64) AppleWebKit/537.36 (KHTML, like Gecko) Chrome/120.0.0.0 Safari/537.36"
17.22.253.143 - - [17/Apr/2026:23:38:10 -0400] "GET /wp-content/plugins/booked/assets/js/tooltipster/css/themes/tooltipster-light.css HTTP/1.1" 200 226 "http://www.escapetravelservices.com/" "Mozilla/5.0 (Macintosh; Intel Mac OS X 10_15_7) AppleWebKit/605.1.15 (KHTML, like Gecko) Version/17.4 Safari/605.1.15 (Applebot/0.1; +http://www.apple.com/go/applebot)"
17.22.245.38 - - [17/Apr/2026:23:38:11 -0400] "GET /wp-includes/js/wp-emoji-release.min.js HTTP/1.1" 200 5712 "http://www.escapetravelservices.com/" "Mozilla/5.0 (Macintosh; Intel Mac OS X 10_15_7) AppleWebKit/605.1.15 (KHTML, like Gecko) Version/17.4 Safari/605.1.15 (Applebot/0.1; +http://www.apple.com/go/applebot)"
17.22.237.64 - - [17/Apr/2026:23:38:13 -0400] "GET /wp-content/plugins/booked/assets/css/animations.css HTTP/1.1" 200 562 "http://www.escapetravelservices.com/" "Mozilla/5.0 (Macintosh; Intel Mac OS X 10_15_7) AppleWebKit/605.1.15 (KHTML, like Gecko) Version/17.4 Safari/605.1.15 (Applebot/0.1; +http://www.apple.com/go/applebot)"
17.22.253.72 - - [17/Apr/2026:23:38:14 -0400] "GET /wp-content/plugins/booked/dist/booked.css HTTP/1.1" 200 10925 "http://www.escapetravelservices.com/" "Mozilla/5.0 (Macintosh; Intel Mac OS X 10_15_7) AppleWebKit/605.1.15 (KHTML, like Gecko) Version/17.4 Safari/605.1.15 (Applebot/0.1; +http://www.apple.com/go/applebot)"
17.22.245.218 - - [17/Apr/2026:23:38:15 -0400] "GET /wp-content/plugins/contact-form-7/includes/css/styles.css HTTP/1.1" 200 776 "http://www.escapetravelservices.com/" "Mozilla/5.0 (Macintosh; Intel Mac OS X 10_15_7) AppleWebKit/605.1.15 (KHTML, like Gecko) Version/17.4 Safari/605.1.15 (Applebot/0.1; +http://www.apple.com/go/applebot)"
17.22.253.143 - - [17/Apr/2026:23:38:18 -0400] "GET /wp-content/plugins/revslider/public/assets/css/rs6.css HTTP/1.1" 200 15207 "http://www.escapetravelservices.com/" "Mozilla/5.0 (Macintosh; Intel Mac OS X 10_15_7) AppleWebKit/605.1.15 (KHTML, like Gecko) Version/17.4 Safari/605.1.15 (Applebot/0.1; +http://www.apple.com/go/applebot)"
17.22.253.109 - - [17/Apr/2026:23:38:17 -0400] "GET /wp-content/plugins/grandtour-custom-post/css/fontawesome-stars-o.css HTTP/1.1" 404 27471 "http://www.escapetravelservices.com/" "Mozilla/5.0 (Macintosh; Intel Mac OS X 10_15_7) AppleWebKit/605.1.15 (KHTML, like Gecko) Version/17.4 Safari/605.1.15 (Applebot/0.1; +http://www.apple.com/go/applebot)"
17.22.237.156 - - [17/Apr/2026:23:38:22 -0400] "GET /wp-content/themes/escapetour/css/reset.css HTTP/1.1" 200 334 "http://www.escapetravelservices.com/" "Mozilla/5.0 (Macintosh; Intel Mac OS X 10_15_7) AppleWebKit/605.1.15 (KHTML, like Gecko) Version/17.4 Safari/605.1.15 (Applebot/0.1; +http://www.apple.com/go/applebot)"
17.22.237.156 - - [17/Apr/2026:23:38:23 -0400] "GET /wp-content/themes/escapetour/js/flexslider/flexslider.css HTTP/1.1" 200 2042 "http://www.escapetravelservices.com/" "Mozilla/5.0 (Macintosh; Intel Mac OS X 10_15_7) AppleWebKit/605.1.15 (KHTML, like Gecko) Version/17.4 Safari/605.1.15 (Applebot/0.1; +http://www.apple.com/go/applebot)"
17.22.245.218 - - [17/Apr/2026:23:38:24 -0400] "GET /wp-content/themes/escapetour/css/animation.css HTTP/1.1" 200 1055 "http://www.escapetravelservices.com/" "Mozilla/5.0 (Macintosh; Intel Mac OS X 10_15_7) AppleWebKit/605.1.15 (KHTML, like Gecko) Version/17.4 Safari/605.1.15 (Applebot/0.1; +http://www.apple.com/go/applebot)"
17.22.237.183 - - [17/Apr/2026:23:32:16 -0400] "GET /robots.txt HTTP/1.1" 200 7690 "-" "Mozilla/5.0 (Macintosh; Intel Mac OS X 10_15_7) AppleWebKit/605.1.15 (KHTML, like Gecko) Version/17.4 Safari/605.1.15 (Applebot/0.1; +http://www.apple.com/go/applebot)"
17.22.245.187 - - [17/Apr/2026:23:38:05 -0400] "GET /wp-content/plugins/booked/assets/css/icons.css HTTP/1.1" 200 6618 "http://www.escapetravelservices.com/" "Mozilla/5.0 (Macintosh; Intel Mac OS X 10_15_7) AppleWebKit/605.1.15 (KHTML, like Gecko) Version/17.4 Safari/605.1.15 (Applebot/0.1; +http://www.apple.com/go/applebot)"
17.22.245.218 - - [17/Apr/2026:23:38:07 -0400] "GET /wp-includes/css/dist/block-library/style.min.css HTTP/1.1" 200 14760 "http://www.escapetravelservices.com/" "Mozilla/5.0 (Macintosh; Intel Mac OS X 10_15_7) AppleWebKit/605.1.15 (KHTML, like Gecko) Version/17.4 Safari/605.1.15 (Applebot/0.1; +http://www.apple.com/go/applebot)"
17.22.245.144 - - [17/Apr/2026:23:38:08 -0400] "GET /wp-content/plugins/booked/assets/js/tooltipster/css/tooltipster.css HTTP/1.1" 200 1970 "http://www.escapetravelservices.com/" "Mozilla/5.0 (Macintosh; Intel Mac OS X 10_15_7) AppleWebKit/605.1.15 (KHTML, like Gecko) Version/17.4 Safari/605.1.15 (Applebot/0.1; +http://www.apple.com/go/applebot)"
162.213.253.84 - - [17/Apr/2026:23:38:18 -0400] "POST /wp-cron.php?doing_wp_cron=1776483498.0653119087219238281250 HTTP/1.1" 200 0 "http://www.escapetravelservices.com/wp-cron.php?doing_wp_cron=1776483498.0653119087219238281250" "WordPress/6.0; http://www.escapetravelservices.com"
17.22.253.240 - - [17/Apr/2026:23:38:20 -0400] "GET /wp-content/plugins/whatsapp-for-wordpress/assets/css/style.css HTTP/1.1" 200 4693 "http://www.escapetravelservices.com/" "Mozilla/5.0 (Macintosh; Intel Mac OS X 10_15_7) AppleWebKit/605.1.15 (KHTML, like Gecko) Version/17.4 Safari/605.1.15 (Applebot/0.1; +http://www.apple.com/go/applebot)"
17.22.253.109 - - [17/Apr/2026:23:38:26 -0400] "GET /wp-content/themes/escapetour/css/jqueryui/custom.css HTTP/1.1" 200 5287 "http://www.escapetravelservices.com/" "Mozilla/5.0 (Macintosh; Intel Mac OS X 10_15_7) AppleWebKit/605.1.15 (KHTML, like Gecko) Version/17.4 Safari/605.1.15 (Applebot/0.1; +http://www.apple.com/go/applebot)"
