31.13.127.54 - - [17/Apr/2026:14:32:06 -0400] "GET /wp-content/uploads/2022/06/Luxe-Dubai-700x466.jpg HTTP/1.1" 200 70497 "http://www.escapetravelservices.com/?fbclid=IwZXh0bgNhZW0CMTEAc3J0YwZhcHBfaWQMMjU2MjgxMDQwNTU4AAEeP6CRCMqa-qf5BEMBiKxcNG3j-zjG1-uUxhZALhFq7kW5hlH2bQpyHtYhAFQ_aem_WoCO4u6OXx1b3NLiGtsiUQ" "Instagram 424.0.0.49.64 Android (36/16; 480dpi; 1080x2400; realme; RMX3998; RE5C94L1; mt6835; en_GB; 929871642)"
31.13.127.23 - - [17/Apr/2026:14:32:06 -0400] "GET /wp-content/uploads/2022/06/Jubiliant-Bali-700x466.jpg HTTP/1.1" 200 42842 "http://www.escapetravelservices.com/?fbclid=IwZXh0bgNhZW0CMTEAc3J0YwZhcHBfaWQMMjU2MjgxMDQwNTU4AAEeP6CRCMqa-qf5BEMBiKxcNG3j-zjG1-uUxhZALhFq7kW5hlH2bQpyHtYhAFQ_aem_WoCO4u6OXx1b3NLiGtsiUQ" "Instagram 424.0.0.49.64 Android (36/16; 480dpi; 1080x2400; realme; RMX3998; RE5C94L1; mt6835; en_GB; 929871642)"
31.13.127.54 - - [17/Apr/2026:14:32:04 -0400] "GET /wp-content/themes/escapetour/js/custom_plugins.js HTTP/1.1" 200 2016 "http://www.escapetravelservices.com/?fbclid=IwZXh0bgNhZW0CMTEAc3J0YwZhcHBfaWQMMjU2MjgxMDQwNTU4AAEeP6CRCMqa-qf5BEMBiKxcNG3j-zjG1-uUxhZALhFq7kW5hlH2bQpyHtYhAFQ_aem_WoCO4u6OXx1b3NLiGtsiUQ" "Instagram 424.0.0.49.64 Android (36/16; 480dpi; 1080x2400; realme; RMX3998; RE5C94L1; mt6835; en_GB; 929871642)"
31.13.127.71 - - [17/Apr/2026:14:32:05 -0400] "GET /wp-content/themes/escapetour/js/custom_onepage.js HTTP/1.1" 200 684 "http://www.escapetravelservices.com/?fbclid=IwZXh0bgNhZW0CMTEAc3J0YwZhcHBfaWQMMjU2MjgxMDQwNTU4AAEeP6CRCMqa-qf5BEMBiKxcNG3j-zjG1-uUxhZALhFq7kW5hlH2bQpyHtYhAFQ_aem_WoCO4u6OXx1b3NLiGtsiUQ" "Instagram 424.0.0.49.64 Android (36/16; 480dpi; 1080x2400; realme; RMX3998; RE5C94L1; mt6835; en_GB; 929871642)"
31.13.127.54 - - [17/Apr/2026:14:32:05 -0400] "GET /wp-content/themes/escapetour/js/jarallax-video.js HTTP/1.1" 200 11177 "http://www.escapetravelservices.com/?fbclid=IwZXh0bgNhZW0CMTEAc3J0YwZhcHBfaWQMMjU2MjgxMDQwNTU4AAEeP6CRCMqa-qf5BEMBiKxcNG3j-zjG1-uUxhZALhFq7kW5hlH2bQpyHtYhAFQ_aem_WoCO4u6OXx1b3NLiGtsiUQ" "Instagram 424.0.0.49.64 Android (36/16; 480dpi; 1080x2400; realme; RMX3998; RE5C94L1; mt6835; en_GB; 929871642)"
31.13.127.71 - - [17/Apr/2026:14:32:05 -0400] "GET /wp-includes/js/wp-emoji-release.min.js HTTP/1.1" 200 5712 "http://www.escapetravelservices.com/?fbclid=IwZXh0bgNhZW0CMTEAc3J0YwZhcHBfaWQMMjU2MjgxMDQwNTU4AAEeP6CRCMqa-qf5BEMBiKxcNG3j-zjG1-uUxhZALhFq7kW5hlH2bQpyHtYhAFQ_aem_WoCO4u6OXx1b3NLiGtsiUQ" "Instagram 424.0.0.49.64 Android (36/16; 480dpi; 1080x2400; realme; RMX3998; RE5C94L1; mt6835; en_GB; 929871642)"
31.13.127.71 - - [17/Apr/2026:14:32:05 -0400] "GET /wp-content/uploads/2021/01/498263-700x466.jpg HTTP/1.1" 200 70629 "http://www.escapetravelservices.com/?fbclid=IwZXh0bgNhZW0CMTEAc3J0YwZhcHBfaWQMMjU2MjgxMDQwNTU4AAEeP6CRCMqa-qf5BEMBiKxcNG3j-zjG1-uUxhZALhFq7kW5hlH2bQpyHtYhAFQ_aem_WoCO4u6OXx1b3NLiGtsiUQ" "Instagram 424.0.0.49.64 Android (36/16; 480dpi; 1080x2400; realme; RMX3998; RE5C94L1; mt6835; en_GB; 929871642)"
31.13.127.54 - - [17/Apr/2026:14:32:05 -0400] "GET /wp-content/uploads/2022/06/Marvelous-Phuket-Krabi-700x466.jpg HTTP/1.1" 200 60497 "http://www.escapetravelservices.com/?fbclid=IwZXh0bgNhZW0CMTEAc3J0YwZhcHBfaWQMMjU2MjgxMDQwNTU4AAEeP6CRCMqa-qf5BEMBiKxcNG3j-zjG1-uUxhZALhFq7kW5hlH2bQpyHtYhAFQ_aem_WoCO4u6OXx1b3NLiGtsiUQ" "Instagram 424.0.0.49.64 Android (36/16; 480dpi; 1080x2400; realme; RMX3998; RE5C94L1; mt6835; en_GB; 929871642)"
31.13.127.23 - - [17/Apr/2026:14:32:06 -0400] "GET /wp-content/uploads/2022/06/escape-travel-services-ceo-960x636.jpg HTTP/1.1" 200 68034 "http://www.escapetravelservices.com/?fbclid=IwZXh0bgNhZW0CMTEAc3J0YwZhcHBfaWQMMjU2MjgxMDQwNTU4AAEeP6CRCMqa-qf5BEMBiKxcNG3j-zjG1-uUxhZALhFq7kW5hlH2bQpyHtYhAFQ_aem_WoCO4u6OXx1b3NLiGtsiUQ" "Instagram 424.0.0.49.64 Android (36/16; 480dpi; 1080x2400; realme; RMX3998; RE5C94L1; mt6835; en_GB; 929871642)"
31.13.127.23 - - [17/Apr/2026:14:32:07 -0400] "GET /wp-content/uploads/2016/12/treks-in-winter-960x636.jpg HTTP/1.1" 200 78892 "http://www.escapetravelservices.com/?fbclid=IwZXh0bgNhZW0CMTEAc3J0YwZhcHBfaWQMMjU2MjgxMDQwNTU4AAEeP6CRCMqa-qf5BEMBiKxcNG3j-zjG1-uUxhZALhFq7kW5hlH2bQpyHtYhAFQ_aem_WoCO4u6OXx1b3NLiGtsiUQ" "Instagram 424.0.0.49.64 Android (36/16; 480dpi; 1080x2400; realme; RMX3998; RE5C94L1; mt6835; en_GB; 929871642)"
31.13.127.54 - - [17/Apr/2026:14:32:07 -0400] "GET /wp-content/uploads/2021/01/Honeymoon-Destinations-in-India.jpg HTTP/1.1" 200 130539 "http://www.escapetravelservices.com/?fbclid=IwZXh0bgNhZW0CMTEAc3J0YwZhcHBfaWQMMjU2MjgxMDQwNTU4AAEeP6CRCMqa-qf5BEMBiKxcNG3j-zjG1-uUxhZALhFq7kW5hlH2bQpyHtYhAFQ_aem_WoCO4u6OXx1b3NLiGtsiUQ" "Instagram 424.0.0.49.64 Android (36/16; 480dpi; 1080x2400; realme; RMX3998; RE5C94L1; mt6835; en_GB; 929871642)"
31.13.127.71 - - [17/Apr/2026:14:32:06 -0400] "GET /wp-content/uploads/2022/06/Captivating-Bangkok-Pattaya-700x466.jpg HTTP/1.1" 200 80026 "http://www.escapetravelservices.com/?fbclid=IwZXh0bgNhZW0CMTEAc3J0YwZhcHBfaWQMMjU2MjgxMDQwNTU4AAEeP6CRCMqa-qf5BEMBiKxcNG3j-zjG1-uUxhZALhFq7kW5hlH2bQpyHtYhAFQ_aem_WoCO4u6OXx1b3NLiGtsiUQ" "Instagram 424.0.0.49.64 Android (36/16; 480dpi; 1080x2400; realme; RMX3998; RE5C94L1; mt6835; en_GB; 929871642)"
31.13.127.23 - - [17/Apr/2026:14:32:07 -0400] "GET /wp-content/uploads/2021/01/Sri-Lanka-667x466.jpg HTTP/1.1" 200 99457 "http://www.escapetravelservices.com/?fbclid=IwZXh0bgNhZW0CMTEAc3J0YwZhcHBfaWQMMjU2MjgxMDQwNTU4AAEeP6CRCMqa-qf5BEMBiKxcNG3j-zjG1-uUxhZALhFq7kW5hlH2bQpyHtYhAFQ_aem_WoCO4u6OXx1b3NLiGtsiUQ" "Instagram 424.0.0.49.64 Android (36/16; 480dpi; 1080x2400; realme; RMX3998; RE5C94L1; mt6835; en_GB; 929871642)"
31.13.127.54 - - [17/Apr/2026:14:32:07 -0400] "GET /wp-content/uploads/2022/06/uttarakhand-tour-package-for-10-days-700x466.jpg HTTP/1.1" 200 54299 "http://www.escapetravelservices.com/?fbclid=IwZXh0bgNhZW0CMTEAc3J0YwZhcHBfaWQMMjU2MjgxMDQwNTU4AAEeP6CRCMqa-qf5BEMBiKxcNG3j-zjG1-uUxhZALhFq7kW5hlH2bQpyHtYhAFQ_aem_WoCO4u6OXx1b3NLiGtsiUQ" "Instagram 424.0.0.49.64 Android (36/16; 480dpi; 1080x2400; realme; RMX3998; RE5C94L1; mt6835; en_GB; 929871642)"
31.13.127.70 - - [17/Apr/2026:14:32:08 -0400] "GET /wp-content/uploads/2022/06/himachal-pradesh-tour-packages-from-delhi-700x466.jpg HTTP/1.1" 200 85358 "http://www.escapetravelservices.com/?fbclid=IwZXh0bgNhZW0CMTEAc3J0YwZhcHBfaWQMMjU2MjgxMDQwNTU4AAEeP6CRCMqa-qf5BEMBiKxcNG3j-zjG1-uUxhZALhFq7kW5hlH2bQpyHtYhAFQ_aem_WoCO4u6OXx1b3NLiGtsiUQ" "Instagram 424.0.0.49.64 Android (36/16; 480dpi; 1080x2400; realme; RMX3998; RE5C94L1; mt6835; en_GB; 929871642)"
66.220.149.114 - - [17/Apr/2026:14:32:08 -0400] "GET /?fbclid=IwZXh0bgNhZW0CMTEAc3J0YwZhcHBfaWQMMjU2MjgxMDQwNTU4AAEe_6XL38AvV610sjfbnfmncvde2GOiwO7XBk9ZSIcDFqyOSWK4Wo0ktJfYbZc_aem_eiCD919YbBQj5b-P8SV-ow HTTP/1.1" 200 33204 "https://www.facebook.com/" "Mozilla/5.0 (Windows NT 10.0; Win64; x64) AppleWebKit/537.36 (KHTML, like Gecko) Chrome/139.0.0.0 Safari/537.36"
66.220.149.114 - - [17/Apr/2026:14:32:08 -0400] "GET /wp-includes/css/dist/block-library/style.min.css HTTP/1.1" 200 14760 "http://www.escapetravelservices.com/?fbclid=IwZXh0bgNhZW0CMTEAc3J0YwZhcHBfaWQMMjU2MjgxMDQwNTU4AAEe_6XL38AvV610sjfbnfmncvde2GOiwO7XBk9ZSIcDFqyOSWK4Wo0ktJfYbZc_aem_eiCD919YbBQj5b-P8SV-ow" "Mozilla/5.0 (Windows NT 10.0; Win64; x64) AppleWebKit/537.36 (KHTML, like Gecko) Chrome/139.0.0.0 Safari/537.36"
66.220.149.114 - - [17/Apr/2026:14:32:08 -0400] "GET /wp-content/plugins/booked/assets/js/tooltipster/css/themes/tooltipster-light.css HTTP/1.1" 200 226 "http://www.escapetravelservices.com/?fbclid=IwZXh0bgNhZW0CMTEAc3J0YwZhcHBfaWQMMjU2MjgxMDQwNTU4AAEe_6XL38AvV610sjfbnfmncvde2GOiwO7XBk9ZSIcDFqyOSWK4Wo0ktJfYbZc_aem_eiCD919YbBQj5b-P8SV-ow" "Mozilla/5.0 (Windows NT 10.0; Win64; x64) AppleWebKit/537.36 (KHTML, like Gecko) Chrome/139.0.0.0 Safari/537.36"
66.220.149.4 - - [17/Apr/2026:14:32:08 -0400] "GET /wp-content/plugins/booked/assets/css/icons.css HTTP/1.1" 200 6618 "http://www.escapetravelservices.com/?fbclid=IwZXh0bgNhZW0CMTEAc3J0YwZhcHBfaWQMMjU2MjgxMDQwNTU4AAEe_6XL38AvV610sjfbnfmncvde2GOiwO7XBk9ZSIcDFqyOSWK4Wo0ktJfYbZc_aem_eiCD919YbBQj5b-P8SV-ow" "Mozilla/5.0 (Windows NT 10.0; Win64; x64) AppleWebKit/537.36 (KHTML, like Gecko) Chrome/139.0.0.0 Safari/537.36"
66.220.149.22 - - [17/Apr/2026:14:32:08 -0400] "GET /wp-content/plugins/booked/assets/js/tooltipster/css/tooltipster.css HTTP/1.1" 200 1970 "http://www.escapetravelservices.com/?fbclid=IwZXh0bgNhZW0CMTEAc3J0YwZhcHBfaWQMMjU2MjgxMDQwNTU4AAEe_6XL38AvV610sjfbnfmncvde2GOiwO7XBk9ZSIcDFqyOSWK4Wo0ktJfYbZc_aem_eiCD919YbBQj5b-P8SV-ow" "Mozilla/5.0 (Windows NT 10.0; Win64; x64) AppleWebKit/537.36 (KHTML, like Gecko) Chrome/139.0.0.0 Safari/537.36"
31.13.127.54 - - [17/Apr/2026:14:32:08 -0400] "GET /wp-content/uploads/2022/06/kashmir-tour-package-from-delhi-700x466.jpg HTTP/1.1" 200 75674 "http://www.escapetravelservices.com/?fbclid=IwZXh0bgNhZW0CMTEAc3J0YwZhcHBfaWQMMjU2MjgxMDQwNTU4AAEeP6CRCMqa-qf5BEMBiKxcNG3j-zjG1-uUxhZALhFq7kW5hlH2bQpyHtYhAFQ_aem_WoCO4u6OXx1b3NLiGtsiUQ" "Instagram 424.0.0.49.64 Android (36/16; 480dpi; 1080x2400; realme; RMX3998; RE5C94L1; mt6835; en_GB; 929871642)"
31.13.127.23 - - [17/Apr/2026:14:32:08 -0400] "GET /wp-content/uploads/2021/01/Malaysia-960x636.jpg HTTP/1.1" 200 117872 "http://www.escapetravelservices.com/?fbclid=IwZXh0bgNhZW0CMTEAc3J0YwZhcHBfaWQMMjU2MjgxMDQwNTU4AAEeP6CRCMqa-qf5BEMBiKxcNG3j-zjG1-uUxhZALhFq7kW5hlH2bQpyHtYhAFQ_aem_WoCO4u6OXx1b3NLiGtsiUQ" "Instagram 424.0.0.49.64 Android (36/16; 480dpi; 1080x2400; realme; RMX3998; RE5C94L1; mt6835; en_GB; 929871642)"
66.220.149.28 - - [17/Apr/2026:14:32:08 -0400] "GET /?fbclid=IwZXh0bgNhZW0CMTEAc3J0YwZhcHBfaWQMMjU2MjgxMDQwNTU4AAEeeAzoFRMvPHsDgylDtg9iCCy88PgmO7-Zx3AMhrwGhQq0AqC63nHdr3gKBcg_aem_9EsH7PThTe8cAi-Bisz7Ww HTTP/1.1" 200 33204 "https://www.facebook.com/" "Mozilla/5.0 (Windows NT 10.0; Win64; x64) AppleWebKit/537.36 (KHTML, like Gecko) Chrome/139.0.0.0 Safari/537.36"
66.220.149.114 - - [17/Apr/2026:14:32:08 -0400] "GET /wp-content/plugins/booked/assets/css/animations.css HTTP/1.1" 200 562 "http://www.escapetravelservices.com/?fbclid=IwZXh0bgNhZW0CMTEAc3J0YwZhcHBfaWQMMjU2MjgxMDQwNTU4AAEe_6XL38AvV610sjfbnfmncvde2GOiwO7XBk9ZSIcDFqyOSWK4Wo0ktJfYbZc_aem_eiCD919YbBQj5b-P8SV-ow" "Mozilla/5.0 (Windows NT 10.0; Win64; x64) AppleWebKit/537.36 (KHTML, like Gecko) Chrome/139.0.0.0 Safari/537.36"
66.220.149.4 - - [17/Apr/2026:14:32:08 -0400] "GET /wp-content/themes/escapetour/css/reset.css HTTP/1.1" 200 334 "http://www.escapetravelservices.com/?fbclid=IwZXh0bgNhZW0CMTEAc3J0YwZhcHBfaWQMMjU2MjgxMDQwNTU4AAEe_6XL38AvV610sjfbnfmncvde2GOiwO7XBk9ZSIcDFqyOSWK4Wo0ktJfYbZc_aem_eiCD919YbBQj5b-P8SV-ow" "Mozilla/5.0 (Windows NT 10.0; Win64; x64) AppleWebKit/537.36 (KHTML, like Gecko) Chrome/139.0.0.0 Safari/537.36"
66.220.149.114 - - [17/Apr/2026:14:32:08 -0400] "GET /wp-content/plugins/whatsapp-for-wordpress/assets/css/style.css HTTP/1.1" 200 4693 "http://www.escapetravelservices.com/?fbclid=IwZXh0bgNhZW0CMTEAc3J0YwZhcHBfaWQMMjU2MjgxMDQwNTU4AAEe_6XL38AvV610sjfbnfmncvde2GOiwO7XBk9ZSIcDFqyOSWK4Wo0ktJfYbZc_aem_eiCD919YbBQj5b-P8SV-ow" "Mozilla/5.0 (Windows NT 10.0; Win64; x64) AppleWebKit/537.36 (KHTML, like Gecko) Chrome/139.0.0.0 Safari/537.36"
173.252.82.10 - - [17/Apr/2026:14:32:08 -0400] "GET /?fbclid=IwZXh0bgNhZW0CMTEAc3J0YwZhcHBfaWQMMjU2MjgxMDQwNTU4AAEe2aTK7vWAv3XnC_GX9MLEeEAE8A5mr7YUP4c36nw9tst6Il99IPhhz8dmP8Q_aem_BvYhsCDW8ESjj-DI9POV_g HTTP/1.1" 200 33204 "https://www.facebook.com/" "Mozilla/5.0 (Windows NT 10.0; Win64; x64) AppleWebKit/537.36 (KHTML, like Gecko) Chrome/139.0.0.0 Safari/537.36"
66.220.149.43 - - [17/Apr/2026:14:32:08 -0400] "GET /wp-content/plugins/booked/assets/css/icons.css HTTP/1.1" 200 6618 "http://www.escapetravelservices.com/?fbclid=IwZXh0bgNhZW0CMTEAc3J0YwZhcHBfaWQMMjU2MjgxMDQwNTU4AAEeeAzoFRMvPHsDgylDtg9iCCy88PgmO7-Zx3AMhrwGhQq0AqC63nHdr3gKBcg_aem_9EsH7PThTe8cAi-Bisz7Ww" "Mozilla/5.0 (Windows NT 10.0; Win64; x64) AppleWebKit/537.36 (KHTML, like Gecko) Chrome/139.0.0.0 Safari/537.36"
66.220.149.35 - - [17/Apr/2026:14:32:08 -0400] "GET /wp-content/plugins/booked/assets/js/tooltipster/css/tooltipster.css HTTP/1.1" 200 1970 "http://www.escapetravelservices.com/?fbclid=IwZXh0bgNhZW0CMTEAc3J0YwZhcHBfaWQMMjU2MjgxMDQwNTU4AAEeeAzoFRMvPHsDgylDtg9iCCy88PgmO7-Zx3AMhrwGhQq0AqC63nHdr3gKBcg_aem_9EsH7PThTe8cAi-Bisz7Ww" "Mozilla/5.0 (Windows NT 10.0; Win64; x64) AppleWebKit/537.36 (KHTML, like Gecko) Chrome/139.0.0.0 Safari/537.36"
66.220.149.114 - - [17/Apr/2026:14:32:08 -0400] "GET /wp-content/plugins/booked/dist/booked.css HTTP/1.1" 200 10925 "http://www.escapetravelservices.com/?fbclid=IwZXh0bgNhZW0CMTEAc3J0YwZhcHBfaWQMMjU2MjgxMDQwNTU4AAEe_6XL38AvV610sjfbnfmncvde2GOiwO7XBk9ZSIcDFqyOSWK4Wo0ktJfYbZc_aem_eiCD919YbBQj5b-P8SV-ow" "Mozilla/5.0 (Windows NT 10.0; Win64; x64) AppleWebKit/537.36 (KHTML, like Gecko) Chrome/139.0.0.0 Safari/537.36"
66.220.149.4 - - [17/Apr/2026:14:32:08 -0400] "GET /wp-content/plugins/revslider/public/assets/css/rs6.css HTTP/1.1" 200 15207 "http://www.escapetravelservices.com/?fbclid=IwZXh0bgNhZW0CMTEAc3J0YwZhcHBfaWQMMjU2MjgxMDQwNTU4AAEe_6XL38AvV610sjfbnfmncvde2GOiwO7XBk9ZSIcDFqyOSWK4Wo0ktJfYbZc_aem_eiCD919YbBQj5b-P8SV-ow" "Mozilla/5.0 (Windows NT 10.0; Win64; x64) AppleWebKit/537.36 (KHTML, like Gecko) Chrome/139.0.0.0 Safari/537.36"
66.220.149.22 - - [17/Apr/2026:14:32:08 -0400] "GET /wp-content/plugins/contact-form-7/includes/css/styles.css HTTP/1.1" 200 776 "http://www.escapetravelservices.com/?fbclid=IwZXh0bgNhZW0CMTEAc3J0YwZhcHBfaWQMMjU2MjgxMDQwNTU4AAEe_6XL38AvV610sjfbnfmncvde2GOiwO7XBk9ZSIcDFqyOSWK4Wo0ktJfYbZc_aem_eiCD919YbBQj5b-P8SV-ow" "Mozilla/5.0 (Windows NT 10.0; Win64; x64) AppleWebKit/537.36 (KHTML, like Gecko) Chrome/139.0.0.0 Safari/537.36"
66.220.149.114 - - [17/Apr/2026:14:32:08 -0400] "GET /wp-content/plugins/grandtour-custom-post/css/fontawesome-stars-o.css HTTP/1.1" 404 27462 "http://www.escapetravelservices.com/?fbclid=IwZXh0bgNhZW0CMTEAc3J0YwZhcHBfaWQMMjU2MjgxMDQwNTU4AAEe_6XL38AvV610sjfbnfmncvde2GOiwO7XBk9ZSIcDFqyOSWK4Wo0ktJfYbZc_aem_eiCD919YbBQj5b-P8SV-ow" "Mozilla/5.0 (Windows NT 10.0; Win64; x64) AppleWebKit/537.36 (KHTML, like Gecko) Chrome/139.0.0.0 Safari/537.36"
66.220.149.28 - - [17/Apr/2026:14:32:08 -0400] "GET /wp-includes/css/dist/block-library/style.min.css HTTP/1.1" 200 14760 "http://www.escapetravelservices.com/?fbclid=IwZXh0bgNhZW0CMTEAc3J0YwZhcHBfaWQMMjU2MjgxMDQwNTU4AAEeeAzoFRMvPHsDgylDtg9iCCy88PgmO7-Zx3AMhrwGhQq0AqC63nHdr3gKBcg_aem_9EsH7PThTe8cAi-Bisz7Ww" "Mozilla/5.0 (Windows NT 10.0; Win64; x64) AppleWebKit/537.36 (KHTML, like Gecko) Chrome/139.0.0.0 Safari/537.36"
66.220.149.22 - - [17/Apr/2026:14:32:08 -0400] "GET /wp-content/themes/escapetour/css/wordpress.css HTTP/1.1" 200 1176 "http://www.escapetravelservices.com/?fbclid=IwZXh0bgNhZW0CMTEAc3J0YwZhcHBfaWQMMjU2MjgxMDQwNTU4AAEe_6XL38AvV610sjfbnfmncvde2GOiwO7XBk9ZSIcDFqyOSWK4Wo0ktJfYbZc_aem_eiCD919YbBQj5b-P8SV-ow" "Mozilla/5.0 (Windows NT 10.0; Win64; x64) AppleWebKit/537.36 (KHTML, like Gecko) Chrome/139.0.0.0 Safari/537.36"
66.220.149.28 - - [17/Apr/2026:14:32:08 -0400] "GET /wp-content/plugins/booked/assets/js/tooltipster/css/themes/tooltipster-light.css HTTP/1.1" 200 226 "http://www.escapetravelservices.com/?fbclid=IwZXh0bgNhZW0CMTEAc3J0YwZhcHBfaWQMMjU2MjgxMDQwNTU4AAEeeAzoFRMvPHsDgylDtg9iCCy88PgmO7-Zx3AMhrwGhQq0AqC63nHdr3gKBcg_aem_9EsH7PThTe8cAi-Bisz7Ww" "Mozilla/5.0 (Windows NT 10.0; Win64; x64) AppleWebKit/537.36 (KHTML, like Gecko) Chrome/139.0.0.0 Safari/537.36"
66.220.149.4 - - [17/Apr/2026:14:32:08 -0400] "GET /wp-content/themes/escapetour/css/animation.css HTTP/1.1" 200 1055 "http://www.escapetravelservices.com/?fbclid=IwZXh0bgNhZW0CMTEAc3J0YwZhcHBfaWQMMjU2MjgxMDQwNTU4AAEe_6XL38AvV610sjfbnfmncvde2GOiwO7XBk9ZSIcDFqyOSWK4Wo0ktJfYbZc_aem_eiCD919YbBQj5b-P8SV-ow" "Mozilla/5.0 (Windows NT 10.0; Win64; x64) AppleWebKit/537.36 (KHTML, like Gecko) Chrome/139.0.0.0 Safari/537.36"
66.220.149.114 - - [17/Apr/2026:14:32:08 -0400] "GET /wp-content/themes/escapetour/css/ilightbox/ilightbox.css HTTP/1.1" 200 1778 "http://www.escapetravelservices.com/?fbclid=IwZXh0bgNhZW0CMTEAc3J0YwZhcHBfaWQMMjU2MjgxMDQwNTU4AAEe_6XL38AvV610sjfbnfmncvde2GOiwO7XBk9ZSIcDFqyOSWK4Wo0ktJfYbZc_aem_eiCD919YbBQj5b-P8SV-ow" "Mozilla/5.0 (Windows NT 10.0; Win64; x64) AppleWebKit/537.36 (KHTML, like Gecko) Chrome/139.0.0.0 Safari/537.36"
66.220.149.28 - - [17/Apr/2026:14:32:08 -0400] "GET /wp-content/plugins/booked/assets/css/animations.css HTTP/1.1" 200 562 "http://www.escapetravelservices.com/?fbclid=IwZXh0bgNhZW0CMTEAc3J0YwZhcHBfaWQMMjU2MjgxMDQwNTU4AAEeeAzoFRMvPHsDgylDtg9iCCy88PgmO7-Zx3AMhrwGhQq0AqC63nHdr3gKBcg_aem_9EsH7PThTe8cAi-Bisz7Ww" "Mozilla/5.0 (Windows NT 10.0; Win64; x64) AppleWebKit/537.36 (KHTML, like Gecko) Chrome/139.0.0.0 Safari/537.36"
66.220.149.43 - - [17/Apr/2026:14:32:08 -0400] "GET /wp-content/plugins/booked/dist/booked.css HTTP/1.1" 200 10925 "http://www.escapetravelservices.com/?fbclid=IwZXh0bgNhZW0CMTEAc3J0YwZhcHBfaWQMMjU2MjgxMDQwNTU4AAEeeAzoFRMvPHsDgylDtg9iCCy88PgmO7-Zx3AMhrwGhQq0AqC63nHdr3gKBcg_aem_9EsH7PThTe8cAi-Bisz7Ww" "Mozilla/5.0 (Windows NT 10.0; Win64; x64) AppleWebKit/537.36 (KHTML, like Gecko) Chrome/139.0.0.0 Safari/537.36"
66.220.149.28 - - [17/Apr/2026:14:32:08 -0400] "GET /wp-content/plugins/grandtour-custom-post/css/fontawesome-stars-o.css HTTP/1.1" 404 27462 "http://www.escapetravelservices.com/?fbclid=IwZXh0bgNhZW0CMTEAc3J0YwZhcHBfaWQMMjU2MjgxMDQwNTU4AAEeeAzoFRMvPHsDgylDtg9iCCy88PgmO7-Zx3AMhrwGhQq0AqC63nHdr3gKBcg_aem_9EsH7PThTe8cAi-Bisz7Ww" "Mozilla/5.0 (Windows NT 10.0; Win64; x64) AppleWebKit/537.36 (KHTML, like Gecko) Chrome/139.0.0.0 Safari/537.36"
66.220.149.35 - - [17/Apr/2026:14:32:08 -0400] "GET /wp-content/plugins/revslider/public/assets/css/rs6.css HTTP/1.1" 200 15207 "http://www.escapetravelservices.com/?fbclid=IwZXh0bgNhZW0CMTEAc3J0YwZhcHBfaWQMMjU2MjgxMDQwNTU4AAEeeAzoFRMvPHsDgylDtg9iCCy88PgmO7-Zx3AMhrwGhQq0AqC63nHdr3gKBcg_aem_9EsH7PThTe8cAi-Bisz7Ww" "Mozilla/5.0 (Windows NT 10.0; Win64; x64) AppleWebKit/537.36 (KHTML, like Gecko) Chrome/139.0.0.0 Safari/537.36"
66.220.149.43 - - [17/Apr/2026:14:32:08 -0400] "GET /wp-content/plugins/whatsapp-for-wordpress/assets/css/style.css HTTP/1.1" 200 4693 "http://www.escapetravelservices.com/?fbclid=IwZXh0bgNhZW0CMTEAc3J0YwZhcHBfaWQMMjU2MjgxMDQwNTU4AAEeeAzoFRMvPHsDgylDtg9iCCy88PgmO7-Zx3AMhrwGhQq0AqC63nHdr3gKBcg_aem_9EsH7PThTe8cAi-Bisz7Ww" "Mozilla/5.0 (Windows NT 10.0; Win64; x64) AppleWebKit/537.36 (KHTML, like Gecko) Chrome/139.0.0.0 Safari/537.36"
66.220.149.114 - - [17/Apr/2026:14:32:08 -0400] "GET /wp-content/themes/escapetour/css/odometer-theme-minimal.css HTTP/1.1" 200 629 "http://www.escapetravelservices.com/?fbclid=IwZXh0bgNhZW0CMTEAc3J0YwZhcHBfaWQMMjU2MjgxMDQwNTU4AAEe_6XL38AvV610sjfbnfmncvde2GOiwO7XBk9ZSIcDFqyOSWK4Wo0ktJfYbZc_aem_eiCD919YbBQj5b-P8SV-ow" "Mozilla/5.0 (Windows NT 10.0; Win64; x64) AppleWebKit/537.36 (KHTML, like Gecko) Chrome/139.0.0.0 Safari/537.36"
66.220.149.28 - - [17/Apr/2026:14:32:08 -0400] "GET /wp-content/themes/escapetour/css/reset.css HTTP/1.1" 200 334 "http://www.escapetravelservices.com/?fbclid=IwZXh0bgNhZW0CMTEAc3J0YwZhcHBfaWQMMjU2MjgxMDQwNTU4AAEeeAzoFRMvPHsDgylDtg9iCCy88PgmO7-Zx3AMhrwGhQq0AqC63nHdr3gKBcg_aem_9EsH7PThTe8cAi-Bisz7Ww" "Mozilla/5.0 (Windows NT 10.0; Win64; x64) AppleWebKit/537.36 (KHTML, like Gecko) Chrome/139.0.0.0 Safari/537.36"
66.220.149.43 - - [17/Apr/2026:14:32:08 -0400] "GET /wp-content/themes/escapetour/css/wordpress.css HTTP/1.1" 200 1176 "http://www.escapetravelservices.com/?fbclid=IwZXh0bgNhZW0CMTEAc3J0YwZhcHBfaWQMMjU2MjgxMDQwNTU4AAEeeAzoFRMvPHsDgylDtg9iCCy88PgmO7-Zx3AMhrwGhQq0AqC63nHdr3gKBcg_aem_9EsH7PThTe8cAi-Bisz7Ww" "Mozilla/5.0 (Windows NT 10.0; Win64; x64) AppleWebKit/537.36 (KHTML, like Gecko) Chrome/139.0.0.0 Safari/537.36"
66.220.149.22 - - [17/Apr/2026:14:32:08 -0400] "GET /wp-content/themes/escapetour/css/font-awesome.min.css HTTP/1.1" 200 7749 "http://www.escapetravelservices.com/?fbclid=IwZXh0bgNhZW0CMTEAc3J0YwZhcHBfaWQMMjU2MjgxMDQwNTU4AAEe_6XL38AvV610sjfbnfmncvde2GOiwO7XBk9ZSIcDFqyOSWK4Wo0ktJfYbZc_aem_eiCD919YbBQj5b-P8SV-ow" "Mozilla/5.0 (Windows NT 10.0; Win64; x64) AppleWebKit/537.36 (KHTML, like Gecko) Chrome/139.0.0.0 Safari/537.36"
66.220.149.22 - - [17/Apr/2026:14:32:08 -0400] "GET /wp-content/themes/escapetour/css/jqueryui/custom.css HTTP/1.1" 200 5287 "http://www.escapetravelservices.com/?fbclid=IwZXh0bgNhZW0CMTEAc3J0YwZhcHBfaWQMMjU2MjgxMDQwNTU4AAEe_6XL38AvV610sjfbnfmncvde2GOiwO7XBk9ZSIcDFqyOSWK4Wo0ktJfYbZc_aem_eiCD919YbBQj5b-P8SV-ow" "Mozilla/5.0 (Windows NT 10.0; Win64; x64) AppleWebKit/537.36 (KHTML, like Gecko) Chrome/139.0.0.0 Safari/537.36"
66.220.149.35 - - [17/Apr/2026:14:32:08 -0400] "GET /wp-content/plugins/contact-form-7/includes/css/styles.css HTTP/1.1" 200 776 "http://www.escapetravelservices.com/?fbclid=IwZXh0bgNhZW0CMTEAc3J0YwZhcHBfaWQMMjU2MjgxMDQwNTU4AAEeeAzoFRMvPHsDgylDtg9iCCy88PgmO7-Zx3AMhrwGhQq0AqC63nHdr3gKBcg_aem_9EsH7PThTe8cAi-Bisz7Ww" "Mozilla/5.0 (Windows NT 10.0; Win64; x64) AppleWebKit/537.36 (KHTML, like Gecko) Chrome/139.0.0.0 Safari/537.36"
66.220.149.114 - - [17/Apr/2026:14:32:08 -0400] "GET /wp-includes/js/mediaelement/mediaelementplayer-legacy.min.css HTTP/1.1" 200 2967 "http://www.escapetravelservices.com/?fbclid=IwZXh0bgNhZW0CMTEAc3J0YwZhcHBfaWQMMjU2MjgxMDQwNTU4AAEe_6XL38AvV610sjfbnfmncvde2GOiwO7XBk9ZSIcDFqyOSWK4Wo0ktJfYbZc_aem_eiCD919YbBQj5b-P8SV-ow" "Mozilla/5.0 (Windows NT 10.0; Win64; x64) AppleWebKit/537.36 (KHTML, like Gecko) Chrome/139.0.0.0 Safari/537.36"
66.220.149.4 - - [17/Apr/2026:14:32:08 -0400] "GET /wp-content/themes/escapetour/js/flexslider/flexslider.css HTTP/1.1" 200 2042 "http://www.escapetravelservices.com/?fbclid=IwZXh0bgNhZW0CMTEAc3J0YwZhcHBfaWQMMjU2MjgxMDQwNTU4AAEe_6XL38AvV610sjfbnfmncvde2GOiwO7XBk9ZSIcDFqyOSWK4Wo0ktJfYbZc_aem_eiCD919YbBQj5b-P8SV-ow" "Mozilla/5.0 (Windows NT 10.0; Win64; x64) AppleWebKit/537.36 (KHTML, like Gecko) Chrome/139.0.0.0 Safari/537.36"
66.220.149.22 - - [17/Apr/2026:14:32:08 -0400] "GET /wp-content/themes/escapetour/css/tooltipster.css HTTP/1.1" 200 1874 "http://www.escapetravelservices.com/?fbclid=IwZXh0bgNhZW0CMTEAc3J0YwZhcHBfaWQMMjU2MjgxMDQwNTU4AAEe_6XL38AvV610sjfbnfmncvde2GOiwO7XBk9ZSIcDFqyOSWK4Wo0ktJfYbZc_aem_eiCD919YbBQj5b-P8SV-ow" "Mozilla/5.0 (Windows NT 10.0; Win64; x64) AppleWebKit/537.36 (KHTML, like Gecko) Chrome/139.0.0.0 Safari/537.36"
173.252.82.10 - - [17/Apr/2026:14:32:08 -0400] "GET /wp-includes/css/dist/block-library/style.min.css HTTP/1.1" 200 14760 "http://www.escapetravelservices.com/?fbclid=IwZXh0bgNhZW0CMTEAc3J0YwZhcHBfaWQMMjU2MjgxMDQwNTU4AAEe2aTK7vWAv3XnC_GX9MLEeEAE8A5mr7YUP4c36nw9tst6Il99IPhhz8dmP8Q_aem_BvYhsCDW8ESjj-DI9POV_g" "Mozilla/5.0 (Windows NT 10.0; Win64; x64) AppleWebKit/537.36 (KHTML, like Gecko) Chrome/139.0.0.0 Safari/537.36"
66.220.149.4 - - [17/Apr/2026:14:32:08 -0400] "GET /wp-content/themes/escapetour/css/screen.css HTTP/1.1" 200 38946 "http://www.escapetravelservices.com/?fbclid=IwZXh0bgNhZW0CMTEAc3J0YwZhcHBfaWQMMjU2MjgxMDQwNTU4AAEe_6XL38AvV610sjfbnfmncvde2GOiwO7XBk9ZSIcDFqyOSWK4Wo0ktJfYbZc_aem_eiCD919YbBQj5b-P8SV-ow" "Mozilla/5.0 (Windows NT 10.0; Win64; x64) AppleWebKit/537.36 (KHTML, like Gecko) Chrome/139.0.0.0 Safari/537.36"
66.220.149.114 - - [17/Apr/2026:14:32:08 -0400] "GET /wp-content/themes/escapetour/css/menus/leftalignmenu.css HTTP/1.1" 200 862 "http://www.escapetravelservices.com/?fbclid=IwZXh0bgNhZW0CMTEAc3J0YwZhcHBfaWQMMjU2MjgxMDQwNTU4AAEe_6XL38AvV610sjfbnfmncvde2GOiwO7XBk9ZSIcDFqyOSWK4Wo0ktJfYbZc_aem_eiCD919YbBQj5b-P8SV-ow" "Mozilla/5.0 (Windows NT 10.0; Win64; x64) AppleWebKit/537.36 (KHTML, like Gecko) Chrome/139.0.0.0 Safari/537.36"
173.252.82.10 - - [17/Apr/2026:14:32:08 -0400] "GET /wp-content/plugins/booked/assets/js/tooltipster/css/themes/tooltipster-light.css HTTP/1.1" 200 226 "http://www.escapetravelservices.com/?fbclid=IwZXh0bgNhZW0CMTEAc3J0YwZhcHBfaWQMMjU2MjgxMDQwNTU4AAEe2aTK7vWAv3XnC_GX9MLEeEAE8A5mr7YUP4c36nw9tst6Il99IPhhz8dmP8Q_aem_BvYhsCDW8ESjj-DI9POV_g" "Mozilla/5.0 (Windows NT 10.0; Win64; x64) AppleWebKit/537.36 (KHTML, like Gecko) Chrome/139.0.0.0 Safari/537.36"
173.252.82.10 - - [17/Apr/2026:14:32:08 -0400] "GET /wp-content/plugins/booked/assets/css/animations.css HTTP/1.1" 200 562 "http://www.escapetravelservices.com/?fbclid=IwZXh0bgNhZW0CMTEAc3J0YwZhcHBfaWQMMjU2MjgxMDQwNTU4AAEe2aTK7vWAv3XnC_GX9MLEeEAE8A5mr7YUP4c36nw9tst6Il99IPhhz8dmP8Q_aem_BvYhsCDW8ESjj-DI9POV_g" "Mozilla/5.0 (Windows NT 10.0; Win64; x64) AppleWebKit/537.36 (KHTML, like Gecko) Chrome/139.0.0.0 Safari/537.36"
66.220.149.22 - - [17/Apr/2026:14:32:08 -0400] "GET /wp-content/plugins/sliding-enquiry-form/css/sliding-enquiry.css HTTP/1.1" 200 2015 "http://www.escapetravelservices.com/?fbclid=IwZXh0bgNhZW0CMTEAc3J0YwZhcHBfaWQMMjU2MjgxMDQwNTU4AAEe_6XL38AvV610sjfbnfmncvde2GOiwO7XBk9ZSIcDFqyOSWK4Wo0ktJfYbZc_aem_eiCD919YbBQj5b-P8SV-ow" "Mozilla/5.0 (Windows NT 10.0; Win64; x64) AppleWebKit/537.36 (KHTML, like Gecko) Chrome/139.0.0.0 Safari/537.36"
66.220.149.114 - - [17/Apr/2026:14:32:08 -0400] "GET /wp-content/plugins/meks-easy-instagram-widget/css/widget.css HTTP/1.1" 200 302 "http://www.escapetravelservices.com/?fbclid=IwZXh0bgNhZW0CMTEAc3J0YwZhcHBfaWQMMjU2MjgxMDQwNTU4AAEe_6XL38AvV610sjfbnfmncvde2GOiwO7XBk9ZSIcDFqyOSWK4Wo0ktJfYbZc_aem_eiCD919YbBQj5b-P8SV-ow" "Mozilla/5.0 (Windows NT 10.0; Win64; x64) AppleWebKit/537.36 (KHTML, like Gecko) Chrome/139.0.0.0 Safari/537.36"
173.252.82.15 - - [17/Apr/2026:14:32:09 -0400] "GET /wp-content/plugins/booked/assets/css/icons.css HTTP/1.1" 200 6618 "http://www.escapetravelservices.com/?fbclid=IwZXh0bgNhZW0CMTEAc3J0YwZhcHBfaWQMMjU2MjgxMDQwNTU4AAEe2aTK7vWAv3XnC_GX9MLEeEAE8A5mr7YUP4c36nw9tst6Il99IPhhz8dmP8Q_aem_BvYhsCDW8ESjj-DI9POV_g" "Mozilla/5.0 (Windows NT 10.0; Win64; x64) AppleWebKit/537.36 (KHTML, like Gecko) Chrome/139.0.0.0 Safari/537.36"
173.252.82.10 - - [17/Apr/2026:14:32:09 -0400] "GET /wp-content/plugins/booked/dist/booked.css HTTP/1.1" 200 10925 "http://www.escapetravelservices.com/?fbclid=IwZXh0bgNhZW0CMTEAc3J0YwZhcHBfaWQMMjU2MjgxMDQwNTU4AAEe2aTK7vWAv3XnC_GX9MLEeEAE8A5mr7YUP4c36nw9tst6Il99IPhhz8dmP8Q_aem_BvYhsCDW8ESjj-DI9POV_g" "Mozilla/5.0 (Windows NT 10.0; Win64; x64) AppleWebKit/537.36 (KHTML, like Gecko) Chrome/139.0.0.0 Safari/537.36"
66.220.149.114 - - [17/Apr/2026:14:32:09 -0400] "GET /wp-content/themes/escapetour/css/grid.css HTTP/1.1" 200 9765 "http://www.escapetravelservices.com/?fbclid=IwZXh0bgNhZW0CMTEAc3J0YwZhcHBfaWQMMjU2MjgxMDQwNTU4AAEe_6XL38AvV610sjfbnfmncvde2GOiwO7XBk9ZSIcDFqyOSWK4Wo0ktJfYbZc_aem_eiCD919YbBQj5b-P8SV-ow" "Mozilla/5.0 (Windows NT 10.0; Win64; x64) AppleWebKit/537.36 (KHTML, like Gecko) Chrome/139.0.0.0 Safari/537.36"
173.252.82.112 - - [17/Apr/2026:14:32:09 -0400] "GET /wp-content/plugins/grandtour-custom-post/css/fontawesome-stars-o.css HTTP/1.1" 404 27462 "http://www.escapetravelservices.com/?fbclid=IwZXh0bgNhZW0CMTEAc3J0YwZhcHBfaWQMMjU2MjgxMDQwNTU4AAEe2aTK7vWAv3XnC_GX9MLEeEAE8A5mr7YUP4c36nw9tst6Il99IPhhz8dmP8Q_aem_BvYhsCDW8ESjj-DI9POV_g" "Mozilla/5.0 (Windows NT 10.0; Win64; x64) AppleWebKit/537.36 (KHTML, like Gecko) Chrome/139.0.0.0 Safari/537.36"
66.220.149.114 - - [17/Apr/2026:14:32:09 -0400] "GET /wp-content/themes/escapetour/modules/kirki/assets/css/kirki-styles.css HTTP/1.1" 200 0 "http://www.escapetravelservices.com/?fbclid=IwZXh0bgNhZW0CMTEAc3J0YwZhcHBfaWQMMjU2MjgxMDQwNTU4AAEe_6XL38AvV610sjfbnfmncvde2GOiwO7XBk9ZSIcDFqyOSWK4Wo0ktJfYbZc_aem_eiCD919YbBQj5b-P8SV-ow" "Mozilla/5.0 (Windows NT 10.0; Win64; x64) AppleWebKit/537.36 (KHTML, like Gecko) Chrome/139.0.0.0 Safari/537.36"
173.252.82.10 - - [17/Apr/2026:14:32:09 -0400] "GET /wp-content/plugins/whatsapp-for-wordpress/assets/css/style.css HTTP/1.1" 200 4693 "http://www.escapetravelservices.com/?fbclid=IwZXh0bgNhZW0CMTEAc3J0YwZhcHBfaWQMMjU2MjgxMDQwNTU4AAEe2aTK7vWAv3XnC_GX9MLEeEAE8A5mr7YUP4c36nw9tst6Il99IPhhz8dmP8Q_aem_BvYhsCDW8ESjj-DI9POV_g" "Mozilla/5.0 (Windows NT 10.0; Win64; x64) AppleWebKit/537.36 (KHTML, like Gecko) Chrome/139.0.0.0 Safari/537.36"
66.220.149.114 - - [17/Apr/2026:14:32:08 -0400] "GET /wp-content/themes/escapetour/css/themify-icons.css HTTP/1.1" 200 3159 "http://www.escapetravelservices.com/?fbclid=IwZXh0bgNhZW0CMTEAc3J0YwZhcHBfaWQMMjU2MjgxMDQwNTU4AAEe_6XL38AvV610sjfbnfmncvde2GOiwO7XBk9ZSIcDFqyOSWK4Wo0ktJfYbZc_aem_eiCD919YbBQj5b-P8SV-ow" "Mozilla/5.0 (Windows NT 10.0; Win64; x64) AppleWebKit/537.36 (KHTML, like Gecko) Chrome/139.0.0.0 Safari/537.36"
173.252.82.112 - - [17/Apr/2026:14:32:08 -0400] "GET /wp-content/plugins/booked/assets/js/tooltipster/css/tooltipster.css HTTP/1.1" 200 1970 "http://www.escapetravelservices.com/?fbclid=IwZXh0bgNhZW0CMTEAc3J0YwZhcHBfaWQMMjU2MjgxMDQwNTU4AAEe2aTK7vWAv3XnC_GX9MLEeEAE8A5mr7YUP4c36nw9tst6Il99IPhhz8dmP8Q_aem_BvYhsCDW8ESjj-DI9POV_g" "Mozilla/5.0 (Windows NT 10.0; Win64; x64) AppleWebKit/537.36 (KHTML, like Gecko) Chrome/139.0.0.0 Safari/537.36"
66.220.149.22 - - [17/Apr/2026:14:32:09 -0400] "GET /wp-content/plugins/sliding-enquiry-form/css/font-awesome.min.css HTTP/1.1" 200 7749 "http://www.escapetravelservices.com/?fbclid=IwZXh0bgNhZW0CMTEAc3J0YwZhcHBfaWQMMjU2MjgxMDQwNTU4AAEe_6XL38AvV610sjfbnfmncvde2GOiwO7XBk9ZSIcDFqyOSWK4Wo0ktJfYbZc_aem_eiCD919YbBQj5b-P8SV-ow" "Mozilla/5.0 (Windows NT 10.0; Win64; x64) AppleWebKit/537.36 (KHTML, like Gecko) Chrome/139.0.0.0 Safari/537.36"
173.252.82.112 - - [17/Apr/2026:14:32:09 -0400] "GET /wp-content/plugins/contact-form-7/includes/css/styles.css HTTP/1.1" 200 776 "http://www.escapetravelservices.com/?fbclid=IwZXh0bgNhZW0CMTEAc3J0YwZhcHBfaWQMMjU2MjgxMDQwNTU4AAEe2aTK7vWAv3XnC_GX9MLEeEAE8A5mr7YUP4c36nw9tst6Il99IPhhz8dmP8Q_aem_BvYhsCDW8ESjj-DI9POV_g" "Mozilla/5.0 (Windows NT 10.0; Win64; x64) AppleWebKit/537.36 (KHTML, like Gecko) Chrome/139.0.0.0 Safari/537.36"
173.252.82.15 - - [17/Apr/2026:14:32:09 -0400] "GET /wp-content/plugins/revslider/public/assets/css/rs6.css HTTP/1.1" 200 15207 "http://www.escapetravelservices.com/?fbclid=IwZXh0bgNhZW0CMTEAc3J0YwZhcHBfaWQMMjU2MjgxMDQwNTU4AAEe2aTK7vWAv3XnC_GX9MLEeEAE8A5mr7YUP4c36nw9tst6Il99IPhhz8dmP8Q_aem_BvYhsCDW8ESjj-DI9POV_g" "Mozilla/5.0 (Windows NT 10.0; Win64; x64) AppleWebKit/537.36 (KHTML, like Gecko) Chrome/139.0.0.0 Safari/537.36"
66.220.149.114 - - [17/Apr/2026:14:32:09 -0400] "GET /wp-content/themes/escapetour/css/light-skin/skin.css HTTP/1.1" 200 1532 "http://www.escapetravelservices.com/wp-content/themes/escapetour/css/ilightbox/ilightbox.css" "Mozilla/5.0 (Windows NT 10.0; Win64; x64) AppleWebKit/537.36 (KHTML, like Gecko) Chrome/139.0.0.0 Safari/537.36"
173.252.82.15 - - [17/Apr/2026:14:32:09 -0400] "GET /wp-content/themes/escapetour/css/animation.css HTTP/1.1" 200 1055 "http://www.escapetravelservices.com/?fbclid=IwZXh0bgNhZW0CMTEAc3J0YwZhcHBfaWQMMjU2MjgxMDQwNTU4AAEe2aTK7vWAv3XnC_GX9MLEeEAE8A5mr7YUP4c36nw9tst6Il99IPhhz8dmP8Q_aem_BvYhsCDW8ESjj-DI9POV_g" "Mozilla/5.0 (Windows NT 10.0; Win64; x64) AppleWebKit/537.36 (KHTML, like Gecko) Chrome/139.0.0.0 Safari/537.36"
66.220.149.114 - - [17/Apr/2026:14:32:09 -0400] "GET /wp-content/themes/escapetour/css/parade-skin/skin.css HTTP/1.1" 200 636 "http://www.escapetravelservices.com/wp-content/themes/escapetour/css/ilightbox/ilightbox.css" "Mozilla/5.0 (Windows NT 10.0; Win64; x64) AppleWebKit/537.36 (KHTML, like Gecko) Chrome/139.0.0.0 Safari/537.36"
173.252.82.10 - - [17/Apr/2026:14:32:09 -0400] "GET /wp-content/themes/escapetour/css/jqueryui/custom.css HTTP/1.1" 200 5287 "http://www.escapetravelservices.com/?fbclid=IwZXh0bgNhZW0CMTEAc3J0YwZhcHBfaWQMMjU2MjgxMDQwNTU4AAEe2aTK7vWAv3XnC_GX9MLEeEAE8A5mr7YUP4c36nw9tst6Il99IPhhz8dmP8Q_aem_BvYhsCDW8ESjj-DI9POV_g" "Mozilla/5.0 (Windows NT 10.0; Win64; x64) AppleWebKit/537.36 (KHTML, like Gecko) Chrome/139.0.0.0 Safari/537.36"
173.252.82.10 - - [17/Apr/2026:14:32:09 -0400] "GET /wp-content/themes/escapetour/css/wordpress.css HTTP/1.1" 200 1176 "http://www.escapetravelservices.com/?fbclid=IwZXh0bgNhZW0CMTEAc3J0YwZhcHBfaWQMMjU2MjgxMDQwNTU4AAEe2aTK7vWAv3XnC_GX9MLEeEAE8A5mr7YUP4c36nw9tst6Il99IPhhz8dmP8Q_aem_BvYhsCDW8ESjj-DI9POV_g" "Mozilla/5.0 (Windows NT 10.0; Win64; x64) AppleWebKit/537.36 (KHTML, like Gecko) Chrome/139.0.0.0 Safari/537.36"
66.220.149.33 - - [17/Apr/2026:14:32:09 -0400] "GET /wp-content/themes/escapetour/css/dark-skin/skin.css HTTP/1.1" 200 1525 "http://www.escapetravelservices.com/wp-content/themes/escapetour/css/ilightbox/ilightbox.css" "Mozilla/5.0 (Windows NT 10.0; Win64; x64) AppleWebKit/537.36 (KHTML, like Gecko) Chrome/139.0.0.0 Safari/537.36"
173.252.87.29 - - [17/Apr/2026:14:32:09 -0400] "GET /?fbclid=IwZXh0bgNhZW0CMTEAc3J0YwZhcHBfaWQMMjU2MjgxMDQwNTU4AAEeu_yKprmZO-km4vsVOT2ytzGVpmGaCn5id-YWf0zaHE3Y1MRh1SQnYbdSlyg_aem_U7QNghNoK9-jH_zZDg0uxg HTTP/1.1" 200 33204 "https://www.facebook.com/" "Mozilla/5.0 (Windows NT 10.0; Win64; x64) AppleWebKit/537.36 (KHTML, like Gecko) Chrome/147.0.0.0 Safari/537.36"
173.252.82.112 - - [17/Apr/2026:14:32:09 -0400] "GET /wp-content/themes/escapetour/css/reset.css HTTP/1.1" 200 334 "http://www.escapetravelservices.com/?fbclid=IwZXh0bgNhZW0CMTEAc3J0YwZhcHBfaWQMMjU2MjgxMDQwNTU4AAEe2aTK7vWAv3XnC_GX9MLEeEAE8A5mr7YUP4c36nw9tst6Il99IPhhz8dmP8Q_aem_BvYhsCDW8ESjj-DI9POV_g" "Mozilla/5.0 (Windows NT 10.0; Win64; x64) AppleWebKit/537.36 (KHTML, like Gecko) Chrome/139.0.0.0 Safari/537.36"
66.220.149.114 - - [17/Apr/2026:14:32:09 -0400] "GET /wp-content/themes/escapetour/css/metro-black-skin/skin.css HTTP/1.1" 200 1364 "http://www.escapetravelservices.com/wp-content/themes/escapetour/css/ilightbox/ilightbox.css" "Mozilla/5.0 (Windows NT 10.0; Win64; x64) AppleWebKit/537.36 (KHTML, like Gecko) Chrome/139.0.0.0 Safari/537.36"
173.252.82.15 - - [17/Apr/2026:14:32:09 -0400] "GET /wp-includes/js/mediaelement/mediaelementplayer-legacy.min.css HTTP/1.1" 200 2967 "http://www.escapetravelservices.com/?fbclid=IwZXh0bgNhZW0CMTEAc3J0YwZhcHBfaWQMMjU2MjgxMDQwNTU4AAEe2aTK7vWAv3XnC_GX9MLEeEAE8A5mr7YUP4c36nw9tst6Il99IPhhz8dmP8Q_aem_BvYhsCDW8ESjj-DI9POV_g" "Mozilla/5.0 (Windows NT 10.0; Win64; x64) AppleWebKit/537.36 (KHTML, like Gecko) Chrome/139.0.0.0 Safari/537.36"
66.220.149.33 - - [17/Apr/2026:14:32:09 -0400] "GET /wp-content/themes/escapetour/css/mac-skin/skin.css HTTP/1.1" 200 2033 "http://www.escapetravelservices.com/wp-content/themes/escapetour/css/ilightbox/ilightbox.css" "Mozilla/5.0 (Windows NT 10.0; Win64; x64) AppleWebKit/537.36 (KHTML, like Gecko) Chrome/139.0.0.0 Safari/537.36"
66.220.149.28 - - [17/Apr/2026:14:32:09 -0400] "GET /wp-content/themes/escapetour/css/ilightbox/ilightbox.css HTTP/1.1" 200 1778 "http://www.escapetravelservices.com/?fbclid=IwZXh0bgNhZW0CMTEAc3J0YwZhcHBfaWQMMjU2MjgxMDQwNTU4AAEeeAzoFRMvPHsDgylDtg9iCCy88PgmO7-Zx3AMhrwGhQq0AqC63nHdr3gKBcg_aem_9EsH7PThTe8cAi-Bisz7Ww" "Mozilla/5.0 (Windows NT 10.0; Win64; x64) AppleWebKit/537.36 (KHTML, like Gecko) Chrome/139.0.0.0 Safari/537.36"
66.220.149.35 - - [17/Apr/2026:14:32:09 -0400] "GET /wp-content/themes/escapetour/css/jqueryui/custom.css HTTP/1.1" 200 5287 "http://www.escapetravelservices.com/?fbclid=IwZXh0bgNhZW0CMTEAc3J0YwZhcHBfaWQMMjU2MjgxMDQwNTU4AAEeeAzoFRMvPHsDgylDtg9iCCy88PgmO7-Zx3AMhrwGhQq0AqC63nHdr3gKBcg_aem_9EsH7PThTe8cAi-Bisz7Ww" "Mozilla/5.0 (Windows NT 10.0; Win64; x64) AppleWebKit/537.36 (KHTML, like Gecko) Chrome/139.0.0.0 Safari/537.36"
173.252.82.15 - - [17/Apr/2026:14:32:09 -0400] "GET /wp-content/themes/escapetour/css/odometer-theme-minimal.css HTTP/1.1" 200 629 "http://www.escapetravelservices.com/?fbclid=IwZXh0bgNhZW0CMTEAc3J0YwZhcHBfaWQMMjU2MjgxMDQwNTU4AAEe2aTK7vWAv3XnC_GX9MLEeEAE8A5mr7YUP4c36nw9tst6Il99IPhhz8dmP8Q_aem_BvYhsCDW8ESjj-DI9POV_g" "Mozilla/5.0 (Windows NT 10.0; Win64; x64) AppleWebKit/537.36 (KHTML, like Gecko) Chrome/139.0.0.0 Safari/537.36"
66.220.149.43 - - [17/Apr/2026:14:32:09 -0400] "GET /wp-content/themes/escapetour/js/flexslider/flexslider.css HTTP/1.1" 200 2042 "http://www.escapetravelservices.com/?fbclid=IwZXh0bgNhZW0CMTEAc3J0YwZhcHBfaWQMMjU2MjgxMDQwNTU4AAEeeAzoFRMvPHsDgylDtg9iCCy88PgmO7-Zx3AMhrwGhQq0AqC63nHdr3gKBcg_aem_9EsH7PThTe8cAi-Bisz7Ww" "Mozilla/5.0 (Windows NT 10.0; Win64; x64) AppleWebKit/537.36 (KHTML, like Gecko) Chrome/139.0.0.0 Safari/537.36"
173.252.82.112 - - [17/Apr/2026:14:32:09 -0400] "GET /wp-content/themes/escapetour/css/screen.css HTTP/1.1" 200 38946 "http://www.escapetravelservices.com/?fbclid=IwZXh0bgNhZW0CMTEAc3J0YwZhcHBfaWQMMjU2MjgxMDQwNTU4AAEe2aTK7vWAv3XnC_GX9MLEeEAE8A5mr7YUP4c36nw9tst6Il99IPhhz8dmP8Q_aem_BvYhsCDW8ESjj-DI9POV_g" "Mozilla/5.0 (Windows NT 10.0; Win64; x64) AppleWebKit/537.36 (KHTML, like Gecko) Chrome/139.0.0.0 Safari/537.36"
66.220.149.35 - - [17/Apr/2026:14:32:09 -0400] "GET /wp-content/themes/escapetour/css/tooltipster.css HTTP/1.1" 200 1874 "http://www.escapetravelservices.com/?fbclid=IwZXh0bgNhZW0CMTEAc3J0YwZhcHBfaWQMMjU2MjgxMDQwNTU4AAEeeAzoFRMvPHsDgylDtg9iCCy88PgmO7-Zx3AMhrwGhQq0AqC63nHdr3gKBcg_aem_9EsH7PThTe8cAi-Bisz7Ww" "Mozilla/5.0 (Windows NT 10.0; Win64; x64) AppleWebKit/537.36 (KHTML, like Gecko) Chrome/139.0.0.0 Safari/537.36"
66.220.149.33 - - [17/Apr/2026:14:32:09 -0400] "GET /wp-includes/js/jquery/jquery.min.js HTTP/1.1" 200 34819 "http://www.escapetravelservices.com/?fbclid=IwZXh0bgNhZW0CMTEAc3J0YwZhcHBfaWQMMjU2MjgxMDQwNTU4AAEe_6XL38AvV610sjfbnfmncvde2GOiwO7XBk9ZSIcDFqyOSWK4Wo0ktJfYbZc_aem_eiCD919YbBQj5b-P8SV-ow" "Mozilla/5.0 (Windows NT 10.0; Win64; x64) AppleWebKit/537.36 (KHTML, like Gecko) Chrome/139.0.0.0 Safari/537.36"
66.220.149.114 - - [17/Apr/2026:14:32:09 -0400] "GET /wp-includes/js/jquery/jquery-migrate.min.js HTTP/1.1" 200 4461 "http://www.escapetravelservices.com/?fbclid=IwZXh0bgNhZW0CMTEAc3J0YwZhcHBfaWQMMjU2MjgxMDQwNTU4AAEe_6XL38AvV610sjfbnfmncvde2GOiwO7XBk9ZSIcDFqyOSWK4Wo0ktJfYbZc_aem_eiCD919YbBQj5b-P8SV-ow" "Mozilla/5.0 (Windows NT 10.0; Win64; x64) AppleWebKit/537.36 (KHTML, like Gecko) Chrome/139.0.0.0 Safari/537.36"
173.252.82.15 - - [17/Apr/2026:14:32:09 -0400] "GET /wp-content/themes/escapetour/css/font-awesome.min.css HTTP/1.1" 200 7749 "http://www.escapetravelservices.com/?fbclid=IwZXh0bgNhZW0CMTEAc3J0YwZhcHBfaWQMMjU2MjgxMDQwNTU4AAEe2aTK7vWAv3XnC_GX9MLEeEAE8A5mr7YUP4c36nw9tst6Il99IPhhz8dmP8Q_aem_BvYhsCDW8ESjj-DI9POV_g" "Mozilla/5.0 (Windows NT 10.0; Win64; x64) AppleWebKit/537.36 (KHTML, like Gecko) Chrome/139.0.0.0 Safari/537.36"
66.220.149.43 - - [17/Apr/2026:14:32:09 -0400] "GET /wp-content/themes/escapetour/css/odometer-theme-minimal.css HTTP/1.1" 200 629 "http://www.escapetravelservices.com/?fbclid=IwZXh0bgNhZW0CMTEAc3J0YwZhcHBfaWQMMjU2MjgxMDQwNTU4AAEeeAzoFRMvPHsDgylDtg9iCCy88PgmO7-Zx3AMhrwGhQq0AqC63nHdr3gKBcg_aem_9EsH7PThTe8cAi-Bisz7Ww" "Mozilla/5.0 (Windows NT 10.0; Win64; x64) AppleWebKit/537.36 (KHTML, like Gecko) Chrome/139.0.0.0 Safari/537.36"
66.220.149.28 - - [17/Apr/2026:14:32:09 -0400] "GET /wp-content/themes/escapetour/css/screen.css HTTP/1.1" 200 38946 "http://www.escapetravelservices.com/?fbclid=IwZXh0bgNhZW0CMTEAc3J0YwZhcHBfaWQMMjU2MjgxMDQwNTU4AAEeeAzoFRMvPHsDgylDtg9iCCy88PgmO7-Zx3AMhrwGhQq0AqC63nHdr3gKBcg_aem_9EsH7PThTe8cAi-Bisz7Ww" "Mozilla/5.0 (Windows NT 10.0; Win64; x64) AppleWebKit/537.36 (KHTML, like Gecko) Chrome/139.0.0.0 Safari/537.36"
66.220.149.4 - - [17/Apr/2026:14:32:08 -0400] "GET /wp-admin/admin-ajax.php?action=grandtour_custom_css HTTP/1.1" 200 1626 "http://www.escapetravelservices.com/?fbclid=IwZXh0bgNhZW0CMTEAc3J0YwZhcHBfaWQMMjU2MjgxMDQwNTU4AAEe_6XL38AvV610sjfbnfmncvde2GOiwO7XBk9ZSIcDFqyOSWK4Wo0ktJfYbZc_aem_eiCD919YbBQj5b-P8SV-ow" "Mozilla/5.0 (Windows NT 10.0; Win64; x64) AppleWebKit/537.36 (KHTML, like Gecko) Chrome/139.0.0.0 Safari/537.36"
173.252.82.15 - - [17/Apr/2026:14:32:09 -0400] "GET /wp-content/themes/escapetour/css/ilightbox/ilightbox.css HTTP/1.1" 200 1778 "http://www.escapetravelservices.com/?fbclid=IwZXh0bgNhZW0CMTEAc3J0YwZhcHBfaWQMMjU2MjgxMDQwNTU4AAEe2aTK7vWAv3XnC_GX9MLEeEAE8A5mr7YUP4c36nw9tst6Il99IPhhz8dmP8Q_aem_BvYhsCDW8ESjj-DI9POV_g" "Mozilla/5.0 (Windows NT 10.0; Win64; x64) AppleWebKit/537.36 (KHTML, like Gecko) Chrome/139.0.0.0 Safari/537.36"
173.252.82.10 - - [17/Apr/2026:14:32:09 -0400] "GET /wp-content/themes/escapetour/js/flexslider/flexslider.css HTTP/1.1" 200 2042 "http://www.escapetravelservices.com/?fbclid=IwZXh0bgNhZW0CMTEAc3J0YwZhcHBfaWQMMjU2MjgxMDQwNTU4AAEe2aTK7vWAv3XnC_GX9MLEeEAE8A5mr7YUP4c36nw9tst6Il99IPhhz8dmP8Q_aem_BvYhsCDW8ESjj-DI9POV_g" "Mozilla/5.0 (Windows NT 10.0; Win64; x64) AppleWebKit/537.36 (KHTML, like Gecko) Chrome/139.0.0.0 Safari/537.36"
66.220.149.114 - - [17/Apr/2026:14:32:09 -0400] "GET /wp-content/themes/escapetour/css/metro-white-skin/skin.css HTTP/1.1" 200 1523 "http://www.escapetravelservices.com/wp-content/themes/escapetour/css/ilightbox/ilightbox.css" "Mozilla/5.0 (Windows NT 10.0; Win64; x64) AppleWebKit/537.36 (KHTML, like Gecko) Chrome/139.0.0.0 Safari/537.36"
173.252.82.112 - - [17/Apr/2026:14:32:09 -0400] "GET /wp-content/themes/escapetour/css/tooltipster.css HTTP/1.1" 200 1874 "http://www.escapetravelservices.com/?fbclid=IwZXh0bgNhZW0CMTEAc3J0YwZhcHBfaWQMMjU2MjgxMDQwNTU4AAEe2aTK7vWAv3XnC_GX9MLEeEAE8A5mr7YUP4c36nw9tst6Il99IPhhz8dmP8Q_aem_BvYhsCDW8ESjj-DI9POV_g" "Mozilla/5.0 (Windows NT 10.0; Win64; x64) AppleWebKit/537.36 (KHTML, like Gecko) Chrome/139.0.0.0 Safari/537.36"
66.220.149.43 - - [17/Apr/2026:14:32:09 -0400] "GET /wp-content/themes/escapetour/css/animation.css HTTP/1.1" 200 1055 "http://www.escapetravelservices.com/?fbclid=IwZXh0bgNhZW0CMTEAc3J0YwZhcHBfaWQMMjU2MjgxMDQwNTU4AAEeeAzoFRMvPHsDgylDtg9iCCy88PgmO7-Zx3AMhrwGhQq0AqC63nHdr3gKBcg_aem_9EsH7PThTe8cAi-Bisz7Ww" "Mozilla/5.0 (Windows NT 10.0; Win64; x64) AppleWebKit/537.36 (KHTML, like Gecko) Chrome/139.0.0.0 Safari/537.36"
66.220.149.114 - - [17/Apr/2026:14:32:09 -0400] "GET /wp-content/themes/escapetour/css/smooth-skin/skin.css HTTP/1.1" 200 1660 "http://www.escapetravelservices.com/wp-content/themes/escapetour/css/ilightbox/ilightbox.css" "Mozilla/5.0 (Windows NT 10.0; Win64; x64) AppleWebKit/537.36 (KHTML, like Gecko) Chrome/139.0.0.0 Safari/537.36"
66.220.149.28 - - [17/Apr/2026:14:32:09 -0400] "GET /wp-includes/js/mediaelement/mediaelementplayer-legacy.min.css HTTP/1.1" 200 2967 "http://www.escapetravelservices.com/?fbclid=IwZXh0bgNhZW0CMTEAc3J0YwZhcHBfaWQMMjU2MjgxMDQwNTU4AAEeeAzoFRMvPHsDgylDtg9iCCy88PgmO7-Zx3AMhrwGhQq0AqC63nHdr3gKBcg_aem_9EsH7PThTe8cAi-Bisz7Ww" "Mozilla/5.0 (Windows NT 10.0; Win64; x64) AppleWebKit/537.36 (KHTML, like Gecko) Chrome/139.0.0.0 Safari/537.36"
173.252.82.10 - - [17/Apr/2026:14:32:09 -0400] "GET /wp-content/themes/escapetour/css/menus/leftalignmenu.css HTTP/1.1" 200 862 "http://www.escapetravelservices.com/?fbclid=IwZXh0bgNhZW0CMTEAc3J0YwZhcHBfaWQMMjU2MjgxMDQwNTU4AAEe2aTK7vWAv3XnC_GX9MLEeEAE8A5mr7YUP4c36nw9tst6Il99IPhhz8dmP8Q_aem_BvYhsCDW8ESjj-DI9POV_g" "Mozilla/5.0 (Windows NT 10.0; Win64; x64) AppleWebKit/537.36 (KHTML, like Gecko) Chrome/139.0.0.0 Safari/537.36"
173.252.82.10 - - [17/Apr/2026:14:32:09 -0400] "GET /wp-content/themes/escapetour/css/themify-icons.css HTTP/1.1" 200 3159 "http://www.escapetravelservices.com/?fbclid=IwZXh0bgNhZW0CMTEAc3J0YwZhcHBfaWQMMjU2MjgxMDQwNTU4AAEe2aTK7vWAv3XnC_GX9MLEeEAE8A5mr7YUP4c36nw9tst6Il99IPhhz8dmP8Q_aem_BvYhsCDW8ESjj-DI9POV_g" "Mozilla/5.0 (Windows NT 10.0; Win64; x64) AppleWebKit/537.36 (KHTML, like Gecko) Chrome/139.0.0.0 Safari/537.36"
66.220.149.35 - - [17/Apr/2026:14:32:09 -0400] "GET /wp-content/themes/escapetour/css/menus/leftalignmenu.css HTTP/1.1" 200 862 "http://www.escapetravelservices.com/?fbclid=IwZXh0bgNhZW0CMTEAc3J0YwZhcHBfaWQMMjU2MjgxMDQwNTU4AAEeeAzoFRMvPHsDgylDtg9iCCy88PgmO7-Zx3AMhrwGhQq0AqC63nHdr3gKBcg_aem_9EsH7PThTe8cAi-Bisz7Ww" "Mozilla/5.0 (Windows NT 10.0; Win64; x64) AppleWebKit/537.36 (KHTML, like Gecko) Chrome/139.0.0.0 Safari/537.36"
66.220.149.4 - - [17/Apr/2026:14:32:09 -0400] "GET /wp-content/plugins/revslider/public/assets/js/rs6.min.js HTTP/1.1" 200 100200 "http://www.escapetravelservices.com/?fbclid=IwZXh0bgNhZW0CMTEAc3J0YwZhcHBfaWQMMjU2MjgxMDQwNTU4AAEe_6XL38AvV610sjfbnfmncvde2GOiwO7XBk9ZSIcDFqyOSWK4Wo0ktJfYbZc_aem_eiCD919YbBQj5b-P8SV-ow" "Mozilla/5.0 (Windows NT 10.0; Win64; x64) AppleWebKit/537.36 (KHTML, like Gecko) Chrome/139.0.0.0 Safari/537.36"
173.252.82.15 - - [17/Apr/2026:14:32:09 -0400] "GET /wp-content/plugins/meks-easy-instagram-widget/css/widget.css HTTP/1.1" 200 302 "http://www.escapetravelservices.com/?fbclid=IwZXh0bgNhZW0CMTEAc3J0YwZhcHBfaWQMMjU2MjgxMDQwNTU4AAEe2aTK7vWAv3XnC_GX9MLEeEAE8A5mr7YUP4c36nw9tst6Il99IPhhz8dmP8Q_aem_BvYhsCDW8ESjj-DI9POV_g" "Mozilla/5.0 (Windows NT 10.0; Win64; x64) AppleWebKit/537.36 (KHTML, like Gecko) Chrome/139.0.0.0 Safari/537.36"
173.252.82.10 - - [17/Apr/2026:14:32:09 -0400] "GET /wp-content/plugins/sliding-enquiry-form/css/sliding-enquiry.css HTTP/1.1" 200 2015 "http://www.escapetravelservices.com/?fbclid=IwZXh0bgNhZW0CMTEAc3J0YwZhcHBfaWQMMjU2MjgxMDQwNTU4AAEe2aTK7vWAv3XnC_GX9MLEeEAE8A5mr7YUP4c36nw9tst6Il99IPhhz8dmP8Q_aem_BvYhsCDW8ESjj-DI9POV_g" "Mozilla/5.0 (Windows NT 10.0; Win64; x64) AppleWebKit/537.36 (KHTML, like Gecko) Chrome/139.0.0.0 Safari/537.36"
66.220.149.33 - - [17/Apr/2026:14:32:09 -0400] "GET /wp-content/plugins/whatsapp-for-wordpress/assets/js/main.js HTTP/1.1" 200 1644 "http://www.escapetravelservices.com/?fbclid=IwZXh0bgNhZW0CMTEAc3J0YwZhcHBfaWQMMjU2MjgxMDQwNTU4AAEe_6XL38AvV610sjfbnfmncvde2GOiwO7XBk9ZSIcDFqyOSWK4Wo0ktJfYbZc_aem_eiCD919YbBQj5b-P8SV-ow" "Mozilla/5.0 (Windows NT 10.0; Win64; x64) AppleWebKit/537.36 (KHTML, like Gecko) Chrome/139.0.0.0 Safari/537.36"
66.220.149.35 - - [17/Apr/2026:14:32:09 -0400] "GET /wp-content/themes/escapetour/css/themify-icons.css HTTP/1.1" 200 3159 "http://www.escapetravelservices.com/?fbclid=IwZXh0bgNhZW0CMTEAc3J0YwZhcHBfaWQMMjU2MjgxMDQwNTU4AAEeeAzoFRMvPHsDgylDtg9iCCy88PgmO7-Zx3AMhrwGhQq0AqC63nHdr3gKBcg_aem_9EsH7PThTe8cAi-Bisz7Ww" "Mozilla/5.0 (Windows NT 10.0; Win64; x64) AppleWebKit/537.36 (KHTML, like Gecko) Chrome/139.0.0.0 Safari/537.36"
66.220.149.35 - - [17/Apr/2026:14:32:09 -0400] "GET /wp-content/plugins/meks-easy-instagram-widget/css/widget.css HTTP/1.1" 200 302 "http://www.escapetravelservices.com/?fbclid=IwZXh0bgNhZW0CMTEAc3J0YwZhcHBfaWQMMjU2MjgxMDQwNTU4AAEeeAzoFRMvPHsDgylDtg9iCCy88PgmO7-Zx3AMhrwGhQq0AqC63nHdr3gKBcg_aem_9EsH7PThTe8cAi-Bisz7Ww" "Mozilla/5.0 (Windows NT 10.0; Win64; x64) AppleWebKit/537.36 (KHTML, like Gecko) Chrome/139.0.0.0 Safari/537.36"
66.220.149.33 - - [17/Apr/2026:14:32:09 -0400] "GET /wp-content/uploads/2022/06/escape-travel-services-ceo-150x150.jpg HTTP/1.1" 200 4381 "http://www.escapetravelservices.com/?fbclid=IwZXh0bgNhZW0CMTEAc3J0YwZhcHBfaWQMMjU2MjgxMDQwNTU4AAEe_6XL38AvV610sjfbnfmncvde2GOiwO7XBk9ZSIcDFqyOSWK4Wo0ktJfYbZc_aem_eiCD919YbBQj5b-P8SV-ow" "Mozilla/5.0 (Windows NT 10.0; Win64; x64) AppleWebKit/537.36 (KHTML, like Gecko) Chrome/139.0.0.0 Safari/537.36"
173.252.87.10 - - [17/Apr/2026:14:32:09 -0400] "GET /wp-content/plugins/booked/assets/js/tooltipster/css/tooltipster.css HTTP/1.1" 200 1970 "http://www.escapetravelservices.com/?fbclid=IwZXh0bgNhZW0CMTEAc3J0YwZhcHBfaWQMMjU2MjgxMDQwNTU4AAEeu_yKprmZO-km4vsVOT2ytzGVpmGaCn5id-YWf0zaHE3Y1MRh1SQnYbdSlyg_aem_U7QNghNoK9-jH_zZDg0uxg" "Mozilla/5.0 (Windows NT 10.0; Win64; x64) AppleWebKit/537.36 (KHTML, like Gecko) Chrome/147.0.0.0 Safari/537.36"
66.220.149.114 - - [17/Apr/2026:14:32:09 -0400] "GET /wp-content/plugins/revslider/public/assets/js/rbtools.min.js HTTP/1.1" 200 50897 "http://www.escapetravelservices.com/?fbclid=IwZXh0bgNhZW0CMTEAc3J0YwZhcHBfaWQMMjU2MjgxMDQwNTU4AAEe_6XL38AvV610sjfbnfmncvde2GOiwO7XBk9ZSIcDFqyOSWK4Wo0ktJfYbZc_aem_eiCD919YbBQj5b-P8SV-ow" "Mozilla/5.0 (Windows NT 10.0; Win64; x64) AppleWebKit/537.36 (KHTML, like Gecko) Chrome/139.0.0.0 Safari/537.36"
66.220.149.28 - - [17/Apr/2026:14:32:09 -0400] "GET /wp-content/themes/escapetour/css/font-awesome.min.css HTTP/1.1" 200 7749 "http://www.escapetravelservices.com/?fbclid=IwZXh0bgNhZW0CMTEAc3J0YwZhcHBfaWQMMjU2MjgxMDQwNTU4AAEeeAzoFRMvPHsDgylDtg9iCCy88PgmO7-Zx3AMhrwGhQq0AqC63nHdr3gKBcg_aem_9EsH7PThTe8cAi-Bisz7Ww" "Mozilla/5.0 (Windows NT 10.0; Win64; x64) AppleWebKit/537.36 (KHTML, like Gecko) Chrome/139.0.0.0 Safari/537.36"
66.220.149.114 - - [17/Apr/2026:14:32:09 -0400] "GET /wp-content/plugins/sliding-enquiry-form/js/modernizr.custom.js HTTP/1.1" 200 3857 "http://www.escapetravelservices.com/?fbclid=IwZXh0bgNhZW0CMTEAc3J0YwZhcHBfaWQMMjU2MjgxMDQwNTU4AAEe_6XL38AvV610sjfbnfmncvde2GOiwO7XBk9ZSIcDFqyOSWK4Wo0ktJfYbZc_aem_eiCD919YbBQj5b-P8SV-ow" "Mozilla/5.0 (Windows NT 10.0; Win64; x64) AppleWebKit/537.36 (KHTML, like Gecko) Chrome/139.0.0.0 Safari/537.36"
173.252.82.15 - - [17/Apr/2026:14:32:09 -0400] "GET /wp-content/plugins/sliding-enquiry-form/css/font-awesome.min.css HTTP/1.1" 200 7749 "http://www.escapetravelservices.com/?fbclid=IwZXh0bgNhZW0CMTEAc3J0YwZhcHBfaWQMMjU2MjgxMDQwNTU4AAEe2aTK7vWAv3XnC_GX9MLEeEAE8A5mr7YUP4c36nw9tst6Il99IPhhz8dmP8Q_aem_BvYhsCDW8ESjj-DI9POV_g" "Mozilla/5.0 (Windows NT 10.0; Win64; x64) AppleWebKit/537.36 (KHTML, like Gecko) Chrome/139.0.0.0 Safari/537.36"
173.252.82.10 - - [17/Apr/2026:14:32:09 -0400] "GET /wp-content/themes/escapetour/css/grid.css HTTP/1.1" 200 9765 "http://www.escapetravelservices.com/?fbclid=IwZXh0bgNhZW0CMTEAc3J0YwZhcHBfaWQMMjU2MjgxMDQwNTU4AAEe2aTK7vWAv3XnC_GX9MLEeEAE8A5mr7YUP4c36nw9tst6Il99IPhhz8dmP8Q_aem_BvYhsCDW8ESjj-DI9POV_g" "Mozilla/5.0 (Windows NT 10.0; Win64; x64) AppleWebKit/537.36 (KHTML, like Gecko) Chrome/139.0.0.0 Safari/537.36"
66.220.149.4 - - [17/Apr/2026:14:32:09 -0400] "GET /wp-content/plugins/sliding-enquiry-form/js/validation.js HTTP/1.1" 200 764 "http://www.escapetravelservices.com/?fbclid=IwZXh0bgNhZW0CMTEAc3J0YwZhcHBfaWQMMjU2MjgxMDQwNTU4AAEe_6XL38AvV610sjfbnfmncvde2GOiwO7XBk9ZSIcDFqyOSWK4Wo0ktJfYbZc_aem_eiCD919YbBQj5b-P8SV-ow" "Mozilla/5.0 (Windows NT 10.0; Win64; x64) AppleWebKit/537.36 (KHTML, like Gecko) Chrome/139.0.0.0 Safari/537.36"
66.220.149.28 - - [17/Apr/2026:14:32:09 -0400] "GET /wp-content/plugins/sliding-enquiry-form/css/sliding-enquiry.css HTTP/1.1" 200 2015 "http://www.escapetravelservices.com/?fbclid=IwZXh0bgNhZW0CMTEAc3J0YwZhcHBfaWQMMjU2MjgxMDQwNTU4AAEeeAzoFRMvPHsDgylDtg9iCCy88PgmO7-Zx3AMhrwGhQq0AqC63nHdr3gKBcg_aem_9EsH7PThTe8cAi-Bisz7Ww" "Mozilla/5.0 (Windows NT 10.0; Win64; x64) AppleWebKit/537.36 (KHTML, like Gecko) Chrome/139.0.0.0 Safari/537.36"
