173.252.82.16 - - [17/Apr/2026:14:32:11 -0400] "GET /wp-content/plugins/whatsapp-for-wordpress/assets/img/whatsapp_logo_green.svg HTTP/1.1" 200 967 "http://www.escapetravelservices.com/wp-content/plugins/whatsapp-for-wordpress/assets/css/style.css" "Mozilla/5.0 (Windows NT 10.0; Win64; x64) AppleWebKit/537.36 (KHTML, like Gecko) Chrome/139.0.0.0 Safari/537.36"
173.252.70.114 - - [17/Apr/2026:14:32:11 -0400] "GET /wp-content/themes/escapetour/css/font-awesome.min.css HTTP/1.1" 200 7749 "http://www.escapetravelservices.com/?fbclid=IwZXh0bgNhZW0CMTEAc3J0YwZhcHBfaWQMMjU2MjgxMDQwNTU4AAEe0McopZyzaBUfINUFoX9GW_-ivJ6u_B8c2c7fUd-6fy2Pi45ZtzlbJYwJozU_aem_B_F13eJWtJA1NH4Ve1S1IA" "Mozilla/5.0 (Windows NT 10.0; Win64; x64) AppleWebKit/537.36 (KHTML, like Gecko) Chrome/74.0.3729.131 Safari/537.36"
173.252.82.112 - - [17/Apr/2026:14:32:11 -0400] "GET /wp-content/uploads/2021/01/498263-700x466.jpg HTTP/1.1" 200 70629 "http://www.escapetravelservices.com/?fbclid=IwZXh0bgNhZW0CMTEAc3J0YwZhcHBfaWQMMjU2MjgxMDQwNTU4AAEe2aTK7vWAv3XnC_GX9MLEeEAE8A5mr7YUP4c36nw9tst6Il99IPhhz8dmP8Q_aem_BvYhsCDW8ESjj-DI9POV_g" "Mozilla/5.0 (Windows NT 10.0; Win64; x64) AppleWebKit/537.36 (KHTML, like Gecko) Chrome/139.0.0.0 Safari/537.36"
173.252.87.7 - - [17/Apr/2026:14:32:11 -0400] "GET /wp-content/uploads/2022/06/Marvelous-Phuket-Krabi-700x466.jpg HTTP/1.1" 200 60497 "http://www.escapetravelservices.com/?fbclid=IwZXh0bgNhZW0CMTEAc3J0YwZhcHBfaWQMMjU2MjgxMDQwNTU4AAEeu_yKprmZO-km4vsVOT2ytzGVpmGaCn5id-YWf0zaHE3Y1MRh1SQnYbdSlyg_aem_U7QNghNoK9-jH_zZDg0uxg" "Mozilla/5.0 (Windows NT 10.0; Win64; x64) AppleWebKit/537.36 (KHTML, like Gecko) Chrome/147.0.0.0 Safari/537.36"
173.252.87.7 - - [17/Apr/2026:14:32:11 -0400] "GET /wp-content/plugins/whatsapp-for-wordpress/assets/img/x_icon.svg HTTP/1.1" 200 383 "http://www.escapetravelservices.com/wp-content/plugins/whatsapp-for-wordpress/assets/css/style.css" "Mozilla/5.0 (Windows NT 10.0; Win64; x64) AppleWebKit/537.36 (KHTML, like Gecko) Chrome/147.0.0.0 Safari/537.36"
173.252.87.28 - - [17/Apr/2026:14:32:11 -0400] "GET /wp-content/plugins/sliding-enquiry-form/captha/CaptchaSecurityImages.php?width=100&height=40&characters=5&code=xtwqk8 HTTP/1.1" 200 201 "http://www.escapetravelservices.com/?fbclid=IwZXh0bgNhZW0CMTEAc3J0YwZhcHBfaWQMMjU2MjgxMDQwNTU4AAEeu_yKprmZO-km4vsVOT2ytzGVpmGaCn5id-YWf0zaHE3Y1MRh1SQnYbdSlyg_aem_U7QNghNoK9-jH_zZDg0uxg" "Mozilla/5.0 (Windows NT 10.0; Win64; x64) AppleWebKit/537.36 (KHTML, like Gecko) Chrome/147.0.0.0 Safari/537.36"
173.252.82.112 - - [17/Apr/2026:14:32:11 -0400] "GET /wp-content/plugins/whatsapp-for-wordpress/assets/img/x_icon.svg HTTP/1.1" 200 383 "http://www.escapetravelservices.com/wp-content/plugins/whatsapp-for-wordpress/assets/css/style.css" "Mozilla/5.0 (Windows NT 10.0; Win64; x64) AppleWebKit/537.36 (KHTML, like Gecko) Chrome/139.0.0.0 Safari/537.36"
173.252.70.114 - - [17/Apr/2026:14:32:11 -0400] "GET /wp-content/themes/escapetour/css/menus/leftalignmenu.css HTTP/1.1" 200 862 "http://www.escapetravelservices.com/?fbclid=IwZXh0bgNhZW0CMTEAc3J0YwZhcHBfaWQMMjU2MjgxMDQwNTU4AAEe0McopZyzaBUfINUFoX9GW_-ivJ6u_B8c2c7fUd-6fy2Pi45ZtzlbJYwJozU_aem_B_F13eJWtJA1NH4Ve1S1IA" "Mozilla/5.0 (Windows NT 10.0; Win64; x64) AppleWebKit/537.36 (KHTML, like Gecko) Chrome/74.0.3729.131 Safari/537.36"
66.220.149.35 - - [17/Apr/2026:14:32:11 -0400] "GET /wp-content/uploads/2016/12/treks-in-winter-960x636.jpg HTTP/1.1" 200 78892 "http://www.escapetravelservices.com/?fbclid=IwZXh0bgNhZW0CMTEAc3J0YwZhcHBfaWQMMjU2MjgxMDQwNTU4AAEeeAzoFRMvPHsDgylDtg9iCCy88PgmO7-Zx3AMhrwGhQq0AqC63nHdr3gKBcg_aem_9EsH7PThTe8cAi-Bisz7Ww" "Mozilla/5.0 (Windows NT 10.0; Win64; x64) AppleWebKit/537.36 (KHTML, like Gecko) Chrome/139.0.0.0 Safari/537.36"
173.252.70.17 - - [17/Apr/2026:14:32:11 -0400] "GET /wp-content/themes/escapetour/css/themify-icons.css HTTP/1.1" 200 3159 "http://www.escapetravelservices.com/?fbclid=IwZXh0bgNhZW0CMTEAc3J0YwZhcHBfaWQMMjU2MjgxMDQwNTU4AAEe0McopZyzaBUfINUFoX9GW_-ivJ6u_B8c2c7fUd-6fy2Pi45ZtzlbJYwJozU_aem_B_F13eJWtJA1NH4Ve1S1IA" "Mozilla/5.0 (Windows NT 10.0; Win64; x64) AppleWebKit/537.36 (KHTML, like Gecko) Chrome/74.0.3729.131 Safari/537.36"
173.252.87.115 - - [17/Apr/2026:14:32:11 -0400] "GET /wp-content/themes/escapetour/js/custom.js HTTP/1.1" 200 5360 "http://www.escapetravelservices.com/?fbclid=IwZXh0bgNhZW0CMTEAc3J0YwZhcHBfaWQMMjU2MjgxMDQwNTU4AAEeu_yKprmZO-km4vsVOT2ytzGVpmGaCn5id-YWf0zaHE3Y1MRh1SQnYbdSlyg_aem_U7QNghNoK9-jH_zZDg0uxg" "Mozilla/5.0 (Windows NT 10.0; Win64; x64) AppleWebKit/537.36 (KHTML, like Gecko) Chrome/147.0.0.0 Safari/537.36"
173.252.87.7 - - [17/Apr/2026:14:32:11 -0400] "GET /wp-content/themes/escapetour/js/jquery.cookie.js HTTP/1.1" 200 1452 "http://www.escapetravelservices.com/?fbclid=IwZXh0bgNhZW0CMTEAc3J0YwZhcHBfaWQMMjU2MjgxMDQwNTU4AAEeu_yKprmZO-km4vsVOT2ytzGVpmGaCn5id-YWf0zaHE3Y1MRh1SQnYbdSlyg_aem_U7QNghNoK9-jH_zZDg0uxg" "Mozilla/5.0 (Windows NT 10.0; Win64; x64) AppleWebKit/537.36 (KHTML, like Gecko) Chrome/147.0.0.0 Safari/537.36"
173.252.87.25 - - [17/Apr/2026:14:32:11 -0400] "GET /wp-content/themes/escapetour/js/custom_plugins.js HTTP/1.1" 200 2016 "http://www.escapetravelservices.com/?fbclid=IwZXh0bgNhZW0CMTEAc3J0YwZhcHBfaWQMMjU2MjgxMDQwNTU4AAEeu_yKprmZO-km4vsVOT2ytzGVpmGaCn5id-YWf0zaHE3Y1MRh1SQnYbdSlyg_aem_U7QNghNoK9-jH_zZDg0uxg" "Mozilla/5.0 (Windows NT 10.0; Win64; x64) AppleWebKit/537.36 (KHTML, like Gecko) Chrome/147.0.0.0 Safari/537.36"
66.220.149.35 - - [17/Apr/2026:14:32:11 -0400] "GET /wp-content/uploads/2021/01/Honeymoon-Destinations-in-India.jpg HTTP/1.1" 200 130539 "http://www.escapetravelservices.com/?fbclid=IwZXh0bgNhZW0CMTEAc3J0YwZhcHBfaWQMMjU2MjgxMDQwNTU4AAEeeAzoFRMvPHsDgylDtg9iCCy88PgmO7-Zx3AMhrwGhQq0AqC63nHdr3gKBcg_aem_9EsH7PThTe8cAi-Bisz7Ww" "Mozilla/5.0 (Windows NT 10.0; Win64; x64) AppleWebKit/537.36 (KHTML, like Gecko) Chrome/139.0.0.0 Safari/537.36"
173.252.82.112 - - [17/Apr/2026:14:32:11 -0400] "GET /wp-content/themes/escapetour/js/jquery.sticky-kit.min.js HTTP/1.1" 200 1340 "http://www.escapetravelservices.com/?fbclid=IwZXh0bgNhZW0CMTEAc3J0YwZhcHBfaWQMMjU2MjgxMDQwNTU4AAEe2aTK7vWAv3XnC_GX9MLEeEAE8A5mr7YUP4c36nw9tst6Il99IPhhz8dmP8Q_aem_BvYhsCDW8ESjj-DI9POV_g" "Mozilla/5.0 (Windows NT 10.0; Win64; x64) AppleWebKit/537.36 (KHTML, like Gecko) Chrome/139.0.0.0 Safari/537.36"
173.252.87.115 - - [17/Apr/2026:14:32:11 -0400] "GET /wp-content/themes/escapetour/js/custom_onepage.js HTTP/1.1" 200 684 "http://www.escapetravelservices.com/?fbclid=IwZXh0bgNhZW0CMTEAc3J0YwZhcHBfaWQMMjU2MjgxMDQwNTU4AAEeu_yKprmZO-km4vsVOT2ytzGVpmGaCn5id-YWf0zaHE3Y1MRh1SQnYbdSlyg_aem_U7QNghNoK9-jH_zZDg0uxg" "Mozilla/5.0 (Windows NT 10.0; Win64; x64) AppleWebKit/537.36 (KHTML, like Gecko) Chrome/147.0.0.0 Safari/537.36"
173.252.70.4 - - [17/Apr/2026:14:32:11 -0400] "GET /wp-content/themes/escapetour/css/tooltipster.css HTTP/1.1" 200 1874 "http://www.escapetravelservices.com/?fbclid=IwZXh0bgNhZW0CMTEAc3J0YwZhcHBfaWQMMjU2MjgxMDQwNTU4AAEe0McopZyzaBUfINUFoX9GW_-ivJ6u_B8c2c7fUd-6fy2Pi45ZtzlbJYwJozU_aem_B_F13eJWtJA1NH4Ve1S1IA" "Mozilla/5.0 (Windows NT 10.0; Win64; x64) AppleWebKit/537.36 (KHTML, like Gecko) Chrome/74.0.3729.131 Safari/537.36"
173.252.70.114 - - [17/Apr/2026:14:32:11 -0400] "GET /wp-content/plugins/sliding-enquiry-form/css/sliding-enquiry.css HTTP/1.1" 200 2015 "http://www.escapetravelservices.com/?fbclid=IwZXh0bgNhZW0CMTEAc3J0YwZhcHBfaWQMMjU2MjgxMDQwNTU4AAEe0McopZyzaBUfINUFoX9GW_-ivJ6u_B8c2c7fUd-6fy2Pi45ZtzlbJYwJozU_aem_B_F13eJWtJA1NH4Ve1S1IA" "Mozilla/5.0 (Windows NT 10.0; Win64; x64) AppleWebKit/537.36 (KHTML, like Gecko) Chrome/74.0.3729.131 Safari/537.36"
173.252.87.25 - - [17/Apr/2026:14:32:11 -0400] "GET /wp-content/uploads/2022/06/Luxe-Dubai-700x466.jpg HTTP/1.1" 200 70497 "http://www.escapetravelservices.com/?fbclid=IwZXh0bgNhZW0CMTEAc3J0YwZhcHBfaWQMMjU2MjgxMDQwNTU4AAEeu_yKprmZO-km4vsVOT2ytzGVpmGaCn5id-YWf0zaHE3Y1MRh1SQnYbdSlyg_aem_U7QNghNoK9-jH_zZDg0uxg" "Mozilla/5.0 (Windows NT 10.0; Win64; x64) AppleWebKit/537.36 (KHTML, like Gecko) Chrome/147.0.0.0 Safari/537.36"
173.252.70.4 - - [17/Apr/2026:14:32:11 -0400] "GET /wp-content/plugins/sliding-enquiry-form/css/font-awesome.min.css HTTP/1.1" 200 7749 "http://www.escapetravelservices.com/?fbclid=IwZXh0bgNhZW0CMTEAc3J0YwZhcHBfaWQMMjU2MjgxMDQwNTU4AAEe0McopZyzaBUfINUFoX9GW_-ivJ6u_B8c2c7fUd-6fy2Pi45ZtzlbJYwJozU_aem_B_F13eJWtJA1NH4Ve1S1IA" "Mozilla/5.0 (Windows NT 10.0; Win64; x64) AppleWebKit/537.36 (KHTML, like Gecko) Chrome/74.0.3729.131 Safari/537.36"
173.252.87.115 - - [17/Apr/2026:14:32:12 -0400] "GET /wp-content/uploads/2022/06/Captivating-Bangkok-Pattaya-700x466.jpg HTTP/1.1" 200 80026 "http://www.escapetravelservices.com/?fbclid=IwZXh0bgNhZW0CMTEAc3J0YwZhcHBfaWQMMjU2MjgxMDQwNTU4AAEeu_yKprmZO-km4vsVOT2ytzGVpmGaCn5id-YWf0zaHE3Y1MRh1SQnYbdSlyg_aem_U7QNghNoK9-jH_zZDg0uxg" "Mozilla/5.0 (Windows NT 10.0; Win64; x64) AppleWebKit/537.36 (KHTML, like Gecko) Chrome/147.0.0.0 Safari/537.36"
173.252.82.17 - - [17/Apr/2026:14:32:12 -0400] "GET /wp-content/themes/escapetour/js/jquery.stellar.min.js HTTP/1.1" 200 3845 "http://www.escapetravelservices.com/?fbclid=IwZXh0bgNhZW0CMTEAc3J0YwZhcHBfaWQMMjU2MjgxMDQwNTU4AAEe2aTK7vWAv3XnC_GX9MLEeEAE8A5mr7YUP4c36nw9tst6Il99IPhhz8dmP8Q_aem_BvYhsCDW8ESjj-DI9POV_g" "Mozilla/5.0 (Windows NT 10.0; Win64; x64) AppleWebKit/537.36 (KHTML, like Gecko) Chrome/139.0.0.0 Safari/537.36"
173.252.87.28 - - [17/Apr/2026:14:32:11 -0400] "GET /wp-content/uploads/2022/06/Luxury-Mauritius-700x466.jpg HTTP/1.1" 200 68250 "http://www.escapetravelservices.com/?fbclid=IwZXh0bgNhZW0CMTEAc3J0YwZhcHBfaWQMMjU2MjgxMDQwNTU4AAEeu_yKprmZO-km4vsVOT2ytzGVpmGaCn5id-YWf0zaHE3Y1MRh1SQnYbdSlyg_aem_U7QNghNoK9-jH_zZDg0uxg" "Mozilla/5.0 (Windows NT 10.0; Win64; x64) AppleWebKit/537.36 (KHTML, like Gecko) Chrome/147.0.0.0 Safari/537.36"
173.252.82.112 - - [17/Apr/2026:14:32:11 -0400] "GET /wp-content/uploads/2022/06/Luxury-Mauritius-700x466.jpg HTTP/1.1" 200 68250 "http://www.escapetravelservices.com/?fbclid=IwZXh0bgNhZW0CMTEAc3J0YwZhcHBfaWQMMjU2MjgxMDQwNTU4AAEe2aTK7vWAv3XnC_GX9MLEeEAE8A5mr7YUP4c36nw9tst6Il99IPhhz8dmP8Q_aem_BvYhsCDW8ESjj-DI9POV_g" "Mozilla/5.0 (Windows NT 10.0; Win64; x64) AppleWebKit/537.36 (KHTML, like Gecko) Chrome/139.0.0.0 Safari/537.36"
173.252.70.114 - - [17/Apr/2026:14:32:11 -0400] "GET /wp-content/plugins/meks-easy-instagram-widget/css/widget.css HTTP/1.1" 200 302 "http://www.escapetravelservices.com/?fbclid=IwZXh0bgNhZW0CMTEAc3J0YwZhcHBfaWQMMjU2MjgxMDQwNTU4AAEe0McopZyzaBUfINUFoX9GW_-ivJ6u_B8c2c7fUd-6fy2Pi45ZtzlbJYwJozU_aem_B_F13eJWtJA1NH4Ve1S1IA" "Mozilla/5.0 (Windows NT 10.0; Win64; x64) AppleWebKit/537.36 (KHTML, like Gecko) Chrome/74.0.3729.131 Safari/537.36"
173.252.82.16 - - [17/Apr/2026:14:32:11 -0400] "GET /wp-content/uploads/2022/06/Marvelous-Phuket-Krabi-700x466.jpg HTTP/1.1" 200 60497 "http://www.escapetravelservices.com/?fbclid=IwZXh0bgNhZW0CMTEAc3J0YwZhcHBfaWQMMjU2MjgxMDQwNTU4AAEe2aTK7vWAv3XnC_GX9MLEeEAE8A5mr7YUP4c36nw9tst6Il99IPhhz8dmP8Q_aem_BvYhsCDW8ESjj-DI9POV_g" "Mozilla/5.0 (Windows NT 10.0; Win64; x64) AppleWebKit/537.36 (KHTML, like Gecko) Chrome/139.0.0.0 Safari/537.36"
173.252.87.115 - - [17/Apr/2026:14:32:11 -0400] "GET /wp-content/uploads/2022/06/kashmir-tour-package-from-delhi-700x466.jpg HTTP/1.1" 200 75674 "http://www.escapetravelservices.com/?fbclid=IwZXh0bgNhZW0CMTEAc3J0YwZhcHBfaWQMMjU2MjgxMDQwNTU4AAEeu_yKprmZO-km4vsVOT2ytzGVpmGaCn5id-YWf0zaHE3Y1MRh1SQnYbdSlyg_aem_U7QNghNoK9-jH_zZDg0uxg" "Mozilla/5.0 (Windows NT 10.0; Win64; x64) AppleWebKit/537.36 (KHTML, like Gecko) Chrome/147.0.0.0 Safari/537.36"
173.252.87.25 - - [17/Apr/2026:14:32:11 -0400] "GET /wp-content/themes/escapetour/js/jarallax-video.js HTTP/1.1" 200 11177 "http://www.escapetravelservices.com/?fbclid=IwZXh0bgNhZW0CMTEAc3J0YwZhcHBfaWQMMjU2MjgxMDQwNTU4AAEeu_yKprmZO-km4vsVOT2ytzGVpmGaCn5id-YWf0zaHE3Y1MRh1SQnYbdSlyg_aem_U7QNghNoK9-jH_zZDg0uxg" "Mozilla/5.0 (Windows NT 10.0; Win64; x64) AppleWebKit/537.36 (KHTML, like Gecko) Chrome/147.0.0.0 Safari/537.36"
173.252.82.16 - - [17/Apr/2026:14:32:11 -0400] "GET /wp-content/themes/escapetour/js/custom_plugins.js HTTP/1.1" 200 2016 "http://www.escapetravelservices.com/?fbclid=IwZXh0bgNhZW0CMTEAc3J0YwZhcHBfaWQMMjU2MjgxMDQwNTU4AAEe2aTK7vWAv3XnC_GX9MLEeEAE8A5mr7YUP4c36nw9tst6Il99IPhhz8dmP8Q_aem_BvYhsCDW8ESjj-DI9POV_g" "Mozilla/5.0 (Windows NT 10.0; Win64; x64) AppleWebKit/537.36 (KHTML, like Gecko) Chrome/139.0.0.0 Safari/537.36"
173.252.87.115 - - [17/Apr/2026:14:32:11 -0400] "GET /wp-content/uploads/2022/06/Jubiliant-Bali-700x466.jpg HTTP/1.1" 200 42842 "http://www.escapetravelservices.com/?fbclid=IwZXh0bgNhZW0CMTEAc3J0YwZhcHBfaWQMMjU2MjgxMDQwNTU4AAEeu_yKprmZO-km4vsVOT2ytzGVpmGaCn5id-YWf0zaHE3Y1MRh1SQnYbdSlyg_aem_U7QNghNoK9-jH_zZDg0uxg" "Mozilla/5.0 (Windows NT 10.0; Win64; x64) AppleWebKit/537.36 (KHTML, like Gecko) Chrome/147.0.0.0 Safari/537.36"
173.252.70.114 - - [17/Apr/2026:14:32:12 -0400] "GET /wp-content/themes/escapetour/css/grid.css HTTP/1.1" 200 9765 "http://www.escapetravelservices.com/?fbclid=IwZXh0bgNhZW0CMTEAc3J0YwZhcHBfaWQMMjU2MjgxMDQwNTU4AAEe0McopZyzaBUfINUFoX9GW_-ivJ6u_B8c2c7fUd-6fy2Pi45ZtzlbJYwJozU_aem_B_F13eJWtJA1NH4Ve1S1IA" "Mozilla/5.0 (Windows NT 10.0; Win64; x64) AppleWebKit/537.36 (KHTML, like Gecko) Chrome/74.0.3729.131 Safari/537.36"
173.252.82.16 - - [17/Apr/2026:14:32:12 -0400] "GET /wp-content/themes/escapetour/js/custom.js HTTP/1.1" 200 5360 "http://www.escapetravelservices.com/?fbclid=IwZXh0bgNhZW0CMTEAc3J0YwZhcHBfaWQMMjU2MjgxMDQwNTU4AAEe2aTK7vWAv3XnC_GX9MLEeEAE8A5mr7YUP4c36nw9tst6Il99IPhhz8dmP8Q_aem_BvYhsCDW8ESjj-DI9POV_g" "Mozilla/5.0 (Windows NT 10.0; Win64; x64) AppleWebKit/537.36 (KHTML, like Gecko) Chrome/139.0.0.0 Safari/537.36"
173.252.82.4 - - [17/Apr/2026:14:32:12 -0400] "GET /wp-content/themes/escapetour/js/jquery.cookie.js HTTP/1.1" 200 1452 "http://www.escapetravelservices.com/?fbclid=IwZXh0bgNhZW0CMTEAc3J0YwZhcHBfaWQMMjU2MjgxMDQwNTU4AAEe2aTK7vWAv3XnC_GX9MLEeEAE8A5mr7YUP4c36nw9tst6Il99IPhhz8dmP8Q_aem_BvYhsCDW8ESjj-DI9POV_g" "Mozilla/5.0 (Windows NT 10.0; Win64; x64) AppleWebKit/537.36 (KHTML, like Gecko) Chrome/139.0.0.0 Safari/537.36"
173.252.70.114 - - [17/Apr/2026:14:32:12 -0400] "GET /wp-content/themes/escapetour/modules/kirki/assets/css/kirki-styles.css HTTP/1.1" 200 0 "http://www.escapetravelservices.com/?fbclid=IwZXh0bgNhZW0CMTEAc3J0YwZhcHBfaWQMMjU2MjgxMDQwNTU4AAEe0McopZyzaBUfINUFoX9GW_-ivJ6u_B8c2c7fUd-6fy2Pi45ZtzlbJYwJozU_aem_B_F13eJWtJA1NH4Ve1S1IA" "Mozilla/5.0 (Windows NT 10.0; Win64; x64) AppleWebKit/537.36 (KHTML, like Gecko) Chrome/74.0.3729.131 Safari/537.36"
173.252.82.16 - - [17/Apr/2026:14:32:12 -0400] "GET /wp-content/themes/escapetour/js/jarallax-video.js HTTP/1.1" 200 11177 "http://www.escapetravelservices.com/?fbclid=IwZXh0bgNhZW0CMTEAc3J0YwZhcHBfaWQMMjU2MjgxMDQwNTU4AAEe2aTK7vWAv3XnC_GX9MLEeEAE8A5mr7YUP4c36nw9tst6Il99IPhhz8dmP8Q_aem_BvYhsCDW8ESjj-DI9POV_g" "Mozilla/5.0 (Windows NT 10.0; Win64; x64) AppleWebKit/537.36 (KHTML, like Gecko) Chrome/139.0.0.0 Safari/537.36"
173.252.82.17 - - [17/Apr/2026:14:32:12 -0400] "GET /wp-includes/js/wp-emoji-release.min.js HTTP/1.1" 200 5712 "http://www.escapetravelservices.com/?fbclid=IwZXh0bgNhZW0CMTEAc3J0YwZhcHBfaWQMMjU2MjgxMDQwNTU4AAEe2aTK7vWAv3XnC_GX9MLEeEAE8A5mr7YUP4c36nw9tst6Il99IPhhz8dmP8Q_aem_BvYhsCDW8ESjj-DI9POV_g" "Mozilla/5.0 (Windows NT 10.0; Win64; x64) AppleWebKit/537.36 (KHTML, like Gecko) Chrome/139.0.0.0 Safari/537.36"
173.252.87.115 - - [17/Apr/2026:14:32:12 -0400] "GET /wp-content/uploads/2022/06/escape-travel-services-ceo-960x636.jpg HTTP/1.1" 200 68034 "http://www.escapetravelservices.com/?fbclid=IwZXh0bgNhZW0CMTEAc3J0YwZhcHBfaWQMMjU2MjgxMDQwNTU4AAEeu_yKprmZO-km4vsVOT2ytzGVpmGaCn5id-YWf0zaHE3Y1MRh1SQnYbdSlyg_aem_U7QNghNoK9-jH_zZDg0uxg" "Mozilla/5.0 (Windows NT 10.0; Win64; x64) AppleWebKit/537.36 (KHTML, like Gecko) Chrome/147.0.0.0 Safari/537.36"
173.252.70.0 - - [17/Apr/2026:14:32:12 -0400] "GET /wp-content/themes/escapetour/css/dark-skin/skin.css HTTP/1.1" 200 1525 "http://www.escapetravelservices.com/wp-content/themes/escapetour/css/ilightbox/ilightbox.css" "Mozilla/5.0 (Windows NT 10.0; Win64; x64) AppleWebKit/537.36 (KHTML, like Gecko) Chrome/74.0.3729.131 Safari/537.36"
173.252.87.115 - - [17/Apr/2026:14:32:12 -0400] "GET /wp-content/uploads/2016/12/treks-in-winter-960x636.jpg HTTP/1.1" 200 78892 "http://www.escapetravelservices.com/?fbclid=IwZXh0bgNhZW0CMTEAc3J0YwZhcHBfaWQMMjU2MjgxMDQwNTU4AAEeu_yKprmZO-km4vsVOT2ytzGVpmGaCn5id-YWf0zaHE3Y1MRh1SQnYbdSlyg_aem_U7QNghNoK9-jH_zZDg0uxg" "Mozilla/5.0 (Windows NT 10.0; Win64; x64) AppleWebKit/537.36 (KHTML, like Gecko) Chrome/147.0.0.0 Safari/537.36"
173.252.82.17 - - [17/Apr/2026:14:32:12 -0400] "GET /wp-content/uploads/2022/06/Jubiliant-Bali-700x466.jpg HTTP/1.1" 200 42842 "http://www.escapetravelservices.com/?fbclid=IwZXh0bgNhZW0CMTEAc3J0YwZhcHBfaWQMMjU2MjgxMDQwNTU4AAEe2aTK7vWAv3XnC_GX9MLEeEAE8A5mr7YUP4c36nw9tst6Il99IPhhz8dmP8Q_aem_BvYhsCDW8ESjj-DI9POV_g" "Mozilla/5.0 (Windows NT 10.0; Win64; x64) AppleWebKit/537.36 (KHTML, like Gecko) Chrome/139.0.0.0 Safari/537.36"
173.252.82.17 - - [17/Apr/2026:14:32:12 -0400] "GET /wp-content/themes/escapetour/js/custom_onepage.js HTTP/1.1" 200 684 "http://www.escapetravelservices.com/?fbclid=IwZXh0bgNhZW0CMTEAc3J0YwZhcHBfaWQMMjU2MjgxMDQwNTU4AAEe2aTK7vWAv3XnC_GX9MLEeEAE8A5mr7YUP4c36nw9tst6Il99IPhhz8dmP8Q_aem_BvYhsCDW8ESjj-DI9POV_g" "Mozilla/5.0 (Windows NT 10.0; Win64; x64) AppleWebKit/537.36 (KHTML, like Gecko) Chrome/139.0.0.0 Safari/537.36"
173.252.70.114 - - [17/Apr/2026:14:32:12 -0400] "GET /wp-content/themes/escapetour/css/light-skin/skin.css HTTP/1.1" 200 1532 "http://www.escapetravelservices.com/wp-content/themes/escapetour/css/ilightbox/ilightbox.css" "Mozilla/5.0 (Windows NT 10.0; Win64; x64) AppleWebKit/537.36 (KHTML, like Gecko) Chrome/74.0.3729.131 Safari/537.36"
173.252.70.114 - - [17/Apr/2026:14:32:12 -0400] "GET /wp-content/themes/escapetour/css/parade-skin/skin.css HTTP/1.1" 200 636 "http://www.escapetravelservices.com/wp-content/themes/escapetour/css/ilightbox/ilightbox.css" "Mozilla/5.0 (Windows NT 10.0; Win64; x64) AppleWebKit/537.36 (KHTML, like Gecko) Chrome/74.0.3729.131 Safari/537.36"
173.252.82.16 - - [17/Apr/2026:14:32:12 -0400] "GET /wp-content/uploads/2022/06/Luxe-Dubai-700x466.jpg HTTP/1.1" 200 70497 "http://www.escapetravelservices.com/?fbclid=IwZXh0bgNhZW0CMTEAc3J0YwZhcHBfaWQMMjU2MjgxMDQwNTU4AAEe2aTK7vWAv3XnC_GX9MLEeEAE8A5mr7YUP4c36nw9tst6Il99IPhhz8dmP8Q_aem_BvYhsCDW8ESjj-DI9POV_g" "Mozilla/5.0 (Windows NT 10.0; Win64; x64) AppleWebKit/537.36 (KHTML, like Gecko) Chrome/139.0.0.0 Safari/537.36"
173.252.70.0 - - [17/Apr/2026:14:32:12 -0400] "GET /wp-content/themes/escapetour/css/metro-black-skin/skin.css HTTP/1.1" 200 1364 "http://www.escapetravelservices.com/wp-content/themes/escapetour/css/ilightbox/ilightbox.css" "Mozilla/5.0 (Windows NT 10.0; Win64; x64) AppleWebKit/537.36 (KHTML, like Gecko) Chrome/74.0.3729.131 Safari/537.36"
173.252.87.115 - - [17/Apr/2026:14:32:12 -0400] "GET /wp-content/uploads/2021/01/Honeymoon-Destinations-in-India.jpg HTTP/1.1" 200 130539 "http://www.escapetravelservices.com/?fbclid=IwZXh0bgNhZW0CMTEAc3J0YwZhcHBfaWQMMjU2MjgxMDQwNTU4AAEeu_yKprmZO-km4vsVOT2ytzGVpmGaCn5id-YWf0zaHE3Y1MRh1SQnYbdSlyg_aem_U7QNghNoK9-jH_zZDg0uxg" "Mozilla/5.0 (Windows NT 10.0; Win64; x64) AppleWebKit/537.36 (KHTML, like Gecko) Chrome/147.0.0.0 Safari/537.36"
173.252.70.114 - - [17/Apr/2026:14:32:12 -0400] "GET /wp-content/themes/escapetour/css/metro-white-skin/skin.css HTTP/1.1" 200 1523 "http://www.escapetravelservices.com/wp-content/themes/escapetour/css/ilightbox/ilightbox.css" "Mozilla/5.0 (Windows NT 10.0; Win64; x64) AppleWebKit/537.36 (KHTML, like Gecko) Chrome/74.0.3729.131 Safari/537.36"
173.252.87.115 - - [17/Apr/2026:14:32:12 -0400] "GET /wp-includes/js/wp-emoji-release.min.js HTTP/1.1" 200 5712 "http://www.escapetravelservices.com/?fbclid=IwZXh0bgNhZW0CMTEAc3J0YwZhcHBfaWQMMjU2MjgxMDQwNTU4AAEeu_yKprmZO-km4vsVOT2ytzGVpmGaCn5id-YWf0zaHE3Y1MRh1SQnYbdSlyg_aem_U7QNghNoK9-jH_zZDg0uxg" "Mozilla/5.0 (Windows NT 10.0; Win64; x64) AppleWebKit/537.36 (KHTML, like Gecko) Chrome/147.0.0.0 Safari/537.36"
173.252.82.16 - - [17/Apr/2026:14:32:12 -0400] "GET /wp-content/uploads/2016/12/treks-in-winter-960x636.jpg HTTP/1.1" 200 78892 "http://www.escapetravelservices.com/?fbclid=IwZXh0bgNhZW0CMTEAc3J0YwZhcHBfaWQMMjU2MjgxMDQwNTU4AAEe2aTK7vWAv3XnC_GX9MLEeEAE8A5mr7YUP4c36nw9tst6Il99IPhhz8dmP8Q_aem_BvYhsCDW8ESjj-DI9POV_g" "Mozilla/5.0 (Windows NT 10.0; Win64; x64) AppleWebKit/537.36 (KHTML, like Gecko) Chrome/139.0.0.0 Safari/537.36"
173.252.70.114 - - [17/Apr/2026:14:32:12 -0400] "GET /wp-includes/js/jquery/jquery-migrate.min.js HTTP/1.1" 200 4461 "http://www.escapetravelservices.com/?fbclid=IwZXh0bgNhZW0CMTEAc3J0YwZhcHBfaWQMMjU2MjgxMDQwNTU4AAEe0McopZyzaBUfINUFoX9GW_-ivJ6u_B8c2c7fUd-6fy2Pi45ZtzlbJYwJozU_aem_B_F13eJWtJA1NH4Ve1S1IA" "Mozilla/5.0 (Windows NT 10.0; Win64; x64) AppleWebKit/537.36 (KHTML, like Gecko) Chrome/74.0.3729.131 Safari/537.36"
173.252.82.16 - - [17/Apr/2026:14:32:12 -0400] "GET /wp-content/uploads/2022/06/Captivating-Bangkok-Pattaya-700x466.jpg HTTP/1.1" 200 80026 "http://www.escapetravelservices.com/?fbclid=IwZXh0bgNhZW0CMTEAc3J0YwZhcHBfaWQMMjU2MjgxMDQwNTU4AAEe2aTK7vWAv3XnC_GX9MLEeEAE8A5mr7YUP4c36nw9tst6Il99IPhhz8dmP8Q_aem_BvYhsCDW8ESjj-DI9POV_g" "Mozilla/5.0 (Windows NT 10.0; Win64; x64) AppleWebKit/537.36 (KHTML, like Gecko) Chrome/139.0.0.0 Safari/537.36"
173.252.70.0 - - [17/Apr/2026:14:32:12 -0400] "GET /wp-content/themes/escapetour/css/mac-skin/skin.css HTTP/1.1" 200 2033 "http://www.escapetravelservices.com/wp-content/themes/escapetour/css/ilightbox/ilightbox.css" "Mozilla/5.0 (Windows NT 10.0; Win64; x64) AppleWebKit/537.36 (KHTML, like Gecko) Chrome/74.0.3729.131 Safari/537.36"
173.252.70.114 - - [17/Apr/2026:14:32:12 -0400] "GET /wp-content/themes/escapetour/css/smooth-skin/skin.css HTTP/1.1" 200 1660 "http://www.escapetravelservices.com/wp-content/themes/escapetour/css/ilightbox/ilightbox.css" "Mozilla/5.0 (Windows NT 10.0; Win64; x64) AppleWebKit/537.36 (KHTML, like Gecko) Chrome/74.0.3729.131 Safari/537.36"
173.252.70.17 - - [17/Apr/2026:14:32:11 -0400] "GET /wp-admin/admin-ajax.php?action=grandtour_custom_css HTTP/1.1" 200 1626 "http://www.escapetravelservices.com/?fbclid=IwZXh0bgNhZW0CMTEAc3J0YwZhcHBfaWQMMjU2MjgxMDQwNTU4AAEe0McopZyzaBUfINUFoX9GW_-ivJ6u_B8c2c7fUd-6fy2Pi45ZtzlbJYwJozU_aem_B_F13eJWtJA1NH4Ve1S1IA" "Mozilla/5.0 (Windows NT 10.0; Win64; x64) AppleWebKit/537.36 (KHTML, like Gecko) Chrome/74.0.3729.131 Safari/537.36"
173.252.82.17 - - [17/Apr/2026:14:32:12 -0400] "GET /wp-content/uploads/2022/06/escape-travel-services-ceo-960x636.jpg HTTP/1.1" 200 68034 "http://www.escapetravelservices.com/?fbclid=IwZXh0bgNhZW0CMTEAc3J0YwZhcHBfaWQMMjU2MjgxMDQwNTU4AAEe2aTK7vWAv3XnC_GX9MLEeEAE8A5mr7YUP4c36nw9tst6Il99IPhhz8dmP8Q_aem_BvYhsCDW8ESjj-DI9POV_g" "Mozilla/5.0 (Windows NT 10.0; Win64; x64) AppleWebKit/537.36 (KHTML, like Gecko) Chrome/139.0.0.0 Safari/537.36"
173.252.70.0 - - [17/Apr/2026:14:32:12 -0400] "GET /wp-content/plugins/revslider/public/assets/js/rbtools.min.js HTTP/1.1" 200 50897 "http://www.escapetravelservices.com/?fbclid=IwZXh0bgNhZW0CMTEAc3J0YwZhcHBfaWQMMjU2MjgxMDQwNTU4AAEe0McopZyzaBUfINUFoX9GW_-ivJ6u_B8c2c7fUd-6fy2Pi45ZtzlbJYwJozU_aem_B_F13eJWtJA1NH4Ve1S1IA" "Mozilla/5.0 (Windows NT 10.0; Win64; x64) AppleWebKit/537.36 (KHTML, like Gecko) Chrome/74.0.3729.131 Safari/537.36"
173.252.70.17 - - [17/Apr/2026:14:32:12 -0400] "GET /wp-content/plugins/whatsapp-for-wordpress/assets/js/main.js HTTP/1.1" 200 1644 "http://www.escapetravelservices.com/?fbclid=IwZXh0bgNhZW0CMTEAc3J0YwZhcHBfaWQMMjU2MjgxMDQwNTU4AAEe0McopZyzaBUfINUFoX9GW_-ivJ6u_B8c2c7fUd-6fy2Pi45ZtzlbJYwJozU_aem_B_F13eJWtJA1NH4Ve1S1IA" "Mozilla/5.0 (Windows NT 10.0; Win64; x64) AppleWebKit/537.36 (KHTML, like Gecko) Chrome/74.0.3729.131 Safari/537.36"
173.252.70.114 - - [17/Apr/2026:14:32:12 -0400] "GET /wp-content/uploads/2021/01/escape-logo-white1.png HTTP/1.1" 200 33369 "http://www.escapetravelservices.com/?fbclid=IwZXh0bgNhZW0CMTEAc3J0YwZhcHBfaWQMMjU2MjgxMDQwNTU4AAEe0McopZyzaBUfINUFoX9GW_-ivJ6u_B8c2c7fUd-6fy2Pi45ZtzlbJYwJozU_aem_B_F13eJWtJA1NH4Ve1S1IA" "Mozilla/5.0 (Windows NT 10.0; Win64; x64) AppleWebKit/537.36 (KHTML, like Gecko) Chrome/74.0.3729.131 Safari/537.36"
173.252.70.114 - - [17/Apr/2026:14:32:12 -0400] "GET /wp-content/uploads/trustindex-google-widget.css HTTP/1.1" 200 3707 "http://www.escapetravelservices.com/?fbclid=IwZXh0bgNhZW0CMTEAc3J0YwZhcHBfaWQMMjU2MjgxMDQwNTU4AAEe0McopZyzaBUfINUFoX9GW_-ivJ6u_B8c2c7fUd-6fy2Pi45ZtzlbJYwJozU_aem_B_F13eJWtJA1NH4Ve1S1IA" "Mozilla/5.0 (Windows NT 10.0; Win64; x64) AppleWebKit/537.36 (KHTML, like Gecko) Chrome/74.0.3729.131 Safari/537.36"
173.252.70.17 - - [17/Apr/2026:14:32:12 -0400] "GET /wp-includes/js/jquery/jquery.min.js HTTP/1.1" 200 34819 "http://www.escapetravelservices.com/?fbclid=IwZXh0bgNhZW0CMTEAc3J0YwZhcHBfaWQMMjU2MjgxMDQwNTU4AAEe0McopZyzaBUfINUFoX9GW_-ivJ6u_B8c2c7fUd-6fy2Pi45ZtzlbJYwJozU_aem_B_F13eJWtJA1NH4Ve1S1IA" "Mozilla/5.0 (Windows NT 10.0; Win64; x64) AppleWebKit/537.36 (KHTML, like Gecko) Chrome/74.0.3729.131 Safari/537.36"
173.252.82.17 - - [17/Apr/2026:14:32:12 -0400] "GET /wp-content/uploads/2021/01/Honeymoon-Destinations-in-India.jpg HTTP/1.1" 200 130539 "http://www.escapetravelservices.com/?fbclid=IwZXh0bgNhZW0CMTEAc3J0YwZhcHBfaWQMMjU2MjgxMDQwNTU4AAEe2aTK7vWAv3XnC_GX9MLEeEAE8A5mr7YUP4c36nw9tst6Il99IPhhz8dmP8Q_aem_BvYhsCDW8ESjj-DI9POV_g" "Mozilla/5.0 (Windows NT 10.0; Win64; x64) AppleWebKit/537.36 (KHTML, like Gecko) Chrome/139.0.0.0 Safari/537.36"
173.252.70.114 - - [17/Apr/2026:14:32:12 -0400] "GET /wp-content/plugins/revslider/public/assets/js/rs6.min.js HTTP/1.1" 200 100200 "http://www.escapetravelservices.com/?fbclid=IwZXh0bgNhZW0CMTEAc3J0YwZhcHBfaWQMMjU2MjgxMDQwNTU4AAEe0McopZyzaBUfINUFoX9GW_-ivJ6u_B8c2c7fUd-6fy2Pi45ZtzlbJYwJozU_aem_B_F13eJWtJA1NH4Ve1S1IA" "Mozilla/5.0 (Windows NT 10.0; Win64; x64) AppleWebKit/537.36 (KHTML, like Gecko) Chrome/74.0.3729.131 Safari/537.36"
173.252.70.17 - - [17/Apr/2026:14:32:12 -0400] "GET /wp-content/plugins/sliding-enquiry-form/js/modernizr.custom.js HTTP/1.1" 200 3857 "http://www.escapetravelservices.com/?fbclid=IwZXh0bgNhZW0CMTEAc3J0YwZhcHBfaWQMMjU2MjgxMDQwNTU4AAEe0McopZyzaBUfINUFoX9GW_-ivJ6u_B8c2c7fUd-6fy2Pi45ZtzlbJYwJozU_aem_B_F13eJWtJA1NH4Ve1S1IA" "Mozilla/5.0 (Windows NT 10.0; Win64; x64) AppleWebKit/537.36 (KHTML, like Gecko) Chrome/74.0.3729.131 Safari/537.36"
173.252.70.0 - - [17/Apr/2026:14:32:12 -0400] "GET /wp-content/plugins/sliding-enquiry-form/js/validation.js HTTP/1.1" 200 764 "http://www.escapetravelservices.com/?fbclid=IwZXh0bgNhZW0CMTEAc3J0YwZhcHBfaWQMMjU2MjgxMDQwNTU4AAEe0McopZyzaBUfINUFoX9GW_-ivJ6u_B8c2c7fUd-6fy2Pi45ZtzlbJYwJozU_aem_B_F13eJWtJA1NH4Ve1S1IA" "Mozilla/5.0 (Windows NT 10.0; Win64; x64) AppleWebKit/537.36 (KHTML, like Gecko) Chrome/74.0.3729.131 Safari/537.36"
173.252.70.113 - - [17/Apr/2026:14:32:12 -0400] "GET /wp-content/uploads/2021/01/escape-logo-black2.png HTTP/1.1" 200 32505 "http://www.escapetravelservices.com/?fbclid=IwZXh0bgNhZW0CMTEAc3J0YwZhcHBfaWQMMjU2MjgxMDQwNTU4AAEe0McopZyzaBUfINUFoX9GW_-ivJ6u_B8c2c7fUd-6fy2Pi45ZtzlbJYwJozU_aem_B_F13eJWtJA1NH4Ve1S1IA" "Mozilla/5.0 (Windows NT 10.0; Win64; x64) AppleWebKit/537.36 (KHTML, like Gecko) Chrome/74.0.3729.131 Safari/537.36"
173.252.70.20 - - [17/Apr/2026:14:32:13 -0400] "GET /wp-content/uploads/2022/06/escape-travel-services-ceo-150x150.jpg HTTP/1.1" 200 4381 "http://www.escapetravelservices.com/?fbclid=IwZXh0bgNhZW0CMTEAc3J0YwZhcHBfaWQMMjU2MjgxMDQwNTU4AAEe0McopZyzaBUfINUFoX9GW_-ivJ6u_B8c2c7fUd-6fy2Pi45ZtzlbJYwJozU_aem_B_F13eJWtJA1NH4Ve1S1IA" "Mozilla/5.0 (Windows NT 10.0; Win64; x64) AppleWebKit/537.36 (KHTML, like Gecko) Chrome/74.0.3729.131 Safari/537.36"
173.252.70.114 - - [17/Apr/2026:14:32:13 -0400] "GET /wp-content/plugins/booked/assets/js/spin.jquery.js HTTP/1.1" 200 815 "http://www.escapetravelservices.com/?fbclid=IwZXh0bgNhZW0CMTEAc3J0YwZhcHBfaWQMMjU2MjgxMDQwNTU4AAEe0McopZyzaBUfINUFoX9GW_-ivJ6u_B8c2c7fUd-6fy2Pi45ZtzlbJYwJozU_aem_B_F13eJWtJA1NH4Ve1S1IA" "Mozilla/5.0 (Windows NT 10.0; Win64; x64) AppleWebKit/537.36 (KHTML, like Gecko) Chrome/74.0.3729.131 Safari/537.36"
173.252.70.20 - - [17/Apr/2026:14:32:13 -0400] "GET /wp-content/plugins/booked/assets/js/tooltipster/js/jquery.tooltipster.min.js HTTP/1.1" 200 5485 "http://www.escapetravelservices.com/?fbclid=IwZXh0bgNhZW0CMTEAc3J0YwZhcHBfaWQMMjU2MjgxMDQwNTU4AAEe0McopZyzaBUfINUFoX9GW_-ivJ6u_B8c2c7fUd-6fy2Pi45ZtzlbJYwJozU_aem_B_F13eJWtJA1NH4Ve1S1IA" "Mozilla/5.0 (Windows NT 10.0; Win64; x64) AppleWebKit/537.36 (KHTML, like Gecko) Chrome/74.0.3729.131 Safari/537.36"
173.252.70.114 - - [17/Apr/2026:14:32:12 -0400] "GET /wp-content/uploads/2022/06/Delightful-Seychlles-700x466.jpg HTTP/1.1" 200 107321 "http://www.escapetravelservices.com/?fbclid=IwZXh0bgNhZW0CMTEAc3J0YwZhcHBfaWQMMjU2MjgxMDQwNTU4AAEe0McopZyzaBUfINUFoX9GW_-ivJ6u_B8c2c7fUd-6fy2Pi45ZtzlbJYwJozU_aem_B_F13eJWtJA1NH4Ve1S1IA" "Mozilla/5.0 (Windows NT 10.0; Win64; x64) AppleWebKit/537.36 (KHTML, like Gecko) Chrome/74.0.3729.131 Safari/537.36"
66.220.149.33 - - [17/Apr/2026:14:32:13 -0400] "GET /wp-content/themes/escapetour/js/jquery.sticky-kit.min.js HTTP/1.1" 200 1340 "http://www.escapetravelservices.com/?fbclid=IwZXh0bgNhZW0CMTEAc3J0YwZhcHBfaWQMMjU2MjgxMDQwNTU4AAEe_6XL38AvV610sjfbnfmncvde2GOiwO7XBk9ZSIcDFqyOSWK4Wo0ktJfYbZc_aem_eiCD919YbBQj5b-P8SV-ow" "Mozilla/5.0 (Windows NT 10.0; Win64; x64) AppleWebKit/537.36 (KHTML, like Gecko) Chrome/139.0.0.0 Safari/537.36"
173.252.70.113 - - [17/Apr/2026:14:32:13 -0400] "GET /wp-includes/js/jquery/ui/core.min.js HTTP/1.1" 200 7544 "http://www.escapetravelservices.com/?fbclid=IwZXh0bgNhZW0CMTEAc3J0YwZhcHBfaWQMMjU2MjgxMDQwNTU4AAEe0McopZyzaBUfINUFoX9GW_-ivJ6u_B8c2c7fUd-6fy2Pi45ZtzlbJYwJozU_aem_B_F13eJWtJA1NH4Ve1S1IA" "Mozilla/5.0 (Windows NT 10.0; Win64; x64) AppleWebKit/537.36 (KHTML, like Gecko) Chrome/74.0.3729.131 Safari/537.36"
66.220.149.35 - - [17/Apr/2026:14:32:13 -0400] "GET /wp-content/uploads/2022/06/cropped-escape-logo-white1-32x32.jpg HTTP/1.1" 200 666 "http://www.escapetravelservices.com/?fbclid=IwZXh0bgNhZW0CMTEAc3J0YwZhcHBfaWQMMjU2MjgxMDQwNTU4AAEeeAzoFRMvPHsDgylDtg9iCCy88PgmO7-Zx3AMhrwGhQq0AqC63nHdr3gKBcg_aem_9EsH7PThTe8cAi-Bisz7Ww" "Mozilla/5.0 (Windows NT 10.0; Win64; x64) AppleWebKit/537.36 (KHTML, like Gecko) Chrome/139.0.0.0 Safari/537.36"
173.252.70.114 - - [17/Apr/2026:14:32:13 -0400] "GET /wp-content/uploads/2022/06/Thrilling-Malaysia-700x466.jpg HTTP/1.1" 200 24375 "http://www.escapetravelservices.com/?fbclid=IwZXh0bgNhZW0CMTEAc3J0YwZhcHBfaWQMMjU2MjgxMDQwNTU4AAEe0McopZyzaBUfINUFoX9GW_-ivJ6u_B8c2c7fUd-6fy2Pi45ZtzlbJYwJozU_aem_B_F13eJWtJA1NH4Ve1S1IA" "Mozilla/5.0 (Windows NT 10.0; Win64; x64) AppleWebKit/537.36 (KHTML, like Gecko) Chrome/74.0.3729.131 Safari/537.36"
173.252.70.20 - - [17/Apr/2026:14:32:13 -0400] "GET /wp-includes/js/jquery/ui/datepicker.min.js HTTP/1.1" 200 12350 "http://www.escapetravelservices.com/?fbclid=IwZXh0bgNhZW0CMTEAc3J0YwZhcHBfaWQMMjU2MjgxMDQwNTU4AAEe0McopZyzaBUfINUFoX9GW_-ivJ6u_B8c2c7fUd-6fy2Pi45ZtzlbJYwJozU_aem_B_F13eJWtJA1NH4Ve1S1IA" "Mozilla/5.0 (Windows NT 10.0; Win64; x64) AppleWebKit/537.36 (KHTML, like Gecko) Chrome/74.0.3729.131 Safari/537.36"
173.252.70.113 - - [17/Apr/2026:14:32:13 -0400] "GET /wp-content/plugins/booked/assets/js/spin.min.js HTTP/1.1" 200 2133 "http://www.escapetravelservices.com/?fbclid=IwZXh0bgNhZW0CMTEAc3J0YwZhcHBfaWQMMjU2MjgxMDQwNTU4AAEe0McopZyzaBUfINUFoX9GW_-ivJ6u_B8c2c7fUd-6fy2Pi45ZtzlbJYwJozU_aem_B_F13eJWtJA1NH4Ve1S1IA" "Mozilla/5.0 (Windows NT 10.0; Win64; x64) AppleWebKit/537.36 (KHTML, like Gecko) Chrome/74.0.3729.131 Safari/537.36"
66.220.149.5 - - [17/Apr/2026:14:32:13 -0400] "GET /wp-content/themes/escapetour/fonts/themify.woff HTTP/1.1" 200 56108 "http://www.escapetravelservices.com/wp-content/themes/escapetour/css/themify-icons.css" "Mozilla/5.0 (Windows NT 10.0; Win64; x64) AppleWebKit/537.36 (KHTML, like Gecko) Chrome/139.0.0.0 Safari/537.36"
173.252.70.114 - - [17/Apr/2026:14:32:13 -0400] "GET /wp-content/plugins/contact-form-7/includes/js/scripts.js HTTP/1.1" 200 4567 "http://www.escapetravelservices.com/?fbclid=IwZXh0bgNhZW0CMTEAc3J0YwZhcHBfaWQMMjU2MjgxMDQwNTU4AAEe0McopZyzaBUfINUFoX9GW_-ivJ6u_B8c2c7fUd-6fy2Pi45ZtzlbJYwJozU_aem_B_F13eJWtJA1NH4Ve1S1IA" "Mozilla/5.0 (Windows NT 10.0; Win64; x64) AppleWebKit/537.36 (KHTML, like Gecko) Chrome/74.0.3729.131 Safari/537.36"
173.252.70.113 - - [17/Apr/2026:14:32:13 -0400] "GET /wp-content/plugins/booked/assets/js/functions.js HTTP/1.1" 200 11157 "http://www.escapetravelservices.com/?fbclid=IwZXh0bgNhZW0CMTEAc3J0YwZhcHBfaWQMMjU2MjgxMDQwNTU4AAEe0McopZyzaBUfINUFoX9GW_-ivJ6u_B8c2c7fUd-6fy2Pi45ZtzlbJYwJozU_aem_B_F13eJWtJA1NH4Ve1S1IA" "Mozilla/5.0 (Windows NT 10.0; Win64; x64) AppleWebKit/537.36 (KHTML, like Gecko) Chrome/74.0.3729.131 Safari/537.36"
173.252.70.113 - - [17/Apr/2026:14:32:13 -0400] "GET /wp-content/themes/escapetour/js/jquery.requestAnimationFrame.js HTTP/1.1" 200 686 "http://www.escapetravelservices.com/?fbclid=IwZXh0bgNhZW0CMTEAc3J0YwZhcHBfaWQMMjU2MjgxMDQwNTU4AAEe0McopZyzaBUfINUFoX9GW_-ivJ6u_B8c2c7fUd-6fy2Pi45ZtzlbJYwJozU_aem_B_F13eJWtJA1NH4Ve1S1IA" "Mozilla/5.0 (Windows NT 10.0; Win64; x64) AppleWebKit/537.36 (KHTML, like Gecko) Chrome/74.0.3729.131 Safari/537.36"
173.252.70.113 - - [17/Apr/2026:14:32:13 -0400] "GET /wp-content/themes/escapetour/js/jquery.easing.js HTTP/1.1" 200 2186 "http://www.escapetravelservices.com/?fbclid=IwZXh0bgNhZW0CMTEAc3J0YwZhcHBfaWQMMjU2MjgxMDQwNTU4AAEe0McopZyzaBUfINUFoX9GW_-ivJ6u_B8c2c7fUd-6fy2Pi45ZtzlbJYwJozU_aem_B_F13eJWtJA1NH4Ve1S1IA" "Mozilla/5.0 (Windows NT 10.0; Win64; x64) AppleWebKit/537.36 (KHTML, like Gecko) Chrome/74.0.3729.131 Safari/537.36"
173.252.70.20 - - [17/Apr/2026:14:32:13 -0400] "GET /wp-content/themes/escapetour/js/waypoints.min.js HTTP/1.1" 200 2830 "http://www.escapetravelservices.com/?fbclid=IwZXh0bgNhZW0CMTEAc3J0YwZhcHBfaWQMMjU2MjgxMDQwNTU4AAEe0McopZyzaBUfINUFoX9GW_-ivJ6u_B8c2c7fUd-6fy2Pi45ZtzlbJYwJozU_aem_B_F13eJWtJA1NH4Ve1S1IA" "Mozilla/5.0 (Windows NT 10.0; Win64; x64) AppleWebKit/537.36 (KHTML, like Gecko) Chrome/74.0.3729.131 Safari/537.36"
173.252.70.113 - - [17/Apr/2026:14:32:13 -0400] "GET /wp-content/themes/escapetour/js/jquery.masory.js HTTP/1.1" 200 8144 "http://www.escapetravelservices.com/?fbclid=IwZXh0bgNhZW0CMTEAc3J0YwZhcHBfaWQMMjU2MjgxMDQwNTU4AAEe0McopZyzaBUfINUFoX9GW_-ivJ6u_B8c2c7fUd-6fy2Pi45ZtzlbJYwJozU_aem_B_F13eJWtJA1NH4Ve1S1IA" "Mozilla/5.0 (Windows NT 10.0; Win64; x64) AppleWebKit/537.36 (KHTML, like Gecko) Chrome/74.0.3729.131 Safari/537.36"
173.252.70.20 - - [17/Apr/2026:14:32:13 -0400] "GET /wp-content/themes/escapetour/js/jquery.tooltipster.min.js HTTP/1.1" 200 5312 "http://www.escapetravelservices.com/?fbclid=IwZXh0bgNhZW0CMTEAc3J0YwZhcHBfaWQMMjU2MjgxMDQwNTU4AAEe0McopZyzaBUfINUFoX9GW_-ivJ6u_B8c2c7fUd-6fy2Pi45ZtzlbJYwJozU_aem_B_F13eJWtJA1NH4Ve1S1IA" "Mozilla/5.0 (Windows NT 10.0; Win64; x64) AppleWebKit/537.36 (KHTML, like Gecko) Chrome/74.0.3729.131 Safari/537.36"
173.252.70.113 - - [17/Apr/2026:14:32:13 -0400] "GET /wp-content/themes/escapetour/fonts/themify.woff HTTP/1.1" 200 56108 "http://www.escapetravelservices.com/wp-content/themes/escapetour/css/themify-icons.css" "Mozilla/5.0 (Windows NT 10.0; Win64; x64) AppleWebKit/537.36 (KHTML, like Gecko) Chrome/74.0.3729.131 Safari/537.36"
173.252.87.115 - - [17/Apr/2026:14:32:13 -0400] "GET /wp-content/uploads/2022/06/cropped-escape-logo-white1-32x32.jpg HTTP/1.1" 200 666 "http://www.escapetravelservices.com/?fbclid=IwZXh0bgNhZW0CMTEAc3J0YwZhcHBfaWQMMjU2MjgxMDQwNTU4AAEeu_yKprmZO-km4vsVOT2ytzGVpmGaCn5id-YWf0zaHE3Y1MRh1SQnYbdSlyg_aem_U7QNghNoK9-jH_zZDg0uxg" "Mozilla/5.0 (Windows NT 10.0; Win64; x64) AppleWebKit/537.36 (KHTML, like Gecko) Chrome/147.0.0.0 Safari/537.36"
66.220.149.12 - - [17/Apr/2026:14:32:13 -0400] "GET /wp-content/plugins/sliding-enquiry-form/fonts/fontawesome-webfont.woff2?v=4.7.0 HTTP/1.1" 200 77160 "http://www.escapetravelservices.com/wp-content/plugins/sliding-enquiry-form/css/font-awesome.min.css" "Mozilla/5.0 (Windows NT 10.0; Win64; x64) AppleWebKit/537.36 (KHTML, like Gecko) Chrome/139.0.0.0 Safari/537.36"
66.220.149.4 - - [17/Apr/2026:14:32:13 -0400] "GET /wp-content/uploads/2021/01/dubai-banner.jpg HTTP/1.1" 200 89714 "http://www.escapetravelservices.com/?fbclid=IwZXh0bgNhZW0CMTEAc3J0YwZhcHBfaWQMMjU2MjgxMDQwNTU4AAEe_6XL38AvV610sjfbnfmncvde2GOiwO7XBk9ZSIcDFqyOSWK4Wo0ktJfYbZc_aem_eiCD919YbBQj5b-P8SV-ow" "Mozilla/5.0 (Windows NT 10.0; Win64; x64) AppleWebKit/537.36 (KHTML, like Gecko) Chrome/139.0.0.0 Safari/537.36"
66.220.149.115 - - [17/Apr/2026:14:32:13 -0400] "GET /wp-content/uploads/2021/01/Malaysia-960x636.jpg HTTP/1.1" 200 117872 "http://www.escapetravelservices.com/?fbclid=IwZXh0bgNhZW0CMTEAc3J0YwZhcHBfaWQMMjU2MjgxMDQwNTU4AAEe_6XL38AvV610sjfbnfmncvde2GOiwO7XBk9ZSIcDFqyOSWK4Wo0ktJfYbZc_aem_eiCD919YbBQj5b-P8SV-ow" "Mozilla/5.0 (Windows NT 10.0; Win64; x64) AppleWebKit/537.36 (KHTML, like Gecko) Chrome/139.0.0.0 Safari/537.36"
173.252.70.20 - - [17/Apr/2026:14:32:13 -0400] "GET /wp-content/uploads/2021/01/dubai-banner.jpg HTTP/1.1" 200 89714 "http://www.escapetravelservices.com/?fbclid=IwZXh0bgNhZW0CMTEAc3J0YwZhcHBfaWQMMjU2MjgxMDQwNTU4AAEe0McopZyzaBUfINUFoX9GW_-ivJ6u_B8c2c7fUd-6fy2Pi45ZtzlbJYwJozU_aem_B_F13eJWtJA1NH4Ve1S1IA" "Mozilla/5.0 (Windows NT 10.0; Win64; x64) AppleWebKit/537.36 (KHTML, like Gecko) Chrome/74.0.3729.131 Safari/537.36"
173.252.70.20 - - [17/Apr/2026:14:32:13 -0400] "GET /wp-content/uploads/2021/01/Malaysia-960x636.jpg HTTP/1.1" 200 117872 "http://www.escapetravelservices.com/?fbclid=IwZXh0bgNhZW0CMTEAc3J0YwZhcHBfaWQMMjU2MjgxMDQwNTU4AAEe0McopZyzaBUfINUFoX9GW_-ivJ6u_B8c2c7fUd-6fy2Pi45ZtzlbJYwJozU_aem_B_F13eJWtJA1NH4Ve1S1IA" "Mozilla/5.0 (Windows NT 10.0; Win64; x64) AppleWebKit/537.36 (KHTML, like Gecko) Chrome/74.0.3729.131 Safari/537.36"
66.220.149.4 - - [17/Apr/2026:14:32:13 -0400] "GET /wp-content/uploads/2022/06/Luxurious-Maldives-700x466.jpg HTTP/1.1" 200 43619 "http://www.escapetravelservices.com/?fbclid=IwZXh0bgNhZW0CMTEAc3J0YwZhcHBfaWQMMjU2MjgxMDQwNTU4AAEe_6XL38AvV610sjfbnfmncvde2GOiwO7XBk9ZSIcDFqyOSWK4Wo0ktJfYbZc_aem_eiCD919YbBQj5b-P8SV-ow" "Mozilla/5.0 (Windows NT 10.0; Win64; x64) AppleWebKit/537.36 (KHTML, like Gecko) Chrome/139.0.0.0 Safari/537.36"
173.252.70.20 - - [17/Apr/2026:14:32:13 -0400] "GET /wp-content/uploads/2022/06/Luxurious-Maldives-700x466.jpg HTTP/1.1" 200 43619 "http://www.escapetravelservices.com/?fbclid=IwZXh0bgNhZW0CMTEAc3J0YwZhcHBfaWQMMjU2MjgxMDQwNTU4AAEe0McopZyzaBUfINUFoX9GW_-ivJ6u_B8c2c7fUd-6fy2Pi45ZtzlbJYwJozU_aem_B_F13eJWtJA1NH4Ve1S1IA" "Mozilla/5.0 (Windows NT 10.0; Win64; x64) AppleWebKit/537.36 (KHTML, like Gecko) Chrome/74.0.3729.131 Safari/537.36"
173.252.70.114 - - [17/Apr/2026:14:32:13 -0400] "GET /wp-content/uploads/2022/06/uttarakhand-tour-package-for-10-days-700x466.jpg HTTP/1.1" 200 54299 "http://www.escapetravelservices.com/?fbclid=IwZXh0bgNhZW0CMTEAc3J0YwZhcHBfaWQMMjU2MjgxMDQwNTU4AAEe0McopZyzaBUfINUFoX9GW_-ivJ6u_B8c2c7fUd-6fy2Pi45ZtzlbJYwJozU_aem_B_F13eJWtJA1NH4Ve1S1IA" "Mozilla/5.0 (Windows NT 10.0; Win64; x64) AppleWebKit/537.36 (KHTML, like Gecko) Chrome/74.0.3729.131 Safari/537.36"
173.252.70.113 - - [17/Apr/2026:14:32:14 -0400] "GET /wp-content/uploads/2022/06/kashmir-tour-package-from-delhi-700x466.jpg HTTP/1.1" 200 75674 "http://www.escapetravelservices.com/?fbclid=IwZXh0bgNhZW0CMTEAc3J0YwZhcHBfaWQMMjU2MjgxMDQwNTU4AAEe0McopZyzaBUfINUFoX9GW_-ivJ6u_B8c2c7fUd-6fy2Pi45ZtzlbJYwJozU_aem_B_F13eJWtJA1NH4Ve1S1IA" "Mozilla/5.0 (Windows NT 10.0; Win64; x64) AppleWebKit/537.36 (KHTML, like Gecko) Chrome/74.0.3729.131 Safari/537.36"
173.252.70.20 - - [17/Apr/2026:14:32:14 -0400] "GET /wp-content/plugins/whatsapp-for-wordpress/assets/img/whatsapp_logo.svg HTTP/1.1" 200 967 "http://www.escapetravelservices.com/wp-content/plugins/whatsapp-for-wordpress/assets/css/style.css" "Mozilla/5.0 (Windows NT 10.0; Win64; x64) AppleWebKit/537.36 (KHTML, like Gecko) Chrome/74.0.3729.131 Safari/537.36"
173.252.70.20 - - [17/Apr/2026:14:32:13 -0400] "GET /wp-content/plugins/booked/includes/add-ons/frontend-agents/js/functions.js HTTP/1.1" 200 1311 "http://www.escapetravelservices.com/?fbclid=IwZXh0bgNhZW0CMTEAc3J0YwZhcHBfaWQMMjU2MjgxMDQwNTU4AAEe0McopZyzaBUfINUFoX9GW_-ivJ6u_B8c2c7fUd-6fy2Pi45ZtzlbJYwJozU_aem_B_F13eJWtJA1NH4Ve1S1IA" "Mozilla/5.0 (Windows NT 10.0; Win64; x64) AppleWebKit/537.36 (KHTML, like Gecko) Chrome/74.0.3729.131 Safari/537.36"
173.252.70.114 - - [17/Apr/2026:14:32:13 -0400] "GET /wp-content/themes/escapetour/js/ilightbox.packed.js HTTP/1.1" 200 26301 "http://www.escapetravelservices.com/?fbclid=IwZXh0bgNhZW0CMTEAc3J0YwZhcHBfaWQMMjU2MjgxMDQwNTU4AAEe0McopZyzaBUfINUFoX9GW_-ivJ6u_B8c2c7fUd-6fy2Pi45ZtzlbJYwJozU_aem_B_F13eJWtJA1NH4Ve1S1IA" "Mozilla/5.0 (Windows NT 10.0; Win64; x64) AppleWebKit/537.36 (KHTML, like Gecko) Chrome/74.0.3729.131 Safari/537.36"
173.252.70.114 - - [17/Apr/2026:14:32:13 -0400] "GET /wp-content/themes/escapetour/js/jquery.isotope.js HTTP/1.1" 200 5637 "http://www.escapetravelservices.com/?fbclid=IwZXh0bgNhZW0CMTEAc3J0YwZhcHBfaWQMMjU2MjgxMDQwNTU4AAEe0McopZyzaBUfINUFoX9GW_-ivJ6u_B8c2c7fUd-6fy2Pi45ZtzlbJYwJozU_aem_B_F13eJWtJA1NH4Ve1S1IA" "Mozilla/5.0 (Windows NT 10.0; Win64; x64) AppleWebKit/537.36 (KHTML, like Gecko) Chrome/74.0.3729.131 Safari/537.36"
173.252.70.20 - - [17/Apr/2026:14:32:13 -0400] "GET /wp-content/themes/escapetour/js/jarallax.js HTTP/1.1" 200 10878 "http://www.escapetravelservices.com/?fbclid=IwZXh0bgNhZW0CMTEAc3J0YwZhcHBfaWQMMjU2MjgxMDQwNTU4AAEe0McopZyzaBUfINUFoX9GW_-ivJ6u_B8c2c7fUd-6fy2Pi45ZtzlbJYwJozU_aem_B_F13eJWtJA1NH4Ve1S1IA" "Mozilla/5.0 (Windows NT 10.0; Win64; x64) AppleWebKit/537.36 (KHTML, like Gecko) Chrome/74.0.3729.131 Safari/537.36"
173.252.70.20 - - [17/Apr/2026:14:32:13 -0400] "GET /wp-content/plugins/sliding-enquiry-form/fonts/fontawesome-webfont.woff2?v=4.7.0 HTTP/1.1" 200 77160 "http://www.escapetravelservices.com/wp-content/plugins/sliding-enquiry-form/css/font-awesome.min.css" "Mozilla/5.0 (Windows NT 10.0; Win64; x64) AppleWebKit/537.36 (KHTML, like Gecko) Chrome/74.0.3729.131 Safari/537.36"
66.220.149.12 - - [17/Apr/2026:14:32:13 -0400] "GET /wp-content/uploads/2022/06/shimla-manali-tour-package-from-mumbai-700x466.jpg HTTP/1.1" 200 97903 "http://www.escapetravelservices.com/?fbclid=IwZXh0bgNhZW0CMTEAc3J0YwZhcHBfaWQMMjU2MjgxMDQwNTU4AAEe_6XL38AvV610sjfbnfmncvde2GOiwO7XBk9ZSIcDFqyOSWK4Wo0ktJfYbZc_aem_eiCD919YbBQj5b-P8SV-ow" "Mozilla/5.0 (Windows NT 10.0; Win64; x64) AppleWebKit/537.36 (KHTML, like Gecko) Chrome/139.0.0.0 Safari/537.36"
173.252.70.113 - - [17/Apr/2026:14:32:13 -0400] "GET /wp-content/uploads/2022/06/shimla-manali-tour-package-from-mumbai-700x466.jpg HTTP/1.1" 200 97903 "http://www.escapetravelservices.com/?fbclid=IwZXh0bgNhZW0CMTEAc3J0YwZhcHBfaWQMMjU2MjgxMDQwNTU4AAEe0McopZyzaBUfINUFoX9GW_-ivJ6u_B8c2c7fUd-6fy2Pi45ZtzlbJYwJozU_aem_B_F13eJWtJA1NH4Ve1S1IA" "Mozilla/5.0 (Windows NT 10.0; Win64; x64) AppleWebKit/537.36 (KHTML, like Gecko) Chrome/74.0.3729.131 Safari/537.36"
173.252.70.20 - - [17/Apr/2026:14:32:13 -0400] "GET /wp-content/uploads/2021/01/Sri-Lanka-667x466.jpg HTTP/1.1" 200 99457 "http://www.escapetravelservices.com/?fbclid=IwZXh0bgNhZW0CMTEAc3J0YwZhcHBfaWQMMjU2MjgxMDQwNTU4AAEe0McopZyzaBUfINUFoX9GW_-ivJ6u_B8c2c7fUd-6fy2Pi45ZtzlbJYwJozU_aem_B_F13eJWtJA1NH4Ve1S1IA" "Mozilla/5.0 (Windows NT 10.0; Win64; x64) AppleWebKit/537.36 (KHTML, like Gecko) Chrome/74.0.3729.131 Safari/537.36"
173.252.70.20 - - [17/Apr/2026:14:32:14 -0400] "GET /wp-content/uploads/2022/06/himachal-pradesh-tour-packages-from-delhi-700x466.jpg HTTP/1.1" 200 85358 "http://www.escapetravelservices.com/?fbclid=IwZXh0bgNhZW0CMTEAc3J0YwZhcHBfaWQMMjU2MjgxMDQwNTU4AAEe0McopZyzaBUfINUFoX9GW_-ivJ6u_B8c2c7fUd-6fy2Pi45ZtzlbJYwJozU_aem_B_F13eJWtJA1NH4Ve1S1IA" "Mozilla/5.0 (Windows NT 10.0; Win64; x64) AppleWebKit/537.36 (KHTML, like Gecko) Chrome/74.0.3729.131 Safari/537.36"
173.252.70.114 - - [17/Apr/2026:14:32:14 -0400] "GET /wp-content/plugins/whatsapp-for-wordpress/assets/img/x_icon.svg HTTP/1.1" 200 383 "http://www.escapetravelservices.com/wp-content/plugins/whatsapp-for-wordpress/assets/css/style.css" "Mozilla/5.0 (Windows NT 10.0; Win64; x64) AppleWebKit/537.36 (KHTML, like Gecko) Chrome/74.0.3729.131 Safari/537.36"
173.252.70.113 - - [17/Apr/2026:14:32:14 -0400] "GET /wp-content/plugins/sliding-enquiry-form/captha/CaptchaSecurityImages.php?width=100&height=40&characters=5&code=xtwqk8 HTTP/1.1" 200 201 "http://www.escapetravelservices.com/?fbclid=IwZXh0bgNhZW0CMTEAc3J0YwZhcHBfaWQMMjU2MjgxMDQwNTU4AAEe0McopZyzaBUfINUFoX9GW_-ivJ6u_B8c2c7fUd-6fy2Pi45ZtzlbJYwJozU_aem_B_F13eJWtJA1NH4Ve1S1IA" "Mozilla/5.0 (Windows NT 10.0; Win64; x64) AppleWebKit/537.36 (KHTML, like Gecko) Chrome/74.0.3729.131 Safari/537.36"
173.252.70.114 - - [17/Apr/2026:14:32:14 -0400] "GET /wp-content/plugins/whatsapp-for-wordpress/assets/img/whatsapp_logo_green.svg HTTP/1.1" 200 967 "http://www.escapetravelservices.com/wp-content/plugins/whatsapp-for-wordpress/assets/css/style.css" "Mozilla/5.0 (Windows NT 10.0; Win64; x64) AppleWebKit/537.36 (KHTML, like Gecko) Chrome/74.0.3729.131 Safari/537.36"
173.252.70.20 - - [17/Apr/2026:14:32:14 -0400] "GET /wp-content/uploads/2021/01/498263-700x466.jpg HTTP/1.1" 200 70629 "http://www.escapetravelservices.com/?fbclid=IwZXh0bgNhZW0CMTEAc3J0YwZhcHBfaWQMMjU2MjgxMDQwNTU4AAEe0McopZyzaBUfINUFoX9GW_-ivJ6u_B8c2c7fUd-6fy2Pi45ZtzlbJYwJozU_aem_B_F13eJWtJA1NH4Ve1S1IA" "Mozilla/5.0 (Windows NT 10.0; Win64; x64) AppleWebKit/537.36 (KHTML, like Gecko) Chrome/74.0.3729.131 Safari/537.36"
173.252.70.114 - - [17/Apr/2026:14:32:14 -0400] "GET /wp-content/uploads/2022/06/Luxury-Mauritius-700x466.jpg HTTP/1.1" 200 68250 "http://www.escapetravelservices.com/?fbclid=IwZXh0bgNhZW0CMTEAc3J0YwZhcHBfaWQMMjU2MjgxMDQwNTU4AAEe0McopZyzaBUfINUFoX9GW_-ivJ6u_B8c2c7fUd-6fy2Pi45ZtzlbJYwJozU_aem_B_F13eJWtJA1NH4Ve1S1IA" "Mozilla/5.0 (Windows NT 10.0; Win64; x64) AppleWebKit/537.36 (KHTML, like Gecko) Chrome/74.0.3729.131 Safari/537.36"
173.252.70.113 - - [17/Apr/2026:14:32:14 -0400] "GET /wp-content/themes/escapetour/js/jquery.stellar.min.js HTTP/1.1" 200 3845 "http://www.escapetravelservices.com/?fbclid=IwZXh0bgNhZW0CMTEAc3J0YwZhcHBfaWQMMjU2MjgxMDQwNTU4AAEe0McopZyzaBUfINUFoX9GW_-ivJ6u_B8c2c7fUd-6fy2Pi45ZtzlbJYwJozU_aem_B_F13eJWtJA1NH4Ve1S1IA" "Mozilla/5.0 (Windows NT 10.0; Win64; x64) AppleWebKit/537.36 (KHTML, like Gecko) Chrome/74.0.3729.131 Safari/537.36"
173.252.70.114 - - [17/Apr/2026:14:32:14 -0400] "GET /wp-content/themes/escapetour/js/custom_plugins.js HTTP/1.1" 200 2016 "http://www.escapetravelservices.com/?fbclid=IwZXh0bgNhZW0CMTEAc3J0YwZhcHBfaWQMMjU2MjgxMDQwNTU4AAEe0McopZyzaBUfINUFoX9GW_-ivJ6u_B8c2c7fUd-6fy2Pi45ZtzlbJYwJozU_aem_B_F13eJWtJA1NH4Ve1S1IA" "Mozilla/5.0 (Windows NT 10.0; Win64; x64) AppleWebKit/537.36 (KHTML, like Gecko) Chrome/74.0.3729.131 Safari/537.36"
173.252.70.113 - - [17/Apr/2026:14:32:14 -0400] "GET /wp-content/themes/escapetour/js/custom_onepage.js HTTP/1.1" 200 684 "http://www.escapetravelservices.com/?fbclid=IwZXh0bgNhZW0CMTEAc3J0YwZhcHBfaWQMMjU2MjgxMDQwNTU4AAEe0McopZyzaBUfINUFoX9GW_-ivJ6u_B8c2c7fUd-6fy2Pi45ZtzlbJYwJozU_aem_B_F13eJWtJA1NH4Ve1S1IA" "Mozilla/5.0 (Windows NT 10.0; Win64; x64) AppleWebKit/537.36 (KHTML, like Gecko) Chrome/74.0.3729.131 Safari/537.36"
173.252.70.114 - - [17/Apr/2026:14:32:14 -0400] "GET /wp-content/themes/escapetour/js/jarallax-video.js HTTP/1.1" 200 11177 "http://www.escapetravelservices.com/?fbclid=IwZXh0bgNhZW0CMTEAc3J0YwZhcHBfaWQMMjU2MjgxMDQwNTU4AAEe0McopZyzaBUfINUFoX9GW_-ivJ6u_B8c2c7fUd-6fy2Pi45ZtzlbJYwJozU_aem_B_F13eJWtJA1NH4Ve1S1IA" "Mozilla/5.0 (Windows NT 10.0; Win64; x64) AppleWebKit/537.36 (KHTML, like Gecko) Chrome/74.0.3729.131 Safari/537.36"
173.252.70.113 - - [17/Apr/2026:14:32:14 -0400] "GET /wp-content/uploads/2022/06/Marvelous-Phuket-Krabi-700x466.jpg HTTP/1.1" 200 60497 "http://www.escapetravelservices.com/?fbclid=IwZXh0bgNhZW0CMTEAc3J0YwZhcHBfaWQMMjU2MjgxMDQwNTU4AAEe0McopZyzaBUfINUFoX9GW_-ivJ6u_B8c2c7fUd-6fy2Pi45ZtzlbJYwJozU_aem_B_F13eJWtJA1NH4Ve1S1IA" "Mozilla/5.0 (Windows NT 10.0; Win64; x64) AppleWebKit/537.36 (KHTML, like Gecko) Chrome/74.0.3729.131 Safari/537.36"
173.252.70.20 - - [17/Apr/2026:14:32:14 -0400] "GET /wp-content/themes/escapetour/js/jquery.sticky-kit.min.js HTTP/1.1" 200 1340 "http://www.escapetravelservices.com/?fbclid=IwZXh0bgNhZW0CMTEAc3J0YwZhcHBfaWQMMjU2MjgxMDQwNTU4AAEe0McopZyzaBUfINUFoX9GW_-ivJ6u_B8c2c7fUd-6fy2Pi45ZtzlbJYwJozU_aem_B_F13eJWtJA1NH4Ve1S1IA" "Mozilla/5.0 (Windows NT 10.0; Win64; x64) AppleWebKit/537.36 (KHTML, like Gecko) Chrome/74.0.3729.131 Safari/537.36"
173.252.82.15 - - [17/Apr/2026:14:32:14 -0400] "GET /wp-content/uploads/2022/06/cropped-escape-logo-white1-32x32.jpg HTTP/1.1" 200 666 "http://www.escapetravelservices.com/?fbclid=IwZXh0bgNhZW0CMTEAc3J0YwZhcHBfaWQMMjU2MjgxMDQwNTU4AAEe2aTK7vWAv3XnC_GX9MLEeEAE8A5mr7YUP4c36nw9tst6Il99IPhhz8dmP8Q_aem_BvYhsCDW8ESjj-DI9POV_g" "Mozilla/5.0 (Windows NT 10.0; Win64; x64) AppleWebKit/537.36 (KHTML, like Gecko) Chrome/139.0.0.0 Safari/537.36"
173.252.70.113 - - [17/Apr/2026:14:32:14 -0400] "GET /wp-content/themes/escapetour/js/custom.js HTTP/1.1" 200 5360 "http://www.escapetravelservices.com/?fbclid=IwZXh0bgNhZW0CMTEAc3J0YwZhcHBfaWQMMjU2MjgxMDQwNTU4AAEe0McopZyzaBUfINUFoX9GW_-ivJ6u_B8c2c7fUd-6fy2Pi45ZtzlbJYwJozU_aem_B_F13eJWtJA1NH4Ve1S1IA" "Mozilla/5.0 (Windows NT 10.0; Win64; x64) AppleWebKit/537.36 (KHTML, like Gecko) Chrome/74.0.3729.131 Safari/537.36"
173.252.70.20 - - [17/Apr/2026:14:32:14 -0400] "GET /wp-content/themes/escapetour/js/jquery.cookie.js HTTP/1.1" 200 1452 "http://www.escapetravelservices.com/?fbclid=IwZXh0bgNhZW0CMTEAc3J0YwZhcHBfaWQMMjU2MjgxMDQwNTU4AAEe0McopZyzaBUfINUFoX9GW_-ivJ6u_B8c2c7fUd-6fy2Pi45ZtzlbJYwJozU_aem_B_F13eJWtJA1NH4Ve1S1IA" "Mozilla/5.0 (Windows NT 10.0; Win64; x64) AppleWebKit/537.36 (KHTML, like Gecko) Chrome/74.0.3729.131 Safari/537.36"
