66.220.149.114 - - [17/Apr/2026:14:32:09 -0400] "GET /wp-content/uploads/2021/01/escape-logo-black2.png HTTP/1.1" 200 32505 "http://www.escapetravelservices.com/?fbclid=IwZXh0bgNhZW0CMTEAc3J0YwZhcHBfaWQMMjU2MjgxMDQwNTU4AAEe_6XL38AvV610sjfbnfmncvde2GOiwO7XBk9ZSIcDFqyOSWK4Wo0ktJfYbZc_aem_eiCD919YbBQj5b-P8SV-ow" "Mozilla/5.0 (Windows NT 10.0; Win64; x64) AppleWebKit/537.36 (KHTML, like Gecko) Chrome/139.0.0.0 Safari/537.36"
66.220.149.4 - - [17/Apr/2026:14:32:09 -0400] "GET /wp-content/uploads/2022/06/Delightful-Seychlles-700x466.jpg HTTP/1.1" 200 107321 "http://www.escapetravelservices.com/?fbclid=IwZXh0bgNhZW0CMTEAc3J0YwZhcHBfaWQMMjU2MjgxMDQwNTU4AAEe_6XL38AvV610sjfbnfmncvde2GOiwO7XBk9ZSIcDFqyOSWK4Wo0ktJfYbZc_aem_eiCD919YbBQj5b-P8SV-ow" "Mozilla/5.0 (Windows NT 10.0; Win64; x64) AppleWebKit/537.36 (KHTML, like Gecko) Chrome/139.0.0.0 Safari/537.36"
66.220.149.114 - - [17/Apr/2026:14:32:09 -0400] "GET /wp-content/uploads/2021/01/escape-logo-white1.png HTTP/1.1" 200 33369 "http://www.escapetravelservices.com/?fbclid=IwZXh0bgNhZW0CMTEAc3J0YwZhcHBfaWQMMjU2MjgxMDQwNTU4AAEe_6XL38AvV610sjfbnfmncvde2GOiwO7XBk9ZSIcDFqyOSWK4Wo0ktJfYbZc_aem_eiCD919YbBQj5b-P8SV-ow" "Mozilla/5.0 (Windows NT 10.0; Win64; x64) AppleWebKit/537.36 (KHTML, like Gecko) Chrome/139.0.0.0 Safari/537.36"
66.220.149.33 - - [17/Apr/2026:14:32:09 -0400] "GET /wp-content/uploads/trustindex-google-widget.css HTTP/1.1" 200 3707 "http://www.escapetravelservices.com/?fbclid=IwZXh0bgNhZW0CMTEAc3J0YwZhcHBfaWQMMjU2MjgxMDQwNTU4AAEe_6XL38AvV610sjfbnfmncvde2GOiwO7XBk9ZSIcDFqyOSWK4Wo0ktJfYbZc_aem_eiCD919YbBQj5b-P8SV-ow" "Mozilla/5.0 (Windows NT 10.0; Win64; x64) AppleWebKit/537.36 (KHTML, like Gecko) Chrome/139.0.0.0 Safari/537.36"
173.252.87.115 - - [17/Apr/2026:14:32:09 -0400] "GET /wp-includes/css/dist/block-library/style.min.css HTTP/1.1" 200 14760 "http://www.escapetravelservices.com/?fbclid=IwZXh0bgNhZW0CMTEAc3J0YwZhcHBfaWQMMjU2MjgxMDQwNTU4AAEeu_yKprmZO-km4vsVOT2ytzGVpmGaCn5id-YWf0zaHE3Y1MRh1SQnYbdSlyg_aem_U7QNghNoK9-jH_zZDg0uxg" "Mozilla/5.0 (Windows NT 10.0; Win64; x64) AppleWebKit/537.36 (KHTML, like Gecko) Chrome/147.0.0.0 Safari/537.36"
66.220.149.114 - - [17/Apr/2026:14:32:09 -0400] "GET /wp-content/uploads/2022/06/Thrilling-Malaysia-700x466.jpg HTTP/1.1" 200 24375 "http://www.escapetravelservices.com/?fbclid=IwZXh0bgNhZW0CMTEAc3J0YwZhcHBfaWQMMjU2MjgxMDQwNTU4AAEe_6XL38AvV610sjfbnfmncvde2GOiwO7XBk9ZSIcDFqyOSWK4Wo0ktJfYbZc_aem_eiCD919YbBQj5b-P8SV-ow" "Mozilla/5.0 (Windows NT 10.0; Win64; x64) AppleWebKit/537.36 (KHTML, like Gecko) Chrome/139.0.0.0 Safari/537.36"
173.252.82.10 - - [17/Apr/2026:14:32:09 -0400] "GET /wp-content/themes/escapetour/css/dark-skin/skin.css HTTP/1.1" 200 1525 "http://www.escapetravelservices.com/wp-content/themes/escapetour/css/ilightbox/ilightbox.css" "Mozilla/5.0 (Windows NT 10.0; Win64; x64) AppleWebKit/537.36 (KHTML, like Gecko) Chrome/139.0.0.0 Safari/537.36"
66.220.149.28 - - [17/Apr/2026:14:32:09 -0400] "GET /wp-content/themes/escapetour/modules/kirki/assets/css/kirki-styles.css HTTP/1.1" 200 0 "http://www.escapetravelservices.com/?fbclid=IwZXh0bgNhZW0CMTEAc3J0YwZhcHBfaWQMMjU2MjgxMDQwNTU4AAEeeAzoFRMvPHsDgylDtg9iCCy88PgmO7-Zx3AMhrwGhQq0AqC63nHdr3gKBcg_aem_9EsH7PThTe8cAi-Bisz7Ww" "Mozilla/5.0 (Windows NT 10.0; Win64; x64) AppleWebKit/537.36 (KHTML, like Gecko) Chrome/139.0.0.0 Safari/537.36"
66.220.149.33 - - [17/Apr/2026:14:32:09 -0400] "GET /wp-includes/js/jquery/ui/datepicker.min.js HTTP/1.1" 200 12350 "http://www.escapetravelservices.com/?fbclid=IwZXh0bgNhZW0CMTEAc3J0YwZhcHBfaWQMMjU2MjgxMDQwNTU4AAEe_6XL38AvV610sjfbnfmncvde2GOiwO7XBk9ZSIcDFqyOSWK4Wo0ktJfYbZc_aem_eiCD919YbBQj5b-P8SV-ow" "Mozilla/5.0 (Windows NT 10.0; Win64; x64) AppleWebKit/537.36 (KHTML, like Gecko) Chrome/139.0.0.0 Safari/537.36"
173.252.87.115 - - [17/Apr/2026:14:32:09 -0400] "GET /wp-content/plugins/booked/assets/css/icons.css HTTP/1.1" 200 6618 "http://www.escapetravelservices.com/?fbclid=IwZXh0bgNhZW0CMTEAc3J0YwZhcHBfaWQMMjU2MjgxMDQwNTU4AAEeu_yKprmZO-km4vsVOT2ytzGVpmGaCn5id-YWf0zaHE3Y1MRh1SQnYbdSlyg_aem_U7QNghNoK9-jH_zZDg0uxg" "Mozilla/5.0 (Windows NT 10.0; Win64; x64) AppleWebKit/537.36 (KHTML, like Gecko) Chrome/147.0.0.0 Safari/537.36"
173.252.82.15 - - [17/Apr/2026:14:32:09 -0400] "GET /wp-content/themes/escapetour/css/light-skin/skin.css HTTP/1.1" 200 1532 "http://www.escapetravelservices.com/wp-content/themes/escapetour/css/ilightbox/ilightbox.css" "Mozilla/5.0 (Windows NT 10.0; Win64; x64) AppleWebKit/537.36 (KHTML, like Gecko) Chrome/139.0.0.0 Safari/537.36"
66.220.149.35 - - [17/Apr/2026:14:32:09 -0400] "GET /wp-content/themes/escapetour/css/dark-skin/skin.css HTTP/1.1" 200 1525 "http://www.escapetravelservices.com/wp-content/themes/escapetour/css/ilightbox/ilightbox.css" "Mozilla/5.0 (Windows NT 10.0; Win64; x64) AppleWebKit/537.36 (KHTML, like Gecko) Chrome/139.0.0.0 Safari/537.36"
66.220.149.35 - - [17/Apr/2026:14:32:09 -0400] "GET /wp-content/plugins/sliding-enquiry-form/css/font-awesome.min.css HTTP/1.1" 200 7749 "http://www.escapetravelservices.com/?fbclid=IwZXh0bgNhZW0CMTEAc3J0YwZhcHBfaWQMMjU2MjgxMDQwNTU4AAEeeAzoFRMvPHsDgylDtg9iCCy88PgmO7-Zx3AMhrwGhQq0AqC63nHdr3gKBcg_aem_9EsH7PThTe8cAi-Bisz7Ww" "Mozilla/5.0 (Windows NT 10.0; Win64; x64) AppleWebKit/537.36 (KHTML, like Gecko) Chrome/139.0.0.0 Safari/537.36"
173.252.82.10 - - [17/Apr/2026:14:32:09 -0400] "GET /wp-content/themes/escapetour/modules/kirki/assets/css/kirki-styles.css HTTP/1.1" 200 0 "http://www.escapetravelservices.com/?fbclid=IwZXh0bgNhZW0CMTEAc3J0YwZhcHBfaWQMMjU2MjgxMDQwNTU4AAEe2aTK7vWAv3XnC_GX9MLEeEAE8A5mr7YUP4c36nw9tst6Il99IPhhz8dmP8Q_aem_BvYhsCDW8ESjj-DI9POV_g" "Mozilla/5.0 (Windows NT 10.0; Win64; x64) AppleWebKit/537.36 (KHTML, like Gecko) Chrome/139.0.0.0 Safari/537.36"
66.220.149.28 - - [17/Apr/2026:14:32:09 -0400] "GET /wp-content/themes/escapetour/css/grid.css HTTP/1.1" 200 9765 "http://www.escapetravelservices.com/?fbclid=IwZXh0bgNhZW0CMTEAc3J0YwZhcHBfaWQMMjU2MjgxMDQwNTU4AAEeeAzoFRMvPHsDgylDtg9iCCy88PgmO7-Zx3AMhrwGhQq0AqC63nHdr3gKBcg_aem_9EsH7PThTe8cAi-Bisz7Ww" "Mozilla/5.0 (Windows NT 10.0; Win64; x64) AppleWebKit/537.36 (KHTML, like Gecko) Chrome/139.0.0.0 Safari/537.36"
66.220.149.4 - - [17/Apr/2026:14:32:09 -0400] "GET /wp-includes/js/jquery/ui/core.min.js HTTP/1.1" 200 7544 "http://www.escapetravelservices.com/?fbclid=IwZXh0bgNhZW0CMTEAc3J0YwZhcHBfaWQMMjU2MjgxMDQwNTU4AAEe_6XL38AvV610sjfbnfmncvde2GOiwO7XBk9ZSIcDFqyOSWK4Wo0ktJfYbZc_aem_eiCD919YbBQj5b-P8SV-ow" "Mozilla/5.0 (Windows NT 10.0; Win64; x64) AppleWebKit/537.36 (KHTML, like Gecko) Chrome/139.0.0.0 Safari/537.36"
66.220.149.114 - - [17/Apr/2026:14:32:09 -0400] "GET /wp-content/plugins/booked/assets/js/spin.min.js HTTP/1.1" 200 2133 "http://www.escapetravelservices.com/?fbclid=IwZXh0bgNhZW0CMTEAc3J0YwZhcHBfaWQMMjU2MjgxMDQwNTU4AAEe_6XL38AvV610sjfbnfmncvde2GOiwO7XBk9ZSIcDFqyOSWK4Wo0ktJfYbZc_aem_eiCD919YbBQj5b-P8SV-ow" "Mozilla/5.0 (Windows NT 10.0; Win64; x64) AppleWebKit/537.36 (KHTML, like Gecko) Chrome/139.0.0.0 Safari/537.36"
66.220.149.4 - - [17/Apr/2026:14:32:09 -0400] "GET /wp-content/plugins/booked/assets/js/spin.jquery.js HTTP/1.1" 200 815 "http://www.escapetravelservices.com/?fbclid=IwZXh0bgNhZW0CMTEAc3J0YwZhcHBfaWQMMjU2MjgxMDQwNTU4AAEe_6XL38AvV610sjfbnfmncvde2GOiwO7XBk9ZSIcDFqyOSWK4Wo0ktJfYbZc_aem_eiCD919YbBQj5b-P8SV-ow" "Mozilla/5.0 (Windows NT 10.0; Win64; x64) AppleWebKit/537.36 (KHTML, like Gecko) Chrome/139.0.0.0 Safari/537.36"
173.252.82.15 - - [17/Apr/2026:14:32:09 -0400] "GET /wp-content/themes/escapetour/css/metro-black-skin/skin.css HTTP/1.1" 200 1364 "http://www.escapetravelservices.com/wp-content/themes/escapetour/css/ilightbox/ilightbox.css" "Mozilla/5.0 (Windows NT 10.0; Win64; x64) AppleWebKit/537.36 (KHTML, like Gecko) Chrome/139.0.0.0 Safari/537.36"
66.220.149.28 - - [17/Apr/2026:14:32:09 -0400] "GET /wp-content/themes/escapetour/css/metro-black-skin/skin.css HTTP/1.1" 200 1364 "http://www.escapetravelservices.com/wp-content/themes/escapetour/css/ilightbox/ilightbox.css" "Mozilla/5.0 (Windows NT 10.0; Win64; x64) AppleWebKit/537.36 (KHTML, like Gecko) Chrome/139.0.0.0 Safari/537.36"
66.220.149.33 - - [17/Apr/2026:14:32:09 -0400] "GET /wp-content/plugins/booked/assets/js/functions.js HTTP/1.1" 200 11157 "http://www.escapetravelservices.com/?fbclid=IwZXh0bgNhZW0CMTEAc3J0YwZhcHBfaWQMMjU2MjgxMDQwNTU4AAEe_6XL38AvV610sjfbnfmncvde2GOiwO7XBk9ZSIcDFqyOSWK4Wo0ktJfYbZc_aem_eiCD919YbBQj5b-P8SV-ow" "Mozilla/5.0 (Windows NT 10.0; Win64; x64) AppleWebKit/537.36 (KHTML, like Gecko) Chrome/139.0.0.0 Safari/537.36"
66.220.149.4 - - [17/Apr/2026:14:32:09 -0400] "GET /wp-content/plugins/contact-form-7/includes/js/scripts.js HTTP/1.1" 200 4567 "http://www.escapetravelservices.com/?fbclid=IwZXh0bgNhZW0CMTEAc3J0YwZhcHBfaWQMMjU2MjgxMDQwNTU4AAEe_6XL38AvV610sjfbnfmncvde2GOiwO7XBk9ZSIcDFqyOSWK4Wo0ktJfYbZc_aem_eiCD919YbBQj5b-P8SV-ow" "Mozilla/5.0 (Windows NT 10.0; Win64; x64) AppleWebKit/537.36 (KHTML, like Gecko) Chrome/139.0.0.0 Safari/537.36"
66.220.149.35 - - [17/Apr/2026:14:32:09 -0400] "GET /wp-content/themes/escapetour/css/metro-white-skin/skin.css HTTP/1.1" 200 1523 "http://www.escapetravelservices.com/wp-content/themes/escapetour/css/ilightbox/ilightbox.css" "Mozilla/5.0 (Windows NT 10.0; Win64; x64) AppleWebKit/537.36 (KHTML, like Gecko) Chrome/139.0.0.0 Safari/537.36"
173.252.82.15 - - [17/Apr/2026:14:32:09 -0400] "GET /wp-content/themes/escapetour/css/mac-skin/skin.css HTTP/1.1" 200 2033 "http://www.escapetravelservices.com/wp-content/themes/escapetour/css/ilightbox/ilightbox.css" "Mozilla/5.0 (Windows NT 10.0; Win64; x64) AppleWebKit/537.36 (KHTML, like Gecko) Chrome/139.0.0.0 Safari/537.36"
66.220.149.33 - - [17/Apr/2026:14:32:09 -0400] "GET /wp-content/themes/escapetour/js/jquery.requestAnimationFrame.js HTTP/1.1" 200 686 "http://www.escapetravelservices.com/?fbclid=IwZXh0bgNhZW0CMTEAc3J0YwZhcHBfaWQMMjU2MjgxMDQwNTU4AAEe_6XL38AvV610sjfbnfmncvde2GOiwO7XBk9ZSIcDFqyOSWK4Wo0ktJfYbZc_aem_eiCD919YbBQj5b-P8SV-ow" "Mozilla/5.0 (Windows NT 10.0; Win64; x64) AppleWebKit/537.36 (KHTML, like Gecko) Chrome/139.0.0.0 Safari/537.36"
66.220.149.35 - - [17/Apr/2026:14:32:09 -0400] "GET /wp-content/themes/escapetour/css/smooth-skin/skin.css HTTP/1.1" 200 1660 "http://www.escapetravelservices.com/wp-content/themes/escapetour/css/ilightbox/ilightbox.css" "Mozilla/5.0 (Windows NT 10.0; Win64; x64) AppleWebKit/537.36 (KHTML, like Gecko) Chrome/139.0.0.0 Safari/537.36"
66.220.149.114 - - [17/Apr/2026:14:32:09 -0400] "GET /wp-content/themes/escapetour/js/jquery.easing.js HTTP/1.1" 200 2186 "http://www.escapetravelservices.com/?fbclid=IwZXh0bgNhZW0CMTEAc3J0YwZhcHBfaWQMMjU2MjgxMDQwNTU4AAEe_6XL38AvV610sjfbnfmncvde2GOiwO7XBk9ZSIcDFqyOSWK4Wo0ktJfYbZc_aem_eiCD919YbBQj5b-P8SV-ow" "Mozilla/5.0 (Windows NT 10.0; Win64; x64) AppleWebKit/537.36 (KHTML, like Gecko) Chrome/139.0.0.0 Safari/537.36"
66.220.149.28 - - [17/Apr/2026:14:32:09 -0400] "GET /wp-includes/js/jquery/jquery.min.js HTTP/1.1" 200 34819 "http://www.escapetravelservices.com/?fbclid=IwZXh0bgNhZW0CMTEAc3J0YwZhcHBfaWQMMjU2MjgxMDQwNTU4AAEeeAzoFRMvPHsDgylDtg9iCCy88PgmO7-Zx3AMhrwGhQq0AqC63nHdr3gKBcg_aem_9EsH7PThTe8cAi-Bisz7Ww" "Mozilla/5.0 (Windows NT 10.0; Win64; x64) AppleWebKit/537.36 (KHTML, like Gecko) Chrome/139.0.0.0 Safari/537.36"
173.252.82.10 - - [17/Apr/2026:14:32:09 -0400] "GET /wp-content/themes/escapetour/css/smooth-skin/skin.css HTTP/1.1" 200 1660 "http://www.escapetravelservices.com/wp-content/themes/escapetour/css/ilightbox/ilightbox.css" "Mozilla/5.0 (Windows NT 10.0; Win64; x64) AppleWebKit/537.36 (KHTML, like Gecko) Chrome/139.0.0.0 Safari/537.36"
173.252.82.15 - - [17/Apr/2026:14:32:09 -0400] "GET /wp-includes/js/jquery/jquery.min.js HTTP/1.1" 200 34819 "http://www.escapetravelservices.com/?fbclid=IwZXh0bgNhZW0CMTEAc3J0YwZhcHBfaWQMMjU2MjgxMDQwNTU4AAEe2aTK7vWAv3XnC_GX9MLEeEAE8A5mr7YUP4c36nw9tst6Il99IPhhz8dmP8Q_aem_BvYhsCDW8ESjj-DI9POV_g" "Mozilla/5.0 (Windows NT 10.0; Win64; x64) AppleWebKit/537.36 (KHTML, like Gecko) Chrome/139.0.0.0 Safari/537.36"
173.252.87.115 - - [17/Apr/2026:14:32:10 -0400] "GET /wp-content/plugins/booked/assets/js/tooltipster/css/themes/tooltipster-light.css HTTP/1.1" 200 226 "http://www.escapetravelservices.com/?fbclid=IwZXh0bgNhZW0CMTEAc3J0YwZhcHBfaWQMMjU2MjgxMDQwNTU4AAEeu_yKprmZO-km4vsVOT2ytzGVpmGaCn5id-YWf0zaHE3Y1MRh1SQnYbdSlyg_aem_U7QNghNoK9-jH_zZDg0uxg" "Mozilla/5.0 (Windows NT 10.0; Win64; x64) AppleWebKit/537.36 (KHTML, like Gecko) Chrome/147.0.0.0 Safari/537.36"
173.252.87.10 - - [17/Apr/2026:14:32:10 -0400] "GET /wp-content/plugins/booked/dist/booked.css HTTP/1.1" 200 10925 "http://www.escapetravelservices.com/?fbclid=IwZXh0bgNhZW0CMTEAc3J0YwZhcHBfaWQMMjU2MjgxMDQwNTU4AAEeu_yKprmZO-km4vsVOT2ytzGVpmGaCn5id-YWf0zaHE3Y1MRh1SQnYbdSlyg_aem_U7QNghNoK9-jH_zZDg0uxg" "Mozilla/5.0 (Windows NT 10.0; Win64; x64) AppleWebKit/537.36 (KHTML, like Gecko) Chrome/147.0.0.0 Safari/537.36"
66.220.149.28 - - [17/Apr/2026:14:32:09 -0400] "GET /wp-content/themes/escapetour/css/light-skin/skin.css HTTP/1.1" 200 1532 "http://www.escapetravelservices.com/wp-content/themes/escapetour/css/ilightbox/ilightbox.css" "Mozilla/5.0 (Windows NT 10.0; Win64; x64) AppleWebKit/537.36 (KHTML, like Gecko) Chrome/139.0.0.0 Safari/537.36"
173.252.82.10 - - [17/Apr/2026:14:32:09 -0400] "GET /wp-content/themes/escapetour/css/parade-skin/skin.css HTTP/1.1" 200 636 "http://www.escapetravelservices.com/wp-content/themes/escapetour/css/ilightbox/ilightbox.css" "Mozilla/5.0 (Windows NT 10.0; Win64; x64) AppleWebKit/537.36 (KHTML, like Gecko) Chrome/139.0.0.0 Safari/537.36"
66.220.149.35 - - [17/Apr/2026:14:32:09 -0400] "GET /wp-content/themes/escapetour/css/parade-skin/skin.css HTTP/1.1" 200 636 "http://www.escapetravelservices.com/wp-content/themes/escapetour/css/ilightbox/ilightbox.css" "Mozilla/5.0 (Windows NT 10.0; Win64; x64) AppleWebKit/537.36 (KHTML, like Gecko) Chrome/139.0.0.0 Safari/537.36"
66.220.149.114 - - [17/Apr/2026:14:32:09 -0400] "GET /wp-content/plugins/booked/assets/js/tooltipster/js/jquery.tooltipster.min.js HTTP/1.1" 200 5485 "http://www.escapetravelservices.com/?fbclid=IwZXh0bgNhZW0CMTEAc3J0YwZhcHBfaWQMMjU2MjgxMDQwNTU4AAEe_6XL38AvV610sjfbnfmncvde2GOiwO7XBk9ZSIcDFqyOSWK4Wo0ktJfYbZc_aem_eiCD919YbBQj5b-P8SV-ow" "Mozilla/5.0 (Windows NT 10.0; Win64; x64) AppleWebKit/537.36 (KHTML, like Gecko) Chrome/139.0.0.0 Safari/537.36"
173.252.82.10 - - [17/Apr/2026:14:32:09 -0400] "GET /wp-content/themes/escapetour/css/metro-white-skin/skin.css HTTP/1.1" 200 1523 "http://www.escapetravelservices.com/wp-content/themes/escapetour/css/ilightbox/ilightbox.css" "Mozilla/5.0 (Windows NT 10.0; Win64; x64) AppleWebKit/537.36 (KHTML, like Gecko) Chrome/139.0.0.0 Safari/537.36"
66.220.149.114 - - [17/Apr/2026:14:32:09 -0400] "GET /wp-content/plugins/booked/includes/add-ons/frontend-agents/js/functions.js HTTP/1.1" 200 1311 "http://www.escapetravelservices.com/?fbclid=IwZXh0bgNhZW0CMTEAc3J0YwZhcHBfaWQMMjU2MjgxMDQwNTU4AAEe_6XL38AvV610sjfbnfmncvde2GOiwO7XBk9ZSIcDFqyOSWK4Wo0ktJfYbZc_aem_eiCD919YbBQj5b-P8SV-ow" "Mozilla/5.0 (Windows NT 10.0; Win64; x64) AppleWebKit/537.36 (KHTML, like Gecko) Chrome/139.0.0.0 Safari/537.36"
66.220.149.28 - - [17/Apr/2026:14:32:09 -0400] "GET /wp-content/themes/escapetour/css/mac-skin/skin.css HTTP/1.1" 200 2033 "http://www.escapetravelservices.com/wp-content/themes/escapetour/css/ilightbox/ilightbox.css" "Mozilla/5.0 (Windows NT 10.0; Win64; x64) AppleWebKit/537.36 (KHTML, like Gecko) Chrome/139.0.0.0 Safari/537.36"
66.220.149.4 - - [17/Apr/2026:14:32:09 -0400] "GET /wp-content/themes/escapetour/js/ilightbox.packed.js HTTP/1.1" 200 26301 "http://www.escapetravelservices.com/?fbclid=IwZXh0bgNhZW0CMTEAc3J0YwZhcHBfaWQMMjU2MjgxMDQwNTU4AAEe_6XL38AvV610sjfbnfmncvde2GOiwO7XBk9ZSIcDFqyOSWK4Wo0ktJfYbZc_aem_eiCD919YbBQj5b-P8SV-ow" "Mozilla/5.0 (Windows NT 10.0; Win64; x64) AppleWebKit/537.36 (KHTML, like Gecko) Chrome/139.0.0.0 Safari/537.36"
66.220.149.4 - - [17/Apr/2026:14:32:09 -0400] "GET /wp-content/themes/escapetour/js/waypoints.min.js HTTP/1.1" 200 2830 "http://www.escapetravelservices.com/?fbclid=IwZXh0bgNhZW0CMTEAc3J0YwZhcHBfaWQMMjU2MjgxMDQwNTU4AAEe_6XL38AvV610sjfbnfmncvde2GOiwO7XBk9ZSIcDFqyOSWK4Wo0ktJfYbZc_aem_eiCD919YbBQj5b-P8SV-ow" "Mozilla/5.0 (Windows NT 10.0; Win64; x64) AppleWebKit/537.36 (KHTML, like Gecko) Chrome/139.0.0.0 Safari/537.36"
173.252.87.115 - - [17/Apr/2026:14:32:10 -0400] "GET /wp-content/plugins/booked/assets/css/animations.css HTTP/1.1" 200 562 "http://www.escapetravelservices.com/?fbclid=IwZXh0bgNhZW0CMTEAc3J0YwZhcHBfaWQMMjU2MjgxMDQwNTU4AAEeu_yKprmZO-km4vsVOT2ytzGVpmGaCn5id-YWf0zaHE3Y1MRh1SQnYbdSlyg_aem_U7QNghNoK9-jH_zZDg0uxg" "Mozilla/5.0 (Windows NT 10.0; Win64; x64) AppleWebKit/537.36 (KHTML, like Gecko) Chrome/147.0.0.0 Safari/537.36"
66.220.149.114 - - [17/Apr/2026:14:32:10 -0400] "GET /wp-content/themes/escapetour/js/jquery.isotope.js HTTP/1.1" 200 5637 "http://www.escapetravelservices.com/?fbclid=IwZXh0bgNhZW0CMTEAc3J0YwZhcHBfaWQMMjU2MjgxMDQwNTU4AAEe_6XL38AvV610sjfbnfmncvde2GOiwO7XBk9ZSIcDFqyOSWK4Wo0ktJfYbZc_aem_eiCD919YbBQj5b-P8SV-ow" "Mozilla/5.0 (Windows NT 10.0; Win64; x64) AppleWebKit/537.36 (KHTML, like Gecko) Chrome/139.0.0.0 Safari/537.36"
173.252.87.10 - - [17/Apr/2026:14:32:10 -0400] "GET /wp-content/plugins/grandtour-custom-post/css/fontawesome-stars-o.css HTTP/1.1" 404 27462 "http://www.escapetravelservices.com/?fbclid=IwZXh0bgNhZW0CMTEAc3J0YwZhcHBfaWQMMjU2MjgxMDQwNTU4AAEeu_yKprmZO-km4vsVOT2ytzGVpmGaCn5id-YWf0zaHE3Y1MRh1SQnYbdSlyg_aem_U7QNghNoK9-jH_zZDg0uxg" "Mozilla/5.0 (Windows NT 10.0; Win64; x64) AppleWebKit/537.36 (KHTML, like Gecko) Chrome/147.0.0.0 Safari/537.36"
173.252.82.15 - - [17/Apr/2026:14:32:10 -0400] "GET /wp-content/plugins/revslider/public/assets/js/rbtools.min.js HTTP/1.1" 200 50897 "http://www.escapetravelservices.com/?fbclid=IwZXh0bgNhZW0CMTEAc3J0YwZhcHBfaWQMMjU2MjgxMDQwNTU4AAEe2aTK7vWAv3XnC_GX9MLEeEAE8A5mr7YUP4c36nw9tst6Il99IPhhz8dmP8Q_aem_BvYhsCDW8ESjj-DI9POV_g" "Mozilla/5.0 (Windows NT 10.0; Win64; x64) AppleWebKit/537.36 (KHTML, like Gecko) Chrome/139.0.0.0 Safari/537.36"
66.220.149.35 - - [17/Apr/2026:14:32:10 -0400] "GET /wp-content/plugins/revslider/public/assets/js/rs6.min.js HTTP/1.1" 200 100200 "http://www.escapetravelservices.com/?fbclid=IwZXh0bgNhZW0CMTEAc3J0YwZhcHBfaWQMMjU2MjgxMDQwNTU4AAEeeAzoFRMvPHsDgylDtg9iCCy88PgmO7-Zx3AMhrwGhQq0AqC63nHdr3gKBcg_aem_9EsH7PThTe8cAi-Bisz7Ww" "Mozilla/5.0 (Windows NT 10.0; Win64; x64) AppleWebKit/537.36 (KHTML, like Gecko) Chrome/139.0.0.0 Safari/537.36"
66.220.149.4 - - [17/Apr/2026:14:32:10 -0400] "GET /wp-content/themes/escapetour/js/jquery.tooltipster.min.js HTTP/1.1" 200 5312 "http://www.escapetravelservices.com/?fbclid=IwZXh0bgNhZW0CMTEAc3J0YwZhcHBfaWQMMjU2MjgxMDQwNTU4AAEe_6XL38AvV610sjfbnfmncvde2GOiwO7XBk9ZSIcDFqyOSWK4Wo0ktJfYbZc_aem_eiCD919YbBQj5b-P8SV-ow" "Mozilla/5.0 (Windows NT 10.0; Win64; x64) AppleWebKit/537.36 (KHTML, like Gecko) Chrome/139.0.0.0 Safari/537.36"
66.220.149.28 - - [17/Apr/2026:14:32:10 -0400] "GET /wp-content/plugins/whatsapp-for-wordpress/assets/js/main.js HTTP/1.1" 200 1644 "http://www.escapetravelservices.com/?fbclid=IwZXh0bgNhZW0CMTEAc3J0YwZhcHBfaWQMMjU2MjgxMDQwNTU4AAEeeAzoFRMvPHsDgylDtg9iCCy88PgmO7-Zx3AMhrwGhQq0AqC63nHdr3gKBcg_aem_9EsH7PThTe8cAi-Bisz7Ww" "Mozilla/5.0 (Windows NT 10.0; Win64; x64) AppleWebKit/537.36 (KHTML, like Gecko) Chrome/139.0.0.0 Safari/537.36"
173.252.82.10 - - [17/Apr/2026:14:32:10 -0400] "GET /wp-content/plugins/revslider/public/assets/js/rs6.min.js HTTP/1.1" 200 100200 "http://www.escapetravelservices.com/?fbclid=IwZXh0bgNhZW0CMTEAc3J0YwZhcHBfaWQMMjU2MjgxMDQwNTU4AAEe2aTK7vWAv3XnC_GX9MLEeEAE8A5mr7YUP4c36nw9tst6Il99IPhhz8dmP8Q_aem_BvYhsCDW8ESjj-DI9POV_g" "Mozilla/5.0 (Windows NT 10.0; Win64; x64) AppleWebKit/537.36 (KHTML, like Gecko) Chrome/139.0.0.0 Safari/537.36"
66.220.149.43 - - [17/Apr/2026:14:32:09 -0400] "GET /wp-admin/admin-ajax.php?action=grandtour_custom_css HTTP/1.1" 200 1626 "http://www.escapetravelservices.com/?fbclid=IwZXh0bgNhZW0CMTEAc3J0YwZhcHBfaWQMMjU2MjgxMDQwNTU4AAEeeAzoFRMvPHsDgylDtg9iCCy88PgmO7-Zx3AMhrwGhQq0AqC63nHdr3gKBcg_aem_9EsH7PThTe8cAi-Bisz7Ww" "Mozilla/5.0 (Windows NT 10.0; Win64; x64) AppleWebKit/537.36 (KHTML, like Gecko) Chrome/139.0.0.0 Safari/537.36"
173.252.87.115 - - [17/Apr/2026:14:32:10 -0400] "GET /wp-content/themes/escapetour/css/wordpress.css HTTP/1.1" 200 1176 "http://www.escapetravelservices.com/?fbclid=IwZXh0bgNhZW0CMTEAc3J0YwZhcHBfaWQMMjU2MjgxMDQwNTU4AAEeu_yKprmZO-km4vsVOT2ytzGVpmGaCn5id-YWf0zaHE3Y1MRh1SQnYbdSlyg_aem_U7QNghNoK9-jH_zZDg0uxg" "Mozilla/5.0 (Windows NT 10.0; Win64; x64) AppleWebKit/537.36 (KHTML, like Gecko) Chrome/147.0.0.0 Safari/537.36"
66.220.149.35 - - [17/Apr/2026:14:32:10 -0400] "GET /wp-includes/js/jquery/jquery-migrate.min.js HTTP/1.1" 200 4461 "http://www.escapetravelservices.com/?fbclid=IwZXh0bgNhZW0CMTEAc3J0YwZhcHBfaWQMMjU2MjgxMDQwNTU4AAEeeAzoFRMvPHsDgylDtg9iCCy88PgmO7-Zx3AMhrwGhQq0AqC63nHdr3gKBcg_aem_9EsH7PThTe8cAi-Bisz7Ww" "Mozilla/5.0 (Windows NT 10.0; Win64; x64) AppleWebKit/537.36 (KHTML, like Gecko) Chrome/139.0.0.0 Safari/537.36"
66.220.149.33 - - [17/Apr/2026:14:32:10 -0400] "GET /wp-content/themes/escapetour/js/jquery.masory.js HTTP/1.1" 200 8144 "http://www.escapetravelservices.com/?fbclid=IwZXh0bgNhZW0CMTEAc3J0YwZhcHBfaWQMMjU2MjgxMDQwNTU4AAEe_6XL38AvV610sjfbnfmncvde2GOiwO7XBk9ZSIcDFqyOSWK4Wo0ktJfYbZc_aem_eiCD919YbBQj5b-P8SV-ow" "Mozilla/5.0 (Windows NT 10.0; Win64; x64) AppleWebKit/537.36 (KHTML, like Gecko) Chrome/139.0.0.0 Safari/537.36"
66.220.149.28 - - [17/Apr/2026:14:32:10 -0400] "GET /wp-content/plugins/revslider/public/assets/js/rbtools.min.js HTTP/1.1" 200 50897 "http://www.escapetravelservices.com/?fbclid=IwZXh0bgNhZW0CMTEAc3J0YwZhcHBfaWQMMjU2MjgxMDQwNTU4AAEeeAzoFRMvPHsDgylDtg9iCCy88PgmO7-Zx3AMhrwGhQq0AqC63nHdr3gKBcg_aem_9EsH7PThTe8cAi-Bisz7Ww" "Mozilla/5.0 (Windows NT 10.0; Win64; x64) AppleWebKit/537.36 (KHTML, like Gecko) Chrome/139.0.0.0 Safari/537.36"
173.252.82.10 - - [17/Apr/2026:14:32:10 -0400] "GET /wp-includes/js/jquery/jquery-migrate.min.js HTTP/1.1" 200 4461 "http://www.escapetravelservices.com/?fbclid=IwZXh0bgNhZW0CMTEAc3J0YwZhcHBfaWQMMjU2MjgxMDQwNTU4AAEe2aTK7vWAv3XnC_GX9MLEeEAE8A5mr7YUP4c36nw9tst6Il99IPhhz8dmP8Q_aem_BvYhsCDW8ESjj-DI9POV_g" "Mozilla/5.0 (Windows NT 10.0; Win64; x64) AppleWebKit/537.36 (KHTML, like Gecko) Chrome/139.0.0.0 Safari/537.36"
173.252.87.115 - - [17/Apr/2026:14:32:10 -0400] "GET /wp-content/plugins/contact-form-7/includes/css/styles.css HTTP/1.1" 200 776 "http://www.escapetravelservices.com/?fbclid=IwZXh0bgNhZW0CMTEAc3J0YwZhcHBfaWQMMjU2MjgxMDQwNTU4AAEeu_yKprmZO-km4vsVOT2ytzGVpmGaCn5id-YWf0zaHE3Y1MRh1SQnYbdSlyg_aem_U7QNghNoK9-jH_zZDg0uxg" "Mozilla/5.0 (Windows NT 10.0; Win64; x64) AppleWebKit/537.36 (KHTML, like Gecko) Chrome/147.0.0.0 Safari/537.36"
173.252.87.115 - - [17/Apr/2026:14:32:10 -0400] "GET /wp-content/plugins/revslider/public/assets/css/rs6.css HTTP/1.1" 200 15207 "http://www.escapetravelservices.com/?fbclid=IwZXh0bgNhZW0CMTEAc3J0YwZhcHBfaWQMMjU2MjgxMDQwNTU4AAEeu_yKprmZO-km4vsVOT2ytzGVpmGaCn5id-YWf0zaHE3Y1MRh1SQnYbdSlyg_aem_U7QNghNoK9-jH_zZDg0uxg" "Mozilla/5.0 (Windows NT 10.0; Win64; x64) AppleWebKit/537.36 (KHTML, like Gecko) Chrome/147.0.0.0 Safari/537.36"
66.220.149.33 - - [17/Apr/2026:14:32:10 -0400] "GET /wp-content/themes/escapetour/js/jarallax.js HTTP/1.1" 200 10878 "http://www.escapetravelservices.com/?fbclid=IwZXh0bgNhZW0CMTEAc3J0YwZhcHBfaWQMMjU2MjgxMDQwNTU4AAEe_6XL38AvV610sjfbnfmncvde2GOiwO7XBk9ZSIcDFqyOSWK4Wo0ktJfYbZc_aem_eiCD919YbBQj5b-P8SV-ow" "Mozilla/5.0 (Windows NT 10.0; Win64; x64) AppleWebKit/537.36 (KHTML, like Gecko) Chrome/139.0.0.0 Safari/537.36"
173.252.87.115 - - [17/Apr/2026:14:32:10 -0400] "GET /wp-content/plugins/whatsapp-for-wordpress/assets/css/style.css HTTP/1.1" 200 4693 "http://www.escapetravelservices.com/?fbclid=IwZXh0bgNhZW0CMTEAc3J0YwZhcHBfaWQMMjU2MjgxMDQwNTU4AAEeu_yKprmZO-km4vsVOT2ytzGVpmGaCn5id-YWf0zaHE3Y1MRh1SQnYbdSlyg_aem_U7QNghNoK9-jH_zZDg0uxg" "Mozilla/5.0 (Windows NT 10.0; Win64; x64) AppleWebKit/537.36 (KHTML, like Gecko) Chrome/147.0.0.0 Safari/537.36"
173.252.87.115 - - [17/Apr/2026:14:32:10 -0400] "GET /wp-content/themes/escapetour/css/animation.css HTTP/1.1" 200 1055 "http://www.escapetravelservices.com/?fbclid=IwZXh0bgNhZW0CMTEAc3J0YwZhcHBfaWQMMjU2MjgxMDQwNTU4AAEeu_yKprmZO-km4vsVOT2ytzGVpmGaCn5id-YWf0zaHE3Y1MRh1SQnYbdSlyg_aem_U7QNghNoK9-jH_zZDg0uxg" "Mozilla/5.0 (Windows NT 10.0; Win64; x64) AppleWebKit/537.36 (KHTML, like Gecko) Chrome/147.0.0.0 Safari/537.36"
66.220.149.28 - - [17/Apr/2026:14:32:10 -0400] "GET /wp-content/plugins/sliding-enquiry-form/js/modernizr.custom.js HTTP/1.1" 200 3857 "http://www.escapetravelservices.com/?fbclid=IwZXh0bgNhZW0CMTEAc3J0YwZhcHBfaWQMMjU2MjgxMDQwNTU4AAEeeAzoFRMvPHsDgylDtg9iCCy88PgmO7-Zx3AMhrwGhQq0AqC63nHdr3gKBcg_aem_9EsH7PThTe8cAi-Bisz7Ww" "Mozilla/5.0 (Windows NT 10.0; Win64; x64) AppleWebKit/537.36 (KHTML, like Gecko) Chrome/139.0.0.0 Safari/537.36"
173.252.82.112 - - [17/Apr/2026:14:32:09 -0400] "GET /wp-admin/admin-ajax.php?action=grandtour_custom_css HTTP/1.1" 200 1626 "http://www.escapetravelservices.com/?fbclid=IwZXh0bgNhZW0CMTEAc3J0YwZhcHBfaWQMMjU2MjgxMDQwNTU4AAEe2aTK7vWAv3XnC_GX9MLEeEAE8A5mr7YUP4c36nw9tst6Il99IPhhz8dmP8Q_aem_BvYhsCDW8ESjj-DI9POV_g" "Mozilla/5.0 (Windows NT 10.0; Win64; x64) AppleWebKit/537.36 (KHTML, like Gecko) Chrome/139.0.0.0 Safari/537.36"
173.252.82.15 - - [17/Apr/2026:14:32:10 -0400] "GET /wp-content/plugins/whatsapp-for-wordpress/assets/js/main.js HTTP/1.1" 200 1644 "http://www.escapetravelservices.com/?fbclid=IwZXh0bgNhZW0CMTEAc3J0YwZhcHBfaWQMMjU2MjgxMDQwNTU4AAEe2aTK7vWAv3XnC_GX9MLEeEAE8A5mr7YUP4c36nw9tst6Il99IPhhz8dmP8Q_aem_BvYhsCDW8ESjj-DI9POV_g" "Mozilla/5.0 (Windows NT 10.0; Win64; x64) AppleWebKit/537.36 (KHTML, like Gecko) Chrome/139.0.0.0 Safari/537.36"
66.220.149.43 - - [17/Apr/2026:14:32:10 -0400] "GET /wp-content/plugins/sliding-enquiry-form/js/validation.js HTTP/1.1" 200 764 "http://www.escapetravelservices.com/?fbclid=IwZXh0bgNhZW0CMTEAc3J0YwZhcHBfaWQMMjU2MjgxMDQwNTU4AAEeeAzoFRMvPHsDgylDtg9iCCy88PgmO7-Zx3AMhrwGhQq0AqC63nHdr3gKBcg_aem_9EsH7PThTe8cAi-Bisz7Ww" "Mozilla/5.0 (Windows NT 10.0; Win64; x64) AppleWebKit/537.36 (KHTML, like Gecko) Chrome/139.0.0.0 Safari/537.36"
173.252.87.115 - - [17/Apr/2026:14:32:10 -0400] "GET /wp-content/themes/escapetour/css/ilightbox/ilightbox.css HTTP/1.1" 200 1778 "http://www.escapetravelservices.com/?fbclid=IwZXh0bgNhZW0CMTEAc3J0YwZhcHBfaWQMMjU2MjgxMDQwNTU4AAEeu_yKprmZO-km4vsVOT2ytzGVpmGaCn5id-YWf0zaHE3Y1MRh1SQnYbdSlyg_aem_U7QNghNoK9-jH_zZDg0uxg" "Mozilla/5.0 (Windows NT 10.0; Win64; x64) AppleWebKit/537.36 (KHTML, like Gecko) Chrome/147.0.0.0 Safari/537.36"
173.252.82.15 - - [17/Apr/2026:14:32:10 -0400] "GET /wp-content/plugins/sliding-enquiry-form/js/modernizr.custom.js HTTP/1.1" 200 3857 "http://www.escapetravelservices.com/?fbclid=IwZXh0bgNhZW0CMTEAc3J0YwZhcHBfaWQMMjU2MjgxMDQwNTU4AAEe2aTK7vWAv3XnC_GX9MLEeEAE8A5mr7YUP4c36nw9tst6Il99IPhhz8dmP8Q_aem_BvYhsCDW8ESjj-DI9POV_g" "Mozilla/5.0 (Windows NT 10.0; Win64; x64) AppleWebKit/537.36 (KHTML, like Gecko) Chrome/139.0.0.0 Safari/537.36"
173.252.87.115 - - [17/Apr/2026:14:32:10 -0400] "GET /wp-content/themes/escapetour/js/flexslider/flexslider.css HTTP/1.1" 200 2042 "http://www.escapetravelservices.com/?fbclid=IwZXh0bgNhZW0CMTEAc3J0YwZhcHBfaWQMMjU2MjgxMDQwNTU4AAEeu_yKprmZO-km4vsVOT2ytzGVpmGaCn5id-YWf0zaHE3Y1MRh1SQnYbdSlyg_aem_U7QNghNoK9-jH_zZDg0uxg" "Mozilla/5.0 (Windows NT 10.0; Win64; x64) AppleWebKit/537.36 (KHTML, like Gecko) Chrome/147.0.0.0 Safari/537.36"
173.252.87.115 - - [17/Apr/2026:14:32:10 -0400] "GET /wp-content/themes/escapetour/css/tooltipster.css HTTP/1.1" 200 1874 "http://www.escapetravelservices.com/?fbclid=IwZXh0bgNhZW0CMTEAc3J0YwZhcHBfaWQMMjU2MjgxMDQwNTU4AAEeu_yKprmZO-km4vsVOT2ytzGVpmGaCn5id-YWf0zaHE3Y1MRh1SQnYbdSlyg_aem_U7QNghNoK9-jH_zZDg0uxg" "Mozilla/5.0 (Windows NT 10.0; Win64; x64) AppleWebKit/537.36 (KHTML, like Gecko) Chrome/147.0.0.0 Safari/537.36"
173.252.82.112 - - [17/Apr/2026:14:32:10 -0400] "GET /wp-content/uploads/2022/06/escape-travel-services-ceo-150x150.jpg HTTP/1.1" 200 4381 "http://www.escapetravelservices.com/?fbclid=IwZXh0bgNhZW0CMTEAc3J0YwZhcHBfaWQMMjU2MjgxMDQwNTU4AAEe2aTK7vWAv3XnC_GX9MLEeEAE8A5mr7YUP4c36nw9tst6Il99IPhhz8dmP8Q_aem_BvYhsCDW8ESjj-DI9POV_g" "Mozilla/5.0 (Windows NT 10.0; Win64; x64) AppleWebKit/537.36 (KHTML, like Gecko) Chrome/139.0.0.0 Safari/537.36"
173.252.82.10 - - [17/Apr/2026:14:32:10 -0400] "GET /wp-content/plugins/sliding-enquiry-form/js/validation.js HTTP/1.1" 200 764 "http://www.escapetravelservices.com/?fbclid=IwZXh0bgNhZW0CMTEAc3J0YwZhcHBfaWQMMjU2MjgxMDQwNTU4AAEe2aTK7vWAv3XnC_GX9MLEeEAE8A5mr7YUP4c36nw9tst6Il99IPhhz8dmP8Q_aem_BvYhsCDW8ESjj-DI9POV_g" "Mozilla/5.0 (Windows NT 10.0; Win64; x64) AppleWebKit/537.36 (KHTML, like Gecko) Chrome/139.0.0.0 Safari/537.36"
66.220.149.2 - - [17/Apr/2026:14:32:10 -0400] "GET /wp-content/uploads/2021/01/escape-logo-black2.png HTTP/1.1" 200 32505 "http://www.escapetravelservices.com/?fbclid=IwZXh0bgNhZW0CMTEAc3J0YwZhcHBfaWQMMjU2MjgxMDQwNTU4AAEeeAzoFRMvPHsDgylDtg9iCCy88PgmO7-Zx3AMhrwGhQq0AqC63nHdr3gKBcg_aem_9EsH7PThTe8cAi-Bisz7Ww" "Mozilla/5.0 (Windows NT 10.0; Win64; x64) AppleWebKit/537.36 (KHTML, like Gecko) Chrome/139.0.0.0 Safari/537.36"
173.252.87.115 - - [17/Apr/2026:14:32:10 -0400] "GET /wp-content/themes/escapetour/css/odometer-theme-minimal.css HTTP/1.1" 200 629 "http://www.escapetravelservices.com/?fbclid=IwZXh0bgNhZW0CMTEAc3J0YwZhcHBfaWQMMjU2MjgxMDQwNTU4AAEeu_yKprmZO-km4vsVOT2ytzGVpmGaCn5id-YWf0zaHE3Y1MRh1SQnYbdSlyg_aem_U7QNghNoK9-jH_zZDg0uxg" "Mozilla/5.0 (Windows NT 10.0; Win64; x64) AppleWebKit/537.36 (KHTML, like Gecko) Chrome/147.0.0.0 Safari/537.36"
173.252.87.115 - - [17/Apr/2026:14:32:10 -0400] "GET /wp-content/themes/escapetour/css/screen.css HTTP/1.1" 200 38946 "http://www.escapetravelservices.com/?fbclid=IwZXh0bgNhZW0CMTEAc3J0YwZhcHBfaWQMMjU2MjgxMDQwNTU4AAEeu_yKprmZO-km4vsVOT2ytzGVpmGaCn5id-YWf0zaHE3Y1MRh1SQnYbdSlyg_aem_U7QNghNoK9-jH_zZDg0uxg" "Mozilla/5.0 (Windows NT 10.0; Win64; x64) AppleWebKit/537.36 (KHTML, like Gecko) Chrome/147.0.0.0 Safari/537.36"
173.252.87.25 - - [17/Apr/2026:14:32:10 -0400] "GET /wp-content/themes/escapetour/css/menus/leftalignmenu.css HTTP/1.1" 200 862 "http://www.escapetravelservices.com/?fbclid=IwZXh0bgNhZW0CMTEAc3J0YwZhcHBfaWQMMjU2MjgxMDQwNTU4AAEeu_yKprmZO-km4vsVOT2ytzGVpmGaCn5id-YWf0zaHE3Y1MRh1SQnYbdSlyg_aem_U7QNghNoK9-jH_zZDg0uxg" "Mozilla/5.0 (Windows NT 10.0; Win64; x64) AppleWebKit/537.36 (KHTML, like Gecko) Chrome/147.0.0.0 Safari/537.36"
66.220.149.35 - - [17/Apr/2026:14:32:10 -0400] "GET /wp-content/uploads/trustindex-google-widget.css HTTP/1.1" 200 3707 "http://www.escapetravelservices.com/?fbclid=IwZXh0bgNhZW0CMTEAc3J0YwZhcHBfaWQMMjU2MjgxMDQwNTU4AAEeeAzoFRMvPHsDgylDtg9iCCy88PgmO7-Zx3AMhrwGhQq0AqC63nHdr3gKBcg_aem_9EsH7PThTe8cAi-Bisz7Ww" "Mozilla/5.0 (Windows NT 10.0; Win64; x64) AppleWebKit/537.36 (KHTML, like Gecko) Chrome/139.0.0.0 Safari/537.36"
173.252.82.112 - - [17/Apr/2026:14:32:10 -0400] "GET /wp-content/uploads/2021/01/escape-logo-black2.png HTTP/1.1" 200 32505 "http://www.escapetravelservices.com/?fbclid=IwZXh0bgNhZW0CMTEAc3J0YwZhcHBfaWQMMjU2MjgxMDQwNTU4AAEe2aTK7vWAv3XnC_GX9MLEeEAE8A5mr7YUP4c36nw9tst6Il99IPhhz8dmP8Q_aem_BvYhsCDW8ESjj-DI9POV_g" "Mozilla/5.0 (Windows NT 10.0; Win64; x64) AppleWebKit/537.36 (KHTML, like Gecko) Chrome/139.0.0.0 Safari/537.36"
173.252.87.25 - - [17/Apr/2026:14:32:10 -0400] "GET /wp-content/themes/escapetour/css/themify-icons.css HTTP/1.1" 200 3159 "http://www.escapetravelservices.com/?fbclid=IwZXh0bgNhZW0CMTEAc3J0YwZhcHBfaWQMMjU2MjgxMDQwNTU4AAEeu_yKprmZO-km4vsVOT2ytzGVpmGaCn5id-YWf0zaHE3Y1MRh1SQnYbdSlyg_aem_U7QNghNoK9-jH_zZDg0uxg" "Mozilla/5.0 (Windows NT 10.0; Win64; x64) AppleWebKit/537.36 (KHTML, like Gecko) Chrome/147.0.0.0 Safari/537.36"
173.252.82.112 - - [17/Apr/2026:14:32:10 -0400] "GET /wp-content/uploads/2022/06/Delightful-Seychlles-700x466.jpg HTTP/1.1" 200 107321 "http://www.escapetravelservices.com/?fbclid=IwZXh0bgNhZW0CMTEAc3J0YwZhcHBfaWQMMjU2MjgxMDQwNTU4AAEe2aTK7vWAv3XnC_GX9MLEeEAE8A5mr7YUP4c36nw9tst6Il99IPhhz8dmP8Q_aem_BvYhsCDW8ESjj-DI9POV_g" "Mozilla/5.0 (Windows NT 10.0; Win64; x64) AppleWebKit/537.36 (KHTML, like Gecko) Chrome/139.0.0.0 Safari/537.36"
173.252.87.115 - - [17/Apr/2026:14:32:10 -0400] "GET /wp-content/themes/escapetour/css/jqueryui/custom.css HTTP/1.1" 200 5287 "http://www.escapetravelservices.com/?fbclid=IwZXh0bgNhZW0CMTEAc3J0YwZhcHBfaWQMMjU2MjgxMDQwNTU4AAEeu_yKprmZO-km4vsVOT2ytzGVpmGaCn5id-YWf0zaHE3Y1MRh1SQnYbdSlyg_aem_U7QNghNoK9-jH_zZDg0uxg" "Mozilla/5.0 (Windows NT 10.0; Win64; x64) AppleWebKit/537.36 (KHTML, like Gecko) Chrome/147.0.0.0 Safari/537.36"
173.252.87.25 - - [17/Apr/2026:14:32:10 -0400] "GET /wp-content/themes/escapetour/css/reset.css HTTP/1.1" 200 334 "http://www.escapetravelservices.com/?fbclid=IwZXh0bgNhZW0CMTEAc3J0YwZhcHBfaWQMMjU2MjgxMDQwNTU4AAEeu_yKprmZO-km4vsVOT2ytzGVpmGaCn5id-YWf0zaHE3Y1MRh1SQnYbdSlyg_aem_U7QNghNoK9-jH_zZDg0uxg" "Mozilla/5.0 (Windows NT 10.0; Win64; x64) AppleWebKit/537.36 (KHTML, like Gecko) Chrome/147.0.0.0 Safari/537.36"
173.252.87.25 - - [17/Apr/2026:14:32:10 -0400] "GET /wp-includes/js/mediaelement/mediaelementplayer-legacy.min.css HTTP/1.1" 200 2967 "http://www.escapetravelservices.com/?fbclid=IwZXh0bgNhZW0CMTEAc3J0YwZhcHBfaWQMMjU2MjgxMDQwNTU4AAEeu_yKprmZO-km4vsVOT2ytzGVpmGaCn5id-YWf0zaHE3Y1MRh1SQnYbdSlyg_aem_U7QNghNoK9-jH_zZDg0uxg" "Mozilla/5.0 (Windows NT 10.0; Win64; x64) AppleWebKit/537.36 (KHTML, like Gecko) Chrome/147.0.0.0 Safari/537.36"
66.220.149.35 - - [17/Apr/2026:14:32:10 -0400] "GET /wp-content/uploads/2022/06/escape-travel-services-ceo-150x150.jpg HTTP/1.1" 200 4381 "http://www.escapetravelservices.com/?fbclid=IwZXh0bgNhZW0CMTEAc3J0YwZhcHBfaWQMMjU2MjgxMDQwNTU4AAEeeAzoFRMvPHsDgylDtg9iCCy88PgmO7-Zx3AMhrwGhQq0AqC63nHdr3gKBcg_aem_9EsH7PThTe8cAi-Bisz7Ww" "Mozilla/5.0 (Windows NT 10.0; Win64; x64) AppleWebKit/537.36 (KHTML, like Gecko) Chrome/139.0.0.0 Safari/537.36"
66.220.149.43 - - [17/Apr/2026:14:32:10 -0400] "GET /wp-content/uploads/2021/01/escape-logo-white1.png HTTP/1.1" 200 33369 "http://www.escapetravelservices.com/?fbclid=IwZXh0bgNhZW0CMTEAc3J0YwZhcHBfaWQMMjU2MjgxMDQwNTU4AAEeeAzoFRMvPHsDgylDtg9iCCy88PgmO7-Zx3AMhrwGhQq0AqC63nHdr3gKBcg_aem_9EsH7PThTe8cAi-Bisz7Ww" "Mozilla/5.0 (Windows NT 10.0; Win64; x64) AppleWebKit/537.36 (KHTML, like Gecko) Chrome/139.0.0.0 Safari/537.36"
173.252.82.10 - - [17/Apr/2026:14:32:10 -0400] "GET /wp-content/uploads/2021/01/escape-logo-white1.png HTTP/1.1" 200 33369 "http://www.escapetravelservices.com/?fbclid=IwZXh0bgNhZW0CMTEAc3J0YwZhcHBfaWQMMjU2MjgxMDQwNTU4AAEe2aTK7vWAv3XnC_GX9MLEeEAE8A5mr7YUP4c36nw9tst6Il99IPhhz8dmP8Q_aem_BvYhsCDW8ESjj-DI9POV_g" "Mozilla/5.0 (Windows NT 10.0; Win64; x64) AppleWebKit/537.36 (KHTML, like Gecko) Chrome/139.0.0.0 Safari/537.36"
173.252.87.115 - - [17/Apr/2026:14:32:10 -0400] "GET /wp-content/themes/escapetour/css/font-awesome.min.css HTTP/1.1" 200 7749 "http://www.escapetravelservices.com/?fbclid=IwZXh0bgNhZW0CMTEAc3J0YwZhcHBfaWQMMjU2MjgxMDQwNTU4AAEeu_yKprmZO-km4vsVOT2ytzGVpmGaCn5id-YWf0zaHE3Y1MRh1SQnYbdSlyg_aem_U7QNghNoK9-jH_zZDg0uxg" "Mozilla/5.0 (Windows NT 10.0; Win64; x64) AppleWebKit/537.36 (KHTML, like Gecko) Chrome/147.0.0.0 Safari/537.36"
66.220.149.35 - - [17/Apr/2026:14:32:10 -0400] "GET /wp-includes/js/jquery/ui/core.min.js HTTP/1.1" 200 7544 "http://www.escapetravelservices.com/?fbclid=IwZXh0bgNhZW0CMTEAc3J0YwZhcHBfaWQMMjU2MjgxMDQwNTU4AAEeeAzoFRMvPHsDgylDtg9iCCy88PgmO7-Zx3AMhrwGhQq0AqC63nHdr3gKBcg_aem_9EsH7PThTe8cAi-Bisz7Ww" "Mozilla/5.0 (Windows NT 10.0; Win64; x64) AppleWebKit/537.36 (KHTML, like Gecko) Chrome/139.0.0.0 Safari/537.36"
173.252.87.115 - - [17/Apr/2026:14:32:10 -0400] "GET /wp-content/plugins/sliding-enquiry-form/css/sliding-enquiry.css HTTP/1.1" 200 2015 "http://www.escapetravelservices.com/?fbclid=IwZXh0bgNhZW0CMTEAc3J0YwZhcHBfaWQMMjU2MjgxMDQwNTU4AAEeu_yKprmZO-km4vsVOT2ytzGVpmGaCn5id-YWf0zaHE3Y1MRh1SQnYbdSlyg_aem_U7QNghNoK9-jH_zZDg0uxg" "Mozilla/5.0 (Windows NT 10.0; Win64; x64) AppleWebKit/537.36 (KHTML, like Gecko) Chrome/147.0.0.0 Safari/537.36"
66.220.149.43 - - [17/Apr/2026:14:32:10 -0400] "GET /wp-content/uploads/2022/06/Delightful-Seychlles-700x466.jpg HTTP/1.1" 200 107321 "http://www.escapetravelservices.com/?fbclid=IwZXh0bgNhZW0CMTEAc3J0YwZhcHBfaWQMMjU2MjgxMDQwNTU4AAEeeAzoFRMvPHsDgylDtg9iCCy88PgmO7-Zx3AMhrwGhQq0AqC63nHdr3gKBcg_aem_9EsH7PThTe8cAi-Bisz7Ww" "Mozilla/5.0 (Windows NT 10.0; Win64; x64) AppleWebKit/537.36 (KHTML, like Gecko) Chrome/139.0.0.0 Safari/537.36"
173.252.87.25 - - [17/Apr/2026:14:32:10 -0400] "GET /wp-content/plugins/meks-easy-instagram-widget/css/widget.css HTTP/1.1" 200 302 "http://www.escapetravelservices.com/?fbclid=IwZXh0bgNhZW0CMTEAc3J0YwZhcHBfaWQMMjU2MjgxMDQwNTU4AAEeu_yKprmZO-km4vsVOT2ytzGVpmGaCn5id-YWf0zaHE3Y1MRh1SQnYbdSlyg_aem_U7QNghNoK9-jH_zZDg0uxg" "Mozilla/5.0 (Windows NT 10.0; Win64; x64) AppleWebKit/537.36 (KHTML, like Gecko) Chrome/147.0.0.0 Safari/537.36"
66.220.149.2 - - [17/Apr/2026:14:32:10 -0400] "GET /wp-content/uploads/2022/06/Thrilling-Malaysia-700x466.jpg HTTP/1.1" 200 24375 "http://www.escapetravelservices.com/?fbclid=IwZXh0bgNhZW0CMTEAc3J0YwZhcHBfaWQMMjU2MjgxMDQwNTU4AAEeeAzoFRMvPHsDgylDtg9iCCy88PgmO7-Zx3AMhrwGhQq0AqC63nHdr3gKBcg_aem_9EsH7PThTe8cAi-Bisz7Ww" "Mozilla/5.0 (Windows NT 10.0; Win64; x64) AppleWebKit/537.36 (KHTML, like Gecko) Chrome/139.0.0.0 Safari/537.36"
66.220.149.35 - - [17/Apr/2026:14:32:10 -0400] "GET /wp-includes/js/jquery/ui/datepicker.min.js HTTP/1.1" 200 12350 "http://www.escapetravelservices.com/?fbclid=IwZXh0bgNhZW0CMTEAc3J0YwZhcHBfaWQMMjU2MjgxMDQwNTU4AAEeeAzoFRMvPHsDgylDtg9iCCy88PgmO7-Zx3AMhrwGhQq0AqC63nHdr3gKBcg_aem_9EsH7PThTe8cAi-Bisz7Ww" "Mozilla/5.0 (Windows NT 10.0; Win64; x64) AppleWebKit/537.36 (KHTML, like Gecko) Chrome/139.0.0.0 Safari/537.36"
173.252.87.115 - - [17/Apr/2026:14:32:10 -0400] "GET /wp-content/themes/escapetour/css/grid.css HTTP/1.1" 200 9765 "http://www.escapetravelservices.com/?fbclid=IwZXh0bgNhZW0CMTEAc3J0YwZhcHBfaWQMMjU2MjgxMDQwNTU4AAEeu_yKprmZO-km4vsVOT2ytzGVpmGaCn5id-YWf0zaHE3Y1MRh1SQnYbdSlyg_aem_U7QNghNoK9-jH_zZDg0uxg" "Mozilla/5.0 (Windows NT 10.0; Win64; x64) AppleWebKit/537.36 (KHTML, like Gecko) Chrome/147.0.0.0 Safari/537.36"
173.252.82.10 - - [17/Apr/2026:14:32:10 -0400] "GET /wp-includes/js/jquery/ui/core.min.js HTTP/1.1" 200 7544 "http://www.escapetravelservices.com/?fbclid=IwZXh0bgNhZW0CMTEAc3J0YwZhcHBfaWQMMjU2MjgxMDQwNTU4AAEe2aTK7vWAv3XnC_GX9MLEeEAE8A5mr7YUP4c36nw9tst6Il99IPhhz8dmP8Q_aem_BvYhsCDW8ESjj-DI9POV_g" "Mozilla/5.0 (Windows NT 10.0; Win64; x64) AppleWebKit/537.36 (KHTML, like Gecko) Chrome/139.0.0.0 Safari/537.36"
66.220.149.43 - - [17/Apr/2026:14:32:10 -0400] "GET /wp-content/plugins/booked/assets/js/functions.js HTTP/1.1" 200 11157 "http://www.escapetravelservices.com/?fbclid=IwZXh0bgNhZW0CMTEAc3J0YwZhcHBfaWQMMjU2MjgxMDQwNTU4AAEeeAzoFRMvPHsDgylDtg9iCCy88PgmO7-Zx3AMhrwGhQq0AqC63nHdr3gKBcg_aem_9EsH7PThTe8cAi-Bisz7Ww" "Mozilla/5.0 (Windows NT 10.0; Win64; x64) AppleWebKit/537.36 (KHTML, like Gecko) Chrome/139.0.0.0 Safari/537.36"
66.220.149.35 - - [17/Apr/2026:14:32:10 -0400] "GET /wp-content/plugins/contact-form-7/includes/js/scripts.js HTTP/1.1" 200 4567 "http://www.escapetravelservices.com/?fbclid=IwZXh0bgNhZW0CMTEAc3J0YwZhcHBfaWQMMjU2MjgxMDQwNTU4AAEeeAzoFRMvPHsDgylDtg9iCCy88PgmO7-Zx3AMhrwGhQq0AqC63nHdr3gKBcg_aem_9EsH7PThTe8cAi-Bisz7Ww" "Mozilla/5.0 (Windows NT 10.0; Win64; x64) AppleWebKit/537.36 (KHTML, like Gecko) Chrome/139.0.0.0 Safari/537.36"
173.252.82.10 - - [17/Apr/2026:14:32:10 -0400] "GET /wp-content/plugins/booked/assets/js/spin.min.js HTTP/1.1" 200 2133 "http://www.escapetravelservices.com/?fbclid=IwZXh0bgNhZW0CMTEAc3J0YwZhcHBfaWQMMjU2MjgxMDQwNTU4AAEe2aTK7vWAv3XnC_GX9MLEeEAE8A5mr7YUP4c36nw9tst6Il99IPhhz8dmP8Q_aem_BvYhsCDW8ESjj-DI9POV_g" "Mozilla/5.0 (Windows NT 10.0; Win64; x64) AppleWebKit/537.36 (KHTML, like Gecko) Chrome/139.0.0.0 Safari/537.36"
173.252.82.10 - - [17/Apr/2026:14:32:10 -0400] "GET /wp-content/uploads/trustindex-google-widget.css HTTP/1.1" 200 3707 "http://www.escapetravelservices.com/?fbclid=IwZXh0bgNhZW0CMTEAc3J0YwZhcHBfaWQMMjU2MjgxMDQwNTU4AAEe2aTK7vWAv3XnC_GX9MLEeEAE8A5mr7YUP4c36nw9tst6Il99IPhhz8dmP8Q_aem_BvYhsCDW8ESjj-DI9POV_g" "Mozilla/5.0 (Windows NT 10.0; Win64; x64) AppleWebKit/537.36 (KHTML, like Gecko) Chrome/139.0.0.0 Safari/537.36"
173.252.87.25 - - [17/Apr/2026:14:32:10 -0400] "GET /wp-content/plugins/sliding-enquiry-form/css/font-awesome.min.css HTTP/1.1" 200 7749 "http://www.escapetravelservices.com/?fbclid=IwZXh0bgNhZW0CMTEAc3J0YwZhcHBfaWQMMjU2MjgxMDQwNTU4AAEeu_yKprmZO-km4vsVOT2ytzGVpmGaCn5id-YWf0zaHE3Y1MRh1SQnYbdSlyg_aem_U7QNghNoK9-jH_zZDg0uxg" "Mozilla/5.0 (Windows NT 10.0; Win64; x64) AppleWebKit/537.36 (KHTML, like Gecko) Chrome/147.0.0.0 Safari/537.36"
173.252.82.112 - - [17/Apr/2026:14:32:10 -0400] "GET /wp-content/uploads/2022/06/Thrilling-Malaysia-700x466.jpg HTTP/1.1" 200 24375 "http://www.escapetravelservices.com/?fbclid=IwZXh0bgNhZW0CMTEAc3J0YwZhcHBfaWQMMjU2MjgxMDQwNTU4AAEe2aTK7vWAv3XnC_GX9MLEeEAE8A5mr7YUP4c36nw9tst6Il99IPhhz8dmP8Q_aem_BvYhsCDW8ESjj-DI9POV_g" "Mozilla/5.0 (Windows NT 10.0; Win64; x64) AppleWebKit/537.36 (KHTML, like Gecko) Chrome/139.0.0.0 Safari/537.36"
66.220.149.43 - - [17/Apr/2026:14:32:10 -0400] "GET /wp-content/plugins/booked/assets/js/spin.min.js HTTP/1.1" 200 2133 "http://www.escapetravelservices.com/?fbclid=IwZXh0bgNhZW0CMTEAc3J0YwZhcHBfaWQMMjU2MjgxMDQwNTU4AAEeeAzoFRMvPHsDgylDtg9iCCy88PgmO7-Zx3AMhrwGhQq0AqC63nHdr3gKBcg_aem_9EsH7PThTe8cAi-Bisz7Ww" "Mozilla/5.0 (Windows NT 10.0; Win64; x64) AppleWebKit/537.36 (KHTML, like Gecko) Chrome/139.0.0.0 Safari/537.36"
66.220.149.35 - - [17/Apr/2026:14:32:10 -0400] "GET /wp-content/plugins/booked/assets/js/spin.jquery.js HTTP/1.1" 200 815 "http://www.escapetravelservices.com/?fbclid=IwZXh0bgNhZW0CMTEAc3J0YwZhcHBfaWQMMjU2MjgxMDQwNTU4AAEeeAzoFRMvPHsDgylDtg9iCCy88PgmO7-Zx3AMhrwGhQq0AqC63nHdr3gKBcg_aem_9EsH7PThTe8cAi-Bisz7Ww" "Mozilla/5.0 (Windows NT 10.0; Win64; x64) AppleWebKit/537.36 (KHTML, like Gecko) Chrome/139.0.0.0 Safari/537.36"
66.220.149.2 - - [17/Apr/2026:14:32:10 -0400] "GET /wp-content/plugins/booked/assets/js/tooltipster/js/jquery.tooltipster.min.js HTTP/1.1" 200 5485 "http://www.escapetravelservices.com/?fbclid=IwZXh0bgNhZW0CMTEAc3J0YwZhcHBfaWQMMjU2MjgxMDQwNTU4AAEeeAzoFRMvPHsDgylDtg9iCCy88PgmO7-Zx3AMhrwGhQq0AqC63nHdr3gKBcg_aem_9EsH7PThTe8cAi-Bisz7Ww" "Mozilla/5.0 (Windows NT 10.0; Win64; x64) AppleWebKit/537.36 (KHTML, like Gecko) Chrome/139.0.0.0 Safari/537.36"
173.252.82.112 - - [17/Apr/2026:14:32:10 -0400] "GET /wp-includes/js/jquery/ui/datepicker.min.js HTTP/1.1" 200 12350 "http://www.escapetravelservices.com/?fbclid=IwZXh0bgNhZW0CMTEAc3J0YwZhcHBfaWQMMjU2MjgxMDQwNTU4AAEe2aTK7vWAv3XnC_GX9MLEeEAE8A5mr7YUP4c36nw9tst6Il99IPhhz8dmP8Q_aem_BvYhsCDW8ESjj-DI9POV_g" "Mozilla/5.0 (Windows NT 10.0; Win64; x64) AppleWebKit/537.36 (KHTML, like Gecko) Chrome/139.0.0.0 Safari/537.36"
173.252.87.25 - - [17/Apr/2026:14:32:10 -0400] "GET /wp-content/themes/escapetour/modules/kirki/assets/css/kirki-styles.css HTTP/1.1" 200 0 "http://www.escapetravelservices.com/?fbclid=IwZXh0bgNhZW0CMTEAc3J0YwZhcHBfaWQMMjU2MjgxMDQwNTU4AAEeu_yKprmZO-km4vsVOT2ytzGVpmGaCn5id-YWf0zaHE3Y1MRh1SQnYbdSlyg_aem_U7QNghNoK9-jH_zZDg0uxg" "Mozilla/5.0 (Windows NT 10.0; Win64; x64) AppleWebKit/537.36 (KHTML, like Gecko) Chrome/147.0.0.0 Safari/537.36"
173.252.87.115 - - [17/Apr/2026:14:32:10 -0400] "GET /wp-content/themes/escapetour/css/dark-skin/skin.css HTTP/1.1" 200 1525 "http://www.escapetravelservices.com/wp-content/themes/escapetour/css/ilightbox/ilightbox.css" "Mozilla/5.0 (Windows NT 10.0; Win64; x64) AppleWebKit/537.36 (KHTML, like Gecko) Chrome/147.0.0.0 Safari/537.36"
66.220.149.43 - - [17/Apr/2026:14:32:10 -0400] "GET /wp-content/plugins/booked/includes/add-ons/frontend-agents/js/functions.js HTTP/1.1" 200 1311 "http://www.escapetravelservices.com/?fbclid=IwZXh0bgNhZW0CMTEAc3J0YwZhcHBfaWQMMjU2MjgxMDQwNTU4AAEeeAzoFRMvPHsDgylDtg9iCCy88PgmO7-Zx3AMhrwGhQq0AqC63nHdr3gKBcg_aem_9EsH7PThTe8cAi-Bisz7Ww" "Mozilla/5.0 (Windows NT 10.0; Win64; x64) AppleWebKit/537.36 (KHTML, like Gecko) Chrome/139.0.0.0 Safari/537.36"
173.252.82.112 - - [17/Apr/2026:14:32:10 -0400] "GET /wp-content/plugins/booked/assets/js/spin.jquery.js HTTP/1.1" 200 815 "http://www.escapetravelservices.com/?fbclid=IwZXh0bgNhZW0CMTEAc3J0YwZhcHBfaWQMMjU2MjgxMDQwNTU4AAEe2aTK7vWAv3XnC_GX9MLEeEAE8A5mr7YUP4c36nw9tst6Il99IPhhz8dmP8Q_aem_BvYhsCDW8ESjj-DI9POV_g" "Mozilla/5.0 (Windows NT 10.0; Win64; x64) AppleWebKit/537.36 (KHTML, like Gecko) Chrome/139.0.0.0 Safari/537.36"
173.252.87.115 - - [17/Apr/2026:14:32:10 -0400] "GET /wp-content/themes/escapetour/css/light-skin/skin.css HTTP/1.1" 200 1532 "http://www.escapetravelservices.com/wp-content/themes/escapetour/css/ilightbox/ilightbox.css" "Mozilla/5.0 (Windows NT 10.0; Win64; x64) AppleWebKit/537.36 (KHTML, like Gecko) Chrome/147.0.0.0 Safari/537.36"
173.252.82.112 - - [17/Apr/2026:14:32:10 -0400] "GET /wp-content/plugins/booked/assets/js/tooltipster/js/jquery.tooltipster.min.js HTTP/1.1" 200 5485 "http://www.escapetravelservices.com/?fbclid=IwZXh0bgNhZW0CMTEAc3J0YwZhcHBfaWQMMjU2MjgxMDQwNTU4AAEe2aTK7vWAv3XnC_GX9MLEeEAE8A5mr7YUP4c36nw9tst6Il99IPhhz8dmP8Q_aem_BvYhsCDW8ESjj-DI9POV_g" "Mozilla/5.0 (Windows NT 10.0; Win64; x64) AppleWebKit/537.36 (KHTML, like Gecko) Chrome/139.0.0.0 Safari/537.36"
66.220.149.35 - - [17/Apr/2026:14:32:10 -0400] "GET /wp-content/themes/escapetour/js/ilightbox.packed.js HTTP/1.1" 200 26301 "http://www.escapetravelservices.com/?fbclid=IwZXh0bgNhZW0CMTEAc3J0YwZhcHBfaWQMMjU2MjgxMDQwNTU4AAEeeAzoFRMvPHsDgylDtg9iCCy88PgmO7-Zx3AMhrwGhQq0AqC63nHdr3gKBcg_aem_9EsH7PThTe8cAi-Bisz7Ww" "Mozilla/5.0 (Windows NT 10.0; Win64; x64) AppleWebKit/537.36 (KHTML, like Gecko) Chrome/139.0.0.0 Safari/537.36"
173.252.82.10 - - [17/Apr/2026:14:32:10 -0400] "GET /wp-content/plugins/booked/assets/js/functions.js HTTP/1.1" 200 11157 "http://www.escapetravelservices.com/?fbclid=IwZXh0bgNhZW0CMTEAc3J0YwZhcHBfaWQMMjU2MjgxMDQwNTU4AAEe2aTK7vWAv3XnC_GX9MLEeEAE8A5mr7YUP4c36nw9tst6Il99IPhhz8dmP8Q_aem_BvYhsCDW8ESjj-DI9POV_g" "Mozilla/5.0 (Windows NT 10.0; Win64; x64) AppleWebKit/537.36 (KHTML, like Gecko) Chrome/139.0.0.0 Safari/537.36"
173.252.87.115 - - [17/Apr/2026:14:32:10 -0400] "GET /wp-content/themes/escapetour/css/metro-black-skin/skin.css HTTP/1.1" 200 1364 "http://www.escapetravelservices.com/wp-content/themes/escapetour/css/ilightbox/ilightbox.css" "Mozilla/5.0 (Windows NT 10.0; Win64; x64) AppleWebKit/537.36 (KHTML, like Gecko) Chrome/147.0.0.0 Safari/537.36"
173.252.82.112 - - [17/Apr/2026:14:32:10 -0400] "GET /wp-content/plugins/booked/includes/add-ons/frontend-agents/js/functions.js HTTP/1.1" 200 1311 "http://www.escapetravelservices.com/?fbclid=IwZXh0bgNhZW0CMTEAc3J0YwZhcHBfaWQMMjU2MjgxMDQwNTU4AAEe2aTK7vWAv3XnC_GX9MLEeEAE8A5mr7YUP4c36nw9tst6Il99IPhhz8dmP8Q_aem_BvYhsCDW8ESjj-DI9POV_g" "Mozilla/5.0 (Windows NT 10.0; Win64; x64) AppleWebKit/537.36 (KHTML, like Gecko) Chrome/139.0.0.0 Safari/537.36"
173.252.87.25 - - [17/Apr/2026:14:32:10 -0400] "GET /wp-content/themes/escapetour/css/mac-skin/skin.css HTTP/1.1" 200 2033 "http://www.escapetravelservices.com/wp-content/themes/escapetour/css/ilightbox/ilightbox.css" "Mozilla/5.0 (Windows NT 10.0; Win64; x64) AppleWebKit/537.36 (KHTML, like Gecko) Chrome/147.0.0.0 Safari/537.36"
66.220.149.2 - - [17/Apr/2026:14:32:10 -0400] "GET /wp-content/themes/escapetour/js/jquery.isotope.js HTTP/1.1" 200 5637 "http://www.escapetravelservices.com/?fbclid=IwZXh0bgNhZW0CMTEAc3J0YwZhcHBfaWQMMjU2MjgxMDQwNTU4AAEeeAzoFRMvPHsDgylDtg9iCCy88PgmO7-Zx3AMhrwGhQq0AqC63nHdr3gKBcg_aem_9EsH7PThTe8cAi-Bisz7Ww" "Mozilla/5.0 (Windows NT 10.0; Win64; x64) AppleWebKit/537.36 (KHTML, like Gecko) Chrome/139.0.0.0 Safari/537.36"
173.252.87.25 - - [17/Apr/2026:14:32:10 -0400] "GET /wp-content/themes/escapetour/css/parade-skin/skin.css HTTP/1.1" 200 636 "http://www.escapetravelservices.com/wp-content/themes/escapetour/css/ilightbox/ilightbox.css" "Mozilla/5.0 (Windows NT 10.0; Win64; x64) AppleWebKit/537.36 (KHTML, like Gecko) Chrome/147.0.0.0 Safari/537.36"
66.220.149.2 - - [17/Apr/2026:14:32:10 -0400] "GET /wp-content/themes/escapetour/js/jquery.requestAnimationFrame.js HTTP/1.1" 200 686 "http://www.escapetravelservices.com/?fbclid=IwZXh0bgNhZW0CMTEAc3J0YwZhcHBfaWQMMjU2MjgxMDQwNTU4AAEeeAzoFRMvPHsDgylDtg9iCCy88PgmO7-Zx3AMhrwGhQq0AqC63nHdr3gKBcg_aem_9EsH7PThTe8cAi-Bisz7Ww" "Mozilla/5.0 (Windows NT 10.0; Win64; x64) AppleWebKit/537.36 (KHTML, like Gecko) Chrome/139.0.0.0 Safari/537.36"
173.252.70.17 - - [17/Apr/2026:14:32:10 -0400] "GET /?fbclid=IwZXh0bgNhZW0CMTEAc3J0YwZhcHBfaWQMMjU2MjgxMDQwNTU4AAEe0McopZyzaBUfINUFoX9GW_-ivJ6u_B8c2c7fUd-6fy2Pi45ZtzlbJYwJozU_aem_B_F13eJWtJA1NH4Ve1S1IA HTTP/1.1" 200 33204 "https://www.facebook.com/" "Mozilla/5.0 (Windows NT 10.0; Win64; x64) AppleWebKit/537.36 (KHTML, like Gecko) Chrome/74.0.3729.131 Safari/537.36"
66.220.149.43 - - [17/Apr/2026:14:32:10 -0400] "GET /wp-content/themes/escapetour/js/jquery.easing.js HTTP/1.1" 200 2186 "http://www.escapetravelservices.com/?fbclid=IwZXh0bgNhZW0CMTEAc3J0YwZhcHBfaWQMMjU2MjgxMDQwNTU4AAEeeAzoFRMvPHsDgylDtg9iCCy88PgmO7-Zx3AMhrwGhQq0AqC63nHdr3gKBcg_aem_9EsH7PThTe8cAi-Bisz7Ww" "Mozilla/5.0 (Windows NT 10.0; Win64; x64) AppleWebKit/537.36 (KHTML, like Gecko) Chrome/139.0.0.0 Safari/537.36"
173.252.87.25 - - [17/Apr/2026:14:32:10 -0400] "GET /wp-content/themes/escapetour/css/metro-white-skin/skin.css HTTP/1.1" 200 1523 "http://www.escapetravelservices.com/wp-content/themes/escapetour/css/ilightbox/ilightbox.css" "Mozilla/5.0 (Windows NT 10.0; Win64; x64) AppleWebKit/537.36 (KHTML, like Gecko) Chrome/147.0.0.0 Safari/537.36"
173.252.82.112 - - [17/Apr/2026:14:32:10 -0400] "GET /wp-content/plugins/contact-form-7/includes/js/scripts.js HTTP/1.1" 200 4567 "http://www.escapetravelservices.com/?fbclid=IwZXh0bgNhZW0CMTEAc3J0YwZhcHBfaWQMMjU2MjgxMDQwNTU4AAEe2aTK7vWAv3XnC_GX9MLEeEAE8A5mr7YUP4c36nw9tst6Il99IPhhz8dmP8Q_aem_BvYhsCDW8ESjj-DI9POV_g" "Mozilla/5.0 (Windows NT 10.0; Win64; x64) AppleWebKit/537.36 (KHTML, like Gecko) Chrome/139.0.0.0 Safari/537.36"
