43.135.145.73 - - [09/Jun/2026:08:20:55 -0400] "GET / HTTP/1.1" 200 19144 "-" "Mozilla/5.0 (iPhone; CPU iPhone OS 13_2_3 like Mac OS X) AppleWebKit/605.1.15 (KHTML, like Gecko) Version/13.0.3 Mobile/15E148 Safari/604.1"
142.44.225.94 - - [09/Jun/2026:08:21:39 -0400] "GET /our-services/ HTTP/1.1" 200 12896 "-" "Mozilla/5.0 (compatible; AhrefsBot/7.0; +http://ahrefs.com/robot/)"
114.9.25.70 - - [09/Jun/2026:08:44:23 -0400] "GET /wp-json/wp/v2/posts HTTP/1.1" 200 2 "-" "Mozilla/5.0 (Windows NT 10.0; Win64; x64) AppleWebKit/537.36 (KHTML, like Gecko) Chrome/120.0.0.0 Safari/537.36"
162.62.213.165 - - [09/Jun/2026:09:13:52 -0400] "GET / HTTP/1.1" 200 19144 "http://www.tejoversea.com" "Mozilla/5.0 (iPhone; CPU iPhone OS 13_2_3 like Mac OS X) AppleWebKit/605.1.15 (KHTML, like Gecko) Version/13.0.3 Mobile/15E148 Safari/604.1"
162.213.253.84 - - [09/Jun/2026:09:13:51 -0400] "POST /wp-admin/admin-ajax.php?action=async_litespeed&nonce=17b31b2894&litespeed_type=imgoptm HTTP/1.1" 200 21 "http://tejoversea.com/wp-admin/admin-ajax.php?action=async_litespeed&nonce=17b31b2894&litespeed_type=imgoptm" "WordPress/6.0.2; http://tejoversea.com"
162.213.253.84 - - [09/Jun/2026:09:13:51 -0400] "POST /wp-cron.php?doing_wp_cron=1781010831.0677180290222167968750 HTTP/1.1" 200 0 "http://tejoversea.com/wp-cron.php?doing_wp_cron=1781010831.0677180290222167968750" "WordPress/6.0.2; http://tejoversea.com"
162.62.213.165 - - [09/Jun/2026:09:13:50 -0400] "GET / HTTP/1.1" 301 0 "-" "Mozilla/5.0 (iPhone; CPU iPhone OS 13_2_3 like Mac OS X) AppleWebKit/605.1.15 (KHTML, like Gecko) Version/13.0.3 Mobile/15E148 Safari/604.1"
52.201.155.215 - - [09/Jun/2026:09:17:48 -0400] "GET /track-order/ HTTP/1.1" 200 14124 "-" "Mozilla/5.0 AppleWebKit/537.36 (KHTML, like Gecko; compatible; Amazonbot/0.1; +https://developer.amazon.com/support/amazonbot) Chrome/119.0.6045.214 Safari/537.36"
162.213.253.84 - - [09/Jun/2026:10:43:34 -0400] "POST /wp-cron.php?doing_wp_cron=1781016214.7738330364227294921875 HTTP/1.1" 200 0 "http://tejoversea.com/wp-cron.php?doing_wp_cron=1781016214.7738330364227294921875" "WordPress/6.0.2; http://tejoversea.com"
52.167.144.203 - - [09/Jun/2026:10:43:34 -0400] "GET /sitemap_index.xml HTTP/1.1" 200 280 "-" "Mozilla/5.0 AppleWebKit/537.36 (KHTML, like Gecko; compatible; bingbot/2.0; +http://www.bing.com/bingbot.htm) Chrome/116.0.1938.76 Safari/537.36"
162.213.253.84 - - [09/Jun/2026:10:43:35 -0400] "POST /wp-admin/admin-ajax.php?action=async_litespeed&nonce=17b31b2894&litespeed_type=imgoptm HTTP/1.1" 200 0 "http://tejoversea.com/wp-admin/admin-ajax.php?action=async_litespeed&nonce=17b31b2894&litespeed_type=imgoptm" "WordPress/6.0.2; http://tejoversea.com"
162.213.253.84 - - [09/Jun/2026:10:44:49 -0400] "POST /wp-cron.php?doing_wp_cron=1781016289.6439940929412841796875 HTTP/1.1" 200 0 "http://tejoversea.com/wp-cron.php?doing_wp_cron=1781016289.6439940929412841796875" "WordPress/6.0.2; http://tejoversea.com"
44.223.193.255 - - [09/Jun/2026:10:44:49 -0400] "GET /wp-json/oembed/1.0/embed?url=http://tejoversea.com/ HTTP/1.1" 200 2832 "-" "Mozilla/5.0 AppleWebKit/537.36 (KHTML, like Gecko; compatible; Amazonbot/0.1; +https://developer.amazon.com/support/amazonbot) Chrome/119.0.6045.214 Safari/537.36"
162.213.253.84 - - [09/Jun/2026:10:44:50 -0400] "POST /wp-admin/admin-ajax.php?action=async_litespeed&nonce=17b31b2894&litespeed_type=imgoptm HTTP/1.1" 200 0 "http://tejoversea.com/wp-admin/admin-ajax.php?action=async_litespeed&nonce=17b31b2894&litespeed_type=imgoptm" "WordPress/6.0.2; http://tejoversea.com"
130.12.182.66 - - [09/Jun/2026:12:03:03 -0400] "GET /wp-config.php~ HTTP/1.1" 404 7610 "-" "Mozilla/5.0 (Windows NT 10.0; Win64; x64) AppleWebKit/537.36"
130.12.182.66 - - [09/Jun/2026:12:03:03 -0400] "GET /wp-config.txt HTTP/1.1" 404 7603 "-" "Mozilla/5.0 (Windows NT 10.0; Win64; x64) AppleWebKit/537.36"
162.213.253.84 - - [09/Jun/2026:12:03:05 -0400] "POST /wp-cron.php?doing_wp_cron=1781020985.1349210739135742187500 HTTP/1.1" 200 0 "http://tejoversea.com/wp-cron.php?doing_wp_cron=1781020985.1349210739135742187500" "WordPress/6.0.2; http://tejoversea.com"
130.12.182.66 - - [09/Jun/2026:12:03:03 -0400] "GET /wp-config.php.bak HTTP/1.1" 404 7612 "-" "Mozilla/5.0 (Windows NT 10.0; Win64; x64) AppleWebKit/537.36"
162.213.253.84 - - [09/Jun/2026:12:03:06 -0400] "POST /wp-admin/admin-ajax.php?action=async_litespeed&nonce=17b31b2894&litespeed_type=imgoptm HTTP/1.1" 200 0 "http://tejoversea.com/wp-admin/admin-ajax.php?action=async_litespeed&nonce=17b31b2894&litespeed_type=imgoptm" "WordPress/6.0.2; http://tejoversea.com"
46.253.131.234 - - [09/Jun/2026:12:05:17 -0400] "GET //wp-admin/images/install.php HTTP/1.1" 301 0 "https://www.pscaluminium.com/assets/revolution/js/extensions/mini.php?filesrc=/home/vishqocm/tmp/awstats/awstats042024.tejoversea.vishalwebtech.com.txt&path=/home/vishqocm/tmp/awstats" "Mozilla/5.0 (Windows NT 6.3; Win64; x64) AppleWebKit/537.36 (KHTML, like Gecko) Chrome/103.0.0.0 Safari/537.36"
162.213.253.84 - - [09/Jun/2026:12:05:19 -0400] "POST /wp-cron.php?doing_wp_cron=1781021119.0516290664672851562500 HTTP/1.1" 200 0 "http://tejoversea.com/wp-cron.php?doing_wp_cron=1781021119.0516290664672851562500" "WordPress/6.0.2; http://tejoversea.com"
46.253.131.234 - - [09/Jun/2026:12:05:18 -0400] "GET /wp-admin/images/install.php HTTP/1.1" 404 6970 "http://tejoversea.com//wp-admin/images/install.php" "Mozilla/5.0 (Windows NT 6.3; Win64; x64) AppleWebKit/537.36 (KHTML, like Gecko) Chrome/103.0.0.0 Safari/537.36"
162.213.253.84 - - [09/Jun/2026:12:05:19 -0400] "POST /wp-admin/admin-ajax.php?action=async_litespeed&nonce=17b31b2894&litespeed_type=imgoptm HTTP/1.1" 200 0 "http://tejoversea.com/wp-admin/admin-ajax.php?action=async_litespeed&nonce=17b31b2894&litespeed_type=imgoptm" "WordPress/6.0.2; http://tejoversea.com"
46.253.131.234 - - [09/Jun/2026:12:05:20 -0400] "GET /wp-admin/images/install.php?action=register HTTP/1.1" 404 6972 "https://www.pscaluminium.com/assets/revolution/js/extensions/mini.php?filesrc=/home/vishqocm/tmp/awstats/awstats042024.tejoversea.vishalwebtech.com.txt&path=/home/vishqocm/tmp/awstats" "Mozilla/5.0 (Windows NT 6.3; Win64; x64) AppleWebKit/537.36 (KHTML, like Gecko) Chrome/103.0.0.0 Safari/537.36"
130.12.182.66 - - [09/Jun/2026:12:03:03 -0400] "GET /wp-config.php.orig HTTP/1.1" 404 7613 "-" "Mozilla/5.0 (Windows NT 10.0; Win64; x64) AppleWebKit/537.36"
130.12.182.66 - - [09/Jun/2026:12:03:03 -0400] "GET /wp-config.backup HTTP/1.1" 404 7604 "-" "Mozilla/5.0 (Windows NT 10.0; Win64; x64) AppleWebKit/537.36"
130.12.182.66 - - [09/Jun/2026:12:03:03 -0400] "GET /wp-config.php.save HTTP/1.1" 404 7613 "-" "Mozilla/5.0 (Windows NT 10.0; Win64; x64) AppleWebKit/537.36"
130.12.182.66 - - [09/Jun/2026:12:03:03 -0400] "GET /wp-config.php.old HTTP/1.1" 404 7611 "-" "Mozilla/5.0 (Windows NT 10.0; Win64; x64) AppleWebKit/537.36"
130.12.182.66 - - [09/Jun/2026:12:03:04 -0400] "GET /wp-config.php.swp HTTP/1.1" 404 7612 "-" "Mozilla/5.0 (Windows NT 10.0; Win64; x64) AppleWebKit/537.36"
51.68.111.202 - - [09/Jun/2026:12:34:03 -0400] "GET / HTTP/1.1" 200 16656 "-" "Mozilla/5.0 (compatible; MJ12bot/v2.0.5; http://mj12bot.com/)"
51.68.111.202 - - [09/Jun/2026:12:34:03 -0400] "GET /robots.txt HTTP/1.1" 200 246 "-" "Mozilla/5.0 (compatible; MJ12bot/v2.0.5; http://mj12bot.com/)"
162.213.253.84 - - [09/Jun/2026:12:55:56 -0400] "POST /wp-admin/admin-ajax.php?action=async_litespeed&nonce=17b31b2894&litespeed_type=imgoptm HTTP/1.1" 200 0 "http://tejoversea.com/wp-admin/admin-ajax.php?action=async_litespeed&nonce=17b31b2894&litespeed_type=imgoptm" "WordPress/6.0.2; http://tejoversea.com"
123.207.65.62 - - [09/Jun/2026:12:55:57 -0400] "GET / HTTP/1.1" 200 19144 "http://www.tejoversea.com" "Mozilla/5.0 (iPhone; CPU iPhone OS 13_2_3 like Mac OS X) AppleWebKit/605.1.15 (KHTML, like Gecko) Version/13.0.3 Mobile/15E148 Safari/604.1"
162.213.253.84 - - [09/Jun/2026:12:55:55 -0400] "POST /wp-cron.php?doing_wp_cron=1781024155.8014481067657470703125 HTTP/1.1" 200 0 "http://tejoversea.com/wp-cron.php?doing_wp_cron=1781024155.8014481067657470703125" "WordPress/6.0.2; http://tejoversea.com"
123.207.65.62 - - [09/Jun/2026:12:55:55 -0400] "GET / HTTP/1.1" 301 0 "-" "Mozilla/5.0 (iPhone; CPU iPhone OS 13_2_3 like Mac OS X) AppleWebKit/605.1.15 (KHTML, like Gecko) Version/13.0.3 Mobile/15E148 Safari/604.1"
45.154.98.96 - - [09/Jun/2026:13:20:48 -0400] "GET /wp-content/themes/seotheme/db.php?u HTTP/1.1" 404 28736 "www.google.com" "Mozlila/5.0 (Linux; Android 7.0; SM-G892A Bulid/NRD90M; wv) AppleWebKit/537.36 (KHTML, like Gecko) Version/4.0 Chrome/60.0.3112.107 Moblie Safari/537.36"
45.154.98.96 - - [09/Jun/2026:13:20:49 -0400] "GET /wp-content/plugins/apikey/apikey.php?test=hello HTTP/1.1" 404 28739 "-" "Mozlila/5.0 (Linux; Android 7.0; SM-G892A Bulid/NRD90M; wv) AppleWebKit/537.36 (KHTML, like Gecko) Version/4.0 Chrome/60.0.3112.107 Moblie Safari/537.36"
45.154.98.96 - - [09/Jun/2026:13:20:48 -0400] "GET /cbbbwdqw.php?Fox=d3wL7 HTTP/1.1" 404 28715 "www.google.com" "Mozilla/5.0 (Linux; Android 7.0; SM-G892A Bulid/NRD90M; wv) AppleWebKit/537.36 (KHTML, like Gecko) Version/4.0 Chrome/60.0.3112.107 Moblie Safari/537.36"
45.154.98.96 - - [09/Jun/2026:13:20:48 -0400] "POST /ALFA_DATA/alfacgiapi/perl.alfa HTTP/1.1" 404 28661 "www.google.com" "Mozlila/5.0 (Linux; Android 7.0; SM-G892A Bulid/NRD90M; wv) AppleWebKit/537.36 (KHTML, like Gecko) Version/4.0 Chrome/60.0.3112.107 Moblie Safari/537.36"
45.154.98.96 - - [09/Jun/2026:13:20:51 -0400] "POST /alfacgiapi/perl.alfa HTTP/1.1" 404 28651 "www.google.com" "Mozlila/5.0 (Linux; Android 7.0; SM-G892A Bulid/NRD90M; wv) AppleWebKit/537.36 (KHTML, like Gecko) Version/4.0 Chrome/60.0.3112.107 Moblie Safari/537.36"
45.154.98.96 - - [09/Jun/2026:13:20:55 -0400] "GET /plugins/content/apismtp/apismtp.php.suspected?test=hello HTTP/1.1" 404 28748 "-" "Mozlila/5.0 (Linux; Android 7.0; SM-G892A Bulid/NRD90M; wv) AppleWebKit/537.36 (KHTML, like Gecko) Version/4.0 Chrome/60.0.3112.107 Moblie Safari/537.36"
66.249.68.7 - - [09/Jun/2026:13:21:08 -0400] "GET /wp-content/themes/logistek/assets/css/bootstrap.min.css?ver=6.0.2 HTTP/1.1" 200 19105 "http://tejoversea.com/track-order/" "Mozilla/5.0 (Linux; Android 6.0.1; Nexus 5X Build/MMB29P) AppleWebKit/537.36 (KHTML, like Gecko) Chrome/148.0.7778.96 Mobile Safari/537.36 (compatible; Googlebot/2.1; +http://www.google.com/bot.html)"
66.249.68.6 - - [09/Jun/2026:13:21:09 -0400] "GET /wp-content/plugins/contact-form-7/includes/css/styles.css?ver=5.6.3 HTTP/1.1" 200 848 "http://tejoversea.com/track-order/" "Mozilla/5.0 (Linux; Android 6.0.1; Nexus 5X Build/MMB29P) AppleWebKit/537.36 (KHTML, like Gecko) Chrome/148.0.7778.96 Mobile Safari/537.36 (compatible; Googlebot/2.1; +http://www.google.com/bot.html)"
66.249.68.7 - - [09/Jun/2026:13:21:09 -0400] "GET /wp-includes/css/dist/block-library/style.min.css?ver=6.0.2 HTTP/1.1" 200 10946 "http://tejoversea.com/track-order/" "Mozilla/5.0 (Linux; Android 6.0.1; Nexus 5X Build/MMB29P) AppleWebKit/537.36 (KHTML, like Gecko) Chrome/148.0.7778.96 Mobile Safari/537.36 (compatible; Googlebot/2.1; +http://www.google.com/bot.html)"
66.249.68.8 - - [09/Jun/2026:13:21:09 -0400] "GET /wp-content/themes/logistek/assets/revolution/js/slider_v1.js?ver=6.0.2 HTTP/1.1" 200 939 "http://tejoversea.com/track-order/" "Mozilla/5.0 (Linux; Android 6.0.1; Nexus 5X Build/MMB29P) AppleWebKit/537.36 (KHTML, like Gecko) Chrome/148.0.7778.96 Mobile Safari/537.36 (compatible; Googlebot/2.1; +http://www.google.com/bot.html)"
66.249.68.6 - - [09/Jun/2026:13:21:10 -0400] "GET /wp-content/plugins/contact-form-7/includes/swv/js/index.js?ver=5.6.3 HTTP/1.1" 200 2799 "http://tejoversea.com/track-order/" "Mozilla/5.0 (Linux; Android 6.0.1; Nexus 5X Build/MMB29P) AppleWebKit/537.36 (KHTML, like Gecko) Chrome/148.0.7778.96 Mobile Safari/537.36 (compatible; Googlebot/2.1; +http://www.google.com/bot.html)"
66.249.68.7 - - [09/Jun/2026:13:21:10 -0400] "GET /wp-content/themes/logistek/assets/revolution/js/extensions/revolution.extension.parallax.min.js?ver=6.0.2 HTTP/1.1" 200 2917 "http://tejoversea.com/track-order/" "Mozilla/5.0 (Linux; Android 6.0.1; Nexus 5X Build/MMB29P) AppleWebKit/537.36 (KHTML, like Gecko) Chrome/148.0.7778.96 Mobile Safari/537.36 (compatible; Googlebot/2.1; +http://www.google.com/bot.html)"
45.154.98.96 - - [09/Jun/2026:13:20:48 -0400] "GET / HTTP/1.1" 200 83452 "-" "Mozlila/5.0 (Linux; Android 7.0; SM-G892A Bulid/NRD90M; wv) AppleWebKit/537.36 (KHTML, like Gecko) Version/4.0 Chrome/60.0.3112.107 Moblie Safari/537.36"
45.154.98.96 - - [09/Jun/2026:13:20:48 -0400] "GET /wp-content/plugins/fix/up.php HTTP/1.1" 404 28732 "-" "Mozilla/5.0 (Windows NT 10.0; Win64; x64) AppleWebKit/537.36 (KHTML, like Gecko) Chrome/85.0.4183.102 Safari/537.36"
162.213.253.84 - - [09/Jun/2026:13:20:50 -0400] "POST /wp-cron.php?doing_wp_cron=1781025650.1075780391693115234375 HTTP/1.1" 200 0 "http://tejoversea.com/wp-cron.php?doing_wp_cron=1781025650.1075780391693115234375" "WordPress/6.0.2; http://tejoversea.com"
162.213.253.84 - - [09/Jun/2026:13:20:51 -0400] "POST /wp-admin/admin-ajax.php?action=async_litespeed&nonce=17b31b2894&litespeed_type=imgoptm HTTP/1.1" 200 0 "http://tejoversea.com/wp-admin/admin-ajax.php?action=async_litespeed&nonce=17b31b2894&litespeed_type=imgoptm" "WordPress/6.0.2; http://tejoversea.com"
45.154.98.96 - - [09/Jun/2026:13:20:51 -0400] "GET /plugins/content/apismtp/apismtp.php?test=hello HTTP/1.1" 404 28738 "-" "Mozlila/5.0 (Linux; Android 7.0; SM-G892A Bulid/NRD90M; wv) AppleWebKit/537.36 (KHTML, like Gecko) Version/4.0 Chrome/60.0.3112.107 Moblie Safari/537.36"
45.154.98.96 - - [09/Jun/2026:13:20:53 -0400] "GET /wp-content/plugins/apikey/apikey.php.suspected?test=hello HTTP/1.1" 404 28749 "-" "Mozlila/5.0 (Linux; Android 7.0; SM-G892A Bulid/NRD90M; wv) AppleWebKit/537.36 (KHTML, like Gecko) Version/4.0 Chrome/60.0.3112.107 Moblie Safari/537.36"
66.249.68.6 - - [09/Jun/2026:13:21:06 -0400] "GET /track-order/ HTTP/1.1" 200 12590 "-" "Mozilla/5.0 (Linux; Android 6.0.1; Nexus 5X Build/MMB29P) AppleWebKit/537.36 (KHTML, like Gecko) Chrome/148.0.7778.96 Mobile Safari/537.36 (compatible; Googlebot/2.1; +http://www.google.com/bot.html)"
66.249.68.6 - - [09/Jun/2026:13:21:08 -0400] "GET /wp-content/plugins/order-tracking/css/pure-grids-nr.css?ver=2.11.9 HTTP/1.1" 200 476 "http://tejoversea.com/track-order/" "Mozilla/5.0 (Linux; Android 6.0.1; Nexus 5X Build/MMB29P) AppleWebKit/537.36 (KHTML, like Gecko) Chrome/148.0.7778.96 Mobile Safari/537.36 (compatible; Googlebot/2.1; +http://www.google.com/bot.html)"
66.249.68.6 - - [09/Jun/2026:13:21:08 -0400] "GET /wp-content/uploads/elementor/css/post-464.css?ver=1773985684 HTTP/1.1" 200 250 "http://tejoversea.com/track-order/" "Mozilla/5.0 (Linux; Android 6.0.1; Nexus 5X Build/MMB29P) AppleWebKit/537.36 (KHTML, like Gecko) Chrome/148.0.7778.96 Mobile Safari/537.36 (compatible; Googlebot/2.1; +http://www.google.com/bot.html)"
66.249.68.6 - - [09/Jun/2026:13:21:10 -0400] "GET /wp-content/themes/logistek/assets/revolution/js/extensions/revolution.extension.layeranimation.min.js?ver=6.0.2 HTTP/1.1" 200 12341 "http://tejoversea.com/track-order/" "Mozilla/5.0 (Linux; Android 6.0.1; Nexus 5X Build/MMB29P) AppleWebKit/537.36 (KHTML, like Gecko) Chrome/148.0.7778.96 Mobile Safari/537.36 (compatible; Googlebot/2.1; +http://www.google.com/bot.html)"
66.249.68.6 - - [09/Jun/2026:13:21:11 -0400] "GET /wp-content/themes/logistek/assets/js/jquery.scrollUp.min.js?ver=6.0.2 HTTP/1.1" 200 853 "http://tejoversea.com/track-order/" "Mozilla/5.0 (Linux; Android 6.0.1; Nexus 5X Build/MMB29P) AppleWebKit/537.36 (KHTML, like Gecko) Chrome/148.0.7778.96 Mobile Safari/537.36 (compatible; Googlebot/2.1; +http://www.google.com/bot.html)"
66.249.68.7 - - [09/Jun/2026:13:21:11 -0400] "GET /wp-content/themes/logistek/assets/revolution/js/extensions/revolution.extension.video.min.js?ver=6.0.2 HTTP/1.1" 200 5971 "http://tejoversea.com/track-order/" "Mozilla/5.0 (Linux; Android 6.0.1; Nexus 5X Build/MMB29P) AppleWebKit/537.36 (KHTML, like Gecko) Chrome/148.0.7778.96 Mobile Safari/537.36 (compatible; Googlebot/2.1; +http://www.google.com/bot.html)"
66.249.68.8 - - [09/Jun/2026:13:21:11 -0400] "GET /wp-content/themes/logistek/assets/js/waypoints.min.js?ver=6.0.2 HTTP/1.1" 200 2461 "http://tejoversea.com/track-order/" "Mozilla/5.0 (Linux; Android 6.0.1; Nexus 5X Build/MMB29P) AppleWebKit/537.36 (KHTML, like Gecko) Chrome/148.0.7778.96 Mobile Safari/537.36 (compatible; Googlebot/2.1; +http://www.google.com/bot.html)"
66.249.68.8 - - [09/Jun/2026:13:21:12 -0400] "GET /wp-content/plugins/logistek-elementor/assets/js/bdevs-elementor.js?ver=1.0.0 HTTP/1.1" 200 263 "http://tejoversea.com/track-order/" "Mozilla/5.0 (Linux; Android 6.0.1; Nexus 5X Build/MMB29P) AppleWebKit/537.36 (KHTML, like Gecko) Chrome/148.0.7778.96 Mobile Safari/537.36 (compatible; Googlebot/2.1; +http://www.google.com/bot.html)"
66.249.68.8 - - [09/Jun/2026:13:21:13 -0400] "GET /wp-content/themes/logistek/assets/js/jquery.meanmenu.min.js?ver=6.0.2 HTTP/1.1" 200 1303 "http://tejoversea.com/track-order/" "Mozilla/5.0 (Linux; Android 6.0.1; Nexus 5X Build/MMB29P) AppleWebKit/537.36 (KHTML, like Gecko) Chrome/148.0.7778.96 Mobile Safari/537.36 (compatible; Googlebot/2.1; +http://www.google.com/bot.html)"
66.249.68.8 - - [09/Jun/2026:13:21:13 -0400] "GET /wp-content/plugins/connect-contact-form-7-to-social-apps/assets/js/cf7cw-front-script.js?ver=1.5 HTTP/1.1" 200 500 "http://tejoversea.com/track-order/" "Mozilla/5.0 (Linux; Android 6.0.1; Nexus 5X Build/MMB29P) AppleWebKit/537.36 (KHTML, like Gecko) Chrome/148.0.7778.96 Mobile Safari/537.36 (compatible; Googlebot/2.1; +http://www.google.com/bot.html)"
66.249.68.8 - - [09/Jun/2026:13:21:14 -0400] "GET /wp-content/themes/logistek/assets/revolution/js/extensions/revolution.extension.migration.min.js?ver=6.0.2 HTTP/1.1" 200 1593 "http://tejoversea.com/track-order/" "Mozilla/5.0 (Linux; Android 6.0.1; Nexus 5X Build/MMB29P) AppleWebKit/537.36 (KHTML, like Gecko) Chrome/148.0.7778.96 Mobile Safari/537.36 (compatible; Googlebot/2.1; +http://www.google.com/bot.html)"
66.249.68.7 - - [09/Jun/2026:13:21:14 -0400] "GET /wp-content/themes/logistek/assets/revolution/js/extensions/revolution.extension.navigation.min.js?ver=6.0.2 HTTP/1.1" 200 6714 "http://tejoversea.com/track-order/" "Mozilla/5.0 (Linux; Android 6.0.1; Nexus 5X Build/MMB29P) AppleWebKit/537.36 (KHTML, like Gecko) Chrome/148.0.7778.96 Mobile Safari/537.36 (compatible; Googlebot/2.1; +http://www.google.com/bot.html)"
66.249.68.6 - - [09/Jun/2026:13:21:15 -0400] "GET /wp-content/plugins/creame-whatsapp-me/public/js/joinchat.min.js?ver=4.5.9 HTTP/1.1" 200 2504 "http://tejoversea.com/track-order/" "Mozilla/5.0 (Linux; Android 6.0.1; Nexus 5X Build/MMB29P) AppleWebKit/537.36 (KHTML, like Gecko) Chrome/148.0.7778.96 Mobile Safari/537.36 (compatible; Googlebot/2.1; +http://www.google.com/bot.html)"
66.249.68.7 - - [09/Jun/2026:13:21:12 -0400] "GET /wp-content/themes/logistek/assets/js/isotope.pkgd.min.js?ver=6.0.2 HTTP/1.1" 200 9601 "http://tejoversea.com/track-order/" "Mozilla/5.0 (Linux; Android 6.0.1; Nexus 5X Build/MMB29P) AppleWebKit/537.36 (KHTML, like Gecko) Chrome/148.0.7778.96 Mobile Safari/537.36 (compatible; Googlebot/2.1; +http://www.google.com/bot.html)"
66.249.68.7 - - [09/Jun/2026:13:21:14 -0400] "GET /wp-includes/js/dist/hooks.min.js?ver=c6d64f2cb8f5c6bb49caca37f8828ce3 HTTP/1.1" 200 1575 "http://tejoversea.com/track-order/" "Mozilla/5.0 (Linux; Android 6.0.1; Nexus 5X Build/MMB29P) AppleWebKit/537.36 (KHTML, like Gecko) Chrome/148.0.7778.96 Mobile Safari/537.36 (compatible; Googlebot/2.1; +http://www.google.com/bot.html)"
116.101.5.141 - - [09/Jun/2026:13:35:30 -0400] "GET /wp-json/wp/v2/posts HTTP/1.1" 200 2 "-" "Mozilla/5.0 (Windows NT 10.0; Win64; x64) AppleWebKit/537.36 (KHTML, like Gecko) Chrome/120.0.0.0 Safari/537.36"
43.156.47.42 - - [09/Jun/2026:14:04:15 -0400] "GET / HTTP/1.1" 200 19144 "-" "Mozilla/5.0 (iPhone; CPU iPhone OS 13_2_3 like Mac OS X) AppleWebKit/605.1.15 (KHTML, like Gecko) Version/13.0.3 Mobile/15E148 Safari/604.1"
162.213.253.84 - - [09/Jun/2026:14:24:33 -0400] "POST /wp-admin/admin-ajax.php?action=async_litespeed&nonce=17b31b2894&litespeed_type=imgoptm HTTP/1.1" 200 0 "http://tejoversea.com/wp-admin/admin-ajax.php?action=async_litespeed&nonce=17b31b2894&litespeed_type=imgoptm" "WordPress/6.0.2; http://tejoversea.com"
52.238.197.190 - - [09/Jun/2026:14:24:37 -0400] "GET /gscxejbc.php HTTP/1.1" 404 28715 "-" "-"
52.238.197.190 - - [09/Jun/2026:14:24:37 -0400] "GET /l.php HTTP/1.1" 404 28708 "-" "-"
52.238.197.190 - - [09/Jun/2026:14:24:39 -0400] "GET /hoeig.php HTTP/1.1" 404 28712 "-" "-"
52.238.197.190 - - [09/Jun/2026:14:24:40 -0400] "GET /jj_260530013947.php HTTP/1.1" 404 28722 "-" "-"
52.238.197.190 - - [09/Jun/2026:14:24:41 -0400] "GET /zoper.php HTTP/1.1" 404 28712 "-" "-"
52.238.197.190 - - [09/Jun/2026:14:24:42 -0400] "GET /x.php HTTP/1.1" 404 28708 "-" "-"
52.238.197.190 - - [09/Jun/2026:14:24:42 -0400] "GET /SrHD3odefault.php HTTP/1.1" 404 28720 "-" "-"
52.238.197.190 - - [09/Jun/2026:14:24:46 -0400] "GET /2bff55fd.php HTTP/1.1" 404 28715 "-" "-"
52.238.197.190 - - [09/Jun/2026:14:24:47 -0400] "GET /6fff5faf.php HTTP/1.1" 404 28715 "-" "-"
52.238.197.190 - - [09/Jun/2026:14:24:47 -0400] "GET /sg.php HTTP/1.1" 404 28709 "-" "-"
52.238.197.190 - - [09/Jun/2026:14:24:48 -0400] "GET /levi.php HTTP/1.1" 404 28711 "-" "-"
52.238.197.190 - - [09/Jun/2026:14:24:49 -0400] "GET /27kstv.php HTTP/1.1" 404 28713 "-" "-"
52.238.197.190 - - [09/Jun/2026:14:24:50 -0400] "GET /3us0dk.php HTTP/1.1" 404 28713 "-" "-"
52.238.197.190 - - [09/Jun/2026:14:24:52 -0400] "GET /666.php HTTP/1.1" 404 28710 "-" "-"
52.238.197.190 - - [09/Jun/2026:14:24:53 -0400] "GET /sid3.php HTTP/1.1" 404 28711 "-" "-"
52.238.197.190 - - [09/Jun/2026:14:24:54 -0400] "GET /gpt-sh.php HTTP/1.1" 404 28713 "-" "-"
52.238.197.190 - - [09/Jun/2026:14:24:55 -0400] "GET /callback.php HTTP/1.1" 404 28715 "-" "-"
52.238.197.190 - - [09/Jun/2026:14:24:56 -0400] "GET /h2.php HTTP/1.1" 404 28709 "-" "-"
52.238.197.190 - - [09/Jun/2026:14:24:57 -0400] "GET /d12.php HTTP/1.1" 404 28710 "-" "-"
52.238.197.190 - - [09/Jun/2026:14:24:58 -0400] "GET /144.php HTTP/1.1" 404 28710 "-" "-"
52.238.197.190 - - [09/Jun/2026:14:24:59 -0400] "GET /xsas.php HTTP/1.1" 404 28711 "-" "-"
52.238.197.190 - - [09/Jun/2026:14:25:00 -0400] "GET /a5.php HTTP/1.1" 404 28709 "-" "-"
52.238.197.190 - - [09/Jun/2026:14:25:04 -0400] "GET /sale.php HTTP/1.1" 404 28711 "-" "-"
52.238.197.190 - - [09/Jun/2026:14:25:04 -0400] "GET /kj.php HTTP/1.1" 404 28709 "-" "-"
52.238.197.190 - - [09/Jun/2026:14:25:06 -0400] "GET /about.php HTTP/1.1" 404 28712 "-" "-"
52.238.197.190 - - [09/Jun/2026:14:25:06 -0400] "GET /hots.php HTTP/1.1" 404 28711 "-" "-"
52.238.197.190 - - [09/Jun/2026:14:25:07 -0400] "GET /wp5.php HTTP/1.1" 404 28710 "-" "-"
52.238.197.190 - - [09/Jun/2026:14:25:08 -0400] "GET /ioxi-o.php HTTP/1.1" 404 28713 "-" "-"
52.238.197.190 - - [09/Jun/2026:14:25:08 -0400] "GET /66.php HTTP/1.1" 404 28709 "-" "-"
52.238.197.190 - - [09/Jun/2026:14:25:09 -0400] "GET /wp-p2r3q9c8k4.php HTTP/1.1" 404 28720 "-" "-"
162.213.253.84 - - [09/Jun/2026:14:25:11 -0400] "POST /wp-cron.php?doing_wp_cron=1781029511.5891699790954589843750 HTTP/1.1" 200 0 "http://tejoversea.com/wp-cron.php?doing_wp_cron=1781029511.5891699790954589843750" "WordPress/6.0.2; http://tejoversea.com"
52.238.197.190 - - [09/Jun/2026:14:25:11 -0400] "GET /dass.php HTTP/1.1" 404 28711 "-" "-"
52.238.197.190 - - [09/Jun/2026:14:25:13 -0400] "GET /ws83.php HTTP/1.1" 404 28711 "-" "-"
52.238.197.190 - - [09/Jun/2026:14:25:13 -0400] "GET /56c53.php HTTP/1.1" 404 28712 "-" "-"
52.238.197.190 - - [09/Jun/2026:14:25:14 -0400] "GET /ms-edit.php HTTP/1.1" 404 28714 "-" "-"
52.238.197.190 - - [09/Jun/2026:14:25:15 -0400] "GET /grsiuk.php HTTP/1.1" 404 28713 "-" "-"
52.238.197.190 - - [09/Jun/2026:14:25:16 -0400] "GET /5b9ac.php HTTP/1.1" 404 28712 "-" "-"
52.238.197.190 - - [09/Jun/2026:14:25:17 -0400] "GET /bolt.php HTTP/1.1" 404 28711 "-" "-"
52.238.197.190 - - [09/Jun/2026:14:25:19 -0400] "GET /nw.php HTTP/1.1" 404 28709 "-" "-"
162.213.253.84 - - [09/Jun/2026:14:24:32 -0400] "POST /wp-cron.php?doing_wp_cron=1781029472.7335410118103027343750 HTTP/1.1" 200 0 "http://tejoversea.com/wp-cron.php?doing_wp_cron=1781029472.7335410118103027343750" "WordPress/6.0.2; http://tejoversea.com"
52.238.197.190 - - [09/Jun/2026:14:24:31 -0400] "GET /wp-content/plugins/hellopress/wp_filemanager.php HTTP/1.1" 404 28751 "-" "-"
52.238.197.190 - - [09/Jun/2026:14:24:33 -0400] "GET /this_is_a_new_hello_world.php HTTP/1.1" 404 28732 "-" "-"
52.238.197.190 - - [09/Jun/2026:14:24:34 -0400] "GET /aaf.php HTTP/1.1" 404 28710 "-" "-"
52.238.197.190 - - [09/Jun/2026:14:24:35 -0400] "GET /66t.php HTTP/1.1" 404 28710 "-" "-"
52.238.197.190 - - [09/Jun/2026:14:24:35 -0400] "GET /lala.php HTTP/1.1" 404 28711 "-" "-"
52.238.197.190 - - [09/Jun/2026:14:24:39 -0400] "GET /hypo.php HTTP/1.1" 404 28711 "-" "-"
52.238.197.190 - - [09/Jun/2026:14:24:43 -0400] "GET /ops.php HTTP/1.1" 404 28710 "-" "-"
52.238.197.190 - - [09/Jun/2026:14:24:44 -0400] "GET /tvnyptja.php HTTP/1.1" 404 28715 "-" "-"
52.238.197.190 - - [09/Jun/2026:14:24:44 -0400] "GET /file5.php HTTP/1.1" 404 28712 "-" "-"
52.238.197.190 - - [09/Jun/2026:14:24:45 -0400] "GET /333.php HTTP/1.1" 404 28710 "-" "-"
52.238.197.190 - - [09/Jun/2026:14:24:49 -0400] "GET /0upb5b.php HTTP/1.1" 404 28713 "-" "-"
52.238.197.190 - - [09/Jun/2026:14:24:51 -0400] "GET /b8hg8b.php HTTP/1.1" 404 28713 "-" "-"
52.238.197.190 - - [09/Jun/2026:14:24:51 -0400] "GET /ppp.php HTTP/1.1" 404 28710 "-" "-"
52.238.197.190 - - [09/Jun/2026:14:24:54 -0400] "GET /wp-access.php HTTP/1.1" 404 28716 "-" "-"
52.238.197.190 - - [09/Jun/2026:14:24:55 -0400] "GET /wxfyf.php HTTP/1.1" 404 28712 "-" "-"
52.238.197.190 - - [09/Jun/2026:14:25:00 -0400] "GET /wp-blog-header.php HTTP/1.1" 404 424 "-" "-"
52.238.197.190 - - [09/Jun/2026:14:25:01 -0400] "GET /asasx.php HTTP/1.1" 404 28712 "-" "-"
52.238.197.190 - - [09/Jun/2026:14:25:02 -0400] "GET /file.php HTTP/1.1" 404 28711 "-" "-"
52.238.197.190 - - [09/Jun/2026:14:25:03 -0400] "GET /public/vx.php HTTP/1.1" 404 28716 "-" "-"
52.238.197.190 - - [09/Jun/2026:14:25:05 -0400] "GET /2ksm17n.php HTTP/1.1" 404 28714 "-" "-"
52.238.197.190 - - [09/Jun/2026:14:25:10 -0400] "GET /amax.php HTTP/1.1" 404 28711 "-" "-"
52.238.197.190 - - [09/Jun/2026:14:25:12 -0400] "GET /fs.php HTTP/1.1" 404 28709 "-" "-"
52.238.197.190 - - [09/Jun/2026:14:25:15 -0400] "GET /mh.php HTTP/1.1" 404 28709 "-" "-"
162.213.253.84 - - [09/Jun/2026:14:25:18 -0400] "POST /wp-cron.php?doing_wp_cron=1781029518.2881479263305664062500 HTTP/1.1" 200 0 "http://tejoversea.com/wp-cron.php?doing_wp_cron=1781029518.2881479263305664062500" "WordPress/6.0.2; http://tejoversea.com"
52.238.197.190 - - [09/Jun/2026:14:25:17 -0400] "GET //nw.php HTTP/1.1" 301 0 "-" "-"
162.213.253.84 - - [09/Jun/2026:14:25:18 -0400] "POST /wp-admin/admin-ajax.php?action=async_litespeed&nonce=17b31b2894&litespeed_type=imgoptm HTTP/1.1" 200 0 "http://tejoversea.com/wp-admin/admin-ajax.php?action=async_litespeed&nonce=17b31b2894&litespeed_type=imgoptm" "WordPress/6.0.2; http://tejoversea.com"
52.238.197.190 - - [09/Jun/2026:14:25:20 -0400] "GET /tx78.php HTTP/1.1" 404 28711 "-" "-"
52.238.197.190 - - [09/Jun/2026:14:25:23 -0400] "GET /222.php HTTP/1.1" 404 28710 "-" "-"
52.238.197.190 - - [09/Jun/2026:14:25:24 -0400] "GET /hplfuns.php HTTP/1.1" 404 28714 "-" "-"
52.238.197.190 - - [09/Jun/2026:14:25:25 -0400] "GET /uuu.php HTTP/1.1" 404 28710 "-" "-"
52.238.197.190 - - [09/Jun/2026:14:25:26 -0400] "GET /ws81.php HTTP/1.1" 404 28711 "-" "-"
52.238.197.190 - - [09/Jun/2026:14:25:26 -0400] "GET /public/ws49.php HTTP/1.1" 404 28718 "-" "-"
52.238.197.190 - - [09/Jun/2026:14:25:28 -0400] "GET /abrand.php HTTP/1.1" 404 28713 "-" "-"
52.238.197.190 - - [09/Jun/2026:14:25:29 -0400] "GET /install.php HTTP/1.1" 404 28714 "-" "-"
52.238.197.190 - - [09/Jun/2026:14:25:45 -0400] "GET /domains.php HTTP/1.1" 404 28714 "-" "-"
52.238.197.190 - - [09/Jun/2026:14:25:47 -0400] "GET /wp-act.php HTTP/1.1" 404 28713 "-" "-"
52.238.197.190 - - [09/Jun/2026:14:25:20 -0400] "GET /rithin.php HTTP/1.1" 404 28713 "-" "-"
52.238.197.190 - - [09/Jun/2026:14:25:21 -0400] "GET /Sanskrit.php HTTP/1.1" 404 28715 "-" "-"
52.238.197.190 - - [09/Jun/2026:14:25:22 -0400] "GET /jga.php HTTP/1.1" 404 28710 "-" "-"
52.238.197.190 - - [09/Jun/2026:14:25:23 -0400] "GET /torsa1.php HTTP/1.1" 404 28713 "-" "-"
52.238.197.190 - - [09/Jun/2026:14:25:24 -0400] "GET /6kDPjgFTmvS.php HTTP/1.1" 404 28718 "-" "-"
52.238.197.190 - - [09/Jun/2026:14:25:27 -0400] "GET /gfd.php HTTP/1.1" 404 28710 "-" "-"
52.238.197.190 - - [09/Jun/2026:14:25:28 -0400] "GET /amp.php HTTP/1.1" 404 28710 "-" "-"
52.238.197.190 - - [09/Jun/2026:14:25:29 -0400] "GET /ws75.php HTTP/1.1" 404 28711 "-" "-"
52.238.197.190 - - [09/Jun/2026:14:25:30 -0400] "GET /maul.php HTTP/1.1" 404 28711 "-" "-"
52.238.197.190 - - [09/Jun/2026:14:25:43 -0400] "GET /lowpr.php HTTP/1.1" 404 28712 "-" "-"
52.238.197.190 - - [09/Jun/2026:14:25:44 -0400] "GET /166.php HTTP/1.1" 404 28710 "-" "-"
52.238.197.190 - - [09/Jun/2026:14:25:46 -0400] "GET /ws85.php HTTP/1.1" 404 28711 "-" "-"
52.238.197.190 - - [09/Jun/2026:14:25:47 -0400] "GET /hehe.php HTTP/1.1" 404 28711 "-" "-"
52.238.197.190 - - [09/Jun/2026:14:25:48 -0400] "GET /tfm.php HTTP/1.1" 404 28710 "-" "-"
52.238.197.190 - - [09/Jun/2026:14:25:49 -0400] "GET /ne2026.php HTTP/1.1" 404 28713 "-" "-"
52.238.197.190 - - [09/Jun/2026:14:25:53 -0400] "GET /ws77.php HTTP/1.1" 404 28711 "-" "-"
52.238.197.190 - - [09/Jun/2026:14:25:56 -0400] "GET /edit.php HTTP/1.1" 404 28711 "-" "-"
52.238.197.190 - - [09/Jun/2026:14:25:57 -0400] "GET /55b76.php HTTP/1.1" 404 28712 "-" "-"
52.238.197.190 - - [09/Jun/2026:14:25:57 -0400] "GET /asd.php HTTP/1.1" 404 28710 "-" "-"
52.238.197.190 - - [09/Jun/2026:14:25:58 -0400] "GET /8.php HTTP/1.1" 404 28708 "-" "-"
52.238.197.190 - - [09/Jun/2026:14:25:59 -0400] "GET /drhunthq.php HTTP/1.1" 404 28715 "-" "-"
52.238.197.190 - - [09/Jun/2026:14:26:01 -0400] "GET /xxw.php HTTP/1.1" 404 28710 "-" "-"
52.238.197.190 - - [09/Jun/2026:14:26:01 -0400] "GET /wen.php HTTP/1.1" 404 28710 "-" "-"
52.238.197.190 - - [09/Jun/2026:14:26:02 -0400] "GET /ws87.php HTTP/1.1" 404 28711 "-" "-"
52.238.197.190 - - [09/Jun/2026:14:26:04 -0400] "GET /albin.php HTTP/1.1" 404 28712 "-" "-"
52.238.197.190 - - [09/Jun/2026:14:26:05 -0400] "GET /inege.php HTTP/1.1" 404 28712 "-" "-"
52.238.197.190 - - [09/Jun/2026:14:26:06 -0400] "GET /ccs.php HTTP/1.1" 404 28710 "-" "-"
52.238.197.190 - - [09/Jun/2026:14:26:07 -0400] "GET /wp-content/radio.php HTTP/1.1" 404 28723 "-" "-"
52.238.197.190 - - [09/Jun/2026:14:26:08 -0400] "GET /wp-blog.php HTTP/1.1" 404 28714 "-" "-"
52.238.197.190 - - [09/Jun/2026:14:26:08 -0400] "GET /init.php HTTP/1.1" 404 28711 "-" "-"
52.238.197.190 - - [09/Jun/2026:14:26:09 -0400] "GET /wtiiy.php HTTP/1.1" 404 28712 "-" "-"
162.213.253.84 - - [09/Jun/2026:14:26:11 -0400] "POST /wp-cron.php?doing_wp_cron=1781029571.0220038890838623046875 HTTP/1.1" 200 0 "http://tejoversea.com/wp-cron.php?doing_wp_cron=1781029571.0220038890838623046875" "WordPress/6.0.2; http://tejoversea.com"
52.238.197.190 - - [09/Jun/2026:14:26:10 -0400] "GET /gptsh.php HTTP/1.1" 404 28712 "-" "-"
52.238.197.190 - - [09/Jun/2026:14:26:12 -0400] "GET /bgymj.php HTTP/1.1" 404 28712 "-" "-"
52.238.197.190 - - [09/Jun/2026:14:26:12 -0400] "GET /ah25.php HTTP/1.1" 404 28711 "-" "-"
52.238.197.190 - - [09/Jun/2026:14:26:14 -0400] "GET /motu.php HTTP/1.1" 404 28711 "-" "-"
52.238.197.190 - - [09/Jun/2026:14:26:15 -0400] "GET /myfile.php HTTP/1.1" 404 28713 "-" "-"
52.238.197.190 - - [09/Jun/2026:14:26:16 -0400] "GET /okxh.php HTTP/1.1" 404 28711 "-" "-"
52.238.197.190 - - [09/Jun/2026:14:26:17 -0400] "GET /lib.php HTTP/1.1" 404 28710 "-" "-"
52.238.197.190 - - [09/Jun/2026:14:26:17 -0400] "GET /zc-104.php HTTP/1.1" 404 28713 "-" "-"
52.238.197.190 - - [09/Jun/2026:14:26:19 -0400] "GET /ws86.php HTTP/1.1" 404 28711 "-" "-"
52.238.197.190 - - [09/Jun/2026:14:26:20 -0400] "GET /wp-blogs.php HTTP/1.1" 404 28715 "-" "-"
52.238.197.190 - - [09/Jun/2026:14:26:21 -0400] "GET /xfun.php HTTP/1.1" 404 28711 "-" "-"
52.238.197.190 - - [09/Jun/2026:14:26:23 -0400] "GET /rzki.php HTTP/1.1" 404 28711 "-" "-"
52.238.197.190 - - [09/Jun/2026:14:26:23 -0400] "GET /classwithtostring.php HTTP/1.1" 404 28724 "-" "-"
52.238.197.190 - - [09/Jun/2026:14:26:26 -0400] "GET /ww.php HTTP/1.1" 404 28709 "-" "-"
52.238.197.190 - - [09/Jun/2026:14:26:27 -0400] "GET /cu.php HTTP/1.1" 404 28709 "-" "-"
52.238.197.190 - - [09/Jun/2026:14:26:28 -0400] "GET /t.php HTTP/1.1" 404 28708 "-" "-"
52.238.197.190 - - [09/Jun/2026:14:26:29 -0400] "GET /ms.php HTTP/1.1" 404 28709 "-" "-"
52.238.197.190 - - [09/Jun/2026:14:26:30 -0400] "GET /bnm.php HTTP/1.1" 404 28710 "-" "-"
52.238.197.190 - - [09/Jun/2026:14:26:31 -0400] "GET /gifclass.php HTTP/1.1" 404 28715 "-" "-"
52.238.197.190 - - [09/Jun/2026:14:26:32 -0400] "GET /ws80.php HTTP/1.1" 404 28711 "-" "-"
52.238.197.190 - - [09/Jun/2026:14:26:32 -0400] "GET /bootstrap.php HTTP/1.1" 404 28716 "-" "-"
52.238.197.190 - - [09/Jun/2026:14:26:36 -0400] "GET /8573.php HTTP/1.1" 404 28711 "-" "-"
52.238.197.190 - - [09/Jun/2026:14:26:36 -0400] "GET /abc.php HTTP/1.1" 404 28710 "-" "-"
52.238.197.190 - - [09/Jun/2026:14:26:38 -0400] "GET /jp.php HTTP/1.1" 404 28709 "-" "-"
52.238.197.190 - - [09/Jun/2026:14:26:38 -0400] "GET /admin-footer.php HTTP/1.1" 404 28719 "-" "-"
52.238.197.190 - - [09/Jun/2026:14:25:48 -0400] "GET //tfm.php HTTP/1.1" 301 0 "-" "-"
52.238.197.190 - - [09/Jun/2026:14:25:50 -0400] "GET /ws73.php HTTP/1.1" 404 28711 "-" "-"
52.238.197.190 - - [09/Jun/2026:14:25:50 -0400] "GET /ws84.php HTTP/1.1" 404 28711 "-" "-"
52.238.197.190 - - [09/Jun/2026:14:25:51 -0400] "GET /baixy.php HTTP/1.1" 404 28712 "-" "-"
52.238.197.190 - - [09/Jun/2026:14:25:52 -0400] "GET /wp-good.php HTTP/1.1" 404 28714 "-" "-"
52.238.197.190 - - [09/Jun/2026:14:25:53 -0400] "GET /a4.php HTTP/1.1" 404 28709 "-" "-"
52.238.197.190 - - [09/Jun/2026:14:25:54 -0400] "GET /vx.php HTTP/1.1" 404 28709 "-" "-"
52.238.197.190 - - [09/Jun/2026:14:25:54 -0400] "GET /a5e0a.php HTTP/1.1" 404 28712 "-" "-"
52.238.197.190 - - [09/Jun/2026:14:25:55 -0400] "GET /term.php HTTP/1.1" 404 28711 "-" "-"
52.238.197.190 - - [09/Jun/2026:14:25:58 -0400] "GET /wp9.php HTTP/1.1" 404 28710 "-" "-"
52.238.197.190 - - [09/Jun/2026:14:25:59 -0400] "GET /byypas.php HTTP/1.1" 404 28713 "-" "-"
52.238.197.190 - - [09/Jun/2026:14:26:00 -0400] "GET /public/file.php HTTP/1.1" 404 28718 "-" "-"
52.238.197.190 - - [09/Jun/2026:14:26:03 -0400] "GET /lm15.php HTTP/1.1" 404 28711 "-" "-"
52.238.197.190 - - [09/Jun/2026:14:26:03 -0400] "GET /green.php HTTP/1.1" 404 28712 "-" "-"
52.238.197.190 - - [09/Jun/2026:14:26:05 -0400] "GET /gettest.php HTTP/1.1" 404 28714 "-" "-"
52.238.197.190 - - [09/Jun/2026:14:26:07 -0400] "GET /clss.php HTTP/1.1" 404 28711 "-" "-"
52.238.197.190 - - [09/Jun/2026:14:26:10 -0400] "GET /ajax.php HTTP/1.1" 404 28711 "-" "-"
52.238.197.190 - - [09/Jun/2026:14:26:11 -0400] "GET /wp-admin/css/bolt.php HTTP/1.1" 404 28724 "-" "-"
52.238.197.190 - - [09/Jun/2026:14:26:13 -0400] "GET /ws60.php HTTP/1.1" 404 28711 "-" "-"
52.238.197.190 - - [09/Jun/2026:14:26:14 -0400] "GET /buc.php HTTP/1.1" 404 28710 "-" "-"
52.238.197.190 - - [09/Jun/2026:14:26:15 -0400] "GET /wp-the.php HTTP/1.1" 404 28713 "-" "-"
162.213.253.84 - - [09/Jun/2026:14:26:18 -0400] "POST /wp-cron.php?doing_wp_cron=1781029578.1906011104583740234375 HTTP/1.1" 200 0 "http://tejoversea.com/wp-cron.php?doing_wp_cron=1781029578.1906011104583740234375" "WordPress/6.0.2; http://tejoversea.com"
162.213.253.84 - - [09/Jun/2026:14:26:18 -0400] "POST /wp-admin/admin-ajax.php?action=async_litespeed&nonce=17b31b2894&litespeed_type=imgoptm HTTP/1.1" 200 0 "http://tejoversea.com/wp-admin/admin-ajax.php?action=async_litespeed&nonce=17b31b2894&litespeed_type=imgoptm" "WordPress/6.0.2; http://tejoversea.com"
52.238.197.190 - - [09/Jun/2026:14:26:20 -0400] "GET /Cap.php HTTP/1.1" 404 28710 "-" "-"
52.238.197.190 - - [09/Jun/2026:14:26:22 -0400] "GET /bjfl.php HTTP/1.1" 404 28711 "-" "-"
52.238.197.190 - - [09/Jun/2026:14:26:22 -0400] "GET /155.php HTTP/1.1" 404 28710 "-" "-"
52.238.197.190 - - [09/Jun/2026:14:26:24 -0400] "GET /ws49.php HTTP/1.1" 404 28711 "-" "-"
52.238.197.190 - - [09/Jun/2026:14:26:25 -0400] "GET /tool.php HTTP/1.1" 404 28711 "-" "-"
52.238.197.190 - - [09/Jun/2026:14:26:26 -0400] "GET /vanda.php HTTP/1.1" 404 28712 "-" "-"
52.238.197.190 - - [09/Jun/2026:14:26:27 -0400] "GET /nw.php HTTP/1.1" 404 28709 "-" "-"
52.238.197.190 - - [09/Jun/2026:14:26:30 -0400] "GET /aa21.php HTTP/1.1" 404 28711 "-" "-"
52.238.197.190 - - [09/Jun/2026:14:26:33 -0400] "GET /public/wp-blog.php HTTP/1.1" 404 28721 "-" "-"
52.238.197.190 - - [09/Jun/2026:14:26:34 -0400] "GET /ws88.php HTTP/1.1" 404 28711 "-" "-"
52.238.197.190 - - [09/Jun/2026:14:26:35 -0400] "GET /csv.php HTTP/1.1" 404 28710 "-" "-"
52.238.197.190 - - [09/Jun/2026:14:26:35 -0400] "GET /varb.php HTTP/1.1" 404 28711 "-" "-"
52.238.197.190 - - [09/Jun/2026:14:26:37 -0400] "GET /wp-png.php HTTP/1.1" 404 28713 "-" "-"
52.238.197.190 - - [09/Jun/2026:14:26:38 -0400] "GET /tfm.php HTTP/1.1" 404 28710 "-" "-"
162.213.253.84 - - [09/Jun/2026:14:59:24 -0400] "POST /wp-cron.php?doing_wp_cron=1781031564.8540689945220947265625 HTTP/1.1" 200 0 "http://tejoversea.com/wp-cron.php?doing_wp_cron=1781031564.8540689945220947265625" "WordPress/6.0.2; http://tejoversea.com"
43.157.174.69 - - [09/Jun/2026:14:59:24 -0400] "GET / HTTP/1.1" 301 0 "-" "Mozilla/5.0 (iPhone; CPU iPhone OS 13_2_3 like Mac OS X) AppleWebKit/605.1.15 (KHTML, like Gecko) Version/13.0.3 Mobile/15E148 Safari/604.1"
162.213.253.84 - - [09/Jun/2026:14:59:25 -0400] "POST /wp-admin/admin-ajax.php?action=async_litespeed&nonce=17b31b2894&litespeed_type=imgoptm HTTP/1.1" 200 0 "http://tejoversea.com/wp-admin/admin-ajax.php?action=async_litespeed&nonce=17b31b2894&litespeed_type=imgoptm" "WordPress/6.0.2; http://tejoversea.com"
43.157.174.69 - - [09/Jun/2026:14:59:26 -0400] "GET / HTTP/1.1" 200 19144 "http://www.tejoversea.com" "Mozilla/5.0 (iPhone; CPU iPhone OS 13_2_3 like Mac OS X) AppleWebKit/605.1.15 (KHTML, like Gecko) Version/13.0.3 Mobile/15E148 Safari/604.1"
212.18.127.86 - - [09/Jun/2026:15:16:27 -0400] "GET //wp-admin/js/widgets/class.api.php HTTP/1.1" 301 0 "https://www.pscaluminium.com/assets/revolution/js/extensions/mini.php?filesrc=/home/vishqocm/tmp/awstats/awstats042024.tejoversea.vishalwebtech.com.txt&path=/home/vishqocm/tmp/awstats" "Mozilla/5.0 (Windows NT 6.3; Win64; x64) AppleWebKit/537.36 (KHTML, like Gecko) Chrome/103.0.0.0 Safari/537.36"
212.18.127.86 - - [09/Jun/2026:15:16:29 -0400] "GET /wp-admin/js/widgets/class.api.php HTTP/1.1" 404 6976 "http://tejoversea.com//wp-admin/js/widgets/class.api.php" "Mozilla/5.0 (Windows NT 6.3; Win64; x64) AppleWebKit/537.36 (KHTML, like Gecko) Chrome/103.0.0.0 Safari/537.36"
162.213.253.84 - - [09/Jun/2026:15:16:27 -0400] "POST /wp-cron.php?doing_wp_cron=1781032587.5837409496307373046875 HTTP/1.1" 200 0 "http://tejoversea.com/wp-cron.php?doing_wp_cron=1781032587.5837409496307373046875" "WordPress/6.0.2; http://tejoversea.com"
162.213.253.84 - - [09/Jun/2026:15:16:28 -0400] "POST /wp-admin/admin-ajax.php?action=async_litespeed&nonce=17b31b2894&litespeed_type=imgoptm HTTP/1.1" 200 0 "http://tejoversea.com/wp-admin/admin-ajax.php?action=async_litespeed&nonce=17b31b2894&litespeed_type=imgoptm" "WordPress/6.0.2; http://tejoversea.com"
212.18.127.86 - - [09/Jun/2026:15:16:30 -0400] "GET /wp-admin/js/widgets/class.api.php?action=register HTTP/1.1" 404 6976 "https://www.pscaluminium.com/assets/revolution/js/extensions/mini.php?filesrc=/home/vishqocm/tmp/awstats/awstats042024.tejoversea.vishalwebtech.com.txt&path=/home/vishqocm/tmp/awstats" "Mozilla/5.0 (Windows NT 6.3; Win64; x64) AppleWebKit/537.36 (KHTML, like Gecko) Chrome/103.0.0.0 Safari/537.36"
47.79.23.252 - - [09/Jun/2026:15:27:45 -0400] "GET /wp-json/wp/v2/posts HTTP/1.1" 200 2 "-" "Mozilla/5.0 (Windows NT 10.0; Win64; x64) AppleWebKit/537.36 (KHTML, like Gecko) Chrome/120.0.0.0 Safari/537.36"
79.116.218.187 - - [09/Jun/2026:15:31:49 -0400] "GET /about-us/ HTTP/1.1" 200 14990 "-" "Mozilla/5.0 (Macintosh; Intel Mac OS X 14_7_0) AppleWebKit/537.36 (KHTML, like Gecko) Chrome/134.0.6998.45 Safari/537.36"
162.213.253.84 - - [09/Jun/2026:15:31:47 -0400] "POST /wp-cron.php?doing_wp_cron=1781033507.0595479011535644531250 HTTP/1.1" 200 0 "http://tejoversea.com/wp-cron.php?doing_wp_cron=1781033507.0595479011535644531250" "WordPress/6.0.2; http://tejoversea.com"
95.161.239.114 - - [09/Jun/2026:15:31:46 -0400] "GET /about/ HTTP/1.1" 301 0 "-" "Mozilla/5.0 (Macintosh; Intel Mac OS X 14_7_0) AppleWebKit/537.36 (KHTML, like Gecko) Chrome/134.0.6998.45 Safari/537.36"
162.213.253.84 - - [09/Jun/2026:15:31:47 -0400] "POST /wp-admin/admin-ajax.php?action=async_litespeed&nonce=17b31b2894&litespeed_type=imgoptm HTTP/1.1" 200 0 "http://tejoversea.com/wp-admin/admin-ajax.php?action=async_litespeed&nonce=17b31b2894&litespeed_type=imgoptm" "WordPress/6.0.2; http://tejoversea.com"
195.2.71.225 - - [09/Jun/2026:15:58:24 -0400] "GET /contact-us/ HTTP/1.0" 200 59469 "http://tejoversea.com/contact-us/" "Mozilla/5.0 (Windows NT 10.0; Win64; x64) AppleWebKit/537.36 (KHTML, like Gecko) Chrome/131.0.0.0 Safari/537.36"
162.213.253.84 - - [09/Jun/2026:15:58:25 -0400] "POST /wp-cron.php?doing_wp_cron=1781035105.7208950519561767578125 HTTP/1.1" 200 0 "http://tejoversea.com/wp-cron.php?doing_wp_cron=1781035105.7208950519561767578125" "WordPress/6.0.2; http://tejoversea.com"
195.2.71.225 - - [09/Jun/2026:15:58:25 -0400] "POST /wp-json/contact-form-7/v1/contact-forms/342/feedback HTTP/1.0" 200 205 "http://tejoversea.com/contact-us/" "Mozilla/5.0 (Windows NT 10.0; Win64; x64) AppleWebKit/537.36 (KHTML, like Gecko) Chrome/131.0.0.0 Safari/537.36"
162.213.253.84 - - [09/Jun/2026:15:58:26 -0400] "POST /wp-admin/admin-ajax.php?action=async_litespeed&nonce=17b31b2894&litespeed_type=imgoptm HTTP/1.1" 200 0 "http://tejoversea.com/wp-admin/admin-ajax.php?action=async_litespeed&nonce=17b31b2894&litespeed_type=imgoptm" "WordPress/6.0.2; http://tejoversea.com"
52.7.13.143 - - [09/Jun/2026:16:14:23 -0400] "GET /about/ HTTP/1.1" 301 0 "-" "Mozilla/5.0 AppleWebKit/537.36 (KHTML, like Gecko; compatible; Amazonbot/0.1; +https://developer.amazon.com/support/amazonbot) Chrome/119.0.6045.214 Safari/537.36"
34.174.88.147 - - [09/Jun/2026:16:50:53 -0400] "HEAD /new/ HTTP/1.1" 404 0 "-" "Mozilla/5.0 (Linux; Android 13; Nokia G42 5G) AppleWebKit/537.36 (KHTML, like Gecko) Chrome/126.0.6478.41 Mobile Safari/537.36"
162.213.253.84 - - [09/Jun/2026:16:50:53 -0400] "POST /wp-admin/admin-ajax.php?action=async_litespeed&nonce=17b31b2894&litespeed_type=imgoptm HTTP/1.1" 200 0 "http://tejoversea.com/wp-admin/admin-ajax.php?action=async_litespeed&nonce=17b31b2894&litespeed_type=imgoptm" "WordPress/6.0.2; http://tejoversea.com"
34.174.88.147 - - [09/Jun/2026:16:50:55 -0400] "HEAD /wordpress/ HTTP/1.1" 404 0 "-" "Mozilla/5.0 (Linux; Android 14; RMX3842) AppleWebKit/537.36 (KHTML, like Gecko) Chrome/126.0.6478.44 Mobile Safari/537.36"
162.213.253.84 - - [09/Jun/2026:16:50:52 -0400] "POST /wp-cron.php?doing_wp_cron=1781038252.1719241142272949218750 HTTP/1.1" 200 0 "http://tejoversea.com/wp-cron.php?doing_wp_cron=1781038252.1719241142272949218750" "WordPress/6.0.2; http://tejoversea.com"
34.174.88.147 - - [09/Jun/2026:16:50:51 -0400] "HEAD /backup/ HTTP/1.1" 404 0 "-" "Mozilla/5.0 (X11; Linux x86_64) AppleWebKit/537.36 (KHTML, like Gecko) Chrome/125.0.6422.76 Safari/537.36"
34.174.88.147 - - [09/Jun/2026:16:50:54 -0400] "HEAD /wp/ HTTP/1.1" 404 0 "-" "Mozilla/5.0 (iPhone; CPU iPhone OS 16_7 like Mac OS X) AppleWebKit/605.1.15 (KHTML, like Gecko) Version/16.7 Mobile/15E148 Safari/604.1"
34.174.88.147 - - [09/Jun/2026:16:50:54 -0400] "HEAD /old/ HTTP/1.1" 404 0 "-" "Mozilla/5.0 (Macintosh; Intel Mac OS X 14_5) AppleWebKit/605.1.15 (KHTML, like Gecko) Version/17.5 Safari/605.1.15"
34.174.88.147 - - [09/Jun/2026:16:50:55 -0400] "HEAD / HTTP/1.1" 200 0 "-" "Mozilla/5.0 (Linux; U; Android 10; en-US; CPH2015) AppleWebKit/537.36 (KHTML, like Gecko) UCBrowser/13.5.8.1311 Mobile Safari/537.36"
34.174.88.147 - - [09/Jun/2026:16:50:56 -0400] "HEAD /blog/ HTTP/1.1" 404 0 "-" "Mozilla/5.0 (Windows NT 10.0; WOW64) AppleWebKit/537.36 (KHTML, like Gecko) Chrome/118.0.5993.90 Safari/537.36"
184.72.231.133 - - [09/Jun/2026:17:13:12 -0400] "GET /robots.txt HTTP/1.1" 200 281 "-" "Mozilla/5.0 (Macintosh; Intel Mac OS X 10_10_1) AppleWebKit/600.2.5 (KHTML, like Gecko) Version/8.0.2 Safari/600.2.5 (Gort)"
74.7.241.132 - - [09/Jun/2026:17:18:53 -0400] "GET /robots.txt HTTP/1.1" 200 246 "-" "Mozilla/5.0 (Macintosh; Intel Mac OS X 10_15_7) AppleWebKit/537.36 (KHTML, like Gecko) Chrome/131.0.0.0 Safari/537.36; compatible; OAI-SearchBot/1.4; robots.txt; +https://openai.com/searchbot"
77.90.185.5 - - [09/Jun/2026:17:51:41 -0400] "GET / HTTP/1.0" 200 83452 "http://tejoversea.com/" "Mozilla/5.0 (Windows NT 10.0; Win64; x64) AppleWebKit/537.36 (KHTML, like Gecko) Chrome/130.0.0.0 Safari/537.36 CCleaner/130.0.0.0"
77.90.185.5 - - [09/Jun/2026:17:51:42 -0400] "GET /contact-us/ HTTP/1.0" 200 59469 "http://tejoversea.com/contact-us/" "Mozilla/5.0 (Windows NT 10.0; Win64; x64) AppleWebKit/537.36 (KHTML, like Gecko) Chrome/130.0.0.0 Safari/537.36 CCleaner/130.0.0.0"
162.213.253.84 - - [09/Jun/2026:17:51:44 -0400] "POST /wp-cron.php?doing_wp_cron=1781041904.0419850349426269531250 HTTP/1.1" 200 0 "http://tejoversea.com/wp-cron.php?doing_wp_cron=1781041904.0419850349426269531250" "WordPress/6.0.2; http://tejoversea.com"
162.213.253.84 - - [09/Jun/2026:17:51:44 -0400] "POST /wp-admin/admin-ajax.php?action=async_litespeed&nonce=17b31b2894&litespeed_type=imgoptm HTTP/1.1" 200 0 "http://tejoversea.com/wp-admin/admin-ajax.php?action=async_litespeed&nonce=17b31b2894&litespeed_type=imgoptm" "WordPress/6.0.2; http://tejoversea.com"
77.90.185.5 - - [09/Jun/2026:17:51:43 -0400] "POST /wp-json/contact-form-7/v1/contact-forms/342/feedback HTTP/1.0" 200 205 "http://tejoversea.com/contact-us/" "Mozilla/5.0 (Windows NT 10.0; Win64; x64) AppleWebKit/537.36 (KHTML, like Gecko) Chrome/130.0.0.0 Safari/537.36 CCleaner/130.0.0.0"
162.213.253.84 - - [09/Jun/2026:18:27:51 -0400] "POST /wp-cron.php?doing_wp_cron=1781044071.9065239429473876953125 HTTP/1.1" 200 0 "http://tejoversea.com/wp-cron.php?doing_wp_cron=1781044071.9065239429473876953125" "WordPress/6.0.2; http://tejoversea.com"
158.173.79.120 - - [09/Jun/2026:18:34:25 -0400] "GET /contact-us/ HTTP/1.0" 200 59469 "http://tejoversea.com/contact-us/" "Mozilla/5.0 (Windows NT 10.0; WOW64) AppleWebKit/537.36 (KHTML, like Gecko) Chrome/103.0.0.0 Safari/537.36"
162.213.253.84 - - [09/Jun/2026:18:34:27 -0400] "POST /wp-cron.php?doing_wp_cron=1781044467.0699748992919921875000 HTTP/1.1" 200 0 "http://tejoversea.com/wp-cron.php?doing_wp_cron=1781044467.0699748992919921875000" "WordPress/6.0.2; http://tejoversea.com"
64.89.160.167 - - [09/Jun/2026:18:27:51 -0400] "GET /bitrix/themes/.default/public/components/buttons2/edits.php HTTP/1.1" 404 28762 "-" "ALittle Client"
162.213.253.84 - - [09/Jun/2026:18:27:52 -0400] "POST /wp-admin/admin-ajax.php?action=async_litespeed&nonce=17b31b2894&litespeed_type=imgoptm HTTP/1.1" 200 0 "http://tejoversea.com/wp-admin/admin-ajax.php?action=async_litespeed&nonce=17b31b2894&litespeed_type=imgoptm" "WordPress/6.0.2; http://tejoversea.com"
3.213.85.234 - - [09/Jun/2026:18:33:18 -0400] "GET /wp-json/wp/v2/pages/113 HTTP/1.1" 200 46880 "-" "Mozilla/5.0 AppleWebKit/537.36 (KHTML, like Gecko; compatible; Amazonbot/0.1; +https://developer.amazon.com/support/amazonbot) Chrome/119.0.6045.214 Safari/537.36"
158.173.79.230 - - [09/Jun/2026:18:34:26 -0400] "POST /wp-json/contact-form-7/v1/contact-forms/342/feedback HTTP/1.0" 200 205 "http://tejoversea.com/contact-us/" "Mozilla/5.0 (Windows NT 10.0; WOW64) AppleWebKit/537.36 (KHTML, like Gecko) Chrome/103.0.0.0 Safari/537.36"
162.213.253.84 - - [09/Jun/2026:18:34:27 -0400] "POST /wp-admin/admin-ajax.php?action=async_litespeed&nonce=17b31b2894&litespeed_type=imgoptm HTTP/1.1" 200 0 "http://tejoversea.com/wp-admin/admin-ajax.php?action=async_litespeed&nonce=17b31b2894&litespeed_type=imgoptm" "WordPress/6.0.2; http://tejoversea.com"
162.62.213.187 - - [09/Jun/2026:18:37:36 -0400] "GET / HTTP/1.1" 200 19144 "-" "Mozilla/5.0 (iPhone; CPU iPhone OS 13_2_3 like Mac OS X) AppleWebKit/605.1.15 (KHTML, like Gecko) Version/13.0.3 Mobile/15E148 Safari/604.1"
1.13.158.23 - - [09/Jun/2026:18:38:21 -0400] "GET / HTTP/1.1" 200 19144 "-" "Mozilla/5.0 (iPhone; CPU iPhone OS 13_2_3 like Mac OS X) AppleWebKit/605.1.15 (KHTML, like Gecko) Version/13.0.3 Mobile/15E148 Safari/604.1"
43.128.89.111 - - [09/Jun/2026:19:28:04 -0400] "GET / HTTP/1.1" 301 0 "-" "Mozilla/5.0 (iPhone; CPU iPhone OS 13_2_3 like Mac OS X) AppleWebKit/605.1.15 (KHTML, like Gecko) Version/13.0.3 Mobile/15E148 Safari/604.1"
43.128.89.111 - - [09/Jun/2026:19:28:05 -0400] "GET / HTTP/1.1" 200 19144 "http://www.tejoversea.com" "Mozilla/5.0 (iPhone; CPU iPhone OS 13_2_3 like Mac OS X) AppleWebKit/605.1.15 (KHTML, like Gecko) Version/13.0.3 Mobile/15E148 Safari/604.1"
20.189.204.80 - - [09/Jun/2026:20:02:29 -0400] "GET / HTTP/1.1" 200 19145 "-" "Mozilla/5.0 (Windows NT 10.0; Win64; x64) AppleWebKit/537.36 (KHTML, like Gecko) Chrome/123.0.0.0 Safari/537.36"
64.110.224.123 - - [09/Jun/2026:20:21:31 -0400] "GET /contact-us/ HTTP/1.1" 200 14619 "-" "Mozilla/5.0 (Macintosh; Intel Mac OS X 11_7_0) AppleWebKit/537.36 (KHTML, like Gecko) Chrome/134.0.6998.88 Safari/537.36"
162.213.253.84 - - [09/Jun/2026:21:27:47 -0400] "POST /wp-cron.php?doing_wp_cron=1781054867.2244210243225097656250 HTTP/1.1" 200 0 "http://tejoversea.com/wp-cron.php?doing_wp_cron=1781054867.2244210243225097656250" "WordPress/6.0.2; http://tejoversea.com"
