47.31.212.185 - - [10/Jun/2026:03:06:01 -0400] "GET /wp-includes/js/hoverintent-js.min.js?ver=2.2.1 HTTP/1.1" 200 729 "http://tejoversea.com/wp-admin/post.php?post=3122&action=edit&admin_email_remind_later=1" "Mozilla/5.0 (Linux; Android 10; K) AppleWebKit/537.36 (KHTML, like Gecko) Chrome/148.0.0.0 Mobile Safari/537.36"
47.31.212.185 - - [10/Jun/2026:03:06:01 -0400] "GET /wp-includes/js/admin-bar.min.js?ver=6.0.2 HTTP/1.1" 200 1454 "http://tejoversea.com/wp-admin/post.php?post=3122&action=edit&admin_email_remind_later=1" "Mozilla/5.0 (Linux; Android 10; K) AppleWebKit/537.36 (KHTML, like Gecko) Chrome/148.0.0.0 Mobile Safari/537.36"
47.31.212.185 - - [10/Jun/2026:03:05:59 -0400] "GET /wp-content/plugins/sliced-invoices/admin/js/selectWoo.full.min.js?ver=3.9.1 HTTP/1.1" 200 25196 "http://tejoversea.com/wp-admin/post.php?post=3122&action=edit&admin_email_remind_later=1" "Mozilla/5.0 (Linux; Android 10; K) AppleWebKit/537.36 (KHTML, like Gecko) Chrome/148.0.0.0 Mobile Safari/537.36"
47.31.212.185 - - [10/Jun/2026:03:05:59 -0400] "GET /wp-content/plugins/wordpress-seo/js/dist/admin-global.js?ver=20f2c00bc3d2880fdb9e7bb254a7dbfa HTTP/1.1" 200 2264 "http://tejoversea.com/wp-admin/post.php?post=3122&action=edit&admin_email_remind_later=1" "Mozilla/5.0 (Linux; Android 10; K) AppleWebKit/537.36 (KHTML, like Gecko) Chrome/148.0.0.0 Mobile Safari/537.36"
47.31.212.185 - - [10/Jun/2026:03:05:59 -0400] "GET /wp-content/plugins/litespeed-cache/assets/js/litespeed-cache-admin.js?ver=6.0.0.1 HTTP/1.1" 200 5695 "http://tejoversea.com/wp-admin/post.php?post=3122&action=edit&admin_email_remind_later=1" "Mozilla/5.0 (Linux; Android 10; K) AppleWebKit/537.36 (KHTML, like Gecko) Chrome/148.0.0.0 Mobile Safari/537.36"
47.31.212.185 - - [10/Jun/2026:03:06:00 -0400] "GET /wp-includes/js/dist/a11y.min.js?ver=a38319d7ba46c6e60f7f9d4c371222c5 HTTP/1.1" 200 1015 "http://tejoversea.com/wp-admin/post.php?post=3122&action=edit&admin_email_remind_later=1" "Mozilla/5.0 (Linux; Android 10; K) AppleWebKit/537.36 (KHTML, like Gecko) Chrome/148.0.0.0 Mobile Safari/537.36"
47.31.212.185 - - [10/Jun/2026:03:06:01 -0400] "GET /wp-includes/js/wp-ajax-response.min.js?ver=6.0.2 HTTP/1.1" 200 1094 "http://tejoversea.com/wp-admin/post.php?post=3122&action=edit&admin_email_remind_later=1" "Mozilla/5.0 (Linux; Android 10; K) AppleWebKit/537.36 (KHTML, like Gecko) Chrome/148.0.0.0 Mobile Safari/537.36"
47.31.212.185 - - [10/Jun/2026:03:06:01 -0400] "GET /wp-includes/js/jquery/jquery.color.min.js?ver=2.2.0 HTTP/1.1" 200 3078 "http://tejoversea.com/wp-admin/post.php?post=3122&action=edit&admin_email_remind_later=1" "Mozilla/5.0 (Linux; Android 10; K) AppleWebKit/537.36 (KHTML, like Gecko) Chrome/148.0.0.0 Mobile Safari/537.36"
47.31.212.185 - - [10/Jun/2026:03:06:01 -0400] "GET /wp-includes/js/jquery/ui/core.min.js?ver=1.13.1 HTTP/1.1" 200 7544 "http://tejoversea.com/wp-admin/post.php?post=3122&action=edit&admin_email_remind_later=1" "Mozilla/5.0 (Linux; Android 10; K) AppleWebKit/537.36 (KHTML, like Gecko) Chrome/148.0.0.0 Mobile Safari/537.36"
47.31.212.185 - - [10/Jun/2026:03:06:01 -0400] "GET /wp-includes/js/jquery/ui/sortable.min.js?ver=1.13.1 HTTP/1.1" 200 7676 "http://tejoversea.com/wp-admin/post.php?post=3122&action=edit&admin_email_remind_later=1" "Mozilla/5.0 (Linux; Android 10; K) AppleWebKit/537.36 (KHTML, like Gecko) Chrome/148.0.0.0 Mobile Safari/537.36"
47.31.212.185 - - [10/Jun/2026:03:06:01 -0400] "GET /wp-includes/js/autosave.min.js?ver=6.0.2 HTTP/1.1" 200 2411 "http://tejoversea.com/wp-admin/post.php?post=3122&action=edit&admin_email_remind_later=1" "Mozilla/5.0 (Linux; Android 10; K) AppleWebKit/537.36 (KHTML, like Gecko) Chrome/148.0.0.0 Mobile Safari/537.36"
47.31.212.185 - - [10/Jun/2026:03:06:01 -0400] "GET /wp-includes/js/quicktags.min.js?ver=6.0.2 HTTP/1.1" 200 3832 "http://tejoversea.com/wp-admin/post.php?post=3122&action=edit&admin_email_remind_later=1" "Mozilla/5.0 (Linux; Android 10; K) AppleWebKit/537.36 (KHTML, like Gecko) Chrome/148.0.0.0 Mobile Safari/537.36"
47.31.212.185 - - [10/Jun/2026:03:06:01 -0400] "GET /wp-includes/js/jquery/jquery.query.js?ver=2.2.3 HTTP/1.1" 200 1698 "http://tejoversea.com/wp-admin/post.php?post=3122&action=edit&admin_email_remind_later=1" "Mozilla/5.0 (Linux; Android 10; K) AppleWebKit/537.36 (KHTML, like Gecko) Chrome/148.0.0.0 Mobile Safari/537.36"
47.31.212.185 - - [10/Jun/2026:03:06:01 -0400] "GET /wp-admin/js/edit-comments.min.js?ver=6.0.2 HTTP/1.1" 200 5614 "http://tejoversea.com/wp-admin/post.php?post=3122&action=edit&admin_email_remind_later=1" "Mozilla/5.0 (Linux; Android 10; K) AppleWebKit/537.36 (KHTML, like Gecko) Chrome/148.0.0.0 Mobile Safari/537.36"
47.31.212.185 - - [10/Jun/2026:03:06:01 -0400] "GET /wp-includes/js/heartbeat.min.js?ver=6.0.2 HTTP/1.1" 200 2150 "http://tejoversea.com/wp-admin/post.php?post=3122&action=edit&admin_email_remind_later=1" "Mozilla/5.0 (Linux; Android 10; K) AppleWebKit/537.36 (KHTML, like Gecko) Chrome/148.0.0.0 Mobile Safari/537.36"
47.31.212.185 - - [10/Jun/2026:03:06:01 -0400] "GET /wp-includes/js/jquery/ui/menu.min.js?ver=1.13.1 HTTP/1.1" 200 3418 "http://tejoversea.com/wp-admin/post.php?post=3122&action=edit&admin_email_remind_later=1" "Mozilla/5.0 (Linux; Android 10; K) AppleWebKit/537.36 (KHTML, like Gecko) Chrome/148.0.0.0 Mobile Safari/537.36"
47.31.212.185 - - [10/Jun/2026:03:06:02 -0400] "GET /wp-includes/js/jquery/ui/autocomplete.min.js?ver=1.13.1 HTTP/1.1" 200 3173 "http://tejoversea.com/wp-admin/post.php?post=3122&action=edit&admin_email_remind_later=1" "Mozilla/5.0 (Linux; Android 10; K) AppleWebKit/537.36 (KHTML, like Gecko) Chrome/148.0.0.0 Mobile Safari/537.36"
47.31.212.185 - - [10/Jun/2026:03:06:02 -0400] "GET /wp-admin/js/tags-suggest.min.js?ver=6.0.2 HTTP/1.1" 200 1096 "http://tejoversea.com/wp-admin/post.php?post=3122&action=edit&admin_email_remind_later=1" "Mozilla/5.0 (Linux; Android 10; K) AppleWebKit/537.36 (KHTML, like Gecko) Chrome/148.0.0.0 Mobile Safari/537.36"
47.31.212.185 - - [10/Jun/2026:03:06:02 -0400] "GET /wp-admin/js/tags-box.min.js?ver=6.0.2 HTTP/1.1" 200 1368 "http://tejoversea.com/wp-admin/post.php?post=3122&action=edit&admin_email_remind_later=1" "Mozilla/5.0 (Linux; Android 10; K) AppleWebKit/537.36 (KHTML, like Gecko) Chrome/148.0.0.0 Mobile Safari/537.36"
47.31.212.185 - - [10/Jun/2026:03:06:02 -0400] "GET /wp-includes/js/wp-sanitize.min.js?ver=6.0.2 HTTP/1.1" 200 285 "http://tejoversea.com/wp-admin/post.php?post=3122&action=edit&admin_email_remind_later=1" "Mozilla/5.0 (Linux; Android 10; K) AppleWebKit/537.36 (KHTML, like Gecko) Chrome/148.0.0.0 Mobile Safari/537.36"
47.31.212.185 - - [10/Jun/2026:03:06:02 -0400] "GET /wp-includes/js/clipboard.min.js?ver=2.0.10 HTTP/1.1" 200 3339 "http://tejoversea.com/wp-admin/post.php?post=3122&action=edit&admin_email_remind_later=1" "Mozilla/5.0 (Linux; Android 10; K) AppleWebKit/537.36 (KHTML, like Gecko) Chrome/148.0.0.0 Mobile Safari/537.36"
47.31.212.185 - - [10/Jun/2026:03:06:02 -0400] "GET /wp-admin/js/svg-painter.js?ver=6.0.2 HTTP/1.1" 200 2292 "http://tejoversea.com/wp-admin/post.php?post=3122&action=edit&admin_email_remind_later=1" "Mozilla/5.0 (Linux; Android 10; K) AppleWebKit/537.36 (KHTML, like Gecko) Chrome/148.0.0.0 Mobile Safari/537.36"
47.31.212.185 - - [10/Jun/2026:03:06:02 -0400] "GET /wp-includes/js/wp-auth-check.min.js?ver=6.0.2 HTTP/1.1" 200 787 "http://tejoversea.com/wp-admin/post.php?post=3122&action=edit&admin_email_remind_later=1" "Mozilla/5.0 (Linux; Android 10; K) AppleWebKit/537.36 (KHTML, like Gecko) Chrome/148.0.0.0 Mobile Safari/537.36"
47.31.212.185 - - [10/Jun/2026:03:06:02 -0400] "GET /wp-includes/js/jquery/ui/draggable.min.js?ver=1.13.1 HTTP/1.1" 200 5562 "http://tejoversea.com/wp-admin/post.php?post=3122&action=edit&admin_email_remind_later=1" "Mozilla/5.0 (Linux; Android 10; K) AppleWebKit/537.36 (KHTML, like Gecko) Chrome/148.0.0.0 Mobile Safari/537.36"
47.31.212.185 - - [10/Jun/2026:03:06:02 -0400] "GET /wp-content/plugins/elementor/assets/lib/backbone/backbone.radio.min.js?ver=1.0.4 HTTP/1.1" 200 1643 "http://tejoversea.com/wp-admin/post.php?post=3122&action=edit&admin_email_remind_later=1" "Mozilla/5.0 (Linux; Android 10; K) AppleWebKit/537.36 (KHTML, like Gecko) Chrome/148.0.0.0 Mobile Safari/537.36"
47.31.212.185 - - [10/Jun/2026:03:06:02 -0400] "GET /wp-content/plugins/elementor/assets/js/web-cli.min.js?ver=3.7.7 HTTP/1.1" 200 46715 "http://tejoversea.com/wp-admin/post.php?post=3122&action=edit&admin_email_remind_later=1" "Mozilla/5.0 (Linux; Android 10; K) AppleWebKit/537.36 (KHTML, like Gecko) Chrome/148.0.0.0 Mobile Safari/537.36"
47.31.212.185 - - [10/Jun/2026:03:06:01 -0400] "GET /wp-includes/js/jquery/suggest.min.js?ver=1.1-20110113 HTTP/1.1" 200 1387 "http://tejoversea.com/wp-admin/post.php?post=3122&action=edit&admin_email_remind_later=1" "Mozilla/5.0 (Linux; Android 10; K) AppleWebKit/537.36 (KHTML, like Gecko) Chrome/148.0.0.0 Mobile Safari/537.36"
47.31.212.185 - - [10/Jun/2026:03:06:02 -0400] "GET /wp-admin/js/word-count.min.js?ver=6.0.2 HTTP/1.1" 200 714 "http://tejoversea.com/wp-admin/post.php?post=3122&action=edit&admin_email_remind_later=1" "Mozilla/5.0 (Linux; Android 10; K) AppleWebKit/537.36 (KHTML, like Gecko) Chrome/148.0.0.0 Mobile Safari/537.36"
47.31.212.185 - - [10/Jun/2026:03:06:02 -0400] "GET /wp-admin/js/post.min.js?ver=6.0.2 HTTP/1.1" 200 6929 "http://tejoversea.com/wp-admin/post.php?post=3122&action=edit&admin_email_remind_later=1" "Mozilla/5.0 (Linux; Android 10; K) AppleWebKit/537.36 (KHTML, like Gecko) Chrome/148.0.0.0 Mobile Safari/537.36"
47.31.212.185 - - [10/Jun/2026:03:06:02 -0400] "GET /wp-includes/js/jquery/jquery.ui.touch-punch.js?ver=0.2.2 HTTP/1.1" 200 596 "http://tejoversea.com/wp-admin/post.php?post=3122&action=edit&admin_email_remind_later=1" "Mozilla/5.0 (Linux; Android 10; K) AppleWebKit/537.36 (KHTML, like Gecko) Chrome/148.0.0.0 Mobile Safari/537.36"
47.31.212.185 - - [10/Jun/2026:03:06:02 -0400] "GET /wp-includes/js/backbone.min.js?ver=1.4.1 HTTP/1.1" 200 8895 "http://tejoversea.com/wp-admin/post.php?post=3122&action=edit&admin_email_remind_later=1" "Mozilla/5.0 (Linux; Android 10; K) AppleWebKit/537.36 (KHTML, like Gecko) Chrome/148.0.0.0 Mobile Safari/537.36"
47.31.212.185 - - [10/Jun/2026:03:06:02 -0400] "GET /wp-content/plugins/elementor/assets/lib/backbone/backbone.marionette.min.js?ver=2.4.5.e1 HTTP/1.1" 200 13773 "http://tejoversea.com/wp-admin/post.php?post=3122&action=edit&admin_email_remind_later=1" "Mozilla/5.0 (Linux; Android 10; K) AppleWebKit/537.36 (KHTML, like Gecko) Chrome/148.0.0.0 Mobile Safari/537.36"
47.31.212.185 - - [10/Jun/2026:03:06:02 -0400] "GET /wp-content/plugins/elementor/assets/js/common-modules.min.js?ver=3.7.7 HTTP/1.1" 200 29283 "http://tejoversea.com/wp-admin/post.php?post=3122&action=edit&admin_email_remind_later=1" "Mozilla/5.0 (Linux; Android 10; K) AppleWebKit/537.36 (KHTML, like Gecko) Chrome/148.0.0.0 Mobile Safari/537.36"
47.31.212.185 - - [10/Jun/2026:03:06:03 -0400] "GET /wp-content/plugins/elementor/assets/js/dev-tools.min.js?ver=3.7.7 HTTP/1.1" 200 2331 "http://tejoversea.com/wp-admin/post.php?post=3122&action=edit&admin_email_remind_later=1" "Mozilla/5.0 (Linux; Android 10; K) AppleWebKit/537.36 (KHTML, like Gecko) Chrome/148.0.0.0 Mobile Safari/537.36"
47.31.212.185 - - [10/Jun/2026:03:06:03 -0400] "GET /wp-content/plugins/elementor/assets/js/common.min.js?ver=3.7.7 HTTP/1.1" 200 41149 "http://tejoversea.com/wp-admin/post.php?post=3122&action=edit&admin_email_remind_later=1" "Mozilla/5.0 (Linux; Android 10; K) AppleWebKit/537.36 (KHTML, like Gecko) Chrome/148.0.0.0 Mobile Safari/537.36"
47.31.212.185 - - [10/Jun/2026:03:06:03 -0400] "GET /wp-content/plugins/elementor/assets/js/admin-modules.min.js?ver=3.7.7 HTTP/1.1" 200 2004 "http://tejoversea.com/wp-admin/post.php?post=3122&action=edit&admin_email_remind_later=1" "Mozilla/5.0 (Linux; Android 10; K) AppleWebKit/537.36 (KHTML, like Gecko) Chrome/148.0.0.0 Mobile Safari/537.36"
47.31.212.185 - - [10/Jun/2026:03:06:03 -0400] "GET /wp-content/plugins/elementor/assets/js/admin.min.js?ver=3.7.7 HTTP/1.1" 200 9197 "http://tejoversea.com/wp-admin/post.php?post=3122&action=edit&admin_email_remind_later=1" "Mozilla/5.0 (Linux; Android 10; K) AppleWebKit/537.36 (KHTML, like Gecko) Chrome/148.0.0.0 Mobile Safari/537.36"
47.31.212.185 - - [10/Jun/2026:03:06:03 -0400] "GET /wp-content/plugins/elementor-pro/assets/js/admin.min.js?ver=3.7.7 HTTP/1.1" 200 27267 "http://tejoversea.com/wp-admin/post.php?post=3122&action=edit&admin_email_remind_later=1" "Mozilla/5.0 (Linux; Android 10; K) AppleWebKit/537.36 (KHTML, like Gecko) Chrome/148.0.0.0 Mobile Safari/537.36"
47.31.212.185 - - [10/Jun/2026:03:06:03 -0400] "GET /wp-includes/js/thickbox/thickbox.js?ver=3.1-20121105 HTTP/1.1" 200 4451 "http://tejoversea.com/wp-admin/post.php?post=3122&action=edit&admin_email_remind_later=1" "Mozilla/5.0 (Linux; Android 10; K) AppleWebKit/537.36 (KHTML, like Gecko) Chrome/148.0.0.0 Mobile Safari/537.36"
47.31.212.185 - - [10/Jun/2026:03:06:03 -0400] "GET /wp-includes/js/dist/vendor/react.min.js?ver=17.0.1 HTTP/1.1" 200 4728 "http://tejoversea.com/wp-admin/post.php?post=3122&action=edit&admin_email_remind_later=1" "Mozilla/5.0 (Linux; Android 10; K) AppleWebKit/537.36 (KHTML, like Gecko) Chrome/148.0.0.0 Mobile Safari/537.36"
47.31.212.185 - - [10/Jun/2026:03:06:03 -0400] "GET /wp-content/plugins/elementor/assets/lib/tipsy/tipsy.min.js?ver=1.0.0 HTTP/1.1" 200 1836 "http://tejoversea.com/wp-admin/post.php?post=3122&action=edit&admin_email_remind_later=1" "Mozilla/5.0 (Linux; Android 10; K) AppleWebKit/537.36 (KHTML, like Gecko) Chrome/148.0.0.0 Mobile Safari/537.36"
47.31.212.185 - - [10/Jun/2026:03:06:03 -0400] "GET /wp-content/plugins/elementor/assets/js/admin-top-bar.min.js?ver=3.7.7 HTTP/1.1" 200 3561 "http://tejoversea.com/wp-admin/post.php?post=3122&action=edit&admin_email_remind_later=1" "Mozilla/5.0 (Linux; Android 10; K) AppleWebKit/537.36 (KHTML, like Gecko) Chrome/148.0.0.0 Mobile Safari/537.36"
47.31.212.185 - - [10/Jun/2026:03:06:03 -0400] "GET /wp-includes/js/shortcode.min.js?ver=6.0.2 HTTP/1.1" 200 1200 "http://tejoversea.com/wp-admin/post.php?post=3122&action=edit&admin_email_remind_later=1" "Mozilla/5.0 (Linux; Android 10; K) AppleWebKit/537.36 (KHTML, like Gecko) Chrome/148.0.0.0 Mobile Safari/537.36"
47.31.212.185 - - [10/Jun/2026:03:06:04 -0400] "GET /wp-includes/js/media-models.min.js?ver=6.0.2 HTTP/1.1" 200 4655 "http://tejoversea.com/wp-admin/post.php?post=3122&action=edit&admin_email_remind_later=1" "Mozilla/5.0 (Linux; Android 10; K) AppleWebKit/537.36 (KHTML, like Gecko) Chrome/148.0.0.0 Mobile Safari/537.36"
47.31.212.185 - - [10/Jun/2026:03:06:04 -0400] "GET /wp-includes/js/plupload/moxie.min.js?ver=1.3.5 HTTP/1.1" 200 31406 "http://tejoversea.com/wp-admin/post.php?post=3122&action=edit&admin_email_remind_later=1" "Mozilla/5.0 (Linux; Android 10; K) AppleWebKit/537.36 (KHTML, like Gecko) Chrome/148.0.0.0 Mobile Safari/537.36"
47.31.212.185 - - [10/Jun/2026:03:06:04 -0400] "GET /wp-includes/js/mediaelement/mediaelement-and-player.min.js?ver=4.2.16 HTTP/1.1" 200 45170 "http://tejoversea.com/wp-admin/post.php?post=3122&action=edit&admin_email_remind_later=1" "Mozilla/5.0 (Linux; Android 10; K) AppleWebKit/537.36 (KHTML, like Gecko) Chrome/148.0.0.0 Mobile Safari/537.36"
47.31.212.185 - - [10/Jun/2026:03:06:04 -0400] "GET /wp-includes/js/mediaelement/mediaelement-migrate.min.js?ver=6.0.2 HTTP/1.1" 200 553 "http://tejoversea.com/wp-admin/post.php?post=3122&action=edit&admin_email_remind_later=1" "Mozilla/5.0 (Linux; Android 10; K) AppleWebKit/537.36 (KHTML, like Gecko) Chrome/148.0.0.0 Mobile Safari/537.36"
47.31.212.185 - - [10/Jun/2026:03:06:04 -0400] "GET /wp-includes/js/mediaelement/wp-mediaelement.min.js?ver=6.0.2 HTTP/1.1" 200 477 "http://tejoversea.com/wp-admin/post.php?post=3122&action=edit&admin_email_remind_later=1" "Mozilla/5.0 (Linux; Android 10; K) AppleWebKit/537.36 (KHTML, like Gecko) Chrome/148.0.0.0 Mobile Safari/537.36"
47.31.212.185 - - [10/Jun/2026:03:06:04 -0400] "GET /wp-includes/js/media-editor.min.js?ver=6.0.2 HTTP/1.1" 200 3943 "http://tejoversea.com/wp-admin/post.php?post=3122&action=edit&admin_email_remind_later=1" "Mozilla/5.0 (Linux; Android 10; K) AppleWebKit/537.36 (KHTML, like Gecko) Chrome/148.0.0.0 Mobile Safari/537.36"
47.31.212.185 - - [10/Jun/2026:03:06:04 -0400] "GET /wp-includes/js/mce-view.min.js?ver=6.0.2 HTTP/1.1" 200 4035 "http://tejoversea.com/wp-admin/post.php?post=3122&action=edit&admin_email_remind_later=1" "Mozilla/5.0 (Linux; Android 10; K) AppleWebKit/537.36 (KHTML, like Gecko) Chrome/148.0.0.0 Mobile Safari/537.36"
47.31.212.185 - - [10/Jun/2026:03:06:02 -0400] "GET /wp-content/plugins/elementor/assets/lib/dialog/dialog.min.js?ver=4.9.0 HTTP/1.1" 200 3760 "http://tejoversea.com/wp-admin/post.php?post=3122&action=edit&admin_email_remind_later=1" "Mozilla/5.0 (Linux; Android 10; K) AppleWebKit/537.36 (KHTML, like Gecko) Chrome/148.0.0.0 Mobile Safari/537.36"
47.31.212.185 - - [10/Jun/2026:03:06:02 -0400] "GET /wp-includes/js/api-request.min.js?ver=6.0.2 HTTP/1.1" 200 602 "http://tejoversea.com/wp-admin/post.php?post=3122&action=edit&admin_email_remind_later=1" "Mozilla/5.0 (Linux; Android 10; K) AppleWebKit/537.36 (KHTML, like Gecko) Chrome/148.0.0.0 Mobile Safari/537.36"
47.31.212.185 - - [10/Jun/2026:03:06:03 -0400] "GET /wp-includes/js/dist/vendor/react-dom.min.js?ver=17.0.1 HTTP/1.1" 200 43782 "http://tejoversea.com/wp-admin/post.php?post=3122&action=edit&admin_email_remind_later=1" "Mozilla/5.0 (Linux; Android 10; K) AppleWebKit/537.36 (KHTML, like Gecko) Chrome/148.0.0.0 Mobile Safari/537.36"
47.31.212.185 - - [10/Jun/2026:03:06:03 -0400] "GET /wp-content/plugins/elementor/assets/js/app-loader.min.js?ver=3.7.7 HTTP/1.1" 200 26702 "http://tejoversea.com/wp-admin/post.php?post=3122&action=edit&admin_email_remind_later=1" "Mozilla/5.0 (Linux; Android 10; K) AppleWebKit/537.36 (KHTML, like Gecko) Chrome/148.0.0.0 Mobile Safari/537.36"
47.31.212.185 - - [10/Jun/2026:03:06:04 -0400] "GET /wp-includes/js/wp-backbone.min.js?ver=6.0.2 HTTP/1.1" 200 1243 "http://tejoversea.com/wp-admin/post.php?post=3122&action=edit&admin_email_remind_later=1" "Mozilla/5.0 (Linux; Android 10; K) AppleWebKit/537.36 (KHTML, like Gecko) Chrome/148.0.0.0 Mobile Safari/537.36"
47.31.212.185 - - [10/Jun/2026:03:06:04 -0400] "GET /wp-includes/js/plupload/plupload.min.js?ver=2.1.9 HTTP/1.1" 200 6019 "http://tejoversea.com/wp-admin/post.php?post=3122&action=edit&admin_email_remind_later=1" "Mozilla/5.0 (Linux; Android 10; K) AppleWebKit/537.36 (KHTML, like Gecko) Chrome/148.0.0.0 Mobile Safari/537.36"
47.31.212.185 - - [10/Jun/2026:03:06:04 -0400] "GET /wp-includes/js/media-views.min.js?ver=6.0.2 HTTP/1.1" 200 31361 "http://tejoversea.com/wp-admin/post.php?post=3122&action=edit&admin_email_remind_later=1" "Mozilla/5.0 (Linux; Android 10; K) AppleWebKit/537.36 (KHTML, like Gecko) Chrome/148.0.0.0 Mobile Safari/537.36"
47.31.212.185 - - [10/Jun/2026:03:06:04 -0400] "GET /wp-includes/js/media-audiovideo.min.js?ver=6.0.2 HTTP/1.1" 200 3746 "http://tejoversea.com/wp-admin/post.php?post=3122&action=edit&admin_email_remind_later=1" "Mozilla/5.0 (Linux; Android 10; K) AppleWebKit/537.36 (KHTML, like Gecko) Chrome/148.0.0.0 Mobile Safari/537.36"
47.31.212.185 - - [10/Jun/2026:03:06:04 -0400] "GET /wp-includes/js/imgareaselect/jquery.imgareaselect.min.js?ver=6.0.2 HTTP/1.1" 200 3953 "http://tejoversea.com/wp-admin/post.php?post=3122&action=edit&admin_email_remind_later=1" "Mozilla/5.0 (Linux; Android 10; K) AppleWebKit/537.36 (KHTML, like Gecko) Chrome/148.0.0.0 Mobile Safari/537.36"
47.31.212.185 - - [10/Jun/2026:03:06:04 -0400] "GET /wp-includes/js/plupload/wp-plupload.min.js?ver=6.0.2 HTTP/1.1" 200 2458 "http://tejoversea.com/wp-admin/post.php?post=3122&action=edit&admin_email_remind_later=1" "Mozilla/5.0 (Linux; Android 10; K) AppleWebKit/537.36 (KHTML, like Gecko) Chrome/148.0.0.0 Mobile Safari/537.36"
47.31.212.185 - - [10/Jun/2026:03:06:05 -0400] "GET /wp-includes/js/jquery/ui/datepicker.min.js?ver=1.13.1 HTTP/1.1" 200 12350 "http://tejoversea.com/wp-admin/post.php?post=3122&action=edit&admin_email_remind_later=1" "Mozilla/5.0 (Linux; Android 10; K) AppleWebKit/537.36 (KHTML, like Gecko) Chrome/148.0.0.0 Mobile Safari/537.36"
47.31.212.185 - - [10/Jun/2026:03:06:05 -0400] "GET /wp-admin/js/editor.min.js?ver=6.0.2 HTTP/1.1" 200 5112 "http://tejoversea.com/wp-admin/post.php?post=3122&action=edit&admin_email_remind_later=1" "Mozilla/5.0 (Linux; Android 10; K) AppleWebKit/537.36 (KHTML, like Gecko) Chrome/148.0.0.0 Mobile Safari/537.36"
47.31.212.185 - - [10/Jun/2026:03:06:04 -0400] "GET /wp-admin/js/image-edit.min.js?ver=6.0.2 HTTP/1.1" 200 4173 "http://tejoversea.com/wp-admin/post.php?post=3122&action=edit&admin_email_remind_later=1" "Mozilla/5.0 (Linux; Android 10; K) AppleWebKit/537.36 (KHTML, like Gecko) Chrome/148.0.0.0 Mobile Safari/537.36"
47.31.212.185 - - [10/Jun/2026:03:06:05 -0400] "GET /wp-includes/js/jquery/ui/slider.min.js?ver=1.13.1 HTTP/1.1" 200 3514 "http://tejoversea.com/wp-admin/post.php?post=3122&action=edit&admin_email_remind_later=1" "Mozilla/5.0 (Linux; Android 10; K) AppleWebKit/537.36 (KHTML, like Gecko) Chrome/148.0.0.0 Mobile Safari/537.36"
47.31.212.185 - - [10/Jun/2026:03:06:05 -0400] "GET /wp-content/plugins/sliced-invoices/includes/vendor/cmb2/js/jquery-ui-timepicker-addon.min.js?ver=1.5.0 HTTP/1.1" 200 12074 "http://tejoversea.com/wp-admin/post.php?post=3122&action=edit&admin_email_remind_later=1" "Mozilla/5.0 (Linux; Android 10; K) AppleWebKit/537.36 (KHTML, like Gecko) Chrome/148.0.0.0 Mobile Safari/537.36"
47.31.212.185 - - [10/Jun/2026:03:06:05 -0400] "GET /wp-content/plugins/sliced-invoices/includes/vendor/cmb2/js/cmb2.min.js?ver=2.10.1 HTTP/1.1" 200 10374 "http://tejoversea.com/wp-admin/post.php?post=3122&action=edit&admin_email_remind_later=1" "Mozilla/5.0 (Linux; Android 10; K) AppleWebKit/537.36 (KHTML, like Gecko) Chrome/148.0.0.0 Mobile Safari/537.36"
47.31.212.185 - - [10/Jun/2026:03:06:05 -0400] "GET /wp-includes/js/tinymce/wp-tinymce.js?ver=49110-20201110 HTTP/1.1" 200 252613 "http://tejoversea.com/wp-admin/post.php?post=3122&action=edit&admin_email_remind_later=1" "Mozilla/5.0 (Linux; Android 10; K) AppleWebKit/537.36 (KHTML, like Gecko) Chrome/148.0.0.0 Mobile Safari/537.36"
47.31.212.185 - - [10/Jun/2026:03:06:05 -0400] "GET /wp-includes/js/wp-emoji-release.min.js?ver=6.0.2 HTTP/1.1" 200 5712 "http://tejoversea.com/wp-admin/post.php?post=3122&action=edit&admin_email_remind_later=1" "Mozilla/5.0 (Linux; Android 10; K) AppleWebKit/537.36 (KHTML, like Gecko) Chrome/148.0.0.0 Mobile Safari/537.36"
47.31.212.185 - - [10/Jun/2026:03:06:05 -0400] "GET /wp-content/plugins/sliced-invoices/admin/iconfont/sliced.woff HTTP/1.1" 200 1604 "http://tejoversea.com/wp-content/plugins/sliced-invoices/admin/css/admin.css?ver=3.9.1" "Mozilla/5.0 (Linux; Android 10; K) AppleWebKit/537.36 (KHTML, like Gecko) Chrome/148.0.0.0 Mobile Safari/537.36"
47.31.212.185 - - [10/Jun/2026:03:06:07 -0400] "GET /wp-includes/js/tinymce/skins/lightgray/content.min.css?wp-mce-49110-20201110 HTTP/1.1" 200 1436 "http://tejoversea.com/wp-admin/post.php?post=3122&action=edit" "Mozilla/5.0 (Linux; Android 10; K) AppleWebKit/537.36 (KHTML, like Gecko) Chrome/148.0.0.0 Mobile Safari/537.36"
47.31.212.185 - - [10/Jun/2026:03:06:07 -0400] "GET /wp-includes/css/dashicons.min.css?ver=6.0.2&wp-mce-49110-20201110 HTTP/1.1" 200 36064 "http://tejoversea.com/wp-admin/post.php?post=3122&action=edit" "Mozilla/5.0 (Linux; Android 10; K) AppleWebKit/537.36 (KHTML, like Gecko) Chrome/148.0.0.0 Mobile Safari/537.36"
47.31.212.185 - - [10/Jun/2026:03:06:07 -0400] "GET /wp-includes/js/tinymce/skins/wordpress/wp-content.css?ver=6.0.2&wp-mce-49110-20201110 HTTP/1.1" 200 2900 "http://tejoversea.com/wp-admin/post.php?post=3122&action=edit" "Mozilla/5.0 (Linux; Android 10; K) AppleWebKit/537.36 (KHTML, like Gecko) Chrome/148.0.0.0 Mobile Safari/537.36"
47.31.212.185 - - [10/Jun/2026:03:06:07 -0400] "GET /wp-content/plugins/wordpress-seo/css/dist/inside-editor-1980.css?wp-mce-49110-20201110 HTTP/1.1" 200 106 "http://tejoversea.com/wp-admin/post.php?post=3122&action=edit" "Mozilla/5.0 (Linux; Android 10; K) AppleWebKit/537.36 (KHTML, like Gecko) Chrome/148.0.0.0 Mobile Safari/537.36"
47.31.212.185 - - [10/Jun/2026:03:06:07 -0400] "GET /wp-includes/js/tinymce/skins/lightgray/fonts/tinymce.woff HTTP/1.1" 200 18824 "http://tejoversea.com/wp-includes/js/tinymce/skins/lightgray/skin.min.css?wp-mce-49110-20201110" "Mozilla/5.0 (Linux; Android 10; K) AppleWebKit/537.36 (KHTML, like Gecko) Chrome/148.0.0.0 Mobile Safari/537.36"
47.31.212.185 - - [10/Jun/2026:03:06:05 -0400] "GET /wp-includes/js/wplink.min.js?ver=6.0.2 HTTP/1.1" 200 4258 "http://tejoversea.com/wp-admin/post.php?post=3122&action=edit&admin_email_remind_later=1" "Mozilla/5.0 (Linux; Android 10; K) AppleWebKit/537.36 (KHTML, like Gecko) Chrome/148.0.0.0 Mobile Safari/537.36"
47.31.212.185 - - [10/Jun/2026:03:06:05 -0400] "GET /wp-admin/js/media-upload.min.js?ver=6.0.2 HTTP/1.1" 200 627 "http://tejoversea.com/wp-admin/post.php?post=3122&action=edit&admin_email_remind_later=1" "Mozilla/5.0 (Linux; Android 10; K) AppleWebKit/537.36 (KHTML, like Gecko) Chrome/148.0.0.0 Mobile Safari/537.36"
47.31.212.185 - - [10/Jun/2026:03:06:05 -0400] "GET /wp-includes/js/wp-embed.min.js?ver=6.0.2 HTTP/1.1" 200 810 "http://tejoversea.com/wp-admin/post.php?post=3122&action=edit&admin_email_remind_later=1" "Mozilla/5.0 (Linux; Android 10; K) AppleWebKit/537.36 (KHTML, like Gecko) Chrome/148.0.0.0 Mobile Safari/537.36"
47.31.212.185 - - [10/Jun/2026:03:06:05 -0400] "GET /wp-admin/images/spinner-2x.gif HTTP/1.1" 200 7536 "http://tejoversea.com/wp-admin/post.php?post=3122&action=edit&admin_email_remind_later=1" "Mozilla/5.0 (Linux; Android 10; K) AppleWebKit/537.36 (KHTML, like Gecko) Chrome/148.0.0.0 Mobile Safari/537.36"
47.31.212.185 - - [10/Jun/2026:03:06:07 -0400] "GET /wp-includes/js/tinymce/skins/lightgray/skin.min.css?wp-mce-49110-20201110 HTTP/1.1" 200 10427 "http://tejoversea.com/wp-admin/post.php?post=3122&action=edit" "Mozilla/5.0 (Linux; Android 10; K) AppleWebKit/537.36 (KHTML, like Gecko) Chrome/148.0.0.0 Mobile Safari/537.36"
47.31.212.185 - - [10/Jun/2026:03:06:07 -0400] "GET /wp-content/plugins/litespeed-cache/assets/css/fonts/litespeedfont.ttf?rs8ttq HTTP/1.1" 200 1840 "http://tejoversea.com/wp-content/plugins/litespeed-cache/assets/css/litespeed.css?ver=6.0.0.1" "Mozilla/5.0 (Linux; Android 10; K) AppleWebKit/537.36 (KHTML, like Gecko) Chrome/148.0.0.0 Mobile Safari/537.36"
47.31.212.185 - - [10/Jun/2026:03:06:08 -0400] "GET /wp-includes/js/thickbox/loadingAnimation.gif HTTP/1.1" 200 15238 "http://tejoversea.com/wp-admin/post.php?post=3122&action=edit" "Mozilla/5.0 (Linux; Android 10; K) AppleWebKit/537.36 (KHTML, like Gecko) Chrome/148.0.0.0 Mobile Safari/537.36"
162.213.253.84 - - [10/Jun/2026:03:06:12 -0400] "POST /wp-cron.php?doing_wp_cron=1781075172.3456659317016601562500 HTTP/1.1" 200 0 "http://tejoversea.com/wp-cron.php?doing_wp_cron=1781075172.3456659317016601562500" "WordPress/6.0.2; http://tejoversea.com"
47.31.212.185 - - [10/Jun/2026:03:06:11 -0400] "GET /wp-admin/post-new.php?post_type=sliced_quote HTTP/1.1" 200 84770 "http://tejoversea.com/wp-admin/post.php?post=3122&action=edit" "Mozilla/5.0 (Linux; Android 10; K) AppleWebKit/537.36 (KHTML, like Gecko) Chrome/148.0.0.0 Mobile Safari/537.36"
47.31.212.185 - - [10/Jun/2026:03:07:07 -0400] "POST /wp-admin/admin-ajax.php HTTP/1.1" 200 98 "http://tejoversea.com/wp-admin/post-new.php?post_type=sliced_quote" "Mozilla/5.0 (Linux; Android 10; K) AppleWebKit/537.36 (KHTML, like Gecko) Chrome/148.0.0.0 Mobile Safari/537.36"
162.213.253.84 - - [10/Jun/2026:03:07:22 -0400] "POST /wp-cron.php?doing_wp_cron=1781075242.5310308933258056640625 HTTP/1.1" 200 0 "http://tejoversea.com/wp-cron.php?doing_wp_cron=1781075242.5310308933258056640625" "WordPress/6.0.2; http://tejoversea.com"
47.31.212.185 - - [10/Jun/2026:03:07:22 -0400] "POST /wp-admin/admin-ajax.php HTTP/1.1" 200 98 "http://tejoversea.com/wp-admin/post-new.php?post_type=sliced_quote" "Mozilla/5.0 (Linux; Android 10; K) AppleWebKit/537.36 (KHTML, like Gecko) Chrome/148.0.0.0 Mobile Safari/537.36"
162.213.253.84 - - [10/Jun/2026:03:07:22 -0400] "POST /wp-admin/admin-ajax.php?action=async_litespeed&nonce=5e3cf89022&litespeed_type=imgoptm HTTP/1.1" 200 21 "http://tejoversea.com/wp-admin/admin-ajax.php?action=async_litespeed&nonce=5e3cf89022&litespeed_type=imgoptm" "WordPress/6.0.2; http://tejoversea.com"
47.31.212.185 - - [10/Jun/2026:03:07:27 -0400] "POST /wp-admin/admin-ajax.php HTTP/1.1" 200 168 "http://tejoversea.com/wp-admin/post-new.php?post_type=sliced_quote" "Mozilla/5.0 (Linux; Android 10; K) AppleWebKit/537.36 (KHTML, like Gecko) Chrome/148.0.0.0 Mobile Safari/537.36"
47.31.212.185 - - [10/Jun/2026:03:07:28 -0400] "POST /wp-admin/admin-ajax.php HTTP/1.1" 200 22 "http://tejoversea.com/wp-admin/post-new.php?post_type=sliced_quote" "Mozilla/5.0 (Linux; Android 10; K) AppleWebKit/537.36 (KHTML, like Gecko) Chrome/148.0.0.0 Mobile Safari/537.36"
47.31.212.185 - - [10/Jun/2026:03:07:28 -0400] "POST /wp-admin/admin-ajax.php HTTP/1.1" 200 303 "http://tejoversea.com/wp-admin/post-new.php?post_type=sliced_quote" "Mozilla/5.0 (Linux; Android 10; K) AppleWebKit/537.36 (KHTML, like Gecko) Chrome/148.0.0.0 Mobile Safari/537.36"
47.31.212.185 - - [10/Jun/2026:03:07:29 -0400] "POST /wp-admin/admin-ajax.php HTTP/1.1" 200 22 "http://tejoversea.com/wp-admin/post-new.php?post_type=sliced_quote" "Mozilla/5.0 (Linux; Android 10; K) AppleWebKit/537.36 (KHTML, like Gecko) Chrome/148.0.0.0 Mobile Safari/537.36"
47.31.212.185 - - [10/Jun/2026:03:06:07 -0400] "GET /wp-content/plugins/elementor/assets/lib/eicons/fonts/eicons.woff2?5.16.0 HTTP/1.1" 200 93372 "http://tejoversea.com/wp-content/plugins/elementor/assets/lib/eicons/css/elementor-icons.min.css?ver=5.16.0" "Mozilla/5.0 (Linux; Android 10; K) AppleWebKit/537.36 (KHTML, like Gecko) Chrome/148.0.0.0 Mobile Safari/537.36"
162.213.253.84 - - [10/Jun/2026:03:06:29 -0400] "POST /wp-cron.php?doing_wp_cron=1781075189.1729168891906738281250 HTTP/1.1" 200 0 "http://tejoversea.com/wp-cron.php?doing_wp_cron=1781075189.1729168891906738281250" "WordPress/6.0.2; http://tejoversea.com"
47.31.212.185 - - [10/Jun/2026:03:06:28 -0400] "POST /wp-admin/admin-ajax.php HTTP/1.1" 200 98 "http://tejoversea.com/wp-admin/post.php?post=3122&action=edit" "Mozilla/5.0 (Linux; Android 10; K) AppleWebKit/537.36 (KHTML, like Gecko) Chrome/148.0.0.0 Mobile Safari/537.36"
162.213.253.84 - - [10/Jun/2026:03:06:29 -0400] "POST /wp-admin/admin-ajax.php?action=async_litespeed&nonce=5e3cf89022&litespeed_type=imgoptm HTTP/1.1" 200 0 "http://tejoversea.com/wp-admin/admin-ajax.php?action=async_litespeed&nonce=5e3cf89022&litespeed_type=imgoptm" "WordPress/6.0.2; http://tejoversea.com"
47.31.212.185 - - [10/Jun/2026:03:06:31 -0400] "GET /wp-admin/post-new.php?post_type=sliced_quote HTTP/1.1" 200 84747 "http://tejoversea.com/wp-admin/post.php?post=3122&action=edit" "Mozilla/5.0 (Linux; Android 10; K) AppleWebKit/537.36 (KHTML, like Gecko) Chrome/148.0.0.0 Mobile Safari/537.36"
47.31.212.185 - - [10/Jun/2026:03:06:52 -0400] "POST /wp-admin/admin-ajax.php HTTP/1.1" 200 98 "http://tejoversea.com/wp-admin/post-new.php?post_type=sliced_quote" "Mozilla/5.0 (Linux; Android 10; K) AppleWebKit/537.36 (KHTML, like Gecko) Chrome/148.0.0.0 Mobile Safari/537.36"
47.31.212.185 - - [10/Jun/2026:03:07:26 -0400] "POST /wp-admin/admin-ajax.php HTTP/1.1" 200 22 "http://tejoversea.com/wp-admin/post-new.php?post_type=sliced_quote" "Mozilla/5.0 (Linux; Android 10; K) AppleWebKit/537.36 (KHTML, like Gecko) Chrome/148.0.0.0 Mobile Safari/537.36"
47.31.212.185 - - [10/Jun/2026:03:07:38 -0400] "POST /wp-admin/admin-ajax.php HTTP/1.1" 200 22 "http://tejoversea.com/wp-admin/post-new.php?post_type=sliced_quote" "Mozilla/5.0 (Linux; Android 10; K) AppleWebKit/537.36 (KHTML, like Gecko) Chrome/148.0.0.0 Mobile Safari/537.36"
47.31.212.185 - - [10/Jun/2026:03:07:42 -0400] "POST /wp-admin/admin-ajax.php HTTP/1.1" 200 98 "http://tejoversea.com/wp-admin/post-new.php?post_type=sliced_quote" "Mozilla/5.0 (Linux; Android 10; K) AppleWebKit/537.36 (KHTML, like Gecko) Chrome/148.0.0.0 Mobile Safari/537.36"
47.31.212.185 - - [10/Jun/2026:03:07:56 -0400] "POST /wp-admin/admin-ajax.php HTTP/1.1" 200 98 "http://tejoversea.com/wp-admin/post-new.php?post_type=sliced_quote" "Mozilla/5.0 (Linux; Android 10; K) AppleWebKit/537.36 (KHTML, like Gecko) Chrome/148.0.0.0 Mobile Safari/537.36"
162.213.253.84 - - [10/Jun/2026:03:08:12 -0400] "POST /wp-cron.php?doing_wp_cron=1781075292.4847800731658935546875 HTTP/1.1" 200 0 "http://tejoversea.com/wp-cron.php?doing_wp_cron=1781075292.4847800731658935546875" "WordPress/6.0.2; http://tejoversea.com"
47.31.212.185 - - [10/Jun/2026:03:08:11 -0400] "POST /wp-admin/admin-ajax.php HTTP/1.1" 200 98 "http://tejoversea.com/wp-admin/post-new.php?post_type=sliced_quote" "Mozilla/5.0 (Linux; Android 10; K) AppleWebKit/537.36 (KHTML, like Gecko) Chrome/148.0.0.0 Mobile Safari/537.36"
185.241.208.231 - - [10/Jun/2026:03:08:16 -0400] "GET / HTTP/1.1" 200 83452 "-" "Mozlila/5.0 (Linux; Android 7.0; SM-G892A Bulid/NRD90M; wv) AppleWebKit/537.36 (KHTML, like Gecko) Version/4.0 Chrome/60.0.3112.107 Moblie Safari/537.36"
185.241.208.231 - - [10/Jun/2026:03:08:16 -0400] "GET /pkzmgqaz.php?Fox=d3wL7 HTTP/1.1" 404 28715 "www.google.com" "Mozilla/5.0 (Linux; Android 7.0; SM-G892A Bulid/NRD90M; wv) AppleWebKit/537.36 (KHTML, like Gecko) Version/4.0 Chrome/60.0.3112.107 Moblie Safari/537.36"
185.241.208.231 - - [10/Jun/2026:03:08:21 -0400] "GET /wp-content/plugins/apikey/apikey.php.suspected?test=hello HTTP/1.1" 404 28749 "-" "Mozlila/5.0 (Linux; Android 7.0; SM-G892A Bulid/NRD90M; wv) AppleWebKit/537.36 (KHTML, like Gecko) Version/4.0 Chrome/60.0.3112.107 Moblie Safari/537.36"
185.241.208.231 - - [10/Jun/2026:03:08:23 -0400] "GET /plugins/content/apismtp/apismtp.php.suspected?test=hello HTTP/1.1" 404 28748 "-" "Mozlila/5.0 (Linux; Android 7.0; SM-G892A Bulid/NRD90M; wv) AppleWebKit/537.36 (KHTML, like Gecko) Version/4.0 Chrome/60.0.3112.107 Moblie Safari/537.36"
47.31.212.185 - - [10/Jun/2026:03:08:26 -0400] "POST /wp-admin/admin-ajax.php HTTP/1.1" 200 98 "http://tejoversea.com/wp-admin/post-new.php?post_type=sliced_quote" "Mozilla/5.0 (Linux; Android 10; K) AppleWebKit/537.36 (KHTML, like Gecko) Chrome/148.0.0.0 Mobile Safari/537.36"
47.31.212.185 - - [10/Jun/2026:03:08:31 -0400] "POST /wp-admin/admin-ajax.php HTTP/1.1" 200 22 "http://tejoversea.com/wp-admin/post-new.php?post_type=sliced_quote" "Mozilla/5.0 (Linux; Android 10; K) AppleWebKit/537.36 (KHTML, like Gecko) Chrome/148.0.0.0 Mobile Safari/537.36"
47.31.212.185 - - [10/Jun/2026:03:08:41 -0400] "POST /wp-admin/admin-ajax.php HTTP/1.1" 200 98 "http://tejoversea.com/wp-admin/post-new.php?post_type=sliced_quote" "Mozilla/5.0 (Linux; Android 10; K) AppleWebKit/537.36 (KHTML, like Gecko) Chrome/148.0.0.0 Mobile Safari/537.36"
47.31.212.185 - - [10/Jun/2026:03:08:44 -0400] "POST /wp-admin/admin-ajax.php HTTP/1.1" 200 22 "http://tejoversea.com/wp-admin/post-new.php?post_type=sliced_quote" "Mozilla/5.0 (Linux; Android 10; K) AppleWebKit/537.36 (KHTML, like Gecko) Chrome/148.0.0.0 Mobile Safari/537.36"
47.31.212.185 - - [10/Jun/2026:03:08:44 -0400] "POST /wp-admin/admin-ajax.php HTTP/1.1" 200 19589 "http://tejoversea.com/wp-admin/post-new.php?post_type=sliced_quote" "Mozilla/5.0 (Linux; Android 10; K) AppleWebKit/537.36 (KHTML, like Gecko) Chrome/148.0.0.0 Mobile Safari/537.36"
47.31.212.185 - - [10/Jun/2026:03:08:08 -0400] "POST /wp-admin/admin-ajax.php HTTP/1.1" 200 22 "http://tejoversea.com/wp-admin/post-new.php?post_type=sliced_quote" "Mozilla/5.0 (Linux; Android 10; K) AppleWebKit/537.36 (KHTML, like Gecko) Chrome/148.0.0.0 Mobile Safari/537.36"
47.31.212.185 - - [10/Jun/2026:03:08:10 -0400] "POST /wp-admin/admin-ajax.php HTTP/1.1" 200 22 "http://tejoversea.com/wp-admin/post-new.php?post_type=sliced_quote" "Mozilla/5.0 (Linux; Android 10; K) AppleWebKit/537.36 (KHTML, like Gecko) Chrome/148.0.0.0 Mobile Safari/537.36"
185.241.208.231 - - [10/Jun/2026:03:08:16 -0400] "GET /wp-content/plugins/fix/up.php HTTP/1.1" 404 28732 "-" "Mozilla/5.0 (Windows NT 10.0; Win64; x64) AppleWebKit/537.36 (KHTML, like Gecko) Chrome/85.0.4183.102 Safari/537.36"
185.241.208.231 - - [10/Jun/2026:03:08:16 -0400] "POST /ALFA_DATA/alfacgiapi/perl.alfa HTTP/1.1" 404 28661 "www.google.com" "Mozlila/5.0 (Linux; Android 7.0; SM-G892A Bulid/NRD90M; wv) AppleWebKit/537.36 (KHTML, like Gecko) Version/4.0 Chrome/60.0.3112.107 Moblie Safari/537.36"
185.241.208.231 - - [10/Jun/2026:03:08:16 -0400] "GET /wp-content/themes/seotheme/db.php?u HTTP/1.1" 404 28736 "www.google.com" "Mozlila/5.0 (Linux; Android 7.0; SM-G892A Bulid/NRD90M; wv) AppleWebKit/537.36 (KHTML, like Gecko) Version/4.0 Chrome/60.0.3112.107 Moblie Safari/537.36"
162.213.253.84 - - [10/Jun/2026:03:08:18 -0400] "POST /wp-cron.php?doing_wp_cron=1781075298.0669970512390136718750 HTTP/1.1" 200 0 "http://tejoversea.com/wp-cron.php?doing_wp_cron=1781075298.0669970512390136718750" "WordPress/6.0.2; http://tejoversea.com"
185.241.208.231 - - [10/Jun/2026:03:08:17 -0400] "POST /alfacgiapi/perl.alfa HTTP/1.1" 404 28651 "www.google.com" "Mozlila/5.0 (Linux; Android 7.0; SM-G892A Bulid/NRD90M; wv) AppleWebKit/537.36 (KHTML, like Gecko) Version/4.0 Chrome/60.0.3112.107 Moblie Safari/537.36"
185.241.208.231 - - [10/Jun/2026:03:08:16 -0400] "GET /wp-content/plugins/apikey/apikey.php?test=hello HTTP/1.1" 404 28739 "-" "Mozlila/5.0 (Linux; Android 7.0; SM-G892A Bulid/NRD90M; wv) AppleWebKit/537.36 (KHTML, like Gecko) Version/4.0 Chrome/60.0.3112.107 Moblie Safari/537.36"
162.213.253.84 - - [10/Jun/2026:03:08:20 -0400] "POST /wp-admin/admin-ajax.php?action=async_litespeed&nonce=5e3cf89022&litespeed_type=imgoptm HTTP/1.1" 200 0 "http://tejoversea.com/wp-admin/admin-ajax.php?action=async_litespeed&nonce=5e3cf89022&litespeed_type=imgoptm" "WordPress/6.0.2; http://tejoversea.com"
185.241.208.231 - - [10/Jun/2026:03:08:20 -0400] "GET /plugins/content/apismtp/apismtp.php?test=hello HTTP/1.1" 404 28738 "-" "Mozlila/5.0 (Linux; Android 7.0; SM-G892A Bulid/NRD90M; wv) AppleWebKit/537.36 (KHTML, like Gecko) Version/4.0 Chrome/60.0.3112.107 Moblie Safari/537.36"
47.31.212.185 - - [10/Jun/2026:03:08:29 -0400] "POST /wp-admin/admin-ajax.php HTTP/1.1" 200 22 "http://tejoversea.com/wp-admin/post-new.php?post_type=sliced_quote" "Mozilla/5.0 (Linux; Android 10; K) AppleWebKit/537.36 (KHTML, like Gecko) Chrome/148.0.0.0 Mobile Safari/537.36"
47.31.212.185 - - [10/Jun/2026:03:08:36 -0400] "POST /wp-admin/admin-ajax.php HTTP/1.1" 200 22 "http://tejoversea.com/wp-admin/post-new.php?post_type=sliced_quote" "Mozilla/5.0 (Linux; Android 10; K) AppleWebKit/537.36 (KHTML, like Gecko) Chrome/148.0.0.0 Mobile Safari/537.36"
47.31.212.185 - - [10/Jun/2026:03:08:52 -0400] "POST /wp-admin/post.php HTTP/1.1" 302 0 "http://tejoversea.com/wp-admin/post-new.php?post_type=sliced_quote&wp-post-new-reload=true" "Mozilla/5.0 (Linux; Android 10; K) AppleWebKit/537.36 (KHTML, like Gecko) Chrome/148.0.0.0 Mobile Safari/537.36"
47.31.212.185 - - [10/Jun/2026:03:08:56 -0400] "GET /wp-admin/post.php?post=3565&action=edit&message=6 HTTP/1.1" 200 86779 "http://tejoversea.com/wp-admin/post-new.php?post_type=sliced_quote&wp-post-new-reload=true" "Mozilla/5.0 (Linux; Android 10; K) AppleWebKit/537.36 (KHTML, like Gecko) Chrome/148.0.0.0 Mobile Safari/537.36"
47.31.212.185 - - [10/Jun/2026:03:09:02 -0400] "GET /wp-admin/admin-ajax.php?action=oembed-cache&post=3565 HTTP/1.1" 200 21 "http://tejoversea.com/wp-admin/post.php?post=3565&action=edit" "Mozilla/5.0 (Linux; Android 10; K) AppleWebKit/537.36 (KHTML, like Gecko) Chrome/148.0.0.0 Mobile Safari/537.36"
47.31.212.185 - - [10/Jun/2026:03:09:33 -0400] "POST /wp-admin/admin-ajax.php HTTP/1.1" 200 98 "http://tejoversea.com/wp-admin/post.php?post=3565&action=edit" "Mozilla/5.0 (Linux; Android 10; K) AppleWebKit/537.36 (KHTML, like Gecko) Chrome/148.0.0.0 Mobile Safari/537.36"
47.31.212.185 - - [10/Jun/2026:03:08:56 -0400] "POST /wp-admin/admin-ajax.php HTTP/1.1" 200 98 "http://tejoversea.com/wp-admin/post-new.php?post_type=sliced_quote&wp-post-new-reload=true" "Mozilla/5.0 (Linux; Android 10; K) AppleWebKit/537.36 (KHTML, like Gecko) Chrome/148.0.0.0 Mobile Safari/537.36"
162.213.253.84 - - [10/Jun/2026:03:09:05 -0400] "GET /sliced_quote/bike-shifting-delhi-to-hyderabad-15/?create=pdf&id=3565 HTTP/1.1" 200 6193 "http://tejoversea.com/sliced_quote/bike-shifting-delhi-to-hyderabad-15/?create=pdf&id=3565" "WordPress/6.0.2; http://tejoversea.com"
47.31.212.185 - - [10/Jun/2026:03:09:04 -0400] "GET /sliced_quote/bike-shifting-delhi-to-hyderabad-15/?create=pdf&id=3565&print_pdf=9b59e6489f HTTP/1.1" 200 55311 "http://tejoversea.com/wp-admin/post.php?post=3565&action=edit" "Mozilla/5.0 (Linux; Android 10; K) AppleWebKit/537.36 (KHTML, like Gecko) Chrome/148.0.0.0 Mobile Safari/537.36"
162.213.253.84 - - [10/Jun/2026:03:09:17 -0400] "POST /wp-cron.php?doing_wp_cron=1781075357.8596169948577880859375 HTTP/1.1" 200 0 "http://tejoversea.com/wp-cron.php?doing_wp_cron=1781075357.8596169948577880859375" "WordPress/6.0.2; http://tejoversea.com"
47.31.212.185 - - [10/Jun/2026:03:09:17 -0400] "POST /wp-admin/admin-ajax.php HTTP/1.1" 200 98 "http://tejoversea.com/wp-admin/post.php?post=3565&action=edit" "Mozilla/5.0 (Linux; Android 10; K) AppleWebKit/537.36 (KHTML, like Gecko) Chrome/148.0.0.0 Mobile Safari/537.36"
162.213.253.84 - - [10/Jun/2026:03:09:18 -0400] "POST /wp-admin/admin-ajax.php?action=async_litespeed&nonce=5e3cf89022&litespeed_type=imgoptm HTTP/1.1" 200 0 "http://tejoversea.com/wp-admin/admin-ajax.php?action=async_litespeed&nonce=5e3cf89022&litespeed_type=imgoptm" "WordPress/6.0.2; http://tejoversea.com"
162.213.253.84 - - [10/Jun/2026:03:09:24 -0400] "GET /sliced_quote/bike-shifting-delhi-to-hyderabad-15/?create=pdf&id=3565 HTTP/1.1" 200 6193 "http://tejoversea.com/sliced_quote/bike-shifting-delhi-to-hyderabad-15/?create=pdf&id=3565" "WordPress/6.0.2; http://tejoversea.com"
47.31.212.185 - - [10/Jun/2026:03:09:24 -0400] "GET /sliced_quote/bike-shifting-delhi-to-hyderabad-15/?create=pdf&id=3565&print_pdf=9b59e6489f HTTP/1.1" 200 55311 "-" "Mozilla/5.0 (Linux; Android 10; K) AppleWebKit/537.36 (KHTML, like Gecko) Chrome/148.0.0.0 Mobile Safari/537.36"
162.213.253.84 - - [10/Jun/2026:03:52:51 -0400] "POST /wp-cron.php?doing_wp_cron=1781077971.2270860671997070312500 HTTP/1.1" 200 0 "http://tejoversea.com/wp-cron.php?doing_wp_cron=1781077971.2270860671997070312500" "WordPress/6.0.2; http://tejoversea.com"
44.223.115.10 - - [10/Jun/2026:03:52:50 -0400] "GET /wp-json/oembed/1.0/embed?format=xml&url=http://tejoversea.com/service/warehousing/ HTTP/1.1" 200 1409 "-" "Mozilla/5.0 AppleWebKit/537.36 (KHTML, like Gecko; compatible; Amazonbot/0.1; +https://developer.amazon.com/support/amazonbot) Chrome/119.0.6045.214 Safari/537.36"
162.213.253.84 - - [10/Jun/2026:03:52:51 -0400] "POST /wp-admin/admin-ajax.php?action=async_litespeed&nonce=5e3cf89022&litespeed_type=imgoptm HTTP/1.1" 200 0 "http://tejoversea.com/wp-admin/admin-ajax.php?action=async_litespeed&nonce=5e3cf89022&litespeed_type=imgoptm" "WordPress/6.0.2; http://tejoversea.com"
66.249.68.8 - - [10/Jun/2026:04:02:55 -0400] "GET /robots.txt HTTP/1.1" 200 246 "-" "Mozilla/5.0 (compatible; Googlebot/2.1; +http://www.google.com/bot.html)"
66.249.68.8 - - [10/Jun/2026:04:02:55 -0400] "GET /service/insurance/ HTTP/1.1" 200 10671 "-" "Mozilla/5.0 (Linux; Android 6.0.1; Nexus 5X Build/MMB29P) AppleWebKit/537.36 (KHTML, like Gecko) Chrome/148.0.7778.96 Mobile Safari/537.36 (compatible; Googlebot/2.1; +http://www.google.com/bot.html)"
66.249.68.8 - - [10/Jun/2026:04:03:05 -0400] "GET /wp-includes/js/wp-emoji-release.min.js?ver=6.0.2 HTTP/1.1" 200 4619 "http://tejoversea.com/service/insurance/" "Mozilla/5.0 (Linux; Android 6.0.1; Nexus 5X Build/MMB29P) AppleWebKit/537.36 (KHTML, like Gecko) Chrome/148.0.7778.96 Mobile Safari/537.36 (compatible; Googlebot/2.1; +http://www.google.com/bot.html)"
66.249.68.6 - - [10/Jun/2026:04:03:07 -0400] "GET /wp-content/themes/logistek/assets/revolution/js/extensions/revolution.extension.actions.min.js?ver=6.0.2 HTTP/1.1" 200 2526 "http://tejoversea.com/service/insurance/" "Mozilla/5.0 (Linux; Android 6.0.1; Nexus 5X Build/MMB29P) AppleWebKit/537.36 (KHTML, like Gecko) Chrome/148.0.7778.96 Mobile Safari/537.36 (compatible; Googlebot/2.1; +http://www.google.com/bot.html)"
66.249.68.6 - - [10/Jun/2026:04:03:07 -0400] "GET /wp-content/themes/logistek/assets/revolution/js/extensions/revolution.extension.parallax.min.js?ver=6.0.2 HTTP/1.1" 200 2917 "http://tejoversea.com/service/insurance/" "Mozilla/5.0 (Linux; Android 6.0.1; Nexus 5X Build/MMB29P) AppleWebKit/537.36 (KHTML, like Gecko) Chrome/148.0.7778.96 Mobile Safari/537.36 (compatible; Googlebot/2.1; +http://www.google.com/bot.html)"
66.249.68.7 - - [10/Jun/2026:04:03:10 -0400] "GET /wp-content/themes/logistek/assets/js/jquery.scrollUp.min.js?ver=6.0.2 HTTP/1.1" 200 853 "http://tejoversea.com/service/insurance/" "Mozilla/5.0 (Linux; Android 6.0.1; Nexus 5X Build/MMB29P) AppleWebKit/537.36 (KHTML, like Gecko) Chrome/148.0.7778.96 Mobile Safari/537.36 (compatible; Googlebot/2.1; +http://www.google.com/bot.html)"
162.213.253.84 - - [10/Jun/2026:04:03:11 -0400] "POST /wp-cron.php?doing_wp_cron=1781078591.0432300567626953125000 HTTP/1.1" 200 0 "http://tejoversea.com/wp-cron.php?doing_wp_cron=1781078591.0432300567626953125000" "WordPress/6.0.2; http://tejoversea.com"
103.125.146.50 - - [10/Jun/2026:04:03:10 -0400] "GET /admin.php HTTP/1.1" 404 7608 "-" "Go-http-client/1.1"
103.125.146.50 - - [10/Jun/2026:04:03:11 -0400] "GET /edit-tags.php HTTP/1.1" 404 7611 "-" "Go-http-client/1.1"
103.125.146.50 - - [10/Jun/2026:04:03:12 -0400] "GET /goods.php HTTP/1.1" 404 7609 "-" "Go-http-client/1.1"
103.125.146.50 - - [10/Jun/2026:04:03:13 -0400] "GET /wp-admin/css/ HTTP/1.1" 403 1242 "-" "Go-http-client/1.1"
103.125.146.50 - - [10/Jun/2026:04:03:13 -0400] "GET /filemanager.php HTTP/1.1" 404 7613 "-" "Go-http-client/1.1"
103.125.146.50 - - [10/Jun/2026:04:03:14 -0400] "GET /wp-content/plugins/enhanced-text-widget/analyst/src/403.php HTTP/1.1" 404 7628 "-" "Go-http-client/1.1"
103.125.146.50 - - [10/Jun/2026:04:03:15 -0400] "GET /wp-content/uploads/ HTTP/1.1" 403 1242 "-" "Go-http-client/1.1"
103.125.146.50 - - [10/Jun/2026:04:03:15 -0400] "GET /adminfuns.php HTTP/1.1" 404 7611 "-" "Go-http-client/1.1"
103.125.146.50 - - [10/Jun/2026:04:03:16 -0400] "GET /wpx/ HTTP/1.1" 404 7604 "-" "Go-http-client/1.1"
103.125.146.50 - - [10/Jun/2026:04:03:17 -0400] "GET /classwithtostring.php HTTP/1.1" 404 7615 "-" "Go-http-client/1.1"
162.213.253.84 - - [10/Jun/2026:04:03:18 -0400] "POST /wp-cron.php?doing_wp_cron=1781078598.1697409152984619140625 HTTP/1.1" 200 0 "http://tejoversea.com/wp-cron.php?doing_wp_cron=1781078598.1697409152984619140625" "WordPress/6.0.2; http://tejoversea.com"
103.125.146.50 - - [10/Jun/2026:04:03:17 -0400] "GET /item.php HTTP/1.1" 404 7608 "-" "Go-http-client/1.1"
103.125.146.50 - - [10/Jun/2026:04:03:19 -0400] "GET /222.php HTTP/1.1" 404 7608 "-" "Go-http-client/1.1"
173.252.95.16 - - [10/Jun/2026:04:01:51 -0400] "GET /robots.txt HTTP/1.1" 200 595 "-" "facebookexternalhit/1.1 (+http://www.facebook.com/externalhit_uatext.php)"
66.249.68.6 - - [10/Jun/2026:04:03:05 -0400] "GET /wp-includes/js/jquery/jquery-migrate.min.js?ver=3.3.2 HTTP/1.1" 200 3995 "http://tejoversea.com/service/insurance/" "Mozilla/5.0 (Linux; Android 6.0.1; Nexus 5X Build/MMB29P) AppleWebKit/537.36 (KHTML, like Gecko) Chrome/148.0.7778.96 Mobile Safari/537.36 (compatible; Googlebot/2.1; +http://www.google.com/bot.html)"
66.249.68.7 - - [10/Jun/2026:04:03:05 -0400] "GET /wp-content/plugins/wp-call-button/assets/block/build/index.css?ver=a1dbfd3fcfcfb0740ca8c4771bbdc4c3 HTTP/1.1" 200 259 "http://tejoversea.com/service/insurance/" "Mozilla/5.0 (Linux; Android 6.0.1; Nexus 5X Build/MMB29P) AppleWebKit/537.36 (KHTML, like Gecko) Chrome/148.0.7778.96 Mobile Safari/537.36 (compatible; Googlebot/2.1; +http://www.google.com/bot.html)"
66.249.68.8 - - [10/Jun/2026:04:03:06 -0400] "GET /wp-content/themes/logistek/assets/css/owl.carousel.min.css?ver=6.0.2 HTTP/1.1" 200 915 "http://tejoversea.com/service/insurance/" "Mozilla/5.0 (Linux; Android 6.0.1; Nexus 5X Build/MMB29P) AppleWebKit/537.36 (KHTML, like Gecko) Chrome/148.0.7778.96 Mobile Safari/537.36 (compatible; Googlebot/2.1; +http://www.google.com/bot.html)"
66.249.68.7 - - [10/Jun/2026:04:03:08 -0400] "GET /wp-content/themes/logistek/assets/revolution/js/extensions/revolution.extension.slideanims.min.js?ver=6.0.2 HTTP/1.1" 200 6396 "http://tejoversea.com/service/insurance/" "Mozilla/5.0 (Linux; Android 6.0.1; Nexus 5X Build/MMB29P) AppleWebKit/537.36 (KHTML, like Gecko) Chrome/148.0.7778.96 Mobile Safari/537.36 (compatible; Googlebot/2.1; +http://www.google.com/bot.html)"
66.249.68.7 - - [10/Jun/2026:04:03:09 -0400] "GET /wp-content/themes/logistek/assets/js/waypoints.min.js?ver=6.0.2 HTTP/1.1" 200 2461 "http://tejoversea.com/service/insurance/" "Mozilla/5.0 (Linux; Android 6.0.1; Nexus 5X Build/MMB29P) AppleWebKit/537.36 (KHTML, like Gecko) Chrome/148.0.7778.96 Mobile Safari/537.36 (compatible; Googlebot/2.1; +http://www.google.com/bot.html)"
103.125.146.50 - - [10/Jun/2026:04:03:09 -0400] "GET /3PJcpMFsD8B.php HTTP/1.1" 404 7616 "-" "Go-http-client/1.1"
103.125.146.50 - - [10/Jun/2026:04:03:13 -0400] "GET /wp-content/ HTTP/1.1" 200 0 "-" "Go-http-client/1.1"
162.213.253.84 - - [10/Jun/2026:04:03:18 -0400] "POST /wp-admin/admin-ajax.php?action=async_litespeed&nonce=5e3cf89022&litespeed_type=imgoptm HTTP/1.1" 200 21 "http://tejoversea.com/wp-admin/admin-ajax.php?action=async_litespeed&nonce=5e3cf89022&litespeed_type=imgoptm" "WordPress/6.0.2; http://tejoversea.com"
103.125.146.50 - - [10/Jun/2026:04:03:20 -0400] "GET /wp-admin/ HTTP/1.1" 302 0 "-" "Go-http-client/1.1"
