77.68.83.86 - - [09/Jun/2026:21:27:46 -0400] "GET //images/images/cache.php HTTP/1.1" 301 0 "www.google.com" "Mozlila/5.0 (Linux; Android 7.0; SM-G892A Bulid/NRD90M; wv) AppleWebKit/537.36 (KHTML, like Gecko) Version/4.0 Chrome/60.0.3112.107 Moblie Safari/537.36"
162.213.253.84 - - [09/Jun/2026:21:27:47 -0400] "POST /wp-admin/admin-ajax.php?action=async_litespeed&nonce=df93da8c01&litespeed_type=imgoptm HTTP/1.1" 200 0 "http://tejoversea.com/wp-admin/admin-ajax.php?action=async_litespeed&nonce=df93da8c01&litespeed_type=imgoptm" "WordPress/6.0.2; http://tejoversea.com"
77.68.83.86 - - [09/Jun/2026:21:27:48 -0400] "GET /images/images/cache.php HTTP/1.1" 404 7612 "www.google.com" "Mozlila/5.0 (Linux; Android 7.0; SM-G892A Bulid/NRD90M; wv) AppleWebKit/537.36 (KHTML, like Gecko) Version/4.0 Chrome/60.0.3112.107 Moblie Safari/537.36"
77.68.83.86 - - [09/Jun/2026:21:27:53 -0400] "GET //blogs/media/media/cache.php HTTP/1.1" 301 0 "www.google.com" "Mozlila/5.0 (Linux; Android 7.0; SM-G892A Bulid/NRD90M; wv) AppleWebKit/537.36 (KHTML, like Gecko) Version/4.0 Chrome/60.0.3112.107 Moblie Safari/537.36"
77.68.83.86 - - [09/Jun/2026:21:27:54 -0400] "GET /blogs/media/media/cache.php HTTP/1.1" 404 7616 "www.google.com" "Mozlila/5.0 (Linux; Android 7.0; SM-G892A Bulid/NRD90M; wv) AppleWebKit/537.36 (KHTML, like Gecko) Version/4.0 Chrome/60.0.3112.107 Moblie Safari/537.36"
77.68.83.86 - - [09/Jun/2026:21:28:02 -0400] "GET /images/images/images/images/images/images/cache.php HTTP/1.1" 404 7607 "www.google.com" "Mozlila/5.0 (Linux; Android 7.0; SM-G892A Bulid/NRD90M; wv) AppleWebKit/537.36 (KHTML, like Gecko) Version/4.0 Chrome/60.0.3112.107 Moblie Safari/537.36"
77.68.83.86 - - [09/Jun/2026:21:28:06 -0400] "GET /images/images/images/images/images/cache.php HTTP/1.1" 404 7613 "www.google.com" "Mozlila/5.0 (Linux; Android 7.0; SM-G892A Bulid/NRD90M; wv) AppleWebKit/537.36 (KHTML, like Gecko) Version/4.0 Chrome/60.0.3112.107 Moblie Safari/537.36"
77.68.83.86 - - [09/Jun/2026:21:28:09 -0400] "GET //images/images/images/images/cache.php HTTP/1.1" 301 0 "www.google.com" "Mozlila/5.0 (Linux; Android 7.0; SM-G892A Bulid/NRD90M; wv) AppleWebKit/537.36 (KHTML, like Gecko) Version/4.0 Chrome/60.0.3112.107 Moblie Safari/537.36"
77.68.83.86 - - [09/Jun/2026:21:28:10 -0400] "GET /images/images/images/images/cache.php HTTP/1.1" 404 7612 "www.google.com" "Mozlila/5.0 (Linux; Android 7.0; SM-G892A Bulid/NRD90M; wv) AppleWebKit/537.36 (KHTML, like Gecko) Version/4.0 Chrome/60.0.3112.107 Moblie Safari/537.36"
77.68.83.86 - - [09/Jun/2026:21:28:14 -0400] "GET /images/images/images/cache.php HTTP/1.1" 404 7612 "www.google.com" "Mozlila/5.0 (Linux; Android 7.0; SM-G892A Bulid/NRD90M; wv) AppleWebKit/537.36 (KHTML, like Gecko) Version/4.0 Chrome/60.0.3112.107 Moblie Safari/537.36"
162.213.253.84 - - [09/Jun/2026:21:28:19 -0400] "POST /wp-cron.php?doing_wp_cron=1781054899.5090699195861816406250 HTTP/1.1" 200 0 "http://tejoversea.com/wp-cron.php?doing_wp_cron=1781054899.5090699195861816406250" "WordPress/6.0.2; http://tejoversea.com"
77.68.83.86 - - [09/Jun/2026:21:28:22 -0400] "GET //cache/cache/cache/cache/cache.php HTTP/1.1" 301 0 "www.google.com" "Mozlila/5.0 (Linux; Android 7.0; SM-G892A Bulid/NRD90M; wv) AppleWebKit/537.36 (KHTML, like Gecko) Version/4.0 Chrome/60.0.3112.107 Moblie Safari/537.36"
77.68.83.86 - - [09/Jun/2026:21:28:22 -0400] "GET /cache/cache/cache/cache/cache.php HTTP/1.1" 404 7604 "www.google.com" "Mozlila/5.0 (Linux; Android 7.0; SM-G892A Bulid/NRD90M; wv) AppleWebKit/537.36 (KHTML, like Gecko) Version/4.0 Chrome/60.0.3112.107 Moblie Safari/537.36"
180.172.61.209 - - [09/Jun/2026:21:20:52 -0400] "GET //wp-json/wp/v2/posts HTTP/1.0" 200 2 "-" "Mozilla/5.0 (Windows NT 10.0; Win64; x64) AppleWebKit/537.36 (KHTML, like Gecko) Chrome/120.0.0.0 Safari/537.36"
77.68.83.86 - - [09/Jun/2026:21:27:50 -0400] "GET //images/images/images/images/images/images/images/cache.php HTTP/1.1" 301 0 "www.google.com" "Mozlila/5.0 (Linux; Android 7.0; SM-G892A Bulid/NRD90M; wv) AppleWebKit/537.36 (KHTML, like Gecko) Version/4.0 Chrome/60.0.3112.107 Moblie Safari/537.36"
77.68.83.86 - - [09/Jun/2026:21:27:51 -0400] "GET /images/images/images/images/images/images/images/cache.php HTTP/1.1" 404 7614 "www.google.com" "Mozlila/5.0 (Linux; Android 7.0; SM-G892A Bulid/NRD90M; wv) AppleWebKit/537.36 (KHTML, like Gecko) Version/4.0 Chrome/60.0.3112.107 Moblie Safari/537.36"
77.68.83.86 - - [09/Jun/2026:21:27:55 -0400] "GET //cache/logs/logs/cache.php HTTP/1.1" 301 0 "www.google.com" "Mozlila/5.0 (Linux; Android 7.0; SM-G892A Bulid/NRD90M; wv) AppleWebKit/537.36 (KHTML, like Gecko) Version/4.0 Chrome/60.0.3112.107 Moblie Safari/537.36"
77.68.83.86 - - [09/Jun/2026:21:27:56 -0400] "GET /cache/logs/logs/cache.php HTTP/1.1" 404 7616 "www.google.com" "Mozlila/5.0 (Linux; Android 7.0; SM-G892A Bulid/NRD90M; wv) AppleWebKit/537.36 (KHTML, like Gecko) Version/4.0 Chrome/60.0.3112.107 Moblie Safari/537.36"
77.68.83.86 - - [09/Jun/2026:21:28:02 -0400] "GET //images/images/images/images/images/images/cache.php HTTP/1.1" 301 0 "www.google.com" "Mozlila/5.0 (Linux; Android 7.0; SM-G892A Bulid/NRD90M; wv) AppleWebKit/537.36 (KHTML, like Gecko) Version/4.0 Chrome/60.0.3112.107 Moblie Safari/537.36"
77.68.83.86 - - [09/Jun/2026:21:28:06 -0400] "GET //images/images/images/images/images/cache.php HTTP/1.1" 301 0 "www.google.com" "Mozlila/5.0 (Linux; Android 7.0; SM-G892A Bulid/NRD90M; wv) AppleWebKit/537.36 (KHTML, like Gecko) Version/4.0 Chrome/60.0.3112.107 Moblie Safari/537.36"
162.213.253.84 - - [09/Jun/2026:21:28:11 -0400] "POST /wp-cron.php?doing_wp_cron=1781054891.1876299381256103515625 HTTP/1.1" 200 0 "http://tejoversea.com/wp-cron.php?doing_wp_cron=1781054891.1876299381256103515625" "WordPress/6.0.2; http://tejoversea.com"
77.68.83.86 - - [09/Jun/2026:21:28:13 -0400] "GET //images/images/images/cache.php HTTP/1.1" 301 0 "www.google.com" "Mozlila/5.0 (Linux; Android 7.0; SM-G892A Bulid/NRD90M; wv) AppleWebKit/537.36 (KHTML, like Gecko) Version/4.0 Chrome/60.0.3112.107 Moblie Safari/537.36"
77.68.83.86 - - [09/Jun/2026:21:28:16 -0400] "GET //cache/cache/cache.php HTTP/1.1" 301 0 "www.google.com" "Mozlila/5.0 (Linux; Android 7.0; SM-G892A Bulid/NRD90M; wv) AppleWebKit/537.36 (KHTML, like Gecko) Version/4.0 Chrome/60.0.3112.107 Moblie Safari/537.36"
77.68.83.86 - - [09/Jun/2026:21:28:17 -0400] "GET /cache/cache/cache.php HTTP/1.1" 404 7610 "www.google.com" "Mozlila/5.0 (Linux; Android 7.0; SM-G892A Bulid/NRD90M; wv) AppleWebKit/537.36 (KHTML, like Gecko) Version/4.0 Chrome/60.0.3112.107 Moblie Safari/537.36"
77.68.83.86 - - [09/Jun/2026:21:28:19 -0400] "GET //wp-content/plugins/plugins/cache.php HTTP/1.1" 301 0 "www.google.com" "Mozlila/5.0 (Linux; Android 7.0; SM-G892A Bulid/NRD90M; wv) AppleWebKit/537.36 (KHTML, like Gecko) Version/4.0 Chrome/60.0.3112.107 Moblie Safari/537.36"
162.213.253.84 - - [09/Jun/2026:21:28:19 -0400] "POST /wp-admin/admin-ajax.php?action=async_litespeed&nonce=df93da8c01&litespeed_type=imgoptm HTTP/1.1" 200 0 "http://tejoversea.com/wp-admin/admin-ajax.php?action=async_litespeed&nonce=df93da8c01&litespeed_type=imgoptm" "WordPress/6.0.2; http://tejoversea.com"
77.68.83.86 - - [09/Jun/2026:21:28:20 -0400] "GET /wp-content/plugins/plugins/cache.php HTTP/1.1" 404 7610 "www.google.com" "Mozlila/5.0 (Linux; Android 7.0; SM-G892A Bulid/NRD90M; wv) AppleWebKit/537.36 (KHTML, like Gecko) Version/4.0 Chrome/60.0.3112.107 Moblie Safari/537.36"
77.68.83.86 - - [09/Jun/2026:21:28:24 -0400] "GET //cache/sitemaps/sitemaps/cache.php HTTP/1.1" 301 0 "www.google.com" "Mozlila/5.0 (Linux; Android 7.0; SM-G892A Bulid/NRD90M; wv) AppleWebKit/537.36 (KHTML, like Gecko) Version/4.0 Chrome/60.0.3112.107 Moblie Safari/537.36"
77.68.83.86 - - [09/Jun/2026:21:28:27 -0400] "GET //cache/cache/cache/cache.php HTTP/1.1" 301 0 "www.google.com" "Mozlila/5.0 (Linux; Android 7.0; SM-G892A Bulid/NRD90M; wv) AppleWebKit/537.36 (KHTML, like Gecko) Version/4.0 Chrome/60.0.3112.107 Moblie Safari/537.36"
77.68.83.86 - - [09/Jun/2026:21:28:28 -0400] "GET /cache/cache/cache/cache.php HTTP/1.1" 404 7604 "www.google.com" "Mozlila/5.0 (Linux; Android 7.0; SM-G892A Bulid/NRD90M; wv) AppleWebKit/537.36 (KHTML, like Gecko) Version/4.0 Chrome/60.0.3112.107 Moblie Safari/537.36"
77.68.83.86 - - [09/Jun/2026:21:28:25 -0400] "GET /cache/sitemaps/sitemaps/cache.php HTTP/1.1" 404 7617 "www.google.com" "Mozlila/5.0 (Linux; Android 7.0; SM-G892A Bulid/NRD90M; wv) AppleWebKit/537.36 (KHTML, like Gecko) Version/4.0 Chrome/60.0.3112.107 Moblie Safari/537.36"
77.68.83.86 - - [09/Jun/2026:21:28:30 -0400] "GET //assets/images/images/cache.php HTTP/1.1" 301 0 "www.google.com" "Mozlila/5.0 (Linux; Android 7.0; SM-G892A Bulid/NRD90M; wv) AppleWebKit/537.36 (KHTML, like Gecko) Version/4.0 Chrome/60.0.3112.107 Moblie Safari/537.36"
77.68.83.86 - - [09/Jun/2026:21:28:31 -0400] "GET /assets/images/images/cache.php HTTP/1.1" 404 7612 "www.google.com" "Mozlila/5.0 (Linux; Android 7.0; SM-G892A Bulid/NRD90M; wv) AppleWebKit/537.36 (KHTML, like Gecko) Version/4.0 Chrome/60.0.3112.107 Moblie Safari/537.36"
165.101.250.169 - - [09/Jun/2026:21:58:02 -0400] "GET //database.sql HTTP/1.1" 301 0 "-" "Mozilla/5.0 (X11; Linux x86_64) AppleWebKit/537.36 (KHTML, like Gecko) Chrome/130.0.0.0 Safari/537.36"
165.101.250.169 - - [09/Jun/2026:21:58:02 -0400] "GET //1.sql HTTP/1.1" 301 0 "-" "Mozilla/5.0 (Windows NT 10.0; WOW64) AppleWebKit/537.36 (KHTML, like Gecko) ConnectPC Safari/537.36"
165.101.250.169 - - [09/Jun/2026:21:58:02 -0400] "GET //mysql.sql HTTP/1.1" 301 0 "-" "Mozilla/5.0 (Macintosh; Intel Mac OS X 10_15_6) AppleWebKit/605.1.15 (KHTML, like Gecko) Version/15.2 Safari/605.1.15"
165.101.250.169 - - [09/Jun/2026:21:58:02 -0400] "GET //www.sql HTTP/1.1" 301 0 "-" "Mozilla/5.0 (Macintosh, Intel Mac OS X 10_15_7) AppleWebKit/605.1.15 (KHTML, like Gecko) Version/16.3 Safari/605.1.15"
165.101.250.169 - - [09/Jun/2026:21:58:02 -0400] "GET //mysqldump.sql HTTP/1.1" 301 0 "-" "Mozilla/5.0 (Macintosh, Intel Mac OS X 10_15_7) AppleWebKit/605.1.15 (KHTML, like Gecko) Version/17.7 Safari/605.1.15"
165.101.250.169 - - [09/Jun/2026:21:58:02 -0400] "GET //dbdump.sql HTTP/1.1" 301 0 "-" "Mozilla/5.0 (Windows NT 10.0; Win64; x64) AppleWebKit/537.36 (KHTML, like Gecko) Chrome/78.0.3904.108 Safari/537.36"
165.101.250.169 - - [09/Jun/2026:21:58:02 -0400] "GET //translate.sql HTTP/1.1" 301 0 "-" "Mozilla/5.0 (CentOS; Linux i686) AppleWebKit/537.36 (KHTML, like Gecko) Chrome/139.0.0.0 Safari/537.36"
165.101.250.169 - - [09/Jun/2026:21:58:02 -0400] "GET //tejoversea.com_db.sql HTTP/1.1" 301 0 "-" "Mozilla/5.0 (Windows NT 6.1; WOW64; rv:45.0) Gecko/20100101 Firefox/45.0"
165.101.250.169 - - [09/Jun/2026:21:58:02 -0400] "GET //site.sql HTTP/1.1" 301 0 "-" "Mozilla/5.0 (X11; Linux i686; rv:1.9.6.20) Gecko/ Firefox/10.0"
165.101.250.169 - - [09/Jun/2026:21:58:02 -0400] "GET //data.sql HTTP/1.1" 301 0 "-" "Mozilla/5.0 (Windows NT 10.0; Win64; x64; rv:140.0) Gecko/20100101 Firefox/140.5"
162.213.253.84 - - [09/Jun/2026:21:58:09 -0400] "POST /wp-admin/admin-ajax.php?action=async_litespeed&nonce=df93da8c01&litespeed_type=imgoptm HTTP/1.1" 200 0 "http://tejoversea.com/wp-admin/admin-ajax.php?action=async_litespeed&nonce=df93da8c01&litespeed_type=imgoptm" "WordPress/6.0.2; http://tejoversea.com"
165.101.250.169 - - [09/Jun/2026:21:58:02 -0400] "GET //sql.sql HTTP/1.1" 301 0 "-" "Mozilla/5.0 (Macintosh; Intel Mac OS X 10.15; rv:141.0) Gecko/20100101 Firefox/141.0"
165.101.250.169 - - [09/Jun/2026:21:58:02 -0400] "GET //wp-content/uploads/dump.sql HTTP/1.1" 301 0 "-" "Mozilla/5.0 (X11; CrOS x86_64 14541.0.0) AppleWebKit/537.36 (KHTML, like Gecko) Chrome/133.0.0.0 Safari/537.36"
165.101.250.169 - - [09/Jun/2026:21:58:02 -0400] "GET //dump.sql HTTP/1.1" 301 0 "-" "Mozilla/5.0 (X11; Linux x86_64) AppleWebKit/537.36 (KHTML, like Gecko) Chrome/138.0.0.0 Safari/537.36"
162.213.253.84 - - [09/Jun/2026:21:58:07 -0400] "POST /wp-cron.php?doing_wp_cron=1781056687.6459760665893554687500 HTTP/1.1" 200 0 "http://tejoversea.com/wp-cron.php?doing_wp_cron=1781056687.6459760665893554687500" "WordPress/6.0.2; http://tejoversea.com"
165.101.250.169 - - [09/Jun/2026:21:58:02 -0400] "GET //wp-content/mysql.sql HTTP/1.1" 301 0 "-" "Mozilla/5.0 (Windows NT 6.2; rv:140.0.) Gecko/20100101 Firefox/140.0."
165.101.250.169 - - [09/Jun/2026:21:58:02 -0400] "GET //temp.sql HTTP/1.1" 301 0 "-" "Mozilla/5.0 (X11; Linux x86_64; rv:142.0) Gecko/20100101 Firefox/142.0"
165.101.250.169 - - [09/Jun/2026:21:58:02 -0400] "GET //users.sql HTTP/1.1" 301 0 "-" "Mozilla/5.0 (Macintosh; Intel Mac OS X 10_15_6) AppleWebKit/605.1.15 (KHTML, like Gecko) Version/15.5 Safari/605.1.15"
165.101.250.169 - - [09/Jun/2026:21:58:02 -0400] "GET //db_backup.sql HTTP/1.1" 301 0 "-" "Mozilla/5.0 (Macintosh; Intel Mac OS X 14_7_3) AppleWebKit/605.1.15 (KHTML, like Gecko) Version/18.4 Safari/605.1.15"
165.101.250.169 - - [09/Jun/2026:21:58:02 -0400] "GET //tejoversea.com.sql HTTP/1.1" 301 0 "-" "Mozilla/5.0 (Debian; Linux i686) AppleWebKit/537.36 (KHTML, like Gecko) Chrome/135.0.0.0 Safari/537.36"
165.101.250.169 - - [09/Jun/2026:21:58:02 -0400] "GET //localhost.sql HTTP/1.1" 301 0 "-" "Mozilla/5.0 (Macintosh; Intel Mac OS X 10_15_7) AppleWebKit/537.36 (KHTML, like Gecko) Version/15.4 Safari/537.36"
165.101.250.169 - - [09/Jun/2026:21:58:02 -0400] "GET //db.sql HTTP/1.1" 301 0 "-" "Mozilla/5.0 (Windows NT 10.0; Win64; x64) AppleWebKit/537.36 (KHTML, like Gecko) Chrome/99.0.4844.51 Safari/537.36"
165.101.250.169 - - [09/Jun/2026:21:58:02 -0400] "GET //backup.sql HTTP/1.1" 301 0 "-" "Mozilla/5.0 (Macintosh; Intel Mac OS X 10_15_7) AppleWebKit/605.1.15 (KHTML, like Gecko) Version/18.6 Mobile/15E148 Safari/604.1"
31.134.7.133 - - [09/Jun/2026:22:17:53 -0400] "GET /wp-admin/includes/moon.php?action=register HTTP/1.1" 404 6980 "https://www.pscaluminium.com/assets/revolution/js/extensions/mini.php?filesrc=/home/vishqocm/tmp/awstats/awstats042024.tejoversea.vishalwebtech.com.txt&path=/home/vishqocm/tmp/awstats" "Mozilla/5.0 (Windows NT 6.3; Win64; x64) AppleWebKit/537.36 (KHTML, like Gecko) Chrome/103.0.0.0 Safari/537.36"
31.134.7.133 - - [09/Jun/2026:22:17:51 -0400] "GET //wp-admin/includes/moon.php HTTP/1.1" 301 0 "https://www.pscaluminium.com/assets/revolution/js/extensions/mini.php?filesrc=/home/vishqocm/tmp/awstats/awstats042024.tejoversea.vishalwebtech.com.txt&path=/home/vishqocm/tmp/awstats" "Mozilla/5.0 (Windows NT 6.3; Win64; x64) AppleWebKit/537.36 (KHTML, like Gecko) Chrome/103.0.0.0 Safari/537.36"
31.134.7.133 - - [09/Jun/2026:22:17:52 -0400] "GET /wp-admin/includes/moon.php HTTP/1.1" 404 6980 "http://tejoversea.com//wp-admin/includes/moon.php" "Mozilla/5.0 (Windows NT 6.3; Win64; x64) AppleWebKit/537.36 (KHTML, like Gecko) Chrome/103.0.0.0 Safari/537.36"
162.213.253.84 - - [09/Jun/2026:22:25:35 -0400] "POST /wp-cron.php?doing_wp_cron=1781058335.1310539245605468750000 HTTP/1.1" 200 0 "http://tejoversea.com/wp-cron.php?doing_wp_cron=1781058335.1310539245605468750000" "WordPress/6.0.2; http://tejoversea.com"
45.147.235.84 - - [09/Jun/2026:22:25:34 -0400] "GET //wp-admin/maint/moon.php HTTP/1.1" 301 0 "https://www.pscaluminium.com/assets/revolution/js/extensions/mini.php?filesrc=/home/vishqocm/tmp/awstats/awstats042024.tejoversea.vishalwebtech.com.txt&path=/home/vishqocm/tmp/awstats" "Mozilla/5.0 (Windows NT 6.3; Win64; x64) AppleWebKit/537.36 (KHTML, like Gecko) Chrome/103.0.0.0 Safari/537.36"
162.213.253.84 - - [09/Jun/2026:22:25:35 -0400] "POST /wp-admin/admin-ajax.php?action=async_litespeed&nonce=df93da8c01&litespeed_type=imgoptm HTTP/1.1" 200 0 "http://tejoversea.com/wp-admin/admin-ajax.php?action=async_litespeed&nonce=df93da8c01&litespeed_type=imgoptm" "WordPress/6.0.2; http://tejoversea.com"
45.147.235.84 - - [09/Jun/2026:22:25:37 -0400] "GET /wp-admin/maint/moon.php HTTP/1.1" 404 6973 "http://tejoversea.com//wp-admin/maint/moon.php" "Mozilla/5.0 (Windows NT 6.3; Win64; x64) AppleWebKit/537.36 (KHTML, like Gecko) Chrome/103.0.0.0 Safari/537.36"
45.147.235.84 - - [09/Jun/2026:22:25:38 -0400] "GET /wp-admin/maint/moon.php?action=register HTTP/1.1" 404 6972 "https://www.pscaluminium.com/assets/revolution/js/extensions/mini.php?filesrc=/home/vishqocm/tmp/awstats/awstats042024.tejoversea.vishalwebtech.com.txt&path=/home/vishqocm/tmp/awstats" "Mozilla/5.0 (Windows NT 6.3; Win64; x64) AppleWebKit/537.36 (KHTML, like Gecko) Chrome/103.0.0.0 Safari/537.36"
146.103.126.185 - - [09/Jun/2026:23:15:35 -0400] "POST /wp-json/contact-form-7/v1/contact-forms/342/feedback HTTP/1.0" 200 205 "http://tejoversea.com/contact-us/" "Mozilla/5.0 (Windows NT 10.0; Win64; x64) AppleWebKit/537.36 (KHTML, like Gecko) Chrome/131.0.0.0 Safari/537.36"
23.21.250.48 - - [09/Jun/2026:23:15:02 -0400] "GET /wp-json/oembed/1.0/embed?format=xml&url=http://tejoversea.com/ HTTP/1.1" 200 1421 "-" "Mozilla/5.0 AppleWebKit/537.36 (KHTML, like Gecko; compatible; Amazonbot/0.1; +https://developer.amazon.com/support/amazonbot) Chrome/119.0.6045.214 Safari/537.36"
146.103.126.185 - - [09/Jun/2026:23:15:34 -0400] "GET /contact-us/ HTTP/1.0" 200 59469 "http://tejoversea.com/contact-us/" "Mozilla/5.0 (Windows NT 10.0; Win64; x64) AppleWebKit/537.36 (KHTML, like Gecko) Chrome/131.0.0.0 Safari/537.36"
43.130.131.18 - - [09/Jun/2026:23:52:00 -0400] "GET / HTTP/1.1" 200 19144 "-" "Mozilla/5.0 (iPhone; CPU iPhone OS 13_2_3 like Mac OS X) AppleWebKit/605.1.15 (KHTML, like Gecko) Version/13.0.3 Mobile/15E148 Safari/604.1"
152.136.23.159 - - [10/Jun/2026:00:30:18 -0400] "GET / HTTP/1.1" 200 19144 "http://www.tejoversea.com" "Mozilla/5.0 (iPhone; CPU iPhone OS 13_2_3 like Mac OS X) AppleWebKit/605.1.15 (KHTML, like Gecko) Version/13.0.3 Mobile/15E148 Safari/604.1"
162.213.253.84 - - [10/Jun/2026:00:30:15 -0400] "POST /wp-cron.php?doing_wp_cron=1781065815.6477019786834716796875 HTTP/1.1" 200 0 "http://tejoversea.com/wp-cron.php?doing_wp_cron=1781065815.6477019786834716796875" "WordPress/6.0.2; http://tejoversea.com"
152.136.23.159 - - [10/Jun/2026:00:30:14 -0400] "GET / HTTP/1.1" 301 0 "-" "Mozilla/5.0 (iPhone; CPU iPhone OS 13_2_3 like Mac OS X) AppleWebKit/605.1.15 (KHTML, like Gecko) Version/13.0.3 Mobile/15E148 Safari/604.1"
162.213.253.84 - - [10/Jun/2026:00:30:16 -0400] "POST /wp-admin/admin-ajax.php?action=async_litespeed&nonce=df93da8c01&litespeed_type=imgoptm HTTP/1.1" 200 0 "http://tejoversea.com/wp-admin/admin-ajax.php?action=async_litespeed&nonce=df93da8c01&litespeed_type=imgoptm" "WordPress/6.0.2; http://tejoversea.com"
185.241.208.20 - - [10/Jun/2026:00:43:16 -0400] "GET /wp-content/plugins/fix/up.php HTTP/1.1" 404 28732 "-" "Mozilla/5.0 (Windows NT 10.0; Win64; x64) AppleWebKit/537.36 (KHTML, like Gecko) Chrome/85.0.4183.102 Safari/537.36"
185.241.208.20 - - [10/Jun/2026:00:43:16 -0400] "GET /wp-content/themes/seotheme/db.php?u HTTP/1.1" 404 28736 "www.google.com" "Mozlila/5.0 (Linux; Android 7.0; SM-G892A Bulid/NRD90M; wv) AppleWebKit/537.36 (KHTML, like Gecko) Version/4.0 Chrome/60.0.3112.107 Moblie Safari/537.36"
162.213.253.84 - - [10/Jun/2026:00:43:22 -0400] "POST /wp-admin/admin-ajax.php?action=async_litespeed&nonce=df93da8c01&litespeed_type=imgoptm HTTP/1.1" 200 0 "http://tejoversea.com/wp-admin/admin-ajax.php?action=async_litespeed&nonce=df93da8c01&litespeed_type=imgoptm" "WordPress/6.0.2; http://tejoversea.com"
185.241.208.20 - - [10/Jun/2026:00:43:21 -0400] "POST /alfacgiapi/perl.alfa HTTP/1.1" 404 28651 "www.google.com" "Mozlila/5.0 (Linux; Android 7.0; SM-G892A Bulid/NRD90M; wv) AppleWebKit/537.36 (KHTML, like Gecko) Version/4.0 Chrome/60.0.3112.107 Moblie Safari/537.36"
185.241.208.20 - - [10/Jun/2026:00:43:24 -0400] "GET /wp-content/plugins/apikey/apikey.php.suspected?test=hello HTTP/1.1" 404 28749 "-" "Mozlila/5.0 (Linux; Android 7.0; SM-G892A Bulid/NRD90M; wv) AppleWebKit/537.36 (KHTML, like Gecko) Version/4.0 Chrome/60.0.3112.107 Moblie Safari/537.36"
185.241.208.20 - - [10/Jun/2026:00:43:26 -0400] "GET /plugins/content/apismtp/apismtp.php.suspected?test=hello HTTP/1.1" 404 28748 "-" "Mozlila/5.0 (Linux; Android 7.0; SM-G892A Bulid/NRD90M; wv) AppleWebKit/537.36 (KHTML, like Gecko) Version/4.0 Chrome/60.0.3112.107 Moblie Safari/537.36"
162.213.253.84 - - [10/Jun/2026:00:48:35 -0400] "POST /wp-cron.php?doing_wp_cron=1781066915.8934330940246582031250 HTTP/1.1" 200 0 "http://tejoversea.com/wp-cron.php?doing_wp_cron=1781066915.8934330940246582031250" "WordPress/6.0.2; http://tejoversea.com"
202.47.89.33 - - [10/Jun/2026:00:40:15 -0400] "GET /wp-json/wp/v2/posts HTTP/1.1" 200 2 "-" "Mozilla/5.0 (Windows NT 10.0; Win64; x64) AppleWebKit/537.36 (KHTML, like Gecko) Chrome/120.0.0.0 Safari/537.36"
185.241.208.20 - - [10/Jun/2026:00:43:16 -0400] "GET / HTTP/1.1" 200 83452 "-" "Mozlila/5.0 (Linux; Android 7.0; SM-G892A Bulid/NRD90M; wv) AppleWebKit/537.36 (KHTML, like Gecko) Version/4.0 Chrome/60.0.3112.107 Moblie Safari/537.36"
162.213.253.84 - - [10/Jun/2026:00:43:19 -0400] "POST /wp-cron.php?doing_wp_cron=1781066599.8475530147552490234375 HTTP/1.1" 200 0 "http://tejoversea.com/wp-cron.php?doing_wp_cron=1781066599.8475530147552490234375" "WordPress/6.0.2; http://tejoversea.com"
185.241.208.20 - - [10/Jun/2026:00:43:17 -0400] "GET /wp-content/plugins/apikey/apikey.php?test=hello HTTP/1.1" 404 28739 "-" "Mozlila/5.0 (Linux; Android 7.0; SM-G892A Bulid/NRD90M; wv) AppleWebKit/537.36 (KHTML, like Gecko) Version/4.0 Chrome/60.0.3112.107 Moblie Safari/537.36"
185.241.208.20 - - [10/Jun/2026:00:43:16 -0400] "POST /ALFA_DATA/alfacgiapi/perl.alfa HTTP/1.1" 404 28661 "www.google.com" "Mozlila/5.0 (Linux; Android 7.0; SM-G892A Bulid/NRD90M; wv) AppleWebKit/537.36 (KHTML, like Gecko) Version/4.0 Chrome/60.0.3112.107 Moblie Safari/537.36"
185.241.208.20 - - [10/Jun/2026:00:43:16 -0400] "GET /cbhfchzh.php?Fox=d3wL7 HTTP/1.1" 404 28715 "www.google.com" "Mozilla/5.0 (Linux; Android 7.0; SM-G892A Bulid/NRD90M; wv) AppleWebKit/537.36 (KHTML, like Gecko) Version/4.0 Chrome/60.0.3112.107 Moblie Safari/537.36"
185.241.208.20 - - [10/Jun/2026:00:43:21 -0400] "GET /plugins/content/apismtp/apismtp.php?test=hello HTTP/1.1" 404 28738 "-" "Mozlila/5.0 (Linux; Android 7.0; SM-G892A Bulid/NRD90M; wv) AppleWebKit/537.36 (KHTML, like Gecko) Version/4.0 Chrome/60.0.3112.107 Moblie Safari/537.36"
62.113.113.162 - - [10/Jun/2026:00:48:34 -0400] "GET /contact-us/ HTTP/1.0" 200 59469 "http://tejoversea.com/contact-us/" "Mozilla/5.0 (Windows NT 10.0; Win64; x64) AppleWebKit/537.36 (KHTML, like Gecko) Chrome/130.0.0.0 Safari/537.36 CCleaner/130.0.0.0"
62.113.113.162 - - [10/Jun/2026:00:48:35 -0400] "POST /wp-json/contact-form-7/v1/contact-forms/342/feedback HTTP/1.0" 200 205 "http://tejoversea.com/contact-us/" "Mozilla/5.0 (Windows NT 10.0; Win64; x64) AppleWebKit/537.36 (KHTML, like Gecko) Chrome/130.0.0.0 Safari/537.36 CCleaner/130.0.0.0"
162.213.253.84 - - [10/Jun/2026:00:48:36 -0400] "POST /wp-admin/admin-ajax.php?action=async_litespeed&nonce=df93da8c01&litespeed_type=imgoptm HTTP/1.1" 200 0 "http://tejoversea.com/wp-admin/admin-ajax.php?action=async_litespeed&nonce=df93da8c01&litespeed_type=imgoptm" "WordPress/6.0.2; http://tejoversea.com"
162.213.253.84 - - [10/Jun/2026:00:53:31 -0400] "POST /wp-cron.php?doing_wp_cron=1781067211.4622941017150878906250 HTTP/1.1" 200 0 "http://tejoversea.com/wp-cron.php?doing_wp_cron=1781067211.4622941017150878906250" "WordPress/6.0.2; http://tejoversea.com"
170.106.180.246 - - [10/Jun/2026:00:53:30 -0400] "GET / HTTP/1.1" 301 0 "-" "Mozilla/5.0 (iPhone; CPU iPhone OS 13_2_3 like Mac OS X) AppleWebKit/605.1.15 (KHTML, like Gecko) Version/13.0.3 Mobile/15E148 Safari/604.1"
162.213.253.84 - - [10/Jun/2026:00:53:31 -0400] "POST /wp-admin/admin-ajax.php?action=async_litespeed&nonce=df93da8c01&litespeed_type=imgoptm HTTP/1.1" 200 0 "http://tejoversea.com/wp-admin/admin-ajax.php?action=async_litespeed&nonce=df93da8c01&litespeed_type=imgoptm" "WordPress/6.0.2; http://tejoversea.com"
170.106.180.246 - - [10/Jun/2026:00:53:33 -0400] "GET / HTTP/1.1" 200 19144 "http://www.tejoversea.com" "Mozilla/5.0 (iPhone; CPU iPhone OS 13_2_3 like Mac OS X) AppleWebKit/605.1.15 (KHTML, like Gecko) Version/13.0.3 Mobile/15E148 Safari/604.1"
162.213.253.84 - - [10/Jun/2026:01:40:33 -0400] "POST /wp-cron.php?doing_wp_cron=1781070033.6922440528869628906250 HTTP/1.1" 200 0 "http://tejoversea.com/wp-cron.php?doing_wp_cron=1781070033.6922440528869628906250" "WordPress/6.0.2; http://tejoversea.com"
64.49.36.78 - - [10/Jun/2026:01:40:33 -0400] "GET //wp-admin/images/class.api.php HTTP/1.1" 301 0 "https://www.pscaluminium.com/assets/revolution/js/extensions/mini.php?filesrc=/home/vishqocm/tmp/awstats/awstats042024.tejoversea.vishalwebtech.com.txt&path=/home/vishqocm/tmp/awstats" "Mozilla/5.0 (Windows NT 6.3; Win64; x64) AppleWebKit/537.36 (KHTML, like Gecko) Chrome/103.0.0.0 Safari/537.36"
162.213.253.84 - - [10/Jun/2026:01:40:34 -0400] "POST /wp-admin/admin-ajax.php?action=async_litespeed&nonce=df93da8c01&litespeed_type=imgoptm HTTP/1.1" 200 0 "http://tejoversea.com/wp-admin/admin-ajax.php?action=async_litespeed&nonce=df93da8c01&litespeed_type=imgoptm" "WordPress/6.0.2; http://tejoversea.com"
64.49.36.78 - - [10/Jun/2026:01:40:35 -0400] "GET /wp-admin/images/class.api.php HTTP/1.1" 404 6976 "http://tejoversea.com//wp-admin/images/class.api.php" "Mozilla/5.0 (Windows NT 6.3; Win64; x64) AppleWebKit/537.36 (KHTML, like Gecko) Chrome/103.0.0.0 Safari/537.36"
64.49.36.78 - - [10/Jun/2026:01:40:37 -0400] "GET /wp-admin/images/class.api.php?action=register HTTP/1.1" 404 6978 "https://www.pscaluminium.com/assets/revolution/js/extensions/mini.php?filesrc=/home/vishqocm/tmp/awstats/awstats042024.tejoversea.vishalwebtech.com.txt&path=/home/vishqocm/tmp/awstats" "Mozilla/5.0 (Windows NT 6.3; Win64; x64) AppleWebKit/537.36 (KHTML, like Gecko) Chrome/103.0.0.0 Safari/537.36"
144.124.230.163 - - [10/Jun/2026:01:40:38 -0400] "POST /wp-json/contact-form-7/v1/contact-forms/342/feedback HTTP/1.0" 200 205 "http://tejoversea.com/contact-us/" "Mozilla/5.0 (Windows NT 10.0; Win64; x64) AppleWebKit/537.36 (KHTML, like Gecko) Chrome/131.0.0.0 Safari/537.36"
144.124.230.163 - - [10/Jun/2026:01:40:38 -0400] "GET /contact-us/ HTTP/1.0" 200 59469 "http://tejoversea.com/contact-us/" "Mozilla/5.0 (Windows NT 10.0; Win64; x64) AppleWebKit/537.36 (KHTML, like Gecko) Chrome/131.0.0.0 Safari/537.36"
162.213.253.84 - - [10/Jun/2026:01:59:51 -0400] "POST /wp-admin/admin-ajax.php?action=async_litespeed&nonce=df93da8c01&litespeed_type=imgoptm HTTP/1.1" 200 0 "http://tejoversea.com/wp-admin/admin-ajax.php?action=async_litespeed&nonce=df93da8c01&litespeed_type=imgoptm" "WordPress/6.0.2; http://tejoversea.com"
196.51.184.171 - - [10/Jun/2026:01:59:49 -0400] "GET /contact-us/ HTTP/1.1" 200 12938 "-" "Mozilla/5.0 (X11; Linux x86_64; rv:109.0) Gecko/20100101 Firefox/119.0"
196.51.184.171 - - [10/Jun/2026:01:59:50 -0400] "GET /wp-content/plugins/contact-form-7/includes/js/index.js?ver=5.6.3 HTTP/1.1" 200 3689 "http://tejoversea.com/contact-us/" "Mozilla/5.0 (X11; Linux x86_64; rv:109.0) Gecko/20100101 Firefox/119.0"
162.213.253.84 - - [10/Jun/2026:01:59:51 -0400] "POST /wp-cron.php?doing_wp_cron=1781071191.2775309085845947265625 HTTP/1.1" 200 0 "http://tejoversea.com/wp-cron.php?doing_wp_cron=1781071191.2775309085845947265625" "WordPress/6.0.2; http://tejoversea.com"
196.51.184.171 - - [10/Jun/2026:01:59:50 -0400] "POST /wp-json/contact-form-7/v1/contact-forms/342/feedback HTTP/1.1" 200 205 "http://tejoversea.com/contact-us/" "Mozilla/5.0 (X11; Linux x86_64; rv:109.0) Gecko/20100101 Firefox/119.0"
47.31.212.185 - - [10/Jun/2026:03:05:39 -0400] "GET /wp-admin/post.php?post=3122&action=edit HTTP/1.1" 302 0 "-" "Mozilla/5.0 (Linux; Android 10; K) AppleWebKit/537.36 (KHTML, like Gecko) Chrome/148.0.0.0 Mobile Safari/537.36"
162.213.253.84 - - [10/Jun/2026:03:05:41 -0400] "POST /wp-admin/admin-ajax.php?action=async_litespeed&nonce=5e3cf89022&litespeed_type=imgoptm HTTP/1.1" 200 0 "http://tejoversea.com/wp-admin/admin-ajax.php?action=async_litespeed&nonce=5e3cf89022&litespeed_type=imgoptm" "WordPress/6.0.2; http://tejoversea.com"
47.31.212.185 - - [10/Jun/2026:03:05:42 -0400] "GET /wp-login.php?redirect_to=http%3A%2F%2Ftejoversea.com%2Fwp-admin%2Fpost.php%3Fpost%3D3122%26action%3Dedit&reauth=1 HTTP/1.1" 200 2281 "-" "Mozilla/5.0 (Linux; Android 10; K) AppleWebKit/537.36 (KHTML, like Gecko) Chrome/148.0.0.0 Mobile Safari/537.36"
47.31.212.185 - - [10/Jun/2026:03:05:44 -0400] "GET /wp-includes/css/buttons.min.css?ver=6.0.2 HTTP/1.1" 200 1618 "http://tejoversea.com/wp-login.php?redirect_to=http%3A%2F%2Ftejoversea.com%2Fwp-admin%2Fpost.php%3Fpost%3D3122%26action%3Dedit&reauth=1" "Mozilla/5.0 (Linux; Android 10; K) AppleWebKit/537.36 (KHTML, like Gecko) Chrome/148.0.0.0 Mobile Safari/537.36"
47.31.212.185 - - [10/Jun/2026:03:05:45 -0400] "GET /wp-admin/css/l10n.min.css?ver=6.0.2 HTTP/1.1" 200 735 "http://tejoversea.com/wp-login.php?redirect_to=http%3A%2F%2Ftejoversea.com%2Fwp-admin%2Fpost.php%3Fpost%3D3122%26action%3Dedit&reauth=1" "Mozilla/5.0 (Linux; Android 10; K) AppleWebKit/537.36 (KHTML, like Gecko) Chrome/148.0.0.0 Mobile Safari/537.36"
47.31.212.185 - - [10/Jun/2026:03:05:45 -0400] "GET /wp-admin/css/login.min.css?ver=6.0.2 HTTP/1.1" 200 2363 "http://tejoversea.com/wp-login.php?redirect_to=http%3A%2F%2Ftejoversea.com%2Fwp-admin%2Fpost.php%3Fpost%3D3122%26action%3Dedit&reauth=1" "Mozilla/5.0 (Linux; Android 10; K) AppleWebKit/537.36 (KHTML, like Gecko) Chrome/148.0.0.0 Mobile Safari/537.36"
47.31.212.185 - - [10/Jun/2026:03:05:45 -0400] "GET /wp-includes/js/dist/vendor/regenerator-runtime.min.js?ver=0.13.9 HTTP/1.1" 200 2585 "http://tejoversea.com/wp-login.php?redirect_to=http%3A%2F%2Ftejoversea.com%2Fwp-admin%2Fpost.php%3Fpost%3D3122%26action%3Dedit&reauth=1" "Mozilla/5.0 (Linux; Android 10; K) AppleWebKit/537.36 (KHTML, like Gecko) Chrome/148.0.0.0 Mobile Safari/537.36"
47.31.212.185 - - [10/Jun/2026:03:05:45 -0400] "GET /wp-includes/js/dist/vendor/wp-polyfill.min.js?ver=3.15.0 HTTP/1.1" 200 7769 "http://tejoversea.com/wp-login.php?redirect_to=http%3A%2F%2Ftejoversea.com%2Fwp-admin%2Fpost.php%3Fpost%3D3122%26action%3Dedit&reauth=1" "Mozilla/5.0 (Linux; Android 10; K) AppleWebKit/537.36 (KHTML, like Gecko) Chrome/148.0.0.0 Mobile Safari/537.36"
47.31.212.185 - - [10/Jun/2026:03:05:45 -0400] "GET /wp-includes/js/dist/i18n.min.js?ver=ebee46757c6a411e38fd079a7ac71d94 HTTP/1.1" 200 4064 "http://tejoversea.com/wp-login.php?redirect_to=http%3A%2F%2Ftejoversea.com%2Fwp-admin%2Fpost.php%3Fpost%3D3122%26action%3Dedit&reauth=1" "Mozilla/5.0 (Linux; Android 10; K) AppleWebKit/537.36 (KHTML, like Gecko) Chrome/148.0.0.0 Mobile Safari/537.36"
47.31.212.185 - - [10/Jun/2026:03:05:45 -0400] "GET /wp-includes/js/underscore.min.js?ver=1.13.3 HTTP/1.1" 200 7878 "http://tejoversea.com/wp-login.php?redirect_to=http%3A%2F%2Ftejoversea.com%2Fwp-admin%2Fpost.php%3Fpost%3D3122%26action%3Dedit&reauth=1" "Mozilla/5.0 (Linux; Android 10; K) AppleWebKit/537.36 (KHTML, like Gecko) Chrome/148.0.0.0 Mobile Safari/537.36"
47.31.212.185 - - [10/Jun/2026:03:05:45 -0400] "GET /wp-includes/js/wp-util.min.js?ver=6.0.2 HTTP/1.1" 200 718 "http://tejoversea.com/wp-login.php?redirect_to=http%3A%2F%2Ftejoversea.com%2Fwp-admin%2Fpost.php%3Fpost%3D3122%26action%3Dedit&reauth=1" "Mozilla/5.0 (Linux; Android 10; K) AppleWebKit/537.36 (KHTML, like Gecko) Chrome/148.0.0.0 Mobile Safari/537.36"
47.31.212.185 - - [10/Jun/2026:03:05:45 -0400] "GET /wp-admin/js/user-profile.min.js?ver=6.0.2 HTTP/1.1" 200 2445 "http://tejoversea.com/wp-login.php?redirect_to=http%3A%2F%2Ftejoversea.com%2Fwp-admin%2Fpost.php%3Fpost%3D3122%26action%3Dedit&reauth=1" "Mozilla/5.0 (Linux; Android 10; K) AppleWebKit/537.36 (KHTML, like Gecko) Chrome/148.0.0.0 Mobile Safari/537.36"
47.31.212.185 - - [10/Jun/2026:03:05:45 -0400] "GET /wp-admin/images/wordpress-logo.svg?ver=20131107 HTTP/1.1" 200 818 "http://tejoversea.com/wp-admin/css/login.min.css?ver=6.0.2" "Mozilla/5.0 (Linux; Android 10; K) AppleWebKit/537.36 (KHTML, like Gecko) Chrome/148.0.0.0 Mobile Safari/537.36"
47.31.212.185 - - [10/Jun/2026:03:05:46 -0400] "GET /favicon.ico HTTP/1.1" 404 1251 "http://tejoversea.com/wp-login.php?redirect_to=http%3A%2F%2Ftejoversea.com%2Fwp-admin%2Fpost.php%3Fpost%3D3122%26action%3Dedit&reauth=1" "Mozilla/5.0 (Linux; Android 10; K) AppleWebKit/537.36 (KHTML, like Gecko) Chrome/148.0.0.0 Mobile Safari/537.36"
47.31.212.185 - - [10/Jun/2026:03:05:48 -0400] "POST /wp-login.php HTTP/1.1" 302 0 "http://tejoversea.com/wp-login.php?redirect_to=http%3A%2F%2Ftejoversea.com%2Fwp-admin%2Fpost.php%3Fpost%3D3122%26action%3Dedit&reauth=1" "Mozilla/5.0 (Linux; Android 10; K) AppleWebKit/537.36 (KHTML, like Gecko) Chrome/148.0.0.0 Mobile Safari/537.36"
47.31.212.185 - - [10/Jun/2026:03:05:49 -0400] "GET /wp-login.php?redirect_to=http%3A%2F%2Ftejoversea.com%2Fwp-admin%2Fpost.php%3Fpost%3D3122%26action%3Dedit&action=confirm_admin_email&wp_lang=en_US HTTP/1.1" 200 1740 "http://tejoversea.com/wp-login.php?redirect_to=http%3A%2F%2Ftejoversea.com%2Fwp-admin%2Fpost.php%3Fpost%3D3122%26action%3Dedit&reauth=1" "Mozilla/5.0 (Linux; Android 10; K) AppleWebKit/537.36 (KHTML, like Gecko) Chrome/148.0.0.0 Mobile Safari/537.36"
47.31.212.185 - - [10/Jun/2026:03:05:51 -0400] "GET /wp-login.php?redirect_to=http%3A%2F%2Ftejoversea.com%2Fwp-admin%2Fpost.php%3Fpost%3D3122%26action%3Dedit&action=confirm_admin_email&remind_me_later=bba5180d82 HTTP/1.1" 302 0 "http://tejoversea.com/wp-login.php?redirect_to=http%3A%2F%2Ftejoversea.com%2Fwp-admin%2Fpost.php%3Fpost%3D3122%26action%3Dedit&action=confirm_admin_email&wp_lang=en_US" "Mozilla/5.0 (Linux; Android 10; K) AppleWebKit/537.36 (KHTML, like Gecko) Chrome/148.0.0.0 Mobile Safari/537.36"
47.31.212.185 - - [10/Jun/2026:03:05:57 -0400] "GET /wp-admin/css/colors/sunrise/colors.min.css?ver=6.0.2 HTTP/1.1" 200 3865 "http://tejoversea.com/wp-admin/post.php?post=3122&action=edit&admin_email_remind_later=1" "Mozilla/5.0 (Linux; Android 10; K) AppleWebKit/537.36 (KHTML, like Gecko) Chrome/148.0.0.0 Mobile Safari/537.36"
47.31.212.185 - - [10/Jun/2026:03:05:57 -0400] "GET /wp-admin/load-styles.php?c=1&dir=ltr&load%5Bchunk_0%5D=dashicons,admin-bar,common,forms,admin-menu,dashboard,list-tables,edit,revisions,media,themes,about,nav-menus,wp-pointer,widgets&load%5Bchunk_1%5D=,site-icon,l10n,buttons,wp-auth-check&ver=6.0.2 HTTP/1.1" 200 117777 "http://tejoversea.com/wp-admin/post.php?post=3122&action=edit&admin_email_remind_later=1" "Mozilla/5.0 (Linux; Android 10; K) AppleWebKit/537.36 (KHTML, like Gecko) Chrome/148.0.0.0 Mobile Safari/537.36"
47.31.212.185 - - [10/Jun/2026:03:05:57 -0400] "GET /wp-content/plugins/elementor-pro/assets/css/admin.min.css?ver=3.7.7 HTTP/1.1" 200 3556 "http://tejoversea.com/wp-admin/post.php?post=3122&action=edit&admin_email_remind_later=1" "Mozilla/5.0 (Linux; Android 10; K) AppleWebKit/537.36 (KHTML, like Gecko) Chrome/148.0.0.0 Mobile Safari/537.36"
47.31.212.185 - - [10/Jun/2026:03:05:58 -0400] "GET /wp-includes/js/thickbox/thickbox.css?ver=6.0.2 HTTP/1.1" 200 1016 "http://tejoversea.com/wp-admin/post.php?post=3122&action=edit&admin_email_remind_later=1" "Mozilla/5.0 (Linux; Android 10; K) AppleWebKit/537.36 (KHTML, like Gecko) Chrome/148.0.0.0 Mobile Safari/537.36"
162.213.253.84 - - [10/Jun/2026:03:05:40 -0400] "POST /wp-cron.php?doing_wp_cron=1781075140.7936050891876220703125 HTTP/1.1" 200 0 "http://tejoversea.com/wp-cron.php?doing_wp_cron=1781075140.7936050891876220703125" "WordPress/6.0.2; http://tejoversea.com"
47.31.212.185 - - [10/Jun/2026:03:05:44 -0400] "GET /wp-includes/js/jquery/jquery.min.js?ver=3.6.0 HTTP/1.1" 200 34819 "http://tejoversea.com/wp-login.php?redirect_to=http%3A%2F%2Ftejoversea.com%2Fwp-admin%2Fpost.php%3Fpost%3D3122%26action%3Dedit&reauth=1" "Mozilla/5.0 (Linux; Android 10; K) AppleWebKit/537.36 (KHTML, like Gecko) Chrome/148.0.0.0 Mobile Safari/537.36"
47.31.212.185 - - [10/Jun/2026:03:05:44 -0400] "GET /wp-includes/js/jquery/jquery-migrate.min.js?ver=3.3.2 HTTP/1.1" 200 4461 "http://tejoversea.com/wp-login.php?redirect_to=http%3A%2F%2Ftejoversea.com%2Fwp-admin%2Fpost.php%3Fpost%3D3122%26action%3Dedit&reauth=1" "Mozilla/5.0 (Linux; Android 10; K) AppleWebKit/537.36 (KHTML, like Gecko) Chrome/148.0.0.0 Mobile Safari/537.36"
47.31.212.185 - - [10/Jun/2026:03:05:44 -0400] "GET /wp-includes/css/dashicons.min.css?ver=6.0.2 HTTP/1.1" 200 36064 "http://tejoversea.com/wp-login.php?redirect_to=http%3A%2F%2Ftejoversea.com%2Fwp-admin%2Fpost.php%3Fpost%3D3122%26action%3Dedit&reauth=1" "Mozilla/5.0 (Linux; Android 10; K) AppleWebKit/537.36 (KHTML, like Gecko) Chrome/148.0.0.0 Mobile Safari/537.36"
47.31.212.185 - - [10/Jun/2026:03:05:45 -0400] "GET /wp-admin/css/forms.min.css?ver=6.0.2 HTTP/1.1" 200 7334 "http://tejoversea.com/wp-login.php?redirect_to=http%3A%2F%2Ftejoversea.com%2Fwp-admin%2Fpost.php%3Fpost%3D3122%26action%3Dedit&reauth=1" "Mozilla/5.0 (Linux; Android 10; K) AppleWebKit/537.36 (KHTML, like Gecko) Chrome/148.0.0.0 Mobile Safari/537.36"
47.31.212.185 - - [10/Jun/2026:03:05:45 -0400] "GET /wp-includes/js/zxcvbn-async.min.js?ver=1.0 HTTP/1.1" 200 257 "http://tejoversea.com/wp-login.php?redirect_to=http%3A%2F%2Ftejoversea.com%2Fwp-admin%2Fpost.php%3Fpost%3D3122%26action%3Dedit&reauth=1" "Mozilla/5.0 (Linux; Android 10; K) AppleWebKit/537.36 (KHTML, like Gecko) Chrome/148.0.0.0 Mobile Safari/537.36"
47.31.212.185 - - [10/Jun/2026:03:05:45 -0400] "GET /wp-includes/js/dist/hooks.min.js?ver=c6d64f2cb8f5c6bb49caca37f8828ce3 HTTP/1.1" 200 1747 "http://tejoversea.com/wp-login.php?redirect_to=http%3A%2F%2Ftejoversea.com%2Fwp-admin%2Fpost.php%3Fpost%3D3122%26action%3Dedit&reauth=1" "Mozilla/5.0 (Linux; Android 10; K) AppleWebKit/537.36 (KHTML, like Gecko) Chrome/148.0.0.0 Mobile Safari/537.36"
47.31.212.185 - - [10/Jun/2026:03:05:45 -0400] "GET /wp-admin/js/password-strength-meter.min.js?ver=6.0.2 HTTP/1.1" 200 629 "http://tejoversea.com/wp-login.php?redirect_to=http%3A%2F%2Ftejoversea.com%2Fwp-admin%2Fpost.php%3Fpost%3D3122%26action%3Dedit&reauth=1" "Mozilla/5.0 (Linux; Android 10; K) AppleWebKit/537.36 (KHTML, like Gecko) Chrome/148.0.0.0 Mobile Safari/537.36"
47.31.212.185 - - [10/Jun/2026:03:05:46 -0400] "GET /wp-includes/js/zxcvbn.min.js HTTP/1.1" 200 417329 "http://tejoversea.com/wp-login.php?redirect_to=http%3A%2F%2Ftejoversea.com%2Fwp-admin%2Fpost.php%3Fpost%3D3122%26action%3Dedit&reauth=1" "Mozilla/5.0 (Linux; Android 10; K) AppleWebKit/537.36 (KHTML, like Gecko) Chrome/148.0.0.0 Mobile Safari/537.36"
47.31.212.185 - - [10/Jun/2026:03:05:53 -0400] "GET /wp-admin/post.php?post=3122&action=edit&admin_email_remind_later=1 HTTP/1.1" 200 87258 "http://tejoversea.com/wp-login.php?redirect_to=http%3A%2F%2Ftejoversea.com%2Fwp-admin%2Fpost.php%3Fpost%3D3122%26action%3Dedit&action=confirm_admin_email&wp_lang=en_US" "Mozilla/5.0 (Linux; Android 10; K) AppleWebKit/537.36 (KHTML, like Gecko) Chrome/148.0.0.0 Mobile Safari/537.36"
47.31.212.185 - - [10/Jun/2026:03:05:57 -0400] "GET /wp-content/plugins/connect-contact-form-7-to-social-apps/assets/css/cf7cw-admin-style.css?ver=1.5 HTTP/1.1" 200 774 "http://tejoversea.com/wp-admin/post.php?post=3122&action=edit&admin_email_remind_later=1" "Mozilla/5.0 (Linux; Android 10; K) AppleWebKit/537.36 (KHTML, like Gecko) Chrome/148.0.0.0 Mobile Safari/537.36"
47.31.212.185 - - [10/Jun/2026:03:05:58 -0400] "GET /wp-content/plugins/wordpress-seo/css/dist/admin-global-1980.css HTTP/1.1" 200 6999 "http://tejoversea.com/wp-admin/post.php?post=3122&action=edit&admin_email_remind_later=1" "Mozilla/5.0 (Linux; Android 10; K) AppleWebKit/537.36 (KHTML, like Gecko) Chrome/148.0.0.0 Mobile Safari/537.36"
47.31.212.185 - - [10/Jun/2026:03:05:58 -0400] "GET /wp-content/plugins/wordpress-seo/css/dist/wpseo-dismissible-1980.css HTTP/1.1" 200 367 "http://tejoversea.com/wp-admin/post.php?post=3122&action=edit&admin_email_remind_later=1" "Mozilla/5.0 (Linux; Android 10; K) AppleWebKit/537.36 (KHTML, like Gecko) Chrome/148.0.0.0 Mobile Safari/537.36"
47.31.212.185 - - [10/Jun/2026:03:05:58 -0400] "GET /wp-content/plugins/litespeed-cache/assets/css/litespeed.css?ver=6.0.0.1 HTTP/1.1" 200 16388 "http://tejoversea.com/wp-admin/post.php?post=3122&action=edit&admin_email_remind_later=1" "Mozilla/5.0 (Linux; Android 10; K) AppleWebKit/537.36 (KHTML, like Gecko) Chrome/148.0.0.0 Mobile Safari/537.36"
47.31.212.185 - - [10/Jun/2026:03:05:58 -0400] "GET /wp-content/plugins/elementor/assets/css/admin-top-bar.min.css?ver=3.7.7 HTTP/1.1" 200 1154 "http://tejoversea.com/wp-admin/post.php?post=3122&action=edit&admin_email_remind_later=1" "Mozilla/5.0 (Linux; Android 10; K) AppleWebKit/537.36 (KHTML, like Gecko) Chrome/148.0.0.0 Mobile Safari/537.36"
47.31.212.185 - - [10/Jun/2026:03:05:59 -0400] "GET /wp-content/plugins/elementor/assets/css/common.min.css?ver=3.7.7 HTTP/1.1" 200 3247 "http://tejoversea.com/wp-admin/post.php?post=3122&action=edit&admin_email_remind_later=1" "Mozilla/5.0 (Linux; Android 10; K) AppleWebKit/537.36 (KHTML, like Gecko) Chrome/148.0.0.0 Mobile Safari/537.36"
47.31.212.185 - - [10/Jun/2026:03:05:59 -0400] "GET /wp-content/plugins/wordpress-seo/css/dist/adminbar-1980.css HTTP/1.1" 200 1428 "http://tejoversea.com/wp-admin/post.php?post=3122&action=edit&admin_email_remind_later=1" "Mozilla/5.0 (Linux; Android 10; K) AppleWebKit/537.36 (KHTML, like Gecko) Chrome/148.0.0.0 Mobile Safari/537.36"
47.31.212.185 - - [10/Jun/2026:03:05:59 -0400] "GET /wp-includes/css/editor.min.css?ver=6.0.2 HTTP/1.1" 200 7180 "http://tejoversea.com/wp-admin/post.php?post=3122&action=edit&admin_email_remind_later=1" "Mozilla/5.0 (Linux; Android 10; K) AppleWebKit/537.36 (KHTML, like Gecko) Chrome/148.0.0.0 Mobile Safari/537.36"
47.31.212.185 - - [10/Jun/2026:03:05:59 -0400] "GET /wp-content/plugins/connect-contact-form-7-to-social-apps/assets/js/cf7cw-admin-scripts.js?ver=1.5 HTTP/1.1" 200 194 "http://tejoversea.com/wp-admin/post.php?post=3122&action=edit&admin_email_remind_later=1" "Mozilla/5.0 (Linux; Android 10; K) AppleWebKit/537.36 (KHTML, like Gecko) Chrome/148.0.0.0 Mobile Safari/537.36"
47.31.212.185 - - [10/Jun/2026:03:05:59 -0400] "GET /wp-content/plugins/salt-shaker/_inc/gui/js/salt_shaker_admin.js?ver=6.0.2 HTTP/1.1" 200 493 "http://tejoversea.com/wp-admin/post.php?post=3122&action=edit&admin_email_remind_later=1" "Mozilla/5.0 (Linux; Android 10; K) AppleWebKit/537.36 (KHTML, like Gecko) Chrome/148.0.0.0 Mobile Safari/537.36"
47.31.212.185 - - [10/Jun/2026:03:05:59 -0400] "GET /wp-content/plugins/sliced-invoices/admin/js/admin.js?ver=3.9.1 HTTP/1.1" 200 6696 "http://tejoversea.com/wp-admin/post.php?post=3122&action=edit&admin_email_remind_later=1" "Mozilla/5.0 (Linux; Android 10; K) AppleWebKit/537.36 (KHTML, like Gecko) Chrome/148.0.0.0 Mobile Safari/537.36"
47.31.212.185 - - [10/Jun/2026:03:05:59 -0400] "GET /wp-content/plugins/sliced-invoices/admin/js/decimal.min.js?ver=3.9.1 HTTP/1.1" 200 13828 "http://tejoversea.com/wp-admin/post.php?post=3122&action=edit&admin_email_remind_later=1" "Mozilla/5.0 (Linux; Android 10; K) AppleWebKit/537.36 (KHTML, like Gecko) Chrome/148.0.0.0 Mobile Safari/537.36"
47.31.212.185 - - [10/Jun/2026:03:05:58 -0400] "GET /wp-content/plugins/sliced-invoices/admin/css/admin.css?ver=3.9.1 HTTP/1.1" 200 7113 "http://tejoversea.com/wp-admin/post.php?post=3122&action=edit&admin_email_remind_later=1" "Mozilla/5.0 (Linux; Android 10; K) AppleWebKit/537.36 (KHTML, like Gecko) Chrome/148.0.0.0 Mobile Safari/537.36"
47.31.212.185 - - [10/Jun/2026:03:05:58 -0400] "GET /wp-content/plugins/wordpress-seo/css/dist/metabox-primary-category-1980.css HTTP/1.1" 200 283 "http://tejoversea.com/wp-admin/post.php?post=3122&action=edit&admin_email_remind_later=1" "Mozilla/5.0 (Linux; Android 10; K) AppleWebKit/537.36 (KHTML, like Gecko) Chrome/148.0.0.0 Mobile Safari/537.36"
47.31.212.185 - - [10/Jun/2026:03:05:58 -0400] "GET /wp-content/plugins/sliced-invoices/admin/css/selectWoo.min.css?ver=3.9.1 HTTP/1.1" 200 2475 "http://tejoversea.com/wp-admin/post.php?post=3122&action=edit&admin_email_remind_later=1" "Mozilla/5.0 (Linux; Android 10; K) AppleWebKit/537.36 (KHTML, like Gecko) Chrome/148.0.0.0 Mobile Safari/537.36"
47.31.212.185 - - [10/Jun/2026:03:05:58 -0400] "GET /wp-content/plugins/elementor/assets/lib/eicons/css/elementor-icons.min.css?ver=5.16.0 HTTP/1.1" 200 4225 "http://tejoversea.com/wp-admin/post.php?post=3122&action=edit&admin_email_remind_later=1" "Mozilla/5.0 (Linux; Android 10; K) AppleWebKit/537.36 (KHTML, like Gecko) Chrome/148.0.0.0 Mobile Safari/537.36"
47.31.212.185 - - [10/Jun/2026:03:05:59 -0400] "GET /wp-content/plugins/elementor/assets/css/admin.min.css?ver=3.7.7 HTTP/1.1" 200 8799 "http://tejoversea.com/wp-admin/post.php?post=3122&action=edit&admin_email_remind_later=1" "Mozilla/5.0 (Linux; Android 10; K) AppleWebKit/537.36 (KHTML, like Gecko) Chrome/148.0.0.0 Mobile Safari/537.36"
47.31.212.185 - - [10/Jun/2026:03:05:59 -0400] "GET /wp-content/plugins/sliced-invoices/includes/vendor/cmb2/css/cmb2.min.css?ver=6.0.2 HTTP/1.1" 200 6656 "http://tejoversea.com/wp-admin/post.php?post=3122&action=edit&admin_email_remind_later=1" "Mozilla/5.0 (Linux; Android 10; K) AppleWebKit/537.36 (KHTML, like Gecko) Chrome/148.0.0.0 Mobile Safari/537.36"
47.31.212.185 - - [10/Jun/2026:03:05:59 -0400] "GET /wp-includes/js/utils.min.js?ver=6.0.2 HTTP/1.1" 200 855 "http://tejoversea.com/wp-admin/post.php?post=3122&action=edit&admin_email_remind_later=1" "Mozilla/5.0 (Linux; Android 10; K) AppleWebKit/537.36 (KHTML, like Gecko) Chrome/148.0.0.0 Mobile Safari/537.36"
47.31.212.185 - - [10/Jun/2026:03:05:59 -0400] "GET /wp-content/plugins/order-tracking/js/ewd-otp-dashboard-review-ask.js?ver=6.0.2 HTTP/1.1" 200 614 "http://tejoversea.com/wp-admin/post.php?post=3122&action=edit&admin_email_remind_later=1" "Mozilla/5.0 (Linux; Android 10; K) AppleWebKit/537.36 (KHTML, like Gecko) Chrome/148.0.0.0 Mobile Safari/537.36"
47.31.212.185 - - [10/Jun/2026:03:06:00 -0400] "GET /wp-content/plugins/order-tracking/css/Admin.css?ver=2.11.9 HTTP/1.1" 200 16462 "http://tejoversea.com/wp-admin/post.php?post=3122&action=edit&admin_email_remind_later=1" "Mozilla/5.0 (Linux; Android 10; K) AppleWebKit/537.36 (KHTML, like Gecko) Chrome/148.0.0.0 Mobile Safari/537.36"
47.31.212.185 - - [10/Jun/2026:03:06:00 -0400] "GET /wp-content/plugins/order-tracking/css/spectrum.css?ver=2.11.9 HTTP/1.1" 200 4567 "http://tejoversea.com/wp-admin/post.php?post=3122&action=edit&admin_email_remind_later=1" "Mozilla/5.0 (Linux; Android 10; K) AppleWebKit/537.36 (KHTML, like Gecko) Chrome/148.0.0.0 Mobile Safari/537.36"
47.31.212.185 - - [10/Jun/2026:03:06:00 -0400] "GET /wp-content/plugins/order-tracking/css/ewd-otp-welcome-screen.css?ver=2.11.9 HTTP/1.1" 200 1275 "http://tejoversea.com/wp-admin/post.php?post=3122&action=edit&admin_email_remind_later=1" "Mozilla/5.0 (Linux; Android 10; K) AppleWebKit/537.36 (KHTML, like Gecko) Chrome/148.0.0.0 Mobile Safari/537.36"
47.31.212.185 - - [10/Jun/2026:03:06:00 -0400] "GET /wp-includes/js/mediaelement/mediaelementplayer-legacy.min.css?ver=4.2.16 HTTP/1.1" 200 2967 "http://tejoversea.com/wp-admin/post.php?post=3122&action=edit&admin_email_remind_later=1" "Mozilla/5.0 (Linux; Android 10; K) AppleWebKit/537.36 (KHTML, like Gecko) Chrome/148.0.0.0 Mobile Safari/537.36"
47.31.212.185 - - [10/Jun/2026:03:06:00 -0400] "GET /wp-includes/js/mediaelement/wp-mediaelement.min.css?ver=6.0.2 HTTP/1.1" 200 1288 "http://tejoversea.com/wp-admin/post.php?post=3122&action=edit&admin_email_remind_later=1" "Mozilla/5.0 (Linux; Android 10; K) AppleWebKit/537.36 (KHTML, like Gecko) Chrome/148.0.0.0 Mobile Safari/537.36"
47.31.212.185 - - [10/Jun/2026:03:06:00 -0400] "GET /wp-includes/css/media-views.min.css?ver=6.0.2 HTTP/1.1" 200 10997 "http://tejoversea.com/wp-admin/post.php?post=3122&action=edit&admin_email_remind_later=1" "Mozilla/5.0 (Linux; Android 10; K) AppleWebKit/537.36 (KHTML, like Gecko) Chrome/148.0.0.0 Mobile Safari/537.36"
47.31.212.185 - - [10/Jun/2026:03:06:00 -0400] "GET /wp-includes/js/imgareaselect/imgareaselect.css?ver=0.9.8 HTTP/1.1" 200 274 "http://tejoversea.com/wp-admin/post.php?post=3122&action=edit&admin_email_remind_later=1" "Mozilla/5.0 (Linux; Android 10; K) AppleWebKit/537.36 (KHTML, like Gecko) Chrome/148.0.0.0 Mobile Safari/537.36"
47.31.212.185 - - [10/Jun/2026:03:06:00 -0400] "GET /wp-includes/js/hoverIntent.min.js?ver=1.10.2 HTTP/1.1" 200 715 "http://tejoversea.com/wp-admin/post.php?post=3122&action=edit&admin_email_remind_later=1" "Mozilla/5.0 (Linux; Android 10; K) AppleWebKit/537.36 (KHTML, like Gecko) Chrome/148.0.0.0 Mobile Safari/537.36"
47.31.212.185 - - [10/Jun/2026:03:06:00 -0400] "GET /wp-admin/js/common.min.js?ver=6.0.2 HTTP/1.1" 200 7153 "http://tejoversea.com/wp-admin/post.php?post=3122&action=edit&admin_email_remind_later=1" "Mozilla/5.0 (Linux; Android 10; K) AppleWebKit/537.36 (KHTML, like Gecko) Chrome/148.0.0.0 Mobile Safari/537.36"
47.31.212.185 - - [10/Jun/2026:03:06:00 -0400] "GET /wp-includes/js/dist/dom-ready.min.js?ver=d996b53411d1533a84951212ab6ac4ff HTTP/1.1" 200 329 "http://tejoversea.com/wp-admin/post.php?post=3122&action=edit&admin_email_remind_later=1" "Mozilla/5.0 (Linux; Android 10; K) AppleWebKit/537.36 (KHTML, like Gecko) Chrome/148.0.0.0 Mobile Safari/537.36"
47.31.212.185 - - [10/Jun/2026:03:06:01 -0400] "GET /wp-includes/js/wp-lists.min.js?ver=6.0.2 HTTP/1.1" 200 2692 "http://tejoversea.com/wp-admin/post.php?post=3122&action=edit&admin_email_remind_later=1" "Mozilla/5.0 (Linux; Android 10; K) AppleWebKit/537.36 (KHTML, like Gecko) Chrome/148.0.0.0 Mobile Safari/537.36"
47.31.212.185 - - [10/Jun/2026:03:06:01 -0400] "GET /wp-includes/js/jquery/ui/mouse.min.js?ver=1.13.1 HTTP/1.1" 200 1191 "http://tejoversea.com/wp-admin/post.php?post=3122&action=edit&admin_email_remind_later=1" "Mozilla/5.0 (Linux; Android 10; K) AppleWebKit/537.36 (KHTML, like Gecko) Chrome/148.0.0.0 Mobile Safari/537.36"
47.31.212.185 - - [10/Jun/2026:03:06:01 -0400] "GET /wp-admin/js/postbox.min.js?ver=6.0.2 HTTP/1.1" 200 2420 "http://tejoversea.com/wp-admin/post.php?post=3122&action=edit&admin_email_remind_later=1" "Mozilla/5.0 (Linux; Android 10; K) AppleWebKit/537.36 (KHTML, like Gecko) Chrome/148.0.0.0 Mobile Safari/537.36"
