121.200.216.13 - - [02/Mar/2026:11:38:39 -0500] "GET /wp-login.php HTTP/1.1" 200 2326 "-" "Mozilla/5.0 (Windows NT 10.0; Win64; x64) AppleWebKit/537.36 (KHTML, like Gecko) Chrome/130.0.0.0 Safari/537.36"
138.68.82.23 - - [02/Mar/2026:11:39:00 -0500] "GET / HTTP/1.1" 301 0 "-" "Mozilla/5.0 (l9scan/2.0.4383e2335323e2331323e2236313; +https://leakix.net)"
138.68.82.23 - - [02/Mar/2026:11:39:07 -0500] "GET /about HTTP/1.1" 404 12088 "-" "Mozilla/5.0 (l9scan/2.0.4383e2335323e2331323e2236313; +https://leakix.net)"
138.68.82.23 - - [02/Mar/2026:11:39:09 -0500] "GET /login.action HTTP/1.1" 404 12088 "-" "Mozilla/5.0 (l9scan/2.0.4383e2335323e2331323e2236313; +https://leakix.net)"
138.68.82.23 - - [02/Mar/2026:11:39:11 -0500] "GET /v2/_catalog HTTP/1.1" 404 12088 "-" "Mozilla/5.0 (l9scan/2.0.4383e2335323e2331323e2236313; +https://leakix.net)"
162.213.253.84 - - [02/Mar/2026:11:39:15 -0500] "POST /wp-cron.php?doing_wp_cron=1772469555.5352799892425537109375 HTTP/1.1" 200 0 "https://www.vjmedia.in/wp-cron.php?doing_wp_cron=1772469555.5352799892425537109375" "WordPress/5.5.1; https://www.vjmedia.in"
138.68.82.23 - - [02/Mar/2026:11:39:18 -0500] "GET /ecp/Current/exporttool/microsoft.exchange.ediscovery.exporttool.application HTTP/1.1" 404 12088 "-" "Mozilla/5.0 (l9scan/2.0.4383e2335323e2331323e2236313; +https://leakix.net)"
138.68.82.23 - - [02/Mar/2026:11:39:21 -0500] "GET /.git/config HTTP/1.1" 403 1242 "-" "Mozilla/5.0 (l9scan/2.0.4383e2335323e2331323e2236313; +https://leakix.net)"
138.68.82.23 - - [02/Mar/2026:11:39:22 -0500] "POST /graphql HTTP/1.1" 404 12043 "-" "Mozilla/5.0 (l9scan/2.0.4383e2335323e2331323e2236313; +https://leakix.net)"
138.68.82.23 - - [02/Mar/2026:11:39:27 -0500] "POST /graphql/api HTTP/1.1" 404 12043 "-" "Mozilla/5.0 (l9scan/2.0.4383e2335323e2331323e2236313; +https://leakix.net)"
138.68.82.23 - - [02/Mar/2026:11:39:28 -0500] "POST /api/gql HTTP/1.1" 404 12036 "-" "Mozilla/5.0 (l9scan/2.0.4383e2335323e2331323e2236313; +https://leakix.net)"
138.68.82.23 - - [02/Mar/2026:11:39:30 -0500] "GET /s/4383e2335323e2331323e2236313/_/;/META-INF/maven/com.atlassian.jira/jira-webapp-dist/pom.properties HTTP/1.1" 404 12088 "-" "Mozilla/5.0 (l9scan/2.0.4383e2335323e2331323e2236313; +https://leakix.net)"
138.68.82.23 - - [02/Mar/2026:11:39:33 -0500] "GET /telescope/requests HTTP/1.1" 404 12088 "-" "Mozilla/5.0 (l9scan/2.0.4383e2335323e2331323e2236313; +https://leakix.net)"
138.68.82.23 - - [02/Mar/2026:11:39:36 -0500] "GET /.well-known/security.txt HTTP/1.1" 404 12088 "-" "Mozilla/5.0 (l9scan/2.0.4383e2335323e2331323e2236313; +https://leakix.net)"
138.68.82.23 - - [02/Mar/2026:11:39:41 -0500] "GET /swagger/index.html HTTP/1.1" 404 12088 "-" "Mozilla/5.0 (l9scan/2.0.4383e2335323e2331323e2236313; +https://leakix.net)"
138.68.82.23 - - [02/Mar/2026:11:39:43 -0500] "GET /swagger/swagger-ui.html HTTP/1.1" 404 12082 "-" "Mozilla/5.0 (l9scan/2.0.4383e2335323e2331323e2236313; +https://leakix.net)"
138.68.82.23 - - [02/Mar/2026:11:39:45 -0500] "GET /webjars/swagger-ui/index.html HTTP/1.1" 404 12088 "-" "Mozilla/5.0 (l9scan/2.0.4383e2335323e2331323e2236313; +https://leakix.net)"
138.68.82.23 - - [02/Mar/2026:11:39:47 -0500] "GET /swagger.json HTTP/1.1" 404 12088 "-" "Mozilla/5.0 (l9scan/2.0.4383e2335323e2331323e2236313; +https://leakix.net)"
138.68.82.23 - - [02/Mar/2026:11:39:50 -0500] "GET /v3/api-docs HTTP/1.1" 404 12087 "-" "Mozilla/5.0 (l9scan/2.0.4383e2335323e2331323e2236313; +https://leakix.net)"
138.68.82.23 - - [02/Mar/2026:11:39:53 -0500] "GET /api/swagger.json HTTP/1.1" 404 12087 "-" "Mozilla/5.0 (l9scan/2.0.4383e2335323e2331323e2236313; +https://leakix.net)"
138.68.82.23 - - [02/Mar/2026:11:39:56 -0500] "GET /.vscode/sftp.json HTTP/1.1" 404 12087 "-" "Mozilla/5.0 (l9scan/2.0.4383e2335323e2331323e2236313; +https://leakix.net)"
138.68.82.23 - - [02/Mar/2026:11:39:58 -0500] "OPTIONS / HTTP/1.1" 200 0 "-" "Mozilla/5.0 (l9scan/2.0.4383e2335323e2331323e2236313; +https://leakix.net)"
54.39.136.138 - - [02/Mar/2026:11:38:24 -0500] "GET /coverage-of-french-fashion-designer-sakina-shbib/ HTTP/1.1" 200 13243 "-" "Mozilla/5.0 (compatible; AhrefsBot/7.0; +http://ahrefs.com/robot/)"
121.200.216.13 - - [02/Mar/2026:11:38:39 -0500] "POST /wp-login.php HTTP/1.1" 200 2413 "https://vjmedia.in/wp-login.php" "Mozilla/5.0 (Windows NT 10.0; Win64; x64) AppleWebKit/537.36 (KHTML, like Gecko) Chrome/130.0.0.0 Safari/537.36"
34.195.248.30 - - [02/Mar/2026:11:39:02 -0500] "GET /interview-of-international-hair-stylist/ HTTP/1.1" 200 14943 "-" "Mozilla/5.0 AppleWebKit/537.36 (KHTML, like Gecko; compatible; Amazonbot/0.1; +https://developer.amazon.com/support/amazonbot) Chrome/119.0.6045.214 Safari/537.36"
138.68.82.23 - - [02/Mar/2026:11:39:01 -0500] "GET /console/ HTTP/1.1" 404 12088 "-" "Mozilla/5.0 (l9scan/2.0.4383e2335323e2331323e2236313; +https://leakix.net)"
138.68.82.23 - - [02/Mar/2026:11:39:04 -0500] "GET /server HTTP/1.1" 404 12081 "-" "Mozilla/5.0 (l9scan/2.0.4383e2335323e2331323e2236313; +https://leakix.net)"
138.68.82.23 - - [02/Mar/2026:11:39:13 -0500] "GET /.DS_Store HTTP/1.1" 404 12088 "-" "Mozilla/5.0 (l9scan/2.0.4383e2335323e2331323e2236313; +https://leakix.net)"
138.68.82.23 - - [02/Mar/2026:11:39:14 -0500] "GET /.env HTTP/1.1" 404 12082 "-" "Mozilla/5.0 (l9scan/2.0.4383e2335323e2331323e2236313; +https://leakix.net)"
138.68.82.23 - - [02/Mar/2026:11:39:24 -0500] "POST /api HTTP/1.1" 404 12043 "-" "Mozilla/5.0 (l9scan/2.0.4383e2335323e2331323e2236313; +https://leakix.net)"
138.68.82.23 - - [02/Mar/2026:11:39:25 -0500] "POST /api/graphql HTTP/1.1" 404 12036 "-" "Mozilla/5.0 (l9scan/2.0.4383e2335323e2331323e2236313; +https://leakix.net)"
138.68.82.23 - - [02/Mar/2026:11:39:32 -0500] "GET /config.json HTTP/1.1" 404 12088 "-" "Mozilla/5.0 (l9scan/2.0.4383e2335323e2331323e2236313; +https://leakix.net)"
138.68.82.23 - - [02/Mar/2026:11:39:34 -0500] "GET /info.php HTTP/1.1" 404 12087 "-" "Mozilla/5.0 (l9scan/2.0.4383e2335323e2331323e2236313; +https://leakix.net)"
138.68.82.23 - - [02/Mar/2026:11:39:37 -0500] "GET /actuator/env HTTP/1.1" 404 12088 "-" "Mozilla/5.0 (l9scan/2.0.4383e2335323e2331323e2236313; +https://leakix.net)"
138.68.82.23 - - [02/Mar/2026:11:39:40 -0500] "GET /swagger-ui.html HTTP/1.1" 404 12088 "-" "Mozilla/5.0 (l9scan/2.0.4383e2335323e2331323e2236313; +https://leakix.net)"
138.68.82.23 - - [02/Mar/2026:11:39:48 -0500] "GET /swagger/v1/swagger.json HTTP/1.1" 404 12088 "-" "Mozilla/5.0 (l9scan/2.0.4383e2335323e2331323e2236313; +https://leakix.net)"
138.68.82.23 - - [02/Mar/2026:11:39:49 -0500] "GET /v2/api-docs HTTP/1.1" 404 12087 "-" "Mozilla/5.0 (l9scan/2.0.4383e2335323e2331323e2236313; +https://leakix.net)"
138.68.82.23 - - [02/Mar/2026:11:39:52 -0500] "GET /api-docs/swagger.json HTTP/1.1" 404 12087 "-" "Mozilla/5.0 (l9scan/2.0.4383e2335323e2331323e2236313; +https://leakix.net)"
138.68.82.23 - - [02/Mar/2026:11:39:55 -0500] "GET /@vite/env HTTP/1.1" 404 12087 "-" "Mozilla/5.0 (l9scan/2.0.4383e2335323e2331323e2236313; +https://leakix.net)"
138.68.82.23 - - [02/Mar/2026:11:39:59 -0500] "GET /?rest_route=/wp/v2/users/ HTTP/1.1" 200 633 "-" "Mozilla/5.0 (l9scan/2.0.4383e2335323e2331323e2236313; +https://leakix.net)"
138.68.82.23 - - [02/Mar/2026:11:40:01 -0500] "GET /debug/default/view?panel=config HTTP/1.1" 404 12082 "-" "Mozilla/5.0 (l9scan/2.0.4383e2335323e2331323e2236313; +https://leakix.net)"
208.109.188.137 - - [02/Mar/2026:11:45:22 -0500] "GET /wp-login.php HTTP/1.1" 200 2326 "-" "Mozilla/5.0 (Windows NT 10.0; Win64; x64) AppleWebKit/537.36 (KHTML, like Gecko) Chrome/130.0.0.0 Safari/537.36"
66.116.196.26 - - [02/Mar/2026:11:51:00 -0500] "POST /wp-login.php HTTP/1.1" 200 2413 "https://vjmedia.in/wp-login.php" "Mozilla/5.0 (Windows NT 10.0; Win64; x64) AppleWebKit/537.36 (KHTML, like Gecko) Chrome/130.0.0.0 Safari/537.36"
212.42.58.120 - - [02/Mar/2026:11:52:16 -0500] "POST /wp-login.php HTTP/1.1" 200 2413 "https://vjmedia.in/wp-login.php" "Mozilla/5.0 (Windows NT 10.0; Win64; x64) AppleWebKit/537.36 (KHTML, like Gecko) Chrome/130.0.0.0 Safari/537.36"
110.78.211.34 - - [02/Mar/2026:11:53:41 -0500] "POST /wp-login.php HTTP/1.1" 200 2413 "https://vjmedia.in/wp-login.php" "Mozilla/5.0 (Windows NT 10.0; Win64; x64) AppleWebKit/537.36 (KHTML, like Gecko) Chrome/130.0.0.0 Safari/537.36"
45.6.51.97 - - [02/Mar/2026:11:54:04 -0500] "POST /wp-login.php HTTP/1.1" 200 2413 "https://vjmedia.in/wp-login.php" "Mozilla/5.0 (Windows NT 10.0; Win64; x64) AppleWebKit/537.36 (KHTML, like Gecko) Chrome/130.0.0.0 Safari/537.36"
185.144.28.111 - - [02/Mar/2026:11:54:15 -0500] "GET /wp-content/uploads/2019/08/Luxury-hospitality-segment-story_page-0001-1170x659.jpg HTTP/1.1" 200 180530 "-" "Mozilla/5.0 (Windows NT 10.0; Win64; x64) AppleWebKit/537.36 (KHTML, like Gecko) Chrome/140.0.0.0 Safari/537.36"
45.141.234.160 - - [02/Mar/2026:11:54:43 -0500] "GET /wp-content/uploads/2020/04/99850f82-d8ec-4ef9-9e4d-9f67af30bcf0.jpg HTTP/1.1" 200 285894 "-" "Mozilla/5.0 (Windows NT 10.0; Win64; x64) AppleWebKit/537.36 (KHTML, like Gecko) Chrome/140.0.0.0 Safari/537.36"
185.253.152.144 - - [02/Mar/2026:11:55:34 -0500] "GET /wp-login.php HTTP/1.1" 200 2326 "-" "Mozilla/5.0 (Windows NT 10.0; Win64; x64) AppleWebKit/537.36 (KHTML, like Gecko) Chrome/130.0.0.0 Safari/537.36"
162.213.253.84 - - [02/Mar/2026:11:55:35 -0500] "POST /wp-cron.php?doing_wp_cron=1772470535.9272029399871826171875 HTTP/1.1" 200 0 "https://www.vjmedia.in/wp-cron.php?doing_wp_cron=1772470535.9272029399871826171875" "WordPress/5.5.1; https://www.vjmedia.in"
82.25.119.230 - - [02/Mar/2026:11:57:03 -0500] "GET /wp-login.php HTTP/1.1" 200 2326 "-" "Mozilla/5.0 (Windows NT 10.0; Win64; x64) AppleWebKit/537.36 (KHTML, like Gecko) Chrome/130.0.0.0 Safari/537.36"
208.109.188.137 - - [02/Mar/2026:11:45:22 -0500] "POST /wp-login.php HTTP/1.1" 200 2413 "https://vjmedia.in/wp-login.php" "Mozilla/5.0 (Windows NT 10.0; Win64; x64) AppleWebKit/537.36 (KHTML, like Gecko) Chrome/130.0.0.0 Safari/537.36"
66.116.196.26 - - [02/Mar/2026:11:50:59 -0500] "GET /wp-login.php HTTP/1.1" 200 2326 "-" "Mozilla/5.0 (Windows NT 10.0; Win64; x64) AppleWebKit/537.36 (KHTML, like Gecko) Chrome/130.0.0.0 Safari/537.36"
162.213.253.84 - - [02/Mar/2026:11:51:01 -0500] "POST /wp-cron.php?doing_wp_cron=1772470261.1279799938201904296875 HTTP/1.1" 200 0 "https://www.vjmedia.in/wp-cron.php?doing_wp_cron=1772470261.1279799938201904296875" "WordPress/5.5.1; https://www.vjmedia.in"
43.153.7.191 - - [02/Mar/2026:11:51:52 -0500] "GET / HTTP/1.1" 200 19331 "http://www.vjmedia.in" "Mozilla/5.0 (iPhone; CPU iPhone OS 13_2_3 like Mac OS X) AppleWebKit/605.1.15 (KHTML, like Gecko) Version/13.0.3 Mobile/15E148 Safari/604.1"
212.42.58.120 - - [02/Mar/2026:11:52:15 -0500] "GET /wp-login.php HTTP/1.1" 200 2326 "-" "Mozilla/5.0 (Windows NT 10.0; Win64; x64) AppleWebKit/537.36 (KHTML, like Gecko) Chrome/130.0.0.0 Safari/537.36"
110.78.211.34 - - [02/Mar/2026:11:53:40 -0500] "GET /wp-login.php HTTP/1.1" 200 2326 "-" "Mozilla/5.0 (Windows NT 10.0; Win64; x64) AppleWebKit/537.36 (KHTML, like Gecko) Chrome/130.0.0.0 Safari/537.36"
45.6.51.97 - - [02/Mar/2026:11:54:04 -0500] "GET /wp-login.php HTTP/1.1" 200 2326 "-" "Mozilla/5.0 (Windows NT 10.0; Win64; x64) AppleWebKit/537.36 (KHTML, like Gecko) Chrome/130.0.0.0 Safari/537.36"
185.253.152.144 - - [02/Mar/2026:11:55:35 -0500] "POST /wp-login.php HTTP/1.1" 200 2413 "https://vjmedia.in/wp-login.php" "Mozilla/5.0 (Windows NT 10.0; Win64; x64) AppleWebKit/537.36 (KHTML, like Gecko) Chrome/130.0.0.0 Safari/537.36"
89.185.84.228 - - [02/Mar/2026:11:56:07 -0500] "GET /wp-content/uploads/2016/01/team-1-370x370.jpg HTTP/1.1" 200 19333 "-" "Mozilla/5.0 (Windows NT 10.0; Win64; x64) AppleWebKit/537.36 (KHTML, like Gecko) Chrome/140.0.0.0 Safari/537.36"
82.25.119.230 - - [02/Mar/2026:11:57:03 -0500] "POST /wp-login.php HTTP/1.1" 200 2413 "https://vjmedia.in/wp-login.php" "Mozilla/5.0 (Windows NT 10.0; Win64; x64) AppleWebKit/537.36 (KHTML, like Gecko) Chrome/130.0.0.0 Safari/537.36"
57.128.2.15 - - [02/Mar/2026:12:01:06 -0500] "POST /wp-login.php HTTP/1.1" 200 2413 "https://vjmedia.in/wp-login.php" "Mozilla/5.0 (Windows NT 10.0; Win64; x64) AppleWebKit/537.36 (KHTML, like Gecko) Chrome/130.0.0.0 Safari/537.36"
138.124.62.17 - - [02/Mar/2026:12:03:24 -0500] "GET /wp-content/uploads/avatars/6/8ecbf5e2c2d2c1ca5320eb2593a52d9a-bpthumb.jpg HTTP/1.1" 200 1434 "-" "Mozilla/5.0 (Windows NT 10.0; Win64; x64) AppleWebKit/537.36 (KHTML, like Gecko) Chrome/140.0.0.0 Safari/537.36"
205.209.115.99 - - [02/Mar/2026:12:04:35 -0500] "GET /wp-login.php HTTP/1.1" 200 2326 "-" "Mozilla/5.0 (Windows NT 10.0; Win64; x64) AppleWebKit/537.36 (KHTML, like Gecko) Chrome/130.0.0.0 Safari/537.36"
162.213.253.84 - - [02/Mar/2026:12:04:37 -0500] "POST /wp-cron.php?doing_wp_cron=1772471077.2045989036560058593750 HTTP/1.1" 200 0 "https://www.vjmedia.in/wp-cron.php?doing_wp_cron=1772471077.2045989036560058593750" "WordPress/5.5.1; https://www.vjmedia.in"
205.209.115.99 - - [02/Mar/2026:12:04:36 -0500] "POST /wp-login.php HTTP/1.1" 200 2413 "https://vjmedia.in/wp-login.php" "Mozilla/5.0 (Windows NT 10.0; Win64; x64) AppleWebKit/537.36 (KHTML, like Gecko) Chrome/130.0.0.0 Safari/537.36"
185.191.171.11 - - [02/Mar/2026:12:05:00 -0500] "GET /team/andrew-lee/ HTTP/1.1" 200 16404 "-" "Mozilla/5.0 (compatible; SemrushBot/7~bl; +http://www.semrush.com/bot.html)"
142.44.228.166 - - [02/Mar/2026:11:58:16 -0500] "GET /first-six-senses-spa-comes-to-india-for-hotel-scapes-magazine/ HTTP/1.1" 200 13132 "-" "Mozilla/5.0 (compatible; AhrefsBot/7.0; +http://ahrefs.com/robot/)"
57.128.2.15 - - [02/Mar/2026:12:01:05 -0500] "GET /wp-login.php HTTP/1.1" 200 2326 "-" "Mozilla/5.0 (Windows NT 10.0; Win64; x64) AppleWebKit/537.36 (KHTML, like Gecko) Chrome/130.0.0.0 Safari/537.36"
85.208.96.194 - - [02/Mar/2026:12:04:59 -0500] "GET /robots.txt HTTP/1.1" 200 110 "-" "Mozilla/5.0 (compatible; SemrushBot/7~bl; +http://www.semrush.com/bot.html)"
167.172.79.172 - - [02/Mar/2026:12:05:42 -0500] "GET /wp-login.php HTTP/1.1" 200 2326 "-" "Mozilla/5.0 (Windows NT 10.0; Win64; x64) AppleWebKit/537.36 (KHTML, like Gecko) Chrome/130.0.0.0 Safari/537.36"
167.172.79.172 - - [02/Mar/2026:12:05:42 -0500] "POST /wp-login.php HTTP/1.1" 200 2413 "https://vjmedia.in/wp-login.php" "Mozilla/5.0 (Windows NT 10.0; Win64; x64) AppleWebKit/537.36 (KHTML, like Gecko) Chrome/130.0.0.0 Safari/537.36"
162.213.253.84 - - [02/Mar/2026:12:11:37 -0500] "POST /wp-cron.php?doing_wp_cron=1772471497.5851809978485107421875 HTTP/1.1" 200 0 "https://www.vjmedia.in/wp-cron.php?doing_wp_cron=1772471497.5851809978485107421875" "WordPress/5.5.1; https://www.vjmedia.in"
176.44.117.9 - - [02/Mar/2026:12:11:36 -0500] "POST /wp-login.php HTTP/1.1" 200 2413 "https://vjmedia.in/wp-login.php" "Mozilla/5.0 (Windows NT 10.0; Win64; x64) AppleWebKit/537.36 (KHTML, like Gecko) Chrome/130.0.0.0 Safari/537.36"
43.159.143.187 - - [02/Mar/2026:12:14:59 -0500] "GET / HTTP/1.1" 200 19331 "http://vjmedia.in" "Mozilla/5.0 (iPhone; CPU iPhone OS 13_2_3 like Mac OS X) AppleWebKit/605.1.15 (KHTML, like Gecko) Version/13.0.3 Mobile/15E148 Safari/604.1"
147.45.51.177 - - [02/Mar/2026:12:11:15 -0500] "GET /wp-content/uploads/2016/01/team-2.jpg HTTP/1.1" 200 92635 "-" "Mozilla/5.0 (Windows NT 10.0; Win64; x64) AppleWebKit/537.36 (KHTML, like Gecko) Chrome/140.0.0.0 Safari/537.36"
176.44.117.9 - - [02/Mar/2026:12:11:36 -0500] "GET /wp-login.php HTTP/1.1" 200 2326 "-" "Mozilla/5.0 (Windows NT 10.0; Win64; x64) AppleWebKit/537.36 (KHTML, like Gecko) Chrome/130.0.0.0 Safari/537.36"
103.179.56.102 - - [02/Mar/2026:12:13:37 -0500] "GET /wp-login.php HTTP/1.1" 200 2326 "-" "Mozilla/5.0 (Windows NT 10.0; Win64; x64) AppleWebKit/537.36 (KHTML, like Gecko) Chrome/130.0.0.0 Safari/537.36"
103.179.56.102 - - [02/Mar/2026:12:13:43 -0500] "POST /wp-login.php HTTP/1.1" 200 2413 "https://vjmedia.in/wp-login.php" "Mozilla/5.0 (Windows NT 10.0; Win64; x64) AppleWebKit/537.36 (KHTML, like Gecko) Chrome/130.0.0.0 Safari/537.36"
74.7.227.182 - - [02/Mar/2026:12:14:15 -0500] "GET /wp-sitemap.xml HTTP/1.1" 200 277 "-" "Mozilla/5.0 AppleWebKit/537.36 (KHTML, like Gecko; compatible; GPTBot/1.3; +https://openai.com/gptbot)"
51.103.25.59 - - [02/Mar/2026:12:14:48 -0500] "GET /wp-login.php HTTP/1.1" 200 2326 "-" "Mozilla/5.0 (Windows NT 10.0; Win64; x64) AppleWebKit/537.36 (KHTML, like Gecko) Chrome/130.0.0.0 Safari/537.36"
51.103.25.59 - - [02/Mar/2026:12:14:49 -0500] "POST /wp-login.php HTTP/1.1" 200 2413 "https://vjmedia.in/wp-login.php" "Mozilla/5.0 (Windows NT 10.0; Win64; x64) AppleWebKit/537.36 (KHTML, like Gecko) Chrome/130.0.0.0 Safari/537.36"
110.78.211.34 - - [02/Mar/2026:12:15:52 -0500] "GET /wp-login.php HTTP/1.1" 200 2326 "-" "Mozilla/5.0 (Windows NT 10.0; Win64; x64) AppleWebKit/537.36 (KHTML, like Gecko) Chrome/130.0.0.0 Safari/537.36"
110.78.211.34 - - [02/Mar/2026:12:15:53 -0500] "POST /wp-login.php HTTP/1.1" 200 2414 "https://vjmedia.in/wp-login.php" "Mozilla/5.0 (Windows NT 10.0; Win64; x64) AppleWebKit/537.36 (KHTML, like Gecko) Chrome/130.0.0.0 Safari/537.36"
15.235.96.180 - - [02/Mar/2026:12:18:46 -0500] "GET /author/admin/page/3/ HTTP/1.1" 200 14817 "-" "Mozilla/5.0 (compatible; AhrefsBot/7.0; +http://ahrefs.com/robot/)"
216.73.216.81 - - [02/Mar/2026:12:21:39 -0500] "GET /robots.txt HTTP/1.1" 200 97 "-" "Mozilla/5.0 AppleWebKit/537.36 (KHTML, like Gecko; compatible; ClaudeBot/1.0; [email protected])"
144.31.217.51 - - [02/Mar/2026:12:22:13 -0500] "GET /wp-content/uploads/2019/09/The-Imperial-Hotel-coverage-for-Hotel-Scapes-Magazine.jpg HTTP/1.1" 200 2037349 "-" "Mozilla/5.0 (Windows NT 10.0; Win64; x64) AppleWebKit/537.36 (KHTML, like Gecko) Chrome/140.0.0.0 Safari/537.36"
162.213.253.84 - - [02/Mar/2026:12:22:57 -0500] "POST /wp-cron.php?doing_wp_cron=1772472177.2375960350036621093750 HTTP/1.1" 200 0 "https://www.vjmedia.in/wp-cron.php?doing_wp_cron=1772472177.2375960350036621093750" "WordPress/5.5.1; https://www.vjmedia.in"
103.56.161.126 - - [02/Mar/2026:12:22:56 -0500] "POST /wp-login.php HTTP/1.1" 200 2413 "https://vjmedia.in/wp-login.php" "Mozilla/5.0 (Windows NT 10.0; Win64; x64) AppleWebKit/537.36 (KHTML, like Gecko) Chrome/130.0.0.0 Safari/537.36"
157.230.226.169 - - [02/Mar/2026:12:28:41 -0500] "GET /wp-login.php HTTP/1.1" 200 2326 "-" "Mozilla/5.0 (Windows NT 10.0; Win64; x64) AppleWebKit/537.36 (KHTML, like Gecko) Chrome/130.0.0.0 Safari/537.36"
157.230.226.169 - - [02/Mar/2026:12:28:42 -0500] "POST /wp-login.php HTTP/1.1" 200 2413 "https://vjmedia.in/wp-login.php" "Mozilla/5.0 (Windows NT 10.0; Win64; x64) AppleWebKit/537.36 (KHTML, like Gecko) Chrome/130.0.0.0 Safari/537.36"
31.192.236.80 - - [02/Mar/2026:12:28:55 -0500] "GET /wp-content/uploads/2016/01/chat-1-240x240.jpg HTTP/1.1" 200 9138 "-" "Mozilla/5.0 (Windows NT 10.0; Win64; x64) AppleWebKit/537.36 (KHTML, like Gecko) Chrome/140.0.0.0 Safari/537.36"
192.178.6.100 - - [02/Mar/2026:12:32:00 -0500] "GET /wp-content/uploads/2019/08/Mediworld-July-Aug-2019-LR-Final_page-0001.jpg HTTP/1.1" 200 619301 "-" "Googlebot-Image/1.0"
20.220.211.108 - - [02/Mar/2026:12:32:22 -0500] "GET /wp-corn-sample.php HTTP/1.1" 301 0 "-" "Mozilla/5.0 (Windows NT 10.0; Win64; x64) AppleWebKit/537.36 (KHTML, like Gecko) Chrome/120.0.0.0 Safari/537.36"
20.220.211.108 - - [02/Mar/2026:12:32:23 -0500] "GET /server.php HTTP/1.1" 301 0 "-" "Mozilla/5.0 (Windows NT 10.0; Win64; x64) AppleWebKit/537.36 (KHTML, like Gecko) Chrome/120.0.0.0 Safari/537.36"
20.220.211.108 - - [02/Mar/2026:12:32:24 -0500] "GET /wp-content/uploads/admin.php HTTP/1.1" 301 0 "-" "Mozilla/5.0 (Windows NT 10.0; Win64; x64) AppleWebKit/537.36 (KHTML, like Gecko) Chrome/120.0.0.0 Safari/537.36"
20.220.211.108 - - [02/Mar/2026:12:32:25 -0500] "GET /wp-admin/css/colors/index.php HTTP/1.1" 301 0 "-" "Mozilla/5.0 (Windows NT 10.0; Win64; x64) AppleWebKit/537.36 (KHTML, like Gecko) Chrome/120.0.0.0 Safari/537.36"
20.220.211.108 - - [02/Mar/2026:12:32:25 -0500] "GET /wp-content/shell20211028.php HTTP/1.1" 301 0 "-" "Mozilla/5.0 (Windows NT 10.0; Win64; x64) AppleWebKit/537.36 (KHTML, like Gecko) Chrome/120.0.0.0 Safari/537.36"
138.68.183.21 - - [02/Mar/2026:12:32:26 -0500] "GET /wp-login.php HTTP/1.1" 200 2326 "-" "Mozilla/5.0 (Windows NT 10.0; Win64; x64) AppleWebKit/537.36 (KHTML, like Gecko) Chrome/130.0.0.0 Safari/537.36"
20.220.211.108 - - [02/Mar/2026:12:32:26 -0500] "GET /test1.php HTTP/1.1" 301 0 "-" "Mozilla/5.0 (Windows NT 10.0; Win64; x64) AppleWebKit/537.36 (KHTML, like Gecko) Chrome/120.0.0.0 Safari/537.36"
138.68.183.21 - - [02/Mar/2026:12:32:27 -0500] "POST /wp-login.php HTTP/1.1" 200 2414 "https://vjmedia.in/wp-login.php" "Mozilla/5.0 (Windows NT 10.0; Win64; x64) AppleWebKit/537.36 (KHTML, like Gecko) Chrome/130.0.0.0 Safari/537.36"
20.220.211.108 - - [02/Mar/2026:12:32:28 -0500] "GET /wp-includes/certificates/about.php HTTP/1.1" 301 0 "-" "Mozilla/5.0 (Windows NT 10.0; Win64; x64) AppleWebKit/537.36 (KHTML, like Gecko) Chrome/120.0.0.0 Safari/537.36"
216.73.216.81 - - [02/Mar/2026:12:21:39 -0500] "GET /wp-sitemap.xml HTTP/1.1" 200 277 "-" "Mozilla/5.0 AppleWebKit/537.36 (KHTML, like Gecko; compatible; ClaudeBot/1.0; [email protected])"
103.56.161.126 - - [02/Mar/2026:12:22:55 -0500] "GET /wp-login.php HTTP/1.1" 200 2326 "-" "Mozilla/5.0 (Windows NT 10.0; Win64; x64) AppleWebKit/537.36 (KHTML, like Gecko) Chrome/130.0.0.0 Safari/537.36"
162.213.253.84 - - [02/Mar/2026:12:24:15 -0500] "POST /wp-cron.php?doing_wp_cron=1772472255.1724450588226318359375 HTTP/1.1" 200 0 "https://www.vjmedia.in/wp-cron.php?doing_wp_cron=1772472255.1724450588226318359375" "WordPress/5.5.1; https://www.vjmedia.in"
54.84.102.81 - - [02/Mar/2026:12:24:14 -0500] "GET /events/2019-05-03/ HTTP/1.1" 200 14521 "-" "Mozilla/5.0 AppleWebKit/537.36 (KHTML, like Gecko; compatible; Amazonbot/0.1; +https://developer.amazon.com/support/amazonbot) Chrome/119.0.6045.214 Safari/537.36"
89.185.82.45 - - [02/Mar/2026:12:28:08 -0500] "GET /wp-content/uploads/2020/06/pkages-1170x659.jpg HTTP/1.1" 200 46243 "-" "Mozilla/5.0 (Windows NT 10.0; Win64; x64) AppleWebKit/537.36 (KHTML, like Gecko) Chrome/140.0.0.0 Safari/537.36"
138.68.183.21 - - [02/Mar/2026:12:32:25 -0500] "GET /wp-login.php HTTP/1.1" 200 2326 "-" "Mozilla/5.0 (Windows NT 10.0; Win64; x64) AppleWebKit/537.36 (KHTML, like Gecko) Chrome/130.0.0.0 Safari/537.36"
138.68.183.21 - - [02/Mar/2026:12:32:25 -0500] "POST /wp-login.php HTTP/1.1" 200 2413 "https://vjmedia.in/wp-login.php" "Mozilla/5.0 (Windows NT 10.0; Win64; x64) AppleWebKit/537.36 (KHTML, like Gecko) Chrome/130.0.0.0 Safari/537.36"
20.220.211.108 - - [02/Mar/2026:12:32:27 -0500] "GET /wp-content/admin-header.php HTTP/1.1" 301 0 "-" "Mozilla/5.0 (Windows NT 10.0; Win64; x64) AppleWebKit/537.36 (KHTML, like Gecko) Chrome/120.0.0.0 Safari/537.36"
20.220.211.108 - - [02/Mar/2026:12:32:34 -0500] "GET /buy.php HTTP/1.1" 301 0 "-" "Mozilla/5.0 (Windows NT 10.0; Win64; x64) AppleWebKit/537.36 (KHTML, like Gecko) Chrome/120.0.0.0 Safari/537.36"
20.220.211.108 - - [02/Mar/2026:12:32:35 -0500] "GET /wp-admin/css/colors/light/about.php HTTP/1.1" 301 0 "-" "Mozilla/5.0 (Windows NT 10.0; Win64; x64) AppleWebKit/537.36 (KHTML, like Gecko) Chrome/120.0.0.0 Safari/537.36"
20.220.211.108 - - [02/Mar/2026:12:32:37 -0500] "GET /wp-includes/blocks/block/ HTTP/1.1" 200 615 "-" "Mozilla/5.0 (Windows NT 10.0; Win64; x64) AppleWebKit/537.36 (KHTML, like Gecko) Chrome/120.0.0.0 Safari/537.36"
20.220.211.108 - - [02/Mar/2026:12:32:37 -0500] "GET /wp-trackback.php HTTP/1.1" 404 91 "-" "Mozilla/5.0 (Windows NT 10.0; Win64; x64) AppleWebKit/537.36 (KHTML, like Gecko) Chrome/120.0.0.0 Safari/537.36"
20.220.211.108 - - [02/Mar/2026:12:32:39 -0500] "GET /special.php HTTP/1.1" 301 0 "-" "Mozilla/5.0 (Windows NT 10.0; Win64; x64) AppleWebKit/537.36 (KHTML, like Gecko) Chrome/120.0.0.0 Safari/537.36"
20.220.211.108 - - [02/Mar/2026:12:32:40 -0500] "GET /wp-includes/rest-api/ HTTP/1.1" 200 1102 "-" "Mozilla/5.0 (Windows NT 10.0; Win64; x64) AppleWebKit/537.36 (KHTML, like Gecko) Chrome/120.0.0.0 Safari/537.36"
20.220.211.108 - - [02/Mar/2026:12:32:40 -0500] "GET /wp.php HTTP/1.1" 301 0 "-" "Mozilla/5.0 (Windows NT 10.0; Win64; x64) AppleWebKit/537.36 (KHTML, like Gecko) Chrome/120.0.0.0 Safari/537.36"
20.220.211.108 - - [02/Mar/2026:12:32:41 -0500] "GET /wp-content/et-cache/ HTTP/1.1" 301 0 "-" "Mozilla/5.0 (Windows NT 10.0; Win64; x64) AppleWebKit/537.36 (KHTML, like Gecko) Chrome/120.0.0.0 Safari/537.36"
20.220.211.108 - - [02/Mar/2026:12:32:42 -0500] "GET /wp-admin/js/widgets/ HTTP/1.1" 200 1269 "-" "Mozilla/5.0 (Windows NT 10.0; Win64; x64) AppleWebKit/537.36 (KHTML, like Gecko) Chrome/120.0.0.0 Safari/537.36"
20.220.211.108 - - [02/Mar/2026:12:32:42 -0500] "GET /wp-includes/IXR/about.php HTTP/1.1" 301 0 "-" "Mozilla/5.0 (Windows NT 10.0; Win64; x64) AppleWebKit/537.36 (KHTML, like Gecko) Chrome/120.0.0.0 Safari/537.36"
20.220.211.108 - - [02/Mar/2026:12:32:29 -0500] "GET /wp-admin/themes.php HTTP/1.1" 302 0 "-" "Mozilla/5.0 (Windows NT 10.0; Win64; x64) AppleWebKit/537.36 (KHTML, like Gecko) Chrome/120.0.0.0 Safari/537.36"
20.220.211.108 - - [02/Mar/2026:12:32:32 -0500] "GET /wp-content/uploads/ HTTP/1.1" 200 1322 "-" "Mozilla/5.0 (Windows NT 10.0; Win64; x64) AppleWebKit/537.36 (KHTML, like Gecko) Chrome/120.0.0.0 Safari/537.36"
20.220.211.108 - - [02/Mar/2026:12:32:33 -0500] "GET /wp-content/upgrade/index.php HTTP/1.1" 301 0 "-" "Mozilla/5.0 (Windows NT 10.0; Win64; x64) AppleWebKit/537.36 (KHTML, like Gecko) Chrome/120.0.0.0 Safari/537.36"
20.220.211.108 - - [02/Mar/2026:12:32:34 -0500] "GET /wp-admin.php HTTP/1.1" 301 0 "-" "Mozilla/5.0 (Windows NT 10.0; Win64; x64) AppleWebKit/537.36 (KHTML, like Gecko) Chrome/120.0.0.0 Safari/537.36"
20.220.211.108 - - [02/Mar/2026:12:32:36 -0500] "GET /atomlib.php HTTP/1.1" 301 0 "-" "Mozilla/5.0 (Windows NT 10.0; Win64; x64) AppleWebKit/537.36 (KHTML, like Gecko) Chrome/120.0.0.0 Safari/537.36"
20.220.211.108 - - [02/Mar/2026:12:32:37 -0500] "GET /wp-includes/Text/Diff/Renderer/ HTTP/1.1" 200 628 "-" "Mozilla/5.0 (Windows NT 10.0; Win64; x64) AppleWebKit/537.36 (KHTML, like Gecko) Chrome/120.0.0.0 Safari/537.36"
20.220.211.108 - - [02/Mar/2026:12:32:38 -0500] "GET /wp-includes/ID3/about.php HTTP/1.1" 301 0 "-" "Mozilla/5.0 (Windows NT 10.0; Win64; x64) AppleWebKit/537.36 (KHTML, like Gecko) Chrome/120.0.0.0 Safari/537.36"
20.220.211.108 - - [02/Mar/2026:12:32:41 -0500] "GET /wp-admin/js/index.php HTTP/1.1" 301 0 "-" "Mozilla/5.0 (Windows NT 10.0; Win64; x64) AppleWebKit/537.36 (KHTML, like Gecko) Chrome/120.0.0.0 Safari/537.36"
20.220.211.108 - - [02/Mar/2026:12:32:44 -0500] "GET /new.php HTTP/1.1" 301 0 "-" "Mozilla/5.0 (Windows NT 10.0; Win64; x64) AppleWebKit/537.36 (KHTML, like Gecko) Chrome/120.0.0.0 Safari/537.36"
20.220.211.108 - - [02/Mar/2026:12:32:46 -0500] "GET /wp-includes/style-engine/wp-conflg.php HTTP/1.1" 301 0 "-" "Mozilla/5.0 (Windows NT 10.0; Win64; x64) AppleWebKit/537.36 (KHTML, like Gecko) Chrome/120.0.0.0 Safari/537.36"
20.220.211.108 - - [02/Mar/2026:12:32:48 -0500] "GET /1index.php HTTP/1.1" 301 0 "-" "Mozilla/5.0 (Windows NT 10.0; Win64; x64) AppleWebKit/537.36 (KHTML, like Gecko) Chrome/120.0.0.0 Safari/537.36"
20.220.211.108 - - [02/Mar/2026:12:32:49 -0500] "GET /wp-admin/admin.php HTTP/1.1" 302 0 "-" "Mozilla/5.0 (Windows NT 10.0; Win64; x64) AppleWebKit/537.36 (KHTML, like Gecko) Chrome/120.0.0.0 Safari/537.36"
20.220.211.108 - - [02/Mar/2026:12:32:50 -0500] "GET /wp-content/uploads/2023/08/ HTTP/1.1" 200 550 "-" "Mozilla/5.0 (Windows NT 10.0; Win64; x64) AppleWebKit/537.36 (KHTML, like Gecko) Chrome/120.0.0.0 Safari/537.36"
20.220.211.108 - - [02/Mar/2026:12:32:50 -0500] "GET /images/images/about.php HTTP/1.1" 301 0 "-" "Mozilla/5.0 (Windows NT 10.0; Win64; x64) AppleWebKit/537.36 (KHTML, like Gecko) Chrome/120.0.0.0 Safari/537.36"
20.220.211.108 - - [02/Mar/2026:12:32:51 -0500] "GET /wp-links.php HTTP/1.1" 301 0 "-" "Mozilla/5.0 (Windows NT 10.0; Win64; x64) AppleWebKit/537.36 (KHTML, like Gecko) Chrome/120.0.0.0 Safari/537.36"
20.220.211.108 - - [02/Mar/2026:12:32:52 -0500] "GET /wp-admin/includes/ HTTP/1.1" 200 4264 "-" "Mozilla/5.0 (Windows NT 10.0; Win64; x64) AppleWebKit/537.36 (KHTML, like Gecko) Chrome/120.0.0.0 Safari/537.36"
20.220.211.108 - - [02/Mar/2026:12:32:52 -0500] "GET /content.php HTTP/1.1" 301 0 "-" "Mozilla/5.0 (Windows NT 10.0; Win64; x64) AppleWebKit/537.36 (KHTML, like Gecko) Chrome/120.0.0.0 Safari/537.36"
20.220.211.108 - - [02/Mar/2026:12:32:54 -0500] "GET /wp-content/plugins/admin.php HTTP/1.1" 301 0 "-" "Mozilla/5.0 (Windows NT 10.0; Win64; x64) AppleWebKit/537.36 (KHTML, like Gecko) Chrome/120.0.0.0 Safari/537.36"
20.220.211.108 - - [02/Mar/2026:12:32:55 -0500] "GET /wp-content/languages/index.php HTTP/1.1" 301 0 "-" "Mozilla/5.0 (Windows NT 10.0; Win64; x64) AppleWebKit/537.36 (KHTML, like Gecko) Chrome/120.0.0.0 Safari/537.36"
20.220.211.108 - - [02/Mar/2026:12:32:44 -0500] "GET /wp-includes/sitemaps/providers/ HTTP/1.1" 200 711 "-" "Mozilla/5.0 (Windows NT 10.0; Win64; x64) AppleWebKit/537.36 (KHTML, like Gecko) Chrome/120.0.0.0 Safari/537.36"
20.220.211.108 - - [02/Mar/2026:12:32:45 -0500] "GET /dropdown.php HTTP/1.1" 301 0 "-" "Mozilla/5.0 (Windows NT 10.0; Win64; x64) AppleWebKit/537.36 (KHTML, like Gecko) Chrome/120.0.0.0 Safari/537.36"
20.220.211.108 - - [02/Mar/2026:12:32:48 -0500] "GET /wp-includes/certificates/ HTTP/1.1" 200 618 "-" "Mozilla/5.0 (Windows NT 10.0; Win64; x64) AppleWebKit/537.36 (KHTML, like Gecko) Chrome/120.0.0.0 Safari/537.36"
20.220.211.108 - - [02/Mar/2026:12:32:48 -0500] "GET /wp-content/uploads/wp-login.php HTTP/1.1" 301 0 "-" "Mozilla/5.0 (Windows NT 10.0; Win64; x64) AppleWebKit/537.36 (KHTML, like Gecko) Chrome/120.0.0.0 Safari/537.36"
20.220.211.108 - - [02/Mar/2026:12:32:53 -0500] "GET /wp-admin/network/index.php HTTP/1.1" 302 0 "-" "Mozilla/5.0 (Windows NT 10.0; Win64; x64) AppleWebKit/537.36 (KHTML, like Gecko) Chrome/120.0.0.0 Safari/537.36"
20.220.211.108 - - [02/Mar/2026:12:32:55 -0500] "GET /wp-admin/maint/ HTTP/1.1" 200 619 "-" "Mozilla/5.0 (Windows NT 10.0; Win64; x64) AppleWebKit/537.36 (KHTML, like Gecko) Chrome/120.0.0.0 Safari/537.36"
20.220.211.108 - - [02/Mar/2026:12:32:56 -0500] "GET /wp-includes/customize/about.php HTTP/1.1" 301 0 "-" "Mozilla/5.0 (Windows NT 10.0; Win64; x64) AppleWebKit/537.36 (KHTML, like Gecko) Chrome/120.0.0.0 Safari/537.36"
20.220.211.108 - - [02/Mar/2026:12:32:57 -0500] "GET /css/admin.php HTTP/1.1" 301 0 "-" "Mozilla/5.0 (Windows NT 10.0; Win64; x64) AppleWebKit/537.36 (KHTML, like Gecko) Chrome/120.0.0.0 Safari/537.36"
20.220.211.108 - - [02/Mar/2026:12:32:59 -0500] "GET /wp-includes/images/media/ HTTP/1.1" 200 1076 "-" "Mozilla/5.0 (Windows NT 10.0; Win64; x64) AppleWebKit/537.36 (KHTML, like Gecko) Chrome/120.0.0.0 Safari/537.36"
20.220.211.108 - - [02/Mar/2026:12:32:59 -0500] "GET /wp-content/index.php HTTP/1.1" 200 0 "-" "Mozilla/5.0 (Windows NT 10.0; Win64; x64) AppleWebKit/537.36 (KHTML, like Gecko) Chrome/120.0.0.0 Safari/537.36"
20.220.211.108 - - [02/Mar/2026:12:32:59 -0500] "GET /simple.php HTTP/1.1" 301 0 "-" "Mozilla/5.0 (Windows NT 10.0; Win64; x64) AppleWebKit/537.36 (KHTML, like Gecko) Chrome/120.0.0.0 Safari/537.36"
20.220.211.108 - - [02/Mar/2026:12:33:00 -0500] "GET /wp-includes/js/tinymce/skins/wordpress/images/index.php HTTP/1.1" 301 0 "-" "Mozilla/5.0 (Windows NT 10.0; Win64; x64) AppleWebKit/537.36 (KHTML, like Gecko) Chrome/120.0.0.0 Safari/537.36"
20.220.211.108 - - [02/Mar/2026:12:33:02 -0500] "GET /wp-includes/js/index.php HTTP/1.1" 301 0 "-" "Mozilla/5.0 (Windows NT 10.0; Win64; x64) AppleWebKit/537.36 (KHTML, like Gecko) Chrome/120.0.0.0 Safari/537.36"
20.220.211.108 - - [02/Mar/2026:12:32:56 -0500] "GET /wp-includes/ID3/ HTTP/1.1" 200 1387 "-" "Mozilla/5.0 (Windows NT 10.0; Win64; x64) AppleWebKit/537.36 (KHTML, like Gecko) Chrome/120.0.0.0 Safari/537.36"
20.220.211.108 - - [02/Mar/2026:12:32:56 -0500] "GET /wp-content/themes/seotheme/mar.php HTTP/1.1" 301 0 "-" "Mozilla/5.0 (Windows NT 10.0; Win64; x64) AppleWebKit/537.36 (KHTML, like Gecko) Chrome/120.0.0.0 Safari/537.36"
162.213.253.84 - - [02/Mar/2026:12:32:58 -0500] "POST /wp-cron.php?doing_wp_cron=1772472778.3968689441680908203125 HTTP/1.1" 200 0 "https://www.vjmedia.in/wp-cron.php?doing_wp_cron=1772472778.3968689441680908203125" "WordPress/5.5.1; https://www.vjmedia.in"
20.220.211.108 - - [02/Mar/2026:12:33:01 -0500] "GET /alfa-rex.php HTTP/1.1" 301 0 "-" "Mozilla/5.0 (Windows NT 10.0; Win64; x64) AppleWebKit/537.36 (KHTML, like Gecko) Chrome/120.0.0.0 Safari/537.36"
54.39.6.173 - - [02/Mar/2026:12:37:24 -0500] "GET /wp-sitemap.xml HTTP/1.1" 200 277 "-" "Mozilla/5.0 (compatible; AhrefsBot/7.0; +http://ahrefs.com/robot/)"
15.235.96.205 - - [02/Mar/2026:12:37:28 -0500] "GET /wp-sitemap-posts-post-1.xml HTTP/1.1" 200 1534 "-" "Mozilla/5.0 (compatible; AhrefsBot/7.0; +http://ahrefs.com/robot/)"
15.235.27.83 - - [02/Mar/2026:12:37:38 -0500] "GET /wp-sitemap-posts-topic-1.xml HTTP/1.1" 200 239 "-" "Mozilla/5.0 (compatible; AhrefsBot/7.0; +http://ahrefs.com/robot/)"
148.113.130.140 - - [02/Mar/2026:12:37:41 -0500] "GET /wp-sitemap-posts-reply-1.xml HTTP/1.1" 200 162 "-" "Mozilla/5.0 (compatible; AhrefsBot/7.0; +http://ahrefs.com/robot/)"
15.235.27.218 - - [02/Mar/2026:12:37:45 -0500] "GET /wp-sitemap-posts-services-1.xml HTTP/1.1" 200 176 "-" "Mozilla/5.0 (compatible; AhrefsBot/7.0; +http://ahrefs.com/robot/)"
54.39.89.121 - - [02/Mar/2026:12:37:51 -0500] "GET /wp-sitemap-posts-donation-1.xml HTTP/1.1" 200 174 "-" "Mozilla/5.0 (compatible; AhrefsBot/7.0; +http://ahrefs.com/robot/)"
51.161.65.161 - - [02/Mar/2026:12:37:55 -0500] "GET /wp-sitemap-taxonomies-category-1.xml HTTP/1.1" 200 231 "-" "Mozilla/5.0 (compatible; AhrefsBot/7.0; +http://ahrefs.com/robot/)"
54.39.136.32 - - [02/Mar/2026:12:37:58 -0500] "GET /wp-sitemap-taxonomies-post_tag-1.xml HTTP/1.1" 200 183 "-" "Mozilla/5.0 (compatible; AhrefsBot/7.0; +http://ahrefs.com/robot/)"
54.39.6.84 - - [02/Mar/2026:12:38:05 -0500] "GET /wp-sitemap-taxonomies-services_group-1.xml HTTP/1.1" 200 182 "-" "Mozilla/5.0 (compatible; AhrefsBot/7.0; +http://ahrefs.com/robot/)"
51.161.65.10 - - [02/Mar/2026:12:38:12 -0500] "GET /wp-sitemap-taxonomies-donation_category-1.xml HTTP/1.1" 200 163 "-" "Mozilla/5.0 (compatible; AhrefsBot/7.0; +http://ahrefs.com/robot/)"
54.39.6.121 - - [02/Mar/2026:12:38:15 -0500] "GET /wp-sitemap-taxonomies-tribe_events_cat-1.xml HTTP/1.1" 200 161 "-" "Mozilla/5.0 (compatible; AhrefsBot/7.0; +http://ahrefs.com/robot/)"
54.39.6.241 - - [02/Mar/2026:12:38:18 -0500] "GET /wp-sitemap-users-1.xml HTTP/1.1" 200 156 "-" "Mozilla/5.0 (compatible; AhrefsBot/7.0; +http://ahrefs.com/robot/)"
162.213.253.84 - - [02/Mar/2026:12:40:07 -0500] "POST /wp-cron.php?doing_wp_cron=1772473207.9205870628356933593750 HTTP/1.1" 200 0 "https://www.vjmedia.in/wp-cron.php?doing_wp_cron=1772473207.9205870628356933593750" "WordPress/5.5.1; https://www.vjmedia.in"
4.204.8.222 - - [02/Mar/2026:12:40:07 -0500] "POST /wp-login.php HTTP/1.1" 200 2413 "https://vjmedia.in/wp-login.php" "Mozilla/5.0 (Windows NT 10.0; Win64; x64) AppleWebKit/537.36 (KHTML, like Gecko) Chrome/130.0.0.0 Safari/537.36"
20.189.95.92 - - [02/Mar/2026:12:47:49 -0500] "GET /adminfuns.php HTTP/1.1" 301 0 "-" "Mozilla/5.0 (Windows NT 10.0; Win64; x64) AppleWebKit/537.36 (KHTML, like Gecko) Chrome/120.0.0.0 Safari/537.36"
20.189.95.92 - - [02/Mar/2026:12:47:50 -0500] "GET /wp-content/themes/admin.php HTTP/1.1" 301 0 "-" "Mozilla/5.0 (Windows NT 10.0; Win64; x64) AppleWebKit/537.36 (KHTML, like Gecko) Chrome/120.0.0.0 Safari/537.36"
20.189.95.92 - - [02/Mar/2026:12:47:51 -0500] "GET /wp-includes/Requests/library/ HTTP/1.1" 301 0 "-" "Mozilla/5.0 (Windows NT 10.0; Win64; x64) AppleWebKit/537.36 (KHTML, like Gecko) Chrome/120.0.0.0 Safari/537.36"
20.189.95.92 - - [02/Mar/2026:12:47:56 -0500] "GET /wp.php HTTP/1.1" 301 0 "-" "Mozilla/5.0 (Windows NT 10.0; Win64; x64) AppleWebKit/537.36 (KHTML, like Gecko) Chrome/120.0.0.0 Safari/537.36"
20.189.95.92 - - [02/Mar/2026:12:47:56 -0500] "GET /wp-includes/Text/Diff/Engine/index.php HTTP/1.1" 301 0 "-" "Mozilla/5.0 (Windows NT 10.0; Win64; x64) AppleWebKit/537.36 (KHTML, like Gecko) Chrome/120.0.0.0 Safari/537.36"
162.213.253.84 - - [02/Mar/2026:12:47:58 -0500] "POST /wp-cron.php?doing_wp_cron=1772473678.2670469284057617187500 HTTP/1.1" 200 0 "https://www.vjmedia.in/wp-cron.php?doing_wp_cron=1772473678.2670469284057617187500" "WordPress/5.5.1; https://www.vjmedia.in"
15.235.96.77 - - [02/Mar/2026:12:37:31 -0500] "GET /wp-sitemap-posts-page-1.xml HTTP/1.1" 200 291 "-" "Mozilla/5.0 (compatible; AhrefsBot/7.0; +http://ahrefs.com/robot/)"
15.235.98.93 - - [02/Mar/2026:12:37:34 -0500] "GET /wp-sitemap-posts-forum-1.xml HTTP/1.1" 200 181 "-" "Mozilla/5.0 (compatible; AhrefsBot/7.0; +http://ahrefs.com/robot/)"
51.161.65.191 - - [02/Mar/2026:12:37:48 -0500] "GET /wp-sitemap-posts-team-1.xml HTTP/1.1" 200 234 "-" "Mozilla/5.0 (compatible; AhrefsBot/7.0; +http://ahrefs.com/robot/)"
167.114.139.6 - - [02/Mar/2026:12:38:02 -0500] "GET /wp-sitemap-taxonomies-topic-tag-1.xml HTTP/1.1" 200 163 "-" "Mozilla/5.0 (compatible; AhrefsBot/7.0; +http://ahrefs.com/robot/)"
15.235.98.57 - - [02/Mar/2026:12:38:08 -0500] "GET /wp-sitemap-taxonomies-team_group-1.xml HTTP/1.1" 200 159 "-" "Mozilla/5.0 (compatible; AhrefsBot/7.0; +http://ahrefs.com/robot/)"
4.204.8.222 - - [02/Mar/2026:12:40:06 -0500] "GET /wp-login.php HTTP/1.1" 200 2326 "-" "Mozilla/5.0 (Windows NT 10.0; Win64; x64) AppleWebKit/537.36 (KHTML, like Gecko) Chrome/130.0.0.0 Safari/537.36"
144.31.219.16 - - [02/Mar/2026:12:41:53 -0500] "GET /wp-content/uploads/2016/01/Mahie_Discover_India.jpg HTTP/1.1" 200 506522 "-" "Mozilla/5.0 (Windows NT 10.0; Win64; x64) AppleWebKit/537.36 (KHTML, like Gecko) Chrome/140.0.0.0 Safari/537.36"
144.31.219.18 - - [02/Mar/2026:12:44:18 -0500] "GET /wp-content/uploads/2019/08/Mediworld-July-Aug-2019-LR-Final_page-0024.jpg HTTP/1.1" 200 1191595 "-" "Mozilla/5.0 (Windows NT 10.0; Win64; x64) AppleWebKit/537.36 (KHTML, like Gecko) Chrome/140.0.0.0 Safari/537.36"
172.104.148.144 - - [02/Mar/2026:12:46:58 -0500] "POST /wp-cron.php?doing_wp_cron=1772473617.8990941047668457031250 HTTP/1.1" 200 0 "https://www.vjmedia.in/wp-cron.php?doing_wp_cron=1772473617.8990941047668457031250" "WordPress/5.5.1; https://www.vjmedia.in"
20.189.95.92 - - [02/Mar/2026:12:47:45 -0500] "GET /admin.php HTTP/1.1" 301 0 "-" "Mozilla/5.0 (Windows NT 10.0; Win64; x64) AppleWebKit/537.36 (KHTML, like Gecko) Chrome/120.0.0.0 Safari/537.36"
20.189.95.92 - - [02/Mar/2026:12:47:47 -0500] "GET /wp-admin/js/ HTTP/1.1" 200 3259 "-" "Mozilla/5.0 (Windows NT 10.0; Win64; x64) AppleWebKit/537.36 (KHTML, like Gecko) Chrome/120.0.0.0 Safari/537.36"
20.189.95.92 - - [02/Mar/2026:12:47:47 -0500] "GET /f.php HTTP/1.1" 301 0 "-" "Mozilla/5.0 (Windows NT 10.0; Win64; x64) AppleWebKit/537.36 (KHTML, like Gecko) Chrome/120.0.0.0 Safari/537.36"
20.189.95.92 - - [02/Mar/2026:12:47:48 -0500] "GET /wk/index.php HTTP/1.1" 301 0 "-" "Mozilla/5.0 (Windows NT 10.0; Win64; x64) AppleWebKit/537.36 (KHTML, like Gecko) Chrome/120.0.0.0 Safari/537.36"
20.189.95.92 - - [02/Mar/2026:12:47:52 -0500] "GET /classwithtostring.php HTTP/1.1" 301 0 "-" "Mozilla/5.0 (Windows NT 10.0; Win64; x64) AppleWebKit/537.36 (KHTML, like Gecko) Chrome/120.0.0.0 Safari/537.36"
20.189.95.92 - - [02/Mar/2026:12:47:53 -0500] "GET /sf.php HTTP/1.1" 301 0 "-" "Mozilla/5.0 (Windows NT 10.0; Win64; x64) AppleWebKit/537.36 (KHTML, like Gecko) Chrome/120.0.0.0 Safari/537.36"
20.189.95.92 - - [02/Mar/2026:12:47:54 -0500] "GET /bgymj.php HTTP/1.1" 301 0 "-" "Mozilla/5.0 (Windows NT 10.0; Win64; x64) AppleWebKit/537.36 (KHTML, like Gecko) Chrome/120.0.0.0 Safari/537.36"
20.189.95.92 - - [02/Mar/2026:12:47:57 -0500] "GET /wp-includes HTTP/1.1" 301 795 "-" "Mozilla/5.0 (Windows NT 10.0; Win64; x64) AppleWebKit/537.36 (KHTML, like Gecko) Chrome/120.0.0.0 Safari/537.36"
20.189.95.92 - - [02/Mar/2026:12:47:57 -0500] "GET /ms-edit.php HTTP/1.1" 301 0 "-" "Mozilla/5.0 (Windows NT 10.0; Win64; x64) AppleWebKit/537.36 (KHTML, like Gecko) Chrome/120.0.0.0 Safari/537.36"
20.189.95.92 - - [02/Mar/2026:12:48:01 -0500] "GET /about.php HTTP/1.1" 301 0 "-" "Mozilla/5.0 (Windows NT 10.0; Win64; x64) AppleWebKit/537.36 (KHTML, like Gecko) Chrome/120.0.0.0 Safari/537.36"
20.189.95.92 - - [02/Mar/2026:12:48:03 -0500] "GET /bolt.php HTTP/1.1" 301 0 "-" "Mozilla/5.0 (Windows NT 10.0; Win64; x64) AppleWebKit/537.36 (KHTML, like Gecko) Chrome/120.0.0.0 Safari/537.36"
20.189.95.92 - - [02/Mar/2026:12:47:59 -0500] "GET /wp-content/admin.php HTTP/1.1" 301 0 "-" "Mozilla/5.0 (Windows NT 10.0; Win64; x64) AppleWebKit/537.36 (KHTML, like Gecko) Chrome/120.0.0.0 Safari/537.36"
20.189.95.92 - - [02/Mar/2026:12:48:00 -0500] "GET /wp-file.php HTTP/1.1" 301 0 "-" "Mozilla/5.0 (Windows NT 10.0; Win64; x64) AppleWebKit/537.36 (KHTML, like Gecko) Chrome/120.0.0.0 Safari/537.36"
20.189.95.92 - - [02/Mar/2026:12:48:02 -0500] "GET /as.php HTTP/1.1" 301 0 "-" "Mozilla/5.0 (Windows NT 10.0; Win64; x64) AppleWebKit/537.36 (KHTML, like Gecko) Chrome/120.0.0.0 Safari/537.36"
20.189.95.92 - - [02/Mar/2026:12:48:05 -0500] "GET /class-t.api.php HTTP/1.1" 301 0 "-" "Mozilla/5.0 (Windows NT 10.0; Win64; x64) AppleWebKit/537.36 (KHTML, like Gecko) Chrome/120.0.0.0 Safari/537.36"
20.189.95.92 - - [02/Mar/2026:12:48:06 -0500] "GET /wp-admin/js/index.php HTTP/1.1" 301 0 "-" "Mozilla/5.0 (Windows NT 10.0; Win64; x64) AppleWebKit/537.36 (KHTML, like Gecko) Chrome/120.0.0.0 Safari/537.36"
20.189.95.92 - - [02/Mar/2026:12:48:06 -0500] "GET /wp-content/uploads/index.php HTTP/1.1" 301 0 "-" "Mozilla/5.0 (Windows NT 10.0; Win64; x64) AppleWebKit/537.36 (KHTML, like Gecko) Chrome/120.0.0.0 Safari/537.36"
20.189.95.92 - - [02/Mar/2026:12:48:07 -0500] "GET /abcd.php HTTP/1.1" 301 0 "-" "Mozilla/5.0 (Windows NT 10.0; Win64; x64) AppleWebKit/537.36 (KHTML, like Gecko) Chrome/120.0.0.0 Safari/537.36"
20.189.95.92 - - [02/Mar/2026:12:48:08 -0500] "GET /ioxi-o.php HTTP/1.1" 301 0 "-" "Mozilla/5.0 (Windows NT 10.0; Win64; x64) AppleWebKit/537.36 (KHTML, like Gecko) Chrome/120.0.0.0 Safari/537.36"
20.189.95.92 - - [02/Mar/2026:12:48:12 -0500] "GET /wp-includes/IXR/index.php HTTP/1.1" 301 0 "-" "Mozilla/5.0 (Windows NT 10.0; Win64; x64) AppleWebKit/537.36 (KHTML, like Gecko) Chrome/120.0.0.0 Safari/537.36"
20.189.95.92 - - [02/Mar/2026:12:48:14 -0500] "GET /wp-admin.php HTTP/1.1" 301 0 "-" "Mozilla/5.0 (Windows NT 10.0; Win64; x64) AppleWebKit/537.36 (KHTML, like Gecko) Chrome/120.0.0.0 Safari/537.36"
20.189.95.92 - - [02/Mar/2026:12:48:14 -0500] "GET /166.php HTTP/1.1" 301 0 "-" "Mozilla/5.0 (Windows NT 10.0; Win64; x64) AppleWebKit/537.36 (KHTML, like Gecko) Chrome/120.0.0.0 Safari/537.36"
20.189.95.92 - - [02/Mar/2026:12:48:17 -0500] "GET /wp-includes/images/crystal/ HTTP/1.1" 200 1180 "-" "Mozilla/5.0 (Windows NT 10.0; Win64; x64) AppleWebKit/537.36 (KHTML, like Gecko) Chrome/120.0.0.0 Safari/537.36"
20.189.95.92 - - [02/Mar/2026:12:48:18 -0500] "GET /x.php HTTP/1.1" 301 0 "-" "Mozilla/5.0 (Windows NT 10.0; Win64; x64) AppleWebKit/537.36 (KHTML, like Gecko) Chrome/120.0.0.0 Safari/537.36"
20.189.95.92 - - [02/Mar/2026:12:48:19 -0500] "GET /xmlrpc.php HTTP/1.1" 405 46 "-" "Mozilla/5.0 (Windows NT 10.0; Win64; x64) AppleWebKit/537.36 (KHTML, like Gecko) Chrome/120.0.0.0 Safari/537.36"
20.189.95.92 - - [02/Mar/2026:12:48:21 -0500] "GET /24.php HTTP/1.1" 301 0 "-" "Mozilla/5.0 (Windows NT 10.0; Win64; x64) AppleWebKit/537.36 (KHTML, like Gecko) Chrome/120.0.0.0 Safari/537.36"
20.189.95.92 - - [02/Mar/2026:12:48:22 -0500] "GET /buy.php HTTP/1.1" 301 0 "-" "Mozilla/5.0 (Windows NT 10.0; Win64; x64) AppleWebKit/537.36 (KHTML, like Gecko) Chrome/120.0.0.0 Safari/537.36"
20.189.95.92 - - [02/Mar/2026:12:48:22 -0500] "GET /test1.php HTTP/1.1" 301 0 "-" "Mozilla/5.0 (Windows NT 10.0; Win64; x64) AppleWebKit/537.36 (KHTML, like Gecko) Chrome/120.0.0.0 Safari/537.36"
20.189.95.92 - - [02/Mar/2026:12:48:22 -0500] "GET /wp-admin/css/colors/about.php HTTP/1.1" 301 0 "-" "Mozilla/5.0 (Windows NT 10.0; Win64; x64) AppleWebKit/537.36 (KHTML, like Gecko) Chrome/120.0.0.0 Safari/537.36"
20.189.95.92 - - [02/Mar/2026:12:48:23 -0500] "GET /wp-admin/css/colors/index.php HTTP/1.1" 301 0 "-" "Mozilla/5.0 (Windows NT 10.0; Win64; x64) AppleWebKit/537.36 (KHTML, like Gecko) Chrome/120.0.0.0 Safari/537.36"
20.189.95.92 - - [02/Mar/2026:12:48:23 -0500] "GET /wp-admin/includes/ HTTP/1.1" 200 4264 "-" "Mozilla/5.0 (Windows NT 10.0; Win64; x64) AppleWebKit/537.36 (KHTML, like Gecko) Chrome/120.0.0.0 Safari/537.36"
20.189.95.92 - - [02/Mar/2026:12:48:06 -0500] "GET /wp-content/themes/index.php HTTP/1.1" 200 0 "-" "Mozilla/5.0 (Windows NT 10.0; Win64; x64) AppleWebKit/537.36 (KHTML, like Gecko) Chrome/120.0.0.0 Safari/537.36"
20.189.95.92 - - [02/Mar/2026:12:48:08 -0500] "GET /cgi-bin HTTP/1.1" 301 795 "-" "Mozilla/5.0 (Windows NT 10.0; Win64; x64) AppleWebKit/537.36 (KHTML, like Gecko) Chrome/120.0.0.0 Safari/537.36"
20.189.95.92 - - [02/Mar/2026:12:48:10 -0500] "GET /jga.php HTTP/1.1" 301 0 "-" "Mozilla/5.0 (Windows NT 10.0; Win64; x64) AppleWebKit/537.36 (KHTML, like Gecko) Chrome/120.0.0.0 Safari/537.36"
20.189.95.92 - - [02/Mar/2026:12:48:11 -0500] "GET /wp-cron.php HTTP/1.1" 200 0 "-" "Mozilla/5.0 (Windows NT 10.0; Win64; x64) AppleWebKit/537.36 (KHTML, like Gecko) Chrome/120.0.0.0 Safari/537.36"
20.189.95.92 - - [02/Mar/2026:12:48:13 -0500] "GET /.well-known/ HTTP/1.1" 200 612 "-" "Mozilla/5.0 (Windows NT 10.0; Win64; x64) AppleWebKit/537.36 (KHTML, like Gecko) Chrome/120.0.0.0 Safari/537.36"
20.189.95.92 - - [02/Mar/2026:12:48:13 -0500] "GET /file.php HTTP/1.1" 301 0 "-" "Mozilla/5.0 (Windows NT 10.0; Win64; x64) AppleWebKit/537.36 (KHTML, like Gecko) Chrome/120.0.0.0 Safari/537.36"
20.189.95.92 - - [02/Mar/2026:12:48:14 -0500] "GET /wp-content/uploads/ HTTP/1.1" 200 1322 "-" "Mozilla/5.0 (Windows NT 10.0; Win64; x64) AppleWebKit/537.36 (KHTML, like Gecko) Chrome/120.0.0.0 Safari/537.36"
20.189.95.92 - - [02/Mar/2026:12:48:14 -0500] "GET /wp-content/uploads/admin.php HTTP/1.1" 301 0 "-" "Mozilla/5.0 (Windows NT 10.0; Win64; x64) AppleWebKit/537.36 (KHTML, like Gecko) Chrome/120.0.0.0 Safari/537.36"
20.189.95.92 - - [02/Mar/2026:12:48:16 -0500] "GET /dropdown.php HTTP/1.1" 301 0 "-" "Mozilla/5.0 (Windows NT 10.0; Win64; x64) AppleWebKit/537.36 (KHTML, like Gecko) Chrome/120.0.0.0 Safari/537.36"
20.189.95.92 - - [02/Mar/2026:12:48:16 -0500] "GET /wp-content/edit.php HTTP/1.1" 301 0 "-" "Mozilla/5.0 (Windows NT 10.0; Win64; x64) AppleWebKit/537.36 (KHTML, like Gecko) Chrome/120.0.0.0 Safari/537.36"
20.189.95.92 - - [02/Mar/2026:12:48:17 -0500] "GET /wp-includes/js/jcrop/Jcrop.php HTTP/1.1" 301 0 "-" "Mozilla/5.0 (Windows NT 10.0; Win64; x64) AppleWebKit/537.36 (KHTML, like Gecko) Chrome/120.0.0.0 Safari/537.36"
20.189.95.92 - - [02/Mar/2026:12:48:20 -0500] "GET /.well-known/acme-challenge/index.php HTTP/1.1" 301 0 "-" "Mozilla/5.0 (Windows NT 10.0; Win64; x64) AppleWebKit/537.36 (KHTML, like Gecko) Chrome/120.0.0.0 Safari/537.36"
20.189.95.92 - - [02/Mar/2026:12:48:24 -0500] "GET /wp-admin/themes.php HTTP/1.1" 302 0 "-" "Mozilla/5.0 (Windows NT 10.0; Win64; x64) AppleWebKit/537.36 (KHTML, like Gecko) Chrome/120.0.0.0 Safari/537.36"
20.189.95.92 - - [02/Mar/2026:12:48:25 -0500] "GET /wp-content/uploads/2025/ HTTP/1.1" 200 1091 "-" "Mozilla/5.0 (Windows NT 10.0; Win64; x64) AppleWebKit/537.36 (KHTML, like Gecko) Chrome/120.0.0.0 Safari/537.36"
20.189.95.92 - - [02/Mar/2026:12:48:25 -0500] "GET /wp-content/wp-conflg.php HTTP/1.1" 301 0 "-" "Mozilla/5.0 (Windows NT 10.0; Win64; x64) AppleWebKit/537.36 (KHTML, like Gecko) Chrome/120.0.0.0 Safari/537.36"
20.189.95.92 - - [02/Mar/2026:12:48:26 -0500] "GET /wp-includes/js/codemirror/about.php HTTP/1.1" 301 0 "-" "Mozilla/5.0 (Windows NT 10.0; Win64; x64) AppleWebKit/537.36 (KHTML, like Gecko) Chrome/120.0.0.0 Safari/537.36"
20.189.95.92 - - [02/Mar/2026:12:48:27 -0500] "GET /aa.php HTTP/1.1" 301 0 "-" "Mozilla/5.0 (Windows NT 10.0; Win64; x64) AppleWebKit/537.36 (KHTML, like Gecko) Chrome/120.0.0.0 Safari/537.36"
20.189.95.92 - - [02/Mar/2026:12:48:28 -0500] "GET /bless.php HTTP/1.1" 301 0 "-" "Mozilla/5.0 (Windows NT 10.0; Win64; x64) AppleWebKit/537.36 (KHTML, like Gecko) Chrome/120.0.0.0 Safari/537.36"
20.189.95.92 - - [02/Mar/2026:12:48:29 -0500] "GET /content.php HTTP/1.1" 301 0 "-" "Mozilla/5.0 (Windows NT 10.0; Win64; x64) AppleWebKit/537.36 (KHTML, like Gecko) Chrome/120.0.0.0 Safari/537.36"
20.189.95.92 - - [02/Mar/2026:12:48:30 -0500] "GET /images/index.php HTTP/1.1" 301 0 "-" "Mozilla/5.0 (Windows NT 10.0; Win64; x64) AppleWebKit/537.36 (KHTML, like Gecko) Chrome/120.0.0.0 Safari/537.36"
20.189.95.92 - - [02/Mar/2026:12:48:32 -0500] "GET /rip.php HTTP/1.1" 301 0 "-" "Mozilla/5.0 (Windows NT 10.0; Win64; x64) AppleWebKit/537.36 (KHTML, like Gecko) Chrome/120.0.0.0 Safari/537.36"
20.189.95.92 - - [02/Mar/2026:12:48:24 -0500] "GET /wp-admin/maint/ HTTP/1.1" 200 619 "-" "Mozilla/5.0 (Windows NT 10.0; Win64; x64) AppleWebKit/537.36 (KHTML, like Gecko) Chrome/120.0.0.0 Safari/537.36"
20.189.95.92 - - [02/Mar/2026:12:48:25 -0500] "GET /wp-content/admin-header.php HTTP/1.1" 301 0 "-" "Mozilla/5.0 (Windows NT 10.0; Win64; x64) AppleWebKit/537.36 (KHTML, like Gecko) Chrome/120.0.0.0 Safari/537.36"
20.189.95.92 - - [02/Mar/2026:12:48:26 -0500] "GET /wp-includes/images/ HTTP/1.1" 200 1687 "-" "Mozilla/5.0 (Windows NT 10.0; Win64; x64) AppleWebKit/537.36 (KHTML, like Gecko) Chrome/120.0.0.0 Safari/537.36"
20.189.95.92 - - [02/Mar/2026:12:48:29 -0500] "GET /css/autoload_classmap.php HTTP/1.1" 301 0 "-" "Mozilla/5.0 (Windows NT 10.0; Win64; x64) AppleWebKit/537.36 (KHTML, like Gecko) Chrome/120.0.0.0 Safari/537.36"
20.189.95.92 - - [02/Mar/2026:12:48:31 -0500] "GET /index/function.php HTTP/1.1" 301 0 "-" "Mozilla/5.0 (Windows NT 10.0; Win64; x64) AppleWebKit/537.36 (KHTML, like Gecko) Chrome/120.0.0.0 Safari/537.36"
20.189.95.92 - - [02/Mar/2026:12:48:33 -0500] "GET /themes.php HTTP/1.1" 301 0 "-" "Mozilla/5.0 (Windows NT 10.0; Win64; x64) AppleWebKit/537.36 (KHTML, like Gecko) Chrome/120.0.0.0 Safari/537.36"
