54.37.252.36 - - [18/Apr/2026:04:19:14 -0400] "GET /events/2019-08-08/ HTTP/1.1" 200 12970 "-" "Mozilla/5.0 (compatible; MJ12bot/v1.4.8; http://mj12bot.com/)"
179.43.40.53 - - [18/Apr/2026:04:26:53 -0400] "GET /wp-login.php HTTP/1.1" 200 2359 "-" "Mozilla/5.0 (Macintosh; Intel Mac OS X 10_9_5) AppleWebKit/537.36 (KHTML, like Gecko) Chrome/66.0.3359.117 Safari/537.36"
66.249.79.65 - - [18/Apr/2026:04:26:59 -0400] "GET /dubai-promotes-emirati-heritage-for-tourism-first-magazine/ HTTP/1.1" 200 13238 "-" "Mozilla/5.0 (Linux; Android 6.0.1; Nexus 5X Build/MMB29P) AppleWebKit/537.36 (KHTML, like Gecko) Chrome/146.0.7680.177 Mobile Safari/537.36 (compatible; Googlebot/2.1; +http://www.google.com/bot.html)"
66.249.79.65 - - [18/Apr/2026:04:27:04 -0400] "GET /wp-content/plugins/booked/assets/css/styles.css?ver=2.1 HTTP/1.1" 200 7617 "https://www.vjmedia.in/dubai-promotes-emirati-heritage-for-tourism-first-magazine/" "Mozilla/5.0 (Linux; Android 6.0.1; Nexus 5X Build/MMB29P) AppleWebKit/537.36 (KHTML, like Gecko) Chrome/146.0.7680.177 Mobile Safari/537.36 (compatible; Googlebot/2.1; +http://www.google.com/bot.html)"
66.249.79.64 - - [18/Apr/2026:04:27:05 -0400] "GET /wp-content/plugins/booked/assets/css/responsive.css?ver=2.1 HTTP/1.1" 200 1566 "https://www.vjmedia.in/dubai-promotes-emirati-heritage-for-tourism-first-magazine/" "Mozilla/5.0 (Linux; Android 6.0.1; Nexus 5X Build/MMB29P) AppleWebKit/537.36 (KHTML, like Gecko) Chrome/146.0.7680.177 Mobile Safari/537.36 (compatible; Googlebot/2.1; +http://www.google.com/bot.html)"
185.2.31.101 - - [18/Apr/2026:04:32:58 -0400] "GET /wp-login.php HTTP/1.1" 200 2359 "-" "Mozilla/5.0 (Macintosh; Intel Mac OS X 10_13_2) AppleWebKit/537.36 (KHTML, like Gecko) Chrome/66.0.3359.139 Safari/537.36"
162.213.253.84 - - [18/Apr/2026:04:33:02 -0400] "POST /wp-cron.php?doing_wp_cron=1776501182.5392088890075683593750 HTTP/1.1" 200 0 "https://www.vjmedia.in/wp-cron.php?doing_wp_cron=1776501182.5392088890075683593750" "WordPress/5.5.1; https://www.vjmedia.in"
20.235.69.36 - - [18/Apr/2026:04:37:14 -0400] "GET /wp-blog.php HTTP/1.1" 301 0 "-" "Mozilla/5.0 (Windows NT 10.0; Win64; x64) AppleWebKit/537.36 (KHTML, like Gecko) Chrome/120.0.0.0 Safari/537.36"
20.235.69.36 - - [18/Apr/2026:04:37:16 -0400] "GET /CDX2.php HTTP/1.1" 301 0 "-" "Mozilla/5.0 (Windows NT 10.0; Win64; x64) AppleWebKit/537.36 (KHTML, like Gecko) Chrome/120.0.0.0 Safari/537.36"
20.235.69.36 - - [18/Apr/2026:04:37:17 -0400] "GET /profile.php HTTP/1.1" 301 0 "-" "Mozilla/5.0 (Windows NT 10.0; Win64; x64) AppleWebKit/537.36 (KHTML, like Gecko) Chrome/120.0.0.0 Safari/537.36"
20.235.69.36 - - [18/Apr/2026:04:37:18 -0400] "GET /wp-content/themes/admin.php HTTP/1.1" 301 0 "-" "Mozilla/5.0 (Windows NT 10.0; Win64; x64) AppleWebKit/537.36 (KHTML, like Gecko) Chrome/120.0.0.0 Safari/537.36"
20.235.69.36 - - [18/Apr/2026:04:37:20 -0400] "GET /403.php HTTP/1.1" 301 0 "-" "Mozilla/5.0 (Windows NT 10.0; Win64; x64) AppleWebKit/537.36 (KHTML, like Gecko) Chrome/120.0.0.0 Safari/537.36"
20.235.69.36 - - [18/Apr/2026:04:37:21 -0400] "GET /a4.php HTTP/1.1" 301 0 "-" "Mozilla/5.0 (Windows NT 10.0; Win64; x64) AppleWebKit/537.36 (KHTML, like Gecko) Chrome/120.0.0.0 Safari/537.36"
20.235.69.36 - - [18/Apr/2026:04:37:22 -0400] "GET /app.php HTTP/1.1" 301 0 "-" "Mozilla/5.0 (Windows NT 10.0; Win64; x64) AppleWebKit/537.36 (KHTML, like Gecko) Chrome/120.0.0.0 Safari/537.36"
20.235.69.36 - - [18/Apr/2026:04:37:24 -0400] "GET /core.php HTTP/1.1" 301 0 "-" "Mozilla/5.0 (Windows NT 10.0; Win64; x64) AppleWebKit/537.36 (KHTML, like Gecko) Chrome/120.0.0.0 Safari/537.36"
20.235.69.36 - - [18/Apr/2026:04:37:26 -0400] "GET /wp-block.php HTTP/1.1" 301 0 "-" "Mozilla/5.0 (Windows NT 10.0; Win64; x64) AppleWebKit/537.36 (KHTML, like Gecko) Chrome/120.0.0.0 Safari/537.36"
20.235.69.36 - - [18/Apr/2026:04:37:28 -0400] "GET /wp-includes/images/wp.php HTTP/1.1" 301 0 "-" "Mozilla/5.0 (Windows NT 10.0; Win64; x64) AppleWebKit/537.36 (KHTML, like Gecko) Chrome/120.0.0.0 Safari/537.36"
20.235.69.36 - - [18/Apr/2026:04:37:29 -0400] "GET /hplfuns.php HTTP/1.1" 301 0 "-" "Mozilla/5.0 (Windows NT 10.0; Win64; x64) AppleWebKit/537.36 (KHTML, like Gecko) Chrome/120.0.0.0 Safari/537.36"
20.235.69.36 - - [18/Apr/2026:04:37:31 -0400] "GET /radio.php HTTP/1.1" 301 0 "-" "Mozilla/5.0 (Windows NT 10.0; Win64; x64) AppleWebKit/537.36 (KHTML, like Gecko) Chrome/120.0.0.0 Safari/537.36"
20.235.69.36 - - [18/Apr/2026:04:37:32 -0400] "GET /wp-content/themes/about.php HTTP/1.1" 301 0 "-" "Mozilla/5.0 (Windows NT 10.0; Win64; x64) AppleWebKit/537.36 (KHTML, like Gecko) Chrome/120.0.0.0 Safari/537.36"
20.235.69.36 - - [18/Apr/2026:04:37:33 -0400] "GET /wp-content/upgrade/1.php HTTP/1.1" 301 0 "-" "Mozilla/5.0 (Windows NT 10.0; Win64; x64) AppleWebKit/537.36 (KHTML, like Gecko) Chrome/120.0.0.0 Safari/537.36"
20.235.69.36 - - [18/Apr/2026:04:37:34 -0400] "GET /wp-includes/fonts.php HTTP/1.1" 301 0 "-" "Mozilla/5.0 (Windows NT 10.0; Win64; x64) AppleWebKit/537.36 (KHTML, like Gecko) Chrome/120.0.0.0 Safari/537.36"
20.235.69.36 - - [18/Apr/2026:04:37:37 -0400] "GET /ws49.php HTTP/1.1" 301 0 "-" "Mozilla/5.0 (Windows NT 10.0; Win64; x64) AppleWebKit/537.36 (KHTML, like Gecko) Chrome/120.0.0.0 Safari/537.36"
20.235.69.36 - - [18/Apr/2026:04:37:38 -0400] "GET /xmlrpc.php HTTP/1.1" 405 46 "-" "Mozilla/5.0 (Windows NT 10.0; Win64; x64) AppleWebKit/537.36 (KHTML, like Gecko) Chrome/120.0.0.0 Safari/537.36"
20.235.69.36 - - [18/Apr/2026:04:37:42 -0400] "GET /ahax.php HTTP/1.1" 301 0 "-" "Mozilla/5.0 (Windows NT 10.0; Win64; x64) AppleWebKit/537.36 (KHTML, like Gecko) Chrome/120.0.0.0 Safari/537.36"
185.2.31.101 - - [18/Apr/2026:04:33:01 -0400] "POST /wp-login.php HTTP/1.1" 200 2425 "https://vjmedia.in/wp-login.php" "Mozilla/5.0 (Macintosh; Intel Mac OS X 10_13_2) AppleWebKit/537.36 (KHTML, like Gecko) Chrome/66.0.3359.139 Safari/537.36"
20.235.69.36 - - [18/Apr/2026:04:37:12 -0400] "GET /atomlib.php HTTP/1.1" 301 0 "-" "Mozilla/5.0 (Windows NT 10.0; Win64; x64) AppleWebKit/537.36 (KHTML, like Gecko) Chrome/120.0.0.0 Safari/537.36"
20.235.69.36 - - [18/Apr/2026:04:37:13 -0400] "GET /themes.php HTTP/1.1" 301 0 "-" "Mozilla/5.0 (Windows NT 10.0; Win64; x64) AppleWebKit/537.36 (KHTML, like Gecko) Chrome/120.0.0.0 Safari/537.36"
20.235.69.36 - - [18/Apr/2026:04:37:15 -0400] "GET /wp-the.php HTTP/1.1" 301 0 "-" "Mozilla/5.0 (Windows NT 10.0; Win64; x64) AppleWebKit/537.36 (KHTML, like Gecko) Chrome/120.0.0.0 Safari/537.36"
20.235.69.36 - - [18/Apr/2026:04:37:19 -0400] "GET /ws80.php HTTP/1.1" 301 0 "-" "Mozilla/5.0 (Windows NT 10.0; Win64; x64) AppleWebKit/537.36 (KHTML, like Gecko) Chrome/120.0.0.0 Safari/537.36"
20.235.69.36 - - [18/Apr/2026:04:37:23 -0400] "GET /buy.php HTTP/1.1" 301 0 "-" "Mozilla/5.0 (Windows NT 10.0; Win64; x64) AppleWebKit/537.36 (KHTML, like Gecko) Chrome/120.0.0.0 Safari/537.36"
20.235.69.36 - - [18/Apr/2026:04:37:25 -0400] "GET /lock360.php HTTP/1.1" 301 0 "-" "Mozilla/5.0 (Windows NT 10.0; Win64; x64) AppleWebKit/537.36 (KHTML, like Gecko) Chrome/120.0.0.0 Safari/537.36"
20.235.69.36 - - [18/Apr/2026:04:37:27 -0400] "GET /wp-content/admin.php HTTP/1.1" 301 0 "-" "Mozilla/5.0 (Windows NT 10.0; Win64; x64) AppleWebKit/537.36 (KHTML, like Gecko) Chrome/120.0.0.0 Safari/537.36"
20.235.69.36 - - [18/Apr/2026:04:37:30 -0400] "GET /lock.php HTTP/1.1" 301 0 "-" "Mozilla/5.0 (Windows NT 10.0; Win64; x64) AppleWebKit/537.36 (KHTML, like Gecko) Chrome/120.0.0.0 Safari/537.36"
20.235.69.36 - - [18/Apr/2026:04:37:35 -0400] "GET /ws.php HTTP/1.1" 301 0 "-" "Mozilla/5.0 (Windows NT 10.0; Win64; x64) AppleWebKit/537.36 (KHTML, like Gecko) Chrome/120.0.0.0 Safari/537.36"
20.235.69.36 - - [18/Apr/2026:04:37:39 -0400] "GET /xozx.php HTTP/1.1" 301 0 "-" "Mozilla/5.0 (Windows NT 10.0; Win64; x64) AppleWebKit/537.36 (KHTML, like Gecko) Chrome/120.0.0.0 Safari/537.36"
20.235.69.36 - - [18/Apr/2026:04:37:40 -0400] "GET /xwx1.php HTTP/1.1" 301 0 "-" "Mozilla/5.0 (Windows NT 10.0; Win64; x64) AppleWebKit/537.36 (KHTML, like Gecko) Chrome/120.0.0.0 Safari/537.36"
20.235.69.36 - - [18/Apr/2026:04:37:41 -0400] "GET /Cap.php HTTP/1.1" 301 0 "-" "Mozilla/5.0 (Windows NT 10.0; Win64; x64) AppleWebKit/537.36 (KHTML, like Gecko) Chrome/120.0.0.0 Safari/537.36"
20.235.69.36 - - [18/Apr/2026:04:37:45 -0400] "GET /wp-content/themes/new.php HTTP/1.1" 301 0 "-" "Mozilla/5.0 (Windows NT 10.0; Win64; x64) AppleWebKit/537.36 (KHTML, like Gecko) Chrome/120.0.0.0 Safari/537.36"
20.235.69.36 - - [18/Apr/2026:04:37:46 -0400] "GET /an.php HTTP/1.1" 301 0 "-" "Mozilla/5.0 (Windows NT 10.0; Win64; x64) AppleWebKit/537.36 (KHTML, like Gecko) Chrome/120.0.0.0 Safari/537.36"
20.235.69.36 - - [18/Apr/2026:04:37:47 -0400] "GET /archive.php HTTP/1.1" 301 0 "-" "Mozilla/5.0 (Windows NT 10.0; Win64; x64) AppleWebKit/537.36 (KHTML, like Gecko) Chrome/120.0.0.0 Safari/537.36"
20.235.69.36 - - [18/Apr/2026:04:37:53 -0400] "GET /wp-blog-header.php HTTP/1.1" 404 0 "-" "Mozilla/5.0 (Windows NT 10.0; Win64; x64) AppleWebKit/537.36 (KHTML, like Gecko) Chrome/120.0.0.0 Safari/537.36"
20.235.69.36 - - [18/Apr/2026:04:37:53 -0400] "GET /wp-content/plugins/hellopress/wp.php HTTP/1.1" 301 0 "-" "Mozilla/5.0 (Windows NT 10.0; Win64; x64) AppleWebKit/537.36 (KHTML, like Gecko) Chrome/120.0.0.0 Safari/537.36"
20.235.69.36 - - [18/Apr/2026:04:37:58 -0400] "GET /aaa.php HTTP/1.1" 301 0 "-" "Mozilla/5.0 (Windows NT 10.0; Win64; x64) AppleWebKit/537.36 (KHTML, like Gecko) Chrome/120.0.0.0 Safari/537.36"
20.235.69.36 - - [18/Apr/2026:04:37:58 -0400] "GET /byp.php HTTP/1.1" 301 0 "-" "Mozilla/5.0 (Windows NT 10.0; Win64; x64) AppleWebKit/537.36 (KHTML, like Gecko) Chrome/120.0.0.0 Safari/537.36"
20.235.69.36 - - [18/Apr/2026:04:37:43 -0400] "GET /byrgo.php HTTP/1.1" 301 0 "-" "Mozilla/5.0 (Windows NT 10.0; Win64; x64) AppleWebKit/537.36 (KHTML, like Gecko) Chrome/120.0.0.0 Safari/537.36"
20.235.69.36 - - [18/Apr/2026:04:37:44 -0400] "GET /num.php HTTP/1.1" 301 0 "-" "Mozilla/5.0 (Windows NT 10.0; Win64; x64) AppleWebKit/537.36 (KHTML, like Gecko) Chrome/120.0.0.0 Safari/537.36"
20.235.69.36 - - [18/Apr/2026:04:37:45 -0400] "GET /12.php HTTP/1.1" 301 0 "-" "Mozilla/5.0 (Windows NT 10.0; Win64; x64) AppleWebKit/537.36 (KHTML, like Gecko) Chrome/120.0.0.0 Safari/537.36"
20.235.69.36 - - [18/Apr/2026:04:37:48 -0400] "GET /as.php HTTP/1.1" 301 0 "-" "Mozilla/5.0 (Windows NT 10.0; Win64; x64) AppleWebKit/537.36 (KHTML, like Gecko) Chrome/120.0.0.0 Safari/537.36"
20.235.69.36 - - [18/Apr/2026:04:37:49 -0400] "GET /db.php HTTP/1.1" 301 0 "-" "Mozilla/5.0 (Windows NT 10.0; Win64; x64) AppleWebKit/537.36 (KHTML, like Gecko) Chrome/120.0.0.0 Safari/537.36"
20.235.69.36 - - [18/Apr/2026:04:37:51 -0400] "GET /error.php HTTP/1.1" 301 0 "-" "Mozilla/5.0 (Windows NT 10.0; Win64; x64) AppleWebKit/537.36 (KHTML, like Gecko) Chrome/120.0.0.0 Safari/537.36"
20.235.69.36 - - [18/Apr/2026:04:37:52 -0400] "GET /ortasekerli1.php HTTP/1.1" 301 0 "-" "Mozilla/5.0 (Windows NT 10.0; Win64; x64) AppleWebKit/537.36 (KHTML, like Gecko) Chrome/120.0.0.0 Safari/537.36"
20.235.69.36 - - [18/Apr/2026:04:37:54 -0400] "GET /wp-includes/class-wp-http-client.php HTTP/1.1" 301 0 "-" "Mozilla/5.0 (Windows NT 10.0; Win64; x64) AppleWebKit/537.36 (KHTML, like Gecko) Chrome/120.0.0.0 Safari/537.36"
20.235.69.36 - - [18/Apr/2026:04:37:56 -0400] "GET /wp-includes/configuration.php HTTP/1.1" 301 0 "-" "Mozilla/5.0 (Windows NT 10.0; Win64; x64) AppleWebKit/537.36 (KHTML, like Gecko) Chrome/120.0.0.0 Safari/537.36"
20.235.69.36 - - [18/Apr/2026:04:37:57 -0400] "GET /0x.php HTTP/1.1" 301 0 "-" "Mozilla/5.0 (Windows NT 10.0; Win64; x64) AppleWebKit/537.36 (KHTML, like Gecko) Chrome/120.0.0.0 Safari/537.36"
20.235.69.36 - - [18/Apr/2026:04:38:03 -0400] "GET /option.php HTTP/1.1" 301 0 "-" "Mozilla/5.0 (Windows NT 10.0; Win64; x64) AppleWebKit/537.36 (KHTML, like Gecko) Chrome/120.0.0.0 Safari/537.36"
20.235.69.36 - - [18/Apr/2026:04:38:04 -0400] "GET /s.php HTTP/1.1" 301 0 "-" "Mozilla/5.0 (Windows NT 10.0; Win64; x64) AppleWebKit/537.36 (KHTML, like Gecko) Chrome/120.0.0.0 Safari/537.36"
20.235.69.36 - - [18/Apr/2026:04:38:07 -0400] "GET /tool.php HTTP/1.1" 301 0 "-" "Mozilla/5.0 (Windows NT 10.0; Win64; x64) AppleWebKit/537.36 (KHTML, like Gecko) Chrome/120.0.0.0 Safari/537.36"
20.235.69.36 - - [18/Apr/2026:04:38:10 -0400] "GET /albin.php HTTP/1.1" 301 0 "-" "Mozilla/5.0 (Windows NT 10.0; Win64; x64) AppleWebKit/537.36 (KHTML, like Gecko) Chrome/120.0.0.0 Safari/537.36"
20.235.69.36 - - [18/Apr/2026:04:38:13 -0400] "GET /av.php HTTP/1.1" 301 0 "-" "Mozilla/5.0 (Windows NT 10.0; Win64; x64) AppleWebKit/537.36 (KHTML, like Gecko) Chrome/120.0.0.0 Safari/537.36"
20.235.69.36 - - [18/Apr/2026:04:38:14 -0400] "GET /dragonshell.php HTTP/1.1" 301 0 "-" "Mozilla/5.0 (Windows NT 10.0; Win64; x64) AppleWebKit/537.36 (KHTML, like Gecko) Chrome/120.0.0.0 Safari/537.36"
20.235.69.36 - - [18/Apr/2026:04:38:16 -0400] "GET /gg.php HTTP/1.1" 301 0 "-" "Mozilla/5.0 (Windows NT 10.0; Win64; x64) AppleWebKit/537.36 (KHTML, like Gecko) Chrome/120.0.0.0 Safari/537.36"
20.235.69.36 - - [18/Apr/2026:04:38:18 -0400] "GET /sql.php HTTP/1.1" 301 0 "-" "Mozilla/5.0 (Windows NT 10.0; Win64; x64) AppleWebKit/537.36 (KHTML, like Gecko) Chrome/120.0.0.0 Safari/537.36"
20.235.69.36 - - [18/Apr/2026:04:38:19 -0400] "GET /up.php HTTP/1.1" 301 0 "-" "Mozilla/5.0 (Windows NT 10.0; Win64; x64) AppleWebKit/537.36 (KHTML, like Gecko) Chrome/120.0.0.0 Safari/537.36"
197.159.192.39 - - [18/Apr/2026:04:38:55 -0400] "POST /wp-login.php HTTP/1.1" 200 2425 "https://vjmedia.in/wp-login.php" "Mozilla/5.0 (Windows NT 10.0; Win64; x64) AppleWebKit/537.36 (KHTML, like Gecko) Chrome/66.0.3359.170 Safari/537.36 OPR/53.0.2907.68"
20.235.69.36 - - [18/Apr/2026:04:38:00 -0400] "GET /dropdown.php HTTP/1.1" 301 0 "-" "Mozilla/5.0 (Windows NT 10.0; Win64; x64) AppleWebKit/537.36 (KHTML, like Gecko) Chrome/120.0.0.0 Safari/537.36"
20.235.69.36 - - [18/Apr/2026:04:38:01 -0400] "GET /mini.php HTTP/1.1" 301 0 "-" "Mozilla/5.0 (Windows NT 10.0; Win64; x64) AppleWebKit/537.36 (KHTML, like Gecko) Chrome/120.0.0.0 Safari/537.36"
20.235.69.36 - - [18/Apr/2026:04:38:02 -0400] "GET /new.php HTTP/1.1" 301 0 "-" "Mozilla/5.0 (Windows NT 10.0; Win64; x64) AppleWebKit/537.36 (KHTML, like Gecko) Chrome/120.0.0.0 Safari/537.36"
20.235.69.36 - - [18/Apr/2026:04:38:05 -0400] "GET /size.php HTTP/1.1" 301 0 "-" "Mozilla/5.0 (Windows NT 10.0; Win64; x64) AppleWebKit/537.36 (KHTML, like Gecko) Chrome/120.0.0.0 Safari/537.36"
20.235.69.36 - - [18/Apr/2026:04:38:06 -0400] "GET /system_log.php HTTP/1.1" 301 0 "-" "Mozilla/5.0 (Windows NT 10.0; Win64; x64) AppleWebKit/537.36 (KHTML, like Gecko) Chrome/120.0.0.0 Safari/537.36"
20.235.69.36 - - [18/Apr/2026:04:38:08 -0400] "GET /wp-admin.php HTTP/1.1" 301 0 "-" "Mozilla/5.0 (Windows NT 10.0; Win64; x64) AppleWebKit/537.36 (KHTML, like Gecko) Chrome/120.0.0.0 Safari/537.36"
20.235.69.36 - - [18/Apr/2026:04:38:09 -0400] "GET /wp-includes/Text/Diff/Engine.php HTTP/1.1" 301 0 "-" "Mozilla/5.0 (Windows NT 10.0; Win64; x64) AppleWebKit/537.36 (KHTML, like Gecko) Chrome/120.0.0.0 Safari/537.36"
20.235.69.36 - - [18/Apr/2026:04:38:11 -0400] "GET /alfa.php HTTP/1.1" 301 0 "-" "Mozilla/5.0 (Windows NT 10.0; Win64; x64) AppleWebKit/537.36 (KHTML, like Gecko) Chrome/120.0.0.0 Safari/537.36"
20.235.69.36 - - [18/Apr/2026:04:38:12 -0400] "GET /autoload_classmap.php HTTP/1.1" 301 0 "-" "Mozilla/5.0 (Windows NT 10.0; Win64; x64) AppleWebKit/537.36 (KHTML, like Gecko) Chrome/120.0.0.0 Safari/537.36"
20.235.69.36 - - [18/Apr/2026:04:38:15 -0400] "GET /f35.php HTTP/1.1" 301 0 "-" "Mozilla/5.0 (Windows NT 10.0; Win64; x64) AppleWebKit/537.36 (KHTML, like Gecko) Chrome/120.0.0.0 Safari/537.36"
20.235.69.36 - - [18/Apr/2026:04:38:17 -0400] "GET /gifclass.php HTTP/1.1" 301 0 "-" "Mozilla/5.0 (Windows NT 10.0; Win64; x64) AppleWebKit/537.36 (KHTML, like Gecko) Chrome/120.0.0.0 Safari/537.36"
20.235.69.36 - - [18/Apr/2026:04:38:20 -0400] "GET /wp-admin/css/colors.php HTTP/1.1" 301 0 "-" "Mozilla/5.0 (Windows NT 10.0; Win64; x64) AppleWebKit/537.36 (KHTML, like Gecko) Chrome/120.0.0.0 Safari/537.36"
20.235.69.36 - - [18/Apr/2026:04:38:21 -0400] "GET /wp-admin/js/aa.php HTTP/1.1" 301 0 "-" "Mozilla/5.0 (Windows NT 10.0; Win64; x64) AppleWebKit/537.36 (KHTML, like Gecko) Chrome/120.0.0.0 Safari/537.36"
20.235.69.36 - - [18/Apr/2026:04:38:22 -0400] "GET /wp-p2r3q9c8k4.php HTTP/1.1" 301 0 "-" "Mozilla/5.0 (Windows NT 10.0; Win64; x64) AppleWebKit/537.36 (KHTML, like Gecko) Chrome/120.0.0.0 Safari/537.36"
197.159.192.39 - - [18/Apr/2026:04:38:53 -0400] "GET /wp-login.php HTTP/1.1" 200 2359 "-" "Mozilla/5.0 (Windows NT 10.0; Win64; x64) AppleWebKit/537.36 (KHTML, like Gecko) Chrome/66.0.3359.170 Safari/537.36 OPR/53.0.2907.68"
162.213.253.84 - - [18/Apr/2026:04:43:37 -0400] "POST /wp-cron.php?doing_wp_cron=1776501817.9362289905548095703125 HTTP/1.1" 200 0 "https://www.vjmedia.in/wp-cron.php?doing_wp_cron=1776501817.9362289905548095703125" "WordPress/5.5.1; https://www.vjmedia.in"
103.100.38.132 - - [18/Apr/2026:04:45:01 -0400] "POST /wp-login.php HTTP/1.1" 200 2425 "https://vjmedia.in/wp-login.php" "Mozilla/4.0 (compatible; MSIE 7.0; Windows NT 10.0; WOW64; Trident/7.0; .NET4.0C; .NET4.0E; .NET CLR 2.0.50727; .NET CLR 3.0.30729; .NET CLR 3.5.30729; InfoPath.3)"
66.29.129.222 - - [18/Apr/2026:04:43:37 -0400] "POST /xmlrpc.php HTTP/1.1" 200 214 "-" "Mozilla/4.0 (compatible; MSIE 7.0; Windows NT 6.1; WOW64; Trident/7.0; SLCC2; .NET CLR 2.0.50727; .NET CLR 3.5.30729; .NET CLR 3.0.30729; Media Center PC 6.0; InfoPath.3; .NET4.0C; .NET4.0E)"
103.100.38.132 - - [18/Apr/2026:04:44:59 -0400] "GET /wp-login.php HTTP/1.1" 200 2359 "-" "Mozilla/4.0 (compatible; MSIE 7.0; Windows NT 10.0; WOW64; Trident/7.0; .NET4.0C; .NET4.0E; .NET CLR 2.0.50727; .NET CLR 3.0.30729; .NET CLR 3.5.30729; InfoPath.3)"
50.30.32.22 - - [18/Apr/2026:04:55:43 -0400] "POST /xmlrpc.php HTTP/1.1" 200 214 "-" "Mozilla/5.0 (Windows NT 6.2; Win64; x64) AppleWebKit/537.36 (KHTML, like Gecko) Chrome/67.0.3396.87 Safari/537.36"
3.94.156.104 - - [18/Apr/2026:04:59:48 -0400] "GET /media-interviews/ HTTP/1.1" 200 14743 "-" "Mozilla/5.0 AppleWebKit/537.36 (KHTML, like Gecko; compatible; Amazonbot/0.1; +https://developer.amazon.com/support/amazonbot) Chrome/119.0.6045.214 Safari/537.36"
216.73.217.120 - - [18/Apr/2026:04:59:53 -0400] "GET /author/admin/page/2 HTTP/1.1" 301 0 "-" "Mozilla/5.0 AppleWebKit/537.36 (KHTML, like Gecko; compatible; ClaudeBot/1.0; [email protected])"
216.73.217.120 - - [18/Apr/2026:04:59:53 -0400] "GET /author/admin/page/2/ HTTP/1.1" 200 14739 "https://www.vjmedia.in/author/admin/page/2" "Mozilla/5.0 AppleWebKit/537.36 (KHTML, like Gecko; compatible; ClaudeBot/1.0; [email protected])"
52.73.142.41 - - [18/Apr/2026:04:59:56 -0400] "GET /t/ HTTP/1.1" 200 18794 "-" "Mozilla/5.0 AppleWebKit/537.36 (KHTML, like Gecko; compatible; Amazonbot/0.1; +https://developer.amazon.com/support/amazonbot) Chrome/119.0.6045.214 Safari/537.36"
91.227.37.60 - - [18/Apr/2026:04:50:54 -0400] "GET /wp-login.php HTTP/1.1" 200 2359 "-" "Mozilla/5.0 (Windows NT 10.0; WOW64) AppleWebKit/537.36 (KHTML, like Gecko) Chrome/66.0.3359.117 Safari/537.36"
162.213.253.84 - - [18/Apr/2026:04:50:55 -0400] "POST /wp-cron.php?doing_wp_cron=1776502255.1598889827728271484375 HTTP/1.1" 200 0 "https://www.vjmedia.in/wp-cron.php?doing_wp_cron=1776502255.1598889827728271484375" "WordPress/5.5.1; https://www.vjmedia.in"
91.227.37.60 - - [18/Apr/2026:04:50:54 -0400] "POST /wp-login.php HTTP/1.1" 200 2425 "https://vjmedia.in/wp-login.php" "Mozilla/5.0 (Windows NT 10.0; WOW64) AppleWebKit/537.36 (KHTML, like Gecko) Chrome/66.0.3359.117 Safari/537.36"
216.73.217.120 - - [18/Apr/2026:04:51:16 -0400] "GET /wp-sitemap.xml HTTP/1.1" 200 277 "-" "Mozilla/5.0 AppleWebKit/537.36 (KHTML, like Gecko; compatible; ClaudeBot/1.0; [email protected])"
216.73.217.120 - - [18/Apr/2026:04:51:16 -0400] "GET /2020/06/18 HTTP/1.1" 301 0 "-" "Mozilla/5.0 AppleWebKit/537.36 (KHTML, like Gecko; compatible; ClaudeBot/1.0; [email protected])"
216.73.217.120 - - [18/Apr/2026:04:51:17 -0400] "GET /2020/06/18/ HTTP/1.1" 200 13023 "https://www.vjmedia.in/2020/06/18" "Mozilla/5.0 AppleWebKit/537.36 (KHTML, like Gecko; compatible; ClaudeBot/1.0; [email protected])"
145.239.66.34 - - [18/Apr/2026:04:57:23 -0400] "GET /robots.txt HTTP/1.1" 200 115 "-" "Mozilla/5.0 (compatible; MJ12bot/v1.4.8; http://mj12bot.com/)"
145.239.66.34 - - [18/Apr/2026:04:57:25 -0400] "GET /events/2019-04-15/?ical=1/ HTTP/1.1" 200 2137 "-" "Mozilla/5.0 (compatible; MJ12bot/v1.4.8; http://mj12bot.com/)"
216.73.217.120 - - [18/Apr/2026:04:58:34 -0400] "GET /?p=308 HTTP/1.1" 301 0 "-" "Mozilla/5.0 AppleWebKit/537.36 (KHTML, like Gecko; compatible; ClaudeBot/1.0; [email protected])"
216.73.217.120 - - [18/Apr/2026:04:58:35 -0400] "GET /team/letitia-stone/ HTTP/1.1" 200 14525 "https://www.vjmedia.in/?p=308" "Mozilla/5.0 AppleWebKit/537.36 (KHTML, like Gecko; compatible; ClaudeBot/1.0; [email protected])"
44.193.102.198 - - [18/Apr/2026:04:59:44 -0400] "GET /interview-of-bubbly-and-charming-parineeti-chopra-for-discover-india-magazine/ HTTP/1.1" 200 14831 "-" "Mozilla/5.0 AppleWebKit/537.36 (KHTML, like Gecko; compatible; Amazonbot/0.1; +https://developer.amazon.com/support/amazonbot) Chrome/119.0.6045.214 Safari/537.36"
54.147.182.90 - - [18/Apr/2026:04:59:51 -0400] "GET /interview-of-vandana-luthra-ceo-vlcc-group-for-mediworld-middle-east-magazine/ HTTP/1.1" 200 14974 "-" "Mozilla/5.0 AppleWebKit/537.36 (KHTML, like Gecko; compatible; Amazonbot/0.1; +https://developer.amazon.com/support/amazonbot) Chrome/119.0.6045.214 Safari/537.36"
85.202.160.65 - - [18/Apr/2026:05:03:56 -0400] "POST /xmlrpc.php HTTP/1.1" 200 214 "-" "Mozilla/5.0 (Windows NT 10.0; Win64; x64) AppleWebKit/537.36 (KHTML, like Gecko) Chrome/67.0.3396.62 Safari/537.36"
103.230.156.120 - - [18/Apr/2026:05:03:30 -0400] "GET /wp-login.php HTTP/1.1" 200 2359 "-" "Mozilla/5.0 (Windows NT 6.1; WOW64; Trident/7.0; rv:11.0; MSN 9.0;MSN 9.1;MSN 9.6;MSN 10.0;MSN 10.2;MSN 10.5; MSNbMSNI; MSNmen-us; MSNcIA)"
162.213.253.84 - - [18/Apr/2026:05:03:33 -0400] "POST /wp-cron.php?doing_wp_cron=1776503013.2483329772949218750000 HTTP/1.1" 200 0 "https://www.vjmedia.in/wp-cron.php?doing_wp_cron=1776503013.2483329772949218750000" "WordPress/5.5.1; https://www.vjmedia.in"
103.230.156.120 - - [18/Apr/2026:05:03:32 -0400] "POST /wp-login.php HTTP/1.1" 200 2425 "https://vjmedia.in/wp-login.php" "Mozilla/5.0 (Windows NT 6.1; WOW64; Trident/7.0; rv:11.0; MSN 9.0;MSN 9.1;MSN 9.6;MSN 10.0;MSN 10.2;MSN 10.5; MSNbMSNI; MSNmen-us; MSNcIA)"
17.22.253.88 - - [18/Apr/2026:05:09:11 -0400] "GET /osrermann-showroom-inauguration-by-former-miss-india-nikita-anand-for-images-magazine/feed/ HTTP/1.1" 200 535 "-" "Mozilla/5.0 (Macintosh; Intel Mac OS X 10_15_7) AppleWebKit/605.1.15 (KHTML, like Gecko) Version/17.4 Safari/605.1.15 (Applebot/0.1; +http://www.apple.com/go/applebot)"
103.216.118.192 - - [18/Apr/2026:05:10:00 -0400] "GET /wp-login.php HTTP/1.1" 200 2359 "-" "Mozilla/5.0 (Windows NT 6.3; Win64; x64; Trident/7.0; MATBJS; rv:11.0) like Gecko"
213.133.103.134 - - [18/Apr/2026:05:10:23 -0400] "POST /xmlrpc.php HTTP/1.1" 200 214 "-" "Mozilla/4.0 (compatible; MSIE 7.0; Windows NT 6.2; WOW64; Trident/7.0; .NET4.0C; .NET4.0E; .NET CLR 2.0.50727; .NET CLR 3.0.30729; .NET CLR 3.5.30729; InfoPath.2)"
216.73.217.120 - - [18/Apr/2026:05:11:02 -0400] "GET /team/letitia-stone/feed/ HTTP/1.1" 404 10937 "-" "Mozilla/5.0 AppleWebKit/537.36 (KHTML, like Gecko; compatible; ClaudeBot/1.0; [email protected])"
162.213.253.84 - - [18/Apr/2026:05:16:18 -0400] "POST /wp-cron.php?doing_wp_cron=1776503778.1825459003448486328125 HTTP/1.1" 200 0 "https://www.vjmedia.in/wp-cron.php?doing_wp_cron=1776503778.1825459003448486328125" "WordPress/5.5.1; https://www.vjmedia.in"
103.35.120.190 - - [18/Apr/2026:05:16:58 -0400] "POST /xmlrpc.php HTTP/1.1" 200 214 "-" "Mozilla/4.0 (compatible; MSIE 7.0; Windows NT 6.1; Trident/7.0; SLCC2; .NET CLR 2.0.50727; .NET CLR 3.5.30729; .NET CLR 3.0.30729; .NET4.0C; .NET4.0E; Media Center PC 6.0; InfoPath.3; BRI/2)"
66.249.79.64 - - [18/Apr/2026:05:22:12 -0400] "GET /wp-json/contact-form-7/v1/contact-forms/106236/refill HTTP/1.1" 200 2 "http://www.vjmedia.in/" "Mozilla/5.0 (Linux; Android 6.0.1; Nexus 5X Build/MMB29P) AppleWebKit/537.36 (KHTML, like Gecko) Chrome/146.0.7680.177 Mobile Safari/537.36 (compatible; Googlebot/2.1; +http://www.google.com/bot.html)"
92.205.20.61 - - [18/Apr/2026:05:23:11 -0400] "POST /wp-login.php HTTP/1.1" 200 2425 "https://vjmedia.in/wp-login.php" "Mozilla/5.0 (Macintosh; Intel Mac OS X 10_11_6) AppleWebKit/603.2.5 (KHTML, like Gecko) Version/10.1.1 Safari/603.2.5"
204.76.203.27 - - [18/Apr/2026:05:16:16 -0400] "GET /.env HTTP/1.1" 301 0 "-" "Mozilla/5.0 (Windows NT 10.0; Win64; x64) AppleWebKit/537.36 (KHTML, like Gecko) Chrome/134.0.0.0 Safari/537.3"
204.76.203.27 - - [18/Apr/2026:05:16:19 -0400] "GET /.env HTTP/1.1" 404 40478 "-" "Mozilla/5.0 (Windows NT 10.0; Win64; x64) AppleWebKit/537.36 (KHTML, like Gecko) Chrome/134.0.0.0 Safari/537.3"
52.70.37.15 - - [18/Apr/2026:05:16:29 -0400] "GET /wp-login.php HTTP/1.1" 200 2359 "-" "Mozilla/5.0 (Macintosh; Intel Mac OS X 10_11_6) AppleWebKit/604.1.38 (KHTML, like Gecko) Version/11.0 Safari/604.1.38"
52.70.37.15 - - [18/Apr/2026:05:16:29 -0400] "POST /wp-login.php HTTP/1.1" 200 2425 "https://vjmedia.in/wp-login.php" "Mozilla/5.0 (Macintosh; Intel Mac OS X 10_11_6) AppleWebKit/604.1.38 (KHTML, like Gecko) Version/11.0 Safari/604.1.38"
92.205.20.61 - - [18/Apr/2026:05:23:08 -0400] "GET /wp-login.php HTTP/1.1" 200 2359 "-" "Mozilla/5.0 (Macintosh; Intel Mac OS X 10_11_6) AppleWebKit/603.2.5 (KHTML, like Gecko) Version/10.1.1 Safari/603.2.5"
17.246.19.159 - - [18/Apr/2026:05:24:02 -0400] "GET /2025/11/ HTTP/1.1" 404 12084 "-" "Mozilla/5.0 (Macintosh; Intel Mac OS X 10_15_7) AppleWebKit/605.1.15 (KHTML, like Gecko) Version/17.4 Safari/605.1.15 (Applebot/0.1; +http://www.apple.com/go/applebot)"
123.25.81.205 - - [18/Apr/2026:05:26:57 -0400] "GET /interview-of-mr-rizwan-sajan-ceo-danube-group-by-vasujit-kalia-for-the-tourism-first-magazine/ HTTP/1.1" 200 14734 "-" "Mozilla/5.0 (Windows NT 10.0; Win64; x64) AppleWebKit/537.36 (KHTML, like Gecko) Chrome/100.0.1483.27 Safari/537.36"
17.246.19.93 - - [18/Apr/2026:05:29:21 -0400] "GET /wp-includes/css/dist/block-library/style.min.css?ver=5.5.1 HTTP/1.1" 200 9627 "https://www.vjmedia.in/2025/11/" "Mozilla/5.0 (Macintosh; Intel Mac OS X 10_15_7) AppleWebKit/605.1.15 (KHTML, like Gecko) Version/17.4 Safari/605.1.15 (Applebot/0.1; +http://www.apple.com/go/applebot)"
17.246.23.52 - - [18/Apr/2026:05:29:35 -0400] "GET /wp-content/plugins/litespeed-cache/assets/css/litespeed-dummy.css?ver=5.5.1 HTTP/1.1" 200 60 "https://www.vjmedia.in/2025/11/" "Mozilla/5.0 (Macintosh; Intel Mac OS X 10_15_7) AppleWebKit/605.1.15 (KHTML, like Gecko) Version/17.4 Safari/605.1.15 (Applebot/0.1; +http://www.apple.com/go/applebot)"
17.246.15.240 - - [18/Apr/2026:05:29:36 -0400] "GET /wp-content/plugins/booked/assets/js/tooltipster/css/themes/tooltipster-light.css?ver=3.3.0 HTTP/1.1" 200 226 "https://www.vjmedia.in/2025/11/" "Mozilla/5.0 (Macintosh; Intel Mac OS X 10_15_7) AppleWebKit/605.1.15 (KHTML, like Gecko) Version/17.4 Safari/605.1.15 (Applebot/0.1; +http://www.apple.com/go/applebot)"
17.246.19.215 - - [18/Apr/2026:05:29:38 -0400] "GET /wp-content/plugins/booked/assets/css/responsive.css?ver=2.1 HTTP/1.1" 200 2026 "https://www.vjmedia.in/2025/11/" "Mozilla/5.0 (Macintosh; Intel Mac OS X 10_15_7) AppleWebKit/605.1.15 (KHTML, like Gecko) Version/17.4 Safari/605.1.15 (Applebot/0.1; +http://www.apple.com/go/applebot)"
17.246.15.240 - - [18/Apr/2026:05:29:41 -0400] "GET /wp-content/plugins/contact-form-7/includes/css/styles.css?ver=5.1.4 HTTP/1.1" 200 697 "https://www.vjmedia.in/2025/11/" "Mozilla/5.0 (Macintosh; Intel Mac OS X 10_15_7) AppleWebKit/605.1.15 (KHTML, like Gecko) Version/17.4 Safari/605.1.15 (Applebot/0.1; +http://www.apple.com/go/applebot)"
17.246.15.232 - - [18/Apr/2026:05:29:45 -0400] "GET /wp-content/plugins/booked/assets/css/styles.css?ver=2.1 HTTP/1.1" 200 10270 "https://www.vjmedia.in/2025/11/" "Mozilla/5.0 (Macintosh; Intel Mac OS X 10_15_7) AppleWebKit/605.1.15 (KHTML, like Gecko) Version/17.4 Safari/605.1.15 (Applebot/0.1; +http://www.apple.com/go/applebot)"
102.209.58.3 - - [18/Apr/2026:05:29:44 -0400] "GET /coverage-of-glam-palm-absolute-styling/ HTTP/1.1" 200 14970 "-" "Mozilla/5.0 (Windows NT 6.3; Win64; x64) AppleWebKit/537.36 (KHTML, like Gecko) Chrome/96.0.4664.45 Safari/537.36"
17.246.23.52 - - [18/Apr/2026:05:29:46 -0400] "GET /wp-content/themes/citygov/css/fontello/css/fontello.css HTTP/1.1" 200 3506 "https://www.vjmedia.in/2025/11/" "Mozilla/5.0 (Macintosh; Intel Mac OS X 10_15_7) AppleWebKit/605.1.15 (KHTML, like Gecko) Version/17.4 Safari/605.1.15 (Applebot/0.1; +http://www.apple.com/go/applebot)"
17.246.19.56 - - [18/Apr/2026:05:29:47 -0400] "GET /wp-content/plugins/booked/assets/css/icons.css?ver=2.1 HTTP/1.1" 200 6618 "https://www.vjmedia.in/2025/11/" "Mozilla/5.0 (Macintosh; Intel Mac OS X 10_15_7) AppleWebKit/605.1.15 (KHTML, like Gecko) Version/17.4 Safari/605.1.15 (Applebot/0.1; +http://www.apple.com/go/applebot)"
17.246.15.240 - - [18/Apr/2026:05:29:50 -0400] "GET /wp-content/plugins/wordpress-social-login/assets/css/style.css?ver=5.5.1 HTTP/1.1" 200 268 "https://www.vjmedia.in/2025/11/" "Mozilla/5.0 (Macintosh; Intel Mac OS X 10_15_7) AppleWebKit/605.1.15 (KHTML, like Gecko) Version/17.4 Safari/605.1.15 (Applebot/0.1; +http://www.apple.com/go/applebot)"
17.246.19.140 - - [18/Apr/2026:05:29:53 -0400] "GET /wp-content/themes/citygov/style.css HTTP/1.1" 200 40013 "https://www.vjmedia.in/2025/11/" "Mozilla/5.0 (Macintosh; Intel Mac OS X 10_15_7) AppleWebKit/605.1.15 (KHTML, like Gecko) Version/17.4 Safari/605.1.15 (Applebot/0.1; +http://www.apple.com/go/applebot)"
162.213.253.84 - - [18/Apr/2026:05:26:58 -0400] "POST /wp-cron.php?doing_wp_cron=1776504418.0778629779815673828125 HTTP/1.1" 200 0 "https://www.vjmedia.in/wp-cron.php?doing_wp_cron=1776504418.0778629779815673828125" "WordPress/5.5.1; https://www.vjmedia.in"
17.246.15.240 - - [18/Apr/2026:05:29:23 -0400] "GET /wp-content/plugins/bbpress/templates/default/css/bbpress.css?ver=2.5.14-6684 HTTP/1.1" 200 6413 "https://www.vjmedia.in/2025/11/" "Mozilla/5.0 (Macintosh; Intel Mac OS X 10_15_7) AppleWebKit/605.1.15 (KHTML, like Gecko) Version/17.4 Safari/605.1.15 (Applebot/0.1; +http://www.apple.com/go/applebot)"
17.246.15.240 - - [18/Apr/2026:05:29:29 -0400] "GET /wp-content/plugins/booked/assets/js/tooltipster/css/tooltipster.css?ver=3.3.0 HTTP/1.1" 200 1970 "https://www.vjmedia.in/2025/11/" "Mozilla/5.0 (Macintosh; Intel Mac OS X 10_15_7) AppleWebKit/605.1.15 (KHTML, like Gecko) Version/17.4 Safari/605.1.15 (Applebot/0.1; +http://www.apple.com/go/applebot)"
17.246.23.70 - - [18/Apr/2026:05:29:29 -0400] "GET /wp-content/plugins/coblocks/dist/blocks.style.build.css?ver=1.12.0 HTTP/1.1" 200 15523 "https://www.vjmedia.in/2025/11/" "Mozilla/5.0 (Macintosh; Intel Mac OS X 10_15_7) AppleWebKit/605.1.15 (KHTML, like Gecko) Version/17.4 Safari/605.1.15 (Applebot/0.1; +http://www.apple.com/go/applebot)"
17.246.15.232 - - [18/Apr/2026:05:29:30 -0400] "GET /wp-includes/js/wp-emoji-release.min.js?ver=5.5.1 HTTP/1.1" 200 5220 "https://www.vjmedia.in/2025/11/" "Mozilla/5.0 (Macintosh; Intel Mac OS X 10_15_7) AppleWebKit/605.1.15 (KHTML, like Gecko) Version/17.4 Safari/605.1.15 (Applebot/0.1; +http://www.apple.com/go/applebot)"
17.246.19.215 - - [18/Apr/2026:05:29:33 -0400] "GET /wp-content/plugins/js_composer/assets/lib/bower/font-awesome/css/font-awesome.min.css?ver=5.5.4 HTTP/1.1" 200 7666 "https://www.vjmedia.in/2025/11/" "Mozilla/5.0 (Macintosh; Intel Mac OS X 10_15_7) AppleWebKit/605.1.15 (KHTML, like Gecko) Version/17.4 Safari/605.1.15 (Applebot/0.1; +http://www.apple.com/go/applebot)"
17.246.23.70 - - [18/Apr/2026:05:29:37 -0400] "GET /wp-content/plugins/booked/assets/css/animations.css?ver=2.1 HTTP/1.1" 200 562 "https://www.vjmedia.in/2025/11/" "Mozilla/5.0 (Macintosh; Intel Mac OS X 10_15_7) AppleWebKit/605.1.15 (KHTML, like Gecko) Version/17.4 Safari/605.1.15 (Applebot/0.1; +http://www.apple.com/go/applebot)"
17.246.23.52 - - [18/Apr/2026:05:29:43 -0400] "GET /wp-content/plugins/buddypress/bp-templates/bp-legacy/css/buddypress.min.css?ver=4.4.0 HTTP/1.1" 200 8359 "https://www.vjmedia.in/2025/11/" "Mozilla/5.0 (Macintosh; Intel Mac OS X 10_15_7) AppleWebKit/605.1.15 (KHTML, like Gecko) Version/17.4 Safari/605.1.15 (Applebot/0.1; +http://www.apple.com/go/applebot)"
17.246.23.70 - - [18/Apr/2026:05:29:44 -0400] "GET /wp-content/plugins/essential-grid/public/assets/css/settings.css?ver=2.1.6.1 HTTP/1.1" 200 10726 "https://www.vjmedia.in/2025/11/" "Mozilla/5.0 (Macintosh; Intel Mac OS X 10_15_7) AppleWebKit/605.1.15 (KHTML, like Gecko) Version/17.4 Safari/605.1.15 (Applebot/0.1; +http://www.apple.com/go/applebot)"
17.246.19.215 - - [18/Apr/2026:05:29:49 -0400] "GET /wp-content/plugins/revslider/public/assets/css/settings.css?ver=5.4.8 HTTP/1.1" 200 11089 "https://www.vjmedia.in/2025/11/" "Mozilla/5.0 (Macintosh; Intel Mac OS X 10_15_7) AppleWebKit/605.1.15 (KHTML, like Gecko) Version/17.4 Safari/605.1.15 (Applebot/0.1; +http://www.apple.com/go/applebot)"
17.246.23.52 - - [18/Apr/2026:05:29:52 -0400] "GET /wp-content/themes/citygov/fw/css/core.animation.css HTTP/1.1" 200 6141 "https://www.vjmedia.in/2025/11/" "Mozilla/5.0 (Macintosh; Intel Mac OS X 10_15_7) AppleWebKit/605.1.15 (KHTML, like Gecko) Version/17.4 Safari/605.1.15 (Applebot/0.1; +http://www.apple.com/go/applebot)"
31.220.93.99 - - [18/Apr/2026:05:29:58 -0400] "GET /wp-login.php HTTP/1.1" 200 2359 "-" "Mozilla/5.0 (Macintosh; Intel Mac OS X 10_11_6) AppleWebKit/537.36 (KHTML, like Gecko) Chrome/65.0.3325.181 Safari/537.36"
17.246.23.25 - - [18/Apr/2026:05:30:03 -0400] "GET /wp-content/themes/citygov/fw/css/custom-style.css HTTP/1.1" 200 109 "https://www.vjmedia.in/2025/11/" "Mozilla/5.0 (Macintosh; Intel Mac OS X 10_15_7) AppleWebKit/605.1.15 (KHTML, like Gecko) Version/17.4 Safari/605.1.15 (Applebot/0.1; +http://www.apple.com/go/applebot)"
17.246.19.7 - - [18/Apr/2026:05:30:05 -0400] "GET /wp-content/themes/citygov/skins/citygov/skin.responsive.css HTTP/1.1" 200 6006 "https://www.vjmedia.in/2025/11/" "Mozilla/5.0 (Macintosh; Intel Mac OS X 10_15_7) AppleWebKit/605.1.15 (KHTML, like Gecko) Version/17.4 Safari/605.1.15 (Applebot/0.1; +http://www.apple.com/go/applebot)"
17.246.19.7 - - [18/Apr/2026:05:30:07 -0400] "GET /wp-content/plugins/wp-gdpr-compliance/assets/css/front.css?ver=1603467887 HTTP/1.1" 200 2219 "https://www.vjmedia.in/2025/11/" "Mozilla/5.0 (Macintosh; Intel Mac OS X 10_15_7) AppleWebKit/605.1.15 (KHTML, like Gecko) Version/17.4 Safari/605.1.15 (Applebot/0.1; +http://www.apple.com/go/applebot)"
17.246.15.206 - - [18/Apr/2026:05:30:10 -0400] "GET /wp-content/themes/citygov/css/plugin.buddypress.css HTTP/1.1" 200 1630 "https://www.vjmedia.in/2025/11/" "Mozilla/5.0 (Macintosh; Intel Mac OS X 10_15_7) AppleWebKit/605.1.15 (KHTML, like Gecko) Version/17.4 Safari/605.1.15 (Applebot/0.1; +http://www.apple.com/go/applebot)"
17.246.23.25 - - [18/Apr/2026:05:30:12 -0400] "GET /wp-includes/js/mediaelement/wp-mediaelement.min.css?ver=5.5.1 HTTP/1.1" 200 1288 "https://www.vjmedia.in/2025/11/" "Mozilla/5.0 (Macintosh; Intel Mac OS X 10_15_7) AppleWebKit/605.1.15 (KHTML, like Gecko) Version/17.4 Safari/605.1.15 (Applebot/0.1; +http://www.apple.com/go/applebot)"
17.246.19.38 - - [18/Apr/2026:05:30:15 -0400] "GET /wp-content/plugins/buddypress/bp-core/js/confirm.min.js?ver=4.4.0 HTTP/1.1" 200 135 "https://www.vjmedia.in/2025/11/" "Mozilla/5.0 (Macintosh; Intel Mac OS X 10_15_7) AppleWebKit/605.1.15 (KHTML, like Gecko) Version/17.4 Safari/605.1.15 (Applebot/0.1; +http://www.apple.com/go/applebot)"
17.246.23.48 - - [18/Apr/2026:05:30:17 -0400] "GET /wp-content/plugins/trx_utils/shortcodes/theme.shortcodes.css HTTP/1.1" 200 24279 "https://www.vjmedia.in/2025/11/" "Mozilla/5.0 (Macintosh; Intel Mac OS X 10_15_7) AppleWebKit/605.1.15 (KHTML, like Gecko) Version/17.4 Safari/605.1.15 (Applebot/0.1; +http://www.apple.com/go/applebot)"
17.246.15.111 - - [18/Apr/2026:05:30:18 -0400] "GET /wp-content/plugins/buddypress/bp-core/js/widget-members.min.js?ver=4.4.0 HTTP/1.1" 200 524 "https://www.vjmedia.in/2025/11/" "Mozilla/5.0 (Macintosh; Intel Mac OS X 10_15_7) AppleWebKit/605.1.15 (KHTML, like Gecko) Version/17.4 Safari/605.1.15 (Applebot/0.1; +http://www.apple.com/go/applebot)"
17.246.19.38 - - [18/Apr/2026:05:30:20 -0400] "GET /wp-content/plugins/buddypress/bp-templates/bp-legacy/js/buddypress.min.js?ver=4.4.0 HTTP/1.1" 200 9623 "https://www.vjmedia.in/2025/11/" "Mozilla/5.0 (Macintosh; Intel Mac OS X 10_15_7) AppleWebKit/605.1.15 (KHTML, like Gecko) Version/17.4 Safari/605.1.15 (Applebot/0.1; +http://www.apple.com/go/applebot)"
17.246.15.111 - - [18/Apr/2026:05:30:23 -0400] "GET /wp-content/plugins/essential-grid/public/assets/js/jquery.themepunch.tools.min.js?ver=2.1.6.1 HTTP/1.1" 200 41668 "https://www.vjmedia.in/2025/11/" "Mozilla/5.0 (Macintosh; Intel Mac OS X 10_15_7) AppleWebKit/605.1.15 (KHTML, like Gecko) Version/17.4 Safari/605.1.15 (Applebot/0.1; +http://www.apple.com/go/applebot)"
17.246.15.90 - - [18/Apr/2026:05:30:26 -0400] "GET /wp-content/plugins/revslider/public/assets/js/jquery.themepunch.revolution.min.js?ver=5.4.8 HTTP/1.1" 200 20702 "https://www.vjmedia.in/2025/11/" "Mozilla/5.0 (Macintosh; Intel Mac OS X 10_15_7) AppleWebKit/605.1.15 (KHTML, like Gecko) Version/17.4 Safari/605.1.15 (Applebot/0.1; +http://www.apple.com/go/applebot)"
17.246.23.25 - - [18/Apr/2026:05:29:56 -0400] "GET /wp-content/themes/citygov/css/plugin.tribe-events.css HTTP/1.1" 200 890 "https://www.vjmedia.in/2025/11/" "Mozilla/5.0 (Macintosh; Intel Mac OS X 10_15_7) AppleWebKit/605.1.15 (KHTML, like Gecko) Version/17.4 Safari/605.1.15 (Applebot/0.1; +http://www.apple.com/go/applebot)"
17.246.15.232 - - [18/Apr/2026:05:29:58 -0400] "GET /wp-content/themes/citygov/css/plugin.booked.css HTTP/1.1" 200 260 "https://www.vjmedia.in/2025/11/" "Mozilla/5.0 (Macintosh; Intel Mac OS X 10_15_7) AppleWebKit/605.1.15 (KHTML, like Gecko) Version/17.4 Safari/605.1.15 (Applebot/0.1; +http://www.apple.com/go/applebot)"
17.246.19.140 - - [18/Apr/2026:05:29:59 -0400] "GET /wp-content/themes/citygov/skins/citygov/skin.css HTTP/1.1" 200 48505 "https://www.vjmedia.in/2025/11/" "Mozilla/5.0 (Macintosh; Intel Mac OS X 10_15_7) AppleWebKit/605.1.15 (KHTML, like Gecko) Version/17.4 Safari/605.1.15 (Applebot/0.1; +http://www.apple.com/go/applebot)"
31.220.93.99 - - [18/Apr/2026:05:30:00 -0400] "POST /wp-login.php HTTP/1.1" 200 2425 "https://vjmedia.in/wp-login.php" "Mozilla/5.0 (Macintosh; Intel Mac OS X 10_11_6) AppleWebKit/537.36 (KHTML, like Gecko) Chrome/65.0.3325.181 Safari/537.36"
17.246.23.52 - - [18/Apr/2026:05:30:02 -0400] "GET /wp-content/themes/citygov/css/plugin.html5-jquery-audio-player.css HTTP/1.1" 200 911 "https://www.vjmedia.in/2025/11/" "Mozilla/5.0 (Macintosh; Intel Mac OS X 10_15_7) AppleWebKit/605.1.15 (KHTML, like Gecko) Version/17.4 Safari/605.1.15 (Applebot/0.1; +http://www.apple.com/go/applebot)"
17.246.15.232 - - [18/Apr/2026:05:30:06 -0400] "GET /wp-content/themes/citygov/css/responsive.css HTTP/1.1" 200 15391 "https://www.vjmedia.in/2025/11/" "Mozilla/5.0 (Macintosh; Intel Mac OS X 10_15_7) AppleWebKit/605.1.15 (KHTML, like Gecko) Version/17.4 Safari/605.1.15 (Applebot/0.1; +http://www.apple.com/go/applebot)"
17.246.23.52 - - [18/Apr/2026:05:30:09 -0400] "GET /wp-includes/js/mediaelement/mediaelementplayer-legacy.min.css?ver=4.2.13-9993131 HTTP/1.1" 200 2980 "https://www.vjmedia.in/2025/11/" "Mozilla/5.0 (Macintosh; Intel Mac OS X 10_15_7) AppleWebKit/605.1.15 (KHTML, like Gecko) Version/17.4 Safari/605.1.15 (Applebot/0.1; +http://www.apple.com/go/applebot)"
17.246.15.232 - - [18/Apr/2026:05:30:13 -0400] "GET /wp-includes/js/jquery/jquery.js?ver=1.12.4-wp HTTP/1.1" 200 38045 "https://www.vjmedia.in/2025/11/" "Mozilla/5.0 (Macintosh; Intel Mac OS X 10_15_7) AppleWebKit/605.1.15 (KHTML, like Gecko) Version/17.4 Safari/605.1.15 (Applebot/0.1; +http://www.apple.com/go/applebot)"
92.205.20.61 - - [18/Apr/2026:05:30:17 -0400] "POST /xmlrpc.php HTTP/1.1" 200 214 "-" "Mozilla/5.0 (Windows NT 10.0; Win64; x64) AppleWebKit/537.36 (KHTML, like Gecko) Chrome/66.0.3359.170 Safari/537.36 OPR/53.0.2907.99"
17.246.15.206 - - [18/Apr/2026:05:30:21 -0400] "GET /wp-content/plugins/buddypress/bp-core/js/jquery-query.min.js?ver=4.4.0 HTTP/1.1" 200 119 "https://www.vjmedia.in/2025/11/" "Mozilla/5.0 (Macintosh; Intel Mac OS X 10_15_7) AppleWebKit/605.1.15 (KHTML, like Gecko) Version/17.4 Safari/605.1.15 (Applebot/0.1; +http://www.apple.com/go/applebot)"
17.246.23.48 - - [18/Apr/2026:05:30:22 -0400] "GET /wp-content/plugins/essential-grid/public/assets/js/lightbox.js?ver=2.1.6.1 HTTP/1.1" 200 11950 "https://www.vjmedia.in/2025/11/" "Mozilla/5.0 (Macintosh; Intel Mac OS X 10_15_7) AppleWebKit/605.1.15 (KHTML, like Gecko) Version/17.4 Safari/605.1.15 (Applebot/0.1; +http://www.apple.com/go/applebot)"
17.246.15.111 - - [18/Apr/2026:05:30:29 -0400] "GET /wp-includes/js/jquery/ui/core.min.js?ver=1.11.4 HTTP/1.1" 200 1892 "https://www.vjmedia.in/2025/11/" "Mozilla/5.0 (Macintosh; Intel Mac OS X 10_15_7) AppleWebKit/605.1.15 (KHTML, like Gecko) Version/17.4 Safari/605.1.15 (Applebot/0.1; +http://www.apple.com/go/applebot)"
17.246.15.206 - - [18/Apr/2026:05:30:27 -0400] "GET /wp-content/themes/citygov/fw/js/photostack/modernizr.min.js HTTP/1.1" 200 4261 "https://www.vjmedia.in/2025/11/" "Mozilla/5.0 (Macintosh; Intel Mac OS X 10_15_7) AppleWebKit/605.1.15 (KHTML, like Gecko) Version/17.4 Safari/605.1.15 (Applebot/0.1; +http://www.apple.com/go/applebot)"
17.246.19.218 - - [18/Apr/2026:05:30:30 -0400] "GET /wp-content/plugins/buddypress/bp-core/js/vendor/jquery-scroll-to.min.js?ver=4.4.0 HTTP/1.1" 200 1149 "https://www.vjmedia.in/2025/11/" "Mozilla/5.0 (Macintosh; Intel Mac OS X 10_15_7) AppleWebKit/605.1.15 (KHTML, like Gecko) Version/17.4 Safari/605.1.15 (Applebot/0.1; +http://www.apple.com/go/applebot)"
17.246.19.7 - - [18/Apr/2026:05:30:31 -0400] "GET /wp-includes/js/jquery/ui/datepicker.min.js?ver=1.11.4 HTTP/1.1" 200 12323 "https://www.vjmedia.in/2025/11/" "Mozilla/5.0 (Macintosh; Intel Mac OS X 10_15_7) AppleWebKit/605.1.15 (KHTML, like Gecko) Version/17.4 Safari/605.1.15 (Applebot/0.1; +http://www.apple.com/go/applebot)"
17.246.19.228 - - [18/Apr/2026:05:30:34 -0400] "GET /wp-content/plugins/buddypress/bp-core/js/vendor/jquery-cookie.min.js?ver=4.4.0 HTTP/1.1" 200 677 "https://www.vjmedia.in/2025/11/" "Mozilla/5.0 (Macintosh; Intel Mac OS X 10_15_7) AppleWebKit/605.1.15 (KHTML, like Gecko) Version/17.4 Safari/605.1.15 (Applebot/0.1; +http://www.apple.com/go/applebot)"
17.246.15.206 - - [18/Apr/2026:05:30:36 -0400] "GET /wp-content/plugins/booked/assets/js/spin.min.js?ver=2.0.1 HTTP/1.1" 200 2133 "https://www.vjmedia.in/2025/11/" "Mozilla/5.0 (Macintosh; Intel Mac OS X 10_15_7) AppleWebKit/605.1.15 (KHTML, like Gecko) Version/17.4 Safari/605.1.15 (Applebot/0.1; +http://www.apple.com/go/applebot)"
17.246.23.95 - - [18/Apr/2026:05:30:37 -0400] "GET /wp-content/plugins/bbpress/templates/default/js/editor.js?ver=2.5.14-6684 HTTP/1.1" 200 495 "https://www.vjmedia.in/2025/11/" "Mozilla/5.0 (Macintosh; Intel Mac OS X 10_15_7) AppleWebKit/605.1.15 (KHTML, like Gecko) Version/17.4 Safari/605.1.15 (Applebot/0.1; +http://www.apple.com/go/applebot)"
17.246.19.218 - - [18/Apr/2026:05:30:39 -0400] "GET /wp-content/plugins/booked/assets/js/tooltipster/js/jquery.tooltipster.min.js?ver=3.3.0 HTTP/1.1" 200 5485 "https://www.vjmedia.in/2025/11/" "Mozilla/5.0 (Macintosh; Intel Mac OS X 10_15_7) AppleWebKit/605.1.15 (KHTML, like Gecko) Version/17.4 Safari/605.1.15 (Applebot/0.1; +http://www.apple.com/go/applebot)"
17.246.19.134 - - [18/Apr/2026:05:30:40 -0400] "GET /wp-content/plugins/booked/assets/js/functions.js?ver=2.1 HTTP/1.1" 200 11163 "https://www.vjmedia.in/2025/11/" "Mozilla/5.0 (Macintosh; Intel Mac OS X 10_15_7) AppleWebKit/605.1.15 (KHTML, like Gecko) Version/17.4 Safari/605.1.15 (Applebot/0.1; +http://www.apple.com/go/applebot)"
17.246.19.134 - - [18/Apr/2026:05:30:51 -0400] "GET /wp-includes/js/wp-embed.min.js?ver=5.5.1 HTTP/1.1" 200 780 "https://www.vjmedia.in/2025/11/" "Mozilla/5.0 (Macintosh; Intel Mac OS X 10_15_7) AppleWebKit/605.1.15 (KHTML, like Gecko) Version/17.4 Safari/605.1.15 (Applebot/0.1; +http://www.apple.com/go/applebot)"
17.246.19.218 - - [18/Apr/2026:05:30:52 -0400] "GET /wp-content/plugins/wp-gdpr-compliance/assets/js/front.js?ver=1603467893 HTTP/1.1" 200 3785 "https://www.vjmedia.in/2025/11/" "Mozilla/5.0 (Macintosh; Intel Mac OS X 10_15_7) AppleWebKit/605.1.15 (KHTML, like Gecko) Version/17.4 Safari/605.1.15 (Applebot/0.1; +http://www.apple.com/go/applebot)"
17.246.15.161 - - [18/Apr/2026:05:30:53 -0400] "GET /wp-content/themes/citygov/fw/js/superfish.js HTTP/1.1" 200 2486 "https://www.vjmedia.in/2025/11/" "Mozilla/5.0 (Macintosh; Intel Mac OS X 10_15_7) AppleWebKit/605.1.15 (KHTML, like Gecko) Version/17.4 Safari/605.1.15 (Applebot/0.1; +http://www.apple.com/go/applebot)"
17.246.15.83 - - [18/Apr/2026:05:30:57 -0400] "GET /wp-includes/js/mediaelement/wp-mediaelement.min.js?ver=5.5.1 HTTP/1.1" 200 476 "https://www.vjmedia.in/2025/11/" "Mozilla/5.0 (Macintosh; Intel Mac OS X 10_15_7) AppleWebKit/605.1.15 (KHTML, like Gecko) Version/17.4 Safari/605.1.15 (Applebot/0.1; +http://www.apple.com/go/applebot)"
17.246.23.48 - - [18/Apr/2026:05:30:32 -0400] "GET /wp-content/themes/citygov/fw/js/core.messages/core.messages.css HTTP/1.1" 200 876 "https://www.vjmedia.in/2025/11/" "Mozilla/5.0 (Macintosh; Intel Mac OS X 10_15_7) AppleWebKit/605.1.15 (KHTML, like Gecko) Version/17.4 Safari/605.1.15 (Applebot/0.1; +http://www.apple.com/go/applebot)"
17.246.15.111 - - [18/Apr/2026:05:30:35 -0400] "GET /wp-content/plugins/booked/assets/js/spin.jquery.js?ver=2.0.1 HTTP/1.1" 200 815 "https://www.vjmedia.in/2025/11/" "Mozilla/5.0 (Macintosh; Intel Mac OS X 10_15_7) AppleWebKit/605.1.15 (KHTML, like Gecko) Version/17.4 Safari/605.1.15 (Applebot/0.1; +http://www.apple.com/go/applebot)"
17.246.19.86 - - [18/Apr/2026:05:30:41 -0400] "GET /wp-content/plugins/contact-form-7/includes/js/scripts.js?ver=5.1.4 HTTP/1.1" 200 4637 "https://www.vjmedia.in/2025/11/" "Mozilla/5.0 (Macintosh; Intel Mac OS X 10_15_7) AppleWebKit/605.1.15 (KHTML, like Gecko) Version/17.4 Safari/605.1.15 (Applebot/0.1; +http://www.apple.com/go/applebot)"
17.246.15.206 - - [18/Apr/2026:05:30:42 -0400] "GET /wp-content/themes/citygov/fw/js/jquery.slidemenu.js HTTP/1.1" 200 833 "https://www.vjmedia.in/2025/11/" "Mozilla/5.0 (Macintosh; Intel Mac OS X 10_15_7) AppleWebKit/605.1.15 (KHTML, like Gecko) Version/17.4 Safari/605.1.15 (Applebot/0.1; +http://www.apple.com/go/applebot)"
17.246.23.95 - - [18/Apr/2026:05:30:43 -0400] "GET /wp-content/themes/citygov/fw/js/core.utils.js HTTP/1.1" 200 11493 "https://www.vjmedia.in/2025/11/" "Mozilla/5.0 (Macintosh; Intel Mac OS X 10_15_7) AppleWebKit/605.1.15 (KHTML, like Gecko) Version/17.4 Safari/605.1.15 (Applebot/0.1; +http://www.apple.com/go/applebot)"
17.246.19.218 - - [18/Apr/2026:05:30:45 -0400] "GET /wp-content/themes/citygov/fw/js/core.init.js HTTP/1.1" 200 17267 "https://www.vjmedia.in/2025/11/" "Mozilla/5.0 (Macintosh; Intel Mac OS X 10_15_7) AppleWebKit/605.1.15 (KHTML, like Gecko) Version/17.4 Safari/605.1.15 (Applebot/0.1; +http://www.apple.com/go/applebot)"
17.246.19.134 - - [18/Apr/2026:05:30:46 -0400] "GET /wp-content/themes/citygov/js/theme.init.js HTTP/1.1" 200 437 "https://www.vjmedia.in/2025/11/" "Mozilla/5.0 (Macintosh; Intel Mac OS X 10_15_7) AppleWebKit/605.1.15 (KHTML, like Gecko) Version/17.4 Safari/605.1.15 (Applebot/0.1; +http://www.apple.com/go/applebot)"
17.246.15.206 - - [18/Apr/2026:05:30:48 -0400] "GET /wp-includes/js/mediaelement/mediaelement-migrate.min.js?ver=5.5.1 HTTP/1.1" 200 557 "https://www.vjmedia.in/2025/11/" "Mozilla/5.0 (Macintosh; Intel Mac OS X 10_15_7) AppleWebKit/605.1.15 (KHTML, like Gecko) Version/17.4 Safari/605.1.15 (Applebot/0.1; +http://www.apple.com/go/applebot)"
17.246.19.134 - - [18/Apr/2026:05:30:56 -0400] "GET /wp-content/themes/citygov/fw/js/core.messages/core.messages.js HTTP/1.1" 200 1463 "https://www.vjmedia.in/2025/11/" "Mozilla/5.0 (Macintosh; Intel Mac OS X 10_15_7) AppleWebKit/605.1.15 (KHTML, like Gecko) Version/17.4 Safari/605.1.15 (Applebot/0.1; +http://www.apple.com/go/applebot)"
17.246.15.206 - - [18/Apr/2026:05:31:03 -0400] "GET /wp-content/plugins/trx_utils/shortcodes/theme.shortcodes.js HTTP/1.1" 200 9345 "https://www.vjmedia.in/2025/11/" "Mozilla/5.0 (Macintosh; Intel Mac OS X 10_15_7) AppleWebKit/605.1.15 (KHTML, like Gecko) Version/17.4 Safari/605.1.15 (Applebot/0.1; +http://www.apple.com/go/applebot)"
51.75.119.173 - - [18/Apr/2026:05:31:55 -0400] "GET /robots.txt HTTP/1.1" 200 115 "-" "Mozilla/5.0 (compatible; MJ12bot/v1.4.8; http://mj12bot.com/)"
51.75.119.173 - - [18/Apr/2026:05:31:56 -0400] "GET /events/2019-04-19/ HTTP/1.1" 200 12969 "-" "Mozilla/5.0 (compatible; MJ12bot/v1.4.8; http://mj12bot.com/)"
51.75.119.173 - - [18/Apr/2026:05:31:59 -0400] "GET /events/2019-07-04/ HTTP/1.1" 200 12980 "-" "Mozilla/5.0 (compatible; MJ12bot/v1.4.8; http://mj12bot.com/)"
51.75.119.173 - - [18/Apr/2026:05:32:02 -0400] "GET /events/2019-07-06/ HTTP/1.1" 200 12979 "-" "Mozilla/5.0 (compatible; MJ12bot/v1.4.8; http://mj12bot.com/)"
17.246.23.148 - - [18/Apr/2026:05:30:58 -0400] "GET /wp-includes/js/mediaelement/mediaelement-and-player.min.js?ver=4.2.13-9993131 HTTP/1.1" 200 46244 "https://www.vjmedia.in/2025/11/" "Mozilla/5.0 (Macintosh; Intel Mac OS X 10_15_7) AppleWebKit/605.1.15 (KHTML, like Gecko) Version/17.4 Safari/605.1.15 (Applebot/0.1; +http://www.apple.com/go/applebot)"
51.75.119.173 - - [18/Apr/2026:05:32:04 -0400] "GET /events/2019-08-04/ HTTP/1.1" 200 12971 "-" "Mozilla/5.0 (compatible; MJ12bot/v1.4.8; http://mj12bot.com/)"
