31.13.127.86 - - [02/Mar/2026:13:34:12 -0500] "GET /wp-content/plugins/revslider/public/assets/js/extensions/revolution.extension.slideanims.min.js?version=5.4.8 HTTP/1.1" 200 6500 "https://www.vjmedia.in/?fbclid=IwZXh0bgNhZW0CMTEAc3J0YwZhcHBfaWQMMjU2MjgxMDQwNTU4AAEerifH4IEDljVS6MMGpVDnQySj6dejFwNzAc7gsbjgDR643-YOjuD-1c6FAs4_aem_rMIbhuCXrpjr8nCB4s7ZyQ" "Mozilla/5.0 (Linux; Android 10; K) AppleWebKit/537.36 (KHTML, like Gecko) Chrome/145.0.0.0 Mobile Safari/537.36"
31.13.127.86 - - [02/Mar/2026:13:34:12 -0500] "GET /wp-content/plugins/revslider/public/assets/js/extensions/revolution.extension.navigation.min.js?version=5.4.8 HTTP/1.1" 200 6678 "https://www.vjmedia.in/?fbclid=IwZXh0bgNhZW0CMTEAc3J0YwZhcHBfaWQMMjU2MjgxMDQwNTU4AAEerifH4IEDljVS6MMGpVDnQySj6dejFwNzAc7gsbjgDR643-YOjuD-1c6FAs4_aem_rMIbhuCXrpjr8nCB4s7ZyQ" "Mozilla/5.0 (Linux; Android 10; K) AppleWebKit/537.36 (KHTML, like Gecko) Chrome/145.0.0.0 Mobile Safari/537.36"
31.13.127.86 - - [02/Mar/2026:13:34:13 -0500] "GET /wp-content/themes/citygov/skins/citygov/images/favicon.ico HTTP/1.1" 200 894 "https://www.vjmedia.in/?fbclid=IwZXh0bgNhZW0CMTEAc3J0YwZhcHBfaWQMMjU2MjgxMDQwNTU4AAEerifH4IEDljVS6MMGpVDnQySj6dejFwNzAc7gsbjgDR643-YOjuD-1c6FAs4_aem_rMIbhuCXrpjr8nCB4s7ZyQ" "Mozilla/5.0 (Linux; Android 10; K) AppleWebKit/537.36 (KHTML, like Gecko) Chrome/145.0.0.0 Mobile Safari/537.36"
31.13.127.86 - - [02/Mar/2026:13:34:12 -0500] "GET /wp-content/plugins/revslider/public/assets/js/extensions/revolution.extension.layeranimation.min.js?version=5.4.8 HTTP/1.1" 200 13727 "https://www.vjmedia.in/?fbclid=IwZXh0bgNhZW0CMTEAc3J0YwZhcHBfaWQMMjU2MjgxMDQwNTU4AAEerifH4IEDljVS6MMGpVDnQySj6dejFwNzAc7gsbjgDR643-YOjuD-1c6FAs4_aem_rMIbhuCXrpjr8nCB4s7ZyQ" "Mozilla/5.0 (Linux; Android 10; K) AppleWebKit/537.36 (KHTML, like Gecko) Chrome/145.0.0.0 Mobile Safari/537.36"
31.13.127.86 - - [02/Mar/2026:13:34:13 -0500] "GET /wp-content/plugins/revslider/public/assets/assets/loader.gif HTTP/1.1" 200 2545 "https://www.vjmedia.in/wp-content/plugins/revslider/public/assets/css/settings.css?ver=5.4.8" "Mozilla/5.0 (Linux; Android 10; K) AppleWebKit/537.36 (KHTML, like Gecko) Chrome/145.0.0.0 Mobile Safari/537.36"
69.171.230.9 - - [02/Mar/2026:13:34:39 -0500] "GET /wp-content/uploads/2020/08/screencapture-dayofdubai-news-matt-ti-insight-dubai-real-estate-transactions-2020-08-29-20_54_28-370x190.png HTTP/1.1" 200 73468 "-" "facebookexternalhit/1.1 (+http://www.facebook.com/externalhit_uatext.php)"
173.252.70.3 - - [02/Mar/2026:13:34:39 -0500] "GET /wp-content/uploads/2020/09/dayofdubai-news-energy-healing-supporting-wellness-inside-out-370x190.jpg HTTP/1.1" 200 20764 "-" "facebookexternalhit/1.1 (+http://www.facebook.com/externalhit_uatext.php)"
173.252.101.1 - - [02/Mar/2026:13:34:40 -0500] "GET /wp-content/uploads/2019/08/logo-1.png HTTP/1.1" 200 8224 "-" "facebookexternalhit/1.1 (+http://www.facebook.com/externalhit_uatext.php)"
173.252.101.125 - - [02/Mar/2026:13:34:40 -0500] "GET /wp-content/uploads/2020/09/975506ea-cf3a-4502-82b2-02089fbc7d5c-370x190.jpg HTTP/1.1" 200 6343 "-" "facebookexternalhit/1.1 (+http://www.facebook.com/externalhit_uatext.php)"
185.191.171.6 - - [02/Mar/2026:13:35:55 -0500] "GET /robots.txt HTTP/1.1" 200 110 "-" "Mozilla/5.0 (compatible; SemrushBot/7~bl; +http://www.semrush.com/bot.html)"
185.191.171.3 - - [02/Mar/2026:13:35:56 -0500] "GET /event/city-bridge-opening/ HTTP/1.1" 200 16933 "-" "Mozilla/5.0 (compatible; SemrushBot/7~bl; +http://www.semrush.com/bot.html)"
192.178.6.100 - - [02/Mar/2026:13:37:16 -0500] "GET /media-interviews/ HTTP/1.1" 200 13062 "-" "Mozilla/5.0 (Linux; Android 6.0.1; Nexus 5X Build/MMB29P) AppleWebKit/537.36 (KHTML, like Gecko) Chrome/144.0.7559.132 Mobile Safari/537.36 (compatible; Googlebot/2.1; +http://www.google.com/bot.html)"
45.76.153.200 - - [02/Mar/2026:13:38:05 -0500] "POST /wp-login.php HTTP/1.1" 200 2412 "https://vjmedia.in/wp-login.php" "Mozilla/5.0 (Windows NT 10.0; Win64; x64) AppleWebKit/537.36 (KHTML, like Gecko) Chrome/130.0.0.0 Safari/537.36"
40.85.218.182 - - [02/Mar/2026:13:38:38 -0500] "GET /ioxi-o.php HTTP/1.1" 301 0 "-" "Mozilla/5.0 (Windows NT 10.0; Win64; x64) AppleWebKit/537.36 (KHTML, like Gecko) Chrome/120.0.0.0 Safari/537.36"
40.85.218.182 - - [02/Mar/2026:13:38:38 -0500] "GET /function/function.php HTTP/1.1" 301 0 "-" "Mozilla/5.0 (Windows NT 10.0; Win64; x64) AppleWebKit/537.36 (KHTML, like Gecko) Chrome/120.0.0.0 Safari/537.36"
40.85.218.182 - - [02/Mar/2026:13:38:39 -0500] "GET /wp-content/uploads/index.php HTTP/1.1" 301 0 "-" "Mozilla/5.0 (Windows NT 10.0; Win64; x64) AppleWebKit/537.36 (KHTML, like Gecko) Chrome/120.0.0.0 Safari/537.36"
40.85.218.182 - - [02/Mar/2026:13:38:39 -0500] "GET /cache.php HTTP/1.1" 301 0 "-" "Mozilla/5.0 (Windows NT 10.0; Win64; x64) AppleWebKit/537.36 (KHTML, like Gecko) Chrome/120.0.0.0 Safari/537.36"
40.85.218.182 - - [02/Mar/2026:13:38:40 -0500] "GET /themes.php HTTP/1.1" 301 0 "-" "Mozilla/5.0 (Windows NT 10.0; Win64; x64) AppleWebKit/537.36 (KHTML, like Gecko) Chrome/120.0.0.0 Safari/537.36"
40.85.218.182 - - [02/Mar/2026:13:38:40 -0500] "GET /an.php HTTP/1.1" 301 0 "-" "Mozilla/5.0 (Windows NT 10.0; Win64; x64) AppleWebKit/537.36 (KHTML, like Gecko) Chrome/120.0.0.0 Safari/537.36"
40.85.218.182 - - [02/Mar/2026:13:38:41 -0500] "GET /index/function.php HTTP/1.1" 301 0 "-" "Mozilla/5.0 (Windows NT 10.0; Win64; x64) AppleWebKit/537.36 (KHTML, like Gecko) Chrome/120.0.0.0 Safari/537.36"
40.85.218.182 - - [02/Mar/2026:13:38:43 -0500] "GET /404.php HTTP/1.1" 301 0 "-" "Mozilla/5.0 (Windows NT 10.0; Win64; x64) AppleWebKit/537.36 (KHTML, like Gecko) Chrome/120.0.0.0 Safari/537.36"
40.85.218.182 - - [02/Mar/2026:13:38:44 -0500] "GET /wp-admin/user/index.php HTTP/1.1" 302 0 "-" "Mozilla/5.0 (Windows NT 10.0; Win64; x64) AppleWebKit/537.36 (KHTML, like Gecko) Chrome/120.0.0.0 Safari/537.36"
40.85.218.182 - - [02/Mar/2026:13:38:45 -0500] "GET /wp-conf.php HTTP/1.1" 301 0 "-" "Mozilla/5.0 (Windows NT 10.0; Win64; x64) AppleWebKit/537.36 (KHTML, like Gecko) Chrome/120.0.0.0 Safari/537.36"
40.85.218.182 - - [02/Mar/2026:13:38:47 -0500] "GET /abc.php HTTP/1.1" 301 0 "-" "Mozilla/5.0 (Windows NT 10.0; Win64; x64) AppleWebKit/537.36 (KHTML, like Gecko) Chrome/120.0.0.0 Safari/537.36"
40.85.218.182 - - [02/Mar/2026:13:38:48 -0500] "GET /abcd.php HTTP/1.1" 301 0 "-" "Mozilla/5.0 (Windows NT 10.0; Win64; x64) AppleWebKit/537.36 (KHTML, like Gecko) Chrome/120.0.0.0 Safari/537.36"
40.85.218.182 - - [02/Mar/2026:13:38:48 -0500] "GET /as.php HTTP/1.1" 301 0 "-" "Mozilla/5.0 (Windows NT 10.0; Win64; x64) AppleWebKit/537.36 (KHTML, like Gecko) Chrome/120.0.0.0 Safari/537.36"
40.85.218.182 - - [02/Mar/2026:13:38:49 -0500] "GET /about.php HTTP/1.1" 301 0 "-" "Mozilla/5.0 (Windows NT 10.0; Win64; x64) AppleWebKit/537.36 (KHTML, like Gecko) Chrome/120.0.0.0 Safari/537.36"
40.85.218.182 - - [02/Mar/2026:13:38:49 -0500] "GET /file.php HTTP/1.1" 301 0 "-" "Mozilla/5.0 (Windows NT 10.0; Win64; x64) AppleWebKit/537.36 (KHTML, like Gecko) Chrome/120.0.0.0 Safari/537.36"
40.85.218.182 - - [02/Mar/2026:13:38:49 -0500] "GET /adminfuns.php HTTP/1.1" 301 0 "-" "Mozilla/5.0 (Windows NT 10.0; Win64; x64) AppleWebKit/537.36 (KHTML, like Gecko) Chrome/120.0.0.0 Safari/537.36"
40.85.218.182 - - [02/Mar/2026:13:38:49 -0500] "GET /wp-good.php HTTP/1.1" 301 0 "-" "Mozilla/5.0 (Windows NT 10.0; Win64; x64) AppleWebKit/537.36 (KHTML, like Gecko) Chrome/120.0.0.0 Safari/537.36"
40.85.218.182 - - [02/Mar/2026:13:38:50 -0500] "GET /xmlrpc.php HTTP/1.1" 405 46 "-" "Mozilla/5.0 (Windows NT 10.0; Win64; x64) AppleWebKit/537.36 (KHTML, like Gecko) Chrome/120.0.0.0 Safari/537.36"
192.178.6.102 - - [02/Mar/2026:13:38:51 -0500] "GET /wp-content/plugins/booked/assets/css/icons.css?ver=2.1 HTTP/1.1" 200 6451 "https://www.vjmedia.in/media-interviews/" "Mozilla/5.0 (Linux; Android 6.0.1; Nexus 5X Build/MMB29P) AppleWebKit/537.36 (KHTML, like Gecko) Chrome/144.0.7559.132 Mobile Safari/537.36 (compatible; Googlebot/2.1; +http://www.google.com/bot.html)"
40.85.218.182 - - [02/Mar/2026:13:38:51 -0500] "GET /goods.php HTTP/1.1" 301 0 "-" "Mozilla/5.0 (Windows NT 10.0; Win64; x64) AppleWebKit/537.36 (KHTML, like Gecko) Chrome/120.0.0.0 Safari/537.36"
192.178.6.101 - - [02/Mar/2026:13:38:52 -0500] "GET /wp-content/themes/citygov/css/plugin.html5-jquery-audio-player.css HTTP/1.1" 200 707 "https://www.vjmedia.in/media-interviews/" "Mozilla/5.0 (Linux; Android 6.0.1; Nexus 5X Build/MMB29P) AppleWebKit/537.36 (KHTML, like Gecko) Chrome/144.0.7559.132 Mobile Safari/537.36 (compatible; Googlebot/2.1; +http://www.google.com/bot.html)"
40.85.218.182 - - [02/Mar/2026:13:38:52 -0500] "GET /kbfr.php HTTP/1.1" 301 0 "-" "Mozilla/5.0 (Windows NT 10.0; Win64; x64) AppleWebKit/537.36 (KHTML, like Gecko) Chrome/120.0.0.0 Safari/537.36"
40.85.218.182 - - [02/Mar/2026:13:38:53 -0500] "GET /autoload_classmap.php HTTP/1.1" 301 0 "-" "Mozilla/5.0 (Windows NT 10.0; Win64; x64) AppleWebKit/537.36 (KHTML, like Gecko) Chrome/120.0.0.0 Safari/537.36"
40.85.218.182 - - [02/Mar/2026:13:38:55 -0500] "GET /classwithtostring.php HTTP/1.1" 301 0 "-" "Mozilla/5.0 (Windows NT 10.0; Win64; x64) AppleWebKit/537.36 (KHTML, like Gecko) Chrome/120.0.0.0 Safari/537.36"
40.85.218.182 - - [02/Mar/2026:13:38:55 -0500] "GET /defaults.php HTTP/1.1" 301 0 "-" "Mozilla/5.0 (Windows NT 10.0; Win64; x64) AppleWebKit/537.36 (KHTML, like Gecko) Chrome/120.0.0.0 Safari/537.36"
173.252.70.114 - - [02/Mar/2026:13:34:39 -0500] "GET /wp-content/uploads/2020/08/Interview-on-of-International-Hair-Stylist-Ria-Algoo-370x190.jpg HTTP/1.1" 200 28383 "-" "facebookexternalhit/1.1 (+http://www.facebook.com/externalhit_uatext.php)"
213.176.18.81 - - [02/Mar/2026:13:37:59 -0500] "GET /wp-content/uploads/2019/10/20191009121129_page-0001.jpg HTTP/1.1" 200 533752 "-" "Mozilla/5.0 (Windows NT 10.0; Win64; x64) AppleWebKit/537.36 (KHTML, like Gecko) Chrome/140.0.0.0 Safari/537.36"
45.76.153.200 - - [02/Mar/2026:13:38:05 -0500] "GET /wp-login.php HTTP/1.1" 200 2326 "-" "Mozilla/5.0 (Windows NT 10.0; Win64; x64) AppleWebKit/537.36 (KHTML, like Gecko) Chrome/130.0.0.0 Safari/537.36"
85.208.96.205 - - [02/Mar/2026:13:38:23 -0500] "GET /2020/03/ HTTP/1.1" 200 14652 "-" "Mozilla/5.0 (compatible; SemrushBot/7~bl; +http://www.semrush.com/bot.html)"
40.85.218.182 - - [02/Mar/2026:13:38:37 -0500] "GET /wk/index.php HTTP/1.1" 301 0 "-" "Mozilla/5.0 (Windows NT 10.0; Win64; x64) AppleWebKit/537.36 (KHTML, like Gecko) Chrome/120.0.0.0 Safari/537.36"
40.85.218.182 - - [02/Mar/2026:13:38:37 -0500] "GET /inputs.php HTTP/1.1" 301 0 "-" "Mozilla/5.0 (Windows NT 10.0; Win64; x64) AppleWebKit/537.36 (KHTML, like Gecko) Chrome/120.0.0.0 Safari/537.36"
40.85.218.182 - - [02/Mar/2026:13:38:39 -0500] "GET /rip.php HTTP/1.1" 301 0 "-" "Mozilla/5.0 (Windows NT 10.0; Win64; x64) AppleWebKit/537.36 (KHTML, like Gecko) Chrome/120.0.0.0 Safari/537.36"
40.85.218.182 - - [02/Mar/2026:13:38:39 -0500] "GET /admin.php HTTP/1.1" 301 0 "-" "Mozilla/5.0 (Windows NT 10.0; Win64; x64) AppleWebKit/537.36 (KHTML, like Gecko) Chrome/120.0.0.0 Safari/537.36"
40.85.218.182 - - [02/Mar/2026:13:38:41 -0500] "GET /randkeyword.PhP7 HTTP/1.1" 301 0 "-" "Mozilla/5.0 (Windows NT 10.0; Win64; x64) AppleWebKit/537.36 (KHTML, like Gecko) Chrome/120.0.0.0 Safari/537.36"
40.85.218.182 - - [02/Mar/2026:13:38:42 -0500] "GET /ws.php HTTP/1.1" 301 0 "-" "Mozilla/5.0 (Windows NT 10.0; Win64; x64) AppleWebKit/537.36 (KHTML, like Gecko) Chrome/120.0.0.0 Safari/537.36"
40.85.218.182 - - [02/Mar/2026:13:38:46 -0500] "GET /wp-content/themes/hideo/network.php HTTP/1.1" 301 0 "-" "Mozilla/5.0 (Windows NT 10.0; Win64; x64) AppleWebKit/537.36 (KHTML, like Gecko) Chrome/120.0.0.0 Safari/537.36"
40.85.218.182 - - [02/Mar/2026:13:38:47 -0500] "GET /wp-login.php HTTP/1.1" 200 2326 "-" "Mozilla/5.0 (Windows NT 10.0; Win64; x64) AppleWebKit/537.36 (KHTML, like Gecko) Chrome/120.0.0.0 Safari/537.36"
40.85.218.182 - - [02/Mar/2026:13:38:48 -0500] "GET /wp-trackback.php HTTP/1.1" 404 91 "-" "Mozilla/5.0 (Windows NT 10.0; Win64; x64) AppleWebKit/537.36 (KHTML, like Gecko) Chrome/120.0.0.0 Safari/537.36"
40.85.218.182 - - [02/Mar/2026:13:38:52 -0500] "GET /class-t.api.php HTTP/1.1" 301 0 "-" "Mozilla/5.0 (Windows NT 10.0; Win64; x64) AppleWebKit/537.36 (KHTML, like Gecko) Chrome/120.0.0.0 Safari/537.36"
40.85.218.182 - - [02/Mar/2026:13:38:52 -0500] "GET /sf.php HTTP/1.1" 301 0 "-" "Mozilla/5.0 (Windows NT 10.0; Win64; x64) AppleWebKit/537.36 (KHTML, like Gecko) Chrome/120.0.0.0 Safari/537.36"
192.178.6.101 - - [02/Mar/2026:13:38:52 -0500] "GET /wp-content/plugins/litespeed-cache/assets/css/litespeed-dummy.css?ver=5.5.1 HTTP/1.1" 200 60 "https://www.vjmedia.in/media-interviews/" "Mozilla/5.0 (Linux; Android 6.0.1; Nexus 5X Build/MMB29P) AppleWebKit/537.36 (KHTML, like Gecko) Chrome/144.0.7559.132 Mobile Safari/537.36 (compatible; Googlebot/2.1; +http://www.google.com/bot.html)"
40.85.218.182 - - [02/Mar/2026:13:38:54 -0500] "GET /chosen.php?p= HTTP/1.1" 301 0 "-" "Mozilla/5.0 (Windows NT 10.0; Win64; x64) AppleWebKit/537.36 (KHTML, like Gecko) Chrome/120.0.0.0 Safari/537.36"
40.85.218.182 - - [02/Mar/2026:13:38:56 -0500] "GET /wp-includes/ HTTP/1.1" 200 7067 "-" "Mozilla/5.0 (Windows NT 10.0; Win64; x64) AppleWebKit/537.36 (KHTML, like Gecko) Chrome/120.0.0.0 Safari/537.36"
40.85.218.182 - - [02/Mar/2026:13:38:56 -0500] "GET /info.php HTTP/1.1" 301 0 "-" "Mozilla/5.0 (Windows NT 10.0; Win64; x64) AppleWebKit/537.36 (KHTML, like Gecko) Chrome/120.0.0.0 Safari/537.36"
40.85.218.182 - - [02/Mar/2026:13:38:56 -0500] "GET /.well-known/ HTTP/1.1" 200 612 "-" "Mozilla/5.0 (Windows NT 10.0; Win64; x64) AppleWebKit/537.36 (KHTML, like Gecko) Chrome/120.0.0.0 Safari/537.36"
40.85.218.182 - - [02/Mar/2026:13:38:57 -0500] "GET /uploads/ HTTP/1.1" 301 0 "-" "Mozilla/5.0 (Windows NT 10.0; Win64; x64) AppleWebKit/537.36 (KHTML, like Gecko) Chrome/120.0.0.0 Safari/537.36"
40.85.218.182 - - [02/Mar/2026:13:38:58 -0500] "GET /wp-includes/Requests/src/Response/about.php HTTP/1.1" 301 0 "-" "Mozilla/5.0 (Windows NT 10.0; Win64; x64) AppleWebKit/537.36 (KHTML, like Gecko) Chrome/120.0.0.0 Safari/537.36"
40.85.218.182 - - [02/Mar/2026:13:38:59 -0500] "GET /wp-includes/html-api/ HTTP/1.1" 301 0 "-" "Mozilla/5.0 (Windows NT 10.0; Win64; x64) AppleWebKit/537.36 (KHTML, like Gecko) Chrome/120.0.0.0 Safari/537.36"
40.85.218.182 - - [02/Mar/2026:13:39:00 -0500] "GET /wp-admin/css/colors/ectoplasm/ HTTP/1.1" 200 726 "-" "Mozilla/5.0 (Windows NT 10.0; Win64; x64) AppleWebKit/537.36 (KHTML, like Gecko) Chrome/120.0.0.0 Safari/537.36"
40.85.218.182 - - [02/Mar/2026:13:39:00 -0500] "GET /wp-content/themes/index.php HTTP/1.1" 200 0 "-" "Mozilla/5.0 (Windows NT 10.0; Win64; x64) AppleWebKit/537.36 (KHTML, like Gecko) Chrome/120.0.0.0 Safari/537.36"
40.85.218.182 - - [02/Mar/2026:13:39:00 -0500] "GET /wp-content/plugins/index.php HTTP/1.1" 200 0 "-" "Mozilla/5.0 (Windows NT 10.0; Win64; x64) AppleWebKit/537.36 (KHTML, like Gecko) Chrome/120.0.0.0 Safari/537.36"
40.85.218.182 - - [02/Mar/2026:13:38:57 -0500] "GET /cgi-bin/ HTTP/1.1" 404 1251 "-" "Mozilla/5.0 (Windows NT 10.0; Win64; x64) AppleWebKit/537.36 (KHTML, like Gecko) Chrome/120.0.0.0 Safari/537.36"
40.85.218.182 - - [02/Mar/2026:13:38:58 -0500] "GET /wp-admin/images/ HTTP/1.1" 200 2391 "-" "Mozilla/5.0 (Windows NT 10.0; Win64; x64) AppleWebKit/537.36 (KHTML, like Gecko) Chrome/120.0.0.0 Safari/537.36"
40.85.218.182 - - [02/Mar/2026:13:39:00 -0500] "GET /wp-content/admin.php HTTP/1.1" 301 0 "-" "Mozilla/5.0 (Windows NT 10.0; Win64; x64) AppleWebKit/537.36 (KHTML, like Gecko) Chrome/120.0.0.0 Safari/537.36"
40.85.218.182 - - [02/Mar/2026:13:39:00 -0500] "GET /wp-content/uploads/ HTTP/1.1" 200 1322 "-" "Mozilla/5.0 (Windows NT 10.0; Win64; x64) AppleWebKit/537.36 (KHTML, like Gecko) Chrome/120.0.0.0 Safari/537.36"
40.85.218.182 - - [02/Mar/2026:13:39:00 -0500] "GET /wp-content/themes/admin.php HTTP/1.1" 301 0 "-" "Mozilla/5.0 (Windows NT 10.0; Win64; x64) AppleWebKit/537.36 (KHTML, like Gecko) Chrome/120.0.0.0 Safari/537.36"
40.85.218.182 - - [02/Mar/2026:13:39:00 -0500] "GET /wp-includes/PHPMailer/ HTTP/1.1" 200 700 "-" "Mozilla/5.0 (Windows NT 10.0; Win64; x64) AppleWebKit/537.36 (KHTML, like Gecko) Chrome/120.0.0.0 Safari/537.36"
40.85.218.182 - - [02/Mar/2026:13:39:00 -0500] "GET /wp-includes/images/ HTTP/1.1" 200 1687 "-" "Mozilla/5.0 (Windows NT 10.0; Win64; x64) AppleWebKit/537.36 (KHTML, like Gecko) Chrome/120.0.0.0 Safari/537.36"
40.85.218.182 - - [02/Mar/2026:13:39:01 -0500] "GET /wp-content/plugins/WordPressCore/ HTTP/1.1" 301 0 "-" "Mozilla/5.0 (Windows NT 10.0; Win64; x64) AppleWebKit/537.36 (KHTML, like Gecko) Chrome/120.0.0.0 Safari/537.36"
72.167.37.48 - - [02/Mar/2026:13:40:01 -0500] "GET /wp-login.php HTTP/1.1" 200 2326 "-" "Mozilla/5.0 (Windows NT 10.0; Win64; x64) AppleWebKit/537.36 (KHTML, like Gecko) Chrome/130.0.0.0 Safari/537.36"
162.213.253.84 - - [02/Mar/2026:13:40:03 -0500] "POST /wp-cron.php?doing_wp_cron=1772476803.1603789329528808593750 HTTP/1.1" 200 0 "https://www.vjmedia.in/wp-cron.php?doing_wp_cron=1772476803.1603789329528808593750" "WordPress/5.5.1; https://www.vjmedia.in"
72.167.37.48 - - [02/Mar/2026:13:40:02 -0500] "POST /wp-login.php HTTP/1.1" 200 2414 "https://vjmedia.in/wp-login.php" "Mozilla/5.0 (Windows NT 10.0; Win64; x64) AppleWebKit/537.36 (KHTML, like Gecko) Chrome/130.0.0.0 Safari/537.36"
142.44.220.32 - - [02/Mar/2026:13:42:27 -0500] "GET /pullman-gurgaon-coverage-for-go-now-magazine/ HTTP/1.1" 200 13135 "-" "Mozilla/5.0 (compatible; AhrefsBot/7.0; +http://ahrefs.com/robot/)"
114.119.155.2 - - [02/Mar/2026:13:44:05 -0500] "GET /interview-of-sehar-shamim-gm-the-mapple-hotels-palaces-and-resorts-for-hotel-scapes-magazine HTTP/1.1" 301 0 "https://www.vjmedia.in/author/admin/page/2" "Mozilla/5.0 (Linux; Android 7.0;) AppleWebKit/537.36 (KHTML, like Gecko) Mobile Safari/537.36 (compatible; PetalBot;+https://webmaster.petalsearch.com/site/petalbot)"
163.44.192.46 - - [02/Mar/2026:13:44:17 -0500] "GET /wp-login.php HTTP/1.1" 200 2326 "-" "Mozilla/5.0 (Windows NT 10.0; Win64; x64) AppleWebKit/537.36 (KHTML, like Gecko) Chrome/130.0.0.0 Safari/537.36"
163.44.192.46 - - [02/Mar/2026:13:44:17 -0500] "POST /wp-login.php HTTP/1.1" 200 2414 "https://vjmedia.in/wp-login.php" "Mozilla/5.0 (Windows NT 10.0; Win64; x64) AppleWebKit/537.36 (KHTML, like Gecko) Chrome/130.0.0.0 Safari/537.36"
85.159.229.128 - - [02/Mar/2026:13:44:41 -0500] "GET /wp-content/uploads/2020/07/065f1ca5-6a4a-416f-a5b9-1c93cb147-770x434.png HTTP/1.1" 200 231392 "-" "Mozilla/5.0 (Windows NT 10.0; Win64; x64) AppleWebKit/537.36 (KHTML, like Gecko) Chrome/140.0.0.0 Safari/537.36"
51.68.107.150 - - [02/Mar/2026:13:45:04 -0500] "GET /robots.txt HTTP/1.1" 301 0 "-" "Mozilla/5.0 (compatible; MJ12bot/v2.0.5; http://mj12bot.com/)"
51.68.107.150 - - [02/Mar/2026:13:45:06 -0500] "GET / HTTP/1.1" 200 17187 "-" "Mozilla/5.0 (compatible; MJ12bot/v2.0.5; http://mj12bot.com/)"
43.225.189.109 - - [02/Mar/2026:13:48:57 -0500] "GET /contacts-us/ HTTP/1.1" 200 12212 "-" "Mozilla/5.0 (X11; Linux i686; rv:114.0) Gecko/20100101 Firefox/114.0"
157.173.122.176 - - [02/Mar/2026:13:51:22 -0500] "GET / HTTP/1.1" 200 19331 "-" "Mozilla/5.0 (Windows NT 10.0; Win64; x64) AppleWebKit/537.36 (KHTML, like Gecko) Chrome/91.0.4472.114 Safari/537.36 Edg/91.0.864.54"
54.39.136.148 - - [02/Mar/2026:13:54:45 -0500] "GET /leela-residences-coverage-for-go-now-magazine/ HTTP/1.1" 200 13135 "-" "Mozilla/5.0 (compatible; AhrefsBot/7.0; +http://ahrefs.com/robot/)"
31.192.235.43 - - [02/Mar/2026:13:41:37 -0500] "GET /wp-content/uploads/2019/08/Thumbay2.jpg HTTP/1.1" 200 130293 "-" "Mozilla/5.0 (Windows NT 10.0; Win64; x64) AppleWebKit/537.36 (KHTML, like Gecko) Chrome/140.0.0.0 Safari/537.36"
122.117.102.125 - - [02/Mar/2026:13:42:08 -0500] "GET /wp-login.php HTTP/1.1" 200 2326 "-" "Mozilla/5.0 (Windows NT 10.0; Win64; x64) AppleWebKit/537.36 (KHTML, like Gecko) Chrome/130.0.0.0 Safari/537.36"
122.117.102.125 - - [02/Mar/2026:13:42:09 -0500] "POST /wp-login.php HTTP/1.1" 200 2414 "https://vjmedia.in/wp-login.php" "Mozilla/5.0 (Windows NT 10.0; Win64; x64) AppleWebKit/537.36 (KHTML, like Gecko) Chrome/130.0.0.0 Safari/537.36"
114.119.155.2 - - [02/Mar/2026:13:44:07 -0500] "GET /interview-of-sehar-shamim-gm-the-mapple-hotels-palaces-and-resorts-for-hotel-scapes-magazine/ HTTP/1.1" 200 14829 "https://www.vjmedia.in/author/admin/page/2" "Mozilla/5.0 (Linux; Android 7.0;) AppleWebKit/537.36 (KHTML, like Gecko) Mobile Safari/537.36 (compatible; PetalBot;+https://webmaster.petalsearch.com/site/petalbot)"
51.68.107.150 - - [02/Mar/2026:13:45:04 -0500] "GET /robots.txt HTTP/1.1" 200 97 "-" "Mozilla/5.0 (compatible; MJ12bot/v2.0.5; http://mj12bot.com/)"
51.68.107.150 - - [02/Mar/2026:13:45:05 -0500] "GET / HTTP/1.1" 301 0 "-" "Mozilla/5.0 (compatible; MJ12bot/v2.0.5; http://mj12bot.com/)"
208.109.188.137 - - [02/Mar/2026:13:47:12 -0500] "GET /wp-login.php HTTP/1.1" 200 2326 "-" "Mozilla/5.0 (Windows NT 10.0; Win64; x64) AppleWebKit/537.36 (KHTML, like Gecko) Chrome/130.0.0.0 Safari/537.36"
208.109.188.137 - - [02/Mar/2026:13:47:12 -0500] "POST /wp-login.php HTTP/1.1" 200 2414 "https://vjmedia.in/wp-login.php" "Mozilla/5.0 (Windows NT 10.0; Win64; x64) AppleWebKit/537.36 (KHTML, like Gecko) Chrome/130.0.0.0 Safari/537.36"
43.225.189.109 - - [02/Mar/2026:13:48:58 -0500] "GET /wp-content/plugins/contact-form-7/includes/js/scripts.js?ver=5.1.4 HTTP/1.1" 200 3752 "https://www.vjmedia.in/contacts-us/" "Mozilla/5.0 (X11; Linux i686; rv:114.0) Gecko/20100101 Firefox/114.0"
85.208.96.198 - - [02/Mar/2026:13:48:59 -0500] "GET /anushka-di/ HTTP/1.1" 200 14729 "-" "Mozilla/5.0 (compatible; SemrushBot/7~bl; +http://www.semrush.com/bot.html)"
162.213.253.84 - - [02/Mar/2026:13:49:04 -0500] "POST /wp-cron.php?doing_wp_cron=1772477344.5731279850006103515625 HTTP/1.1" 200 0 "https://www.vjmedia.in/wp-cron.php?doing_wp_cron=1772477344.5731279850006103515625" "WordPress/5.5.1; https://www.vjmedia.in"
43.225.189.109 - - [02/Mar/2026:13:49:03 -0500] "POST /wp-json/contact-form-7/v1/contact-forms/106236/feedback HTTP/1.1" 200 140 "https://www.vjmedia.in/contacts-us/" "Mozilla/5.0 (X11; Linux i686; rv:114.0) Gecko/20100101 Firefox/114.0"
89.185.82.141 - - [02/Mar/2026:13:57:00 -0500] "GET /wp-content/uploads/2019/09/The-Imperial-Hotel-coverage-for-Hotel-Scapes-Magazine-1170x659.jpg HTTP/1.1" 200 119709 "-" "Mozilla/5.0 (Windows NT 10.0; Win64; x64) AppleWebKit/537.36 (KHTML, like Gecko) Chrome/140.0.0.0 Safari/537.36"
114.119.135.215 - - [02/Mar/2026:14:04:57 -0500] "GET /events/2019-10-31 HTTP/1.1" 301 0 "https://www.vjmedia.in/events/2019-10-31" "Mozilla/5.0 (Linux; Android 7.0;) AppleWebKit/537.36 (KHTML, like Gecko) Mobile Safari/537.36 (compatible; PetalBot;+https://webmaster.petalsearch.com/site/petalbot)"
114.119.135.215 - - [02/Mar/2026:14:04:58 -0500] "GET /events/2019-10-31/ HTTP/1.1" 200 14532 "https://www.vjmedia.in/events/2019-10-31" "Mozilla/5.0 (Linux; Android 7.0;) AppleWebKit/537.36 (KHTML, like Gecko) Mobile Safari/537.36 (compatible; PetalBot;+https://webmaster.petalsearch.com/site/petalbot)"
160.16.114.120 - - [02/Mar/2026:14:05:01 -0500] "POST /wp-login.php HTTP/1.1" 200 2414 "https://vjmedia.in/wp-login.php" "Mozilla/5.0 (Windows NT 10.0; Win64; x64) AppleWebKit/537.36 (KHTML, like Gecko) Chrome/130.0.0.0 Safari/537.36"
104.28.156.60 - - [02/Mar/2026:14:05:09 -0500] "GET / HTTP/1.1" 200 17187 "-" "Mozilla/5.0 (X11; Linux i686; rv:114.0) Gecko/20100101 Firefox/114.0"
74.235.238.177 - - [02/Mar/2026:14:05:59 -0500] "GET /wp-content/uploads/2019/09/ITC-GROUP-768x727.jpg HTTP/1.1" 200 117720 "-" "Mozilla/5.0 (compatible; BingIndexCrawler/1.0)"
162.213.253.84 - - [02/Mar/2026:14:03:35 -0500] "POST /wp-cron.php?doing_wp_cron=1772478215.3460590839385986328125 HTTP/1.1" 200 0 "https://www.vjmedia.in/wp-cron.php?doing_wp_cron=1772478215.3460590839385986328125" "WordPress/5.5.1; https://www.vjmedia.in"
114.119.144.105 - - [02/Mar/2026:14:03:34 -0500] "GET /events/category/billboard/2019-11-18 HTTP/1.1" 301 0 "https://www.vjmedia.in/events/category/billboard/2019-11-18" "Mozilla/5.0 (Linux; Android 7.0;) AppleWebKit/537.36 (KHTML, like Gecko) Mobile Safari/537.36 (compatible; PetalBot;+https://webmaster.petalsearch.com/site/petalbot)"
114.119.144.105 - - [02/Mar/2026:14:03:36 -0500] "GET /events/category/billboard/2019-11-18/ HTTP/1.1" 200 14675 "https://www.vjmedia.in/events/category/billboard/2019-11-18" "Mozilla/5.0 (Linux; Android 7.0;) AppleWebKit/537.36 (KHTML, like Gecko) Mobile Safari/537.36 (compatible; PetalBot;+https://webmaster.petalsearch.com/site/petalbot)"
160.16.114.120 - - [02/Mar/2026:14:04:59 -0500] "GET /wp-login.php HTTP/1.1" 200 2326 "-" "Mozilla/5.0 (Windows NT 10.0; Win64; x64) AppleWebKit/537.36 (KHTML, like Gecko) Chrome/130.0.0.0 Safari/537.36"
91.234.194.229 - - [02/Mar/2026:14:07:59 -0500] "POST /wp-login.php HTTP/1.1" 200 2413 "https://vjmedia.in/wp-login.php" "Mozilla/5.0 (Windows NT 10.0; Win64; x64) AppleWebKit/537.36 (KHTML, like Gecko) Chrome/130.0.0.0 Safari/537.36"
81.19.140.235 - - [02/Mar/2026:14:09:31 -0500] "GET /wp-content/uploads/2019/08/Mediworld-July-Aug-2019-LR-Final_page-0001-1170x659.jpg HTTP/1.1" 200 39660 "-" "Mozilla/5.0 (Windows NT 10.0; Win64; x64) AppleWebKit/537.36 (KHTML, like Gecko) Chrome/140.0.0.0 Safari/537.36"
162.213.253.84 - - [02/Mar/2026:14:10:48 -0500] "POST /wp-cron.php?doing_wp_cron=1772478648.6033780574798583984375 HTTP/1.1" 200 0 "https://www.vjmedia.in/wp-cron.php?doing_wp_cron=1772478648.6033780574798583984375" "WordPress/5.5.1; https://www.vjmedia.in"
57.129.119.186 - - [02/Mar/2026:14:11:55 -0500] "GET /robots.txt HTTP/1.1" 200 110 "-" "Go-http-client/1.1"
57.129.119.186 - - [02/Mar/2026:14:12:15 -0500] "GET / HTTP/1.1" 200 17187 "-" "Mozilla/5.0 (compatible; ProductLookoutBot/1.0)"
57.129.119.186 - - [02/Mar/2026:14:12:16 -0500] "GET /wp-includes/css/dist/block-library/style.min.css?ver=5.5.1 HTTP/1.1" 200 7455 "https://www.vjmedia.in/" "Mozilla/5.0 (compatible; ProductLookoutBot/1.0)"
57.129.119.186 - - [02/Mar/2026:14:12:16 -0500] "GET /wp-content/plugins/coblocks/dist/blocks.style.build.css?ver=1.12.0 HTTP/1.1" 200 11470 "https://www.vjmedia.in/" "Mozilla/5.0 (compatible; ProductLookoutBot/1.0)"
57.129.119.186 - - [02/Mar/2026:14:12:16 -0500] "GET /wp-content/plugins/booked/assets/js/tooltipster/css/tooltipster.css?ver=3.3.0 HTTP/1.1" 200 1505 "https://www.vjmedia.in/" "Mozilla/5.0 (compatible; ProductLookoutBot/1.0)"
57.129.119.186 - - [02/Mar/2026:14:12:16 -0500] "GET /wp-content/plugins/booked/assets/css/icons.css?ver=2.1 HTTP/1.1" 200 6451 "https://www.vjmedia.in/" "Mozilla/5.0 (compatible; ProductLookoutBot/1.0)"
57.129.119.186 - - [02/Mar/2026:14:12:16 -0500] "GET /wp-content/plugins/booked/assets/js/tooltipster/css/themes/tooltipster-light.css?ver=3.3.0 HTTP/1.1" 200 165 "https://www.vjmedia.in/" "Mozilla/5.0 (compatible; ProductLookoutBot/1.0)"
57.129.119.186 - - [02/Mar/2026:14:12:16 -0500] "GET /wp-content/plugins/js_composer/assets/lib/bower/font-awesome/css/font-awesome.min.css?ver=5.5.4 HTTP/1.1" 200 6584 "https://www.vjmedia.in/" "Mozilla/5.0 (compatible; ProductLookoutBot/1.0)"
57.129.119.186 - - [02/Mar/2026:14:12:16 -0500] "GET /wp-content/plugins/bbpress/templates/default/css/bbpress.css?ver=2.5.14-6684 HTTP/1.1" 200 4856 "https://www.vjmedia.in/" "Mozilla/5.0 (compatible; ProductLookoutBot/1.0)"
57.129.119.186 - - [02/Mar/2026:14:12:16 -0500] "GET /wp-content/plugins/trx_utils/shortcodes/theme.shortcodes.css HTTP/1.1" 200 17403 "https://www.vjmedia.in/" "Mozilla/5.0 (compatible; ProductLookoutBot/1.0)"
57.129.119.186 - - [02/Mar/2026:14:12:16 -0500] "GET /wp-content/plugins/revslider/public/assets/css/settings.css?ver=5.4.8 HTTP/1.1" 200 9107 "https://www.vjmedia.in/" "Mozilla/5.0 (compatible; ProductLookoutBot/1.0)"
57.129.119.186 - - [02/Mar/2026:14:12:16 -0500] "GET /wp-content/plugins/booked/assets/css/styles.css?ver=2.1 HTTP/1.1" 200 7617 "https://www.vjmedia.in/" "Mozilla/5.0 (compatible; ProductLookoutBot/1.0)"
57.129.119.186 - - [02/Mar/2026:14:12:16 -0500] "GET /wp-includes/js/mediaelement/wp-mediaelement.min.css?ver=5.5.1 HTTP/1.1" 200 982 "https://www.vjmedia.in/" "Mozilla/5.0 (compatible; ProductLookoutBot/1.0)"
57.129.119.186 - - [02/Mar/2026:14:12:16 -0500] "GET /wp-content/themes/citygov/css/responsive.css HTTP/1.1" 200 9033 "https://www.vjmedia.in/" "Mozilla/5.0 (compatible; ProductLookoutBot/1.0)"
57.129.119.186 - - [02/Mar/2026:14:12:16 -0500] "GET /wp-content/themes/citygov/skins/citygov/skin.css HTTP/1.1" 200 31809 "https://www.vjmedia.in/" "Mozilla/5.0 (compatible; ProductLookoutBot/1.0)"
57.129.119.186 - - [02/Mar/2026:14:12:16 -0500] "GET /wp-content/themes/citygov/css/plugin.booked.css HTTP/1.1" 200 260 "https://www.vjmedia.in/" "Mozilla/5.0 (compatible; ProductLookoutBot/1.0)"
142.44.225.137 - - [02/Mar/2026:14:07:51 -0500] "GET /interview-of-bollywood-actress-and-fitness-enthusiast-shilpa-shetty/ HTTP/1.1" 200 13237 "-" "Mozilla/5.0 (compatible; AhrefsBot/7.0; +http://ahrefs.com/robot/)"
91.234.194.229 - - [02/Mar/2026:14:07:59 -0500] "GET /wp-login.php HTTP/1.1" 200 2326 "-" "Mozilla/5.0 (Windows NT 10.0; Win64; x64) AppleWebKit/537.36 (KHTML, like Gecko) Chrome/130.0.0.0 Safari/537.36"
72.167.37.48 - - [02/Mar/2026:14:10:47 -0500] "GET /wp-login.php HTTP/1.1" 200 2326 "-" "Mozilla/5.0 (Windows NT 10.0; Win64; x64) AppleWebKit/537.36 (KHTML, like Gecko) Chrome/130.0.0.0 Safari/537.36"
72.167.37.48 - - [02/Mar/2026:14:10:47 -0500] "POST /wp-login.php HTTP/1.1" 200 2413 "https://vjmedia.in/wp-login.php" "Mozilla/5.0 (Windows NT 10.0; Win64; x64) AppleWebKit/537.36 (KHTML, like Gecko) Chrome/130.0.0.0 Safari/537.36"
192.178.6.101 - - [02/Mar/2026:14:11:16 -0500] "GET /robots.txt HTTP/1.1" 200 97 "-" "Mozilla/5.0 (compatible; Googlebot/2.1; +http://www.google.com/bot.html)"
192.178.6.101 - - [02/Mar/2026:14:11:16 -0500] "GET /millennial-travelers-trends-for-tourism-first-magazine/ HTTP/1.1" 200 13145 "-" "Mozilla/5.0 (Linux; Android 6.0.1; Nexus 5X Build/MMB29P) AppleWebKit/537.36 (KHTML, like Gecko) Chrome/144.0.7559.132 Mobile Safari/537.36 (compatible; Googlebot/2.1; +http://www.google.com/bot.html)"
192.178.6.100 - - [02/Mar/2026:14:11:23 -0500] "GET /wp-content/themes/citygov/css/responsive.css HTTP/1.1" 200 9033 "https://www.vjmedia.in/millennial-travelers-trends-for-tourism-first-magazine/" "Mozilla/5.0 (Linux; Android 6.0.1; Nexus 5X Build/MMB29P) AppleWebKit/537.36 (KHTML, like Gecko) Chrome/144.0.7559.132 Mobile Safari/537.36 (compatible; Googlebot/2.1; +http://www.google.com/bot.html)"
192.178.6.100 - - [02/Mar/2026:14:11:23 -0500] "GET /wp-includes/js/jquery/ui/core.min.js?ver=1.11.4 HTTP/1.1" 200 1661 "https://www.vjmedia.in/millennial-travelers-trends-for-tourism-first-magazine/" "Mozilla/5.0 (Linux; Android 6.0.1; Nexus 5X Build/MMB29P) AppleWebKit/537.36 (KHTML, like Gecko) Chrome/144.0.7559.132 Mobile Safari/537.36 (compatible; Googlebot/2.1; +http://www.google.com/bot.html)"
57.129.119.186 - - [02/Mar/2026:14:12:16 -0500] "GET /wp-content/plugins/litespeed-cache/assets/css/litespeed-dummy.css?ver=5.5.1 HTTP/1.1" 200 60 "https://www.vjmedia.in/" "Mozilla/5.0 (compatible; ProductLookoutBot/1.0)"
57.129.119.186 - - [02/Mar/2026:14:12:16 -0500] "GET /wp-content/plugins/booked/assets/css/animations.css?ver=2.1 HTTP/1.1" 200 432 "https://www.vjmedia.in/" "Mozilla/5.0 (compatible; ProductLookoutBot/1.0)"
57.129.119.186 - - [02/Mar/2026:14:12:16 -0500] "GET /wp-content/themes/citygov/fw/css/core.animation.css HTTP/1.1" 200 3872 "https://www.vjmedia.in/" "Mozilla/5.0 (compatible; ProductLookoutBot/1.0)"
57.129.119.186 - - [02/Mar/2026:14:12:16 -0500] "GET /wp-content/plugins/buddypress/bp-templates/bp-legacy/css/buddypress.min.css?ver=4.4.0 HTTP/1.1" 200 6496 "https://www.vjmedia.in/" "Mozilla/5.0 (compatible; ProductLookoutBot/1.0)"
57.129.119.186 - - [02/Mar/2026:14:12:16 -0500] "GET /wp-content/themes/citygov/css/fontello/css/fontello.css HTTP/1.1" 200 3070 "https://www.vjmedia.in/" "Mozilla/5.0 (compatible; ProductLookoutBot/1.0)"
57.129.119.186 - - [02/Mar/2026:14:12:16 -0500] "GET /wp-content/plugins/wordpress-social-login/assets/css/style.css?ver=5.5.1 HTTP/1.1" 200 268 "https://www.vjmedia.in/" "Mozilla/5.0 (compatible; ProductLookoutBot/1.0)"
57.129.119.186 - - [02/Mar/2026:14:12:16 -0500] "GET /wp-content/plugins/contact-form-7/includes/css/styles.css?ver=5.1.4 HTTP/1.1" 200 557 "https://www.vjmedia.in/" "Mozilla/5.0 (compatible; ProductLookoutBot/1.0)"
57.129.119.186 - - [02/Mar/2026:14:12:16 -0500] "GET /wp-content/themes/citygov/css/plugin.tribe-events.css HTTP/1.1" 200 753 "https://www.vjmedia.in/" "Mozilla/5.0 (compatible; ProductLookoutBot/1.0)"
57.129.119.186 - - [02/Mar/2026:14:12:16 -0500] "GET /wp-includes/js/mediaelement/mediaelementplayer-legacy.min.css?ver=4.2.13-9993131 HTTP/1.1" 200 2397 "https://www.vjmedia.in/" "Mozilla/5.0 (compatible; ProductLookoutBot/1.0)"
57.129.119.186 - - [02/Mar/2026:14:12:16 -0500] "GET /wp-content/plugins/js_composer/assets/css/js_composer.min.css?ver=5.5.4 HTTP/1.1" 200 41860 "https://www.vjmedia.in/" "Mozilla/5.0 (compatible; ProductLookoutBot/1.0)"
57.129.119.186 - - [02/Mar/2026:14:12:16 -0500] "GET /wp-content/themes/citygov/css/plugin.html5-jquery-audio-player.css HTTP/1.1" 200 707 "https://www.vjmedia.in/" "Mozilla/5.0 (compatible; ProductLookoutBot/1.0)"
57.129.119.186 - - [02/Mar/2026:14:12:16 -0500] "GET /wp-content/themes/citygov/fw/css/custom-style.css HTTP/1.1" 200 109 "https://www.vjmedia.in/" "Mozilla/5.0 (compatible; ProductLookoutBot/1.0)"
57.129.119.186 - - [02/Mar/2026:14:12:16 -0500] "GET /wp-content/plugins/essential-grid/public/assets/css/settings.css?ver=2.1.6.1 HTTP/1.1" 200 8724 "https://www.vjmedia.in/" "Mozilla/5.0 (compatible; ProductLookoutBot/1.0)"
57.129.119.186 - - [02/Mar/2026:14:12:16 -0500] "GET /wp-content/themes/citygov/skins/citygov/skin.responsive.css HTTP/1.1" 200 4360 "https://www.vjmedia.in/" "Mozilla/5.0 (compatible; ProductLookoutBot/1.0)"
57.129.119.186 - - [02/Mar/2026:14:12:16 -0500] "GET /wp-content/plugins/buddypress/bp-core/js/confirm.min.js?ver=4.4.0 HTTP/1.1" 200 135 "https://www.vjmedia.in/" "Mozilla/5.0 (compatible; ProductLookoutBot/1.0)"
57.129.119.186 - - [02/Mar/2026:14:12:16 -0500] "GET /wp-content/plugins/essential-grid/public/assets/js/jquery.themepunch.tools.min.js?ver=2.1.6.1 HTTP/1.1" 200 35646 "https://www.vjmedia.in/" "Mozilla/5.0 (compatible; ProductLookoutBot/1.0)"
57.129.119.186 - - [02/Mar/2026:14:12:16 -0500] "GET /wp-content/plugins/revslider/public/assets/js/jquery.themepunch.revolution.min.js?ver=5.4.8 HTTP/1.1" 200 17396 "https://www.vjmedia.in/" "Mozilla/5.0 (compatible; ProductLookoutBot/1.0)"
57.129.119.186 - - [02/Mar/2026:14:12:16 -0500] "GET /wp-content/themes/citygov/fw/js/core.messages/core.messages.css HTTP/1.1" 200 702 "https://www.vjmedia.in/" "Mozilla/5.0 (compatible; ProductLookoutBot/1.0)"
57.129.119.186 - - [02/Mar/2026:14:12:18 -0500] "GET /wp-content/themes/citygov/fw/js/swiper/swiper.css HTTP/1.1" 200 2561 "https://www.vjmedia.in/" "Mozilla/5.0 (compatible; ProductLookoutBot/1.0)"
57.129.119.186 - - [02/Mar/2026:14:12:20 -0500] "GET /wp-content/plugins/booked/assets/js/spin.min.js?ver=2.0.1 HTTP/1.1" 200 1934 "https://www.vjmedia.in/" "Mozilla/5.0 (compatible; ProductLookoutBot/1.0)"
57.129.119.186 - - [02/Mar/2026:14:12:20 -0500] "GET /wp-content/plugins/booked/assets/js/functions.js?ver=2.1 HTTP/1.1" 200 8731 "https://www.vjmedia.in/" "Mozilla/5.0 (compatible; ProductLookoutBot/1.0)"
57.129.119.186 - - [02/Mar/2026:14:12:20 -0500] "GET /wp-content/plugins/bbpress/templates/default/js/editor.js?ver=2.5.14-6684 HTTP/1.1" 200 422 "https://www.vjmedia.in/" "Mozilla/5.0 (compatible; ProductLookoutBot/1.0)"
57.129.119.186 - - [02/Mar/2026:14:12:20 -0500] "GET /wp-content/plugins/booked/assets/js/spin.jquery.js?ver=2.0.1 HTTP/1.1" 200 696 "https://www.vjmedia.in/" "Mozilla/5.0 (compatible; ProductLookoutBot/1.0)"
57.129.119.186 - - [02/Mar/2026:14:12:20 -0500] "GET /wp-content/themes/citygov/fw/js/superfish.js HTTP/1.1" 200 2121 "https://www.vjmedia.in/" "Mozilla/5.0 (compatible; ProductLookoutBot/1.0)"
57.129.119.186 - - [02/Mar/2026:14:12:20 -0500] "GET /wp-includes/js/jquery/ui/datepicker.min.js?ver=1.11.4 HTTP/1.1" 200 10475 "https://www.vjmedia.in/" "Mozilla/5.0 (compatible; ProductLookoutBot/1.0)"
57.129.119.186 - - [02/Mar/2026:14:12:20 -0500] "GET /wp-content/themes/citygov/fw/js/core.init.js HTTP/1.1" 200 13451 "https://www.vjmedia.in/" "Mozilla/5.0 (compatible; ProductLookoutBot/1.0)"
57.129.119.186 - - [02/Mar/2026:14:12:20 -0500] "GET /wp-content/themes/citygov/fw/js/jquery.slidemenu.js HTTP/1.1" 200 711 "https://www.vjmedia.in/" "Mozilla/5.0 (compatible; ProductLookoutBot/1.0)"
57.129.119.186 - - [02/Mar/2026:14:12:16 -0500] "GET /wp-content/themes/citygov/css/plugin.buddypress.css HTTP/1.1" 200 1323 "https://www.vjmedia.in/" "Mozilla/5.0 (compatible; ProductLookoutBot/1.0)"
57.129.119.186 - - [02/Mar/2026:14:12:16 -0500] "GET /wp-content/plugins/booked/assets/css/responsive.css?ver=2.1 HTTP/1.1" 200 1566 "https://www.vjmedia.in/" "Mozilla/5.0 (compatible; ProductLookoutBot/1.0)"
57.129.119.186 - - [02/Mar/2026:14:12:16 -0500] "GET /wp-content/plugins/wp-gdpr-compliance/assets/css/front.css?ver=1603467887 HTTP/1.1" 200 1706 "https://www.vjmedia.in/" "Mozilla/5.0 (compatible; ProductLookoutBot/1.0)"
57.129.119.186 - - [02/Mar/2026:14:12:16 -0500] "GET /wp-content/themes/citygov/style.css HTTP/1.1" 200 29693 "https://www.vjmedia.in/" "Mozilla/5.0 (compatible; ProductLookoutBot/1.0)"
57.129.119.186 - - [02/Mar/2026:14:12:16 -0500] "GET /wp-content/plugins/buddypress/bp-core/js/widget-members.min.js?ver=4.4.0 HTTP/1.1" 200 431 "https://www.vjmedia.in/" "Mozilla/5.0 (compatible; ProductLookoutBot/1.0)"
57.129.119.186 - - [02/Mar/2026:14:12:16 -0500] "GET /wp-includes/js/jquery/jquery.js?ver=1.12.4-wp HTTP/1.1" 200 32853 "https://www.vjmedia.in/" "Mozilla/5.0 (compatible; ProductLookoutBot/1.0)"
57.129.119.186 - - [02/Mar/2026:14:12:16 -0500] "GET /wp-content/plugins/buddypress/bp-templates/bp-legacy/js/buddypress.min.js?ver=4.4.0 HTTP/1.1" 200 7808 "https://www.vjmedia.in/" "Mozilla/5.0 (compatible; ProductLookoutBot/1.0)"
57.129.119.186 - - [02/Mar/2026:14:12:16 -0500] "GET /wp-content/plugins/buddypress/bp-core/js/jquery-query.min.js?ver=4.4.0 HTTP/1.1" 200 119 "https://www.vjmedia.in/" "Mozilla/5.0 (compatible; ProductLookoutBot/1.0)"
57.129.119.186 - - [02/Mar/2026:14:12:16 -0500] "GET /wp-content/plugins/buddypress/bp-core/js/vendor/jquery-scroll-to.min.js?ver=4.4.0 HTTP/1.1" 200 1047 "https://www.vjmedia.in/" "Mozilla/5.0 (compatible; ProductLookoutBot/1.0)"
57.129.119.186 - - [02/Mar/2026:14:12:16 -0500] "GET /wp-content/plugins/essential-grid/public/assets/js/lightbox.js?ver=2.1.6.1 HTTP/1.1" 200 10444 "https://www.vjmedia.in/" "Mozilla/5.0 (compatible; ProductLookoutBot/1.0)"
57.129.119.186 - - [02/Mar/2026:14:12:16 -0500] "GET /wp-content/plugins/buddypress/bp-core/js/vendor/jquery-cookie.min.js?ver=4.4.0 HTTP/1.1" 200 595 "https://www.vjmedia.in/" "Mozilla/5.0 (compatible; ProductLookoutBot/1.0)"
57.129.119.186 - - [02/Mar/2026:14:12:16 -0500] "GET /wp-content/themes/citygov/fw/js/photostack/modernizr.min.js HTTP/1.1" 200 3841 "https://www.vjmedia.in/" "Mozilla/5.0 (compatible; ProductLookoutBot/1.0)"
57.129.119.186 - - [02/Mar/2026:14:12:20 -0500] "GET /wp-content/themes/citygov/fw/js/magnific/magnific-popup.css HTTP/1.1" 200 1908 "https://www.vjmedia.in/" "Mozilla/5.0 (compatible; ProductLookoutBot/1.0)"
57.129.119.186 - - [02/Mar/2026:14:12:20 -0500] "GET /wp-includes/js/jquery/ui/core.min.js?ver=1.11.4 HTTP/1.1" 200 1661 "https://www.vjmedia.in/" "Mozilla/5.0 (compatible; ProductLookoutBot/1.0)"
57.129.119.186 - - [02/Mar/2026:14:12:20 -0500] "GET /wp-content/themes/citygov/css/fontello/font/fontello.woff?58005299 HTTP/1.1" 200 44052 "https://www.vjmedia.in/wp-content/themes/citygov/css/fontello/css/fontello.css" "Mozilla/5.0 (compatible; ProductLookoutBot/1.0)"
57.129.119.186 - - [02/Mar/2026:14:12:20 -0500] "GET /wp-content/plugins/booked/assets/js/tooltipster/js/jquery.tooltipster.min.js?ver=3.3.0 HTTP/1.1" 200 4635 "https://www.vjmedia.in/" "Mozilla/5.0 (compatible; ProductLookoutBot/1.0)"
57.129.119.186 - - [02/Mar/2026:14:12:20 -0500] "GET /wp-includes/js/comment-reply.min.js?ver=5.5.1 HTTP/1.1" 200 1188 "https://www.vjmedia.in/" "Mozilla/5.0 (compatible; ProductLookoutBot/1.0)"
57.129.119.186 - - [02/Mar/2026:14:12:20 -0500] "GET /wp-content/plugins/contact-form-7/includes/js/scripts.js?ver=5.1.4 HTTP/1.1" 200 3752 "https://www.vjmedia.in/" "Mozilla/5.0 (compatible; ProductLookoutBot/1.0)"
57.129.119.186 - - [02/Mar/2026:14:12:20 -0500] "GET /wp-content/themes/citygov/fw/js/core.utils.js HTTP/1.1" 200 9632 "https://www.vjmedia.in/" "Mozilla/5.0 (compatible; ProductLookoutBot/1.0)"
57.129.119.186 - - [02/Mar/2026:14:12:20 -0500] "GET /wp-includes/js/mediaelement/wp-mediaelement.min.js?ver=5.5.1 HTTP/1.1" 200 392 "https://www.vjmedia.in/" "Mozilla/5.0 (compatible; ProductLookoutBot/1.0)"
57.129.119.186 - - [02/Mar/2026:14:12:20 -0500] "GET /wp-content/plugins/trx_utils/shortcodes/theme.shortcodes.js HTTP/1.1" 200 7423 "https://www.vjmedia.in/" "Mozilla/5.0 (compatible; ProductLookoutBot/1.0)"
57.129.119.186 - - [02/Mar/2026:14:12:20 -0500] "GET /wp-content/themes/citygov/fw/js/magnific/jquery.magnific-popup.min.js?ver=5.5.1 HTTP/1.1" 200 7285 "https://www.vjmedia.in/" "Mozilla/5.0 (compatible; ProductLookoutBot/1.0)"
57.129.119.186 - - [02/Mar/2026:14:12:20 -0500] "GET /wp-content/plugins/wp-gdpr-compliance/assets/js/front.js?ver=1603467893 HTTP/1.1" 200 2945 "https://www.vjmedia.in/" "Mozilla/5.0 (compatible; ProductLookoutBot/1.0)"
57.129.119.186 - - [02/Mar/2026:14:12:20 -0500] "GET /wp-includes/js/mediaelement/mediaelement-and-player.min.js?ver=4.2.13-9993131 HTTP/1.1" 200 37267 "https://www.vjmedia.in/" "Mozilla/5.0 (compatible; ProductLookoutBot/1.0)"
57.129.119.186 - - [02/Mar/2026:14:12:20 -0500] "GET /wp-content/plugins/js_composer/assets/lib/bower/isotope/dist/isotope.pkgd.min.js?ver=5.5.4 HTTP/1.1" 200 9626 "https://www.vjmedia.in/" "Mozilla/5.0 (compatible; ProductLookoutBot/1.0)"
82.223.245.250 - - [02/Mar/2026:14:16:49 -0500] "GET /wp-login.php HTTP/1.1" 200 2326 "-" "Mozilla/5.0 (Windows NT 10.0; Win64; x64) AppleWebKit/537.36 (KHTML, like Gecko) Chrome/130.0.0.0 Safari/537.36"
82.223.245.250 - - [02/Mar/2026:14:16:49 -0500] "POST /wp-login.php HTTP/1.1" 200 2413 "https://vjmedia.in/wp-login.php" "Mozilla/5.0 (Windows NT 10.0; Win64; x64) AppleWebKit/537.36 (KHTML, like Gecko) Chrome/130.0.0.0 Safari/537.36"
57.129.119.186 - - [02/Mar/2026:14:12:20 -0500] "GET /wp-content/themes/citygov/fw/js/social/social-share.js HTTP/1.1" 200 820 "https://www.vjmedia.in/" "Mozilla/5.0 (compatible; ProductLookoutBot/1.0)"
57.129.119.186 - - [02/Mar/2026:14:12:20 -0500] "GET /wp-includes/js/wp-embed.min.js?ver=5.5.1 HTTP/1.1" 200 668 "https://www.vjmedia.in/" "Mozilla/5.0 (compatible; ProductLookoutBot/1.0)"
57.129.119.186 - - [02/Mar/2026:14:12:20 -0500] "GET /wp-content/themes/citygov/fw/js/core.messages/core.messages.js HTTP/1.1" 200 1208 "https://www.vjmedia.in/" "Mozilla/5.0 (compatible; ProductLookoutBot/1.0)"
57.129.119.186 - - [02/Mar/2026:14:12:20 -0500] "GET /wp-content/themes/citygov/fw/js/swiper/swiper.js HTTP/1.1" 200 26550 "https://www.vjmedia.in/" "Mozilla/5.0 (compatible; ProductLookoutBot/1.0)"
57.129.119.186 - - [02/Mar/2026:14:12:20 -0500] "GET /wp-includes/js/wp-emoji-release.min.js?ver=5.5.1 HTTP/1.1" 200 4319 "https://www.vjmedia.in/" "Mozilla/5.0 (compatible; ProductLookoutBot/1.0)"
57.129.119.186 - - [02/Mar/2026:14:12:20 -0500] "GET /wp-includes/js/mediaelement/mediaelement-migrate.min.js?ver=5.5.1 HTTP/1.1" 200 481 "https://www.vjmedia.in/" "Mozilla/5.0 (compatible; ProductLookoutBot/1.0)"
57.129.119.186 - - [02/Mar/2026:14:12:20 -0500] "GET /wp-content/themes/citygov/js/theme.init.js HTTP/1.1" 200 370 "https://www.vjmedia.in/" "Mozilla/5.0 (compatible; ProductLookoutBot/1.0)"
57.129.119.186 - - [02/Mar/2026:14:12:20 -0500] "GET /wp-content/plugins/js_composer/assets/js/dist/js_composer_front.min.js?ver=5.5.4 HTTP/1.1" 200 5387 "https://www.vjmedia.in/" "Mozilla/5.0 (compatible; ProductLookoutBot/1.0)"
142.93.120.13 - - [02/Mar/2026:14:17:02 -0500] "GET /wp-login.php HTTP/1.1" 200 2326 "-" "Mozilla/5.0 (Windows NT 10.0; Win64; x64) AppleWebKit/537.36 (KHTML, like Gecko) Chrome/130.0.0.0 Safari/537.36"
82.223.245.250 - - [02/Mar/2026:14:18:05 -0500] "POST /wp-login.php HTTP/1.1" 200 2414 "https://vjmedia.in/wp-login.php" "Mozilla/5.0 (Windows NT 10.0; Win64; x64) AppleWebKit/537.36 (KHTML, like Gecko) Chrome/130.0.0.0 Safari/537.36"
69.163.140.2 - - [02/Mar/2026:14:23:41 -0500] "GET /wp-login.php HTTP/1.1" 200 2326 "-" "Mozilla/5.0 (Windows NT 10.0; Win64; x64) AppleWebKit/537.36 (KHTML, like Gecko) Chrome/130.0.0.0 Safari/537.36"
50.6.7.129 - - [02/Mar/2026:14:26:21 -0500] "GET /wp-login.php HTTP/1.1" 200 2326 "-" "Mozilla/5.0 (Windows NT 10.0; Win64; x64) AppleWebKit/537.36 (KHTML, like Gecko) Chrome/130.0.0.0 Safari/537.36"
50.6.7.129 - - [02/Mar/2026:14:26:22 -0500] "POST /wp-login.php HTTP/1.1" 200 2414 "https://vjmedia.in/wp-login.php" "Mozilla/5.0 (Windows NT 10.0; Win64; x64) AppleWebKit/537.36 (KHTML, like Gecko) Chrome/130.0.0.0 Safari/537.36"
193.228.128.76 - - [02/Mar/2026:14:26:34 -0500] "GET /wp-content/uploads/2019/08/SKMBT_C28008031508440_0003.jpg HTTP/1.1" 200 1141253 "-" "Mozilla/5.0 (Windows NT 10.0; Win64; x64) AppleWebKit/537.36 (KHTML, like Gecko) Chrome/140.0.0.0 Safari/537.36"
131.72.236.93 - - [02/Mar/2026:14:26:57 -0500] "POST /wp-login.php HTTP/1.1" 200 2413 "https://vjmedia.in/wp-login.php" "Mozilla/5.0 (Windows NT 10.0; Win64; x64) AppleWebKit/537.36 (KHTML, like Gecko) Chrome/130.0.0.0 Safari/537.36"
176.44.117.9 - - [02/Mar/2026:14:28:37 -0500] "GET /wp-login.php HTTP/1.1" 200 2326 "-" "Mozilla/5.0 (Windows NT 10.0; Win64; x64) AppleWebKit/537.36 (KHTML, like Gecko) Chrome/130.0.0.0 Safari/537.36"
176.44.117.9 - - [02/Mar/2026:14:28:38 -0500] "POST /wp-login.php HTTP/1.1" 200 2414 "https://vjmedia.in/wp-login.php" "Mozilla/5.0 (Windows NT 10.0; Win64; x64) AppleWebKit/537.36 (KHTML, like Gecko) Chrome/130.0.0.0 Safari/537.36"
142.93.120.13 - - [02/Mar/2026:14:17:02 -0500] "POST /wp-login.php HTTP/1.1" 200 2413 "https://vjmedia.in/wp-login.php" "Mozilla/5.0 (Windows NT 10.0; Win64; x64) AppleWebKit/537.36 (KHTML, like Gecko) Chrome/130.0.0.0 Safari/537.36"
82.223.245.250 - - [02/Mar/2026:14:18:04 -0500] "GET /wp-login.php HTTP/1.1" 200 2326 "-" "Mozilla/5.0 (Windows NT 10.0; Win64; x64) AppleWebKit/537.36 (KHTML, like Gecko) Chrome/130.0.0.0 Safari/537.36"
162.213.253.84 - - [02/Mar/2026:14:18:05 -0500] "POST /wp-cron.php?doing_wp_cron=1772479085.8740420341491699218750 HTTP/1.1" 200 0 "https://www.vjmedia.in/wp-cron.php?doing_wp_cron=1772479085.8740420341491699218750" "WordPress/5.5.1; https://www.vjmedia.in"
51.222.168.248 - - [02/Mar/2026:14:19:55 -0500] "GET /2019/08/23/ HTTP/1.1" 200 12859 "-" "Mozilla/5.0 (compatible; AhrefsBot/7.0; +http://ahrefs.com/robot/)"
114.119.140.103 - - [02/Mar/2026:14:20:27 -0500] "GET /government-city-councils HTTP/1.1" 301 0 "https://www.vjmedia.in/government-city-councils/" "Mozilla/5.0 (Linux; Android 7.0;) AppleWebKit/537.36 (KHTML, like Gecko) Mobile Safari/537.36 (compatible; PetalBot;+https://webmaster.petalsearch.com/site/petalbot)"
114.119.140.103 - - [02/Mar/2026:14:20:29 -0500] "GET /government-city-councils/ HTTP/1.1" 200 14586 "https://www.vjmedia.in/government-city-councils/" "Mozilla/5.0 (Linux; Android 7.0;) AppleWebKit/537.36 (KHTML, like Gecko) Mobile Safari/537.36 (compatible; PetalBot;+https://webmaster.petalsearch.com/site/petalbot)"
179.108.84.136 - - [02/Mar/2026:14:21:24 -0500] "GET /wp-login.php HTTP/1.1" 200 2326 "-" "Mozilla/5.0 (Windows NT 10.0; Win64; x64) AppleWebKit/537.36 (KHTML, like Gecko) Chrome/130.0.0.0 Safari/537.36"
179.108.84.136 - - [02/Mar/2026:14:21:24 -0500] "POST /wp-login.php HTTP/1.1" 200 2413 "https://vjmedia.in/wp-login.php" "Mozilla/5.0 (Windows NT 10.0; Win64; x64) AppleWebKit/537.36 (KHTML, like Gecko) Chrome/130.0.0.0 Safari/537.36"
179.108.84.136 - - [02/Mar/2026:14:23:18 -0500] "GET /wp-login.php HTTP/1.1" 200 2326 "-" "Mozilla/5.0 (Windows NT 10.0; Win64; x64) AppleWebKit/537.36 (KHTML, like Gecko) Chrome/130.0.0.0 Safari/537.36"
179.108.84.136 - - [02/Mar/2026:14:23:19 -0500] "POST /wp-login.php HTTP/1.1" 200 2414 "https://vjmedia.in/wp-login.php" "Mozilla/5.0 (Windows NT 10.0; Win64; x64) AppleWebKit/537.36 (KHTML, like Gecko) Chrome/130.0.0.0 Safari/537.36"
69.163.140.2 - - [02/Mar/2026:14:23:41 -0500] "POST /wp-login.php HTTP/1.1" 200 2413 "https://vjmedia.in/wp-login.php" "Mozilla/5.0 (Windows NT 10.0; Win64; x64) AppleWebKit/537.36 (KHTML, like Gecko) Chrome/130.0.0.0 Safari/537.36"
162.213.253.84 - - [02/Mar/2026:14:26:23 -0500] "POST /wp-cron.php?doing_wp_cron=1772479583.3183948993682861328125 HTTP/1.1" 200 0 "https://www.vjmedia.in/wp-cron.php?doing_wp_cron=1772479583.3183948993682861328125" "WordPress/5.5.1; https://www.vjmedia.in"
131.72.236.93 - - [02/Mar/2026:14:26:56 -0500] "GET /wp-login.php HTTP/1.1" 200 2326 "-" "Mozilla/5.0 (Windows NT 10.0; Win64; x64) AppleWebKit/537.36 (KHTML, like Gecko) Chrome/130.0.0.0 Safari/537.36"
51.222.168.168 - - [02/Mar/2026:14:32:09 -0500] "GET /donation/second-donation/ HTTP/1.1" 200 15045 "-" "Mozilla/5.0 (compatible; AhrefsBot/7.0; +http://ahrefs.com/robot/)"
144.31.219.18 - - [02/Mar/2026:14:34:34 -0500] "GET /wp-content/uploads/2020/04/0a6c42ab-d388-48de-af86-5614a6fcaad6-770x434.jpg HTTP/1.1" 200 26996 "-" "Mozilla/5.0 (Windows NT 10.0; Win64; x64) AppleWebKit/537.36 (KHTML, like Gecko) Chrome/140.0.0.0 Safari/537.36"
91.84.110.92 - - [02/Mar/2026:14:36:48 -0500] "GET /interview-of-international-hair-stylist/ HTTP/1.0" 200 51800 "https://www.vjmedia.in/interview-of-international-hair-stylist/" "Mozilla/5.0 (Windows NT 10.0; Win64; x64) AppleWebKit/537.36 (KHTML, like Gecko) Chrome/131.0.0.0 Safari/537.36 Avast/131.0.0.0"
