185.2.31.101 - - [17/Apr/2026:08:02:04 -0400] "POST /xmlrpc.php HTTP/1.1" 403 0 "-" "Mozilla/5.0 (Macintosh; Intel Mac OS X 10_13_6) AppleWebKit/605.1.15 (KHTML, like Gecko) Version/11.1.2 Safari/605.1.15"
124.55.178.99 - - [17/Apr/2026:08:04:09 -0400] "GET /wp-login.php HTTP/1.1" 200 2328 "-" "Mozilla/5.0 (Windows NT 10.0; WOW64; Trident/7.0; ASTE; rv:11.0) like Gecko"
216.73.216.73 - - [17/Apr/2026:08:04:36 -0400] "GET /celebrity-hairstylist-jawed-habib-coverage-for-the-times-of-india/ HTTP/1.1" 200 13337 "https://www.vjmedia.in/celebrity-hairstylist-jawed-habib-coverage-for-the-times-of-india" "Mozilla/5.0 AppleWebKit/537.36 (KHTML, like Gecko; compatible; ClaudeBot/1.0; [email protected])"
143.95.255.155 - - [17/Apr/2026:08:06:28 -0400] "POST /xmlrpc.php HTTP/1.1" 200 214 "-" "Mozilla/5.0 (Macintosh; Intel Mac OS X 10_11_6) AppleWebKit/603.3.8 (KHTML, like Gecko) Version/10.1.2 Safari/603.3.8"
51.222.95.132 - - [17/Apr/2026:08:18:14 -0400] "GET /pullman-gurgaon-coverage-for-go-now-magazine/feed/ HTTP/1.1" 304 0 "-" "Mozilla/5.0 (compatible; AhrefsBot/7.0; +http://ahrefs.com/robot/)"
5.78.119.23 - - [17/Apr/2026:08:22:09 -0400] "GET /wp-login.php HTTP/1.1" 200 2328 "-" "Mozilla/5.0 (compatible; MSIE 10.0; Windows NT 6.1; Win64; x64; Trident/7.0)"
141.95.54.206 - - [17/Apr/2026:08:26:23 -0400] "GET /wp-login.php HTTP/1.1" 200 2328 "-" "Mozilla/5.0 (Windows NT 10.0; WOW64) AppleWebKit/537.36 (KHTML, like Gecko) Chrome/63.0.3239.132 Safari/537.36 OPR/50.0.2762.67"
141.95.54.206 - - [17/Apr/2026:08:26:23 -0400] "POST /wp-login.php HTTP/1.1" 200 2425 "https://vjmedia.in/wp-login.php" "Mozilla/5.0 (Windows NT 10.0; WOW64) AppleWebKit/537.36 (KHTML, like Gecko) Chrome/63.0.3239.132 Safari/537.36 OPR/50.0.2762.67"
162.213.253.84 - - [17/Apr/2026:08:04:12 -0400] "POST /wp-cron.php?doing_wp_cron=1776427452.0564169883728027343750 HTTP/1.1" 200 0 "https://www.vjmedia.in/wp-cron.php?doing_wp_cron=1776427452.0564169883728027343750" "WordPress/5.5.1; https://www.vjmedia.in"
124.55.178.99 - - [17/Apr/2026:08:04:11 -0400] "POST /wp-login.php HTTP/1.1" 200 2425 "https://vjmedia.in/wp-login.php" "Mozilla/5.0 (Windows NT 10.0; WOW64; Trident/7.0; ASTE; rv:11.0) like Gecko"
216.73.216.73 - - [17/Apr/2026:08:04:36 -0400] "GET /robots.txt HTTP/1.1" 200 97 "-" "Mozilla/5.0 AppleWebKit/537.36 (KHTML, like Gecko; compatible; ClaudeBot/1.0; [email protected])"
216.73.216.73 - - [17/Apr/2026:08:04:36 -0400] "GET /celebrity-hairstylist-jawed-habib-coverage-for-the-times-of-india HTTP/1.1" 301 0 "-" "Mozilla/5.0 AppleWebKit/537.36 (KHTML, like Gecko; compatible; ClaudeBot/1.0; [email protected])"
121.200.217.28 - - [17/Apr/2026:08:08:40 -0400] "GET /wp-login.php HTTP/1.1" 200 2328 "-" "Mozilla/5.0 (MSIE 10.0; Windows NT 6.1; WOW64; Trident/7.0; rv:11.0) like Gecko"
121.200.217.28 - - [17/Apr/2026:08:08:41 -0400] "POST /wp-login.php HTTP/1.1" 200 2422 "https://vjmedia.in/wp-login.php" "Mozilla/5.0 (MSIE 10.0; Windows NT 6.1; WOW64; Trident/7.0; rv:11.0) like Gecko"
14.169.105.72 - - [17/Apr/2026:08:12:19 -0400] "GET / HTTP/1.1" 200 17193 "-" "Mozilla/5.0 (compatible; MSIE 9.0; Windows NT 6.2; Trident/3.1)"
103.99.37.16 - - [17/Apr/2026:08:13:12 -0400] "GET /wp-login.php HTTP/1.1" 200 2328 "-" "Mozilla/5.0 (Macintosh; Intel Mac OS X 10_10_5) AppleWebKit/602.4.8 (KHTML, like Gecko) Version/10.0.3 Safari/602.4.8"
103.99.37.16 - - [17/Apr/2026:08:13:16 -0400] "POST /wp-login.php HTTP/1.1" 200 2425 "https://vjmedia.in/wp-login.php" "Mozilla/5.0 (Macintosh; Intel Mac OS X 10_10_5) AppleWebKit/602.4.8 (KHTML, like Gecko) Version/10.0.3 Safari/602.4.8"
75.119.158.27 - - [17/Apr/2026:08:15:00 -0400] "POST /xmlrpc.php HTTP/1.1" 200 214 "-" "Mozilla/4.0 (compatible; MSIE 7.0; Windows NT 6.2; WOW64; Trident/7.0; .NET4.0E; .NET4.0C; Tablet PC 2.0; .NET CLR 3.5.30729; .NET CLR 2.0.50727; .NET CLR 3.0.30729; McAfee; LCJB)"
162.213.253.84 - - [17/Apr/2026:08:18:15 -0400] "POST /wp-cron.php?doing_wp_cron=1776428295.1689200401306152343750 HTTP/1.1" 200 0 "https://www.vjmedia.in/wp-cron.php?doing_wp_cron=1776428295.1689200401306152343750" "WordPress/5.5.1; https://www.vjmedia.in"
103.143.207.15 - - [17/Apr/2026:08:19:23 -0400] "POST /xmlrpc.php HTTP/1.1" 200 214 "-" "Mozilla/5.0 (Windows NT 6.3) AppleWebKit/537.36 (KHTML, like Gecko) Chrome/66.0.3359.139 Safari/537.36"
5.78.119.23 - - [17/Apr/2026:08:22:09 -0400] "POST /wp-login.php HTTP/1.1" 200 2425 "https://vjmedia.in/wp-login.php" "Mozilla/5.0 (compatible; MSIE 10.0; Windows NT 6.1; Win64; x64; Trident/7.0)"
52.167.144.166 - - [17/Apr/2026:08:25:19 -0400] "GET /?s=2027 HTTP/1.1" 200 11386 "-" "Mozilla/5.0 AppleWebKit/537.36 (KHTML, like Gecko; compatible; bingbot/2.0; +http://www.bing.com/bingbot.htm) Chrome/116.0.1938.76 Safari/537.36"
103.143.207.15 - - [17/Apr/2026:08:27:37 -0400] "POST /xmlrpc.php HTTP/1.1" 200 214 "-" "Mozilla/5.0 (Windows NT 6.1; WOW64; rv:61.0) Gecko/20100101 Firefox/61.0"
68.178.173.85 - - [17/Apr/2026:08:30:45 -0400] "POST /wp-login.php HTTP/1.1" 200 2425 "https://vjmedia.in/wp-login.php" "Mozilla/5.0 (Macintosh; Intel Mac OS X 10_11_6) AppleWebKit/537.36 (KHTML, like Gecko) Chrome/67.0.3396.79 Safari/537.36"
103.230.156.120 - - [17/Apr/2026:08:31:48 -0400] "POST /xmlrpc.php HTTP/1.1" 200 214 "-" "Mozilla/5.0 (Windows NT 6.1; Win64; x64) AppleWebKit/537.36 (KHTML, like Gecko) Chrome/65.0.3325.181 Safari/537.36 OPR/52.0.2871.99"
110.93.205.130 - - [17/Apr/2026:08:35:06 -0400] "GET /wp-login.php HTTP/1.1" 200 2328 "-" "Mozilla/5.0 (Macintosh; Intel Mac OS X 10_11_6) AppleWebKit/537.36 (KHTML, like Gecko) Chrome/66.0.3359.139 Safari/537.36"
162.213.253.84 - - [17/Apr/2026:08:35:08 -0400] "POST /wp-cron.php?doing_wp_cron=1776429308.0605089664459228515625 HTTP/1.1" 200 0 "https://www.vjmedia.in/wp-cron.php?doing_wp_cron=1776429308.0605089664459228515625" "WordPress/5.5.1; https://www.vjmedia.in"
110.93.205.130 - - [17/Apr/2026:08:35:06 -0400] "POST /wp-login.php HTTP/1.1" 200 2425 "https://vjmedia.in/wp-login.php" "Mozilla/5.0 (Macintosh; Intel Mac OS X 10_11_6) AppleWebKit/537.36 (KHTML, like Gecko) Chrome/66.0.3359.139 Safari/537.36"
203.201.164.142 - - [17/Apr/2026:08:35:52 -0400] "POST /xmlrpc.php HTTP/1.1" 200 214 "-" "Mozilla/5.0 (Macintosh; Intel Mac OS X 10_13_1) AppleWebKit/537.36 (KHTML, like Gecko) Chrome/65.0.3325.162 Safari/537.36"
68.178.173.85 - - [17/Apr/2026:08:30:43 -0400] "GET /wp-login.php HTTP/1.1" 200 2328 "-" "Mozilla/5.0 (Macintosh; Intel Mac OS X 10_11_6) AppleWebKit/537.36 (KHTML, like Gecko) Chrome/67.0.3396.79 Safari/537.36"
31.220.93.99 - - [17/Apr/2026:08:39:18 -0400] "GET /wp-login.php HTTP/1.1" 200 2328 "-" "Mozilla/4.0 (compatible; MSIE 7.0; Windows NT 6.1; Trident/7.0; SLCC2; .NET CLR 2.0.50727; .NET CLR 3.5.30729; .NET CLR 3.0.30729; Media Center PC 6.0; .NET4.0C; .NET4.0E; GWX:QUALIFIED)"
51.79.81.228 - - [17/Apr/2026:08:39:53 -0400] "POST /xmlrpc.php HTTP/1.1" 200 213 "-" "Mozilla/4.0 (compatible; MSIE 7.0; Windows NT 6.1; WOW64; Trident/7.0; SLCC2; .NET CLR 2.0.50727; .NET CLR 3.5.30729; .NET CLR 3.0.30729; .NET4.0C; .NET4.0E)"
31.220.93.99 - - [17/Apr/2026:08:39:19 -0400] "POST /wp-login.php HTTP/1.1" 200 2423 "https://vjmedia.in/wp-login.php" "Mozilla/4.0 (compatible; MSIE 7.0; Windows NT 6.1; Trident/7.0; SLCC2; .NET CLR 2.0.50727; .NET CLR 3.5.30729; .NET CLR 3.0.30729; Media Center PC 6.0; .NET4.0C; .NET4.0E; GWX:QUALIFIED)"
156.245.246.112 - - [17/Apr/2026:08:43:12 -0400] "GET /index.php?rest_route=/wp/v2/posts&per_page=100&_fields=id%2Ccomment_status&page=1 HTTP/1.1" 200 2386 "https://vjmedia.in" "Mozilla/5.0 (iPhone; CPU iPhone OS 18_3_2 like Mac OS X) AppleWebKit/605.1.15 (KHTML, like Gecko) Version/18.3 Mobile/15E148 Safari/604.1 Ddg/18.3"
156.245.246.112 - - [17/Apr/2026:08:43:12 -0400] "POST /wp-comments-post.php HTTP/1.1" 302 0 "https://vjmedia.in" "Mozilla/5.0 (iPhone; CPU iPhone OS 18_3_2 like Mac OS X) AppleWebKit/605.1.15 (KHTML, like Gecko) Version/18.3 Mobile/15E148 Safari/604.1 Ddg/18.3"
31.220.93.99 - - [17/Apr/2026:08:43:35 -0400] "GET /wp-login.php HTTP/1.1" 200 2328 "-" "Mozilla/5.0 (Windows NT 6.1; Trident/7.0; BOIE9;ENUS; rv:11.0) like Gecko"
31.220.93.99 - - [17/Apr/2026:08:43:36 -0400] "POST /wp-login.php HTTP/1.1" 200 2504 "https://vjmedia.in/wp-login.php" "Mozilla/5.0 (Windows NT 6.1; Trident/7.0; BOIE9;ENUS; rv:11.0) like Gecko"
52.70.37.15 - - [17/Apr/2026:08:47:43 -0400] "GET /wp-login.php HTTP/1.1" 200 2328 "-" "Mozilla/5.0 (Macintosh; Intel Mac OS X 10_13_1) AppleWebKit/537.36 (KHTML, like Gecko) Chrome/65.0.3325.181 Safari/537.36"
162.213.253.84 - - [17/Apr/2026:08:48:06 -0400] "POST /wp-cron.php?doing_wp_cron=1776430086.9372839927673339843750 HTTP/1.1" 200 0 "https://www.vjmedia.in/wp-cron.php?doing_wp_cron=1776430086.9372839927673339843750" "WordPress/5.5.1; https://www.vjmedia.in"
74.208.229.14 - - [17/Apr/2026:08:48:06 -0400] "POST /xmlrpc.php HTTP/1.1" 200 214 "-" "Mozilla/5.0 (Windows NT 10.0; Win64; x64) AppleWebKit/537.36 (KHTML, like Gecko) Chrome/64.0.3282.140 Safari/537.36 Edge/17.17134"
194.163.172.43 - - [17/Apr/2026:08:52:12 -0400] "GET /wp-login.php HTTP/1.1" 200 2328 "-" "Mozilla/4.0 (compatible; MSIE 7.0; Windows NT 10.0; WOW64; Trident/7.0; .NET4.0C; .NET4.0E; .NET CLR 2.0.50727; .NET CLR 3.0.30729; .NET CLR 3.5.30729; ms-office)"
52.4.76.156 - - [17/Apr/2026:08:55:03 -0400] "GET /celebrity-clients/ HTTP/1.1" 200 15721 "-" "Mozilla/5.0 AppleWebKit/537.36 (KHTML, like Gecko; compatible; Amazonbot/0.1; +https://developer.amazon.com/support/amazonbot) Chrome/119.0.6045.214 Safari/537.36"
103.72.56.9 - - [17/Apr/2026:08:56:21 -0400] "POST /xmlrpc.php HTTP/1.1" 200 214 "-" "Mozilla/4.0 (compatible; MSIE 7.0; Windows NT 6.1; WOW64; Trident/7.0; SLCC2; .NET CLR 2.0.50727; .NET CLR 3.5.30729; .NET CLR 3.0.30729; Media Center PC 6.0; .NET4.0C)"
103.72.56.9 - - [17/Apr/2026:08:56:26 -0400] "GET /wp-login.php HTTP/1.1" 200 2328 "-" "Mozilla/5.0 (Windows NT 6.1) AppleWebKit/537.36 (KHTML, like Gecko) Chrome/63.0.3239.132 Safari/537.36 OPR/50.0.2762.67"
103.72.56.9 - - [17/Apr/2026:08:56:27 -0400] "POST /wp-login.php HTTP/1.1" 200 2423 "https://vjmedia.in/wp-login.php" "Mozilla/5.0 (Windows NT 6.1) AppleWebKit/537.36 (KHTML, like Gecko) Chrome/63.0.3239.132 Safari/537.36 OPR/50.0.2762.67"
165.22.95.96 - - [17/Apr/2026:09:00:22 -0400] "POST /xmlrpc.php HTTP/1.1" 200 214 "-" "Mozilla/5.0 (Windows NT 10.0; WOW64; rv:60.0) Gecko/20100101 Firefox/60.0"
46.36.201.106 - - [17/Apr/2026:08:43:57 -0400] "POST /xmlrpc.php HTTP/1.1" 200 214 "-" "Mozilla/5.0 (Macintosh; Intel Mac OS X 10_10_5) AppleWebKit/603.2.5 (KHTML, like Gecko) Version/10.1.1 Safari/603.2.5"
162.213.253.84 - - [17/Apr/2026:08:47:44 -0400] "POST /wp-cron.php?doing_wp_cron=1776430064.6427400112152099609375 HTTP/1.1" 200 0 "https://www.vjmedia.in/wp-cron.php?doing_wp_cron=1776430064.6427400112152099609375" "WordPress/5.5.1; https://www.vjmedia.in"
52.70.37.15 - - [17/Apr/2026:08:47:43 -0400] "POST /wp-login.php HTTP/1.1" 200 2425 "https://vjmedia.in/wp-login.php" "Mozilla/5.0 (Macintosh; Intel Mac OS X 10_13_1) AppleWebKit/537.36 (KHTML, like Gecko) Chrome/65.0.3325.181 Safari/537.36"
194.163.172.43 - - [17/Apr/2026:08:52:17 -0400] "POST /wp-login.php HTTP/1.1" 200 2423 "https://vjmedia.in/wp-login.php" "Mozilla/4.0 (compatible; MSIE 7.0; Windows NT 10.0; WOW64; Trident/7.0; .NET4.0C; .NET4.0E; .NET CLR 2.0.50727; .NET CLR 3.0.30729; .NET CLR 3.5.30729; ms-office)"
52.45.92.83 - - [17/Apr/2026:08:54:59 -0400] "GET /itc-welcomheritage-focuses-on-standardization-for-hotel-scapes-magazine/ HTTP/1.1" 200 15122 "-" "Mozilla/5.0 AppleWebKit/537.36 (KHTML, like Gecko; compatible; Amazonbot/0.1; +https://developer.amazon.com/support/amazonbot) Chrome/119.0.6045.214 Safari/537.36"
14.194.98.253 - - [17/Apr/2026:09:00:47 -0400] "GET /wp-login.php HTTP/1.1" 200 2328 "-" "Mozilla/4.0 (compatible; MSIE 7.0; Windows NT 6.1; WOW64; Trident/7.0; SLCC2; .NET CLR 2.0.50727; .NET4.0C; .NET4.0E)"
14.194.98.253 - - [17/Apr/2026:09:00:49 -0400] "POST /wp-login.php HTTP/1.1" 200 2425 "https://vjmedia.in/wp-login.php" "Mozilla/4.0 (compatible; MSIE 7.0; Windows NT 6.1; WOW64; Trident/7.0; SLCC2; .NET CLR 2.0.50727; .NET4.0C; .NET4.0E)"
162.213.253.84 - - [17/Apr/2026:09:04:29 -0400] "POST /wp-cron.php?doing_wp_cron=1776431069.6468980312347412109375 HTTP/1.1" 200 0 "https://www.vjmedia.in/wp-cron.php?doing_wp_cron=1776431069.6468980312347412109375" "WordPress/5.5.1; https://www.vjmedia.in"
66.33.193.7 - - [17/Apr/2026:09:04:28 -0400] "POST /xmlrpc.php HTTP/1.1" 200 214 "-" "Mozilla/5.0 (Windows NT 6.3; Trident/7.0; rv:11.0) like Gecko"
103.72.56.9 - - [17/Apr/2026:09:05:00 -0400] "GET /wp-login.php HTTP/1.1" 200 2328 "-" "Mozilla/5.0 (Macintosh; Intel Mac OS X 10_14) AppleWebKit/605.1.15 (KHTML, like Gecko) Version/12.0 Safari/605.1.15"
132.148.77.54 - - [17/Apr/2026:09:09:35 -0400] "GET /wp-login.php HTTP/1.1" 200 2328 "-" "Mozilla/5.0 (Windows NT 10.0; WOW64; Trident/7.0; Touch; TBTE; rv:11.0) like Gecko"
91.75.87.237 - - [17/Apr/2026:09:13:04 -0400] "POST /xmlrpc.php HTTP/1.1" 200 421 "-" "Jetpack by WordPress.com"
75.119.158.27 - - [17/Apr/2026:09:13:13 -0400] "POST /xmlrpc.php HTTP/1.1" 200 213 "-" "Mozilla/4.0 (compatible; MSIE 7.0; Windows NT 10.0; WOW64; Trident/7.0; .NET4.0C; .NET4.0E; .NET CLR 2.0.50727; .NET CLR 3.0.30729; .NET CLR 3.5.30729; Tablet PC 2.0)"
91.75.87.237 - - [17/Apr/2026:09:13:14 -0400] "POST /xmlrpc.php HTTP/1.1" 200 659 "-" "WordPress.com; https://wordpress.com"
91.75.87.237 - - [17/Apr/2026:09:13:25 -0400] "POST /xmlrpc.php HTTP/1.1" 403 0 "-" "Jetpack by WordPress.com"
91.75.87.237 - - [17/Apr/2026:09:13:46 -0400] "POST /xmlrpc.php HTTP/1.1" 403 0 "-" "Jetpack/13.0; WordPress/6.3; http://site31073304.com"
103.143.207.18 - - [17/Apr/2026:09:13:54 -0400] "GET /wp-login.php HTTP/1.1" 200 2328 "-" "Mozilla/5.0 (Windows NT 5.1; Win64; x64) AppleWebKit/537.36 (KHTML, like Gecko) Chrome/66.0.3359.117 Safari/537.36"
103.143.207.18 - - [17/Apr/2026:09:13:54 -0400] "POST /wp-login.php HTTP/1.1" 200 2425 "https://vjmedia.in/wp-login.php" "Mozilla/5.0 (Windows NT 5.1; Win64; x64) AppleWebKit/537.36 (KHTML, like Gecko) Chrome/66.0.3359.117 Safari/537.36"
91.75.87.237 - - [17/Apr/2026:09:13:56 -0400] "POST /xmlrpc.php HTTP/1.1" 403 0 "-" "Jetpack by WordPress.com (Jetpack 12.5; WordPress 6.1)"
91.75.87.237 - - [17/Apr/2026:09:14:07 -0400] "POST /xmlrpc.php HTTP/1.1" 403 0 "-" "WordPress.com; https://wordpress.com"
91.75.87.237 - - [17/Apr/2026:09:14:28 -0400] "POST /xmlrpc.php HTTP/1.1" 403 0 "-" "Jetpack by WordPress.com"
207.180.233.81 - - [17/Apr/2026:09:14:54 -0400] "GET /wp-admin/user/ HTTP/1.1" 302 0 "binance.com" "Mozilla/5.0 (Windows NT 10.0; Win64; x64) AppleWebKit/537.36 (KHTML, like Gecko) Chrome/90.0.4430.85 Safari/537.36"
207.180.233.81 - - [17/Apr/2026:09:15:03 -0400] "GET /wp-login.php?redirect_to=https%3A%2F%2Fwww.vjmedia.in%2Fwp-admin%2Fuser%2F&reauth=1 HTTP/1.1" 200 2647 "binance.com" "Mozilla/5.0 (Windows NT 10.0; Win64; x64) AppleWebKit/537.36 (KHTML, like Gecko) Chrome/90.0.4430.85 Safari/537.36"
91.75.87.237 - - [17/Apr/2026:09:15:03 -0400] "POST /xmlrpc.php HTTP/1.1" 403 0 "-" "Jetpack by WordPress.com"
91.75.87.237 - - [17/Apr/2026:09:15:23 -0400] "POST /xmlrpc.php HTTP/1.1" 403 0 "-" "Jetpack by WordPress.com"
91.75.87.237 - - [17/Apr/2026:09:16:02 -0400] "POST /xmlrpc.php HTTP/1.1" 403 0 "-" "WordPress.com; https://wordpress.com"
91.75.87.237 - - [17/Apr/2026:09:16:13 -0400] "POST /xmlrpc.php HTTP/1.1" 403 0 "-" "WordPress.com; https://wordpress.com"
91.75.87.237 - - [17/Apr/2026:09:16:23 -0400] "POST /xmlrpc.php HTTP/1.1" 403 0 "-" "Jetpack/13.0; WordPress/6.4; http://site71607824.com"
91.75.87.237 - - [17/Apr/2026:09:16:33 -0400] "POST /xmlrpc.php HTTP/1.1" 403 0 "-" "Jetpack/12.0; WordPress/6.3; http://site92821306.com"
91.75.87.237 - - [17/Apr/2026:09:16:54 -0400] "POST /xmlrpc.php HTTP/1.1" 403 0 "-" "Jetpack/12.0; WordPress/6.2; http://site25760959.com"
91.75.87.237 - - [17/Apr/2026:09:17:05 -0400] "POST /xmlrpc.php HTTP/1.1" 403 0 "-" "Jetpack by WordPress.com"
91.75.87.237 - - [17/Apr/2026:09:17:36 -0400] "POST /xmlrpc.php HTTP/1.1" 403 0 "-" "Jetpack/13.0; WordPress/6.3; http://site13367284.com"
132.148.77.54 - - [17/Apr/2026:09:09:38 -0400] "POST /wp-login.php HTTP/1.1" 200 2425 "https://vjmedia.in/wp-login.php" "Mozilla/5.0 (Windows NT 10.0; WOW64; Trident/7.0; Touch; TBTE; rv:11.0) like Gecko"
91.75.87.237 - - [17/Apr/2026:09:12:45 -0400] "POST /xmlrpc.php HTTP/1.1" 200 422 "-" "Jetpack by WordPress.com (Jetpack 13.0; WordPress 6.4)"
91.75.87.237 - - [17/Apr/2026:09:12:53 -0400] "POST /xmlrpc.php HTTP/1.1" 200 422 "-" "Jetpack/12.0; WordPress/6.2; http://site95901734.com"
91.75.87.237 - - [17/Apr/2026:09:13:35 -0400] "POST /xmlrpc.php HTTP/1.1" 403 0 "-" "WordPress.com; https://wordpress.com"
91.75.87.237 - - [17/Apr/2026:09:14:17 -0400] "POST /xmlrpc.php HTTP/1.1" 403 0 "-" "Jetpack/13.0; WordPress/6.4; http://site49015703.com"
207.180.233.81 - - [17/Apr/2026:09:14:17 -0400] "GET /wp-admin/network/ HTTP/1.1" 302 0 "binance.com" "Mozilla/5.0 (Windows NT 10.0; Win64; x64) AppleWebKit/537.36 (KHTML, like Gecko) Chrome/90.0.4430.85 Safari/537.36"
207.180.233.81 - - [17/Apr/2026:09:14:26 -0400] "GET /wp-login.php?redirect_to=https%3A%2F%2Fwww.vjmedia.in%2Fwp-admin%2Fnetwork%2F&reauth=1 HTTP/1.1" 200 2650 "binance.com" "Mozilla/5.0 (Windows NT 10.0; Win64; x64) AppleWebKit/537.36 (KHTML, like Gecko) Chrome/90.0.4430.85 Safari/537.36"
91.75.87.237 - - [17/Apr/2026:09:14:38 -0400] "POST /xmlrpc.php HTTP/1.1" 403 0 "-" "Jetpack by WordPress.com (Jetpack 12.5; WordPress 6.4)"
91.75.87.237 - - [17/Apr/2026:09:15:31 -0400] "POST /xmlrpc.php HTTP/1.1" 403 0 "-" "Jetpack by WordPress.com"
91.75.87.237 - - [17/Apr/2026:09:15:41 -0400] "POST /xmlrpc.php HTTP/1.1" 403 0 "-" "WordPress.com; https://wordpress.com"
91.75.87.237 - - [17/Apr/2026:09:15:52 -0400] "POST /xmlrpc.php HTTP/1.1" 403 0 "-" "Jetpack by WordPress.com"
91.75.87.237 - - [17/Apr/2026:09:16:44 -0400] "POST /xmlrpc.php HTTP/1.1" 403 0 "-" "WordPress.com; https://wordpress.com"
162.213.253.84 - - [17/Apr/2026:09:17:06 -0400] "POST /wp-cron.php?doing_wp_cron=1776431826.0102651119232177734375 HTTP/1.1" 200 0 "https://www.vjmedia.in/wp-cron.php?doing_wp_cron=1776431826.0102651119232177734375" "WordPress/5.5.1; https://www.vjmedia.in"
91.75.87.237 - - [17/Apr/2026:09:17:15 -0400] "POST /xmlrpc.php HTTP/1.1" 403 0 "-" "Jetpack by WordPress.com (Jetpack 13.0; WordPress 6.3)"
91.75.87.237 - - [17/Apr/2026:09:17:26 -0400] "POST /xmlrpc.php HTTP/1.1" 403 0 "-" "Jetpack/12.1; WordPress/6.2; http://site68397364.com"
162.213.253.84 - - [17/Apr/2026:09:17:58 -0400] "POST /wp-cron.php?doing_wp_cron=1776431878.4461541175842285156250 HTTP/1.1" 200 0 "https://www.vjmedia.in/wp-cron.php?doing_wp_cron=1776431878.4461541175842285156250" "WordPress/5.5.1; https://www.vjmedia.in"
91.75.87.237 - - [17/Apr/2026:09:18:18 -0400] "POST /xmlrpc.php HTTP/1.1" 403 0 "-" "WordPress.com; https://wordpress.com"
91.75.87.237 - - [17/Apr/2026:09:18:29 -0400] "POST /xmlrpc.php HTTP/1.1" 403 0 "-" "Jetpack by WordPress.com (Jetpack 13.0; WordPress 6.1)"
91.75.87.237 - - [17/Apr/2026:09:18:50 -0400] "POST /xmlrpc.php HTTP/1.1" 403 0 "-" "Jetpack by WordPress.com (Jetpack 12.0; WordPress 6.1)"
91.75.87.237 - - [17/Apr/2026:09:19:32 -0400] "POST /xmlrpc.php HTTP/1.1" 403 0 "-" "WordPress.com; https://wordpress.com"
91.75.87.237 - - [17/Apr/2026:09:20:58 -0400] "POST /xmlrpc.php HTTP/1.1" 403 0 "-" "Jetpack by WordPress.com"
103.216.118.192 - - [17/Apr/2026:09:21:15 -0400] "POST /xmlrpc.php HTTP/1.1" 200 357 "-" "Mozilla/5.0 (Windows NT 6.3; WOW64; Trident/7.0; TAJB; rv:11.0) like Gecko"
20.200.222.0 - - [17/Apr/2026:09:22:09 -0400] "GET /bolt.php HTTP/1.1" 301 0 "-" "Mozilla/5.0 (Windows NT 10.0; Win64; x64) AppleWebKit/537.36 (KHTML, like Gecko) Chrome/120.0.0.0 Safari/537.36"
20.200.222.0 - - [17/Apr/2026:09:22:10 -0400] "GET /x.php HTTP/1.1" 301 0 "-" "Mozilla/5.0 (Windows NT 10.0; Win64; x64) AppleWebKit/537.36 (KHTML, like Gecko) Chrome/120.0.0.0 Safari/537.36"
20.200.222.0 - - [17/Apr/2026:09:22:12 -0400] "GET /k.php HTTP/1.1" 301 0 "-" "Mozilla/5.0 (Windows NT 10.0; Win64; x64) AppleWebKit/537.36 (KHTML, like Gecko) Chrome/120.0.0.0 Safari/537.36"
91.75.87.237 - - [17/Apr/2026:09:17:47 -0400] "POST /xmlrpc.php HTTP/1.1" 403 0 "-" "WordPress.com; https://wordpress.com"
91.75.87.237 - - [17/Apr/2026:09:17:57 -0400] "POST /xmlrpc.php HTTP/1.1" 403 0 "-" "Jetpack/12.0; WordPress/6.1; http://site93006819.com"
103.216.118.192 - - [17/Apr/2026:09:18:03 -0400] "GET /wp-login.php HTTP/1.1" 200 2328 "-" "Mozilla/5.0 (Windows NT 6.3; WOW64; Trident/7.0; MASBJS; rv:11.0) like Gecko"
162.213.253.84 - - [17/Apr/2026:09:18:05 -0400] "POST /wp-cron.php?doing_wp_cron=1776431885.4939770698547363281250 HTTP/1.1" 200 0 "https://www.vjmedia.in/wp-cron.php?doing_wp_cron=1776431885.4939770698547363281250" "WordPress/5.5.1; https://www.vjmedia.in"
103.216.118.192 - - [17/Apr/2026:09:18:04 -0400] "POST /wp-login.php HTTP/1.1" 200 2423 "https://vjmedia.in/wp-login.php" "Mozilla/5.0 (Windows NT 6.3; WOW64; Trident/7.0; MASBJS; rv:11.0) like Gecko"
91.75.87.237 - - [17/Apr/2026:09:18:08 -0400] "POST /xmlrpc.php HTTP/1.1" 403 0 "-" "Jetpack by WordPress.com (Jetpack 13.0; WordPress 6.2)"
91.75.87.237 - - [17/Apr/2026:09:18:39 -0400] "POST /xmlrpc.php HTTP/1.1" 403 0 "-" "WordPress.com; https://wordpress.com"
91.75.87.237 - - [17/Apr/2026:09:19:00 -0400] "POST /xmlrpc.php HTTP/1.1" 403 0 "-" "Jetpack by WordPress.com (Jetpack 13.0; WordPress 6.2)"
91.75.87.237 - - [17/Apr/2026:09:19:11 -0400] "POST /xmlrpc.php HTTP/1.1" 403 0 "-" "Jetpack by WordPress.com (Jetpack 12.5; WordPress 6.1)"
91.75.87.237 - - [17/Apr/2026:09:19:21 -0400] "POST /xmlrpc.php HTTP/1.1" 403 0 "-" "Jetpack by WordPress.com"
91.75.87.237 - - [17/Apr/2026:09:20:15 -0400] "POST /xmlrpc.php HTTP/1.1" 403 0 "-" "WordPress.com; https://wordpress.com"
162.213.253.84 - - [17/Apr/2026:09:20:25 -0400] "POST /wp-cron.php?doing_wp_cron=1776432025.2931680679321289062500 HTTP/1.1" 200 0 "https://www.vjmedia.in/wp-cron.php?doing_wp_cron=1776432025.2931680679321289062500" "WordPress/5.5.1; https://www.vjmedia.in"
91.75.87.237 - - [17/Apr/2026:09:20:24 -0400] "POST /xmlrpc.php HTTP/1.1" 403 0 "-" "Jetpack by WordPress.com"
91.75.87.237 - - [17/Apr/2026:09:20:35 -0400] "POST /xmlrpc.php HTTP/1.1" 403 0 "-" "Jetpack/13.0; WordPress/6.2; http://site80110824.com"
91.75.87.237 - - [17/Apr/2026:09:21:06 -0400] "POST /xmlrpc.php HTTP/1.1" 403 0 "-" "Jetpack by WordPress.com (Jetpack 12.0; WordPress 6.3)"
20.200.222.0 - - [17/Apr/2026:09:22:08 -0400] "GET /aa.php HTTP/1.1" 301 0 "-" "Mozilla/5.0 (Windows NT 10.0; Win64; x64) AppleWebKit/537.36 (KHTML, like Gecko) Chrome/120.0.0.0 Safari/537.36"
20.200.222.0 - - [17/Apr/2026:09:22:11 -0400] "GET /jga.php HTTP/1.1" 301 0 "-" "Mozilla/5.0 (Windows NT 10.0; Win64; x64) AppleWebKit/537.36 (KHTML, like Gecko) Chrome/120.0.0.0 Safari/537.36"
20.200.222.0 - - [17/Apr/2026:09:22:13 -0400] "GET /vx.php HTTP/1.1" 301 0 "-" "Mozilla/5.0 (Windows NT 10.0; Win64; x64) AppleWebKit/537.36 (KHTML, like Gecko) Chrome/120.0.0.0 Safari/537.36"
20.200.222.0 - - [17/Apr/2026:09:22:16 -0400] "GET /inputs.php HTTP/1.1" 301 0 "-" "Mozilla/5.0 (Windows NT 10.0; Win64; x64) AppleWebKit/537.36 (KHTML, like Gecko) Chrome/120.0.0.0 Safari/537.36"
20.200.222.0 - - [17/Apr/2026:09:22:17 -0400] "GET /goods.php HTTP/1.1" 301 0 "-" "Mozilla/5.0 (Windows NT 10.0; Win64; x64) AppleWebKit/537.36 (KHTML, like Gecko) Chrome/120.0.0.0 Safari/537.36"
20.200.222.0 - - [17/Apr/2026:09:22:18 -0400] "GET /ms-edit.php HTTP/1.1" 301 0 "-" "Mozilla/5.0 (Windows NT 10.0; Win64; x64) AppleWebKit/537.36 (KHTML, like Gecko) Chrome/120.0.0.0 Safari/537.36"
20.200.222.0 - - [17/Apr/2026:09:22:23 -0400] "GET /about.php HTTP/1.1" 301 0 "-" "Mozilla/5.0 (Windows NT 10.0; Win64; x64) AppleWebKit/537.36 (KHTML, like Gecko) Chrome/120.0.0.0 Safari/537.36"
20.200.222.0 - - [17/Apr/2026:09:22:23 -0400] "GET /wp.php HTTP/1.1" 301 0 "-" "Mozilla/5.0 (Windows NT 10.0; Win64; x64) AppleWebKit/537.36 (KHTML, like Gecko) Chrome/120.0.0.0 Safari/537.36"
20.200.222.0 - - [17/Apr/2026:09:22:24 -0400] "GET /adminfuns.php HTTP/1.1" 301 0 "-" "Mozilla/5.0 (Windows NT 10.0; Win64; x64) AppleWebKit/537.36 (KHTML, like Gecko) Chrome/120.0.0.0 Safari/537.36"
20.200.222.0 - - [17/Apr/2026:09:22:28 -0400] "GET /166.php HTTP/1.1" 301 0 "-" "Mozilla/5.0 (Windows NT 10.0; Win64; x64) AppleWebKit/537.36 (KHTML, like Gecko) Chrome/120.0.0.0 Safari/537.36"
103.143.207.18 - - [17/Apr/2026:09:22:29 -0400] "GET /wp-login.php HTTP/1.1" 200 2328 "-" "Mozilla/5.0 (X11; Linux x86_64) AppleWebKit/537.36 (KHTML, like Gecko) Chrome/66.0.3359.170 Safari/537.36"
20.200.222.0 - - [17/Apr/2026:09:22:29 -0400] "GET /wp-mail.php HTTP/1.1" 403 967 "-" "Mozilla/5.0 (Windows NT 10.0; Win64; x64) AppleWebKit/537.36 (KHTML, like Gecko) Chrome/120.0.0.0 Safari/537.36"
20.200.222.0 - - [17/Apr/2026:09:22:30 -0400] "GET /leaf.php HTTP/1.1" 301 0 "-" "Mozilla/5.0 (Windows NT 10.0; Win64; x64) AppleWebKit/537.36 (KHTML, like Gecko) Chrome/120.0.0.0 Safari/537.36"
20.200.222.0 - - [17/Apr/2026:09:22:31 -0400] "GET /grsiuk.php HTTP/1.1" 301 0 "-" "Mozilla/5.0 (Windows NT 10.0; Win64; x64) AppleWebKit/537.36 (KHTML, like Gecko) Chrome/120.0.0.0 Safari/537.36"
20.200.222.0 - - [17/Apr/2026:09:22:31 -0400] "GET /8.php HTTP/1.1" 301 0 "-" "Mozilla/5.0 (Windows NT 10.0; Win64; x64) AppleWebKit/537.36 (KHTML, like Gecko) Chrome/120.0.0.0 Safari/537.36"
20.200.222.0 - - [17/Apr/2026:09:22:33 -0400] "GET /ws38.php HTTP/1.1" 301 0 "-" "Mozilla/5.0 (Windows NT 10.0; Win64; x64) AppleWebKit/537.36 (KHTML, like Gecko) Chrome/120.0.0.0 Safari/537.36"
20.200.222.0 - - [17/Apr/2026:09:22:34 -0400] "GET /a7.php HTTP/1.1" 301 0 "-" "Mozilla/5.0 (Windows NT 10.0; Win64; x64) AppleWebKit/537.36 (KHTML, like Gecko) Chrome/120.0.0.0 Safari/537.36"
20.200.222.0 - - [17/Apr/2026:09:22:35 -0400] "GET /classsmtps.php HTTP/1.1" 301 0 "-" "Mozilla/5.0 (Windows NT 10.0; Win64; x64) AppleWebKit/537.36 (KHTML, like Gecko) Chrome/120.0.0.0 Safari/537.36"
20.200.222.0 - - [17/Apr/2026:09:22:35 -0400] "GET /amax.php HTTP/1.1" 301 0 "-" "Mozilla/5.0 (Windows NT 10.0; Win64; x64) AppleWebKit/537.36 (KHTML, like Gecko) Chrome/120.0.0.0 Safari/537.36"
20.200.222.0 - - [17/Apr/2026:09:22:36 -0400] "GET /CDX1.php HTTP/1.1" 301 0 "-" "Mozilla/5.0 (Windows NT 10.0; Win64; x64) AppleWebKit/537.36 (KHTML, like Gecko) Chrome/120.0.0.0 Safari/537.36"
20.200.222.0 - - [17/Apr/2026:09:22:37 -0400] "GET /rip.php HTTP/1.1" 301 0 "-" "Mozilla/5.0 (Windows NT 10.0; Win64; x64) AppleWebKit/537.36 (KHTML, like Gecko) Chrome/120.0.0.0 Safari/537.36"
20.200.222.0 - - [17/Apr/2026:09:22:38 -0400] "GET /chosen.php HTTP/1.1" 301 0 "-" "Mozilla/5.0 (Windows NT 10.0; Win64; x64) AppleWebKit/537.36 (KHTML, like Gecko) Chrome/120.0.0.0 Safari/537.36"
20.200.222.0 - - [17/Apr/2026:09:22:39 -0400] "GET /css.php HTTP/1.1" 301 0 "-" "Mozilla/5.0 (Windows NT 10.0; Win64; x64) AppleWebKit/537.36 (KHTML, like Gecko) Chrome/120.0.0.0 Safari/537.36"
20.200.222.0 - - [17/Apr/2026:09:22:40 -0400] "GET /php.php HTTP/1.1" 301 0 "-" "Mozilla/5.0 (Windows NT 10.0; Win64; x64) AppleWebKit/537.36 (KHTML, like Gecko) Chrome/120.0.0.0 Safari/537.36"
20.200.222.0 - - [17/Apr/2026:09:22:41 -0400] "GET /wp-Blogs.php HTTP/1.1" 301 0 "-" "Mozilla/5.0 (Windows NT 10.0; Win64; x64) AppleWebKit/537.36 (KHTML, like Gecko) Chrome/120.0.0.0 Safari/537.36"
20.200.222.0 - - [17/Apr/2026:09:22:41 -0400] "GET /wp-content/index.php HTTP/1.1" 200 0 "-" "Mozilla/5.0 (Windows NT 10.0; Win64; x64) AppleWebKit/537.36 (KHTML, like Gecko) Chrome/120.0.0.0 Safari/537.36"
20.200.222.0 - - [17/Apr/2026:09:22:42 -0400] "GET /wp-content/beteng88/ws83.php HTTP/1.1" 301 0 "-" "Mozilla/5.0 (Windows NT 10.0; Win64; x64) AppleWebKit/537.36 (KHTML, like Gecko) Chrome/120.0.0.0 Safari/537.36"
20.200.222.0 - - [17/Apr/2026:09:22:44 -0400] "GET /sadcut1.php HTTP/1.1" 301 0 "-" "Mozilla/5.0 (Windows NT 10.0; Win64; x64) AppleWebKit/537.36 (KHTML, like Gecko) Chrome/120.0.0.0 Safari/537.36"
20.200.222.0 - - [17/Apr/2026:09:22:45 -0400] "GET /y.php HTTP/1.1" 301 0 "-" "Mozilla/5.0 (Windows NT 10.0; Win64; x64) AppleWebKit/537.36 (KHTML, like Gecko) Chrome/120.0.0.0 Safari/537.36"
20.200.222.0 - - [17/Apr/2026:09:22:14 -0400] "GET /ws77.php HTTP/1.1" 301 0 "-" "Mozilla/5.0 (Windows NT 10.0; Win64; x64) AppleWebKit/537.36 (KHTML, like Gecko) Chrome/120.0.0.0 Safari/537.36"
20.200.222.0 - - [17/Apr/2026:09:22:15 -0400] "GET /2.php HTTP/1.1" 301 0 "-" "Mozilla/5.0 (Windows NT 10.0; Win64; x64) AppleWebKit/537.36 (KHTML, like Gecko) Chrome/120.0.0.0 Safari/537.36"
20.200.222.0 - - [17/Apr/2026:09:22:17 -0400] "GET /file.php HTTP/1.1" 301 0 "-" "Mozilla/5.0 (Windows NT 10.0; Win64; x64) AppleWebKit/537.36 (KHTML, like Gecko) Chrome/120.0.0.0 Safari/537.36"
20.200.222.0 - - [17/Apr/2026:09:22:19 -0400] "GET /bgymj.php HTTP/1.1" 301 0 "-" "Mozilla/5.0 (Windows NT 10.0; Win64; x64) AppleWebKit/537.36 (KHTML, like Gecko) Chrome/120.0.0.0 Safari/537.36"
20.200.222.0 - - [17/Apr/2026:09:22:20 -0400] "GET /wp-content/twenty/new.php HTTP/1.1" 301 0 "-" "Mozilla/5.0 (Windows NT 10.0; Win64; x64) AppleWebKit/537.36 (KHTML, like Gecko) Chrome/120.0.0.0 Safari/537.36"
20.200.222.0 - - [17/Apr/2026:09:22:20 -0400] "GET /404.php HTTP/1.1" 301 0 "-" "Mozilla/5.0 (Windows NT 10.0; Win64; x64) AppleWebKit/537.36 (KHTML, like Gecko) Chrome/120.0.0.0 Safari/537.36"
20.200.222.0 - - [17/Apr/2026:09:22:21 -0400] "GET /file3.php HTTP/1.1" 301 0 "-" "Mozilla/5.0 (Windows NT 10.0; Win64; x64) AppleWebKit/537.36 (KHTML, like Gecko) Chrome/120.0.0.0 Safari/537.36"
20.200.222.0 - - [17/Apr/2026:09:22:22 -0400] "GET /wp-mail.php HTTP/1.1" 403 967 "-" "Mozilla/5.0 (Windows NT 10.0; Win64; x64) AppleWebKit/537.36 (KHTML, like Gecko) Chrome/120.0.0.0 Safari/537.36"
20.200.222.0 - - [17/Apr/2026:09:22:25 -0400] "GET /php8.php HTTP/1.1" 301 0 "-" "Mozilla/5.0 (Windows NT 10.0; Win64; x64) AppleWebKit/537.36 (KHTML, like Gecko) Chrome/120.0.0.0 Safari/537.36"
20.200.222.0 - - [17/Apr/2026:09:22:26 -0400] "GET /classwithtostring.php HTTP/1.1" 301 0 "-" "Mozilla/5.0 (Windows NT 10.0; Win64; x64) AppleWebKit/537.36 (KHTML, like Gecko) Chrome/120.0.0.0 Safari/537.36"
20.200.222.0 - - [17/Apr/2026:09:22:27 -0400] "GET /ioxi-o.php HTTP/1.1" 301 0 "-" "Mozilla/5.0 (Windows NT 10.0; Win64; x64) AppleWebKit/537.36 (KHTML, like Gecko) Chrome/120.0.0.0 Safari/537.36"
20.200.222.0 - - [17/Apr/2026:09:22:27 -0400] "GET /sid3.php HTTP/1.1" 301 0 "-" "Mozilla/5.0 (Windows NT 10.0; Win64; x64) AppleWebKit/537.36 (KHTML, like Gecko) Chrome/120.0.0.0 Safari/537.36"
20.200.222.0 - - [17/Apr/2026:09:22:32 -0400] "GET /fs.php HTTP/1.1" 301 0 "-" "Mozilla/5.0 (Windows NT 10.0; Win64; x64) AppleWebKit/537.36 (KHTML, like Gecko) Chrome/120.0.0.0 Safari/537.36"
20.200.222.0 - - [17/Apr/2026:09:22:38 -0400] "GET /1.php HTTP/1.1" 301 0 "-" "Mozilla/5.0 (Windows NT 10.0; Win64; x64) AppleWebKit/537.36 (KHTML, like Gecko) Chrome/120.0.0.0 Safari/537.36"
20.200.222.0 - - [17/Apr/2026:09:22:42 -0400] "GET /ws83.php HTTP/1.1" 301 0 "-" "Mozilla/5.0 (Windows NT 10.0; Win64; x64) AppleWebKit/537.36 (KHTML, like Gecko) Chrome/120.0.0.0 Safari/537.36"
20.200.222.0 - - [17/Apr/2026:09:22:43 -0400] "GET /file61.php HTTP/1.1" 301 0 "-" "Mozilla/5.0 (Windows NT 10.0; Win64; x64) AppleWebKit/537.36 (KHTML, like Gecko) Chrome/120.0.0.0 Safari/537.36"
20.200.222.0 - - [17/Apr/2026:09:22:45 -0400] "GET /akcc.php HTTP/1.1" 301 0 "-" "Mozilla/5.0 (Windows NT 10.0; Win64; x64) AppleWebKit/537.36 (KHTML, like Gecko) Chrome/120.0.0.0 Safari/537.36"
20.200.222.0 - - [17/Apr/2026:09:22:46 -0400] "GET /wp-admin/user/12.php HTTP/1.1" 301 0 "-" "Mozilla/5.0 (Windows NT 10.0; Win64; x64) AppleWebKit/537.36 (KHTML, like Gecko) Chrome/120.0.0.0 Safari/537.36"
20.200.222.0 - - [17/Apr/2026:09:22:47 -0400] "GET /term.php HTTP/1.1" 301 0 "-" "Mozilla/5.0 (Windows NT 10.0; Win64; x64) AppleWebKit/537.36 (KHTML, like Gecko) Chrome/120.0.0.0 Safari/537.36"
20.200.222.0 - - [17/Apr/2026:09:22:49 -0400] "GET /log.php HTTP/1.1" 301 0 "-" "Mozilla/5.0 (Windows NT 10.0; Win64; x64) AppleWebKit/537.36 (KHTML, like Gecko) Chrome/120.0.0.0 Safari/537.36"
20.200.222.0 - - [17/Apr/2026:09:22:50 -0400] "GET /a5.php HTTP/1.1" 301 0 "-" "Mozilla/5.0 (Windows NT 10.0; Win64; x64) AppleWebKit/537.36 (KHTML, like Gecko) Chrome/120.0.0.0 Safari/537.36"
20.200.222.0 - - [17/Apr/2026:09:22:52 -0400] "GET /asd.php HTTP/1.1" 301 0 "-" "Mozilla/5.0 (Windows NT 10.0; Win64; x64) AppleWebKit/537.36 (KHTML, like Gecko) Chrome/120.0.0.0 Safari/537.36"
20.200.222.0 - - [17/Apr/2026:09:22:52 -0400] "GET /default.php HTTP/1.1" 301 0 "-" "Mozilla/5.0 (Windows NT 10.0; Win64; x64) AppleWebKit/537.36 (KHTML, like Gecko) Chrome/120.0.0.0 Safari/537.36"
20.200.222.0 - - [17/Apr/2026:09:22:54 -0400] "GET /install.php HTTP/1.1" 301 0 "-" "Mozilla/5.0 (Windows NT 10.0; Win64; x64) AppleWebKit/537.36 (KHTML, like Gecko) Chrome/120.0.0.0 Safari/537.36"
20.200.222.0 - - [17/Apr/2026:09:22:59 -0400] "GET /6xBAm3vODE05BSzkJZRAws.php HTTP/1.1" 301 0 "-" "Mozilla/5.0 (Windows NT 10.0; Win64; x64) AppleWebKit/537.36 (KHTML, like Gecko) Chrome/120.0.0.0 Safari/537.36"
20.200.222.0 - - [17/Apr/2026:09:23:01 -0400] "GET /a1.php HTTP/1.1" 301 0 "-" "Mozilla/5.0 (Windows NT 10.0; Win64; x64) AppleWebKit/537.36 (KHTML, like Gecko) Chrome/120.0.0.0 Safari/537.36"
20.200.222.0 - - [17/Apr/2026:09:23:01 -0400] "GET /onclickfuns.php HTTP/1.1" 301 0 "-" "Mozilla/5.0 (Windows NT 10.0; Win64; x64) AppleWebKit/537.36 (KHTML, like Gecko) Chrome/120.0.0.0 Safari/537.36"
20.200.222.0 - - [17/Apr/2026:09:23:02 -0400] "GET /w.php HTTP/1.1" 301 0 "-" "Mozilla/5.0 (Windows NT 10.0; Win64; x64) AppleWebKit/537.36 (KHTML, like Gecko) Chrome/120.0.0.0 Safari/537.36"
20.200.222.0 - - [17/Apr/2026:09:23:03 -0400] "GET /wp-good.php HTTP/1.1" 301 0 "-" "Mozilla/5.0 (Windows NT 10.0; Win64; x64) AppleWebKit/537.36 (KHTML, like Gecko) Chrome/120.0.0.0 Safari/537.36"
20.200.222.0 - - [17/Apr/2026:09:23:04 -0400] "GET /.info.php HTTP/1.1" 301 0 "-" "Mozilla/5.0 (Windows NT 10.0; Win64; x64) AppleWebKit/537.36 (KHTML, like Gecko) Chrome/120.0.0.0 Safari/537.36"
20.200.222.0 - - [17/Apr/2026:09:23:06 -0400] "GET /item.php HTTP/1.1" 301 0 "-" "Mozilla/5.0 (Windows NT 10.0; Win64; x64) AppleWebKit/537.36 (KHTML, like Gecko) Chrome/120.0.0.0 Safari/537.36"
20.200.222.0 - - [17/Apr/2026:09:23:07 -0400] "GET /m.php HTTP/1.1" 301 0 "-" "Mozilla/5.0 (Windows NT 10.0; Win64; x64) AppleWebKit/537.36 (KHTML, like Gecko) Chrome/120.0.0.0 Safari/537.36"
82.38.180.26 - - [17/Apr/2026:09:26:39 -0400] "GET /wp-content/uploads/2019/09/Dubai-Culture-Article-662x434.jpg HTTP/1.1" 200 91564 "-" "Mozilla/5.0 (Macintosh; Intel Mac OS X 10_15_7) AppleWebKit/537.36 (KHTML, like Gecko) Chrome/123.0.0.0 Safari/537.36"
35.229.146.197 - - [17/Apr/2026:09:30:07 -0400] "POST /xmlrpc.php HTTP/1.1" 200 214 "-" "Mozilla/4.0 (compatible; MSIE 7.0; Windows NT 6.3; WOW64; Trident/7.0; .NET4.0E; .NET4.0C; .NET CLR 3.5.30729; .NET CLR 2.0.50727; .NET CLR 3.0.30729)"
162.213.253.84 - - [17/Apr/2026:09:32:57 -0400] "POST /wp-cron.php?doing_wp_cron=1776432776.9935441017150878906250 HTTP/1.1" 200 0 "https://www.vjmedia.in/wp-cron.php?doing_wp_cron=1776432776.9935441017150878906250" "WordPress/5.5.1; https://www.vjmedia.in"
91.227.37.60 - - [17/Apr/2026:09:35:46 -0400] "GET /wp-login.php HTTP/1.1" 200 2328 "-" "Mozilla/4.0 (compatible; MSIE 7.0; Windows NT 6.1; WOW64; Trident/7.0; SLCC2; .NET CLR 2.0.50727; .NET CLR 3.5.30729; .NET CLR 3.0.30729; Media Center PC 6.0; .NET4.0C; .NET4.0E; GWX:RESERVED)"
91.227.37.60 - - [17/Apr/2026:09:35:47 -0400] "POST /wp-login.php HTTP/1.1" 200 2425 "https://vjmedia.in/wp-login.php" "Mozilla/4.0 (compatible; MSIE 7.0; Windows NT 6.1; WOW64; Trident/7.0; SLCC2; .NET CLR 2.0.50727; .NET CLR 3.5.30729; .NET CLR 3.0.30729; Media Center PC 6.0; .NET4.0C; .NET4.0E; GWX:RESERVED)"
20.200.222.0 - - [17/Apr/2026:09:22:48 -0400] "GET /666.php HTTP/1.1" 301 0 "-" "Mozilla/5.0 (Windows NT 10.0; Win64; x64) AppleWebKit/537.36 (KHTML, like Gecko) Chrome/120.0.0.0 Safari/537.36"
20.200.222.0 - - [17/Apr/2026:09:22:48 -0400] "GET /7.php HTTP/1.1" 301 0 "-" "Mozilla/5.0 (Windows NT 10.0; Win64; x64) AppleWebKit/537.36 (KHTML, like Gecko) Chrome/120.0.0.0 Safari/537.36"
20.200.222.0 - - [17/Apr/2026:09:22:51 -0400] "GET /abcd.php HTTP/1.1" 301 0 "-" "Mozilla/5.0 (Windows NT 10.0; Win64; x64) AppleWebKit/537.36 (KHTML, like Gecko) Chrome/120.0.0.0 Safari/537.36"
20.200.222.0 - - [17/Apr/2026:09:22:53 -0400] "GET /gettest.php HTTP/1.1" 301 0 "-" "Mozilla/5.0 (Windows NT 10.0; Win64; x64) AppleWebKit/537.36 (KHTML, like Gecko) Chrome/120.0.0.0 Safari/537.36"
20.200.222.0 - - [17/Apr/2026:09:22:55 -0400] "GET /tfm.php HTTP/1.1" 301 0 "-" "Mozilla/5.0 (Windows NT 10.0; Win64; x64) AppleWebKit/537.36 (KHTML, like Gecko) Chrome/120.0.0.0 Safari/537.36"
20.200.222.0 - - [17/Apr/2026:09:22:56 -0400] "GET /ws81.php HTTP/1.1" 301 0 "-" "Mozilla/5.0 (Windows NT 10.0; Win64; x64) AppleWebKit/537.36 (KHTML, like Gecko) Chrome/120.0.0.0 Safari/537.36"
20.200.222.0 - - [17/Apr/2026:09:22:57 -0400] "GET /222.php HTTP/1.1" 301 0 "-" "Mozilla/5.0 (Windows NT 10.0; Win64; x64) AppleWebKit/537.36 (KHTML, like Gecko) Chrome/120.0.0.0 Safari/537.36"
20.200.222.0 - - [17/Apr/2026:09:22:58 -0400] "GET /tmp.php HTTP/1.1" 301 0 "-" "Mozilla/5.0 (Windows NT 10.0; Win64; x64) AppleWebKit/537.36 (KHTML, like Gecko) Chrome/120.0.0.0 Safari/537.36"
20.200.222.0 - - [17/Apr/2026:09:22:58 -0400] "GET /wp-admin/maint.php HTTP/1.1" 301 0 "-" "Mozilla/5.0 (Windows NT 10.0; Win64; x64) AppleWebKit/537.36 (KHTML, like Gecko) Chrome/120.0.0.0 Safari/537.36"
20.200.222.0 - - [17/Apr/2026:09:23:00 -0400] "GET /a.php HTTP/1.1" 301 0 "-" "Mozilla/5.0 (Windows NT 10.0; Win64; x64) AppleWebKit/537.36 (KHTML, like Gecko) Chrome/120.0.0.0 Safari/537.36"
20.200.222.0 - - [17/Apr/2026:09:23:03 -0400] "GET /wp-admin/maint.php HTTP/1.1" 301 0 "-" "Mozilla/5.0 (Windows NT 10.0; Win64; x64) AppleWebKit/537.36 (KHTML, like Gecko) Chrome/120.0.0.0 Safari/537.36"
20.200.222.0 - - [17/Apr/2026:09:23:05 -0400] "GET /config.php HTTP/1.1" 301 0 "-" "Mozilla/5.0 (Windows NT 10.0; Win64; x64) AppleWebKit/537.36 (KHTML, like Gecko) Chrome/120.0.0.0 Safari/537.36"
20.200.222.0 - - [17/Apr/2026:09:23:08 -0400] "GET /rh.php HTTP/1.1" 301 0 "-" "Mozilla/5.0 (Windows NT 10.0; Win64; x64) AppleWebKit/537.36 (KHTML, like Gecko) Chrome/120.0.0.0 Safari/537.36"
93.39.85.202 - - [17/Apr/2026:09:31:29 -0400] "GET /wp-login.php HTTP/1.1" 200 2328 "-" "Mozilla/5.0 (Macintosh; Intel Mac OS X 10_12_6) AppleWebKit/537.36 (KHTML, like Gecko) Chrome/65.0.3325.162 Safari/537.36"
93.39.85.202 - - [17/Apr/2026:09:31:29 -0400] "POST /wp-login.php HTTP/1.1" 200 2425 "https://vjmedia.in/wp-login.php" "Mozilla/5.0 (Macintosh; Intel Mac OS X 10_12_6) AppleWebKit/537.36 (KHTML, like Gecko) Chrome/65.0.3325.162 Safari/537.36"
51.75.159.12 - - [17/Apr/2026:09:32:56 -0400] "GET /wp-json/wp/v3/ HTTP/1.1" 404 113 "-" "Mozilla/5.0 (Windows NT 10.0; Win64; x64) AppleWebKit/537.36 (KHTML, like Gecko) Chrome/127.0.0.0 Safari/537.36"
162.213.253.84 - - [17/Apr/2026:09:35:48 -0400] "POST /wp-cron.php?doing_wp_cron=1776432948.4139039516448974609375 HTTP/1.1" 200 0 "https://www.vjmedia.in/wp-cron.php?doing_wp_cron=1776432948.4139039516448974609375" "WordPress/5.5.1; https://www.vjmedia.in"
103.179.188.213 - - [17/Apr/2026:09:38:21 -0400] "POST /xmlrpc.php HTTP/1.1" 200 213 "-" "Mozilla/5.0 (Windows NT 6.3; Win64; x64; Trident/7.0; Touch; MDDCJS; rv:11.0) like Gecko"
68.178.173.85 - - [17/Apr/2026:09:42:35 -0400] "POST /xmlrpc.php HTTP/1.1" 200 213 "-" "Mozilla/5.0 (Windows NT 6.1; Win64; x64) AppleWebKit/537.36 (KHTML, like Gecko) Chrome/58.0.3029.110 Safari/537.36 Edge/16.16299"
162.213.253.84 - - [17/Apr/2026:09:47:20 -0400] "POST /wp-cron.php?doing_wp_cron=1776433640.3027570247650146484375 HTTP/1.1" 200 0 "https://www.vjmedia.in/wp-cron.php?doing_wp_cron=1776433640.3027570247650146484375" "WordPress/5.5.1; https://www.vjmedia.in"
104.28.156.60 - - [17/Apr/2026:09:47:23 -0400] "POST /wp-comments-post.php HTTP/1.0" 403 1242 "https://www.vjmedia.in/interview-of-international-hair-stylist/" "Mozilla/5.0 (Windows NT 10.0; Win64; x64) AppleWebKit/537.36 (KHTML, like Gecko) Chrome/131.0.0.0 Safari/537.36"
104.28.156.60 - - [17/Apr/2026:09:47:24 -0400] "GET /interview-of-international-hair-stylist/ HTTP/1.0" 200 51804 "https://www.vjmedia.in/interview-of-international-hair-stylist/" "Mozilla/5.0 (Windows NT 10.0; Win64; x64) AppleWebKit/537.36 (KHTML, like Gecko) Chrome/131.0.0.0 Safari/537.36"
52.206.39.23 - - [17/Apr/2026:09:41:38 -0400] "GET /first-six-senses-spa-comes-to-india-for-hotel-scapes-magazine/ HTTP/1.1" 200 13134 "-" "Mozilla/5.0 (Macintosh; Intel Mac OS X 10_15_7) AppleWebKit/537.36 (KHTML, like Gecko) Chrome/124.0.0.0 Safari/537.36"
104.28.156.60 - - [17/Apr/2026:09:47:19 -0400] "GET /interview-of-international-hair-stylist/ HTTP/1.0" 200 51804 "https://www.vjmedia.in/interview-of-international-hair-stylist/" "Mozilla/5.0 (Windows NT 10.0; Win64; x64) AppleWebKit/537.36 (KHTML, like Gecko) Chrome/131.0.0.0 Safari/537.36"
104.28.156.60 - - [17/Apr/2026:09:47:25 -0400] "GET /author/admin/ HTTP/1.0" 200 73866 "https://www.vjmedia.in/author/admin/" "Mozilla/5.0 (Windows NT 10.0; Win64; x64) AppleWebKit/537.36 (KHTML, like Gecko) Chrome/131.0.0.0 Safari/537.36"
100.29.50.249 - - [17/Apr/2026:09:49:19 -0400] "GET /wp-login.php HTTP/1.1" 200 2328 "-" "Mozilla/4.0 (compatible; MSIE 7.0; Windows NT 6.3; WOW64; Trident/7.0; Touch; .NET4.0E; .NET4.0C; .NET CLR 3.5.30729; .NET CLR 2.0.50727; .NET CLR 3.0.30729; Tablet PC 2.0)"
162.213.253.84 - - [17/Apr/2026:09:49:20 -0400] "POST /wp-cron.php?doing_wp_cron=1776433760.1993789672851562500000 HTTP/1.1" 200 0 "https://www.vjmedia.in/wp-cron.php?doing_wp_cron=1776433760.1993789672851562500000" "WordPress/5.5.1; https://www.vjmedia.in"
100.29.50.249 - - [17/Apr/2026:09:49:19 -0400] "POST /wp-login.php HTTP/1.1" 200 2425 "https://vjmedia.in/wp-login.php" "Mozilla/4.0 (compatible; MSIE 7.0; Windows NT 6.3; WOW64; Trident/7.0; Touch; .NET4.0E; .NET4.0C; .NET CLR 3.5.30729; .NET CLR 2.0.50727; .NET CLR 3.0.30729; Tablet PC 2.0)"
216.75.132.140 - - [17/Apr/2026:09:50:51 -0400] "GET /pr-services/feed/ HTTP/1.1" 200 2088 "-" "Mozilla/5.0 (Macintosh; Intel Mac OS X 10_15_7) AppleWebKit/537.36 (KHTML, like Gecko) Chrome/135.0.0.0 Safari/537.36"
103.216.117.118 - - [17/Apr/2026:09:54:33 -0400] "POST /xmlrpc.php HTTP/1.1" 200 214 "-" "Mozilla/4.0 (compatible; MSIE 7.0; Windows NT 6.2; WOW64; Trident/7.0; .NET4.0C; .NET4.0E; .NET CLR 2.0.50727; .NET CLR 3.0.30729; .NET CLR 3.5.30729; McAfee)"
68.178.173.85 - - [17/Apr/2026:09:51:12 -0400] "POST /xmlrpc.php HTTP/1.1" 200 357 "-" "Mozilla/5.0 (Windows NT 10.0; Win64; x64) AppleWebKit/537.36 (KHTML, like Gecko) Chrome/58.0.3029.110 Safari/537.36 Edge/16.16299"
185.2.31.101 - - [17/Apr/2026:09:58:26 -0400] "POST /xmlrpc.php HTTP/1.1" 200 214 "-" "Mozilla/5.0 (Windows NT 6.2; Win64; x64) AppleWebKit/537.36 (KHTML, like Gecko) Chrome/52.0.2743.116 Safari/537.36 Edge/15.15063"
162.213.253.84 - - [17/Apr/2026:10:08:45 -0400] "POST /wp-cron.php?doing_wp_cron=1776434925.6971390247344970703125 HTTP/1.1" 200 0 "https://www.vjmedia.in/wp-cron.php?doing_wp_cron=1776434925.6971390247344970703125" "WordPress/5.5.1; https://www.vjmedia.in"
17.241.219.114 - - [17/Apr/2026:10:08:44 -0400] "GET /interview-of-ashok-mittal-mdthe-royal-plaza-hotel-for-hotel-scapes-magazine/feed/ HTTP/1.1" 200 492 "-" "Mozilla/5.0 (Macintosh; Intel Mac OS X 10_15_7) AppleWebKit/605.1.15 (KHTML, like Gecko) Version/17.4 Safari/605.1.15 (Applebot/0.1; +http://www.apple.com/go/applebot)"
135.236.141.8 - - [17/Apr/2026:10:15:15 -0400] "GET /wp-login.php HTTP/1.1" 200 2328 "-" "Mozilla/4.0 (compatible; MSIE 7.0; Windows NT 6.1; WOW64; Trident/7.0; SLCC2; .NET CLR 2.0.50727; .NET CLR 3.5.30729; .NET CLR 3.0.30729; Media Center PC 6.0; .NET4.0C; .NET4.0E; InfoPath.3; ms-office)"
205.185.115.18 - - [17/Apr/2026:10:16:56 -0400] "GET /wp-login.php HTTP/1.1" 200 2328 "-" "Mozilla/5.0 (Windows NT 10.0; Win64; x64) AppleWebKit/537.36 (KHTML, like Gecko) Chrome/134.0.0.0 Safari/537.36"
162.213.253.84 - - [17/Apr/2026:10:18:39 -0400] "POST /wp-cron.php?doing_wp_cron=1776435519.4525289535522460937500 HTTP/1.1" 200 0 "https://www.vjmedia.in/wp-cron.php?doing_wp_cron=1776435519.4525289535522460937500" "WordPress/5.5.1; https://www.vjmedia.in"
92.205.20.61 - - [17/Apr/2026:10:19:11 -0400] "GET /wp-login.php HTTP/1.1" 200 2328 "-" "Mozilla/5.0 (MSIE 9.0; Windows NT 10.0; WOW64; Trident/7.0; rv:11.0) like Gecko"
109.123.253.224 - - [17/Apr/2026:10:21:13 -0400] "GET /contacts-us/ HTTP/1.1" 200 12216 "-" "Mozilla/5.0 (Macintosh; Intel Mac OS X 10_15_7) AppleWebKit/605.1.15 (KHTML, like Gecko) Version/18.6 Safari/605.1.15"
135.236.141.8 - - [17/Apr/2026:10:15:15 -0400] "POST /wp-login.php HTTP/1.1" 200 2424 "https://vjmedia.in/wp-login.php" "Mozilla/4.0 (compatible; MSIE 7.0; Windows NT 6.1; WOW64; Trident/7.0; SLCC2; .NET CLR 2.0.50727; .NET CLR 3.5.30729; .NET CLR 3.0.30729; Media Center PC 6.0; .NET4.0C; .NET4.0E; InfoPath.3; ms-office)"
98.82.170.150 - - [17/Apr/2026:10:16:46 -0400] "GET /coverage-of-global-hair-brand-glampalm-in-womens-era-magazine/ HTTP/1.1" 200 13208 "-" "Mozilla/5.0 (Macintosh; Intel Mac OS X 10_15_7) AppleWebKit/537.36 (KHTML, like Gecko) Chrome/124.0.0.0 Safari/537.36"
103.11.101.109 - - [17/Apr/2026:10:18:38 -0400] "POST /xmlrpc.php HTTP/1.1" 200 214 "-" "Mozilla/5.0 (Macintosh; Intel Mac OS X 10_13_4) AppleWebKit/537.36 (KHTML, like Gecko) Chrome/66.0.3359.181 Safari/537.36"
92.205.20.61 - - [17/Apr/2026:10:19:11 -0400] "POST /wp-login.php HTTP/1.1" 200 2425 "https://vjmedia.in/wp-login.php" "Mozilla/5.0 (MSIE 9.0; Windows NT 10.0; WOW64; Trident/7.0; rv:11.0) like Gecko"
109.123.253.224 - - [17/Apr/2026:10:21:14 -0400] "GET /wp-content/plugins/contact-form-7/includes/js/scripts.js?ver=5.1.4 HTTP/1.1" 200 3752 "https://www.vjmedia.in/contacts-us/" "Mozilla/5.0 (Macintosh; Intel Mac OS X 10_15_7) AppleWebKit/605.1.15 (KHTML, like Gecko) Version/18.6 Safari/605.1.15"
109.123.253.224 - - [17/Apr/2026:10:21:15 -0400] "POST /wp-json/contact-form-7/v1/contact-forms/106236/feedback HTTP/1.1" 200 140 "https://www.vjmedia.in/contacts-us/" "Mozilla/5.0 (Macintosh; Intel Mac OS X 10_15_7) AppleWebKit/605.1.15 (KHTML, like Gecko) Version/18.6 Safari/605.1.15"
103.253.178.3 - - [17/Apr/2026:10:27:24 -0400] "GET /wp-login.php HTTP/1.1" 200 2328 "-" "Mozilla/5.0 (Windows NT 6.0; Win64; x64) AppleWebKit/537.36 (KHTML, like Gecko) Chrome/66.0.3359.117 Safari/537.36"
37.157.193.125 - - [17/Apr/2026:10:35:23 -0400] "POST /xmlrpc.php HTTP/1.1" 200 214 "-" "Mozilla/5.0 (compatible; MSIE 10.0; Windows NT 6.1; Win64; x64; Trident/7.0)"
50.171.242.197 - - [17/Apr/2026:10:35:46 -0400] "GET /wp-login.php HTTP/1.1" 200 2328 "-" "Mozilla/5.0 (Windows NT 10.0; Win64; x64; WebView/3.0) AppleWebKit/537.36 (KHTML, like Gecko) Chrome/52.0.2743.116 Safari/537.36 Edge/15.15063"
50.171.242.197 - - [17/Apr/2026:10:35:47 -0400] "POST /wp-login.php HTTP/1.1" 200 2425 "https://vjmedia.in/wp-login.php" "Mozilla/5.0 (Windows NT 10.0; Win64; x64; WebView/3.0) AppleWebKit/537.36 (KHTML, like Gecko) Chrome/52.0.2743.116 Safari/537.36 Edge/15.15063"
100.29.50.249 - - [17/Apr/2026:10:22:49 -0400] "POST /xmlrpc.php HTTP/1.1" 200 214 "-" "Mozilla/5.0 (Windows NT 6.1; Trident/7.0; yie11; rv:11.0) like Gecko"
66.116.198.179 - - [17/Apr/2026:10:23:23 -0400] "GET /wp-login.php HTTP/1.1" 200 2328 "-" "Mozilla/5.0 (Windows NT 10.0; WOW64; Trident/7.0; Touch; MAARJS; rv:11.0) like Gecko"
66.116.198.179 - - [17/Apr/2026:10:23:27 -0400] "POST /wp-login.php HTTP/1.1" 200 2425 "https://vjmedia.in/wp-login.php" "Mozilla/5.0 (Windows NT 10.0; WOW64; Trident/7.0; Touch; MAARJS; rv:11.0) like Gecko"
49.51.141.76 - - [17/Apr/2026:10:23:35 -0400] "GET / HTTP/1.1" 200 19328 "http://www.vjmedia.in" "Mozilla/5.0 (iPhone; CPU iPhone OS 13_2_3 like Mac OS X) AppleWebKit/605.1.15 (KHTML, like Gecko) Version/13.0.3 Mobile/15E148 Safari/604.1"
201.162.92.134 - - [17/Apr/2026:10:24:58 -0400] "GET /celebrity-clients/ HTTP/1.1" 200 13881 "-" "Mozilla/5.0 (compatible; MSIE 7.0; Windows NT 11.0; Trident/4.0)"
103.253.178.3 - - [17/Apr/2026:10:27:27 -0400] "POST /wp-login.php HTTP/1.1" 200 2425 "https://vjmedia.in/wp-login.php" "Mozilla/5.0 (Windows NT 6.0; Win64; x64) AppleWebKit/537.36 (KHTML, like Gecko) Chrome/66.0.3359.117 Safari/537.36"
66.249.79.66 - - [17/Apr/2026:10:35:09 -0400] "GET /robots.txt HTTP/1.1" 200 97 "-" "Mozilla/5.0 (compatible; Googlebot/2.1; +http://www.google.com/bot.html)"
66.249.79.65 - - [17/Apr/2026:10:35:09 -0400] "GET /celebrity-interviews/ HTTP/1.1" 200 14328 "-" "Mozilla/5.0 (Linux; Android 6.0.1; Nexus 5X Build/MMB29P) AppleWebKit/537.36 (KHTML, like Gecko) Chrome/146.0.7680.177 Mobile Safari/537.36 (compatible; Googlebot/2.1; +http://www.google.com/bot.html)"
66.249.79.64 - - [17/Apr/2026:10:35:12 -0400] "GET /wp-content/plugins/booked/assets/css/animations.css?ver=2.1 HTTP/1.1" 200 432 "https://www.vjmedia.in/celebrity-interviews/" "Mozilla/5.0 (Linux; Android 6.0.1; Nexus 5X Build/MMB29P) AppleWebKit/537.36 (KHTML, like Gecko) Chrome/146.0.7680.177 Mobile Safari/537.36 (compatible; Googlebot/2.1; +http://www.google.com/bot.html)"
162.213.253.84 - - [17/Apr/2026:10:35:24 -0400] "POST /wp-cron.php?doing_wp_cron=1776436524.2485730648040771484375 HTTP/1.1" 200 0 "https://www.vjmedia.in/wp-cron.php?doing_wp_cron=1776436524.2485730648040771484375" "WordPress/5.5.1; https://www.vjmedia.in"
212.89.15.132 - - [17/Apr/2026:10:39:58 -0400] "POST /wp-login.php HTTP/1.1" 200 2425 "https://vjmedia.in/wp-login.php" "Mozilla/5.0 (Windows NT 10.0; WOW64) AppleWebKit/537.36 (KHTML, like Gecko) Chrome/65.0.3325.181 Safari/537.36 OPR/52.0.2871.40"
