66.249.79.66 - - [18/Apr/2026:00:57:57 -0400] "GET /mahie-discover-india/ HTTP/1.1" 200 13169 "-" "Mozilla/5.0 (Linux; Android 6.0.1; Nexus 5X Build/MMB29P) AppleWebKit/537.36 (KHTML, like Gecko) Chrome/146.0.7680.177 Mobile Safari/537.36 (compatible; Googlebot/2.1; +http://www.google.com/bot.html)"
66.249.79.64 - - [18/Apr/2026:00:58:01 -0400] "GET /wp-includes/js/mediaelement/wp-mediaelement.min.css?ver=5.5.1 HTTP/1.1" 200 982 "https://www.vjmedia.in/mahie-discover-india/" "Mozilla/5.0 (Linux; Android 6.0.1; Nexus 5X Build/MMB29P) AppleWebKit/537.36 (KHTML, like Gecko) Chrome/146.0.7680.177 Mobile Safari/537.36 (compatible; Googlebot/2.1; +http://www.google.com/bot.html)"
114.119.155.2 - - [18/Apr/2026:00:58:05 -0400] "GET /events/2025-04/ HTTP/1.1" 200 16570 "https://www.vjmedia.in/events/2025-05" "Mozilla/5.0 (Linux; Android 7.0;) AppleWebKit/537.36 (KHTML, like Gecko) Mobile Safari/537.36 (compatible; PetalBot;+https://webmaster.petalsearch.com/site/petalbot)"
175.6.217.4 - - [18/Apr/2026:00:58:25 -0400] "GET / HTTP/1.1" 200 19328 "http://www.vjmedia.in" "Mozilla/5.0 (iPhone; CPU iPhone OS 13_2_3 like Mac OS X) AppleWebKit/605.1.15 (KHTML, like Gecko) Version/13.0.3 Mobile/15E148 Safari/604.1"
114.119.148.120 - - [18/Apr/2026:00:53:26 -0400] "GET /events/category/billboard/2021-11/ HTTP/1.1" 200 16724 "https://www.vjmedia.in/events/category/billboard/2021-12/" "Mozilla/5.0 (Linux; Android 7.0;) AppleWebKit/537.36 (KHTML, like Gecko) Mobile Safari/537.36 (compatible; PetalBot;+https://webmaster.petalsearch.com/site/petalbot)"
149.102.140.55 - - [18/Apr/2026:00:53:33 -0400] "GET /wp-login.php HTTP/1.1" 200 2359 "-" "Mozilla/5.0 (Macintosh; Intel Mac OS X 10_13_4) AppleWebKit/537.36 (KHTML, like Gecko) Chrome/67.0.3396.79 Safari/537.36"
149.102.140.55 - - [18/Apr/2026:00:53:41 -0400] "POST /wp-login.php HTTP/1.1" 200 2504 "https://vjmedia.in/wp-login.php" "Mozilla/5.0 (Macintosh; Intel Mac OS X 10_13_4) AppleWebKit/537.36 (KHTML, like Gecko) Chrome/67.0.3396.79 Safari/537.36"
77.75.76.172 - - [18/Apr/2026:00:55:38 -0400] "GET /skyline-university-college-coverage/ HTTP/1.1" 200 14871 "-" "Mozilla/5.0 (compatible; SeznamBot/4.0; +https://o-seznam.cz/napoveda/vyhledavani/en/seznambot-crawler/)"
114.119.155.2 - - [18/Apr/2026:00:58:03 -0400] "GET /events/2025-04 HTTP/1.1" 301 0 "https://www.vjmedia.in/events/2025-05" "Mozilla/5.0 (Linux; Android 7.0;) AppleWebKit/537.36 (KHTML, like Gecko) Mobile Safari/537.36 (compatible; PetalBot;+https://webmaster.petalsearch.com/site/petalbot)"
114.119.155.2 - - [18/Apr/2026:00:59:42 -0400] "GET /events/2019-07-24/ HTTP/1.1" 200 14523 "https://www.vjmedia.in/events/2019-07-24/" "Mozilla/5.0 (Linux; Android 7.0;) AppleWebKit/537.36 (KHTML, like Gecko) Mobile Safari/537.36 (compatible; PetalBot;+https://webmaster.petalsearch.com/site/petalbot)"
108.160.151.113 - - [18/Apr/2026:01:00:01 -0400] "GET /wp-login.php HTTP/1.1" 200 2359 "-" "Mozilla/5.0 (Windows NT 10.0; WOW64) AppleWebKit/537.36 (KHTML, like Gecko) Chrome/67.0.3396.62 Safari/537.36"
108.160.151.113 - - [18/Apr/2026:01:00:06 -0400] "POST /wp-login.php HTTP/1.1" 200 2425 "https://vjmedia.in/wp-login.php" "Mozilla/5.0 (Windows NT 10.0; WOW64) AppleWebKit/537.36 (KHTML, like Gecko) Chrome/67.0.3396.62 Safari/537.36"
77.75.76.172 - - [18/Apr/2026:01:13:57 -0400] "GET /activity/ HTTP/1.1" 200 14828 "-" "Mozilla/5.0 (compatible; SeznamBot/4.0; +https://o-seznam.cz/napoveda/vyhledavani/en/seznambot-crawler/)"
114.119.135.215 - - [18/Apr/2026:01:14:04 -0400] "GET /events/category/billboard/2019-05-11/ HTTP/1.1" 200 14665 "https://www.vjmedia.in/events/category/billboard/2019-05-11" "Mozilla/5.0 (Linux; Android 7.0;) AppleWebKit/537.36 (KHTML, like Gecko) Mobile Safari/537.36 (compatible; PetalBot;+https://webmaster.petalsearch.com/site/petalbot)"
162.213.253.84 - - [18/Apr/2026:01:14:02 -0400] "POST /wp-cron.php?doing_wp_cron=1776489242.1014618873596191406250 HTTP/1.1" 200 0 "https://www.vjmedia.in/wp-cron.php?doing_wp_cron=1776489242.1014618873596191406250" "WordPress/5.5.1; https://www.vjmedia.in"
114.119.135.215 - - [18/Apr/2026:01:14:01 -0400] "GET /events/category/billboard/2019-05-11 HTTP/1.1" 301 0 "https://www.vjmedia.in/events/category/billboard/2019-05-11" "Mozilla/5.0 (Linux; Android 7.0;) AppleWebKit/537.36 (KHTML, like Gecko) Mobile Safari/537.36 (compatible; PetalBot;+https://webmaster.petalsearch.com/site/petalbot)"
108.160.151.113 - - [18/Apr/2026:01:15:33 -0400] "GET /wp-login.php HTTP/1.1" 200 2359 "-" "Mozilla/5.0 (Windows NT 10.0; Win64; x64) AppleWebKit/537.36 (KHTML, like Gecko) Chrome/66.0.3359.170 Safari/537.36"
162.62.231.139 - - [18/Apr/2026:01:26:29 -0400] "GET / HTTP/1.1" 200 19328 "http://www.vjmedia.in" "Mozilla/5.0 (iPhone; CPU iPhone OS 13_2_3 like Mac OS X) AppleWebKit/605.1.15 (KHTML, like Gecko) Version/13.0.3 Mobile/15E148 Safari/604.1"
78.128.43.246 - - [18/Apr/2026:01:29:13 -0400] "GET /wp-login.php HTTP/1.1" 200 2359 "-" "Mozilla/5.0 (Windows NT 6.1; WOW64; Trident/7.0; yie9; rv:11.0) like Gecko"
185.214.74.171 - - [18/Apr/2026:01:29:48 -0400] "POST /wp-comments-post.php HTTP/1.1" 302 0 "-" "Mozilla/5.0 (Windows NT 10.0; Win64; x64) AppleWebKit/537.36 (KHTML, like Gecko) Chrome/120.0.0.0 Safari/537.36"
78.128.43.246 - - [18/Apr/2026:01:29:18 -0400] "POST /wp-login.php HTTP/1.1" 200 2425 "https://vjmedia.in/wp-login.php" "Mozilla/5.0 (Windows NT 6.1; WOW64; Trident/7.0; yie9; rv:11.0) like Gecko"
54.39.89.28 - - [18/Apr/2026:01:29:32 -0400] "GET /anushka-di/feed/ HTTP/1.1" 304 0 "-" "Mozilla/5.0 (compatible; AhrefsBot/7.0; +http://ahrefs.com/robot/)"
77.221.137.234 - - [18/Apr/2026:01:29:45 -0400] "POST /wp-comments-post.php HTTP/1.1" 302 0 "-" "Mozilla/5.0 (Windows NT 10.0; Win64; x64) AppleWebKit/537.36 (KHTML, like Gecko) Chrome/120.0.0.0 Safari/537.36"
162.213.253.84 - - [18/Apr/2026:01:37:45 -0400] "POST /wp-cron.php?doing_wp_cron=1776490665.0243029594421386718750 HTTP/1.1" 200 0 "https://www.vjmedia.in/wp-cron.php?doing_wp_cron=1776490665.0243029594421386718750" "WordPress/5.5.1; https://www.vjmedia.in"
102.22.121.58 - - [18/Apr/2026:01:37:44 -0400] "GET /dubai-promotes-emirati-heritage-for-tourism-first-magazine/ HTTP/1.1" 200 14754 "-" "Mozilla/5.0 (Macintosh; Intel Mac OS X 10_15_6) AppleWebKit/537.36 (KHTML, like Gecko) Chrome/87.0.4280.88 Safari/537.36"
216.73.217.120 - - [18/Apr/2026:01:44:26 -0400] "GET /robots.txt HTTP/1.1" 200 97 "-" "Mozilla/5.0 AppleWebKit/537.36 (KHTML, like Gecko; compatible; ClaudeBot/1.0; [email protected])"
43.153.135.208 - - [18/Apr/2026:01:50:42 -0400] "GET /celebrity-interviews/ HTTP/1.1" 200 16287 "-" "Mozilla/5.0 (iPhone; CPU iPhone OS 13_2_3 like Mac OS X) AppleWebKit/605.1.15 (KHTML, like Gecko) Version/13.0.3 Mobile/15E148 Safari/604.1"
47.128.114.241 - - [18/Apr/2026:01:52:03 -0400] "GET /robots.txt HTTP/1.1" 200 110 "-" "Mozilla/5.0 (Linux; Android 5.0) AppleWebKit/537.36 (KHTML, like Gecko) Mobile Safari/537.36 (compatible; Bytespider; [email protected])"
216.73.217.120 - - [18/Apr/2026:01:44:26 -0400] "GET /wp-sitemap.xml HTTP/1.1" 200 277 "-" "Mozilla/5.0 AppleWebKit/537.36 (KHTML, like Gecko; compatible; ClaudeBot/1.0; [email protected])"
154.63.170.26 - - [18/Apr/2026:01:44:46 -0400] "GET /wp-login.php HTTP/1.1" 200 2359 "-" "Mozilla/5.0 (Windows NT 10.0; Win64; x64) AppleWebKit/537.36 (KHTML, like Gecko) Chrome/65.0.3325.181 Safari/537.36 OPR/52.0.2871.99"
162.213.253.84 - - [18/Apr/2026:01:44:48 -0400] "POST /wp-cron.php?doing_wp_cron=1776491088.8454780578613281250000 HTTP/1.1" 200 0 "https://www.vjmedia.in/wp-cron.php?doing_wp_cron=1776491088.8454780578613281250000" "WordPress/5.5.1; https://www.vjmedia.in"
154.63.170.26 - - [18/Apr/2026:01:44:48 -0400] "POST /wp-login.php HTTP/1.1" 200 2423 "https://vjmedia.in/wp-login.php" "Mozilla/5.0 (Windows NT 10.0; Win64; x64) AppleWebKit/537.36 (KHTML, like Gecko) Chrome/65.0.3325.181 Safari/537.36 OPR/52.0.2871.99"
162.213.253.84 - - [18/Apr/2026:01:50:22 -0400] "POST /wp-cron.php?doing_wp_cron=1776491422.5725750923156738281250 HTTP/1.1" 200 0 "https://www.vjmedia.in/wp-cron.php?doing_wp_cron=1776491422.5725750923156738281250" "WordPress/5.5.1; https://www.vjmedia.in"
77.247.95.220 - - [18/Apr/2026:01:50:21 -0400] "GET /interview-of-bollywood-actress-and-former-miss-india-gul-panag-by-vasujit-kalia-in-health-magazine-dubai/ HTTP/1.1" 200 14794 "-" "Mozilla/5.0 (Macintosh; Intel Mac OS X 10_15_3) AppleWebKit/537.36 (KHTML, like Gecko) Brave Chrome/80.0.3987.149 Safari/537.36"
188.241.62.83 - - [18/Apr/2026:01:52:21 -0400] "GET /wp-login.php HTTP/1.1" 200 2359 "-" "Mozilla/4.0 (compatible; MSIE 7.0; Windows NT 6.2; WOW64; Trident/7.0; .NET4.0C; .NET4.0E; .NET CLR 2.0.50727; .NET CLR 3.0.30729; .NET CLR 3.5.30729; Tablet PC 2.0; InfoPath.3)"
188.241.62.83 - - [18/Apr/2026:01:52:28 -0400] "POST /wp-login.php HTTP/1.1" 200 2425 "https://vjmedia.in/wp-login.php" "Mozilla/4.0 (compatible; MSIE 7.0; Windows NT 6.2; WOW64; Trident/7.0; .NET4.0C; .NET4.0E; .NET CLR 2.0.50727; .NET CLR 3.0.30729; .NET CLR 3.5.30729; Tablet PC 2.0; InfoPath.3)"
170.106.15.3 - - [18/Apr/2026:01:59:35 -0400] "GET / HTTP/1.1" 200 19328 "http://vjmedia.in" "Mozilla/5.0 (iPhone; CPU iPhone OS 13_2_3 like Mac OS X) AppleWebKit/605.1.15 (KHTML, like Gecko) Version/13.0.3 Mobile/15E148 Safari/604.1"
62.77.224.108 - - [18/Apr/2026:02:06:57 -0400] "GET /wp-login.php HTTP/1.1" 200 2359 "-" "Mozilla/5.0 (Windows NT 6.3; WOW64) AppleWebKit/537.36 (KHTML, like Gecko) Chrome/65.0.3325.181 Safari/537.36"
62.77.224.108 - - [18/Apr/2026:02:06:57 -0400] "POST /wp-login.php HTTP/1.1" 200 2504 "https://vjmedia.in/wp-login.php" "Mozilla/5.0 (Windows NT 6.3; WOW64) AppleWebKit/537.36 (KHTML, like Gecko) Chrome/65.0.3325.181 Safari/537.36"
162.213.253.84 - - [18/Apr/2026:02:12:41 -0400] "POST /wp-cron.php?doing_wp_cron=1776492761.3388578891754150390625 HTTP/1.1" 200 0 "https://www.vjmedia.in/wp-cron.php?doing_wp_cron=1776492761.3388578891754150390625" "WordPress/5.5.1; https://www.vjmedia.in"
114.119.141.152 - - [18/Apr/2026:02:12:49 -0400] "GET /events/category/billboard/2020-09/ HTTP/1.1" 200 16730 "https://www.vjmedia.in/events/category/billboard/2020-10" "Mozilla/5.0 (Linux; Android 7.0;) AppleWebKit/537.36 (KHTML, like Gecko) Mobile Safari/537.36 (compatible; PetalBot;+https://webmaster.petalsearch.com/site/petalbot)"
142.44.225.248 - - [18/Apr/2026:02:14:00 -0400] "GET /forums/topic/government-finance/ HTTP/1.1" 200 13168 "-" "Mozilla/5.0 (compatible; AhrefsBot/7.0; +http://ahrefs.com/robot/)"
43.128.149.102 - - [18/Apr/2026:02:14:36 -0400] "GET /interview-of-jackie-shroff/ HTTP/1.1" 200 14821 "-" "Mozilla/5.0 (iPhone; CPU iPhone OS 13_2_3 like Mac OS X) AppleWebKit/605.1.15 (KHTML, like Gecko) Version/13.0.3 Mobile/15E148 Safari/604.1"
115.245.68.134 - - [18/Apr/2026:02:14:53 -0400] "POST /wp-login.php HTTP/1.1" 200 2425 "https://vjmedia.in/wp-login.php" "Mozilla/5.0 (Windows NT 6.1; WOW64; Trident/7.0; MSBrowserIE; rv:11.0) like Gecko"
141.98.11.117 - - [18/Apr/2026:02:06:02 -0400] "POST /xmlrpc.php HTTP/1.1" 200 214 "-" "Mozilla/4.0 (compatible; MSIE 7.0; Windows NT 6.2; Win64; x64; Trident/7.0; .NET4.0C; .NET4.0E; .NET CLR 2.0.50727; .NET CLR 3.0.30729; .NET CLR 3.5.30729; SLCC2; Media Center PC 6.0)"
43.166.130.123 - - [18/Apr/2026:02:06:19 -0400] "GET /interview-of-bollywood-super-star-deepika-padukone/ HTTP/1.1" 200 14855 "-" "Mozilla/5.0 (iPhone; CPU iPhone OS 13_2_3 like Mac OS X) AppleWebKit/605.1.15 (KHTML, like Gecko) Version/13.0.3 Mobile/15E148 Safari/604.1"
114.119.141.152 - - [18/Apr/2026:02:12:40 -0400] "GET /events/category/billboard/2020-09 HTTP/1.1" 301 0 "https://www.vjmedia.in/events/category/billboard/2020-10" "Mozilla/5.0 (Linux; Android 7.0;) AppleWebKit/537.36 (KHTML, like Gecko) Mobile Safari/537.36 (compatible; PetalBot;+https://webmaster.petalsearch.com/site/petalbot)"
114.119.155.2 - - [18/Apr/2026:02:14:43 -0400] "GET /events/category/billboard/2019-05-04/ HTTP/1.1" 200 14663 "https://www.vjmedia.in/events/category/billboard/2019-05-05/" "Mozilla/5.0 (Linux; Android 7.0;) AppleWebKit/537.36 (KHTML, like Gecko) Mobile Safari/537.36 (compatible; PetalBot;+https://webmaster.petalsearch.com/site/petalbot)"
115.245.68.134 - - [18/Apr/2026:02:14:50 -0400] "GET /wp-login.php HTTP/1.1" 200 2359 "-" "Mozilla/5.0 (Windows NT 6.1; WOW64; Trident/7.0; MSBrowserIE; rv:11.0) like Gecko"
142.44.225.236 - - [18/Apr/2026:02:18:08 -0400] "GET /wp-content/plugins/bbpress/templates/default/js/topic.js?ver=2.5.14-6684 HTTP/1.1" 200 326 "-" "Mozilla/5.0 (compatible; AhrefsBot/7.0; +http://ahrefs.com/robot/)"
91.137.27.140 - - [18/Apr/2026:02:23:38 -0400] "GET /robots.txt HTTP/1.1" 200 115 "-" "Mozilla/5.0 (compatible; MJ12bot/v1.4.8; http://mj12bot.com/)"
43.131.32.36 - - [18/Apr/2026:02:25:41 -0400] "GET /anushka-di/ HTTP/1.1" 200 14736 "-" "Mozilla/5.0 (iPhone; CPU iPhone OS 13_2_3 like Mac OS X) AppleWebKit/605.1.15 (KHTML, like Gecko) Version/13.0.3 Mobile/15E148 Safari/604.1"
152.42.181.146 - - [18/Apr/2026:02:29:46 -0400] "GET /wp-login.php HTTP/1.1" 200 2359 "-" "Mozilla/5.0 (Windows NT 10.0; Win64; x64) AppleWebKit/537.36 (KHTML, like Gecko) Chrome/63.0.3239.132 Safari/537.36 OPR/50.0.2762.67"
162.213.253.84 - - [18/Apr/2026:02:29:47 -0400] "POST /wp-cron.php?doing_wp_cron=1776493787.9209280014038085937500 HTTP/1.1" 200 0 "https://www.vjmedia.in/wp-cron.php?doing_wp_cron=1776493787.9209280014038085937500" "WordPress/5.5.1; https://www.vjmedia.in"
152.42.181.146 - - [18/Apr/2026:02:29:47 -0400] "POST /wp-login.php HTTP/1.1" 200 2425 "https://vjmedia.in/wp-login.php" "Mozilla/5.0 (Windows NT 10.0; Win64; x64) AppleWebKit/537.36 (KHTML, like Gecko) Chrome/63.0.3239.132 Safari/537.36 OPR/50.0.2762.67"
114.119.144.105 - - [18/Apr/2026:02:17:32 -0400] "GET /events/2019-12-15/ HTTP/1.1" 200 14530 "https://www.vjmedia.in/events/2019-12-16/" "Mozilla/5.0 (Linux; Android 7.0;) AppleWebKit/537.36 (KHTML, like Gecko) Mobile Safari/537.36 (compatible; PetalBot;+https://webmaster.petalsearch.com/site/petalbot)"
162.213.253.84 - - [18/Apr/2026:02:18:43 -0400] "POST /wp-cron.php?doing_wp_cron=1776493123.1975231170654296875000 HTTP/1.1" 200 0 "https://www.vjmedia.in/wp-cron.php?doing_wp_cron=1776493123.1975231170654296875000" "WordPress/5.5.1; https://www.vjmedia.in"
114.119.140.103 - - [18/Apr/2026:02:18:42 -0400] "GET /events/2019-03-17/ HTTP/1.1" 200 14520 "https://www.vjmedia.in/events/2019-03-16/" "Mozilla/5.0 (Linux; Android 7.0;) AppleWebKit/537.36 (KHTML, like Gecko) Mobile Safari/537.36 (compatible; PetalBot;+https://webmaster.petalsearch.com/site/petalbot)"
188.241.62.83 - - [18/Apr/2026:02:22:22 -0400] "GET /wp-login.php HTTP/1.1" 200 2359 "-" "Mozilla/5.0 (Windows NT 6.1; WOW64; Trident/7.0; MDDSJS; rv:11.0) like Gecko"
91.137.27.140 - - [18/Apr/2026:02:23:39 -0400] "GET /events/2019-04-15/ HTTP/1.1" 200 14084 "-" "Mozilla/5.0 (compatible; MJ12bot/v1.4.8; http://mj12bot.com/)"
185.181.108.224 - - [18/Apr/2026:02:33:32 -0400] "GET /newsroom/ HTTP/1.1" 200 13930 "-" "Mozilla/5.0 (Linux; Android 3.1) AppleWebKit/533.2 (KHTML, like Gecko) Chrome/36.0.840.0 Safari/533.2"
95.111.238.145 - - [18/Apr/2026:02:34:15 -0400] "POST /xmlrpc.php HTTP/1.1" 200 213 "-" "Mozilla/5.0 (Windows NT 6.3; ARM; Trident/7.0; Touch; ARMBJS; rv:11.0) like Gecko"
124.156.225.181 - - [18/Apr/2026:02:34:29 -0400] "GET /mahie-discover-india/ HTTP/1.1" 200 14717 "-" "Mozilla/5.0 (iPhone; CPU iPhone OS 13_2_3 like Mac OS X) AppleWebKit/605.1.15 (KHTML, like Gecko) Version/13.0.3 Mobile/15E148 Safari/604.1"
162.213.253.84 - - [18/Apr/2026:02:45:53 -0400] "POST /wp-cron.php?doing_wp_cron=1776494753.0157659053802490234375 HTTP/1.1" 200 0 "https://www.vjmedia.in/wp-cron.php?doing_wp_cron=1776494753.0157659053802490234375" "WordPress/5.5.1; https://www.vjmedia.in"
43.130.141.193 - - [18/Apr/2026:02:45:52 -0400] "GET /tag/mayor/ HTTP/1.1" 200 14334 "-" "Mozilla/5.0 (iPhone; CPU iPhone OS 13_2_3 like Mac OS X) AppleWebKit/605.1.15 (KHTML, like Gecko) Version/13.0.3 Mobile/15E148 Safari/604.1"
41.109.125.143 - - [18/Apr/2026:02:33:11 -0400] "GET /newsroom HTTP/1.1" 301 0 "-" "Opera/9.84.(Windows NT 5.0; kok-IN) Presto/2.9.161 Version/11.00"
162.213.253.84 - - [18/Apr/2026:02:34:15 -0400] "POST /wp-cron.php?doing_wp_cron=1776494055.9184949398040771484375 HTTP/1.1" 200 0 "https://www.vjmedia.in/wp-cron.php?doing_wp_cron=1776494055.9184949398040771484375" "WordPress/5.5.1; https://www.vjmedia.in"
34.236.185.101 - - [18/Apr/2026:02:38:13 -0400] "GET /2020/08/ HTTP/1.1" 200 14674 "-" "Mozilla/5.0 AppleWebKit/537.36 (KHTML, like Gecko; compatible; Amazonbot/0.1; +https://developer.amazon.com/support/amazonbot) Chrome/119.0.6045.214 Safari/537.36"
154.63.170.26 - - [18/Apr/2026:02:46:14 -0400] "POST /xmlrpc.php HTTP/1.1" 200 357 "-" "Mozilla/4.0 (compatible; MSIE 7.0; Windows NT 6.1; Trident/7.0; SLCC2; .NET CLR 2.0.50727; .NET CLR 3.5.30729; .NET CLR 3.0.30729; Media Center PC 6.0; .NET4.0C; .NET4.0E; Tablet PC 2.0)"
114.119.148.14 - - [18/Apr/2026:02:49:50 -0400] "GET /robots.txt HTTP/1.1" 301 0 "-" "Mozilla/5.0 (compatible;PetalBot;+https://webmaster.petalsearch.com/site/petalbot)"
114.119.157.195 - - [18/Apr/2026:02:49:51 -0400] "GET /robots.txt HTTP/1.1" 200 110 "-" "Mozilla/5.0 (compatible;PetalBot;+https://webmaster.petalsearch.com/site/petalbot)"
213.133.103.134 - - [18/Apr/2026:02:51:16 -0400] "POST /xmlrpc.php HTTP/1.1" 200 357 "-" "Mozilla/5.0 (Windows NT 10.0; WOW64; Trident/7.0; Touch; TBTE; rv:11.0) like Gecko"
85.137.49.10 - - [18/Apr/2026:03:03:00 -0400] "GET / HTTP/1.1" 200 19328 "-" "Mozilla/5.0 (Macintosh; Intel Mac OS X 10_15_7) AppleWebKit/537.36 (KHTML, like Gecko) Chrome/124.0.0.0 Safari/537.36"
43.153.71.132 - - [18/Apr/2026:03:04:55 -0400] "GET /interview-of-bollywood-super-star-deepika-padukone/feed/ HTTP/1.1" 200 457 "-" "Mozilla/5.0 (iPhone; CPU iPhone OS 13_2_3 like Mac OS X) AppleWebKit/605.1.15 (KHTML, like Gecko) Version/13.0.3 Mobile/15E148 Safari/604.1"
114.119.148.14 - - [18/Apr/2026:02:49:51 -0400] "GET /robots.txt HTTP/1.1" 200 110 "-" "Mozilla/5.0 (compatible;PetalBot;+https://webmaster.petalsearch.com/site/petalbot)"
162.213.253.84 - - [18/Apr/2026:02:50:28 -0400] "POST /wp-cron.php?doing_wp_cron=1776495028.5353679656982421875000 HTTP/1.1" 200 0 "https://www.vjmedia.in/wp-cron.php?doing_wp_cron=1776495028.5353679656982421875000" "WordPress/5.5.1; https://www.vjmedia.in"
167.114.139.250 - - [18/Apr/2026:02:50:27 -0400] "GET /feed/ HTTP/1.1" 304 0 "-" "Mozilla/5.0 (compatible; AhrefsBot/7.0; +http://ahrefs.com/robot/)"
3.218.103.254 - - [18/Apr/2026:02:52:37 -0400] "GET /homepage-2/ HTTP/1.1" 200 19239 "-" "Mozilla/5.0 AppleWebKit/537.36 (KHTML, like Gecko; compatible; Amazonbot/0.1; +https://developer.amazon.com/support/amazonbot) Chrome/119.0.6045.214 Safari/537.36"
54.88.84.219 - - [18/Apr/2026:02:52:41 -0400] "GET /mahie-discover-india/ HTTP/1.1" 200 14717 "-" "Mozilla/5.0 AppleWebKit/537.36 (KHTML, like Gecko; compatible; Amazonbot/0.1; +https://developer.amazon.com/support/amazonbot) Chrome/119.0.6045.214 Safari/537.36"
43.133.69.37 - - [18/Apr/2026:02:54:44 -0400] "GET /2017/01/ HTTP/1.1" 404 12084 "-" "Mozilla/5.0 (iPhone; CPU iPhone OS 13_2_3 like Mac OS X) AppleWebKit/605.1.15 (KHTML, like Gecko) Version/13.0.3 Mobile/15E148 Safari/604.1"
162.213.253.84 - - [18/Apr/2026:02:56:35 -0400] "POST /wp-cron.php?doing_wp_cron=1776495395.2248299121856689453125 HTTP/1.1" 200 0 "https://www.vjmedia.in/wp-cron.php?doing_wp_cron=1776495395.2248299121856689453125" "WordPress/5.5.1; https://www.vjmedia.in"
160.250.186.220 - - [18/Apr/2026:02:56:34 -0400] "POST /xmlrpc.php HTTP/1.1" 200 214 "-" "Mozilla/5.0 (Windows NT 6.1; Win64; x64) AppleWebKit/537.36 (KHTML, like Gecko) Chrome/65.0.3325.162 Safari/537.36"
103.131.71.43 - - [18/Apr/2026:02:57:10 -0400] "GET /wp-content/uploads/2019/08/burj-khalifa-slider-1.jpg HTTP/1.1" 304 0 "-" "Mozilla/5.0 (compatible; coccocbot-image/1.0; +http://help.coccoc.com/searchengine)"
172.236.60.243 - - [18/Apr/2026:02:59:18 -0400] "GET /wp-login.php HTTP/1.1" 200 2359 "-" "Mozilla/5.0 (Macintosh; Intel Mac OS X 10_12_6) AppleWebKit/605.1.15 (KHTML, like Gecko) Version/11.1.2 Safari/605.1.15"
172.236.60.243 - - [18/Apr/2026:02:59:21 -0400] "POST /wp-login.php HTTP/1.1" 200 2425 "https://vjmedia.in/wp-login.php" "Mozilla/5.0 (Macintosh; Intel Mac OS X 10_12_6) AppleWebKit/605.1.15 (KHTML, like Gecko) Version/11.1.2 Safari/605.1.15"
162.213.253.84 - - [18/Apr/2026:03:04:56 -0400] "POST /wp-cron.php?doing_wp_cron=1776495896.2941520214080810546875 HTTP/1.1" 200 0 "https://www.vjmedia.in/wp-cron.php?doing_wp_cron=1776495896.2941520214080810546875" "WordPress/5.5.1; https://www.vjmedia.in"
66.249.79.65 - - [18/Apr/2026:03:06:58 -0400] "GET /robots.txt HTTP/1.1" 200 97 "-" "Mozilla/5.0 (compatible; Googlebot/2.1; +http://www.google.com/bot.html)"
66.249.79.64 - - [18/Apr/2026:03:06:58 -0400] "GET /celebrity-french-fashion-designer-sakina-shbib/ HTTP/1.1" 200 13552 "-" "Mozilla/5.0 (Linux; Android 6.0.1; Nexus 5X Build/MMB29P) AppleWebKit/537.36 (KHTML, like Gecko) Chrome/146.0.7680.177 Mobile Safari/537.36 (compatible; Googlebot/2.1; +http://www.google.com/bot.html)"
66.249.79.65 - - [18/Apr/2026:03:07:02 -0400] "GET /wp-includes/js/wp-embed.min.js?ver=5.5.1 HTTP/1.1" 200 668 "https://www.vjmedia.in/celebrity-french-fashion-designer-sakina-shbib/" "Mozilla/5.0 (Linux; Android 6.0.1; Nexus 5X Build/MMB29P) AppleWebKit/537.36 (KHTML, like Gecko) Chrome/146.0.7680.177 Mobile Safari/537.36 (compatible; Googlebot/2.1; +http://www.google.com/bot.html)"
66.249.79.64 - - [18/Apr/2026:03:07:04 -0400] "GET /wp-content/plugins/booked/assets/css/icons.css?ver=2.1 HTTP/1.1" 200 6451 "https://www.vjmedia.in/celebrity-french-fashion-designer-sakina-shbib/" "Mozilla/5.0 (Linux; Android 6.0.1; Nexus 5X Build/MMB29P) AppleWebKit/537.36 (KHTML, like Gecko) Chrome/146.0.7680.177 Mobile Safari/537.36 (compatible; Googlebot/2.1; +http://www.google.com/bot.html)"
162.213.253.84 - - [18/Apr/2026:03:15:10 -0400] "POST /wp-cron.php?doing_wp_cron=1776496510.2755661010742187500000 HTTP/1.1" 200 0 "https://www.vjmedia.in/wp-cron.php?doing_wp_cron=1776496510.2755661010742187500000" "WordPress/5.5.1; https://www.vjmedia.in"
43.135.145.73 - - [18/Apr/2026:03:15:09 -0400] "GET /interview-of-jackie-shroff/feed/ HTTP/1.1" 200 431 "-" "Mozilla/5.0 (iPhone; CPU iPhone OS 13_2_3 like Mac OS X) AppleWebKit/605.1.15 (KHTML, like Gecko) Version/13.0.3 Mobile/15E148 Safari/604.1"
216.73.217.120 - - [18/Apr/2026:03:21:25 -0400] "GET /robots.txt HTTP/1.1" 200 97 "-" "Mozilla/5.0 AppleWebKit/537.36 (KHTML, like Gecko; compatible; ClaudeBot/1.0; [email protected])"
162.241.120.138 - - [18/Apr/2026:03:24:18 -0400] "GET /wp-login.php HTTP/1.1" 200 2359 "-" "Mozilla/5.0 (Windows NT 6.1; Win64; x64; rv:60.0) Gecko/20100101 Firefox/60.0"
216.73.217.120 - - [18/Apr/2026:03:21:25 -0400] "GET /wp-sitemap.xml HTTP/1.1" 200 277 "-" "Mozilla/5.0 AppleWebKit/537.36 (KHTML, like Gecko; compatible; ClaudeBot/1.0; [email protected])"
162.213.253.84 - - [18/Apr/2026:03:25:11 -0400] "POST /wp-cron.php?doing_wp_cron=1776497111.1737380027770996093750 HTTP/1.1" 200 0 "https://www.vjmedia.in/wp-cron.php?doing_wp_cron=1776497111.1737380027770996093750" "WordPress/5.5.1; https://www.vjmedia.in"
43.157.191.20 - - [18/Apr/2026:03:25:10 -0400] "GET /anushka-di/feed/ HTTP/1.1" 200 456 "-" "Mozilla/5.0 (iPhone; CPU iPhone OS 13_2_3 like Mac OS X) AppleWebKit/605.1.15 (KHTML, like Gecko) Version/13.0.3 Mobile/15E148 Safari/604.1"
162.213.253.84 - - [18/Apr/2026:03:33:38 -0400] "POST /wp-cron.php?doing_wp_cron=1776497618.2897319793701171875000 HTTP/1.1" 200 0 "https://www.vjmedia.in/wp-cron.php?doing_wp_cron=1776497618.2897319793701171875000" "WordPress/5.5.1; https://www.vjmedia.in"
18.205.127.11 - - [18/Apr/2026:03:33:37 -0400] "GET /2019/08/28/ HTTP/1.1" 200 14754 "-" "Mozilla/5.0 AppleWebKit/537.36 (KHTML, like Gecko; compatible; Amazonbot/0.1; +https://developer.amazon.com/support/amazonbot) Chrome/119.0.6045.214 Safari/537.36"
66.249.79.65 - - [18/Apr/2026:03:38:00 -0400] "GET /event/destination-the-dream-city/ HTTP/1.1" 200 14905 "-" "Mozilla/5.0 (Linux; Android 6.0.1; Nexus 5X Build/MMB29P) AppleWebKit/537.36 (KHTML, like Gecko) Chrome/146.0.7680.177 Mobile Safari/537.36 (compatible; Googlebot/2.1; +http://www.google.com/bot.html)"
66.249.79.65 - - [18/Apr/2026:03:38:08 -0400] "GET /wp-content/plugins/the-events-calendar/common/src/resources/css/accessibility.min.css?ver=4.9.14 HTTP/1.1" 200 191 "https://www.vjmedia.in/event/destination-the-dream-city/" "Mozilla/5.0 (Linux; Android 6.0.1; Nexus 5X Build/MMB29P) AppleWebKit/537.36 (KHTML, like Gecko) Chrome/146.0.7680.177 Mobile Safari/537.36 (compatible; Googlebot/2.1; +http://www.google.com/bot.html)"
66.249.79.64 - - [18/Apr/2026:03:38:09 -0400] "GET /wp-content/plugins/the-events-calendar/src/resources/js/tribe-events.min.js?ver=4.9.7 HTTP/1.1" 200 6591 "https://www.vjmedia.in/event/destination-the-dream-city/" "Mozilla/5.0 (Linux; Android 6.0.1; Nexus 5X Build/MMB29P) AppleWebKit/537.36 (KHTML, like Gecko) Chrome/146.0.7680.177 Mobile Safari/537.36 (compatible; Googlebot/2.1; +http://www.google.com/bot.html)"
66.249.79.65 - - [18/Apr/2026:03:38:10 -0400] "GET /wp-content/plugins/the-events-calendar/vendor/bootstrap-datepicker/js/bootstrap-datepicker.min.js?ver=4.9.7 HTTP/1.1" 200 9774 "https://www.vjmedia.in/event/destination-the-dream-city/" "Mozilla/5.0 (Linux; Android 6.0.1; Nexus 5X Build/MMB29P) AppleWebKit/537.36 (KHTML, like Gecko) Chrome/146.0.7680.177 Mobile Safari/537.36 (compatible; Googlebot/2.1; +http://www.google.com/bot.html)"
66.249.79.64 - - [18/Apr/2026:03:38:10 -0400] "GET /wp-content/plugins/the-events-calendar/src/resources/css/tribe-events-full.min.css?ver=4.9.7 HTTP/1.1" 200 7419 "https://www.vjmedia.in/event/destination-the-dream-city/" "Mozilla/5.0 (Linux; Android 6.0.1; Nexus 5X Build/MMB29P) AppleWebKit/537.36 (KHTML, like Gecko) Chrome/146.0.7680.177 Mobile Safari/537.36 (compatible; Googlebot/2.1; +http://www.google.com/bot.html)"
66.249.79.65 - - [18/Apr/2026:03:38:11 -0400] "GET /wp-content/plugins/the-events-calendar/src/resources/js/embedded-map.min.js?ver=4.9.7 HTTP/1.1" 200 411 "https://www.vjmedia.in/event/destination-the-dream-city/" "Mozilla/5.0 (Linux; Android 6.0.1; Nexus 5X Build/MMB29P) AppleWebKit/537.36 (KHTML, like Gecko) Chrome/146.0.7680.177 Mobile Safari/537.36 (compatible; Googlebot/2.1; +http://www.google.com/bot.html)"
46.36.201.106 - - [18/Apr/2026:03:41:22 -0400] "GET /wp-login.php HTTP/1.1" 200 2359 "-" "Mozilla/4.0 (compatible; MSIE 7.0; Windows NT 6.2; WOW64; Trident/7.0; .NET4.0C; .NET4.0E; .NET CLR 2.0.50727; .NET CLR 3.0.30729; .NET CLR 3.5.30729; InfoPath.2)"
46.36.201.106 - - [18/Apr/2026:03:41:23 -0400] "POST /wp-login.php HTTP/1.1" 200 2425 "https://vjmedia.in/wp-login.php" "Mozilla/4.0 (compatible; MSIE 7.0; Windows NT 6.2; WOW64; Trident/7.0; .NET4.0C; .NET4.0E; .NET CLR 2.0.50727; .NET CLR 3.0.30729; .NET CLR 3.5.30729; InfoPath.2)"
54.39.210.90 - - [18/Apr/2026:03:26:23 -0400] "GET /author/admin/page/2/ HTTP/1.1" 200 14739 "-" "Mozilla/5.0 (compatible; AhrefsBot/7.0; +http://ahrefs.com/robot/)"
162.213.253.84 - - [18/Apr/2026:03:27:01 -0400] "POST /wp-cron.php?doing_wp_cron=1776497221.1301240921020507812500 HTTP/1.1" 200 0 "https://www.vjmedia.in/wp-cron.php?doing_wp_cron=1776497221.1301240921020507812500" "WordPress/5.5.1; https://www.vjmedia.in"
157.245.242.100 - - [18/Apr/2026:03:27:00 -0400] "POST /xmlrpc.php HTTP/1.1" 200 222 "-" "Mozilla/5.0 (Windows NT 10.0; Win64; x64) AppleWebKit/537.43 (KHTML, like Gecko) Chrome/135.0.0.0 Safari/537.36 OPR/120.0.0.0"
43.166.244.66 - - [18/Apr/2026:03:36:33 -0400] "GET /wp-login.php?action=wordpress_social_authenticate&mode=login&provider=Google&redirect_to=https%3A%2F%2Fwww.vjmedia.in%2Fmahie-discover-india%2F HTTP/1.1" 200 711 "-" "Mozilla/5.0 (iPhone; CPU iPhone OS 13_2_3 like Mac OS X) AppleWebKit/605.1.15 (KHTML, like Gecko) Version/13.0.3 Mobile/15E148 Safari/604.1"
66.249.79.64 - - [18/Apr/2026:03:38:09 -0400] "GET /wp-content/plugins/the-events-calendar/vendor/jquery-resize/jquery.ba-resize.min.js?ver=4.9.7 HTTP/1.1" 200 537 "https://www.vjmedia.in/event/destination-the-dream-city/" "Mozilla/5.0 (Linux; Android 6.0.1; Nexus 5X Build/MMB29P) AppleWebKit/537.36 (KHTML, like Gecko) Chrome/146.0.7680.177 Mobile Safari/537.36 (compatible; Googlebot/2.1; +http://www.google.com/bot.html)"
66.249.79.64 - - [18/Apr/2026:03:38:09 -0400] "GET /wp-content/plugins/the-events-calendar/vendor/php-date-formatter/js/php-date-formatter.min.js?ver=4.9.7 HTTP/1.1" 200 2717 "https://www.vjmedia.in/event/destination-the-dream-city/" "Mozilla/5.0 (Linux; Android 6.0.1; Nexus 5X Build/MMB29P) AppleWebKit/537.36 (KHTML, like Gecko) Chrome/146.0.7680.177 Mobile Safari/537.36 (compatible; Googlebot/2.1; +http://www.google.com/bot.html)"
66.249.79.65 - - [18/Apr/2026:03:38:10 -0400] "GET /wp-content/plugins/the-events-calendar/common/vendor/momentjs/moment.min.js?ver=4.9.14 HTTP/1.1" 200 16698 "https://www.vjmedia.in/event/destination-the-dream-city/" "Mozilla/5.0 (Linux; Android 6.0.1; Nexus 5X Build/MMB29P) AppleWebKit/537.36 (KHTML, like Gecko) Chrome/146.0.7680.177 Mobile Safari/537.36 (compatible; Googlebot/2.1; +http://www.google.com/bot.html)"
66.249.79.65 - - [18/Apr/2026:03:38:10 -0400] "GET /wp-content/plugins/the-events-calendar/src/resources/js/events-dynamic.min.js?ver=4.9.7 HTTP/1.1" 200 748 "https://www.vjmedia.in/event/destination-the-dream-city/" "Mozilla/5.0 (Linux; Android 6.0.1; Nexus 5X Build/MMB29P) AppleWebKit/537.36 (KHTML, like Gecko) Chrome/146.0.7680.177 Mobile Safari/537.36 (compatible; Googlebot/2.1; +http://www.google.com/bot.html)"
162.213.253.84 - - [18/Apr/2026:03:41:24 -0400] "POST /wp-cron.php?doing_wp_cron=1776498084.2694358825683593750000 HTTP/1.1" 200 0 "https://www.vjmedia.in/wp-cron.php?doing_wp_cron=1776498084.2694358825683593750000" "WordPress/5.5.1; https://www.vjmedia.in"
162.62.213.187 - - [18/Apr/2026:03:45:34 -0400] "GET /tag/visiting/ HTTP/1.1" 200 14316 "-" "Mozilla/5.0 (iPhone; CPU iPhone OS 13_2_3 like Mac OS X) AppleWebKit/605.1.15 (KHTML, like Gecko) Version/13.0.3 Mobile/15E148 Safari/604.1"
162.213.253.84 - - [18/Apr/2026:03:48:50 -0400] "POST /wp-cron.php?doing_wp_cron=1776498530.6693780422210693359375 HTTP/1.1" 200 0 "https://www.vjmedia.in/wp-cron.php?doing_wp_cron=1776498530.6693780422210693359375" "WordPress/5.5.1; https://www.vjmedia.in"
14.169.20.32 - - [18/Apr/2026:03:48:49 -0400] "GET /interview-of-heart-throb-arjun-kapoor-for-discover-india-magazine/ HTTP/1.1" 200 14861 "-" "Mozilla/5.0 (Windows NT 6.1; ) AppleWebKit/537.36 (KHTML, like Gecko) Chrome/83.0.4103.116 Safari/537.36 AOLShield/83.0.4103.0"
40.77.167.136 - - [18/Apr/2026:03:55:29 -0400] "GET /wp-sitemap-posts-page-1.xml HTTP/1.1" 200 291 "-" "Mozilla/5.0 AppleWebKit/537.36 (KHTML, like Gecko; compatible; bingbot/2.0; +http://www.bing.com/bingbot.htm) Chrome/116.0.1938.76 Safari/537.36"
82.165.124.144 - - [18/Apr/2026:04:01:25 -0400] "GET /wp-login.php HTTP/1.1" 200 2359 "-" "Mozilla/5.0 (Windows NT 6.3; Win64; x64) AppleWebKit/537.36 (KHTML, like Gecko) Chrome/65.0.3325.181 Safari/537.36"
82.165.124.144 - - [18/Apr/2026:04:01:26 -0400] "POST /wp-login.php HTTP/1.1" 200 2425 "https://vjmedia.in/wp-login.php" "Mozilla/5.0 (Windows NT 6.3; Win64; x64) AppleWebKit/537.36 (KHTML, like Gecko) Chrome/65.0.3325.181 Safari/537.36"
106.51.84.91 - - [18/Apr/2026:04:01:39 -0400] "POST /xmlrpc.php HTTP/1.1" 200 422 "-" "WordPress.com; https://wordpress.com"
106.51.84.91 - - [18/Apr/2026:04:01:49 -0400] "POST /xmlrpc.php HTTP/1.1" 200 421 "-" "Jetpack by WordPress.com (Jetpack 12.5; WordPress 6.2)"
106.51.84.91 - - [18/Apr/2026:04:01:59 -0400] "POST /xmlrpc.php HTTP/1.1" 200 659 "-" "WordPress.com; https://wordpress.com"
106.51.84.91 - - [18/Apr/2026:04:02:10 -0400] "POST /xmlrpc.php HTTP/1.1" 403 0 "-" "Jetpack by WordPress.com"
106.51.84.91 - - [18/Apr/2026:04:02:20 -0400] "POST /xmlrpc.php HTTP/1.1" 403 0 "-" "Jetpack/13.0; WordPress/6.4; http://site15891625.com"
106.51.84.91 - - [18/Apr/2026:04:02:51 -0400] "POST /xmlrpc.php HTTP/1.1" 403 0 "-" "WordPress.com; https://wordpress.com"
162.213.253.84 - - [18/Apr/2026:04:03:02 -0400] "POST /wp-cron.php?doing_wp_cron=1776499382.8443191051483154296875 HTTP/1.1" 200 0 "https://www.vjmedia.in/wp-cron.php?doing_wp_cron=1776499382.8443191051483154296875" "WordPress/5.5.1; https://www.vjmedia.in"
106.51.84.91 - - [18/Apr/2026:04:03:02 -0400] "POST /xmlrpc.php HTTP/1.1" 403 0 "-" "Jetpack by WordPress.com (Jetpack 12.5; WordPress 6.4)"
106.51.84.91 - - [18/Apr/2026:04:03:12 -0400] "POST /xmlrpc.php HTTP/1.1" 403 0 "-" "WordPress.com; https://wordpress.com"
106.51.84.91 - - [18/Apr/2026:04:03:23 -0400] "POST /xmlrpc.php HTTP/1.1" 403 0 "-" "Jetpack by WordPress.com (Jetpack 13.0; WordPress 6.3)"
106.51.84.91 - - [18/Apr/2026:04:03:43 -0400] "POST /xmlrpc.php HTTP/1.1" 403 0 "-" "Jetpack by WordPress.com"
106.51.84.91 - - [18/Apr/2026:04:04:04 -0400] "POST /xmlrpc.php HTTP/1.1" 403 0 "-" "Jetpack by WordPress.com (Jetpack 12.1; WordPress 6.3)"
106.51.84.91 - - [18/Apr/2026:04:04:15 -0400] "POST /xmlrpc.php HTTP/1.1" 403 0 "-" "Jetpack/12.5; WordPress/6.4; http://site45673563.com"
106.51.84.91 - - [18/Apr/2026:04:04:35 -0400] "POST /xmlrpc.php HTTP/1.1" 403 0 "-" "WordPress.com; https://wordpress.com"
142.44.233.162 - - [18/Apr/2026:04:05:15 -0400] "GET /inauguration-of-mall-tvr-for-images-magazine/ HTTP/1.1" 200 13225 "-" "Mozilla/5.0 (compatible; AhrefsBot/7.0; +http://ahrefs.com/robot/)"
106.51.84.91 - - [18/Apr/2026:04:05:17 -0400] "POST /xmlrpc.php HTTP/1.1" 403 0 "-" "Jetpack by WordPress.com (Jetpack 12.5; WordPress 6.4)"
106.51.84.91 - - [18/Apr/2026:04:05:28 -0400] "POST /xmlrpc.php HTTP/1.1" 403 0 "-" "Jetpack/13.0; WordPress/6.1; http://site77181238.com"
106.51.84.91 - - [18/Apr/2026:04:05:48 -0400] "POST /xmlrpc.php HTTP/1.1" 403 0 "-" "Jetpack by WordPress.com (Jetpack 12.5; WordPress 6.2)"
106.51.84.91 - - [18/Apr/2026:04:06:19 -0400] "POST /xmlrpc.php HTTP/1.1" 403 0 "-" "Jetpack by WordPress.com"
106.51.84.91 - - [18/Apr/2026:04:06:30 -0400] "POST /xmlrpc.php HTTP/1.1" 403 0 "-" "WordPress.com; https://wordpress.com"
106.51.84.91 - - [18/Apr/2026:04:06:50 -0400] "POST /xmlrpc.php HTTP/1.1" 403 0 "-" "WordPress.com; https://wordpress.com"
106.51.84.91 - - [18/Apr/2026:04:07:01 -0400] "POST /xmlrpc.php HTTP/1.1" 403 0 "-" "Jetpack by WordPress.com"
160.153.180.59 - - [18/Apr/2026:04:07:06 -0400] "POST /xmlrpc.php HTTP/1.1" 200 357 "-" "Mozilla/5.0 (Windows NT 6.1; Win64; x64) AppleWebKit/537.36 (KHTML, like Gecko) Chrome/66.0.3359.117 Safari/537.36"
106.51.84.91 - - [18/Apr/2026:04:07:22 -0400] "POST /xmlrpc.php HTTP/1.1" 403 0 "-" "Jetpack by WordPress.com"
106.51.84.91 - - [18/Apr/2026:04:07:32 -0400] "POST /xmlrpc.php HTTP/1.1" 403 0 "-" "WordPress.com; https://wordpress.com"
106.51.84.91 - - [18/Apr/2026:04:07:43 -0400] "POST /xmlrpc.php HTTP/1.1" 403 0 "-" "WordPress.com; https://wordpress.com"
162.213.253.84 - - [18/Apr/2026:04:01:28 -0400] "POST /wp-cron.php?doing_wp_cron=1776499288.1176340579986572265625 HTTP/1.1" 200 0 "https://www.vjmedia.in/wp-cron.php?doing_wp_cron=1776499288.1176340579986572265625" "WordPress/5.5.1; https://www.vjmedia.in"
106.51.84.91 - - [18/Apr/2026:04:01:29 -0400] "POST /xmlrpc.php HTTP/1.1" 200 422 "-" "WordPress.com; https://wordpress.com"
106.51.84.91 - - [18/Apr/2026:04:02:31 -0400] "POST /xmlrpc.php HTTP/1.1" 403 0 "-" "Jetpack by WordPress.com (Jetpack 12.0; WordPress 6.1)"
106.51.84.91 - - [18/Apr/2026:04:02:41 -0400] "POST /xmlrpc.php HTTP/1.1" 403 0 "-" "WordPress.com; https://wordpress.com"
106.51.84.91 - - [18/Apr/2026:04:03:33 -0400] "POST /xmlrpc.php HTTP/1.1" 403 0 "-" "WordPress.com; https://wordpress.com"
106.51.84.91 - - [18/Apr/2026:04:03:54 -0400] "POST /xmlrpc.php HTTP/1.1" 403 0 "-" "WordPress.com; https://wordpress.com"
106.51.84.91 - - [18/Apr/2026:04:04:25 -0400] "POST /xmlrpc.php HTTP/1.1" 403 0 "-" "Jetpack by WordPress.com"
106.51.84.91 - - [18/Apr/2026:04:04:46 -0400] "POST /xmlrpc.php HTTP/1.1" 403 0 "-" "WordPress.com; https://wordpress.com"
106.51.84.91 - - [18/Apr/2026:04:04:56 -0400] "POST /xmlrpc.php HTTP/1.1" 403 0 "-" "WordPress.com; https://wordpress.com"
106.51.84.91 - - [18/Apr/2026:04:05:07 -0400] "POST /xmlrpc.php HTTP/1.1" 403 0 "-" "Jetpack by WordPress.com"
106.51.84.91 - - [18/Apr/2026:04:05:38 -0400] "POST /xmlrpc.php HTTP/1.1" 403 0 "-" "Jetpack by WordPress.com"
106.51.84.91 - - [18/Apr/2026:04:05:59 -0400] "POST /xmlrpc.php HTTP/1.1" 403 0 "-" "WordPress.com; https://wordpress.com"
106.51.84.91 - - [18/Apr/2026:04:06:09 -0400] "POST /xmlrpc.php HTTP/1.1" 403 0 "-" "Jetpack by WordPress.com"
106.51.84.91 - - [18/Apr/2026:04:06:40 -0400] "POST /xmlrpc.php HTTP/1.1" 403 0 "-" "Jetpack/12.1; WordPress/6.4; http://site77796157.com"
106.51.84.91 - - [18/Apr/2026:04:07:11 -0400] "POST /xmlrpc.php HTTP/1.1" 403 0 "-" "WordPress.com; https://wordpress.com"
106.51.84.91 - - [18/Apr/2026:04:07:53 -0400] "POST /xmlrpc.php HTTP/1.1" 403 0 "-" "Jetpack by WordPress.com (Jetpack 13.0; WordPress 6.2)"
106.51.84.91 - - [18/Apr/2026:04:08:24 -0400] "POST /xmlrpc.php HTTP/1.1" 403 0 "-" "Jetpack by WordPress.com"
14.191.225.191 - - [18/Apr/2026:04:08:25 -0400] "GET /acclaimed-fashion-designer-of-international-repute-ajjay-mehrra/ HTTP/1.1" 200 14908 "-" "Mozilla/5.0 (Windows NT 6.1; Win64; x64) AppleWebKit/537.36 (KHTML, like Gecko) Chrome/86.0.4240.198 Safari/537.36"
106.51.84.91 - - [18/Apr/2026:04:08:45 -0400] "POST /xmlrpc.php HTTP/1.1" 403 0 "-" "Jetpack/12.5; WordPress/6.4; http://site11067080.com"
106.51.84.91 - - [18/Apr/2026:04:09:06 -0400] "POST /xmlrpc.php HTTP/1.1" 403 0 "-" "WordPress.com; https://wordpress.com"
106.51.84.91 - - [18/Apr/2026:04:09:58 -0400] "POST /xmlrpc.php HTTP/1.1" 403 0 "-" "Jetpack/13.0; WordPress/6.2; http://site85124094.com"
106.51.84.91 - - [18/Apr/2026:04:10:18 -0400] "POST /xmlrpc.php HTTP/1.1" 403 0 "-" "Jetpack by WordPress.com (Jetpack 12.5; WordPress 6.2)"
106.51.84.91 - - [18/Apr/2026:04:10:29 -0400] "POST /xmlrpc.php HTTP/1.1" 403 0 "-" "WordPress.com; https://wordpress.com"
106.51.84.91 - - [18/Apr/2026:04:10:39 -0400] "POST /xmlrpc.php HTTP/1.1" 403 0 "-" "Jetpack/12.0; WordPress/6.2; http://site63335431.com"
106.51.84.91 - - [18/Apr/2026:04:10:50 -0400] "POST /xmlrpc.php HTTP/1.1" 403 0 "-" "Jetpack by WordPress.com (Jetpack 13.0; WordPress 6.3)"
106.51.84.91 - - [18/Apr/2026:04:11:10 -0400] "POST /xmlrpc.php HTTP/1.1" 403 0 "-" "Jetpack by WordPress.com"
106.51.84.91 - - [18/Apr/2026:04:11:21 -0400] "POST /xmlrpc.php HTTP/1.1" 403 0 "-" "WordPress.com; https://wordpress.com"
106.51.84.91 - - [18/Apr/2026:04:11:42 -0400] "POST /xmlrpc.php HTTP/1.1" 403 0 "-" "Jetpack by WordPress.com (Jetpack 12.1; WordPress 6.4)"
106.51.84.91 - - [18/Apr/2026:04:12:23 -0400] "POST /xmlrpc.php HTTP/1.1" 403 0 "-" "Jetpack/13.0; WordPress/6.2; http://site97817077.com"
106.51.84.91 - - [18/Apr/2026:04:12:34 -0400] "POST /xmlrpc.php HTTP/1.1" 403 0 "-" "Jetpack by WordPress.com (Jetpack 12.0; WordPress 6.3)"
106.51.84.91 - - [18/Apr/2026:04:12:54 -0400] "POST /xmlrpc.php HTTP/1.1" 403 0 "-" "WordPress.com; https://wordpress.com"
106.51.84.91 - - [18/Apr/2026:04:13:05 -0400] "POST /xmlrpc.php HTTP/1.1" 403 0 "-" "WordPress.com; https://wordpress.com"
106.51.84.91 - - [18/Apr/2026:04:13:15 -0400] "POST /xmlrpc.php HTTP/1.1" 403 0 "-" "Jetpack by WordPress.com (Jetpack 12.5; WordPress 6.1)"
106.51.84.91 - - [18/Apr/2026:04:13:36 -0400] "POST /xmlrpc.php HTTP/1.1" 403 0 "-" "Jetpack by WordPress.com (Jetpack 12.5; WordPress 6.4)"
106.51.84.91 - - [18/Apr/2026:04:13:46 -0400] "POST /xmlrpc.php HTTP/1.1" 403 0 "-" "WordPress.com; https://wordpress.com"
106.51.84.91 - - [18/Apr/2026:04:14:07 -0400] "POST /xmlrpc.php HTTP/1.1" 403 0 "-" "Jetpack by WordPress.com"
106.51.84.91 - - [18/Apr/2026:04:14:38 -0400] "POST /xmlrpc.php HTTP/1.1" 403 0 "-" "Jetpack by WordPress.com (Jetpack 12.1; WordPress 6.1)"
106.51.84.91 - - [18/Apr/2026:04:14:49 -0400] "POST /xmlrpc.php HTTP/1.1" 403 0 "-" "Jetpack by WordPress.com"
34.23.42.151 - - [18/Apr/2026:04:15:02 -0400] "GET /wp-login.php HTTP/1.1" 200 2359 "-" "Mozilla/5.0 (Windows NT 6.1; WOW64; Trident/7.0; CTL_IE11; rv:11.0) like Gecko"
106.51.84.91 - - [18/Apr/2026:04:15:10 -0400] "POST /xmlrpc.php HTTP/1.1" 403 0 "-" "Jetpack by WordPress.com (Jetpack 12.0; WordPress 6.2)"
106.51.84.91 - - [18/Apr/2026:04:15:20 -0400] "POST /xmlrpc.php HTTP/1.1" 403 0 "-" "Jetpack/12.1; WordPress/6.3; http://site39451765.com"
106.51.84.91 - - [18/Apr/2026:04:15:30 -0400] "POST /xmlrpc.php HTTP/1.1" 403 0 "-" "Jetpack/12.0; WordPress/6.3; http://site74757387.com"
106.51.84.91 - - [18/Apr/2026:04:08:03 -0400] "POST /xmlrpc.php HTTP/1.1" 403 0 "-" "Jetpack by WordPress.com (Jetpack 12.5; WordPress 6.4)"
147.45.149.57 - - [18/Apr/2026:04:08:04 -0400] "POST /xmlrpc.php HTTP/1.1" 200 222 "-" "Mozilla/5.0 (Windows NT 10.0) AppleWebKit/537.36 (KHTML, like Gecko) Chrome/138.0.0.0 Safari/537.36 Edg/138.0.0.0"
106.51.84.91 - - [18/Apr/2026:04:08:14 -0400] "POST /xmlrpc.php HTTP/1.1" 403 0 "-" "Jetpack by WordPress.com (Jetpack 12.5; WordPress 6.4)"
106.51.84.91 - - [18/Apr/2026:04:08:35 -0400] "POST /xmlrpc.php HTTP/1.1" 403 0 "-" "Jetpack/12.0; WordPress/6.4; http://site74039057.com"
106.51.84.91 - - [18/Apr/2026:04:08:55 -0400] "POST /xmlrpc.php HTTP/1.1" 403 0 "-" "Jetpack by WordPress.com (Jetpack 13.0; WordPress 6.2)"
106.51.84.91 - - [18/Apr/2026:04:09:16 -0400] "POST /xmlrpc.php HTTP/1.1" 403 0 "-" "Jetpack by WordPress.com"
106.51.84.91 - - [18/Apr/2026:04:09:26 -0400] "POST /xmlrpc.php HTTP/1.1" 403 0 "-" "Jetpack by WordPress.com (Jetpack 12.5; WordPress 6.3)"
106.51.84.91 - - [18/Apr/2026:04:09:37 -0400] "POST /xmlrpc.php HTTP/1.1" 403 0 "-" "Jetpack by WordPress.com"
106.51.84.91 - - [18/Apr/2026:04:09:47 -0400] "POST /xmlrpc.php HTTP/1.1" 403 0 "-" "WordPress.com; https://wordpress.com"
106.51.84.91 - - [18/Apr/2026:04:10:08 -0400] "POST /xmlrpc.php HTTP/1.1" 403 0 "-" "Jetpack by WordPress.com"
106.51.84.91 - - [18/Apr/2026:04:11:00 -0400] "POST /xmlrpc.php HTTP/1.1" 403 0 "-" "Jetpack by WordPress.com"
162.213.253.84 - - [18/Apr/2026:04:11:22 -0400] "POST /wp-cron.php?doing_wp_cron=1776499882.1644890308380126953125 HTTP/1.1" 200 0 "https://www.vjmedia.in/wp-cron.php?doing_wp_cron=1776499882.1644890308380126953125" "WordPress/5.5.1; https://www.vjmedia.in"
106.51.84.91 - - [18/Apr/2026:04:11:31 -0400] "POST /xmlrpc.php HTTP/1.1" 403 0 "-" "Jetpack by WordPress.com (Jetpack 12.0; WordPress 6.1)"
106.51.84.91 - - [18/Apr/2026:04:11:52 -0400] "POST /xmlrpc.php HTTP/1.1" 403 0 "-" "Jetpack by WordPress.com (Jetpack 12.5; WordPress 6.4)"
106.51.84.91 - - [18/Apr/2026:04:12:02 -0400] "POST /xmlrpc.php HTTP/1.1" 403 0 "-" "Jetpack/12.1; WordPress/6.3; http://site24299903.com"
106.51.84.91 - - [18/Apr/2026:04:12:13 -0400] "POST /xmlrpc.php HTTP/1.1" 403 0 "-" "WordPress.com; https://wordpress.com"
106.51.84.91 - - [18/Apr/2026:04:12:44 -0400] "POST /xmlrpc.php HTTP/1.1" 403 0 "-" "WordPress.com; https://wordpress.com"
106.51.84.91 - - [18/Apr/2026:04:13:26 -0400] "POST /xmlrpc.php HTTP/1.1" 403 0 "-" "Jetpack by WordPress.com"
106.51.84.91 - - [18/Apr/2026:04:13:57 -0400] "POST /xmlrpc.php HTTP/1.1" 403 0 "-" "Jetpack/12.1; WordPress/6.2; http://site50601138.com"
106.51.84.91 - - [18/Apr/2026:04:14:17 -0400] "POST /xmlrpc.php HTTP/1.1" 403 0 "-" "Jetpack by WordPress.com (Jetpack 12.1; WordPress 6.4)"
106.51.84.91 - - [18/Apr/2026:04:14:28 -0400] "POST /xmlrpc.php HTTP/1.1" 403 0 "-" "Jetpack/12.5; WordPress/6.2; http://site60787152.com"
106.51.84.91 - - [18/Apr/2026:04:14:59 -0400] "POST /xmlrpc.php HTTP/1.1" 403 0 "-" "Jetpack/12.0; WordPress/6.3; http://site49489795.com"
106.51.84.91 - - [18/Apr/2026:04:15:41 -0400] "POST /xmlrpc.php HTTP/1.1" 403 0 "-" "Jetpack by WordPress.com"
106.51.84.91 - - [18/Apr/2026:04:17:35 -0400] "POST /xmlrpc.php HTTP/1.1" 403 0 "-" "Jetpack by WordPress.com (Jetpack 13.0; WordPress 6.1)"
106.51.84.91 - - [18/Apr/2026:04:17:56 -0400] "POST /xmlrpc.php HTTP/1.1" 403 0 "-" "Jetpack by WordPress.com"
106.51.84.91 - - [18/Apr/2026:04:18:06 -0400] "POST /xmlrpc.php HTTP/1.1" 403 0 "-" "Jetpack by WordPress.com (Jetpack 12.5; WordPress 6.2)"
106.51.84.91 - - [18/Apr/2026:04:18:37 -0400] "POST /xmlrpc.php HTTP/1.1" 403 0 "-" "Jetpack by WordPress.com"
54.37.252.36 - - [18/Apr/2026:04:19:12 -0400] "GET /robots.txt HTTP/1.1" 200 115 "-" "Mozilla/5.0 (compatible; MJ12bot/v1.4.8; http://mj12bot.com/)"
95.111.238.145 - - [18/Apr/2026:04:19:37 -0400] "POST /xmlrpc.php HTTP/1.1" 200 357 "-" "Mozilla/5.0 (Windows NT 6.1; WOW64; Trident/7.0; Ypkch32; rv:11.0) like Gecko"
66.102.135.126 - - [18/Apr/2026:04:20:51 -0400] "GET /wp-login.php HTTP/1.1" 200 2359 "-" "Mozilla/5.0 (Windows NT 6.3; Win64; x64; Trident/7.0; Touch; MALNJS; rv:11.0) like Gecko"
66.102.135.126 - - [18/Apr/2026:04:20:52 -0400] "POST /wp-login.php HTTP/1.1" 200 2423 "https://vjmedia.in/wp-login.php" "Mozilla/5.0 (Windows NT 6.3; Win64; x64; Trident/7.0; Touch; MALNJS; rv:11.0) like Gecko"
216.73.217.120 - - [18/Apr/2026:04:25:27 -0400] "GET /robots.txt HTTP/1.1" 200 97 "-" "Mozilla/5.0 AppleWebKit/537.36 (KHTML, like Gecko; compatible; ClaudeBot/1.0; [email protected])"
216.73.217.120 - - [18/Apr/2026:04:25:27 -0400] "GET /wp-sitemap.xml HTTP/1.1" 200 277 "-" "Mozilla/5.0 AppleWebKit/537.36 (KHTML, like Gecko; compatible; ClaudeBot/1.0; [email protected])"
66.249.79.65 - - [18/Apr/2026:04:26:59 -0400] "GET /robots.txt HTTP/1.1" 200 97 "-" "Mozilla/5.0 (compatible; Googlebot/2.1; +http://www.google.com/bot.html)"
162.213.253.84 - - [18/Apr/2026:04:27:00 -0400] "POST /wp-cron.php?doing_wp_cron=1776500820.8306820392608642578125 HTTP/1.1" 200 0 "https://www.vjmedia.in/wp-cron.php?doing_wp_cron=1776500820.8306820392608642578125" "WordPress/5.5.1; https://www.vjmedia.in"
179.43.40.53 - - [18/Apr/2026:04:26:59 -0400] "POST /wp-login.php HTTP/1.1" 200 2425 "https://vjmedia.in/wp-login.php" "Mozilla/5.0 (Macintosh; Intel Mac OS X 10_9_5) AppleWebKit/537.36 (KHTML, like Gecko) Chrome/66.0.3359.117 Safari/537.36"
66.249.79.65 - - [18/Apr/2026:04:27:04 -0400] "GET /wp-content/plugins/wp-gdpr-compliance/assets/css/front.css?ver=1603467887 HTTP/1.1" 200 1706 "https://www.vjmedia.in/dubai-promotes-emirati-heritage-for-tourism-first-magazine/" "Mozilla/5.0 (Linux; Android 6.0.1; Nexus 5X Build/MMB29P) AppleWebKit/537.36 (KHTML, like Gecko) Chrome/146.0.7680.177 Mobile Safari/537.36 (compatible; Googlebot/2.1; +http://www.google.com/bot.html)"
66.249.79.65 - - [18/Apr/2026:04:27:04 -0400] "GET /wp-content/plugins/buddypress/bp-core/js/jquery-query.min.js?ver=4.4.0 HTTP/1.1" 200 119 "https://www.vjmedia.in/dubai-promotes-emirati-heritage-for-tourism-first-magazine/" "Mozilla/5.0 (Linux; Android 6.0.1; Nexus 5X Build/MMB29P) AppleWebKit/537.36 (KHTML, like Gecko) Chrome/146.0.7680.177 Mobile Safari/537.36 (compatible; Googlebot/2.1; +http://www.google.com/bot.html)"
66.249.79.65 - - [18/Apr/2026:04:27:05 -0400] "GET /wp-includes/js/jquery/jquery.js?ver=1.12.4-wp HTTP/1.1" 200 32853 "https://www.vjmedia.in/dubai-promotes-emirati-heritage-for-tourism-first-magazine/" "Mozilla/5.0 (Linux; Android 6.0.1; Nexus 5X Build/MMB29P) AppleWebKit/537.36 (KHTML, like Gecko) Chrome/146.0.7680.177 Mobile Safari/537.36 (compatible; Googlebot/2.1; +http://www.google.com/bot.html)"
66.249.79.65 - - [18/Apr/2026:04:27:05 -0400] "GET /wp-content/themes/citygov/css/fontello/css/fontello.css HTTP/1.1" 200 3070 "https://www.vjmedia.in/dubai-promotes-emirati-heritage-for-tourism-first-magazine/" "Mozilla/5.0 (Linux; Android 6.0.1; Nexus 5X Build/MMB29P) AppleWebKit/537.36 (KHTML, like Gecko) Chrome/146.0.7680.177 Mobile Safari/537.36 (compatible; Googlebot/2.1; +http://www.google.com/bot.html)"
162.214.173.88 - - [18/Apr/2026:04:31:32 -0400] "POST /xmlrpc.php HTTP/1.1" 200 214 "-" "Mozilla/5.0 (Windows NT 6.3; Win64; x64; Trident/7.0; Touch; rv:11.0) like Gecko"
106.51.84.91 - - [18/Apr/2026:04:15:51 -0400] "POST /xmlrpc.php HTTP/1.1" 403 0 "-" "Jetpack by WordPress.com (Jetpack 12.0; WordPress 6.4)"
106.51.84.91 - - [18/Apr/2026:04:16:01 -0400] "POST /xmlrpc.php HTTP/1.1" 403 0 "-" "Jetpack by WordPress.com"
106.51.84.91 - - [18/Apr/2026:04:16:12 -0400] "POST /xmlrpc.php HTTP/1.1" 403 0 "-" "WordPress.com; https://wordpress.com"
106.51.84.91 - - [18/Apr/2026:04:16:22 -0400] "POST /xmlrpc.php HTTP/1.1" 403 0 "-" "Jetpack by WordPress.com (Jetpack 12.1; WordPress 6.2)"
106.51.84.91 - - [18/Apr/2026:04:16:33 -0400] "POST /xmlrpc.php HTTP/1.1" 403 0 "-" "Jetpack/12.5; WordPress/6.2; http://site29000265.com"
106.51.84.91 - - [18/Apr/2026:04:16:43 -0400] "POST /xmlrpc.php HTTP/1.1" 403 0 "-" "Jetpack/12.0; WordPress/6.3; http://site98288032.com"
106.51.84.91 - - [18/Apr/2026:04:16:53 -0400] "POST /xmlrpc.php HTTP/1.1" 403 0 "-" "Jetpack by WordPress.com (Jetpack 12.1; WordPress 6.1)"
106.51.84.91 - - [18/Apr/2026:04:17:04 -0400] "POST /xmlrpc.php HTTP/1.1" 403 0 "-" "Jetpack by WordPress.com (Jetpack 13.0; WordPress 6.4)"
106.51.84.91 - - [18/Apr/2026:04:17:14 -0400] "POST /xmlrpc.php HTTP/1.1" 403 0 "-" "Jetpack by WordPress.com (Jetpack 12.1; WordPress 6.1)"
106.51.84.91 - - [18/Apr/2026:04:17:24 -0400] "POST /xmlrpc.php HTTP/1.1" 403 0 "-" "Jetpack by WordPress.com (Jetpack 12.0; WordPress 6.4)"
106.51.84.91 - - [18/Apr/2026:04:17:45 -0400] "POST /xmlrpc.php HTTP/1.1" 403 0 "-" "Jetpack/12.5; WordPress/6.1; http://site56447861.com"
162.213.253.84 - - [18/Apr/2026:04:18:07 -0400] "POST /wp-cron.php?doing_wp_cron=1776500287.4618349075317382812500 HTTP/1.1" 200 0 "https://www.vjmedia.in/wp-cron.php?doing_wp_cron=1776500287.4618349075317382812500" "WordPress/5.5.1; https://www.vjmedia.in"
106.51.84.91 - - [18/Apr/2026:04:18:16 -0400] "POST /xmlrpc.php HTTP/1.1" 403 0 "-" "Jetpack by WordPress.com (Jetpack 13.0; WordPress 6.4)"
106.51.84.91 - - [18/Apr/2026:04:18:27 -0400] "POST /xmlrpc.php HTTP/1.1" 403 0 "-" "WordPress.com; https://wordpress.com"
