198.244.226.246 - - [10/Jun/2026:09:27:07 -0400] "GET /robots.txt HTTP/1.1" 200 246 "-" "Mozilla/5.0 (compatible; AhrefsBot/7.0; +http://ahrefs.com/robot/)"
54.39.0.21 - - [10/Jun/2026:09:27:08 -0400] "GET / HTTP/1.1" 200 16666 "-" "Mozilla/5.0 (compatible; AhrefsBot/7.0; +http://ahrefs.com/robot/)"
136.144.35.60 - - [10/Jun/2026:10:33:26 -0400] "GET /?author=1 HTTP/1.1" 404 7612 "-" "Mozilla/5.0"
136.144.35.60 - - [10/Jun/2026:10:33:28 -0400] "GET /?rest_route=/wp/v2/users HTTP/1.1" 200 7362 "-" "Mozilla/5.0"
91.170.90.226 - - [10/Jun/2026:10:27:10 -0400] "GET /service/packing/ HTTP/1.1" 200 12305 "-" "Mozilla/5.0 (Macintosh; Intel Mac OS X 12.5; rv:135.0) Gecko/20100101 Firefox/135.0"
136.144.35.60 - - [10/Jun/2026:10:33:25 -0400] "GET /wp-login.php HTTP/1.1" 200 2262 "-" "Mozilla/5.0"
162.213.253.84 - - [10/Jun/2026:10:33:27 -0400] "POST /wp-cron.php?doing_wp_cron=1781102007.2567439079284667968750 HTTP/1.1" 200 0 "https://tejoversea.com/wp-cron.php?doing_wp_cron=1781102007.2567439079284667968750" "WordPress/6.0.2; https://tejoversea.com"
162.213.253.84 - - [10/Jun/2026:10:33:28 -0400] "POST /wp-admin/admin-ajax.php?action=async_litespeed&nonce=67f5e274f4&litespeed_type=imgoptm HTTP/1.1" 200 0 "https://tejoversea.com/wp-admin/admin-ajax.php?action=async_litespeed&nonce=67f5e274f4&litespeed_type=imgoptm" "WordPress/6.0.2; https://tejoversea.com"
136.144.35.60 - - [10/Jun/2026:10:33:29 -0400] "GET /feed HTTP/1.1" 301 0 "-" "Mozilla/5.0"
136.144.35.60 - - [10/Jun/2026:10:33:29 -0400] "GET /feed/ HTTP/1.1" 200 628 "-" "Mozilla/5.0"
52.2.226.16 - - [10/Jun/2026:11:08:30 -0400] "GET /robots.txt HTTP/1.1" 200 281 "-" "Mozilla/5.0 (Macintosh; Intel Mac OS X 10_10_1) AppleWebKit/600.2.5 (KHTML, like Gecko) Version/8.0.2 Safari/600.2.5 (Gort)"
162.213.253.84 - - [10/Jun/2026:11:26:24 -0400] "POST /wp-cron.php?doing_wp_cron=1781105184.8103609085083007812500 HTTP/1.1" 200 0 "https://tejoversea.com/wp-cron.php?doing_wp_cron=1781105184.8103609085083007812500" "WordPress/6.0.2; https://tejoversea.com"
136.144.35.42 - - [10/Jun/2026:11:26:23 -0400] "POST /wp-login.php HTTP/1.1" 200 6682 "-" "Mozilla/5.0"
162.213.253.84 - - [10/Jun/2026:11:19:45 -0400] "POST /wp-cron.php?doing_wp_cron=1781104785.1542649269104003906250 HTTP/1.1" 200 0 "https://tejoversea.com/wp-cron.php?doing_wp_cron=1781104785.1542649269104003906250" "WordPress/6.0.2; https://tejoversea.com"
136.144.35.42 - - [10/Jun/2026:11:19:44 -0400] "POST /wp-login.php HTTP/1.1" 200 6682 "-" "Mozilla/5.0"
162.213.253.84 - - [10/Jun/2026:11:19:45 -0400] "POST /wp-admin/admin-ajax.php?action=async_litespeed&nonce=67f5e274f4&litespeed_type=imgoptm HTTP/1.1" 200 0 "https://tejoversea.com/wp-admin/admin-ajax.php?action=async_litespeed&nonce=67f5e274f4&litespeed_type=imgoptm" "WordPress/6.0.2; https://tejoversea.com"
162.213.253.84 - - [10/Jun/2026:11:33:00 -0400] "POST /wp-admin/admin-ajax.php?action=async_litespeed&nonce=67f5e274f4&litespeed_type=imgoptm HTTP/1.1" 200 0 "https://tejoversea.com/wp-admin/admin-ajax.php?action=async_litespeed&nonce=67f5e274f4&litespeed_type=imgoptm" "WordPress/6.0.2; https://tejoversea.com"
136.144.35.53 - - [10/Jun/2026:11:39:55 -0400] "POST /wp-login.php HTTP/1.1" 200 6682 "-" "Mozilla/5.0"
162.213.253.84 - - [10/Jun/2026:11:26:25 -0400] "POST /wp-admin/admin-ajax.php?action=async_litespeed&nonce=67f5e274f4&litespeed_type=imgoptm HTTP/1.1" 200 0 "https://tejoversea.com/wp-admin/admin-ajax.php?action=async_litespeed&nonce=67f5e274f4&litespeed_type=imgoptm" "WordPress/6.0.2; https://tejoversea.com"
162.213.253.84 - - [10/Jun/2026:11:32:59 -0400] "POST /wp-cron.php?doing_wp_cron=1781105579.3512198925018310546875 HTTP/1.1" 200 0 "https://tejoversea.com/wp-cron.php?doing_wp_cron=1781105579.3512198925018310546875" "WordPress/6.0.2; https://tejoversea.com"
136.144.35.38 - - [10/Jun/2026:11:32:58 -0400] "POST /wp-login.php HTTP/1.1" 200 6682 "-" "Mozilla/5.0"
162.213.253.84 - - [10/Jun/2026:11:39:55 -0400] "POST /wp-cron.php?doing_wp_cron=1781105995.6623859405517578125000 HTTP/1.1" 200 0 "https://tejoversea.com/wp-cron.php?doing_wp_cron=1781105995.6623859405517578125000" "WordPress/6.0.2; https://tejoversea.com"
162.213.253.84 - - [10/Jun/2026:11:39:56 -0400] "POST /wp-admin/admin-ajax.php?action=async_litespeed&nonce=67f5e274f4&litespeed_type=imgoptm HTTP/1.1" 200 0 "https://tejoversea.com/wp-admin/admin-ajax.php?action=async_litespeed&nonce=67f5e274f4&litespeed_type=imgoptm" "WordPress/6.0.2; https://tejoversea.com"
162.213.253.84 - - [10/Jun/2026:11:46:55 -0400] "POST /wp-cron.php?doing_wp_cron=1781106415.0186710357666015625000 HTTP/1.1" 200 0 "https://tejoversea.com/wp-cron.php?doing_wp_cron=1781106415.0186710357666015625000" "WordPress/6.0.2; https://tejoversea.com"
136.144.35.59 - - [10/Jun/2026:11:46:54 -0400] "POST /wp-login.php HTTP/1.1" 200 6682 "-" "Mozilla/5.0"
136.144.35.41 - - [10/Jun/2026:11:53:48 -0400] "POST /wp-login.php HTTP/1.1" 200 6682 "-" "Mozilla/5.0"
62.84.185.52 - - [10/Jun/2026:11:56:17 -0400] "GET /robots.txt HTTP/1.1" 200 595 "-" "Mozilla/5.0 (compatible; MJ12bot/v1.4.8; http://mj12bot.com/)"
62.84.185.52 - - [10/Jun/2026:11:56:19 -0400] "GET /service/insurance/ HTTP/1.1" 200 10691 "-" "Mozilla/5.0 (compatible; MJ12bot/v1.4.8; http://mj12bot.com/)"
62.84.185.52 - - [10/Jun/2026:11:56:22 -0400] "GET /service/packing/ HTTP/1.1" 200 10784 "-" "Mozilla/5.0 (compatible; MJ12bot/v1.4.8; http://mj12bot.com/)"
62.84.185.52 - - [10/Jun/2026:11:56:24 -0400] "GET /service/warehousing/ HTTP/1.1" 200 10698 "-" "Mozilla/5.0 (compatible; MJ12bot/v1.4.8; http://mj12bot.com/)"
162.213.253.84 - - [10/Jun/2026:11:46:55 -0400] "POST /wp-admin/admin-ajax.php?action=async_litespeed&nonce=67f5e274f4&litespeed_type=imgoptm HTTP/1.1" 200 0 "https://tejoversea.com/wp-admin/admin-ajax.php?action=async_litespeed&nonce=67f5e274f4&litespeed_type=imgoptm" "WordPress/6.0.2; https://tejoversea.com"
162.213.253.84 - - [10/Jun/2026:12:00:43 -0400] "POST /wp-cron.php?doing_wp_cron=1781107243.9572710990905761718750 HTTP/1.1" 200 0 "https://tejoversea.com/wp-cron.php?doing_wp_cron=1781107243.9572710990905761718750" "WordPress/6.0.2; https://tejoversea.com"
136.144.35.49 - - [10/Jun/2026:12:00:43 -0400] "POST /wp-login.php HTTP/1.1" 200 6682 "-" "Mozilla/5.0"
162.213.253.84 - - [10/Jun/2026:12:00:44 -0400] "POST /wp-admin/admin-ajax.php?action=async_litespeed&nonce=67f5e274f4&litespeed_type=imgoptm HTTP/1.1" 200 0 "https://tejoversea.com/wp-admin/admin-ajax.php?action=async_litespeed&nonce=67f5e274f4&litespeed_type=imgoptm" "WordPress/6.0.2; https://tejoversea.com"
136.144.35.37 - - [10/Jun/2026:12:17:31 -0400] "POST /wp-login.php HTTP/1.1" 200 6682 "-" "Mozilla/5.0"
162.213.253.84 - - [10/Jun/2026:12:17:32 -0400] "POST /wp-admin/admin-ajax.php?action=async_litespeed&nonce=67f5e274f4&litespeed_type=imgoptm HTTP/1.1" 200 0 "https://tejoversea.com/wp-admin/admin-ajax.php?action=async_litespeed&nonce=67f5e274f4&litespeed_type=imgoptm" "WordPress/6.0.2; https://tejoversea.com"
162.213.253.84 - - [10/Jun/2026:12:24:16 -0400] "POST /wp-cron.php?doing_wp_cron=1781108656.4106171131134033203125 HTTP/1.1" 200 0 "https://tejoversea.com/wp-cron.php?doing_wp_cron=1781108656.4106171131134033203125" "WordPress/6.0.2; https://tejoversea.com"
162.213.253.84 - - [10/Jun/2026:12:24:17 -0400] "POST /wp-admin/admin-ajax.php?action=async_litespeed&nonce=67f5e274f4&litespeed_type=imgoptm HTTP/1.1" 200 0 "https://tejoversea.com/wp-admin/admin-ajax.php?action=async_litespeed&nonce=67f5e274f4&litespeed_type=imgoptm" "WordPress/6.0.2; https://tejoversea.com"
136.144.35.55 - - [10/Jun/2026:12:31:16 -0400] "POST /wp-login.php HTTP/1.1" 200 6682 "-" "Mozilla/5.0"
162.213.253.84 - - [10/Jun/2026:12:31:18 -0400] "POST /wp-admin/admin-ajax.php?action=async_litespeed&nonce=67f5e274f4&litespeed_type=imgoptm HTTP/1.1" 200 0 "https://tejoversea.com/wp-admin/admin-ajax.php?action=async_litespeed&nonce=67f5e274f4&litespeed_type=imgoptm" "WordPress/6.0.2; https://tejoversea.com"
162.213.253.84 - - [10/Jun/2026:12:17:32 -0400] "POST /wp-cron.php?doing_wp_cron=1781108252.2119429111480712890625 HTTP/1.1" 200 0 "https://tejoversea.com/wp-cron.php?doing_wp_cron=1781108252.2119429111480712890625" "WordPress/6.0.2; https://tejoversea.com"
136.144.35.58 - - [10/Jun/2026:12:24:15 -0400] "POST /wp-login.php HTTP/1.1" 200 6682 "-" "Mozilla/5.0"
162.213.253.84 - - [10/Jun/2026:12:31:17 -0400] "POST /wp-cron.php?doing_wp_cron=1781109077.4637739658355712890625 HTTP/1.1" 200 0 "https://tejoversea.com/wp-cron.php?doing_wp_cron=1781109077.4637739658355712890625" "WordPress/6.0.2; https://tejoversea.com"
136.144.35.34 - - [10/Jun/2026:12:38:07 -0400] "POST /wp-login.php HTTP/1.1" 200 6682 "-" "Mozilla/5.0"
162.213.253.84 - - [10/Jun/2026:12:44:57 -0400] "POST /wp-cron.php?doing_wp_cron=1781109897.3614790439605712890625 HTTP/1.1" 200 0 "https://tejoversea.com/wp-cron.php?doing_wp_cron=1781109897.3614790439605712890625" "WordPress/6.0.2; https://tejoversea.com"
136.144.35.53 - - [10/Jun/2026:12:44:56 -0400] "POST /wp-login.php HTTP/1.1" 200 6682 "-" "Mozilla/5.0"
162.213.253.84 - - [10/Jun/2026:12:38:08 -0400] "POST /wp-cron.php?doing_wp_cron=1781109488.3265519142150878906250 HTTP/1.1" 200 0 "https://tejoversea.com/wp-cron.php?doing_wp_cron=1781109488.3265519142150878906250" "WordPress/6.0.2; https://tejoversea.com"
162.213.253.84 - - [10/Jun/2026:12:38:08 -0400] "POST /wp-admin/admin-ajax.php?action=async_litespeed&nonce=67f5e274f4&litespeed_type=imgoptm HTTP/1.1" 200 0 "https://tejoversea.com/wp-admin/admin-ajax.php?action=async_litespeed&nonce=67f5e274f4&litespeed_type=imgoptm" "WordPress/6.0.2; https://tejoversea.com"
162.213.253.84 - - [10/Jun/2026:12:44:58 -0400] "POST /wp-admin/admin-ajax.php?action=async_litespeed&nonce=67f5e274f4&litespeed_type=imgoptm HTTP/1.1" 200 0 "https://tejoversea.com/wp-admin/admin-ajax.php?action=async_litespeed&nonce=67f5e274f4&litespeed_type=imgoptm" "WordPress/6.0.2; https://tejoversea.com"
162.213.253.84 - - [10/Jun/2026:12:51:50 -0400] "POST /wp-cron.php?doing_wp_cron=1781110310.2844820022583007812500 HTTP/1.1" 200 0 "https://tejoversea.com/wp-cron.php?doing_wp_cron=1781110310.2844820022583007812500" "WordPress/6.0.2; https://tejoversea.com"
136.144.35.35 - - [10/Jun/2026:12:51:49 -0400] "POST /wp-login.php HTTP/1.1" 200 6682 "-" "Mozilla/5.0"
162.213.253.84 - - [10/Jun/2026:12:58:38 -0400] "POST /wp-cron.php?doing_wp_cron=1781110718.3765859603881835937500 HTTP/1.1" 200 0 "https://tejoversea.com/wp-cron.php?doing_wp_cron=1781110718.3765859603881835937500" "WordPress/6.0.2; https://tejoversea.com"
162.213.253.84 - - [10/Jun/2026:12:58:39 -0400] "POST /wp-admin/admin-ajax.php?action=async_litespeed&nonce=67f5e274f4&litespeed_type=imgoptm HTTP/1.1" 200 0 "https://tejoversea.com/wp-admin/admin-ajax.php?action=async_litespeed&nonce=67f5e274f4&litespeed_type=imgoptm" "WordPress/6.0.2; https://tejoversea.com"
162.213.253.84 - - [10/Jun/2026:12:51:50 -0400] "POST /wp-admin/admin-ajax.php?action=async_litespeed&nonce=67f5e274f4&litespeed_type=imgoptm HTTP/1.1" 200 0 "https://tejoversea.com/wp-admin/admin-ajax.php?action=async_litespeed&nonce=67f5e274f4&litespeed_type=imgoptm" "WordPress/6.0.2; https://tejoversea.com"
136.144.35.37 - - [10/Jun/2026:12:58:37 -0400] "POST /wp-login.php HTTP/1.1" 200 6682 "-" "Mozilla/5.0"
162.213.253.84 - - [10/Jun/2026:13:05:40 -0400] "POST /wp-cron.php?doing_wp_cron=1781111140.6674549579620361328125 HTTP/1.1" 200 0 "https://tejoversea.com/wp-cron.php?doing_wp_cron=1781111140.6674549579620361328125" "WordPress/6.0.2; https://tejoversea.com"
136.144.35.54 - - [10/Jun/2026:13:05:39 -0400] "POST /wp-login.php HTTP/1.1" 200 6682 "-" "Mozilla/5.0"
162.213.253.84 - - [10/Jun/2026:13:05:42 -0400] "POST /wp-admin/admin-ajax.php?action=async_litespeed&nonce=67f5e274f4&litespeed_type=imgoptm HTTP/1.1" 200 0 "https://tejoversea.com/wp-admin/admin-ajax.php?action=async_litespeed&nonce=67f5e274f4&litespeed_type=imgoptm" "WordPress/6.0.2; https://tejoversea.com"
136.144.35.34 - - [10/Jun/2026:13:12:48 -0400] "POST /wp-login.php HTTP/1.1" 200 6682 "-" "Mozilla/5.0"
162.213.253.84 - - [10/Jun/2026:13:12:49 -0400] "POST /wp-admin/admin-ajax.php?action=async_litespeed&nonce=67f5e274f4&litespeed_type=imgoptm HTTP/1.1" 200 0 "https://tejoversea.com/wp-admin/admin-ajax.php?action=async_litespeed&nonce=67f5e274f4&litespeed_type=imgoptm" "WordPress/6.0.2; https://tejoversea.com"
162.213.253.84 - - [10/Jun/2026:13:12:49 -0400] "POST /wp-cron.php?doing_wp_cron=1781111569.0849359035491943359375 HTTP/1.1" 200 0 "https://tejoversea.com/wp-cron.php?doing_wp_cron=1781111569.0849359035491943359375" "WordPress/6.0.2; https://tejoversea.com"
136.144.35.45 - - [10/Jun/2026:13:19:58 -0400] "POST /wp-login.php HTTP/1.1" 200 6682 "-" "Mozilla/5.0"
162.213.253.84 - - [10/Jun/2026:13:20:00 -0400] "POST /wp-admin/admin-ajax.php?action=async_litespeed&nonce=67f5e274f4&litespeed_type=imgoptm HTTP/1.1" 200 0 "https://tejoversea.com/wp-admin/admin-ajax.php?action=async_litespeed&nonce=67f5e274f4&litespeed_type=imgoptm" "WordPress/6.0.2; https://tejoversea.com"
162.213.253.84 - - [10/Jun/2026:13:19:59 -0400] "POST /wp-cron.php?doing_wp_cron=1781111999.4572238922119140625000 HTTP/1.1" 200 0 "https://tejoversea.com/wp-cron.php?doing_wp_cron=1781111999.4572238922119140625000" "WordPress/6.0.2; https://tejoversea.com"
162.213.253.84 - - [10/Jun/2026:13:26:36 -0400] "POST /wp-cron.php?doing_wp_cron=1781112396.5345621109008789062500 HTTP/1.1" 200 0 "https://tejoversea.com/wp-cron.php?doing_wp_cron=1781112396.5345621109008789062500" "WordPress/6.0.2; https://tejoversea.com"
136.144.35.37 - - [10/Jun/2026:13:26:35 -0400] "POST /wp-login.php HTTP/1.1" 200 6682 "-" "Mozilla/5.0"
162.213.253.84 - - [10/Jun/2026:13:26:37 -0400] "POST /wp-admin/admin-ajax.php?action=async_litespeed&nonce=67f5e274f4&litespeed_type=imgoptm HTTP/1.1" 200 0 "https://tejoversea.com/wp-admin/admin-ajax.php?action=async_litespeed&nonce=67f5e274f4&litespeed_type=imgoptm" "WordPress/6.0.2; https://tejoversea.com"
162.213.253.84 - - [10/Jun/2026:13:33:22 -0400] "POST /wp-admin/admin-ajax.php?action=async_litespeed&nonce=67f5e274f4&litespeed_type=imgoptm HTTP/1.1" 200 0 "https://tejoversea.com/wp-admin/admin-ajax.php?action=async_litespeed&nonce=67f5e274f4&litespeed_type=imgoptm" "WordPress/6.0.2; https://tejoversea.com"
162.213.253.84 - - [10/Jun/2026:13:33:21 -0400] "POST /wp-cron.php?doing_wp_cron=1781112801.6423799991607666015625 HTTP/1.1" 200 0 "https://tejoversea.com/wp-cron.php?doing_wp_cron=1781112801.6423799991607666015625" "WordPress/6.0.2; https://tejoversea.com"
136.144.35.40 - - [10/Jun/2026:13:33:21 -0400] "POST /wp-login.php HTTP/1.1" 200 6682 "-" "Mozilla/5.0"
162.213.253.84 - - [10/Jun/2026:13:40:30 -0400] "POST /wp-cron.php?doing_wp_cron=1781113230.0550301074981689453125 HTTP/1.1" 200 0 "https://tejoversea.com/wp-cron.php?doing_wp_cron=1781113230.0550301074981689453125" "WordPress/6.0.2; https://tejoversea.com"
136.144.35.58 - - [10/Jun/2026:13:40:29 -0400] "POST /wp-login.php HTTP/1.1" 200 6682 "-" "Mozilla/5.0"
162.213.253.84 - - [10/Jun/2026:13:40:30 -0400] "POST /wp-admin/admin-ajax.php?action=async_litespeed&nonce=67f5e274f4&litespeed_type=imgoptm HTTP/1.1" 200 0 "https://tejoversea.com/wp-admin/admin-ajax.php?action=async_litespeed&nonce=67f5e274f4&litespeed_type=imgoptm" "WordPress/6.0.2; https://tejoversea.com"
162.213.253.84 - - [10/Jun/2026:13:50:13 -0400] "POST /wp-cron.php?doing_wp_cron=1781113813.4390349388122558593750 HTTP/1.1" 200 0 "https://tejoversea.com/wp-cron.php?doing_wp_cron=1781113813.4390349388122558593750" "WordPress/6.0.2; https://tejoversea.com"
136.144.35.38 - - [10/Jun/2026:13:50:12 -0400] "POST /wp-login.php HTTP/1.1" 200 6682 "-" "Mozilla/5.0"
162.213.253.84 - - [10/Jun/2026:13:50:14 -0400] "POST /wp-admin/admin-ajax.php?action=async_litespeed&nonce=67f5e274f4&litespeed_type=imgoptm HTTP/1.1" 200 0 "https://tejoversea.com/wp-admin/admin-ajax.php?action=async_litespeed&nonce=67f5e274f4&litespeed_type=imgoptm" "WordPress/6.0.2; https://tejoversea.com"
162.213.253.84 - - [10/Jun/2026:13:57:12 -0400] "POST /wp-cron.php?doing_wp_cron=1781114232.4535040855407714843750 HTTP/1.1" 200 0 "https://tejoversea.com/wp-cron.php?doing_wp_cron=1781114232.4535040855407714843750" "WordPress/6.0.2; https://tejoversea.com"
136.144.35.59 - - [10/Jun/2026:13:57:11 -0400] "POST /wp-login.php HTTP/1.1" 200 6682 "-" "Mozilla/5.0"
205.185.124.118 - - [10/Jun/2026:14:12:26 -0400] "GET /wp-login.php HTTP/1.1" 200 6507 "-" "Mozilla/5.0 (X11; Linux x86_64; rv:31.0) Gecko/20100101 Firefox/31.0"
205.185.124.118 - - [10/Jun/2026:14:13:11 -0400] "POST /wp-login.php HTTP/1.1" 200 6700 "-" "Mozilla/5.0 (X11; Linux x86_64; rv:31.0) Gecko/20100101 Firefox/31.0"
162.213.253.84 - - [10/Jun/2026:14:13:13 -0400] "POST /wp-admin/admin-ajax.php?action=async_litespeed&nonce=67f5e274f4&litespeed_type=imgoptm HTTP/1.1" 200 0 "https://tejoversea.com/wp-admin/admin-ajax.php?action=async_litespeed&nonce=67f5e274f4&litespeed_type=imgoptm" "WordPress/6.0.2; https://tejoversea.com"
162.213.253.84 - - [10/Jun/2026:14:13:12 -0400] "POST /wp-cron.php?doing_wp_cron=1781115192.8396720886230468750000 HTTP/1.1" 200 0 "https://tejoversea.com/wp-cron.php?doing_wp_cron=1781115192.8396720886230468750000" "WordPress/6.0.2; https://tejoversea.com"
209.141.46.91 - - [10/Jun/2026:15:20:37 -0400] "GET /wp-login.php HTTP/1.1" 200 6507 "-" "Mozilla/5.0 (Windows NT 10.0; Win64; x64)"
162.213.253.84 - - [10/Jun/2026:15:22:44 -0400] "POST /wp-cron.php?doing_wp_cron=1781119364.3800330162048339843750 HTTP/1.1" 200 0 "https://tejoversea.com/wp-cron.php?doing_wp_cron=1781119364.3800330162048339843750" "WordPress/6.0.2; https://tejoversea.com"
209.141.46.91 - - [10/Jun/2026:15:22:43 -0400] "POST /wp-login.php HTTP/1.1" 200 6700 "-" "Mozilla/5.0 (Windows NT 10.0; Win64; x64)"
162.213.253.84 - - [10/Jun/2026:15:22:44 -0400] "POST /wp-admin/admin-ajax.php?action=async_litespeed&nonce=67f5e274f4&litespeed_type=imgoptm HTTP/1.1" 200 0 "https://tejoversea.com/wp-admin/admin-ajax.php?action=async_litespeed&nonce=67f5e274f4&litespeed_type=imgoptm" "WordPress/6.0.2; https://tejoversea.com"
162.213.253.84 - - [10/Jun/2026:15:22:45 -0400] "GET / HTTP/1.1" 200 19166 "https://tejoversea.com/" "WordPress/6.0.2; https://tejoversea.com"
43.165.198.224 - - [10/Jun/2026:15:36:20 -0400] "GET / HTTP/1.1" 200 19166 "-" "Mozilla/5.0 (iPhone; CPU iPhone OS 13_2_3 like Mac OS X) AppleWebKit/605.1.15 (KHTML, like Gecko) Version/13.0.3 Mobile/15E148 Safari/604.1"
162.213.253.84 - - [10/Jun/2026:16:24:51 -0400] "POST /wp-admin/admin-ajax.php?action=async_litespeed&nonce=67f5e274f4&litespeed_type=imgoptm HTTP/1.1" 200 0 "https://tejoversea.com/wp-admin/admin-ajax.php?action=async_litespeed&nonce=67f5e274f4&litespeed_type=imgoptm" "WordPress/6.0.2; https://tejoversea.com"
162.213.253.84 - - [10/Jun/2026:16:24:50 -0400] "POST /wp-cron.php?doing_wp_cron=1781123090.7427110671997070312500 HTTP/1.1" 200 0 "https://tejoversea.com/wp-cron.php?doing_wp_cron=1781123090.7427110671997070312500" "WordPress/6.0.2; https://tejoversea.com"
43.164.1.211 - - [10/Jun/2026:16:24:50 -0400] "GET /?page_id=107 HTTP/1.1" 404 7613 "-" "Mozilla/5.0 (iPhone; CPU iPhone OS 13_2_3 like Mac OS X) AppleWebKit/605.1.15 (KHTML, like Gecko) Version/13.0.3 Mobile/15E148 Safari/604.1"