173.252.82.3 - - [02/Mar/2026:07:20:57 -0500] "GET /robots.txt HTTP/1.1" 200 595 "-" "facebookexternalhit/1.1 (+http://www.facebook.com/externalhit_uatext.php)"
162.213.253.84 - - [02/Mar/2026:07:25:39 -0500] "POST /wp-cron.php?doing_wp_cron=1772454339.1151180267333984375000 HTTP/1.1" 200 0 "http://tejoversea.com/wp-cron.php?doing_wp_cron=1772454339.1151180267333984375000" "WordPress/6.0.2; http://tejoversea.com"
74.7.227.8 - - [02/Mar/2026:07:25:37 -0500] "GET /sitemap_index.xml HTTP/1.1" 200 278 "-" "Mozilla/5.0 AppleWebKit/537.36 (KHTML, like Gecko; compatible; GPTBot/1.3; +https://openai.com/gptbot)"
162.213.253.84 - - [02/Mar/2026:07:25:39 -0500] "POST /wp-admin/admin-ajax.php?action=async_litespeed&nonce=1e5eaeec6d&litespeed_type=imgoptm HTTP/1.1" 200 0 "http://tejoversea.com/wp-admin/admin-ajax.php?action=async_litespeed&nonce=1e5eaeec6d&litespeed_type=imgoptm" "WordPress/6.0.2; http://tejoversea.com"
162.213.253.84 - - [02/Mar/2026:07:33:58 -0500] "POST /wp-cron.php?doing_wp_cron=1772454838.7457060813903808593750 HTTP/1.1" 200 0 "http://tejoversea.com/wp-cron.php?doing_wp_cron=1772454838.7457060813903808593750" "WordPress/6.0.2; http://tejoversea.com"
43.135.135.57 - - [02/Mar/2026:08:20:29 -0500] "GET / HTTP/1.1" 200 19146 "-" "Mozilla/5.0 (iPhone; CPU iPhone OS 13_2_3 like Mac OS X) AppleWebKit/605.1.15 (KHTML, like Gecko) Version/13.0.3 Mobile/15E148 Safari/604.1"
91.98.176.9 - - [02/Mar/2026:07:26:32 -0500] "GET /wp-content/uploads/2022/10/Tej-Oversea-Logistic-e1664610081961.png HTTP/1.1" 200 14639 "-" "Mozilla/5.0 (Macintosh; Intel Mac OS X 10_15_7) AppleWebKit/537.36 (KHTML, like Gecko) Chrome/131.0.0.0 Safari/537.36"
116.202.240.113 - - [02/Mar/2026:07:26:46 -0500] "GET /wp-content/uploads/2022/10/Tej-Oversea-Logistic-e1664610081961.png HTTP/1.1" 200 14639 "-" "Mozilla/5.0 (Macintosh; Intel Mac OS X 10_15_7) AppleWebKit/537.36 (KHTML, like Gecko) Chrome/131.0.0.0 Safari/537.36"
44.217.177.142 - - [02/Mar/2026:07:33:58 -0500] "GET /?page_id=126 HTTP/1.1" 301 0 "-" "Mozilla/5.0 AppleWebKit/537.36 (KHTML, like Gecko; compatible; Amazonbot/0.1; +https://developer.amazon.com/support/amazonbot) Chrome/119.0.6045.214 Safari/537.36"
98.84.184.80 - - [02/Mar/2026:07:33:59 -0500] "GET /contact-us/ HTTP/1.1" 200 14613 "-" "Mozilla/5.0 AppleWebKit/537.36 (KHTML, like Gecko; compatible; Amazonbot/0.1; +https://developer.amazon.com/support/amazonbot) Chrome/119.0.6045.214 Safari/537.36"
162.213.253.84 - - [02/Mar/2026:07:33:59 -0500] "POST /wp-admin/admin-ajax.php?action=async_litespeed&nonce=1e5eaeec6d&litespeed_type=imgoptm HTTP/1.1" 200 0 "http://tejoversea.com/wp-admin/admin-ajax.php?action=async_litespeed&nonce=1e5eaeec6d&litespeed_type=imgoptm" "WordPress/6.0.2; http://tejoversea.com"
162.213.253.84 - - [02/Mar/2026:09:32:55 -0500] "POST /wp-cron.php?doing_wp_cron=1772461975.8049681186676025390625 HTTP/1.1" 200 0 "http://tejoversea.com/wp-cron.php?doing_wp_cron=1772461975.8049681186676025390625" "WordPress/6.0.2; http://tejoversea.com"
162.213.253.84 - - [02/Mar/2026:09:32:56 -0500] "POST /wp-admin/admin-ajax.php?action=async_litespeed&nonce=1e5eaeec6d&litespeed_type=imgoptm HTTP/1.1" 200 0 "http://tejoversea.com/wp-admin/admin-ajax.php?action=async_litespeed&nonce=1e5eaeec6d&litespeed_type=imgoptm" "WordPress/6.0.2; http://tejoversea.com"
49.51.253.83 - - [02/Mar/2026:09:32:55 -0500] "GET / HTTP/1.1" 301 0 "-" "Mozilla/5.0 (iPhone; CPU iPhone OS 13_2_3 like Mac OS X) AppleWebKit/605.1.15 (KHTML, like Gecko) Version/13.0.3 Mobile/15E148 Safari/604.1"
49.51.253.83 - - [02/Mar/2026:09:32:59 -0500] "GET / HTTP/1.1" 200 19146 "http://www.tejoversea.com" "Mozilla/5.0 (iPhone; CPU iPhone OS 13_2_3 like Mac OS X) AppleWebKit/605.1.15 (KHTML, like Gecko) Version/13.0.3 Mobile/15E148 Safari/604.1"
20.151.217.152 - - [02/Mar/2026:10:17:27 -0500] "GET /wp-content/plugins/hellopress/wp_filemanager.php HTTP/1.1" 404 28751 "-" "-"
162.213.253.84 - - [02/Mar/2026:10:17:28 -0500] "POST /wp-admin/admin-ajax.php?action=async_litespeed&nonce=1e5eaeec6d&litespeed_type=imgoptm HTTP/1.1" 200 0 "http://tejoversea.com/wp-admin/admin-ajax.php?action=async_litespeed&nonce=1e5eaeec6d&litespeed_type=imgoptm" "WordPress/6.0.2; http://tejoversea.com"
20.151.217.152 - - [02/Mar/2026:10:17:33 -0500] "GET /acp.php HTTP/1.1" 404 28710 "-" "-"
20.151.217.152 - - [02/Mar/2026:10:17:36 -0500] "GET /wpo.php HTTP/1.1" 404 28710 "-" "-"
20.151.217.152 - - [02/Mar/2026:10:17:39 -0500] "GET /aq.php HTTP/1.1" 404 28709 "-" "-"
20.151.217.152 - - [02/Mar/2026:10:17:41 -0500] "GET /edit-tags.php HTTP/1.1" 404 28716 "-" "-"
20.151.217.152 - - [02/Mar/2026:10:17:42 -0500] "GET /as1337.php HTTP/1.1" 404 28713 "-" "-"
20.151.217.152 - - [02/Mar/2026:10:17:45 -0500] "GET /wolf-shell.php HTTP/1.1" 404 28717 "-" "-"
162.213.253.84 - - [02/Mar/2026:10:17:28 -0500] "POST /wp-cron.php?doing_wp_cron=1772464648.1284670829772949218750 HTTP/1.1" 200 0 "http://tejoversea.com/wp-cron.php?doing_wp_cron=1772464648.1284670829772949218750" "WordPress/6.0.2; http://tejoversea.com"
20.151.217.152 - - [02/Mar/2026:10:17:29 -0500] "GET /wp-includes/SimplePie/cah.php HTTP/1.1" 404 28732 "-" "-"
20.151.217.152 - - [02/Mar/2026:10:17:30 -0500] "GET /cah.php HTTP/1.1" 404 28710 "-" "-"
20.151.217.152 - - [02/Mar/2026:10:17:31 -0500] "GET /wp-content/plugins/pwnd/acp.php HTTP/1.1" 404 28734 "-" "-"
20.151.217.152 - - [02/Mar/2026:10:17:34 -0500] "GET /muzu.php HTTP/1.1" 404 28711 "-" "-"
20.151.217.152 - - [02/Mar/2026:10:17:35 -0500] "GET /trx24.php HTTP/1.1" 404 28712 "-" "-"
20.151.217.152 - - [02/Mar/2026:10:17:37 -0500] "GET /x123x.php HTTP/1.1" 404 28712 "-" "-"
20.151.217.152 - - [02/Mar/2026:10:17:40 -0500] "GET /011i.php HTTP/1.1" 404 28711 "-" "-"
20.151.217.152 - - [02/Mar/2026:10:17:43 -0500] "GET /Okxob.php HTTP/1.1" 404 28712 "-" "-"
20.151.217.152 - - [02/Mar/2026:10:17:46 -0500] "GET /core.php HTTP/1.1" 404 28711 "-" "-"
20.151.217.152 - - [02/Mar/2026:10:17:47 -0500] "GET /zeal.php HTTP/1.1" 404 28711 "-" "-"
20.151.217.152 - - [02/Mar/2026:10:17:48 -0500] "GET /asf.php HTTP/1.1" 404 28710 "-" "-"
20.151.217.152 - - [02/Mar/2026:10:17:49 -0500] "GET /sa.php HTTP/1.1" 404 28709 "-" "-"
17.22.245.120 - - [02/Mar/2026:10:44:42 -0500] "GET /robots.txt HTTP/1.1" 200 281 "-" "Mozilla/5.0 (Macintosh; Intel Mac OS X 10_15_7) AppleWebKit/605.1.15 (KHTML, like Gecko) Version/17.4 Safari/605.1.15 (Applebot/0.1; +http://www.apple.com/go/applebot)"
17.22.245.120 - - [02/Mar/2026:10:44:42 -0500] "GET /feed/ HTTP/1.1" 200 626 "-" "Mozilla/5.0 (Macintosh; Intel Mac OS X 10_15_7) AppleWebKit/605.1.15 (KHTML, like Gecko) Version/17.4 Safari/605.1.15 (Applebot/0.1; +http://www.apple.com/go/applebot)"
66.249.69.226 - - [02/Mar/2026:10:57:44 -0500] "GET /robots.txt HTTP/1.1" 200 246 "-" "Mozilla/5.0 (compatible; Googlebot/2.1; +http://www.google.com/bot.html)"
66.249.69.225 - - [02/Mar/2026:10:57:47 -0500] "GET /about-us/ HTTP/1.1" 200 13200 "-" "Mozilla/5.0 (Linux; Android 6.0.1; Nexus 5X Build/MMB29P) AppleWebKit/537.36 (KHTML, like Gecko) Chrome/144.0.7559.132 Mobile Safari/537.36 (compatible; Googlebot/2.1; +http://www.google.com/bot.html)"
66.249.69.226 - - [02/Mar/2026:10:58:29 -0500] "GET /wp-content/themes/logistek/assets/css/bootstrap.min.css?ver=6.0.2 HTTP/1.1" 200 19105 "http://tejoversea.com/about-us/" "Mozilla/5.0 (Linux; Android 6.0.1; Nexus 5X Build/MMB29P) AppleWebKit/537.36 (KHTML, like Gecko) Chrome/144.0.7559.132 Mobile Safari/537.36 (compatible; Googlebot/2.1; +http://www.google.com/bot.html)"
66.249.69.226 - - [02/Mar/2026:10:58:32 -0500] "GET /wp-content/themes/logistek/assets/revolution/js/extensions/revolution.extension.slideanims.min.js?ver=6.0.2 HTTP/1.1" 200 6396 "http://tejoversea.com/about-us/" "Mozilla/5.0 (Linux; Android 6.0.1; Nexus 5X Build/MMB29P) AppleWebKit/537.36 (KHTML, like Gecko) Chrome/144.0.7559.132 Mobile Safari/537.36 (compatible; Googlebot/2.1; +http://www.google.com/bot.html)"
66.249.69.225 - - [02/Mar/2026:10:58:33 -0500] "GET /wp-includes/js/dist/vendor/regenerator-runtime.min.js?ver=0.13.9 HTTP/1.1" 200 2354 "http://tejoversea.com/about-us/" "Mozilla/5.0 (Linux; Android 6.0.1; Nexus 5X Build/MMB29P) AppleWebKit/537.36 (KHTML, like Gecko) Chrome/144.0.7559.132 Mobile Safari/537.36 (compatible; Googlebot/2.1; +http://www.google.com/bot.html)"
66.249.69.227 - - [02/Mar/2026:10:58:33 -0500] "GET /wp-includes/js/dist/vendor/wp-polyfill.min.js?ver=3.15.0 HTTP/1.1" 200 6872 "http://tejoversea.com/about-us/" "Mozilla/5.0 (Linux; Android 6.0.1; Nexus 5X Build/MMB29P) AppleWebKit/537.36 (KHTML, like Gecko) Chrome/144.0.7559.132 Mobile Safari/537.36 (compatible; Googlebot/2.1; +http://www.google.com/bot.html)"
66.249.69.225 - - [02/Mar/2026:10:58:34 -0500] "GET /wp-content/themes/logistek/assets/images/preloader.svg HTTP/1.1" 200 546 "http://tejoversea.com/wp-content/themes/logistek/assets/css/style.css?ver=6.0.2" "Mozilla/5.0 (Linux; Android 6.0.1; Nexus 5X Build/MMB29P) AppleWebKit/537.36 (KHTML, like Gecko) Chrome/144.0.7559.132 Mobile Safari/537.36 (compatible; Googlebot/2.1; +http://www.google.com/bot.html)"
162.213.253.84 - - [02/Mar/2026:10:57:45 -0500] "POST /wp-cron.php?doing_wp_cron=1772467065.3956649303436279296875 HTTP/1.1" 200 0 "http://tejoversea.com/wp-cron.php?doing_wp_cron=1772467065.3956649303436279296875" "WordPress/6.0.2; http://tejoversea.com"
66.249.69.227 - - [02/Mar/2026:10:57:44 -0500] "GET /about/ HTTP/1.1" 301 0 "-" "Mozilla/5.0 (Linux; Android 6.0.1; Nexus 5X Build/MMB29P) AppleWebKit/537.36 (KHTML, like Gecko) Chrome/144.0.7559.132 Mobile Safari/537.36 (compatible; Googlebot/2.1; +http://www.google.com/bot.html)"
162.213.253.84 - - [02/Mar/2026:10:57:46 -0500] "POST /wp-admin/admin-ajax.php?action=async_litespeed&nonce=1e5eaeec6d&litespeed_type=imgoptm HTTP/1.1" 200 21 "http://tejoversea.com/wp-admin/admin-ajax.php?action=async_litespeed&nonce=1e5eaeec6d&litespeed_type=imgoptm" "WordPress/6.0.2; http://tejoversea.com"
66.249.69.227 - - [02/Mar/2026:10:58:30 -0500] "GET /wp-content/plugins/elementor/assets/lib/eicons/css/elementor-icons.min.css?ver=5.16.0 HTTP/1.1" 200 3629 "http://tejoversea.com/about-us/" "Mozilla/5.0 (Linux; Android 6.0.1; Nexus 5X Build/MMB29P) AppleWebKit/537.36 (KHTML, like Gecko) Chrome/144.0.7559.132 Mobile Safari/537.36 (compatible; Googlebot/2.1; +http://www.google.com/bot.html)"
66.249.69.227 - - [02/Mar/2026:10:58:30 -0500] "GET /wp-content/themes/logistek/assets/css/animate.css?ver=6.0.2 HTTP/1.1" 200 4452 "http://tejoversea.com/about-us/" "Mozilla/5.0 (Linux; Android 6.0.1; Nexus 5X Build/MMB29P) AppleWebKit/537.36 (KHTML, like Gecko) Chrome/144.0.7559.132 Mobile Safari/537.36 (compatible; Googlebot/2.1; +http://www.google.com/bot.html)"
66.249.69.227 - - [02/Mar/2026:10:58:31 -0500] "GET /wp-content/uploads/elementor/css/global.css?ver=1664536355 HTTP/1.1" 200 2637 "http://tejoversea.com/about-us/" "Mozilla/5.0 (Linux; Android 6.0.1; Nexus 5X Build/MMB29P) AppleWebKit/537.36 (KHTML, like Gecko) Chrome/144.0.7559.132 Mobile Safari/537.36 (compatible; Googlebot/2.1; +http://www.google.com/bot.html)"
66.249.69.227 - - [02/Mar/2026:10:58:31 -0500] "GET /wp-content/plugins/elementor-pro/assets/css/frontend-lite.min.css?ver=3.7.7 HTTP/1.1" 200 1533 "http://tejoversea.com/about-us/" "Mozilla/5.0 (Linux; Android 6.0.1; Nexus 5X Build/MMB29P) AppleWebKit/537.36 (KHTML, like Gecko) Chrome/144.0.7559.132 Mobile Safari/537.36 (compatible; Googlebot/2.1; +http://www.google.com/bot.html)"
66.249.69.226 - - [02/Mar/2026:10:58:32 -0500] "GET /wp-content/plugins/elementor/assets/js/frontend-modules.min.js?ver=3.7.7 HTTP/1.1" 200 10420 "http://tejoversea.com/about-us/" "Mozilla/5.0 (Linux; Android 6.0.1; Nexus 5X Build/MMB29P) AppleWebKit/537.36 (KHTML, like Gecko) Chrome/144.0.7559.132 Mobile Safari/537.36 (compatible; Googlebot/2.1; +http://www.google.com/bot.html)"
195.2.79.165 - - [02/Mar/2026:12:25:53 -0500] "GET /contact-us/ HTTP/1.0" 200 59469 "http://tejoversea.com/contact-us/" "Mozilla/5.0 (Windows NT 10.0; Win64; x64) AppleWebKit/537.36 (KHTML, like Gecko) Chrome/129.0.0.0 Safari/537.36"
162.213.253.84 - - [02/Mar/2026:12:25:55 -0500] "POST /wp-cron.php?doing_wp_cron=1772472355.0762650966644287109375 HTTP/1.1" 200 0 "http://tejoversea.com/wp-cron.php?doing_wp_cron=1772472355.0762650966644287109375" "WordPress/6.0.2; http://tejoversea.com"
195.2.79.165 - - [02/Mar/2026:12:25:54 -0500] "POST /wp-json/contact-form-7/v1/contact-forms/342/feedback HTTP/1.0" 200 205 "http://tejoversea.com/contact-us/" "Mozilla/5.0 (Windows NT 10.0; Win64; x64) AppleWebKit/537.36 (KHTML, like Gecko) Chrome/129.0.0.0 Safari/537.36"
162.213.253.84 - - [02/Mar/2026:12:31:54 -0500] "POST /wp-cron.php?doing_wp_cron=1772472714.7233281135559082031250 HTTP/1.1" 200 0 "http://tejoversea.com/wp-cron.php?doing_wp_cron=1772472714.7233281135559082031250" "WordPress/6.0.2; http://tejoversea.com"
47.82.15.182 - - [02/Mar/2026:12:31:53 -0500] "GET /about/ HTTP/1.1" 301 0 "-" "Mozilla/5.0 (Windows NT 10.0; Win64; x64) AppleWebKit/537.36 (KHTML, like Gecko) Chrome/139.0.0.0 Safari/537.36"
47.82.15.182 - - [02/Mar/2026:12:31:56 -0500] "GET /about-us/ HTTP/1.1" 200 15001 "http://tejoversea.com/about/" "Mozilla/5.0 (Windows NT 10.0; Win64; x64) AppleWebKit/537.36 (KHTML, like Gecko) Chrome/139.0.0.0 Safari/537.36"
162.213.253.84 - - [02/Mar/2026:12:25:55 -0500] "POST /wp-admin/admin-ajax.php?action=async_litespeed&nonce=1e5eaeec6d&litespeed_type=imgoptm HTTP/1.1" 200 0 "http://tejoversea.com/wp-admin/admin-ajax.php?action=async_litespeed&nonce=1e5eaeec6d&litespeed_type=imgoptm" "WordPress/6.0.2; http://tejoversea.com"
162.213.253.84 - - [02/Mar/2026:12:31:55 -0500] "POST /wp-admin/admin-ajax.php?action=async_litespeed&nonce=1e5eaeec6d&litespeed_type=imgoptm HTTP/1.1" 200 0 "http://tejoversea.com/wp-admin/admin-ajax.php?action=async_litespeed&nonce=1e5eaeec6d&litespeed_type=imgoptm" "WordPress/6.0.2; http://tejoversea.com"
162.213.253.84 - - [02/Mar/2026:13:05:00 -0500] "POST /wp-cron.php?doing_wp_cron=1772474700.8185560703277587890625 HTTP/1.1" 200 0 "http://tejoversea.com/wp-cron.php?doing_wp_cron=1772474700.8185560703277587890625" "WordPress/6.0.2; http://tejoversea.com"
156.146.56.231 - - [02/Mar/2026:13:05:00 -0500] "GET /wp-json/wp/v2/posts HTTP/1.1" 200 2 "-" "Mozilla/5.0 (Windows NT 10.0; Win64; x64) AppleWebKit/537.36 (KHTML, like Gecko) Chrome/120.0.0.0 Safari/537.36"
162.213.253.84 - - [02/Mar/2026:13:05:01 -0500] "POST /wp-admin/admin-ajax.php?action=async_litespeed&nonce=1e5eaeec6d&litespeed_type=imgoptm HTTP/1.1" 200 0 "http://tejoversea.com/wp-admin/admin-ajax.php?action=async_litespeed&nonce=1e5eaeec6d&litespeed_type=imgoptm" "WordPress/6.0.2; http://tejoversea.com"
120.238.159.250 - - [02/Mar/2026:13:57:34 -0500] "GET /wp-json/wp/v2/posts HTTP/1.1" 200 2 "-" "Mozilla/5.0 (Windows NT 10.0; Win64; x64) AppleWebKit/537.36 (KHTML, like Gecko) Chrome/120.0.0.0 Safari/537.36"
100.30.5.6 - - [02/Mar/2026:14:08:51 -0500] "GET /robots.txt HTTP/1.1" 200 281 "-" "Mozilla/5.0 (Macintosh; Intel Mac OS X 10_10_1) AppleWebKit/600.2.5 (KHTML, like Gecko) Version/8.0.2 Safari/600.2.5 (Gort)"
136.107.99.42 - - [02/Mar/2026:14:38:56 -0500] "HEAD /wordpress/ HTTP/1.1" 404 0 "-" "Mozilla/5.0 (iPhone; CPU iPhone OS 17_5 like Mac OS X) AppleWebKit/605.1.15 (KHTML, like Gecko) Version/17.5 Mobile/15E148 Safari/604.1"
162.213.253.84 - - [02/Mar/2026:14:38:57 -0500] "POST /wp-admin/admin-ajax.php?action=async_litespeed&nonce=1e5eaeec6d&litespeed_type=imgoptm HTTP/1.1" 200 21 "http://tejoversea.com/wp-admin/admin-ajax.php?action=async_litespeed&nonce=1e5eaeec6d&litespeed_type=imgoptm" "WordPress/6.0.2; http://tejoversea.com"
136.107.99.42 - - [02/Mar/2026:14:38:58 -0500] "HEAD /wp/ HTTP/1.1" 404 0 "-" "Mozilla/5.0 (Linux; Android 13; Pixel 7a) AppleWebKit/537.36 (KHTML, like Gecko) Chrome/124.0.6367.82 Mobile Safari/537.36"
136.107.99.42 - - [02/Mar/2026:14:38:59 -0500] "HEAD / HTTP/1.1" 200 0 "-" "Mozilla/5.0 (Windows NT 11.0; Win64; x64) AppleWebKit/537.36 (KHTML, like Gecko) Edg/128.0.2790.25 Chrome/128.0.6540.22 Safari/537.36"
136.107.99.42 - - [02/Mar/2026:14:39:00 -0500] "HEAD /blog/ HTTP/1.1" 404 0 "-" "Mozilla/5.0 (iPhone; CPU iPhone OS 17_5 like Mac OS X) AppleWebKit/605.1.15 (KHTML, like Gecko) Version/17.5 Mobile/15E148 Safari/604.1"
162.213.253.84 - - [02/Mar/2026:14:38:57 -0500] "POST /wp-cron.php?doing_wp_cron=1772480337.2957689762115478515625 HTTP/1.1" 200 0 "http://tejoversea.com/wp-cron.php?doing_wp_cron=1772480337.2957689762115478515625" "WordPress/6.0.2; http://tejoversea.com"
136.107.99.42 - - [02/Mar/2026:14:38:58 -0500] "HEAD /backup/ HTTP/1.1" 404 0 "-" "Mozilla/5.0 (Windows NT 10.0; Win64; x64) AppleWebKit/537.36 (KHTML, like Gecko) Chrome/127.0.6534.42 Safari/537.36"
136.107.99.42 - - [02/Mar/2026:14:38:59 -0500] "HEAD /old/ HTTP/1.1" 404 0 "-" "Mozilla/5.0 (Windows NT 10.0; Win64; x64) AppleWebKit/537.36 (KHTML, like Gecko) Chrome/127.0.6534.42 Safari/537.36"
136.107.99.42 - - [02/Mar/2026:14:39:00 -0500] "HEAD /new/ HTTP/1.1" 404 0 "-" "Mozilla/5.0 (Macintosh; Intel Mac OS X 14_5) AppleWebKit/605.1.15 (KHTML, like Gecko) Version/17.5 Safari/605.1.15"
129.226.213.145 - - [02/Mar/2026:14:59:01 -0500] "GET / HTTP/1.1" 200 19146 "-" "Mozilla/5.0 (iPhone; CPU iPhone OS 13_2_3 like Mac OS X) AppleWebKit/605.1.15 (KHTML, like Gecko) Version/13.0.3 Mobile/15E148 Safari/604.1"
20.104.206.150 - - [02/Mar/2026:15:08:20 -0500] "GET /ba.php HTTP/1.1" 404 28709 "-" "-"
95.85.252.153 - - [02/Mar/2026:15:11:29 -0500] "GET /wp-json/wp/v2/posts HTTP/1.1" 200 2 "-" "Mozilla/5.0 (Windows NT 10.0; Win64; x64) AppleWebKit/537.36 (KHTML, like Gecko) Chrome/120.0.0.0 Safari/537.36"
162.213.253.84 - - [02/Mar/2026:15:08:18 -0500] "POST /wp-cron.php?doing_wp_cron=1772482098.0549969673156738281250 HTTP/1.1" 200 0 "http://tejoversea.com/wp-cron.php?doing_wp_cron=1772482098.0549969673156738281250" "WordPress/6.0.2; http://tejoversea.com"
20.104.206.150 - - [02/Mar/2026:15:08:17 -0500] "GET /wp-content/plugins/hellopress/wp_filemanager.php HTTP/1.1" 404 28751 "-" "-"
162.213.253.84 - - [02/Mar/2026:15:08:18 -0500] "POST /wp-admin/admin-ajax.php?action=async_litespeed&nonce=1e5eaeec6d&litespeed_type=imgoptm HTTP/1.1" 200 0 "http://tejoversea.com/wp-admin/admin-ajax.php?action=async_litespeed&nonce=1e5eaeec6d&litespeed_type=imgoptm" "WordPress/6.0.2; http://tejoversea.com"
20.104.206.150 - - [02/Mar/2026:15:08:19 -0500] "GET /config.php HTTP/1.1" 404 28713 "-" "-"
20.104.206.150 - - [02/Mar/2026:15:08:20 -0500] "GET /wp-configss.php HTTP/1.1" 404 28718 "-" "-"
20.104.206.150 - - [02/Mar/2026:15:08:21 -0500] "GET /wp-mail.php HTTP/1.1" 403 2591 "-" "-"
20.104.206.150 - - [02/Mar/2026:15:08:22 -0500] "GET /wp-mails.php HTTP/1.1" 404 28715 "-" "-"
20.104.206.150 - - [02/Mar/2026:15:08:22 -0500] "GET /222.php HTTP/1.1" 404 28710 "-" "-"
20.104.206.150 - - [02/Mar/2026:15:08:23 -0500] "GET /t00l.php HTTP/1.1" 404 28711 "-" "-"
43.140.247.223 - - [02/Mar/2026:16:12:01 -0500] "GET / HTTP/1.1" 200 19146 "-" "Mozilla/5.0 (iPhone; CPU iPhone OS 13_2_3 like Mac OS X) AppleWebKit/605.1.15 (KHTML, like Gecko) Version/13.0.3 Mobile/15E148 Safari/604.1"
162.213.253.84 - - [02/Mar/2026:16:14:07 -0500] "POST /wp-admin/admin-ajax.php?action=async_litespeed&nonce=1e5eaeec6d&litespeed_type=imgoptm HTTP/1.1" 200 0 "http://tejoversea.com/wp-admin/admin-ajax.php?action=async_litespeed&nonce=1e5eaeec6d&litespeed_type=imgoptm" "WordPress/6.0.2; http://tejoversea.com"
43.157.153.236 - - [02/Mar/2026:16:14:09 -0500] "GET / HTTP/1.1" 200 19146 "http://www.tejoversea.com" "Mozilla/5.0 (iPhone; CPU iPhone OS 13_2_3 like Mac OS X) AppleWebKit/605.1.15 (KHTML, like Gecko) Version/13.0.3 Mobile/15E148 Safari/604.1"
162.213.253.84 - - [02/Mar/2026:16:14:07 -0500] "POST /wp-cron.php?doing_wp_cron=1772486047.3160719871520996093750 HTTP/1.1" 200 0 "http://tejoversea.com/wp-cron.php?doing_wp_cron=1772486047.3160719871520996093750" "WordPress/6.0.2; http://tejoversea.com"
43.157.153.236 - - [02/Mar/2026:16:14:06 -0500] "GET / HTTP/1.1" 301 0 "-" "Mozilla/5.0 (iPhone; CPU iPhone OS 13_2_3 like Mac OS X) AppleWebKit/605.1.15 (KHTML, like Gecko) Version/13.0.3 Mobile/15E148 Safari/604.1"
146.103.114.94 - - [02/Mar/2026:17:36:33 -0500] "GET /contact-us/ HTTP/1.0" 200 59469 "http://tejoversea.com/contact-us/" "Mozilla/5.0 (Windows NT 10.0; Win64; x64) AppleWebKit/537.36 (KHTML, like Gecko) Chrome/130.0.0.0 Safari/537.36 CCleaner/130.0.0.0"
162.213.253.84 - - [02/Mar/2026:17:36:35 -0500] "POST /wp-cron.php?doing_wp_cron=1772490995.8849689960479736328125 HTTP/1.1" 200 0 "http://tejoversea.com/wp-cron.php?doing_wp_cron=1772490995.8849689960479736328125" "WordPress/6.0.2; http://tejoversea.com"
146.103.114.94 - - [02/Mar/2026:17:36:34 -0500] "POST /wp-json/contact-form-7/v1/contact-forms/342/feedback HTTP/1.0" 200 205 "http://tejoversea.com/contact-us/" "Mozilla/5.0 (Windows NT 10.0; Win64; x64) AppleWebKit/537.36 (KHTML, like Gecko) Chrome/130.0.0.0 Safari/537.36 CCleaner/130.0.0.0"
162.213.253.84 - - [02/Mar/2026:17:36:37 -0500] "POST /wp-admin/admin-ajax.php?action=async_litespeed&nonce=1e5eaeec6d&litespeed_type=imgoptm HTTP/1.1" 200 0 "http://tejoversea.com/wp-admin/admin-ajax.php?action=async_litespeed&nonce=1e5eaeec6d&litespeed_type=imgoptm" "WordPress/6.0.2; http://tejoversea.com"
162.213.253.84 - - [02/Mar/2026:17:43:10 -0500] "POST /wp-cron.php?doing_wp_cron=1772491390.1453979015350341796875 HTTP/1.1" 200 0 "http://tejoversea.com/wp-cron.php?doing_wp_cron=1772491390.1453979015350341796875" "WordPress/6.0.2; http://tejoversea.com"
165.245.186.120 - - [02/Mar/2026:17:43:07 -0500] "GET /sftp-config.json HTTP/1.1" 404 7613 "-" "Mozilla/5.0 (Macintosh; Intel Mac OS X 10.15; rv:77.0) Gecko/20100101 Firefox/77.0"
165.245.186.120 - - [02/Mar/2026:17:43:16 -0500] "GET /.vscode/ftp-config.json HTTP/1.1" 404 7619 "-" "Mozilla/5.0 (Macintosh; Intel Mac OS X 10.15; rv:77.0) Gecko/20100101 Firefox/77.0"
162.213.253.84 - - [02/Mar/2026:17:43:19 -0500] "POST /wp-admin/admin-ajax.php?action=async_litespeed&nonce=1e5eaeec6d&litespeed_type=imgoptm HTTP/1.1" 200 0 "http://tejoversea.com/wp-admin/admin-ajax.php?action=async_litespeed&nonce=1e5eaeec6d&litespeed_type=imgoptm" "WordPress/6.0.2; http://tejoversea.com"
165.245.186.120 - - [02/Mar/2026:17:43:26 -0500] "GET /ftp-sync.json HTTP/1.1" 404 7612 "-" "Mozilla/5.0 (Macintosh; Intel Mac OS X 10.15; rv:77.0) Gecko/20100101 Firefox/77.0"
165.245.186.120 - - [02/Mar/2026:17:43:29 -0500] "GET /ftp-config.json HTTP/1.1" 404 7613 "-" "Mozilla/5.0 (Macintosh; Intel Mac OS X 10.15; rv:77.0) Gecko/20100101 Firefox/77.0"
162.213.253.84 - - [02/Mar/2026:17:43:11 -0500] "POST /wp-admin/admin-ajax.php?action=async_litespeed&nonce=1e5eaeec6d&litespeed_type=imgoptm HTTP/1.1" 200 0 "http://tejoversea.com/wp-admin/admin-ajax.php?action=async_litespeed&nonce=1e5eaeec6d&litespeed_type=imgoptm" "WordPress/6.0.2; http://tejoversea.com"
165.245.186.120 - - [02/Mar/2026:17:43:12 -0500] "GET /.vscode/sftp.json HTTP/1.1" 404 7615 "-" "Mozilla/5.0 (Macintosh; Intel Mac OS X 10.15; rv:77.0) Gecko/20100101 Firefox/77.0"
162.213.253.84 - - [02/Mar/2026:17:43:18 -0500] "POST /wp-cron.php?doing_wp_cron=1772491398.2368869781494140625000 HTTP/1.1" 200 0 "http://tejoversea.com/wp-cron.php?doing_wp_cron=1772491398.2368869781494140625000" "WordPress/6.0.2; http://tejoversea.com"
165.245.186.120 - - [02/Mar/2026:17:43:19 -0500] "GET /.vscode/ftp-sync.json HTTP/1.1" 404 7611 "-" "Mozilla/5.0 (Macintosh; Intel Mac OS X 10.15; rv:77.0) Gecko/20100101 Firefox/77.0"
165.245.186.120 - - [02/Mar/2026:17:43:24 -0500] "GET /.sftp-config.json HTTP/1.1" 404 7614 "-" "Mozilla/5.0 (Macintosh; Intel Mac OS X 10.15; rv:77.0) Gecko/20100101 Firefox/77.0"
165.245.186.120 - - [02/Mar/2026:17:43:27 -0500] "GET /.ftp-sync.json HTTP/1.1" 404 7613 "-" "Mozilla/5.0 (Macintosh; Intel Mac OS X 10.15; rv:77.0) Gecko/20100101 Firefox/77.0"
165.245.186.120 - - [02/Mar/2026:17:43:31 -0500] "GET /.ftp-config.json HTTP/1.1" 404 7613 "-" "Mozilla/5.0 (Macintosh; Intel Mac OS X 10.15; rv:77.0) Gecko/20100101 Firefox/77.0"
162.213.253.84 - - [02/Mar/2026:18:38:07 -0500] "POST /wp-cron.php?doing_wp_cron=1772494687.6554698944091796875000 HTTP/1.1" 200 0 "http://tejoversea.com/wp-cron.php?doing_wp_cron=1772494687.6554698944091796875000" "WordPress/6.0.2; http://tejoversea.com"
117.132.188.205 - - [02/Mar/2026:18:38:07 -0500] "GET /about/ HTTP/1.1" 301 0 "-" "Mozilla/5.0 (Windows NT 10.0; Win64; x64) AppleWebKit/537.36 (KHTML, like Gecko) Chrome/107.0.0.0 Safari/537.36"
117.132.188.205 - - [02/Mar/2026:18:38:09 -0500] "GET /?page_id=91 HTTP/1.1" 301 0 "-" "Mozilla/5.0 (Windows NT 10.0; Win64; x64) AppleWebKit/537.36 (KHTML, like Gecko) Chrome/107.0.0.0 Safari/537.36"
117.132.188.205 - - [02/Mar/2026:18:38:10 -0500] "GET /our-services/ HTTP/1.1" 200 14723 "-" "Mozilla/5.0 (Windows NT 10.0; Win64; x64) AppleWebKit/537.36 (KHTML, like Gecko) Chrome/107.0.0.0 Safari/537.36"
162.213.253.84 - - [02/Mar/2026:18:38:11 -0500] "POST /wp-cron.php?doing_wp_cron=1772494691.1576259136199951171875 HTTP/1.1" 200 0 "http://tejoversea.com/wp-cron.php?doing_wp_cron=1772494691.1576259136199951171875" "WordPress/6.0.2; http://tejoversea.com"
117.132.188.205 - - [02/Mar/2026:18:38:15 -0500] "GET /contact-us/ HTTP/1.1" 200 14613 "-" "Mozilla/5.0 (Windows NT 10.0; Win64; x64) AppleWebKit/537.36 (KHTML, like Gecko) Chrome/107.0.0.0 Safari/537.36"
117.132.188.205 - - [02/Mar/2026:18:38:15 -0500] "GET /gallery/ HTTP/1.1" 200 14522 "-" "Mozilla/5.0 (Windows NT 10.0; Win64; x64) AppleWebKit/537.36 (KHTML, like Gecko) Chrome/107.0.0.0 Safari/537.36"
117.132.188.205 - - [02/Mar/2026:18:38:16 -0500] "GET /track-order/ HTTP/1.1" 200 14078 "-" "Mozilla/5.0 (Windows NT 10.0; Win64; x64) AppleWebKit/537.36 (KHTML, like Gecko) Chrome/107.0.0.0 Safari/537.36"
117.132.188.205 - - [02/Mar/2026:18:38:16 -0500] "GET /service/bike-scooty-shifting/ HTTP/1.1" 200 12195 "-" "Mozilla/5.0 (Windows NT 10.0; Win64; x64) AppleWebKit/537.36 (KHTML, like Gecko) Chrome/107.0.0.0 Safari/537.36"
117.132.188.205 - - [02/Mar/2026:18:38:18 -0500] "GET /service/warehousing/ HTTP/1.1" 200 12077 "-" "Mozilla/5.0 (Windows NT 10.0; Win64; x64) AppleWebKit/537.36 (KHTML, like Gecko) Chrome/107.0.0.0 Safari/537.36"
117.132.188.205 - - [02/Mar/2026:18:38:18 -0500] "GET /service/car-shifting/ HTTP/1.1" 200 12711 "-" "Mozilla/5.0 (Windows NT 10.0; Win64; x64) AppleWebKit/537.36 (KHTML, like Gecko) Chrome/107.0.0.0 Safari/537.36"
117.132.188.205 - - [02/Mar/2026:18:38:19 -0500] "GET /service/home-moving/ HTTP/1.1" 200 12786 "-" "Mozilla/5.0 (Windows NT 10.0; Win64; x64) AppleWebKit/537.36 (KHTML, like Gecko) Chrome/107.0.0.0 Safari/537.36"
117.132.188.205 - - [02/Mar/2026:18:38:19 -0500] "GET /our-services/ HTTP/1.1" 200 14723 "-" "Mozilla/5.0 (Windows NT 10.0; Win64; x64) AppleWebKit/537.36 (KHTML, like Gecko) Chrome/107.0.0.0 Safari/537.36"
117.132.188.205 - - [02/Mar/2026:18:38:21 -0500] "GET / HTTP/1.1" 200 19139 "-" "Mozilla/5.0 (Windows NT 10.0; Win64; x64) AppleWebKit/537.36 (KHTML, like Gecko) Chrome/107.0.0.0 Safari/537.36"
117.132.188.205 - - [02/Mar/2026:18:38:22 -0500] "GET /wp-content/uploads/2022/10/logo-white-e1664945180549.png HTTP/1.1" 200 17044 "-" "Mozilla/5.0 (Windows NT 10.0; Win64; x64) AppleWebKit/537.36 (KHTML, like Gecko) Chrome/107.0.0.0 Safari/537.36"
117.132.188.205 - - [02/Mar/2026:18:38:23 -0500] "GET /wp-content/uploads/2022/10/Car-Shifting-In-Delhi.jpg HTTP/1.1" 200 32104 "-" "Mozilla/5.0 (Windows NT 10.0; Win64; x64) AppleWebKit/537.36 (KHTML, like Gecko) Chrome/107.0.0.0 Safari/537.36"
117.132.188.205 - - [02/Mar/2026:18:38:23 -0500] "GET /wp-content/uploads/2022/10/moving-insurance.jpg HTTP/1.1" 200 39672 "-" "Mozilla/5.0 (Windows NT 10.0; Win64; x64) AppleWebKit/537.36 (KHTML, like Gecko) Chrome/107.0.0.0 Safari/537.36"
117.132.188.205 - - [02/Mar/2026:18:38:25 -0500] "GET /wp-content/uploads/2022/10/packing-500x500-1.png HTTP/1.1" 200 265748 "-" "Mozilla/5.0 (Windows NT 10.0; Win64; x64) AppleWebKit/537.36 (KHTML, like Gecko) Chrome/107.0.0.0 Safari/537.36"
117.132.188.205 - - [02/Mar/2026:18:38:06 -0500] "GET / HTTP/1.1" 200 19139 "-" "Mozilla/5.0 (Windows NT 10.0; Win64; x64) AppleWebKit/537.36 (KHTML, like Gecko) Chrome/107.0.0.0 Safari/537.36"
117.132.188.205 - - [02/Mar/2026:18:38:08 -0500] "GET /about-us/ HTTP/1.1" 200 14994 "-" "Mozilla/5.0 (Windows NT 10.0; Win64; x64) AppleWebKit/537.36 (KHTML, like Gecko) Chrome/107.0.0.0 Safari/537.36"
162.213.253.84 - - [02/Mar/2026:18:38:08 -0500] "POST /wp-admin/admin-ajax.php?action=async_litespeed&nonce=1e5eaeec6d&litespeed_type=imgoptm HTTP/1.1" 200 0 "http://tejoversea.com/wp-admin/admin-ajax.php?action=async_litespeed&nonce=1e5eaeec6d&litespeed_type=imgoptm" "WordPress/6.0.2; http://tejoversea.com"
117.132.188.205 - - [02/Mar/2026:18:38:10 -0500] "GET /?page_id=107 HTTP/1.1" 404 7604 "-" "Mozilla/5.0 (Windows NT 10.0; Win64; x64) AppleWebKit/537.36 (KHTML, like Gecko) Chrome/107.0.0.0 Safari/537.36"
117.132.188.205 - - [02/Mar/2026:18:38:12 -0500] "GET /?page_id=120 HTTP/1.1" 301 0 "-" "Mozilla/5.0 (Windows NT 10.0; Win64; x64) AppleWebKit/537.36 (KHTML, like Gecko) Chrome/107.0.0.0 Safari/537.36"
117.132.188.205 - - [02/Mar/2026:18:38:13 -0500] "GET /about-us/ HTTP/1.1" 200 14994 "-" "Mozilla/5.0 (Windows NT 10.0; Win64; x64) AppleWebKit/537.36 (KHTML, like Gecko) Chrome/107.0.0.0 Safari/537.36"
117.132.188.205 - - [02/Mar/2026:18:38:13 -0500] "GET /?page_id=126 HTTP/1.1" 301 0 "-" "Mozilla/5.0 (Windows NT 10.0; Win64; x64) AppleWebKit/537.36 (KHTML, like Gecko) Chrome/107.0.0.0 Safari/537.36"
117.132.188.205 - - [02/Mar/2026:18:38:14 -0500] "GET /contact-us/ HTTP/1.1" 200 14613 "-" "Mozilla/5.0 (Windows NT 10.0; Win64; x64) AppleWebKit/537.36 (KHTML, like Gecko) Chrome/107.0.0.0 Safari/537.36"
117.132.188.205 - - [02/Mar/2026:18:38:17 -0500] "GET /service/office-moving-shifting/ HTTP/1.1" 200 12568 "-" "Mozilla/5.0 (Windows NT 10.0; Win64; x64) AppleWebKit/537.36 (KHTML, like Gecko) Chrome/107.0.0.0 Safari/537.36"
117.132.188.205 - - [02/Mar/2026:18:38:17 -0500] "GET /service/packing/ HTTP/1.1" 200 12285 "-" "Mozilla/5.0 (Windows NT 10.0; Win64; x64) AppleWebKit/537.36 (KHTML, like Gecko) Chrome/107.0.0.0 Safari/537.36"
117.132.188.205 - - [02/Mar/2026:18:38:18 -0500] "GET /service/insurance/ HTTP/1.1" 200 12098 "-" "Mozilla/5.0 (Windows NT 10.0; Win64; x64) AppleWebKit/537.36 (KHTML, like Gecko) Chrome/107.0.0.0 Safari/537.36"
117.132.188.205 - - [02/Mar/2026:18:38:20 -0500] "GET /about-us/ HTTP/1.1" 200 14994 "-" "Mozilla/5.0 (Windows NT 10.0; Win64; x64) AppleWebKit/537.36 (KHTML, like Gecko) Chrome/107.0.0.0 Safari/537.36"
117.132.188.205 - - [02/Mar/2026:18:38:21 -0500] "GET / HTTP/1.1" 200 19139 "-" "Mozilla/5.0 (Windows NT 10.0; Win64; x64) AppleWebKit/537.36 (KHTML, like Gecko) Chrome/107.0.0.0 Safari/537.36"
117.132.188.205 - - [02/Mar/2026:18:38:22 -0500] "GET /wp-content/uploads/2022/10/de74a5d38e411a15531c2cff8e720bcd-1.jpg HTTP/1.1" 200 18904 "-" "Mozilla/5.0 (Windows NT 10.0; Win64; x64) AppleWebKit/537.36 (KHTML, like Gecko) Chrome/107.0.0.0 Safari/537.36"
117.132.188.205 - - [02/Mar/2026:18:38:24 -0500] "GET /wp-content/uploads/2022/10/17.jpg HTTP/1.1" 200 45622 "-" "Mozilla/5.0 (Windows NT 10.0; Win64; x64) AppleWebKit/537.36 (KHTML, like Gecko) Chrome/107.0.0.0 Safari/537.36"
117.132.188.205 - - [02/Mar/2026:18:38:31 -0500] "GET /wp-content/uploads/2022/10/Office-shifting.webp HTTP/1.1" 200 209592 "-" "Mozilla/5.0 (Windows NT 10.0; Win64; x64) AppleWebKit/537.36 (KHTML, like Gecko) Chrome/107.0.0.0 Safari/537.36"
117.132.188.205 - - [02/Mar/2026:18:38:38 -0500] "GET /wp-content/uploads/2022/09/packing-cargo-1.png.webp HTTP/1.1" 200 82546 "-" "Mozilla/5.0 (Windows NT 10.0; Win64; x64) AppleWebKit/537.36 (KHTML, like Gecko) Chrome/107.0.0.0 Safari/537.36"
117.132.188.205 - - [02/Mar/2026:18:38:44 -0500] "GET /wp-content/themes/logistek/assets/img/side-panel/3.jpg HTTP/1.1" 404 7619 "-" "Mozilla/5.0 (Windows NT 10.0; Win64; x64) AppleWebKit/537.36 (KHTML, like Gecko) Chrome/107.0.0.0 Safari/537.36"
117.132.188.205 - - [02/Mar/2026:18:38:36 -0500] "GET /wp-content/uploads/2022/10/post-img-2.jpg HTTP/1.1" 200 114245 "-" "Mozilla/5.0 (Windows NT 10.0; Win64; x64) AppleWebKit/537.36 (KHTML, like Gecko) Chrome/107.0.0.0 Safari/537.36"
162.213.253.84 - - [02/Mar/2026:18:38:40 -0500] "POST /wp-cron.php?doing_wp_cron=1772494720.7675170898437500000000 HTTP/1.1" 200 0 "http://tejoversea.com/wp-cron.php?doing_wp_cron=1772494720.7675170898437500000000" "WordPress/6.0.2; http://tejoversea.com"
117.132.188.205 - - [02/Mar/2026:18:38:40 -0500] "GET /wp-content/themes/logistek/assets/img/side-panel/6.jpg HTTP/1.1" 404 7619 "-" "Mozilla/5.0 (Windows NT 10.0; Win64; x64) AppleWebKit/537.36 (KHTML, like Gecko) Chrome/107.0.0.0 Safari/537.36"
162.213.253.84 - - [02/Mar/2026:18:38:41 -0500] "POST /wp-admin/admin-ajax.php?action=async_litespeed&nonce=1e5eaeec6d&litespeed_type=imgoptm HTTP/1.1" 200 0 "http://tejoversea.com/wp-admin/admin-ajax.php?action=async_litespeed&nonce=1e5eaeec6d&litespeed_type=imgoptm" "WordPress/6.0.2; http://tejoversea.com"
117.132.188.205 - - [02/Mar/2026:18:38:42 -0500] "GET /wp-content/themes/logistek/assets/img/side-panel/5.jpg HTTP/1.1" 404 7619 "-" "Mozilla/5.0 (Windows NT 10.0; Win64; x64) AppleWebKit/537.36 (KHTML, like Gecko) Chrome/107.0.0.0 Safari/537.36"
117.132.188.205 - - [02/Mar/2026:18:38:43 -0500] "GET /wp-content/themes/logistek/assets/img/side-panel/4.jpg HTTP/1.1" 404 7612 "-" "Mozilla/5.0 (Windows NT 10.0; Win64; x64) AppleWebKit/537.36 (KHTML, like Gecko) Chrome/107.0.0.0 Safari/537.36"
117.132.188.205 - - [02/Mar/2026:18:38:49 -0500] "GET /wp-content/themes/logistek/assets/js/jquery.scrollUp.min.js?ver=6.0.2 HTTP/1.1" 200 962 "-" "Mozilla/5.0 (Windows NT 10.0; Win64; x64) AppleWebKit/537.36 (KHTML, like Gecko) Chrome/107.0.0.0 Safari/537.36"
117.132.188.205 - - [02/Mar/2026:18:38:50 -0500] "GET /wp-content/themes/logistek/assets/revolution/js/extensions/revolution.extension.parallax.min.js?ver=6.0.2 HTTP/1.1" 200 3367 "-" "Mozilla/5.0 (Windows NT 10.0; Win64; x64) AppleWebKit/537.36 (KHTML, like Gecko) Chrome/107.0.0.0 Safari/537.36"
117.132.188.205 - - [02/Mar/2026:18:38:50 -0500] "GET /wp-content/themes/logistek/assets/revolution/js/extensions/revolution.extension.migration.min.js?ver=6.0.2 HTTP/1.1" 200 1867 "-" "Mozilla/5.0 (Windows NT 10.0; Win64; x64) AppleWebKit/537.36 (KHTML, like Gecko) Chrome/107.0.0.0 Safari/537.36"
117.132.188.205 - - [02/Mar/2026:18:38:51 -0500] "GET /wp-content/themes/logistek/assets/revolution/js/extensions/revolution.extension.layeranimation.min.js?ver=6.0.2 HTTP/1.1" 200 14732 "-" "Mozilla/5.0 (Windows NT 10.0; Win64; x64) AppleWebKit/537.36 (KHTML, like Gecko) Chrome/107.0.0.0 Safari/537.36"
117.132.188.205 - - [02/Mar/2026:18:38:51 -0500] "GET /wp-content/themes/logistek/assets/revolution/js/extensions/revolution.extension.kenburn.min.js?ver=6.0.2 HTTP/1.1" 200 1476 "-" "Mozilla/5.0 (Windows NT 10.0; Win64; x64) AppleWebKit/537.36 (KHTML, like Gecko) Chrome/107.0.0.0 Safari/537.36"
117.132.188.205 - - [02/Mar/2026:18:38:51 -0500] "GET /wp-content/themes/logistek/assets/revolution/js/extensions/revolution.extension.carousel.min.js?ver=6.0.2 HTTP/1.1" 200 2769 "-" "Mozilla/5.0 (Windows NT 10.0; Win64; x64) AppleWebKit/537.36 (KHTML, like Gecko) Chrome/107.0.0.0 Safari/537.36"
117.132.188.205 - - [02/Mar/2026:18:38:52 -0500] "GET /wp-content/themes/logistek/assets/revolution/js/extensions/revolution.extension.actions.min.js?ver=6.0.2 HTTP/1.1" 200 2921 "-" "Mozilla/5.0 (Windows NT 10.0; Win64; x64) AppleWebKit/537.36 (KHTML, like Gecko) Chrome/107.0.0.0 Safari/537.36"
117.132.188.205 - - [02/Mar/2026:18:38:52 -0500] "GET /wp-content/themes/logistek/assets/revolution/js/slider_v1.js?ver=6.0.2 HTTP/1.1" 200 1103 "-" "Mozilla/5.0 (Windows NT 10.0; Win64; x64) AppleWebKit/537.36 (KHTML, like Gecko) Chrome/107.0.0.0 Safari/537.36"
117.132.188.205 - - [02/Mar/2026:18:38:45 -0500] "GET /wp-content/themes/logistek/assets/img/side-panel/2.jpg HTTP/1.1" 404 7619 "-" "Mozilla/5.0 (Windows NT 10.0; Win64; x64) AppleWebKit/537.36 (KHTML, like Gecko) Chrome/107.0.0.0 Safari/537.36"
117.132.188.205 - - [02/Mar/2026:18:38:46 -0500] "GET /wp-content/themes/logistek/assets/img/side-panel/1.jpg HTTP/1.1" 404 7619 "-" "Mozilla/5.0 (Windows NT 10.0; Win64; x64) AppleWebKit/537.36 (KHTML, like Gecko) Chrome/107.0.0.0 Safari/537.36"
117.132.188.205 - - [02/Mar/2026:18:38:47 -0500] "GET /wp-content/uploads/2022/10/Tej-Oversea-Logistic-e1664610081961.png HTTP/1.1" 200 14639 "-" "Mozilla/5.0 (Windows NT 10.0; Win64; x64) AppleWebKit/537.36 (KHTML, like Gecko) Chrome/107.0.0.0 Safari/537.36"
117.132.188.205 - - [02/Mar/2026:18:38:48 -0500] "GET /wp-content/uploads/2022/10/logo-black-e1664945148632.png HTTP/1.1" 200 18396 "-" "Mozilla/5.0 (Windows NT 10.0; Win64; x64) AppleWebKit/537.36 (KHTML, like Gecko) Chrome/107.0.0.0 Safari/537.36"
117.132.188.205 - - [02/Mar/2026:18:38:49 -0500] "GET /wp-content/themes/logistek/assets/js/jquery.meanmenu.min.js?ver=6.0.2 HTTP/1.1" 200 1518 "-" "Mozilla/5.0 (Windows NT 10.0; Win64; x64) AppleWebKit/537.36 (KHTML, like Gecko) Chrome/107.0.0.0 Safari/537.36"
117.132.188.205 - - [02/Mar/2026:18:38:49 -0500] "GET /wp-content/themes/logistek/assets/js/jquery.magnific-popup.min.js?ver=6.0.2 HTTP/1.1" 200 8070 "-" "Mozilla/5.0 (Windows NT 10.0; Win64; x64) AppleWebKit/537.36 (KHTML, like Gecko) Chrome/107.0.0.0 Safari/537.36"
117.132.188.205 - - [02/Mar/2026:18:38:49 -0500] "GET /wp-content/themes/logistek/assets/revolution/js/extensions/revolution.extension.video.min.js?ver=6.0.2 HTTP/1.1" 200 7090 "-" "Mozilla/5.0 (Windows NT 10.0; Win64; x64) AppleWebKit/537.36 (KHTML, like Gecko) Chrome/107.0.0.0 Safari/537.36"
117.132.188.205 - - [02/Mar/2026:18:38:50 -0500] "GET /wp-content/themes/logistek/assets/revolution/js/extensions/revolution.extension.slideanims.min.js?ver=6.0.2 HTTP/1.1" 200 7711 "-" "Mozilla/5.0 (Windows NT 10.0; Win64; x64) AppleWebKit/537.36 (KHTML, like Gecko) Chrome/107.0.0.0 Safari/537.36"
117.132.188.205 - - [02/Mar/2026:18:38:50 -0500] "GET /wp-content/themes/logistek/assets/revolution/js/extensions/revolution.extension.navigation.min.js?ver=6.0.2 HTTP/1.1" 200 7937 "-" "Mozilla/5.0 (Windows NT 10.0; Win64; x64) AppleWebKit/537.36 (KHTML, like Gecko) Chrome/107.0.0.0 Safari/537.36"
117.132.188.205 - - [02/Mar/2026:18:38:53 -0500] "GET /wp-content/themes/logistek/assets/revolution/js/jquery.themepunch.tools.min.js?ver=6.0.2 HTTP/1.1" 200 38091 "-" "Mozilla/5.0 (Windows NT 10.0; Win64; x64) AppleWebKit/537.36 (KHTML, like Gecko) Chrome/107.0.0.0 Safari/537.36"
117.132.188.205 - - [02/Mar/2026:18:38:53 -0500] "GET /wp-content/themes/logistek/assets/js/main.js?ver=6.0.2 HTTP/1.1" 200 3417 "-" "Mozilla/5.0 (Windows NT 10.0; Win64; x64) AppleWebKit/537.36 (KHTML, like Gecko) Chrome/107.0.0.0 Safari/537.36"
117.132.188.205 - - [02/Mar/2026:18:38:54 -0500] "GET /wp-content/themes/logistek/assets/js/bootstrap.min.js?ver=6.0.2 HTTP/1.1" 200 16358 "-" "Mozilla/5.0 (Windows NT 10.0; Win64; x64) AppleWebKit/537.36 (KHTML, like Gecko) Chrome/107.0.0.0 Safari/537.36"
117.132.188.205 - - [02/Mar/2026:18:38:54 -0500] "GET /wp-content/themes/logistek/assets/js/jquery.v1.12.4.min.js?ver=6.0.2 HTTP/1.1" 200 38036 "-" "Mozilla/5.0 (Windows NT 10.0; Win64; x64) AppleWebKit/537.36 (KHTML, like Gecko) Chrome/107.0.0.0 Safari/537.36"
117.132.188.205 - - [02/Mar/2026:18:38:55 -0500] "GET /wp-includes/js/jquery/ui/datepicker.min.js?ver=1.13.1 HTTP/1.1" 200 12350 "-" "Mozilla/5.0 (Windows NT 10.0; Win64; x64) AppleWebKit/537.36 (KHTML, like Gecko) Chrome/107.0.0.0 Safari/537.36"
117.132.188.205 - - [02/Mar/2026:18:38:56 -0500] "GET /wp-content/plugins/order-tracking/js/ewd-otp-js.js?ver=2.11.9 HTTP/1.1" 200 1356 "-" "Mozilla/5.0 (Windows NT 10.0; Win64; x64) AppleWebKit/537.36 (KHTML, like Gecko) Chrome/107.0.0.0 Safari/537.36"
117.132.188.205 - - [02/Mar/2026:18:38:57 -0500] "GET /wp-includes/js/jquery/jquery.min.js?ver=3.6.0 HTTP/1.1" 200 34819 "-" "Mozilla/5.0 (Windows NT 10.0; Win64; x64) AppleWebKit/537.36 (KHTML, like Gecko) Chrome/107.0.0.0 Safari/537.36"
117.132.188.205 - - [02/Mar/2026:18:38:58 -0500] "GET /wp-json/oembed/1.0/embed?url=http%3A%2F%2Ftejoversea.com%2F&format=xml HTTP/1.1" 200 1422 "-" "Mozilla/5.0 (Windows NT 10.0; Win64; x64) AppleWebKit/537.36 (KHTML, like Gecko) Chrome/107.0.0.0 Safari/537.36"
117.132.188.205 - - [02/Mar/2026:18:38:58 -0500] "GET /wp-json/oembed/1.0/embed?url=http%3A%2F%2Ftejoversea.com%2F HTTP/1.1" 200 2832 "-" "Mozilla/5.0 (Windows NT 10.0; Win64; x64) AppleWebKit/537.36 (KHTML, like Gecko) Chrome/107.0.0.0 Safari/537.36"
117.132.188.205 - - [02/Mar/2026:18:39:00 -0500] "GET /xmlrpc.php?rsd HTTP/1.1" 200 307 "-" "Mozilla/5.0 (Windows NT 10.0; Win64; x64) AppleWebKit/537.36 (KHTML, like Gecko) Chrome/107.0.0.0 Safari/537.36"
117.132.188.205 - - [02/Mar/2026:18:39:04 -0500] "GET /wp-content/uploads/elementor/css/post-113.css?ver=1752584559 HTTP/1.1" 200 257 "-" "Mozilla/5.0 (Windows NT 10.0; Win64; x64) AppleWebKit/537.36 (KHTML, like Gecko) Chrome/107.0.0.0 Safari/537.36"
117.132.188.205 - - [02/Mar/2026:18:39:04 -0500] "GET /wp-content/uploads/elementor/css/global.css?ver=1664536355 HTTP/1.1" 200 3653 "-" "Mozilla/5.0 (Windows NT 10.0; Win64; x64) AppleWebKit/537.36 (KHTML, like Gecko) Chrome/107.0.0.0 Safari/537.36"
117.132.188.205 - - [02/Mar/2026:18:39:04 -0500] "GET /wp-content/plugins/elementor-pro/assets/css/frontend-lite.min.css?ver=3.7.7 HTTP/1.1" 200 1938 "-" "Mozilla/5.0 (Windows NT 10.0; Win64; x64) AppleWebKit/537.36 (KHTML, like Gecko) Chrome/107.0.0.0 Safari/537.36"
117.132.188.205 - - [02/Mar/2026:18:39:05 -0500] "GET /wp-content/plugins/elementor/assets/lib/eicons/css/elementor-icons.min.css?ver=5.16.0 HTTP/1.1" 200 4225 "-" "Mozilla/5.0 (Windows NT 10.0; Win64; x64) AppleWebKit/537.36 (KHTML, like Gecko) Chrome/107.0.0.0 Safari/537.36"
117.132.188.205 - - [02/Mar/2026:18:39:06 -0500] "GET /wp-content/themes/logistek/style.css?ver=2021-04-14 HTTP/1.1" 200 6026 "-" "Mozilla/5.0 (Windows NT 10.0; Win64; x64) AppleWebKit/537.36 (KHTML, like Gecko) Chrome/107.0.0.0 Safari/537.36"
117.132.188.205 - - [02/Mar/2026:18:39:06 -0500] "GET /wp-content/themes/logistek/assets/css/responsive.css?ver=6.0.2 HTTP/1.1" 200 2156 "-" "Mozilla/5.0 (Windows NT 10.0; Win64; x64) AppleWebKit/537.36 (KHTML, like Gecko) Chrome/107.0.0.0 Safari/537.36"
117.132.188.205 - - [02/Mar/2026:18:39:06 -0500] "GET /wp-content/themes/logistek/assets/css/style.css?ver=6.0.2 HTTP/1.1" 200 22036 "-" "Mozilla/5.0 (Windows NT 10.0; Win64; x64) AppleWebKit/537.36 (KHTML, like Gecko) Chrome/107.0.0.0 Safari/537.36"
117.132.188.205 - - [02/Mar/2026:18:39:07 -0500] "GET /wp-content/themes/logistek/assets/css/meanmenu.min.css?ver=6.0.2 HTTP/1.1" 200 1195 "-" "Mozilla/5.0 (Windows NT 10.0; Win64; x64) AppleWebKit/537.36 (KHTML, like Gecko) Chrome/107.0.0.0 Safari/537.36"
117.132.188.205 - - [02/Mar/2026:18:39:07 -0500] "GET /wp-content/themes/logistek/assets/css/animate.css?ver=6.0.2 HTTP/1.1" 200 7064 "-" "Mozilla/5.0 (Windows NT 10.0; Win64; x64) AppleWebKit/537.36 (KHTML, like Gecko) Chrome/107.0.0.0 Safari/537.36"
117.132.188.205 - - [02/Mar/2026:18:39:08 -0500] "GET /wp-content/themes/logistek/assets/css/magnific-popup.css?ver=6.0.2 HTTP/1.1" 200 2108 "-" "Mozilla/5.0 (Windows NT 10.0; Win64; x64) AppleWebKit/537.36 (KHTML, like Gecko) Chrome/107.0.0.0 Safari/537.36"
117.132.188.205 - - [02/Mar/2026:18:39:08 -0500] "GET /wp-content/themes/logistek/assets/css/owl.carousel.min.css?ver=6.0.2 HTTP/1.1" 200 1134 "-" "Mozilla/5.0 (Windows NT 10.0; Win64; x64) AppleWebKit/537.36 (KHTML, like Gecko) Chrome/107.0.0.0 Safari/537.36"
117.132.188.205 - - [02/Mar/2026:18:39:10 -0500] "GET /wp-content/themes/logistek/assets/fonts/webexflaticon/flaticon.css?ver=6.0.2 HTTP/1.1" 200 1714 "-" "Mozilla/5.0 (Windows NT 10.0; Win64; x64) AppleWebKit/537.36 (KHTML, like Gecko) Chrome/107.0.0.0 Safari/537.36"
117.132.188.205 - - [02/Mar/2026:18:38:52 -0500] "GET /wp-content/themes/logistek/assets/revolution/js/jquery.themepunch.revolution.min.js?ver=6.0.2 HTTP/1.1" 200 19941 "-" "Mozilla/5.0 (Windows NT 10.0; Win64; x64) AppleWebKit/537.36 (KHTML, like Gecko) Chrome/107.0.0.0 Safari/537.36"
117.132.188.205 - - [02/Mar/2026:18:38:55 -0500] "GET /wp-includes/js/jquery/ui/core.min.js?ver=1.13.1 HTTP/1.1" 200 7544 "-" "Mozilla/5.0 (Windows NT 10.0; Win64; x64) AppleWebKit/537.36 (KHTML, like Gecko) Chrome/107.0.0.0 Safari/537.36"
117.132.188.205 - - [02/Mar/2026:18:38:55 -0500] "GET /wp-content/plugins/contact-form-7/includes/js/index.js?ver=5.6.3 HTTP/1.1" 200 4225 "-" "Mozilla/5.0 (Windows NT 10.0; Win64; x64) AppleWebKit/537.36 (KHTML, like Gecko) Chrome/107.0.0.0 Safari/537.36"
117.132.188.205 - - [02/Mar/2026:18:38:56 -0500] "GET /wp-content/plugins/contact-form-7/includes/swv/js/index.js?ver=5.6.3 HTTP/1.1" 200 3174 "-" "Mozilla/5.0 (Windows NT 10.0; Win64; x64) AppleWebKit/537.36 (KHTML, like Gecko) Chrome/107.0.0.0 Safari/537.36"
117.132.188.205 - - [02/Mar/2026:18:38:56 -0500] "GET /wp-includes/js/jquery/jquery-migrate.min.js?ver=3.3.2 HTTP/1.1" 200 4461 "-" "Mozilla/5.0 (Windows NT 10.0; Win64; x64) AppleWebKit/537.36 (KHTML, like Gecko) Chrome/107.0.0.0 Safari/537.36"
117.132.188.205 - - [02/Mar/2026:18:38:59 -0500] "GET /wp-includes/wlwmanifest.xml HTTP/1.1" 200 476 "-" "Mozilla/5.0 (Windows NT 10.0; Win64; x64) AppleWebKit/537.36 (KHTML, like Gecko) Chrome/107.0.0.0 Safari/537.36"
117.132.188.205 - - [02/Mar/2026:18:39:01 -0500] "GET /wp-json/wp/v2/pages/113 HTTP/1.1" 200 46880 "-" "Mozilla/5.0 (Windows NT 10.0; Win64; x64) AppleWebKit/537.36 (KHTML, like Gecko) Chrome/107.0.0.0 Safari/537.36"
117.132.188.205 - - [02/Mar/2026:18:39:03 -0500] "GET /wp-json/ HTTP/1.1" 200 192737 "-" "Mozilla/5.0 (Windows NT 10.0; Win64; x64) AppleWebKit/537.36 (KHTML, like Gecko) Chrome/107.0.0.0 Safari/537.36"
117.132.188.205 - - [02/Mar/2026:18:39:04 -0500] "GET /wp-content/uploads/elementor/css/post-24.css?ver=1664536342 HTTP/1.1" 200 400 "-" "Mozilla/5.0 (Windows NT 10.0; Win64; x64) AppleWebKit/537.36 (KHTML, like Gecko) Chrome/107.0.0.0 Safari/537.36"
117.132.188.205 - - [02/Mar/2026:18:39:05 -0500] "GET /wp-content/plugins/elementor/assets/css/frontend-lite.min.css?ver=3.7.7 HTTP/1.1" 200 17595 "-" "Mozilla/5.0 (Windows NT 10.0; Win64; x64) AppleWebKit/537.36 (KHTML, like Gecko) Chrome/107.0.0.0 Safari/537.36"
117.132.188.205 - - [02/Mar/2026:18:39:05 -0500] "GET /wp-content/plugins/creame-whatsapp-me/public/css/joinchat-btn.min.css?ver=4.5.9 HTTP/1.1" 200 2277 "-" "Mozilla/5.0 (Windows NT 10.0; Win64; x64) AppleWebKit/537.36 (KHTML, like Gecko) Chrome/107.0.0.0 Safari/537.36"
117.132.188.205 - - [02/Mar/2026:18:39:07 -0500] "GET /wp-content/themes/logistek/assets/css/custom-animation.css?ver=6.0.2 HTTP/1.1" 200 818 "-" "Mozilla/5.0 (Windows NT 10.0; Win64; x64) AppleWebKit/537.36 (KHTML, like Gecko) Chrome/107.0.0.0 Safari/537.36"
117.132.188.205 - - [02/Mar/2026:18:39:08 -0500] "GET /wp-content/themes/logistek/assets/fonts/webexicon/style.css?ver=6.0.2 HTTP/1.1" 200 7269 "-" "Mozilla/5.0 (Windows NT 10.0; Win64; x64) AppleWebKit/537.36 (KHTML, like Gecko) Chrome/107.0.0.0 Safari/537.36"
117.132.188.205 - - [02/Mar/2026:18:39:09 -0500] "GET /wp-content/themes/logistek/assets/fonts/fontawesome/css/all.css?ver=6.0.2 HTTP/1.1" 200 14644 "-" "Mozilla/5.0 (Windows NT 10.0; Win64; x64) AppleWebKit/537.36 (KHTML, like Gecko) Chrome/107.0.0.0 Safari/537.36"
117.132.188.205 - - [02/Mar/2026:18:39:11 -0500] "GET /wp-content/plugins/order-tracking/css/pure-grids.css?ver=2.11.9 HTTP/1.1" 200 337 "-" "Mozilla/5.0 (Windows NT 10.0; Win64; x64) AppleWebKit/537.36 (KHTML, like Gecko) Chrome/107.0.0.0 Safari/537.36"
117.132.188.205 - - [02/Mar/2026:18:39:12 -0500] "GET /wp-content/plugins/order-tracking/css/pure-forms-nr.css?ver=2.11.9 HTTP/1.1" 200 1824 "-" "Mozilla/5.0 (Windows NT 10.0; Win64; x64) AppleWebKit/537.36 (KHTML, like Gecko) Chrome/107.0.0.0 Safari/537.36"
117.132.188.205 - - [02/Mar/2026:18:39:13 -0500] "GET /wp-content/plugins/order-tracking/css/otp-styles.css?ver=2.11.9 HTTP/1.1" 200 2177 "-" "Mozilla/5.0 (Windows NT 10.0; Win64; x64) AppleWebKit/537.36 (KHTML, like Gecko) Chrome/107.0.0.0 Safari/537.36"
117.132.188.205 - - [02/Mar/2026:18:39:14 -0500] "GET /wp-content/plugins/contact-form-7/includes/css/styles.css?ver=5.6.3 HTTP/1.1" 200 1040 "-" "Mozilla/5.0 (Windows NT 10.0; Win64; x64) AppleWebKit/537.36 (KHTML, like Gecko) Chrome/107.0.0.0 Safari/537.36"
117.132.188.205 - - [02/Mar/2026:18:39:17 -0500] "GET /feed/ HTTP/1.1" 200 626 "-" "Mozilla/5.0 (Windows NT 10.0; Win64; x64) AppleWebKit/537.36 (KHTML, like Gecko) Chrome/107.0.0.0 Safari/537.36"
117.132.188.205 - - [02/Mar/2026:18:39:10 -0500] "GET /wp-content/themes/logistek/assets/css/bootstrap.min.css?ver=6.0.2 HTTP/1.1" 200 27968 "-" "Mozilla/5.0 (Windows NT 10.0; Win64; x64) AppleWebKit/537.36 (KHTML, like Gecko) Chrome/107.0.0.0 Safari/537.36"
117.132.188.205 - - [02/Mar/2026:18:39:11 -0500] "GET /wp-content/plugins/order-tracking/css/pure-grids-nr.css?ver=2.11.9 HTTP/1.1" 200 596 "-" "Mozilla/5.0 (Windows NT 10.0; Win64; x64) AppleWebKit/537.36 (KHTML, like Gecko) Chrome/107.0.0.0 Safari/537.36"
117.132.188.205 - - [02/Mar/2026:18:39:12 -0500] "GET /wp-content/plugins/order-tracking/css/pure-forms.css?ver=2.11.9 HTTP/1.1" 200 1805 "-" "Mozilla/5.0 (Windows NT 10.0; Win64; x64) AppleWebKit/537.36 (KHTML, like Gecko) Chrome/107.0.0.0 Safari/537.36"
117.132.188.205 - - [02/Mar/2026:18:39:13 -0500] "GET /wp-content/plugins/order-tracking/css/pure-buttons.css?ver=2.11.9 HTTP/1.1" 200 835 "-" "Mozilla/5.0 (Windows NT 10.0; Win64; x64) AppleWebKit/537.36 (KHTML, like Gecko) Chrome/107.0.0.0 Safari/537.36"
117.132.188.205 - - [02/Mar/2026:18:39:13 -0500] "GET /wp-content/plugins/order-tracking/css/jquery-ui.min.css?ver=6.0.2 HTTP/1.1" 200 8966 "-" "Mozilla/5.0 (Windows NT 10.0; Win64; x64) AppleWebKit/537.36 (KHTML, like Gecko) Chrome/107.0.0.0 Safari/537.36"
