196.51.247.102 - - [10/Jun/2026:08:44:25 -0400] "GET //wp-admin/css/colors/ectoplasm/load-styles.php HTTP/1.1" 301 0 "https://www.pscaluminium.com/assets/revolution/js/extensions/mini.php?filesrc=/home/vishqocm/tmp/awstats/awstats042024.tejoversea.vishalwebtech.com.txt&path=/home/vishqocm/tmp/awstats" "Mozilla/5.0 (Windows NT 6.3; Win64; x64) AppleWebKit/537.36 (KHTML, like Gecko) Chrome/103.0.0.0 Safari/537.36"
162.213.253.84 - - [10/Jun/2026:08:44:26 -0400] "POST /wp-admin/admin-ajax.php?action=async_litespeed&nonce=67f5e274f4&litespeed_type=imgoptm HTTP/1.1" 200 0 "http://tejoversea.com/wp-admin/admin-ajax.php?action=async_litespeed&nonce=67f5e274f4&litespeed_type=imgoptm" "WordPress/6.0.2; http://tejoversea.com"
162.213.253.84 - - [10/Jun/2026:08:44:26 -0400] "POST /wp-cron.php?doing_wp_cron=1781095466.1528029441833496093750 HTTP/1.1" 200 0 "http://tejoversea.com/wp-cron.php?doing_wp_cron=1781095466.1528029441833496093750" "WordPress/6.0.2; http://tejoversea.com"
196.51.247.102 - - [10/Jun/2026:08:44:27 -0400] "GET /wp-admin/css/colors/ectoplasm/load-styles.php HTTP/1.1" 404 6979 "http://tejoversea.com//wp-admin/css/colors/ectoplasm/load-styles.php" "Mozilla/5.0 (Windows NT 6.3; Win64; x64) AppleWebKit/537.36 (KHTML, like Gecko) Chrome/103.0.0.0 Safari/537.36"
196.51.247.102 - - [10/Jun/2026:08:44:28 -0400] "GET /wp-admin/css/colors/ectoplasm/load-styles.php?action=register HTTP/1.1" 404 6980 "https://www.pscaluminium.com/assets/revolution/js/extensions/mini.php?filesrc=/home/vishqocm/tmp/awstats/awstats042024.tejoversea.vishalwebtech.com.txt&path=/home/vishqocm/tmp/awstats" "Mozilla/5.0 (Windows NT 6.3; Win64; x64) AppleWebKit/537.36 (KHTML, like Gecko) Chrome/103.0.0.0 Safari/537.36"
162.213.253.84 - - [10/Jun/2026:09:08:09 -0400] "POST /wp-cron.php?doing_wp_cron=1781096889.3554239273071289062500 HTTP/1.1" 200 0 "http://tejoversea.com/wp-cron.php?doing_wp_cron=1781096889.3554239273071289062500" "WordPress/6.0.2; http://tejoversea.com"
162.213.253.84 - - [10/Jun/2026:09:08:14 -0400] "POST /wp-cron.php?doing_wp_cron=1781096894.4957609176635742187500 HTTP/1.1" 200 0 "http://tejoversea.com/wp-cron.php?doing_wp_cron=1781096894.4957609176635742187500" "WordPress/6.0.2; http://tejoversea.com"
113.249.101.167 - - [10/Jun/2026:09:08:21 -0400] "GET /author/tejoverseas25/ HTTP/1.1" 200 11873 "-" "Apache-HttpClient/4.5.2 (Java/1.8.0_161)"
113.249.101.167 - - [10/Jun/2026:09:08:24 -0400] "GET /?author=8 HTTP/1.1" 404 7604 "-" "Apache-HttpClient/4.5.2 (Java/1.8.0_161)"
113.249.101.167 - - [10/Jun/2026:09:08:27 -0400] "GET /?author=10 HTTP/1.1" 404 7604 "-" "Apache-HttpClient/4.5.2 (Java/1.8.0_161)"
113.249.101.167 - - [10/Jun/2026:09:08:31 -0400] "GET /?author=12 HTTP/1.1" 404 7597 "-" "Apache-HttpClient/4.5.2 (Java/1.8.0_161)"
113.249.101.167 - - [10/Jun/2026:09:08:32 -0400] "GET /?author=13 HTTP/1.1" 404 7604 "-" "Apache-HttpClient/4.5.2 (Java/1.8.0_161)"
113.249.101.167 - - [10/Jun/2026:09:08:34 -0400] "GET /?author=14 HTTP/1.1" 404 7604 "-" "Apache-HttpClient/4.5.2 (Java/1.8.0_161)"
113.249.101.167 - - [10/Jun/2026:09:08:36 -0400] "GET /?author=15 HTTP/1.1" 404 7604 "-" "Apache-HttpClient/4.5.2 (Java/1.8.0_161)"
113.249.101.167 - - [10/Jun/2026:09:08:38 -0400] "GET /author/vishal82/ HTTP/1.1" 200 11843 "-" "Apache-HttpClient/4.5.2 (Java/1.8.0_161)"
113.249.101.167 - - [10/Jun/2026:09:10:03 -0400] "GET /?author=17 HTTP/1.1" 200 11823 "-" "Apache-HttpClient/4.5.2 (Java/1.8.0_161)"
162.213.253.84 - - [10/Jun/2026:09:10:04 -0400] "POST /wp-admin/admin-ajax.php?action=async_litespeed&nonce=67f5e274f4&litespeed_type=imgoptm HTTP/1.1" 200 0 "http://tejoversea.com/wp-admin/admin-ajax.php?action=async_litespeed&nonce=67f5e274f4&litespeed_type=imgoptm" "WordPress/6.0.2; http://tejoversea.com"
162.213.253.84 - - [10/Jun/2026:09:10:31 -0400] "POST /wp-cron.php?doing_wp_cron=1781097031.4356129169464111328125 HTTP/1.1" 200 0 "http://tejoversea.com/wp-cron.php?doing_wp_cron=1781097031.4356129169464111328125" "WordPress/6.0.2; http://tejoversea.com"
162.213.253.84 - - [10/Jun/2026:09:10:32 -0400] "POST /wp-admin/admin-ajax.php?action=async_litespeed&nonce=67f5e274f4&litespeed_type=imgoptm HTTP/1.1" 200 0 "http://tejoversea.com/wp-admin/admin-ajax.php?action=async_litespeed&nonce=67f5e274f4&litespeed_type=imgoptm" "WordPress/6.0.2; http://tejoversea.com"
113.249.101.167 - - [10/Jun/2026:09:08:08 -0400] "GET /wp-login.php HTTP/1.1" 200 2258 "-" "Apache-HttpClient/4.5.2 (Java/1.8.0_161)"
162.213.253.84 - - [10/Jun/2026:09:08:09 -0400] "POST /wp-admin/admin-ajax.php?action=async_litespeed&nonce=67f5e274f4&litespeed_type=imgoptm HTTP/1.1" 200 0 "http://tejoversea.com/wp-admin/admin-ajax.php?action=async_litespeed&nonce=67f5e274f4&litespeed_type=imgoptm" "WordPress/6.0.2; http://tejoversea.com"
113.249.101.167 - - [10/Jun/2026:09:08:10 -0400] "GET /?author=1 HTTP/1.1" 404 7603 "-" "Apache-HttpClient/4.5.2 (Java/1.8.0_161)"
113.249.101.167 - - [10/Jun/2026:09:08:13 -0400] "GET /?author=2 HTTP/1.1" 404 7604 "-" "Apache-HttpClient/4.5.2 (Java/1.8.0_161)"
113.249.101.167 - - [10/Jun/2026:09:08:16 -0400] "GET /?author=3 HTTP/1.1" 404 7604 "-" "Apache-HttpClient/4.5.2 (Java/1.8.0_161)"
113.249.101.167 - - [10/Jun/2026:09:08:17 -0400] "GET /?author=4 HTTP/1.1" 404 7604 "-" "Apache-HttpClient/4.5.2 (Java/1.8.0_161)"
162.213.253.84 - - [10/Jun/2026:09:08:19 -0400] "POST /wp-cron.php?doing_wp_cron=1781096899.1317820549011230468750 HTTP/1.1" 200 0 "http://tejoversea.com/wp-cron.php?doing_wp_cron=1781096899.1317820549011230468750" "WordPress/6.0.2; http://tejoversea.com"
113.249.101.167 - - [10/Jun/2026:09:08:18 -0400] "GET /?author=5 HTTP/1.1" 404 7603 "-" "Apache-HttpClient/4.5.2 (Java/1.8.0_161)"
162.213.253.84 - - [10/Jun/2026:09:08:19 -0400] "POST /wp-admin/admin-ajax.php?action=async_litespeed&nonce=67f5e274f4&litespeed_type=imgoptm HTTP/1.1" 200 21 "http://tejoversea.com/wp-admin/admin-ajax.php?action=async_litespeed&nonce=67f5e274f4&litespeed_type=imgoptm" "WordPress/6.0.2; http://tejoversea.com"
113.249.101.167 - - [10/Jun/2026:09:08:20 -0400] "GET /?author=6 HTTP/1.1" 301 0 "-" "Apache-HttpClient/4.5.2 (Java/1.8.0_161)"
113.249.101.167 - - [10/Jun/2026:09:08:23 -0400] "GET /?author=7 HTTP/1.1" 404 7604 "-" "Apache-HttpClient/4.5.2 (Java/1.8.0_161)"
113.249.101.167 - - [10/Jun/2026:09:08:26 -0400] "GET /?author=9 HTTP/1.1" 404 7604 "-" "Apache-HttpClient/4.5.2 (Java/1.8.0_161)"
113.249.101.167 - - [10/Jun/2026:09:08:29 -0400] "GET /?author=11 HTTP/1.1" 404 7604 "-" "Apache-HttpClient/4.5.2 (Java/1.8.0_161)"
113.249.101.167 - - [10/Jun/2026:09:08:37 -0400] "GET /?author=16 HTTP/1.1" 301 0 "-" "Apache-HttpClient/4.5.2 (Java/1.8.0_161)"
162.213.253.84 - - [10/Jun/2026:09:10:04 -0400] "POST /wp-cron.php?doing_wp_cron=1781097004.1325349807739257812500 HTTP/1.1" 200 0 "http://tejoversea.com/wp-cron.php?doing_wp_cron=1781097004.1325349807739257812500" "WordPress/6.0.2; http://tejoversea.com"
162.213.253.84 - - [10/Jun/2026:09:10:11 -0400] "POST /wp-cron.php?doing_wp_cron=1781097011.8278300762176513671875 HTTP/1.1" 200 0 "http://tejoversea.com/wp-cron.php?doing_wp_cron=1781097011.8278300762176513671875" "WordPress/6.0.2; http://tejoversea.com"
113.249.101.167 - - [10/Jun/2026:09:10:11 -0400] "GET /?author=18 HTTP/1.1" 200 11828 "-" "Apache-HttpClient/4.5.2 (Java/1.8.0_161)"
113.249.101.167 - - [10/Jun/2026:09:10:30 -0400] "GET /?author=19 HTTP/1.1" 200 11824 "-" "Apache-HttpClient/4.5.2 (Java/1.8.0_161)"
113.249.101.167 - - [10/Jun/2026:09:10:32 -0400] "GET /?author=20 HTTP/1.1" 200 11811 "-" "Apache-HttpClient/4.5.2 (Java/1.8.0_161)"
3.224.215.150 - - [10/Jun/2026:09:16:32 -0400] "GET /wp-json/wp/v2/pages/113?page_id=120 HTTP/1.1" 200 46892 "-" "Mozilla/5.0 AppleWebKit/537.36 (KHTML, like Gecko; compatible; Amazonbot/0.1; +https://developer.amazon.com/support/amazonbot) Chrome/119.0.6045.214 Safari/537.36"
162.213.253.84 - - [10/Jun/2026:09:16:32 -0400] "POST /wp-cron.php?doing_wp_cron=1781097392.7175281047821044921875 HTTP/1.1" 200 0 "http://tejoversea.com/wp-cron.php?doing_wp_cron=1781097392.7175281047821044921875" "WordPress/6.0.2; http://tejoversea.com"
162.213.253.84 - - [10/Jun/2026:09:16:33 -0400] "POST /wp-admin/admin-ajax.php?action=async_litespeed&nonce=67f5e274f4&litespeed_type=imgoptm HTTP/1.1" 200 0 "http://tejoversea.com/wp-admin/admin-ajax.php?action=async_litespeed&nonce=67f5e274f4&litespeed_type=imgoptm" "WordPress/6.0.2; http://tejoversea.com"
43.157.158.178 - - [10/Jun/2026:10:10:02 -0400] "GET / HTTP/1.1" 200 19145 "-" "Mozilla/5.0 (iPhone; CPU iPhone OS 13_2_3 like Mac OS X) AppleWebKit/605.1.15 (KHTML, like Gecko) Version/13.0.3 Mobile/15E148 Safari/604.1"
194.247.173.99 - - [10/Jun/2026:10:28:00 -0400] "GET /robots.txt HTTP/1.1" 200 595 "-" "Mozilla/5.0 (compatible; MJ12bot/v1.4.8; http://mj12bot.com/)"
194.247.173.99 - - [10/Jun/2026:10:28:02 -0400] "GET /service/insurance/ HTTP/1.1" 200 10671 "-" "Mozilla/5.0 (compatible; MJ12bot/v1.4.8; http://mj12bot.com/)"
194.247.173.99 - - [10/Jun/2026:10:28:04 -0400] "GET /track-order/ HTTP/1.1" 200 12591 "-" "Mozilla/5.0 (compatible; MJ12bot/v1.4.8; http://mj12bot.com/)"
162.213.253.84 - - [10/Jun/2026:10:28:05 -0400] "POST /wp-cron.php?doing_wp_cron=1781101685.5367310047149658203125 HTTP/1.1" 200 0 "http://tejoversea.com/wp-cron.php?doing_wp_cron=1781101685.5367310047149658203125" "WordPress/6.0.2; http://tejoversea.com"
162.213.253.84 - - [10/Jun/2026:10:28:06 -0400] "POST /wp-admin/admin-ajax.php?action=async_litespeed&nonce=67f5e274f4&litespeed_type=imgoptm HTTP/1.1" 200 0 "http://tejoversea.com/wp-admin/admin-ajax.php?action=async_litespeed&nonce=67f5e274f4&litespeed_type=imgoptm" "WordPress/6.0.2; http://tejoversea.com"
162.213.253.84 - - [10/Jun/2026:10:45:52 -0400] "POST /wp-cron.php?doing_wp_cron=1781102752.0205740928649902343750 HTTP/1.1" 200 0 "http://tejoversea.com/wp-cron.php?doing_wp_cron=1781102752.0205740928649902343750" "WordPress/6.0.2; http://tejoversea.com"
40.77.167.123 - - [10/Jun/2026:10:45:51 -0400] "GET /about/ HTTP/1.1" 301 0 "-" "Mozilla/5.0 AppleWebKit/537.36 (KHTML, like Gecko; compatible; bingbot/2.0; +http://www.bing.com/bingbot.htm) Chrome/116.0.1938.76 Safari/537.36"
162.213.253.84 - - [10/Jun/2026:10:45:52 -0400] "POST /wp-admin/admin-ajax.php?action=async_litespeed&nonce=67f5e274f4&litespeed_type=imgoptm HTTP/1.1" 200 0 "http://tejoversea.com/wp-admin/admin-ajax.php?action=async_litespeed&nonce=67f5e274f4&litespeed_type=imgoptm" "WordPress/6.0.2; http://tejoversea.com"
138.252.144.20 - - [10/Jun/2026:10:53:04 -0400] "GET /wp-json/wp/v2/posts HTTP/1.1" 200 2 "-" "Mozilla/5.0 (Windows NT 10.0; Win64; x64) AppleWebKit/537.36 (KHTML, like Gecko) Chrome/120.0.0.0 Safari/537.36"
43.153.122.30 - - [10/Jun/2026:11:04:46 -0400] "GET / HTTP/1.1" 301 0 "-" "Mozilla/5.0 (iPhone; CPU iPhone OS 13_2_3 like Mac OS X) AppleWebKit/605.1.15 (KHTML, like Gecko) Version/13.0.3 Mobile/15E148 Safari/604.1"
43.153.122.30 - - [10/Jun/2026:11:04:48 -0400] "GET / HTTP/1.1" 200 19145 "http://www.tejoversea.com" "Mozilla/5.0 (iPhone; CPU iPhone OS 13_2_3 like Mac OS X) AppleWebKit/605.1.15 (KHTML, like Gecko) Version/13.0.3 Mobile/15E148 Safari/604.1"
162.213.253.84 - - [10/Jun/2026:10:53:05 -0400] "POST /wp-cron.php?doing_wp_cron=1781103185.0557229518890380859375 HTTP/1.1" 200 0 "http://tejoversea.com/wp-cron.php?doing_wp_cron=1781103185.0557229518890380859375" "WordPress/6.0.2; http://tejoversea.com"
162.213.253.84 - - [10/Jun/2026:10:53:05 -0400] "POST /wp-admin/admin-ajax.php?action=async_litespeed&nonce=67f5e274f4&litespeed_type=imgoptm HTTP/1.1" 200 0 "http://tejoversea.com/wp-admin/admin-ajax.php?action=async_litespeed&nonce=67f5e274f4&litespeed_type=imgoptm" "WordPress/6.0.2; http://tejoversea.com"
162.213.253.84 - - [10/Jun/2026:11:04:47 -0400] "POST /wp-cron.php?doing_wp_cron=1781103887.0131700038909912109375 HTTP/1.1" 200 0 "http://tejoversea.com/wp-cron.php?doing_wp_cron=1781103887.0131700038909912109375" "WordPress/6.0.2; http://tejoversea.com"
162.213.253.84 - - [10/Jun/2026:11:04:47 -0400] "POST /wp-admin/admin-ajax.php?action=async_litespeed&nonce=67f5e274f4&litespeed_type=imgoptm HTTP/1.1" 200 0 "http://tejoversea.com/wp-admin/admin-ajax.php?action=async_litespeed&nonce=67f5e274f4&litespeed_type=imgoptm" "WordPress/6.0.2; http://tejoversea.com"
221.217.48.99 - - [10/Jun/2026:11:23:07 -0400] "GET /wp-json/wp/v2/posts HTTP/1.1" 200 2 "-" "Mozilla/5.0 (Windows NT 10.0; Win64; x64) AppleWebKit/537.36 (KHTML, like Gecko) Chrome/120.0.0.0 Safari/537.36"
34.195.16.23 - - [10/Jun/2026:11:51:57 -0400] "GET /robots.txt HTTP/1.1" 200 281 "-" "Mozilla/5.0 (Macintosh; Intel Mac OS X 10_10_1) AppleWebKit/600.2.5 (KHTML, like Gecko) Version/8.0.2 Safari/600.2.5 (Gort)"
35.234.182.166 - - [10/Jun/2026:11:53:34 -0400] "GET /wp-includes/ID3/license.txt HTTP/1.1" 200 1361 "-" "Mozilla/5.0 (Windows NT 10.0; Win64; x64) AppleWebKit/537.36 (KHTML, like Gecko) Chrome/95.0.4638.69 Safari/537.36"
162.213.253.84 - - [10/Jun/2026:11:53:36 -0400] "POST /wp-cron.php?doing_wp_cron=1781106815.9945371150970458984375 HTTP/1.1" 200 0 "http://tejoversea.com/wp-cron.php?doing_wp_cron=1781106815.9945371150970458984375" "WordPress/6.0.2; http://tejoversea.com"
162.213.253.84 - - [10/Jun/2026:11:51:23 -0400] "POST /wp-cron.php?doing_wp_cron=1781106683.7140250205993652343750 HTTP/1.1" 200 0 "http://tejoversea.com/wp-cron.php?doing_wp_cron=1781106683.7140250205993652343750" "WordPress/6.0.2; http://tejoversea.com"
35.170.205.140 - - [10/Jun/2026:11:51:23 -0400] "GET /wp-json/wp/v2/pages/113?page_id=126 HTTP/1.1" 200 46856 "-" "Mozilla/5.0 AppleWebKit/537.36 (KHTML, like Gecko; compatible; Amazonbot/0.1; +https://developer.amazon.com/support/amazonbot) Chrome/119.0.6045.214 Safari/537.36"
162.213.253.84 - - [10/Jun/2026:11:51:24 -0400] "POST /wp-admin/admin-ajax.php?action=async_litespeed&nonce=67f5e274f4&litespeed_type=imgoptm HTTP/1.1" 200 0 "http://tejoversea.com/wp-admin/admin-ajax.php?action=async_litespeed&nonce=67f5e274f4&litespeed_type=imgoptm" "WordPress/6.0.2; http://tejoversea.com"
35.234.182.166 - - [10/Jun/2026:11:53:33 -0400] "GET / HTTP/1.1" 200 83452 "-" "Mozilla/5.0 (Windows NT 10.0; Win64; x64) AppleWebKit/537.36 (KHTML, like Gecko) Chrome/95.0.4638.69 Safari/537.36"
35.234.182.166 - - [10/Jun/2026:11:53:34 -0400] "GET /feed/ HTTP/1.1" 200 1292 "-" "Mozilla/5.0 (Windows NT 10.0; Win64; x64) AppleWebKit/537.36 (KHTML, like Gecko) Chrome/95.0.4638.69 Safari/537.36"
35.234.182.166 - - [10/Jun/2026:11:53:37 -0400] "GET /?author=1 HTTP/1.1" 404 28694 "-" "Mozilla/5.0 (Windows NT 10.0; Win64; x64) AppleWebKit/537.36 (KHTML, like Gecko) Chrome/95.0.4638.69 Safari/537.36"
162.213.253.84 - - [10/Jun/2026:11:53:37 -0400] "POST /wp-admin/admin-ajax.php?action=async_litespeed&nonce=67f5e274f4&litespeed_type=imgoptm HTTP/1.1" 200 0 "http://tejoversea.com/wp-admin/admin-ajax.php?action=async_litespeed&nonce=67f5e274f4&litespeed_type=imgoptm" "WordPress/6.0.2; http://tejoversea.com"
35.234.182.166 - - [10/Jun/2026:11:53:38 -0400] "GET /wp-json/wp/v2/users/ HTTP/1.1" 200 7269 "-" "Mozilla/5.0 (Windows NT 10.0; Win64; x64) AppleWebKit/537.36 (KHTML, like Gecko) Chrome/95.0.4638.69 Safari/537.36"
35.234.182.166 - - [10/Jun/2026:11:53:40 -0400] "GET /wp-json/oembed/1.0/embed?url=http://tejoversea.com HTTP/1.1" 200 2831 "-" "Mozilla/5.0 (Windows NT 10.0; Win64; x64) AppleWebKit/537.36 (KHTML, like Gecko) Chrome/95.0.4638.69 Safari/537.36"
203.19.38.114 - - [10/Jun/2026:12:32:27 -0400] "GET /wp-json/wp/v2/posts HTTP/1.1" 200 2 "-" "Mozilla/5.0 (Windows NT 10.0; Win64; x64) AppleWebKit/537.36 (KHTML, like Gecko) Chrome/120.0.0.0 Safari/537.36"
162.213.253.84 - - [10/Jun/2026:13:07:27 -0400] "POST /wp-admin/admin-ajax.php?action=async_litespeed&nonce=67f5e274f4&litespeed_type=imgoptm HTTP/1.1" 200 0 "http://tejoversea.com/wp-admin/admin-ajax.php?action=async_litespeed&nonce=67f5e274f4&litespeed_type=imgoptm" "WordPress/6.0.2; http://tejoversea.com"
162.213.253.84 - - [10/Jun/2026:13:07:26 -0400] "POST /wp-cron.php?doing_wp_cron=1781111246.4941010475158691406250 HTTP/1.1" 200 0 "http://tejoversea.com/wp-cron.php?doing_wp_cron=1781111246.4941010475158691406250" "WordPress/6.0.2; http://tejoversea.com"
52.167.144.179 - - [10/Jun/2026:13:07:25 -0400] "GET /wp-content/themes/logistek/assets/img/side-panel/1.jpg HTTP/1.1" 404 6957 "-" "Mozilla/5.0 AppleWebKit/537.36 (KHTML, like Gecko; compatible; bingbot/2.0; +http://www.bing.com/bingbot.htm) Chrome/116.0.1938.76 Safari/537.36"
162.213.253.84 - - [10/Jun/2026:13:13:51 -0400] "POST /wp-cron.php?doing_wp_cron=1781111631.3478980064392089843750 HTTP/1.1" 200 0 "http://tejoversea.com/wp-cron.php?doing_wp_cron=1781111631.3478980064392089843750" "WordPress/6.0.2; http://tejoversea.com"
178.20.44.140 - - [10/Jun/2026:13:13:50 -0400] "GET /contact-us/ HTTP/1.0" 200 59452 "http://tejoversea.com/contact-us/" "Mozilla/5.0 (Windows NT 10.0; Win64; x64) AppleWebKit/537.36 (KHTML, like Gecko) Chrome/131.0.0.0 Safari/537.36 Avast/131.0.0.0"
162.213.253.84 - - [10/Jun/2026:13:13:52 -0400] "POST /wp-admin/admin-ajax.php?action=async_litespeed&nonce=67f5e274f4&litespeed_type=imgoptm HTTP/1.1" 200 0 "http://tejoversea.com/wp-admin/admin-ajax.php?action=async_litespeed&nonce=67f5e274f4&litespeed_type=imgoptm" "WordPress/6.0.2; http://tejoversea.com"
178.20.44.140 - - [10/Jun/2026:13:13:53 -0400] "POST /wp-json/contact-form-7/v1/contact-forms/342/feedback HTTP/1.0" 200 205 "http://tejoversea.com/contact-us/" "Mozilla/5.0 (Windows NT 10.0; Win64; x64) AppleWebKit/537.36 (KHTML, like Gecko) Chrome/131.0.0.0 Safari/537.36 Avast/131.0.0.0"
162.213.253.84 - - [10/Jun/2026:13:56:20 -0400] "POST /wp-cron.php?doing_wp_cron=1781114180.3110771179199218750000 HTTP/1.1" 200 0 "http://tejoversea.com/wp-cron.php?doing_wp_cron=1781114180.3110771179199218750000" "WordPress/6.0.2; http://tejoversea.com"
146.56.197.150 - - [10/Jun/2026:13:56:19 -0400] "GET / HTTP/1.1" 301 0 "-" "Mozilla/5.0 (iPhone; CPU iPhone OS 13_2_3 like Mac OS X) AppleWebKit/605.1.15 (KHTML, like Gecko) Version/13.0.3 Mobile/15E148 Safari/604.1"
162.213.253.84 - - [10/Jun/2026:13:56:21 -0400] "POST /wp-admin/admin-ajax.php?action=async_litespeed&nonce=67f5e274f4&litespeed_type=imgoptm HTTP/1.1" 200 0 "http://tejoversea.com/wp-admin/admin-ajax.php?action=async_litespeed&nonce=67f5e274f4&litespeed_type=imgoptm" "WordPress/6.0.2; http://tejoversea.com"
162.213.253.84 - - [10/Jun/2026:14:03:39 -0400] "POST /wp-cron.php?doing_wp_cron=1781114619.7214579582214355468750 HTTP/1.1" 200 0 "http://tejoversea.com/wp-cron.php?doing_wp_cron=1781114619.7214579582214355468750" "WordPress/6.0.2; http://tejoversea.com"
35.185.61.107 - - [10/Jun/2026:14:03:39 -0400] "HEAD /wordpress/ HTTP/1.1" 404 0 "-" "Mozilla/5.0 (Linux; Android 12; Redmi Note 11) AppleWebKit/537.36 (KHTML, like Gecko) Chrome/123.0.6312.112 Mobile Safari/537.36"
35.185.61.107 - - [10/Jun/2026:14:03:40 -0400] "HEAD / HTTP/1.1" 200 0 "-" "Mozilla/5.0 (Macintosh; Intel Mac OS X 13_5) AppleWebKit/605.1.15 (KHTML, like Gecko) Version/16.5 Safari/605.1.15"
35.185.61.107 - - [10/Jun/2026:14:03:40 -0400] "HEAD /blog/ HTTP/1.1" 404 0 "-" "Mozilla/5.0 (Windows NT 11.0; Win64; x64) AppleWebKit/537.36 (KHTML, like Gecko) Edg/128.0.2790.25 Chrome/128.0.6540.22 Safari/537.36"
147.93.158.72 - - [10/Jun/2026:14:11:03 -0400] "GET / HTTP/1.1" 200 83452 "-" "Mozilla/5.0 (Windows NT 10.0; Win64; x64) AppleWebKit/537.36 (KHTML, like Gecko) Chrome/95.0.4638.69 Safari/537.36"
147.93.158.72 - - [10/Jun/2026:14:11:05 -0400] "GET /feed/ HTTP/1.1" 200 1292 "-" "Mozilla/5.0 (Windows NT 10.0; Win64; x64) AppleWebKit/537.36 (KHTML, like Gecko) Chrome/95.0.4638.69 Safari/537.36"
162.213.253.84 - - [10/Jun/2026:14:11:06 -0400] "POST /wp-cron.php?doing_wp_cron=1781115066.6664481163024902343750 HTTP/1.1" 200 0 "http://tejoversea.com/wp-cron.php?doing_wp_cron=1781115066.6664481163024902343750" "WordPress/6.0.2; http://tejoversea.com"
147.93.158.72 - - [10/Jun/2026:14:11:05 -0400] "GET /?author=1 HTTP/1.1" 404 28694 "-" "Mozilla/5.0 (Windows NT 10.0; Win64; x64) AppleWebKit/537.36 (KHTML, like Gecko) Chrome/95.0.4638.69 Safari/537.36"
162.213.253.84 - - [10/Jun/2026:14:11:07 -0400] "POST /wp-admin/admin-ajax.php?action=async_litespeed&nonce=67f5e274f4&litespeed_type=imgoptm HTTP/1.1" 200 0 "http://tejoversea.com/wp-admin/admin-ajax.php?action=async_litespeed&nonce=67f5e274f4&litespeed_type=imgoptm" "WordPress/6.0.2; http://tejoversea.com"
147.93.158.72 - - [10/Jun/2026:14:11:08 -0400] "GET /wp-json/wp/v2/users/ HTTP/1.1" 200 7269 "-" "Mozilla/5.0 (Windows NT 10.0; Win64; x64) AppleWebKit/537.36 (KHTML, like Gecko) Chrome/95.0.4638.69 Safari/537.36"
147.93.158.72 - - [10/Jun/2026:14:11:08 -0400] "GET /wp-json/oembed/1.0/embed?url=http://tejoversea.com HTTP/1.1" 200 2831 "-" "Mozilla/5.0 (Windows NT 10.0; Win64; x64) AppleWebKit/537.36 (KHTML, like Gecko) Chrome/95.0.4638.69 Safari/537.36"
162.213.253.84 - - [10/Jun/2026:14:03:40 -0400] "POST /wp-admin/admin-ajax.php?action=async_litespeed&nonce=67f5e274f4&litespeed_type=imgoptm HTTP/1.1" 200 0 "http://tejoversea.com/wp-admin/admin-ajax.php?action=async_litespeed&nonce=67f5e274f4&litespeed_type=imgoptm" "WordPress/6.0.2; http://tejoversea.com"
35.185.61.107 - - [10/Jun/2026:14:03:41 -0400] "HEAD /wp/ HTTP/1.1" 404 0 "-" "Mozilla/5.0 (Macintosh; Intel Mac OS X 13_5) AppleWebKit/605.1.15 (KHTML, like Gecko) Version/16.5 Safari/605.1.15"
35.185.61.107 - - [10/Jun/2026:14:03:41 -0400] "HEAD /new/ HTTP/1.1" 404 0 "-" "Mozilla/5.0 (Linux; Android 11; RMX2195) AppleWebKit/537.36 (KHTML, like Gecko) Chrome/120.0.6099.210 Mobile Safari/537.36 OPR/75.2.3995.72468"
35.185.61.107 - - [10/Jun/2026:14:03:42 -0400] "HEAD /old/ HTTP/1.1" 404 0 "-" "Mozilla/5.0 (Macintosh; Intel Mac OS X 14_5) AppleWebKit/605.1.15 (KHTML, like Gecko) Version/17.5 Safari/605.1.15"
35.185.61.107 - - [10/Jun/2026:14:03:43 -0400] "HEAD /backup/ HTTP/1.1" 404 0 "-" "Mozilla/5.0 (iPhone; CPU iPhone OS 17_5 like Mac OS X) AppleWebKit/605.1.15 (KHTML, like Gecko) Version/17.5 Mobile/15E148 Safari/604.1"
147.93.158.72 - - [10/Jun/2026:14:11:05 -0400] "GET /wp-includes/ID3/license.txt HTTP/1.1" 200 1361 "-" "Mozilla/5.0 (Windows NT 10.0; Win64; x64) AppleWebKit/537.36 (KHTML, like Gecko) Chrome/95.0.4638.69 Safari/537.36"
43.134.114.37 - - [10/Jun/2026:15:18:36 -0400] "GET / HTTP/1.1" 200 19145 "-" "Mozilla/5.0 (iPhone; CPU iPhone OS 13_2_3 like Mac OS X) AppleWebKit/605.1.15 (KHTML, like Gecko) Version/13.0.3 Mobile/15E148 Safari/604.1"
43.133.253.253 - - [10/Jun/2026:15:46:49 -0400] "GET /wp-content/uploads/2022/09/packing-cargo-1.png.webp HTTP/1.1" 200 82546 "-" "Mozilla/5.0 (iPhone; CPU iPhone OS 13_2_3 like Mac OS X) AppleWebKit/605.1.15 (KHTML, like Gecko) Version/13.0.3 Mobile/15E148 Safari/604.1"
43.162.95.192 - - [10/Jun/2026:15:55:14 -0400] "GET /comments/feed/ HTTP/1.1" 200 589 "-" "Mozilla/5.0 (iPhone; CPU iPhone OS 13_2_3 like Mac OS X) AppleWebKit/605.1.15 (KHTML, like Gecko) Version/13.0.3 Mobile/15E148 Safari/604.1"
162.213.253.84 - - [10/Jun/2026:15:55:15 -0400] "POST /wp-admin/admin-ajax.php?action=async_litespeed&nonce=67f5e274f4&litespeed_type=imgoptm HTTP/1.1" 200 0 "http://tejoversea.com/wp-admin/admin-ajax.php?action=async_litespeed&nonce=67f5e274f4&litespeed_type=imgoptm" "WordPress/6.0.2; http://tejoversea.com"
162.213.253.84 - - [10/Jun/2026:15:55:14 -0400] "POST /wp-cron.php?doing_wp_cron=1781121314.9432508945465087890625 HTTP/1.1" 200 0 "http://tejoversea.com/wp-cron.php?doing_wp_cron=1781121314.9432508945465087890625" "WordPress/6.0.2; http://tejoversea.com"
162.213.253.84 - - [10/Jun/2026:16:08:20 -0400] "POST /wp-cron.php?doing_wp_cron=1781122100.5719220638275146484375 HTTP/1.1" 200 0 "http://tejoversea.com/wp-cron.php?doing_wp_cron=1781122100.5719220638275146484375" "WordPress/6.0.2; http://tejoversea.com"
43.160.241.129 - - [10/Jun/2026:16:08:19 -0400] "GET /wp-json/oembed/1.0/embed?url=http%3A%2F%2Ftejoversea.com%2F HTTP/1.1" 200 2831 "-" "Mozilla/5.0 (iPhone; CPU iPhone OS 13_2_3 like Mac OS X) AppleWebKit/605.1.15 (KHTML, like Gecko) Version/13.0.3 Mobile/15E148 Safari/604.1"
162.213.253.84 - - [10/Jun/2026:16:08:21 -0400] "POST /wp-admin/admin-ajax.php?action=async_litespeed&nonce=67f5e274f4&litespeed_type=imgoptm HTTP/1.1" 200 0 "http://tejoversea.com/wp-admin/admin-ajax.php?action=async_litespeed&nonce=67f5e274f4&litespeed_type=imgoptm" "WordPress/6.0.2; http://tejoversea.com"
162.213.253.84 - - [10/Jun/2026:16:27:00 -0400] "POST /wp-cron.php?doing_wp_cron=1781123220.0982370376586914062500 HTTP/1.1" 200 0 "http://tejoversea.com/wp-cron.php?doing_wp_cron=1781123220.0982370376586914062500" "WordPress/6.0.2; http://tejoversea.com"
54.83.240.58 - - [10/Jun/2026:16:26:59 -0400] "GET /wp-json/wp/v2/pages/113?page_id=91 HTTP/1.1" 200 46855 "-" "Mozilla/5.0 AppleWebKit/537.36 (KHTML, like Gecko; compatible; Amazonbot/0.1; +https://developer.amazon.com/support/amazonbot) Chrome/119.0.6045.214 Safari/537.36"
162.213.253.84 - - [10/Jun/2026:16:27:00 -0400] "POST /wp-admin/admin-ajax.php?action=async_litespeed&nonce=67f5e274f4&litespeed_type=imgoptm HTTP/1.1" 200 0 "http://tejoversea.com/wp-admin/admin-ajax.php?action=async_litespeed&nonce=67f5e274f4&litespeed_type=imgoptm" "WordPress/6.0.2; http://tejoversea.com"
3.221.50.71 - - [10/Jun/2026:16:27:38 -0400] "GET /wp-json/oembed/1.0/embed?format=xml&url=http://tejoversea.com/track-order/ HTTP/1.1" 200 1269 "-" "Mozilla/5.0 AppleWebKit/537.36 (KHTML, like Gecko; compatible; Amazonbot/0.1; +https://developer.amazon.com/support/amazonbot) Chrome/119.0.6045.214 Safari/537.36"
162.213.253.84 - - [10/Jun/2026:16:27:39 -0400] "POST /wp-admin/admin-ajax.php?action=async_litespeed&nonce=67f5e274f4&litespeed_type=imgoptm HTTP/1.1" 200 0 "http://tejoversea.com/wp-admin/admin-ajax.php?action=async_litespeed&nonce=67f5e274f4&litespeed_type=imgoptm" "WordPress/6.0.2; http://tejoversea.com"
162.213.253.84 - - [10/Jun/2026:16:28:33 -0400] "POST /wp-cron.php?doing_wp_cron=1781123313.3531239032745361328125 HTTP/1.1" 200 0 "http://tejoversea.com/wp-cron.php?doing_wp_cron=1781123313.3531239032745361328125" "WordPress/6.0.2; http://tejoversea.com"
170.106.84.136 - - [10/Jun/2026:16:28:32 -0400] "GET / HTTP/1.1" 301 0 "-" "Mozilla/5.0 (iPhone; CPU iPhone OS 13_2_3 like Mac OS X) AppleWebKit/605.1.15 (KHTML, like Gecko) Version/13.0.3 Mobile/15E148 Safari/604.1"
170.106.84.136 - - [10/Jun/2026:16:28:34 -0400] "GET / HTTP/1.1" 200 19145 "http://www.tejoversea.com" "Mozilla/5.0 (iPhone; CPU iPhone OS 13_2_3 like Mac OS X) AppleWebKit/605.1.15 (KHTML, like Gecko) Version/13.0.3 Mobile/15E148 Safari/604.1"
162.213.253.84 - - [10/Jun/2026:16:28:33 -0400] "POST /wp-admin/admin-ajax.php?action=async_litespeed&nonce=67f5e274f4&litespeed_type=imgoptm HTTP/1.1" 200 0 "http://tejoversea.com/wp-admin/admin-ajax.php?action=async_litespeed&nonce=67f5e274f4&litespeed_type=imgoptm" "WordPress/6.0.2; http://tejoversea.com"
162.213.253.84 - - [10/Jun/2026:16:27:39 -0400] "POST /wp-cron.php?doing_wp_cron=1781123259.2874639034271240234375 HTTP/1.1" 200 0 "http://tejoversea.com/wp-cron.php?doing_wp_cron=1781123259.2874639034271240234375" "WordPress/6.0.2; http://tejoversea.com"
162.213.253.84 - - [10/Jun/2026:16:35:04 -0400] "POST /wp-cron.php?doing_wp_cron=1781123704.2203299999237060546875 HTTP/1.1" 200 0 "http://tejoversea.com/wp-cron.php?doing_wp_cron=1781123704.2203299999237060546875" "WordPress/6.0.2; http://tejoversea.com"
18.211.148.239 - - [10/Jun/2026:16:38:30 -0400] "GET /wp-json/wp/v2/pages/113?page_id=107 HTTP/1.1" 200 46856 "-" "Mozilla/5.0 AppleWebKit/537.36 (KHTML, like Gecko; compatible; Amazonbot/0.1; +https://developer.amazon.com/support/amazonbot) Chrome/119.0.6045.214 Safari/537.36"
162.213.253.84 - - [10/Jun/2026:16:38:32 -0400] "POST /wp-admin/admin-ajax.php?action=async_litespeed&nonce=67f5e274f4&litespeed_type=imgoptm HTTP/1.1" 200 0 "http://tejoversea.com/wp-admin/admin-ajax.php?action=async_litespeed&nonce=67f5e274f4&litespeed_type=imgoptm" "WordPress/6.0.2; http://tejoversea.com"
172.93.148.164 - - [10/Jun/2026:16:48:49 -0400] "GET /contact-us/ HTTP/1.1" 200 12957 "-" "Mozilla/5.0 (X11; Linux x86_64; rv:128.0) Gecko/20100101 Firefox/128.0"
162.213.253.84 - - [10/Jun/2026:16:48:56 -0400] "POST /wp-cron.php?doing_wp_cron=1781124536.8375608921051025390625 HTTP/1.1" 200 0 "http://tejoversea.com/wp-cron.php?doing_wp_cron=1781124536.8375608921051025390625" "WordPress/6.0.2; http://tejoversea.com"
172.93.148.164 - - [10/Jun/2026:16:48:56 -0400] "POST /wp-json/contact-form-7/v1/contact-forms/342/feedback HTTP/1.1" 200 205 "http://tejoversea.com/contact-us/" "Mozilla/5.0 (X11; Linux x86_64; rv:128.0) Gecko/20100101 Firefox/128.0"
52.167.144.187 - - [10/Jun/2026:16:35:03 -0400] "GET /wp-content/themes/logistek/assets/img/side-panel/6.jpg HTTP/1.1" 404 6956 "-" "Mozilla/5.0 AppleWebKit/537.36 (KHTML, like Gecko; compatible; bingbot/2.0; +http://www.bing.com/bingbot.htm) Chrome/116.0.1938.76 Safari/537.36"
162.213.253.84 - - [10/Jun/2026:16:35:04 -0400] "POST /wp-admin/admin-ajax.php?action=async_litespeed&nonce=67f5e274f4&litespeed_type=imgoptm HTTP/1.1" 200 0 "http://tejoversea.com/wp-admin/admin-ajax.php?action=async_litespeed&nonce=67f5e274f4&litespeed_type=imgoptm" "WordPress/6.0.2; http://tejoversea.com"
162.213.253.84 - - [10/Jun/2026:16:38:31 -0400] "POST /wp-cron.php?doing_wp_cron=1781123911.4668450355529785156250 HTTP/1.1" 200 0 "http://tejoversea.com/wp-cron.php?doing_wp_cron=1781123911.4668450355529785156250" "WordPress/6.0.2; http://tejoversea.com"
172.93.148.164 - - [10/Jun/2026:16:48:50 -0400] "GET /wp-content/plugins/contact-form-7/includes/js/index.js?ver=5.6.3 HTTP/1.1" 200 3689 "http://tejoversea.com/contact-us/" "Mozilla/5.0 (X11; Linux x86_64; rv:128.0) Gecko/20100101 Firefox/128.0"
162.213.253.84 - - [10/Jun/2026:16:48:57 -0400] "POST /wp-admin/admin-ajax.php?action=async_litespeed&nonce=67f5e274f4&litespeed_type=imgoptm HTTP/1.1" 200 0 "http://tejoversea.com/wp-admin/admin-ajax.php?action=async_litespeed&nonce=67f5e274f4&litespeed_type=imgoptm" "WordPress/6.0.2; http://tejoversea.com"
162.213.253.84 - - [10/Jun/2026:16:52:08 -0400] "POST /wp-cron.php?doing_wp_cron=1781124728.4112958908081054687500 HTTP/1.1" 200 0 "http://tejoversea.com/wp-cron.php?doing_wp_cron=1781124728.4112958908081054687500" "WordPress/6.0.2; http://tejoversea.com"
37.237.237.4 - - [10/Jun/2026:16:52:07 -0400] "GET /about/ HTTP/1.1" 301 0 "-" "Mozilla/5.0 (Macintosh; Intel Mac OS X 12.6; rv:125.0) Gecko/20100101 Firefox/125.0"
162.213.253.84 - - [10/Jun/2026:17:04:31 -0400] "POST /wp-cron.php?doing_wp_cron=1781125471.4329869747161865234375 HTTP/1.1" 200 0 "http://tejoversea.com/wp-cron.php?doing_wp_cron=1781125471.4329869747161865234375" "WordPress/6.0.2; http://tejoversea.com"
43.157.174.69 - - [10/Jun/2026:17:04:30 -0400] "GET /?s= HTTP/1.1" 200 13497 "-" "Mozilla/5.0 (iPhone; CPU iPhone OS 13_2_3 like Mac OS X) AppleWebKit/605.1.15 (KHTML, like Gecko) Version/13.0.3 Mobile/15E148 Safari/604.1"
162.213.253.84 - - [10/Jun/2026:17:04:32 -0400] "POST /wp-admin/admin-ajax.php?action=async_litespeed&nonce=67f5e274f4&litespeed_type=imgoptm HTTP/1.1" 200 0 "http://tejoversea.com/wp-admin/admin-ajax.php?action=async_litespeed&nonce=67f5e274f4&litespeed_type=imgoptm" "WordPress/6.0.2; http://tejoversea.com"
162.213.253.84 - - [10/Jun/2026:16:52:08 -0400] "POST /wp-admin/admin-ajax.php?action=async_litespeed&nonce=67f5e274f4&litespeed_type=imgoptm HTTP/1.1" 200 0 "http://tejoversea.com/wp-admin/admin-ajax.php?action=async_litespeed&nonce=67f5e274f4&litespeed_type=imgoptm" "WordPress/6.0.2; http://tejoversea.com"
162.213.253.84 - - [10/Jun/2026:16:52:11 -0400] "POST /wp-cron.php?doing_wp_cron=1781124731.0985949039459228515625 HTTP/1.1" 200 0 "http://tejoversea.com/wp-cron.php?doing_wp_cron=1781124731.0985949039459228515625" "WordPress/6.0.2; http://tejoversea.com"
88.138.73.218 - - [10/Jun/2026:16:52:10 -0400] "GET /about-us/ HTTP/1.1" 200 14973 "-" "Mozilla/5.0 (Macintosh; Intel Mac OS X 12.6; rv:125.0) Gecko/20100101 Firefox/125.0"
162.213.253.84 - - [10/Jun/2026:17:07:02 -0400] "POST /wp-cron.php?doing_wp_cron=1781125622.7973420619964599609375 HTTP/1.1" 200 0 "http://tejoversea.com/wp-cron.php?doing_wp_cron=1781125622.7973420619964599609375" "WordPress/6.0.2; http://tejoversea.com"
158.158.76.105 - - [10/Jun/2026:17:07:02 -0400] "GET /wp-content/plugins/hellopress/wp_filemanager.php HTTP/1.1" 404 28743 "-" "-"
158.158.76.105 - - [10/Jun/2026:17:07:10 -0400] "GET /xb.php HTTP/1.1" 404 28701 "-" "-"
162.213.253.84 - - [10/Jun/2026:17:07:11 -0400] "POST /wp-cron.php?doing_wp_cron=1781125631.4652900695800781250000 HTTP/1.1" 200 0 "http://tejoversea.com/wp-cron.php?doing_wp_cron=1781125631.4652900695800781250000" "WordPress/6.0.2; http://tejoversea.com"
158.158.76.105 - - [10/Jun/2026:17:07:10 -0400] "GET /biufile.php HTTP/1.1" 404 28706 "-" "-"
158.158.76.105 - - [10/Jun/2026:17:07:14 -0400] "GET /wpconf.php HTTP/1.1" 404 28705 "-" "-"
158.158.76.105 - - [10/Jun/2026:17:07:14 -0400] "GET /ultradybbuks.php HTTP/1.1" 404 28711 "-" "-"
158.158.76.105 - - [10/Jun/2026:17:07:17 -0400] "GET /007.php HTTP/1.1" 404 28702 "-" "-"
158.158.76.105 - - [10/Jun/2026:17:07:18 -0400] "GET /dejavu.php HTTP/1.1" 404 28705 "-" "-"
162.213.253.84 - - [10/Jun/2026:17:07:19 -0400] "POST /wp-admin/admin-ajax.php?action=async_litespeed&nonce=67f5e274f4&litespeed_type=imgoptm HTTP/1.1" 200 0 "http://tejoversea.com/wp-admin/admin-ajax.php?action=async_litespeed&nonce=67f5e274f4&litespeed_type=imgoptm" "WordPress/6.0.2; http://tejoversea.com"
158.158.76.105 - - [10/Jun/2026:17:07:20 -0400] "GET /aaf.php HTTP/1.1" 404 28702 "-" "-"
158.158.76.105 - - [10/Jun/2026:17:07:21 -0400] "GET /b00869ae6e.php HTTP/1.1" 404 28709 "-" "-"
158.158.76.105 - - [10/Jun/2026:17:07:22 -0400] "GET /hellcut.php HTTP/1.1" 404 28706 "-" "-"
158.158.76.105 - - [10/Jun/2026:17:07:25 -0400] "GET /hur.php HTTP/1.1" 404 28702 "-" "-"
158.158.76.105 - - [10/Jun/2026:17:07:26 -0400] "GET /2222.php HTTP/1.1" 404 28703 "-" "-"
158.158.76.105 - - [10/Jun/2026:17:07:28 -0400] "GET /mariju.php HTTP/1.1" 404 28705 "-" "-"
158.158.76.105 - - [10/Jun/2026:17:07:31 -0400] "GET /seiso.php HTTP/1.1" 404 28704 "-" "-"
158.158.76.105 - - [10/Jun/2026:17:07:31 -0400] "GET /155.php HTTP/1.1" 404 28702 "-" "-"
158.158.76.105 - - [10/Jun/2026:17:07:33 -0400] "GET /201.php HTTP/1.1" 404 28702 "-" "-"
158.158.76.105 - - [10/Jun/2026:17:07:35 -0400] "GET /samll.php HTTP/1.1" 404 28704 "-" "-"
158.158.76.105 - - [10/Jun/2026:17:07:36 -0400] "GET /ingfo.php HTTP/1.1" 404 28704 "-" "-"
158.158.76.105 - - [10/Jun/2026:17:07:37 -0400] "GET /error_log.php HTTP/1.1" 404 28708 "-" "-"
158.158.76.105 - - [10/Jun/2026:17:07:38 -0400] "GET /xenon1337.php HTTP/1.1" 404 28708 "-" "-"
158.158.76.105 - - [10/Jun/2026:17:07:40 -0400] "GET /koala.php HTTP/1.1" 404 28704 "-" "-"
158.158.76.105 - - [10/Jun/2026:17:07:41 -0400] "GET /25d653587fdfd1.php HTTP/1.1" 404 28713 "-" "-"
158.158.76.105 - - [10/Jun/2026:17:07:44 -0400] "GET /modules/mod_simplefileuploadv1.3/elements/filemanager.php?p= HTTP/1.1" 301 0 "-" "-"
158.158.76.105 - - [10/Jun/2026:17:07:45 -0400] "GET /modules/mod_simplefileuploadv1.3/elements/filemanager.php HTTP/1.1" 404 28752 "-" "-"
158.158.76.105 - - [10/Jun/2026:17:07:46 -0400] "GET /wp-includes/blocks/post-comments-form/ HTTP/1.1" 403 1242 "-" "-"
158.158.76.105 - - [10/Jun/2026:17:07:47 -0400] "GET /half.php HTTP/1.1" 404 28703 "-" "-"
158.158.76.105 - - [10/Jun/2026:17:07:49 -0400] "GET /tires.php HTTP/1.1" 404 28704 "-" "-"
158.158.76.105 - - [10/Jun/2026:17:07:50 -0400] "GET /wordpress/wp-admin/maint/ HTTP/1.1" 404 28719 "-" "-"
158.158.76.105 - - [10/Jun/2026:17:07:51 -0400] "GET /like.php HTTP/1.1" 404 28703 "-" "-"
158.158.76.105 - - [10/Jun/2026:17:07:55 -0400] "GET /t3s.php HTTP/1.1" 404 28702 "-" "-"
158.158.76.105 - - [10/Jun/2026:17:07:56 -0400] "GET /wp-admin/css/ HTTP/1.1" 403 1242 "-" "-"
158.158.76.105 - - [10/Jun/2026:17:07:56 -0400] "GET /wp-admin/css/colors/modern/ HTTP/1.1" 403 1242 "-" "-"
158.158.76.105 - - [10/Jun/2026:17:07:56 -0400] "GET /uwu.php HTTP/1.1" 404 28702 "-" "-"
162.213.253.84 - - [10/Jun/2026:17:07:03 -0400] "POST /wp-admin/admin-ajax.php?action=async_litespeed&nonce=67f5e274f4&litespeed_type=imgoptm HTTP/1.1" 200 0 "http://tejoversea.com/wp-admin/admin-ajax.php?action=async_litespeed&nonce=67f5e274f4&litespeed_type=imgoptm" "WordPress/6.0.2; http://tejoversea.com"
158.158.76.105 - - [10/Jun/2026:17:07:04 -0400] "GET /this_is_a_new_hello_world.php HTTP/1.1" 404 28724 "-" "-"
158.158.76.105 - - [10/Jun/2026:17:07:05 -0400] "GET /x.php HTTP/1.1" 404 28700 "-" "-"
158.158.76.105 - - [10/Jun/2026:17:07:06 -0400] "GET /nom.php HTTP/1.1" 404 28702 "-" "-"
158.158.76.105 - - [10/Jun/2026:17:07:07 -0400] "GET /mmn.php HTTP/1.1" 404 28702 "-" "-"
158.158.76.105 - - [10/Jun/2026:17:07:08 -0400] "GET /ano.php HTTP/1.1" 404 28702 "-" "-"
158.158.76.105 - - [10/Jun/2026:17:07:09 -0400] "GET /sukce.php HTTP/1.1" 404 28704 "-" "-"
158.158.76.105 - - [10/Jun/2026:17:07:13 -0400] "GET /Charles.php HTTP/1.1" 404 28706 "-" "-"
158.158.76.105 - - [10/Jun/2026:17:07:15 -0400] "GET /novax.php HTTP/1.1" 404 28704 "-" "-"
158.158.76.105 - - [10/Jun/2026:17:07:16 -0400] "GET /mosty.php HTTP/1.1" 404 28704 "-" "-"
162.213.253.84 - - [10/Jun/2026:17:07:18 -0400] "POST /wp-cron.php?doing_wp_cron=1781125638.8931529521942138671875 HTTP/1.1" 200 0 "http://tejoversea.com/wp-cron.php?doing_wp_cron=1781125638.8931529521942138671875" "WordPress/6.0.2; http://tejoversea.com"
158.158.76.105 - - [10/Jun/2026:17:07:23 -0400] "GET /wander.php HTTP/1.1" 404 28705 "-" "-"
158.158.76.105 - - [10/Jun/2026:17:07:24 -0400] "GET /ha.php HTTP/1.1" 404 28701 "-" "-"
158.158.76.105 - - [10/Jun/2026:17:07:27 -0400] "GET /h02ugyh.php HTTP/1.1" 404 28706 "-" "-"
158.158.76.105 - - [10/Jun/2026:17:07:29 -0400] "GET /cu.php HTTP/1.1" 404 28701 "-" "-"
158.158.76.105 - - [10/Jun/2026:17:07:32 -0400] "GET /ppp.php HTTP/1.1" 404 28702 "-" "-"
158.158.76.105 - - [10/Jun/2026:17:07:34 -0400] "GET /ops.php HTTP/1.1" 404 28702 "-" "-"
158.158.76.105 - - [10/Jun/2026:17:07:39 -0400] "GET /test11.php HTTP/1.1" 404 28705 "-" "-"
158.158.76.105 - - [10/Jun/2026:17:07:41 -0400] "GET /mac.php HTTP/1.1" 404 28702 "-" "-"
158.158.76.105 - - [10/Jun/2026:17:07:43 -0400] "GET /wefile.php HTTP/1.1" 404 28705 "-" "-"
158.158.76.105 - - [10/Jun/2026:17:07:46 -0400] "GET /wp-admin/js/ HTTP/1.1" 403 1242 "-" "-"
158.158.76.105 - - [10/Jun/2026:17:07:46 -0400] "GET /wp-admin/css/colour.php HTTP/1.1" 404 28718 "-" "-"
158.158.76.105 - - [10/Jun/2026:17:07:48 -0400] "GET /2P.php HTTP/1.1" 404 28701 "-" "-"
158.158.76.105 - - [10/Jun/2026:17:07:52 -0400] "GET /.well-known/about.php HTTP/1.1" 404 28716 "-" "-"
158.158.76.105 - - [10/Jun/2026:17:07:53 -0400] "GET /wp-includes/ID3/about.php HTTP/1.1" 404 28720 "-" "-"
158.158.76.105 - - [10/Jun/2026:17:07:54 -0400] "GET /bob.php HTTP/1.1" 404 28702 "-" "-"
158.158.76.105 - - [10/Jun/2026:17:07:57 -0400] "GET /uwa.php HTTP/1.1" 404 28702 "-" "-"
158.158.76.105 - - [10/Jun/2026:17:07:58 -0400] "GET /geforce.php HTTP/1.1" 404 28706 "-" "-"
158.158.76.105 - - [10/Jun/2026:17:08:01 -0400] "GET /wp-includes/blocks/audio/ HTTP/1.1" 403 1242 "-" "-"
158.158.76.105 - - [10/Jun/2026:17:08:03 -0400] "GET /wp-temp.php HTTP/1.1" 404 28706 "-" "-"
158.158.76.105 - - [10/Jun/2026:17:08:04 -0400] "GET /w2026.php HTTP/1.1" 404 28704 "-" "-"
162.213.253.84 - - [10/Jun/2026:17:08:11 -0400] "POST /wp-cron.php?doing_wp_cron=1781125691.2484591007232666015625 HTTP/1.1" 200 0 "http://tejoversea.com/wp-cron.php?doing_wp_cron=1781125691.2484591007232666015625" "WordPress/6.0.2; http://tejoversea.com"
158.158.76.105 - - [10/Jun/2026:17:08:13 -0400] "GET /wp-admin/js/ HTTP/1.1" 403 1242 "-" "-"
158.158.76.105 - - [10/Jun/2026:17:08:13 -0400] "GET /dx.php HTTP/1.1" 404 28701 "-" "-"
158.158.76.105 - - [10/Jun/2026:17:08:17 -0400] "GET /dx.php HTTP/1.1" 404 28701 "-" "-"
158.158.76.105 - - [10/Jun/2026:17:08:19 -0400] "GET /p.php HTTP/1.1" 404 28700 "-" "-"
158.158.76.105 - - [10/Jun/2026:17:08:22 -0400] "GET /8.php HTTP/1.1" 404 28700 "-" "-"
158.158.76.105 - - [10/Jun/2026:17:08:24 -0400] "GET /100.php HTTP/1.1" 404 28702 "-" "-"
158.158.76.105 - - [10/Jun/2026:17:07:58 -0400] "GET /crgio.php HTTP/1.1" 404 28704 "-" "-"
158.158.76.105 - - [10/Jun/2026:17:07:59 -0400] "GET /pucci.php HTTP/1.1" 404 28704 "-" "-"
158.158.76.105 - - [10/Jun/2026:17:08:00 -0400] "GET /wp-includes/blocks/details/ HTTP/1.1" 404 28721 "-" "-"
158.158.76.105 - - [10/Jun/2026:17:08:01 -0400] "GET /one.php HTTP/1.1" 404 28702 "-" "-"
158.158.76.105 - - [10/Jun/2026:17:08:03 -0400] "GET /wp-includes/blocks/buttons/ HTTP/1.1" 403 1242 "-" "-"
158.158.76.105 - - [10/Jun/2026:17:08:10 -0400] "GET /mode.php HTTP/1.1" 404 28703 "-" "-"
158.158.76.105 - - [10/Jun/2026:17:08:12 -0400] "GET //wp-admin/js/index.php HTTP/1.1" 301 0 "-" "-"
158.158.76.105 - - [10/Jun/2026:17:08:14 -0400] "GET /puc.php HTTP/1.1" 404 28702 "-" "-"
158.158.76.105 - - [10/Jun/2026:17:08:15 -0400] "GET //themes.php HTTP/1.1" 301 0 "-" "-"
158.158.76.105 - - [10/Jun/2026:17:08:16 -0400] "GET /themes.php HTTP/1.1" 404 28705 "-" "-"
162.213.253.84 - - [10/Jun/2026:17:08:18 -0400] "POST /wp-cron.php?doing_wp_cron=1781125698.1223731040954589843750 HTTP/1.1" 200 0 "http://tejoversea.com/wp-cron.php?doing_wp_cron=1781125698.1223731040954589843750" "WordPress/6.0.2; http://tejoversea.com"
158.158.76.105 - - [10/Jun/2026:17:08:17 -0400] "GET /11.php HTTP/1.1" 404 28701 "-" "-"
162.213.253.84 - - [10/Jun/2026:17:08:18 -0400] "POST /wp-admin/admin-ajax.php?action=async_litespeed&nonce=67f5e274f4&litespeed_type=imgoptm HTTP/1.1" 200 0 "http://tejoversea.com/wp-admin/admin-ajax.php?action=async_litespeed&nonce=67f5e274f4&litespeed_type=imgoptm" "WordPress/6.0.2; http://tejoversea.com"
158.158.76.105 - - [10/Jun/2026:17:08:21 -0400] "GET //wp-includes/Requests/ HTTP/1.1" 403 1242 "-" "-"
158.158.76.105 - - [10/Jun/2026:17:08:21 -0400] "GET /bthil.php HTTP/1.1" 404 28704 "-" "-"
158.158.76.105 - - [10/Jun/2026:17:08:22 -0400] "GET /7.php HTTP/1.1" 404 28700 "-" "-"
158.158.76.105 - - [10/Jun/2026:17:08:23 -0400] "GET /1.php HTTP/1.1" 404 28700 "-" "-"
158.158.76.105 - - [10/Jun/2026:17:08:27 -0400] "GET /admin.php HTTP/1.1" 404 28704 "-" "-"
158.158.76.105 - - [10/Jun/2026:17:08:29 -0400] "GET //edit.php HTTP/1.1" 301 0 "-" "-"
158.158.76.105 - - [10/Jun/2026:17:08:29 -0400] "GET /edit.php HTTP/1.1" 404 28703 "-" "-"
158.158.76.105 - - [10/Jun/2026:17:08:30 -0400] "GET /wp-content/admin.php HTTP/1.1" 404 28715 "-" "-"
158.158.76.105 - - [10/Jun/2026:17:08:33 -0400] "GET /inputs.php HTTP/1.1" 404 28705 "-" "-"
158.158.76.105 - - [10/Jun/2026:17:08:38 -0400] "GET /wp-blog.php HTTP/1.1" 404 28706 "-" "-"
158.158.76.105 - - [10/Jun/2026:17:08:39 -0400] "GET //wp-includes/js/jquery/ HTTP/1.1" 403 1242 "-" "-"
158.158.76.105 - - [10/Jun/2026:17:08:40 -0400] "GET //adminfuns.php HTTP/1.1" 301 0 "-" "-"
158.158.76.105 - - [10/Jun/2026:17:08:42 -0400] "GET /ms-edit.php HTTP/1.1" 404 28706 "-" "-"
158.158.76.105 - - [10/Jun/2026:17:08:44 -0400] "GET /222.php HTTP/1.1" 404 28702 "-" "-"
158.158.76.105 - - [10/Jun/2026:17:08:45 -0400] "GET //cgi-bin/index.php HTTP/1.1" 404 1251 "-" "-"
158.158.76.105 - - [10/Jun/2026:17:08:45 -0400] "GET /BDKR28WP.php HTTP/1.1" 404 28707 "-" "-"
158.158.76.105 - - [10/Jun/2026:17:08:48 -0400] "GET /wp-includes/l10n/ HTTP/1.1" 404 28711 "-" "-"
158.158.76.105 - - [10/Jun/2026:17:08:49 -0400] "GET /wp-content/uploads/ HTTP/1.1" 403 1242 "-" "-"
158.158.76.105 - - [10/Jun/2026:17:08:50 -0400] "GET //abcd.php HTTP/1.1" 301 0 "-" "-"
158.158.76.105 - - [10/Jun/2026:17:08:53 -0400] "GET /a1.php HTTP/1.1" 404 28701 "-" "-"
158.158.76.105 - - [10/Jun/2026:17:08:54 -0400] "GET /wp-includes/Text/Diff/Engine/about.php HTTP/1.1" 404 28733 "-" "-"
158.158.76.105 - - [10/Jun/2026:17:08:55 -0400] "GET /bal.php HTTP/1.1" 404 28702 "-" "-"
158.158.76.105 - - [10/Jun/2026:17:08:58 -0400] "GET //wp-content/BypassBest.php HTTP/1.1" 301 0 "-" "-"
158.158.76.105 - - [10/Jun/2026:17:08:59 -0400] "GET /wp-content/BypassBest.php HTTP/1.1" 404 28720 "-" "-"
158.158.76.105 - - [10/Jun/2026:17:09:00 -0400] "GET /wp-content/ HTTP/1.1" 200 0 "-" "-"
158.158.76.105 - - [10/Jun/2026:17:08:26 -0400] "GET /about.php HTTP/1.1" 404 28704 "-" "-"
158.158.76.105 - - [10/Jun/2026:17:08:26 -0400] "GET //admin.php HTTP/1.1" 301 0 "-" "-"
158.158.76.105 - - [10/Jun/2026:17:08:31 -0400] "GET //f6.php HTTP/1.1" 301 0 "-" "-"
158.158.76.105 - - [10/Jun/2026:17:08:32 -0400] "GET /f6.php HTTP/1.1" 404 28701 "-" "-"
158.158.76.105 - - [10/Jun/2026:17:08:34 -0400] "GET //av.php HTTP/1.1" 301 0 "-" "-"
158.158.76.105 - - [10/Jun/2026:17:08:34 -0400] "GET /av.php HTTP/1.1" 404 28701 "-" "-"
158.158.76.105 - - [10/Jun/2026:17:08:35 -0400] "GET /classwithtostring.php?p= HTTP/1.1" 301 0 "-" "-"
158.158.76.105 - - [10/Jun/2026:17:08:36 -0400] "GET /classwithtostring.php HTTP/1.1" 404 28716 "-" "-"
158.158.76.105 - - [10/Jun/2026:17:08:38 -0400] "GET /wp-content/themes/index.php HTTP/1.1" 200 0 "-" "-"
158.158.76.105 - - [10/Jun/2026:17:08:39 -0400] "GET //wp-content/admin.php HTTP/1.1" 301 0 "-" "-"
158.158.76.105 - - [10/Jun/2026:17:08:40 -0400] "GET /wp-content/admin.php HTTP/1.1" 404 28715 "-" "-"
158.158.76.105 - - [10/Jun/2026:17:08:41 -0400] "GET /adminfuns.php HTTP/1.1" 404 28708 "-" "-"
158.158.76.105 - - [10/Jun/2026:17:08:42 -0400] "GET /goods.php HTTP/1.1" 404 28704 "-" "-"
158.158.76.105 - - [10/Jun/2026:17:08:45 -0400] "GET //wp-includes/css/dist/ HTTP/1.1" 403 1242 "-" "-"
158.158.76.105 - - [10/Jun/2026:17:08:47 -0400] "GET //wp-includes/l10n/ HTTP/1.1" 301 0 "-" "-"
158.158.76.105 - - [10/Jun/2026:17:08:49 -0400] "GET /wp.php HTTP/1.1" 404 28701 "-" "-"
158.158.76.105 - - [10/Jun/2026:17:08:51 -0400] "GET /abcd.php HTTP/1.1" 404 28703 "-" "-"
158.158.76.105 - - [10/Jun/2026:17:08:51 -0400] "GET //a1.php HTTP/1.1" 301 0 "-" "-"
158.158.76.105 - - [10/Jun/2026:17:08:55 -0400] "GET //cgi-bin/admin.php HTTP/1.1" 301 0 "-" "-"
158.158.76.105 - - [10/Jun/2026:17:08:56 -0400] "GET /cgi-bin/admin.php HTTP/1.1" 404 28712 "-" "-"
158.158.76.105 - - [10/Jun/2026:17:08:57 -0400] "GET /gettest.php HTTP/1.1" 404 28706 "-" "-"
158.158.76.105 - - [10/Jun/2026:17:09:00 -0400] "GET /simple.php HTTP/1.1" 404 28705 "-" "-"
158.158.76.105 - - [10/Jun/2026:17:09:01 -0400] "GET /kj.php HTTP/1.1" 404 28701 "-" "-"
158.158.76.105 - - [10/Jun/2026:17:09:02 -0400] "GET /xxx.php HTTP/1.1" 404 28702 "-" "-"
158.158.76.105 - - [10/Jun/2026:17:09:03 -0400] "GET /hypo.php HTTP/1.1" 404 28703 "-" "-"
158.158.76.105 - - [10/Jun/2026:17:09:04 -0400] "GET /wp-admin/css/colors/blue/ HTTP/1.1" 403 1242 "-" "-"
158.158.76.105 - - [10/Jun/2026:17:09:05 -0400] "GET //wp-includes/block-bindings/ HTTP/1.1" 301 0 "-" "-"
158.158.76.105 - - [10/Jun/2026:17:09:07 -0400] "GET /gg.php HTTP/1.1" 404 28701 "-" "-"
158.158.76.105 - - [10/Jun/2026:17:09:10 -0400] "GET /pol.php HTTP/1.1" 404 28702 "-" "-"
162.213.253.84 - - [10/Jun/2026:17:09:11 -0400] "POST /wp-cron.php?doing_wp_cron=1781125751.5445199012756347656250 HTTP/1.1" 200 0 "http://tejoversea.com/wp-cron.php?doing_wp_cron=1781125751.5445199012756347656250" "WordPress/6.0.2; http://tejoversea.com"
158.158.76.105 - - [10/Jun/2026:17:09:12 -0400] "GET /006.php HTTP/1.1" 404 28702 "-" "-"
158.158.76.105 - - [10/Jun/2026:17:09:13 -0400] "GET /file5.php HTTP/1.1" 404 28704 "-" "-"
158.158.76.105 - - [10/Jun/2026:17:09:16 -0400] "GET /file.php? HTTP/1.1" 404 28703 "-" "-"
162.213.253.84 - - [10/Jun/2026:17:09:18 -0400] "POST /wp-admin/admin-ajax.php?action=async_litespeed&nonce=67f5e274f4&litespeed_type=imgoptm HTTP/1.1" 200 0 "http://tejoversea.com/wp-admin/admin-ajax.php?action=async_litespeed&nonce=67f5e274f4&litespeed_type=imgoptm" "WordPress/6.0.2; http://tejoversea.com"
158.158.76.105 - - [10/Jun/2026:17:09:20 -0400] "GET /ahax.php HTTP/1.1" 404 28703 "-" "-"
158.158.76.105 - - [10/Jun/2026:17:09:21 -0400] "GET /ccou.php HTTP/1.1" 404 28703 "-" "-"
158.158.76.105 - - [10/Jun/2026:17:09:23 -0400] "GET /dr.php HTTP/1.1" 404 28701 "-" "-"
158.158.76.105 - - [10/Jun/2026:17:09:25 -0400] "GET /cA3bHIkVhgP.php HTTP/1.1" 404 28710 "-" "-"
158.158.76.105 - - [10/Jun/2026:17:09:26 -0400] "GET /bless.php HTTP/1.1" 404 28704 "-" "-"
158.158.76.105 - - [10/Jun/2026:17:09:28 -0400] "GET /bb.php HTTP/1.1" 404 28701 "-" "-"
158.158.76.105 - - [10/Jun/2026:17:09:30 -0400] "GET /5BltUjE9CrY.php HTTP/1.1" 404 28710 "-" "-"
158.158.76.105 - - [10/Jun/2026:17:09:31 -0400] "GET /file25.php HTTP/1.1" 404 28705 "-" "-"
158.158.76.105 - - [10/Jun/2026:17:09:31 -0400] "GET /hg.php HTTP/1.1" 404 28701 "-" "-"
158.158.76.105 - - [10/Jun/2026:17:09:33 -0400] "GET /file59.php HTTP/1.1" 404 28705 "-" "-"
158.158.76.105 - - [10/Jun/2026:17:09:34 -0400] "GET /ff.php HTTP/1.1" 404 28701 "-" "-"
158.158.76.105 - - [10/Jun/2026:17:09:35 -0400] "GET /file6.php HTTP/1.1" 404 28704 "-" "-"
158.158.76.105 - - [10/Jun/2026:17:09:36 -0400] "GET /a2.php HTTP/1.1" 404 28701 "-" "-"
158.158.76.105 - - [10/Jun/2026:17:09:40 -0400] "GET /jp.php HTTP/1.1" 404 28701 "-" "-"
158.158.76.105 - - [10/Jun/2026:17:09:42 -0400] "GET /xa.php HTTP/1.1" 404 28701 "-" "-"
158.158.76.105 - - [10/Jun/2026:17:09:44 -0400] "GET //xwpg.php HTTP/1.1" 301 0 "-" "-"
158.158.76.105 - - [10/Jun/2026:17:09:44 -0400] "GET /xwpg.php HTTP/1.1" 404 28703 "-" "-"
158.158.76.105 - - [10/Jun/2026:17:09:45 -0400] "GET /w2025.php HTTP/1.1" 404 28704 "-" "-"
158.158.76.105 - - [10/Jun/2026:17:09:46 -0400] "GET //wp-includes/assets/ HTTP/1.1" 403 1242 "-" "-"
158.158.76.105 - - [10/Jun/2026:17:09:49 -0400] "GET /xstelth.php HTTP/1.1" 404 28706 "-" "-"
158.158.76.105 - - [10/Jun/2026:17:09:51 -0400] "GET /bel.php HTTP/1.1" 404 28702 "-" "-"
158.158.76.105 - - [10/Jun/2026:17:09:54 -0400] "GET /wp-admin/network/plugins.php HTTP/1.1" 302 0 "-" "-"
158.158.76.105 - - [10/Jun/2026:17:09:04 -0400] "GET /chosen.php HTTP/1.1" 404 28705 "-" "-"
158.158.76.105 - - [10/Jun/2026:17:09:05 -0400] "GET /wp-includes/block-bindings/ HTTP/1.1" 404 28721 "-" "-"
158.158.76.105 - - [10/Jun/2026:17:09:08 -0400] "GET /als.php HTTP/1.1" 404 28702 "-" "-"
