54.223.201.174 - - [02/Mar/2026:08:34:49 -0500] "GET /wp-content/uploads/2024/02/Joby-1-600x398.jpg HTTP/1.1" 200 45527 "https://www.middleeastoday.com/" "Mozilla/5.0 (Linux; Android 13; PFFM10 Build/TP1A.220905.001; wv) AppleWebKit/537.36 (KHTML, like Gecko) Version/4.0 Chrome/88.0.4324.181 Mobile Safari/537.36 aweme_250000 JsSdk/1.0 NetType/WIFI Channel/31725782a AppName/aweme app_version/25.0.0 ByteLocale/zh-CN Region/CN AppSkin/white AppTheme/light BULLET/1 BytedanceWebview/d8a21c6 TTWebView/0881130048402"
54.223.201.174 - - [02/Mar/2026:08:34:49 -0500] "GET /wp-content/uploads/2023/08/Samsung-98-QLED-Launch_KV_EN-600x398.jpg HTTP/1.1" 200 34088 "https://www.middleeastoday.com/" "Mozilla/5.0 (Linux; Android 13; PFFM10 Build/TP1A.220905.001; wv) AppleWebKit/537.36 (KHTML, like Gecko) Version/4.0 Chrome/88.0.4324.181 Mobile Safari/537.36 aweme_250000 JsSdk/1.0 NetType/WIFI Channel/31725782a AppName/aweme app_version/25.0.0 ByteLocale/zh-CN Region/CN AppSkin/white AppTheme/light BULLET/1 BytedanceWebview/d8a21c6 TTWebView/0881130048402"
54.223.201.174 - - [02/Mar/2026:08:34:49 -0500] "GET /wp-content/uploads/2022/04/medium-2700115499464303195-600x398.jpg HTTP/1.1" 200 41784 "https://www.middleeastoday.com/" "Mozilla/5.0 (Linux; Android 13; PFFM10 Build/TP1A.220905.001; wv) AppleWebKit/537.36 (KHTML, like Gecko) Version/4.0 Chrome/88.0.4324.181 Mobile Safari/537.36 aweme_250000 JsSdk/1.0 NetType/WIFI Channel/31725782a AppName/aweme app_version/25.0.0 ByteLocale/zh-CN Region/CN AppSkin/white AppTheme/light BULLET/1 BytedanceWebview/d8a21c6 TTWebView/0881130048402"
54.223.201.174 - - [02/Mar/2026:08:34:49 -0500] "GET /wp-content/uploads/2022/04/thumbnail-2036915695019058350.jpg HTTP/1.1" 200 21049 "https://www.middleeastoday.com/" "Mozilla/5.0 (Linux; Android 13; PFFM10 Build/TP1A.220905.001; wv) AppleWebKit/537.36 (KHTML, like Gecko) Version/4.0 Chrome/88.0.4324.181 Mobile Safari/537.36 aweme_250000 JsSdk/1.0 NetType/WIFI Channel/31725782a AppName/aweme app_version/25.0.0 ByteLocale/zh-CN Region/CN AppSkin/white AppTheme/light BULLET/1 BytedanceWebview/d8a21c6 TTWebView/0881130048402"
54.223.201.174 - - [02/Mar/2026:08:34:49 -0500] "GET /wp-content/uploads/2022/05/medium-543374910260281405-600x398.jpg HTTP/1.1" 200 44594 "https://www.middleeastoday.com/" "Mozilla/5.0 (Linux; Android 13; PFFM10 Build/TP1A.220905.001; wv) AppleWebKit/537.36 (KHTML, like Gecko) Version/4.0 Chrome/88.0.4324.181 Mobile Safari/537.36 aweme_250000 JsSdk/1.0 NetType/WIFI Channel/31725782a AppName/aweme app_version/25.0.0 ByteLocale/zh-CN Region/CN AppSkin/white AppTheme/light BULLET/1 BytedanceWebview/d8a21c6 TTWebView/0881130048402"
52.81.2.151 - - [02/Mar/2026:08:35:32 -0500] "GET /wp-content/uploads/2022/04/middle-east-today-logo-1-1024x362.jpg HTTP/1.1" 200 24217 "https://www.middleeastoday.com/" "Mozilla/5.0 (Macintosh; Intel Mac OS X 10_15_7) AppleWebKit/537.36 (KHTML, like Gecko) Chrome/125.0.0.0 Safari/537.36"
52.81.2.151 - - [02/Mar/2026:08:35:32 -0500] "GET /wp-content/plugins/elementor-1/assets/lib/eicons/fonts/eicons.woff2?5.29.0 HTTP/1.1" 200 96924 "https://www.middleeastoday.com/wp-content/plugins/elementor-1/assets/lib/eicons/css/elementor-icons.min.css?ver=5.29.0" "Mozilla/5.0 (Macintosh; Intel Mac OS X 10_15_7) AppleWebKit/537.36 (KHTML, like Gecko) Chrome/125.0.0.0 Safari/537.36"
202.8.40.89 - - [02/Mar/2026:08:35:33 -0500] "GET /wp-content/themes/digiqole/assets/css/bootstrap.min.css?ver=2.1.1 HTTP/1.1" 200 18543 "https://www.middleeastoday.com/" "Mozilla/5.0 (compatible; AhrefsBot/7.0; +http://ahrefs.com/robot/)"
202.8.40.89 - - [02/Mar/2026:08:35:33 -0500] "GET /wp-content/plugins/elementor-pro/assets/css/frontend-lite.min.css?ver=3.6.5 HTTP/1.1" 200 1505 "https://www.middleeastoday.com/" "Mozilla/5.0 (compatible; AhrefsBot/7.0; +http://ahrefs.com/robot/)"
52.81.2.151 - - [02/Mar/2026:08:35:35 -0500] "GET /wp-content/plugins/elementor-1/assets/lib/font-awesome/webfonts/fa-brands-400.woff2 HTTP/1.1" 200 81612 "https://www.middleeastoday.com/wp-content/plugins/elementor-1/assets/lib/font-awesome/css/brands.min.css?ver=5.15.3" "Mozilla/5.0 (Macintosh; Intel Mac OS X 10_15_7) AppleWebKit/537.36 (KHTML, like Gecko) Chrome/125.0.0.0 Safari/537.36"
52.81.2.151 - - [02/Mar/2026:08:35:43 -0500] "GET /wp-content/uploads/2026/02/AI-600x398.jpg HTTP/1.1" 200 29500 "https://www.middleeastoday.com/" "Mozilla/5.0 (Macintosh; Intel Mac OS X 10_15_7) AppleWebKit/537.36 (KHTML, like Gecko) Chrome/125.0.0.0 Safari/537.36"
52.81.2.151 - - [02/Mar/2026:08:35:43 -0500] "GET /wp-content/uploads/2026/02/Gabon-600x398.jpg HTTP/1.1" 200 43170 "https://www.middleeastoday.com/" "Mozilla/5.0 (Macintosh; Intel Mac OS X 10_15_7) AppleWebKit/537.36 (KHTML, like Gecko) Chrome/125.0.0.0 Safari/537.36"
52.81.2.151 - - [02/Mar/2026:08:35:43 -0500] "GET /wp-content/uploads/2025/12/Dubai-Shopping-Festival-600x398.jpg HTTP/1.1" 200 58785 "https://www.middleeastoday.com/" "Mozilla/5.0 (Macintosh; Intel Mac OS X 10_15_7) AppleWebKit/537.36 (KHTML, like Gecko) Chrome/125.0.0.0 Safari/537.36"
52.81.2.151 - - [02/Mar/2026:08:35:43 -0500] "GET /wp-content/uploads/2025/10/Film-Festival-1-600x398.jpg HTTP/1.1" 200 37619 "https://www.middleeastoday.com/" "Mozilla/5.0 (Macintosh; Intel Mac OS X 10_15_7) AppleWebKit/537.36 (KHTML, like Gecko) Chrome/125.0.0.0 Safari/537.36"
52.81.2.151 - - [02/Mar/2026:08:35:43 -0500] "GET /wp-content/uploads/2025/04/Award-Ceremony-001-455x300.jpg HTTP/1.1" 200 44962 "https://www.middleeastoday.com/" "Mozilla/5.0 (Macintosh; Intel Mac OS X 10_15_7) AppleWebKit/537.36 (KHTML, like Gecko) Chrome/125.0.0.0 Safari/537.36"
54.223.201.174 - - [02/Mar/2026:08:34:49 -0500] "GET /wp-content/uploads/2024/10/6-Oct-Media-Best.zip-2-455x300.png HTTP/1.1" 200 286995 "https://www.middleeastoday.com/" "Mozilla/5.0 (Linux; Android 13; PFFM10 Build/TP1A.220905.001; wv) AppleWebKit/537.36 (KHTML, like Gecko) Version/4.0 Chrome/88.0.4324.181 Mobile Safari/537.36 aweme_250000 JsSdk/1.0 NetType/WIFI Channel/31725782a AppName/aweme app_version/25.0.0 ByteLocale/zh-CN Region/CN AppSkin/white AppTheme/light BULLET/1 BytedanceWebview/d8a21c6 TTWebView/0881130048402"
54.223.201.174 - - [02/Mar/2026:08:34:49 -0500] "GET /wp-content/uploads/2022/04/medium-1511066645644258337-600x398.jpg HTTP/1.1" 200 40654 "https://www.middleeastoday.com/" "Mozilla/5.0 (Linux; Android 13; PFFM10 Build/TP1A.220905.001; wv) AppleWebKit/537.36 (KHTML, like Gecko) Version/4.0 Chrome/88.0.4324.181 Mobile Safari/537.36 aweme_250000 JsSdk/1.0 NetType/WIFI Channel/31725782a AppName/aweme app_version/25.0.0 ByteLocale/zh-CN Region/CN AppSkin/white AppTheme/light BULLET/1 BytedanceWebview/d8a21c6 TTWebView/0881130048402"
52.81.2.151 - - [02/Mar/2026:08:35:31 -0500] "GET / HTTP/1.1" 200 32212 "-" "Mozilla/5.0 (Macintosh; Intel Mac OS X 10_15_7) AppleWebKit/537.36 (KHTML, like Gecko) Chrome/125.0.0.0 Safari/537.36"
15.235.98.255 - - [02/Mar/2026:08:35:32 -0500] "GET / HTTP/1.1" 200 32212 "-" "Mozilla/5.0 (compatible; AhrefsBot/7.0; +http://ahrefs.com/robot/)"
52.81.2.151 - - [02/Mar/2026:08:35:32 -0500] "GET /wp-content/plugins/elementskit-lite/modules/elementskit-icon-pack/assets/fonts/elementskit.woff?y24e1e HTTP/1.1" 200 459560 "https://www.middleeastoday.com/wp-content/plugins/elementskit-lite/modules/elementskit-icon-pack/assets/css/ekiticons.css?ver=3.5.0" "Mozilla/5.0 (Macintosh; Intel Mac OS X 10_15_7) AppleWebKit/537.36 (KHTML, like Gecko) Chrome/125.0.0.0 Safari/537.36"
52.81.2.151 - - [02/Mar/2026:08:35:32 -0500] "GET /wp-content/themes/digiqole/assets/fonts/iconfont.ttf?5i53bc HTTP/1.1" 200 27432 "https://www.middleeastoday.com/wp-content/themes/digiqole/assets/css/icon-font.css?ver=2.1.1" "Mozilla/5.0 (Macintosh; Intel Mac OS X 10_15_7) AppleWebKit/537.36 (KHTML, like Gecko) Chrome/125.0.0.0 Safari/537.36"
52.81.2.151 - - [02/Mar/2026:08:35:32 -0500] "GET /wp-content/plugins/elementor-1/assets/lib/font-awesome/webfonts/fa-solid-900.woff2 HTTP/1.1" 200 78196 "https://www.middleeastoday.com/wp-content/plugins/elementor-1/assets/lib/font-awesome/css/solid.min.css?ver=5.15.3" "Mozilla/5.0 (Macintosh; Intel Mac OS X 10_15_7) AppleWebKit/537.36 (KHTML, like Gecko) Chrome/125.0.0.0 Safari/537.36"
52.81.2.151 - - [02/Mar/2026:08:35:43 -0500] "GET /wp-content/uploads/2026/01/Shurooq-600x398.jpg HTTP/1.1" 200 54812 "https://www.middleeastoday.com/" "Mozilla/5.0 (Macintosh; Intel Mac OS X 10_15_7) AppleWebKit/537.36 (KHTML, like Gecko) Chrome/125.0.0.0 Safari/537.36"
52.81.2.151 - - [02/Mar/2026:08:35:43 -0500] "GET /wp-content/uploads/2026/02/Millionarie-Lifestyle-wards-600x398.jpeg HTTP/1.1" 200 111937 "https://www.middleeastoday.com/" "Mozilla/5.0 (Macintosh; Intel Mac OS X 10_15_7) AppleWebKit/537.36 (KHTML, like Gecko) Chrome/125.0.0.0 Safari/537.36"
52.81.2.151 - - [02/Mar/2026:08:35:43 -0500] "GET /wp-content/uploads/2025/08/Aldar-600x398.jpg HTTP/1.1" 200 66809 "https://www.middleeastoday.com/" "Mozilla/5.0 (Macintosh; Intel Mac OS X 10_15_7) AppleWebKit/537.36 (KHTML, like Gecko) Chrome/125.0.0.0 Safari/537.36"
52.81.2.151 - - [02/Mar/2026:08:35:43 -0500] "GET /wp-content/uploads/2026/01/Yas-Marina-Circuit-600x398.jpeg HTTP/1.1" 200 28556 "https://www.middleeastoday.com/" "Mozilla/5.0 (Macintosh; Intel Mac OS X 10_15_7) AppleWebKit/537.36 (KHTML, like Gecko) Chrome/125.0.0.0 Safari/537.36"
52.81.2.151 - - [02/Mar/2026:08:35:43 -0500] "GET /wp-content/uploads/2023/04/Dubai-Metro-600x398.jpg HTTP/1.1" 200 49764 "https://www.middleeastoday.com/" "Mozilla/5.0 (Macintosh; Intel Mac OS X 10_15_7) AppleWebKit/537.36 (KHTML, like Gecko) Chrome/125.0.0.0 Safari/537.36"
52.81.2.151 - - [02/Mar/2026:08:35:43 -0500] "GET /wp-content/uploads/2025/09/Integrated-Transport-Centre-600x398.jpg HTTP/1.1" 200 24610 "https://www.middleeastoday.com/" "Mozilla/5.0 (Macintosh; Intel Mac OS X 10_15_7) AppleWebKit/537.36 (KHTML, like Gecko) Chrome/125.0.0.0 Safari/537.36"
52.81.2.151 - - [02/Mar/2026:08:35:43 -0500] "GET /wp-content/uploads/2026/01/ADNOC-Gas--600x398.jpeg HTTP/1.1" 200 40376 "https://www.middleeastoday.com/" "Mozilla/5.0 (Macintosh; Intel Mac OS X 10_15_7) AppleWebKit/537.36 (KHTML, like Gecko) Chrome/125.0.0.0 Safari/537.36"
52.81.2.151 - - [02/Mar/2026:08:35:43 -0500] "GET /wp-content/uploads/2025/10/WhatsApp-Image-2025-10-14-at-07.52.18_16915215-600x398.jpg HTTP/1.1" 200 41937 "https://www.middleeastoday.com/" "Mozilla/5.0 (Macintosh; Intel Mac OS X 10_15_7) AppleWebKit/537.36 (KHTML, like Gecko) Chrome/125.0.0.0 Safari/537.36"
52.81.2.151 - - [02/Mar/2026:08:35:43 -0500] "GET /wp-content/uploads/2025/12/Yango-CEO-600x398.jpg HTTP/1.1" 200 26214 "https://www.middleeastoday.com/" "Mozilla/5.0 (Macintosh; Intel Mac OS X 10_15_7) AppleWebKit/537.36 (KHTML, like Gecko) Chrome/125.0.0.0 Safari/537.36"
52.81.2.151 - - [02/Mar/2026:08:35:43 -0500] "GET /wp-content/uploads/2024/06/Evelina-2-455x300.jpg HTTP/1.1" 200 25829 "https://www.middleeastoday.com/" "Mozilla/5.0 (Macintosh; Intel Mac OS X 10_15_7) AppleWebKit/537.36 (KHTML, like Gecko) Chrome/125.0.0.0 Safari/537.36"
52.81.2.151 - - [02/Mar/2026:08:35:43 -0500] "GET /wp-content/uploads/2025/12/RR-600x398.jpg HTTP/1.1" 200 37317 "https://www.middleeastoday.com/" "Mozilla/5.0 (Macintosh; Intel Mac OS X 10_15_7) AppleWebKit/537.36 (KHTML, like Gecko) Chrome/125.0.0.0 Safari/537.36"
52.81.2.151 - - [02/Mar/2026:08:35:43 -0500] "GET /wp-content/uploads/2023/08/Samsung-98-QLED-Launch_KV_EN-600x398.jpg HTTP/1.1" 200 34088 "https://www.middleeastoday.com/" "Mozilla/5.0 (Macintosh; Intel Mac OS X 10_15_7) AppleWebKit/537.36 (KHTML, like Gecko) Chrome/125.0.0.0 Safari/537.36"
52.81.2.151 - - [02/Mar/2026:08:35:43 -0500] "GET /wp-content/uploads/2025/06/Fajar--600x398.jpg HTTP/1.1" 200 56427 "https://www.middleeastoday.com/" "Mozilla/5.0 (Macintosh; Intel Mac OS X 10_15_7) AppleWebKit/537.36 (KHTML, like Gecko) Chrome/125.0.0.0 Safari/537.36"
52.81.2.151 - - [02/Mar/2026:08:35:43 -0500] "GET /wp-content/uploads/2024/12/New-Years-Eve-2025-ABC-455x300.jpg HTTP/1.1" 200 35485 "https://www.middleeastoday.com/" "Mozilla/5.0 (Macintosh; Intel Mac OS X 10_15_7) AppleWebKit/537.36 (KHTML, like Gecko) Chrome/125.0.0.0 Safari/537.36"
52.81.2.151 - - [02/Mar/2026:08:35:43 -0500] "GET /wp-content/uploads/2024/10/PRP-Aviator-Banner-1-600x398.jpg HTTP/1.1" 200 23767 "https://www.middleeastoday.com/" "Mozilla/5.0 (Macintosh; Intel Mac OS X 10_15_7) AppleWebKit/537.36 (KHTML, like Gecko) Chrome/125.0.0.0 Safari/537.36"
52.81.2.151 - - [02/Mar/2026:08:35:43 -0500] "GET /wp-content/uploads/2026/01/Russia-600x398.jpg HTTP/1.1" 200 69002 "https://www.middleeastoday.com/" "Mozilla/5.0 (Macintosh; Intel Mac OS X 10_15_7) AppleWebKit/537.36 (KHTML, like Gecko) Chrome/125.0.0.0 Safari/537.36"
52.81.2.151 - - [02/Mar/2026:08:35:43 -0500] "GET /wp-content/uploads/2022/04/medium-1511066645644258337-600x398.jpg HTTP/1.1" 200 40654 "https://www.middleeastoday.com/" "Mozilla/5.0 (Macintosh; Intel Mac OS X 10_15_7) AppleWebKit/537.36 (KHTML, like Gecko) Chrome/125.0.0.0 Safari/537.36"
52.81.2.151 - - [02/Mar/2026:08:35:43 -0500] "GET /wp-content/uploads/2022/04/medium-745515155959562220-1-600x398.jpg HTTP/1.1" 200 50255 "https://www.middleeastoday.com/" "Mozilla/5.0 (Macintosh; Intel Mac OS X 10_15_7) AppleWebKit/537.36 (KHTML, like Gecko) Chrome/125.0.0.0 Safari/537.36"
52.81.2.151 - - [02/Mar/2026:08:35:43 -0500] "GET /wp-content/uploads/2022/04/thumbnail-2036915695019058350.jpg HTTP/1.1" 200 21049 "https://www.middleeastoday.com/" "Mozilla/5.0 (Macintosh; Intel Mac OS X 10_15_7) AppleWebKit/537.36 (KHTML, like Gecko) Chrome/125.0.0.0 Safari/537.36"
52.81.2.151 - - [02/Mar/2026:08:35:43 -0500] "GET /wp-content/uploads/2026/01/Gold-1-600x398.jpg HTTP/1.1" 200 27593 "https://www.middleeastoday.com/" "Mozilla/5.0 (Macintosh; Intel Mac OS X 10_15_7) AppleWebKit/537.36 (KHTML, like Gecko) Chrome/125.0.0.0 Safari/537.36"
52.81.2.151 - - [02/Mar/2026:08:35:43 -0500] "GET /wp-content/uploads/2026/01/Gold-600x398.jpg HTTP/1.1" 200 35241 "https://www.middleeastoday.com/" "Mozilla/5.0 (Macintosh; Intel Mac OS X 10_15_7) AppleWebKit/537.36 (KHTML, like Gecko) Chrome/125.0.0.0 Safari/537.36"
52.81.2.151 - - [02/Mar/2026:08:35:43 -0500] "GET /wp-content/uploads/2025/02/WhatsApp-Image-2025-02-24-at-10.33.28-AM-600x398.jpeg HTTP/1.1" 200 23014 "https://www.middleeastoday.com/" "Mozilla/5.0 (Macintosh; Intel Mac OS X 10_15_7) AppleWebKit/537.36 (KHTML, like Gecko) Chrome/125.0.0.0 Safari/537.36"
52.81.2.151 - - [02/Mar/2026:08:35:43 -0500] "GET /wp-content/uploads/2025/08/Me-getting-Award-600x398.jpg HTTP/1.1" 200 81626 "https://www.middleeastoday.com/" "Mozilla/5.0 (Macintosh; Intel Mac OS X 10_15_7) AppleWebKit/537.36 (KHTML, like Gecko) Chrome/125.0.0.0 Safari/537.36"
52.81.2.151 - - [02/Mar/2026:08:35:43 -0500] "GET /wp-content/uploads/2024/10/6-Oct-Media-Best.zip-2-455x300.png HTTP/1.1" 200 286995 "https://www.middleeastoday.com/" "Mozilla/5.0 (Macintosh; Intel Mac OS X 10_15_7) AppleWebKit/537.36 (KHTML, like Gecko) Chrome/125.0.0.0 Safari/537.36"
52.81.2.151 - - [02/Mar/2026:08:35:43 -0500] "GET /wp-content/uploads/2024/07/Dubai-South-600x398.jpg HTTP/1.1" 200 53027 "https://www.middleeastoday.com/" "Mozilla/5.0 (Macintosh; Intel Mac OS X 10_15_7) AppleWebKit/537.36 (KHTML, like Gecko) Chrome/125.0.0.0 Safari/537.36"
52.81.2.151 - - [02/Mar/2026:08:35:43 -0500] "GET /wp-content/uploads/2025/10/Dolcegabbana-600x398.jpg HTTP/1.1" 200 32573 "https://www.middleeastoday.com/" "Mozilla/5.0 (Macintosh; Intel Mac OS X 10_15_7) AppleWebKit/537.36 (KHTML, like Gecko) Chrome/125.0.0.0 Safari/537.36"
52.81.2.151 - - [02/Mar/2026:08:35:43 -0500] "GET /wp-content/uploads/2025/05/STOMP-Live-378x398.jpg HTTP/1.1" 200 38789 "https://www.middleeastoday.com/" "Mozilla/5.0 (Macintosh; Intel Mac OS X 10_15_7) AppleWebKit/537.36 (KHTML, like Gecko) Chrome/125.0.0.0 Safari/537.36"
52.81.2.151 - - [02/Mar/2026:08:35:43 -0500] "GET /wp-content/uploads/2024/07/robots-600x398.jpeg HTTP/1.1" 200 42381 "https://www.middleeastoday.com/" "Mozilla/5.0 (Macintosh; Intel Mac OS X 10_15_7) AppleWebKit/537.36 (KHTML, like Gecko) Chrome/125.0.0.0 Safari/537.36"
52.81.2.151 - - [02/Mar/2026:08:35:43 -0500] "GET /wp-content/uploads/2024/02/Joby-1-600x398.jpg HTTP/1.1" 200 45527 "https://www.middleeastoday.com/" "Mozilla/5.0 (Macintosh; Intel Mac OS X 10_15_7) AppleWebKit/537.36 (KHTML, like Gecko) Chrome/125.0.0.0 Safari/537.36"
52.81.2.151 - - [02/Mar/2026:08:35:43 -0500] "GET /wp-content/uploads/2022/04/medium-3327802249726485861-600x398.jpg HTTP/1.1" 200 44960 "https://www.middleeastoday.com/" "Mozilla/5.0 (Macintosh; Intel Mac OS X 10_15_7) AppleWebKit/537.36 (KHTML, like Gecko) Chrome/125.0.0.0 Safari/537.36"
52.81.2.151 - - [02/Mar/2026:08:35:43 -0500] "GET /wp-content/uploads/2022/04/medium-2700115499464303195-600x398.jpg HTTP/1.1" 200 41784 "https://www.middleeastoday.com/" "Mozilla/5.0 (Macintosh; Intel Mac OS X 10_15_7) AppleWebKit/537.36 (KHTML, like Gecko) Chrome/125.0.0.0 Safari/537.36"
52.81.2.151 - - [02/Mar/2026:08:35:43 -0500] "GET /wp-content/uploads/2022/05/medium-543374910260281405-600x398.jpg HTTP/1.1" 200 44594 "https://www.middleeastoday.com/" "Mozilla/5.0 (Macintosh; Intel Mac OS X 10_15_7) AppleWebKit/537.36 (KHTML, like Gecko) Chrome/125.0.0.0 Safari/537.36"
40.77.167.149 - - [02/Mar/2026:08:38:16 -0500] "GET /mona-al-marri-inaugurates-26th-edition-of-sgi-dubai/ HTTP/1.1" 200 24561 "-" "Mozilla/5.0 AppleWebKit/537.36 (KHTML, like Gecko; compatible; bingbot/2.0; +http://www.bing.com/bingbot.htm) Chrome/116.0.1938.76 Safari/537.36"
123.23.196.118 - - [02/Mar/2026:08:35:48 -0500] "GET /category/business/page/9/ HTTP/1.1" 200 24068 "-" "Mozilla/5.0 (Macintosh; Intel Mac OS X 10_14_5) AppleWebKit/537.36 (KHTML, like Gecko) Chrome/101.0.4951.54 Safari/537.36"
58.216.106.179 - - [02/Mar/2026:08:39:04 -0500] "GET /emsteel-delivers-first-hydrogen-based-rebar-to-aldar/ HTTP/1.1" 200 20469 "-" "Mozilla/5.0 (Windows NT 10.0; Win64; x64) AppleWebKit/537.36 (KHTML, like Gecko) Chrome/139.0.0.0 Safari/537.36"
58.216.106.179 - - [02/Mar/2026:08:39:05 -0500] "GET /wp-content/plugins/elementor-1/assets/css/frontend-lite.min.css?ver=3.21.1 HTTP/1.1" 200 13067 "https://www.middleeastoday.com/emsteel-delivers-first-hydrogen-based-rebar-to-aldar/" "Mozilla/5.0 (Windows NT 10.0; Win64; x64) AppleWebKit/537.36 (KHTML, like Gecko) Chrome/139.0.0.0 Safari/537.36"
58.216.106.179 - - [02/Mar/2026:08:39:05 -0500] "GET /wp-includes/css/dist/block-library/style.min.css?ver=6.8.1 HTTP/1.1" 200 14358 "https://www.middleeastoday.com/emsteel-delivers-first-hydrogen-based-rebar-to-aldar/" "Mozilla/5.0 (Windows NT 10.0; Win64; x64) AppleWebKit/537.36 (KHTML, like Gecko) Chrome/139.0.0.0 Safari/537.36"
58.216.106.179 - - [02/Mar/2026:08:39:05 -0500] "GET /wp-content/plugins/accesspress-social-counter/css/fontawesome-all.css?ver=1.9.2 HTTP/1.1" 200 8084 "https://www.middleeastoday.com/emsteel-delivers-first-hydrogen-based-rebar-to-aldar/" "Mozilla/5.0 (Windows NT 10.0; Win64; x64) AppleWebKit/537.36 (KHTML, like Gecko) Chrome/139.0.0.0 Safari/537.36"
58.216.106.179 - - [02/Mar/2026:08:39:05 -0500] "GET /wp-content/plugins/accesspress-social-counter/css/frontend.css?ver=1.9.2 HTTP/1.1" 200 2295 "https://www.middleeastoday.com/emsteel-delivers-first-hydrogen-based-rebar-to-aldar/" "Mozilla/5.0 (Windows NT 10.0; Win64; x64) AppleWebKit/537.36 (KHTML, like Gecko) Chrome/139.0.0.0 Safari/537.36"
58.216.106.179 - - [02/Mar/2026:08:39:05 -0500] "GET /wp-content/themes/digiqole/assets/css/icon-font.css?ver=2.1.1 HTTP/1.1" 200 1106 "https://www.middleeastoday.com/emsteel-delivers-first-hydrogen-based-rebar-to-aldar/" "Mozilla/5.0 (Windows NT 10.0; Win64; x64) AppleWebKit/537.36 (KHTML, like Gecko) Chrome/139.0.0.0 Safari/537.36"
58.216.106.179 - - [02/Mar/2026:08:39:05 -0500] "GET /wp-content/themes/digiqole/assets/css/all.css?ver=2.1.1 HTTP/1.1" 200 7048 "https://www.middleeastoday.com/emsteel-delivers-first-hydrogen-based-rebar-to-aldar/" "Mozilla/5.0 (Windows NT 10.0; Win64; x64) AppleWebKit/537.36 (KHTML, like Gecko) Chrome/139.0.0.0 Safari/537.36"
58.216.106.179 - - [02/Mar/2026:08:39:05 -0500] "GET /wp-content/plugins/elementor-1/assets/lib/font-awesome/css/solid.min.css?ver=5.15.3 HTTP/1.1" 200 286 "https://www.middleeastoday.com/emsteel-delivers-first-hydrogen-based-rebar-to-aldar/" "Mozilla/5.0 (Windows NT 10.0; Win64; x64) AppleWebKit/537.36 (KHTML, like Gecko) Chrome/139.0.0.0 Safari/537.36"
58.216.106.179 - - [02/Mar/2026:08:39:05 -0500] "GET /wp-content/plugins/elementskit-lite/modules/elementskit-icon-pack/assets/css/ekiticons.css?ver=3.5.0 HTTP/1.1" 200 11776 "https://www.middleeastoday.com/emsteel-delivers-first-hydrogen-based-rebar-to-aldar/" "Mozilla/5.0 (Windows NT 10.0; Win64; x64) AppleWebKit/537.36 (KHTML, like Gecko) Chrome/139.0.0.0 Safari/537.36"
58.216.106.179 - - [02/Mar/2026:08:39:05 -0500] "GET /wp-includes/js/jquery/jquery-migrate.min.js?ver=3.4.1 HTTP/1.1" 200 4678 "https://www.middleeastoday.com/emsteel-delivers-first-hydrogen-based-rebar-to-aldar/" "Mozilla/5.0 (Windows NT 10.0; Win64; x64) AppleWebKit/537.36 (KHTML, like Gecko) Chrome/139.0.0.0 Safari/537.36"
58.216.106.179 - - [02/Mar/2026:08:39:05 -0500] "GET /wp-includes/js/jquery/jquery.min.js?ver=3.7.1 HTTP/1.1" 200 29744 "https://www.middleeastoday.com/emsteel-delivers-first-hydrogen-based-rebar-to-aldar/" "Mozilla/5.0 (Windows NT 10.0; Win64; x64) AppleWebKit/537.36 (KHTML, like Gecko) Chrome/139.0.0.0 Safari/537.36"
58.216.106.179 - - [02/Mar/2026:08:39:15 -0500] "GET /wp-content/uploads/elementor/css/post-9.css?ver=1747657839 HTTP/1.1" 200 334 "https://www.middleeastoday.com/emsteel-delivers-first-hydrogen-based-rebar-to-aldar/" "Mozilla/5.0 (Windows NT 10.0; Win64; x64) AppleWebKit/537.36 (KHTML, like Gecko) Chrome/139.0.0.0 Safari/537.36"
58.216.106.179 - - [02/Mar/2026:08:39:05 -0500] "GET /wp-content/uploads/elementor/css/post-3932.css?ver=1762520240 HTTP/1.1" 200 1066 "https://www.middleeastoday.com/emsteel-delivers-first-hydrogen-based-rebar-to-aldar/" "Mozilla/5.0 (Windows NT 10.0; Win64; x64) AppleWebKit/537.36 (KHTML, like Gecko) Chrome/139.0.0.0 Safari/537.36"
58.216.106.179 - - [02/Mar/2026:08:39:05 -0500] "GET /wp-content/themes/digiqole/assets/css/bootstrap.min.css?ver=2.1.1 HTTP/1.1" 200 18543 "https://www.middleeastoday.com/emsteel-delivers-first-hydrogen-based-rebar-to-aldar/" "Mozilla/5.0 (Windows NT 10.0; Win64; x64) AppleWebKit/537.36 (KHTML, like Gecko) Chrome/139.0.0.0 Safari/537.36"
58.216.106.179 - - [02/Mar/2026:08:39:05 -0500] "GET /wp-content/plugins/contact-form-7/includes/css/styles.css?ver=6.0.6 HTTP/1.1" 200 890 "https://www.middleeastoday.com/emsteel-delivers-first-hydrogen-based-rebar-to-aldar/" "Mozilla/5.0 (Windows NT 10.0; Win64; x64) AppleWebKit/537.36 (KHTML, like Gecko) Chrome/139.0.0.0 Safari/537.36"
58.216.106.179 - - [02/Mar/2026:08:39:05 -0500] "GET /wp-content/themes/digiqole/assets/css/master.css?ver=2.1.1 HTTP/1.1" 200 43295 "https://www.middleeastoday.com/emsteel-delivers-first-hydrogen-based-rebar-to-aldar/" "Mozilla/5.0 (Windows NT 10.0; Win64; x64) AppleWebKit/537.36 (KHTML, like Gecko) Chrome/139.0.0.0 Safari/537.36"
58.216.106.179 - - [02/Mar/2026:08:39:05 -0500] "GET /wp-content/plugins/elementskit-lite/widgets/init/assets/css/responsive.css?ver=3.5.0 HTTP/1.1" 200 2859 "https://www.middleeastoday.com/emsteel-delivers-first-hydrogen-based-rebar-to-aldar/" "Mozilla/5.0 (Windows NT 10.0; Win64; x64) AppleWebKit/537.36 (KHTML, like Gecko) Chrome/139.0.0.0 Safari/537.36"
58.216.106.179 - - [02/Mar/2026:08:39:05 -0500] "GET /wp-content/plugins/elementor-1/assets/lib/font-awesome/css/fontawesome.min.css?ver=5.15.3 HTTP/1.1" 200 12164 "https://www.middleeastoday.com/emsteel-delivers-first-hydrogen-based-rebar-to-aldar/" "Mozilla/5.0 (Windows NT 10.0; Win64; x64) AppleWebKit/537.36 (KHTML, like Gecko) Chrome/139.0.0.0 Safari/537.36"
58.216.106.179 - - [02/Mar/2026:08:39:05 -0500] "GET /wp-content/plugins/elementskit-lite/widgets/init/assets/css/widget-styles.css?ver=3.5.0 HTTP/1.1" 200 48223 "https://www.middleeastoday.com/emsteel-delivers-first-hydrogen-based-rebar-to-aldar/" "Mozilla/5.0 (Windows NT 10.0; Win64; x64) AppleWebKit/537.36 (KHTML, like Gecko) Chrome/139.0.0.0 Safari/537.36"
58.216.106.179 - - [02/Mar/2026:08:39:05 -0500] "GET /wp-content/plugins/elementor-pro/assets/css/widget-nav-menu.min.css HTTP/1.1" 200 3279 "https://www.middleeastoday.com/emsteel-delivers-first-hydrogen-based-rebar-to-aldar/" "Mozilla/5.0 (Windows NT 10.0; Win64; x64) AppleWebKit/537.36 (KHTML, like Gecko) Chrome/139.0.0.0 Safari/537.36"
58.216.106.179 - - [02/Mar/2026:08:39:05 -0500] "GET /wp-content/plugins/elementor-1/assets/lib/eicons/css/elementor-icons.min.css?ver=5.29.0 HTTP/1.1" 200 3724 "https://www.middleeastoday.com/emsteel-delivers-first-hydrogen-based-rebar-to-aldar/" "Mozilla/5.0 (Windows NT 10.0; Win64; x64) AppleWebKit/537.36 (KHTML, like Gecko) Chrome/139.0.0.0 Safari/537.36"
58.216.106.179 - - [02/Mar/2026:08:39:15 -0500] "GET /wp-content/plugins/elementor-1/assets/lib/swiper/v8/css/swiper.min.css?ver=8.4.5 HTTP/1.1" 200 4248 "https://www.middleeastoday.com/emsteel-delivers-first-hydrogen-based-rebar-to-aldar/" "Mozilla/5.0 (Windows NT 10.0; Win64; x64) AppleWebKit/537.36 (KHTML, like Gecko) Chrome/139.0.0.0 Safari/537.36"
58.216.106.179 - - [02/Mar/2026:08:39:15 -0500] "GET /wp-content/plugins/elementor-pro/assets/css/frontend-lite.min.css?ver=3.6.5 HTTP/1.1" 200 1505 "https://www.middleeastoday.com/emsteel-delivers-first-hydrogen-based-rebar-to-aldar/" "Mozilla/5.0 (Windows NT 10.0; Win64; x64) AppleWebKit/537.36 (KHTML, like Gecko) Chrome/139.0.0.0 Safari/537.36"
58.216.106.179 - - [02/Mar/2026:08:39:16 -0500] "GET /wp-includes/js/dist/hooks.min.js?ver=4d63a3d491d11ffd8ac6 HTTP/1.1" 200 1571 "https://www.middleeastoday.com/emsteel-delivers-first-hydrogen-based-rebar-to-aldar/" "Mozilla/5.0 (Windows NT 10.0; Win64; x64) AppleWebKit/537.36 (KHTML, like Gecko) Chrome/139.0.0.0 Safari/537.36"
58.216.106.179 - - [02/Mar/2026:08:39:16 -0500] "GET /wp-includes/js/dist/i18n.min.js?ver=5e580eb46a90c2b997e6 HTTP/1.1" 200 3542 "https://www.middleeastoday.com/emsteel-delivers-first-hydrogen-based-rebar-to-aldar/" "Mozilla/5.0 (Windows NT 10.0; Win64; x64) AppleWebKit/537.36 (KHTML, like Gecko) Chrome/139.0.0.0 Safari/537.36"
58.216.106.179 - - [02/Mar/2026:08:39:16 -0500] "GET /wp-content/plugins/contact-form-7/includes/js/index.js?ver=6.0.6 HTTP/1.1" 200 4008 "https://www.middleeastoday.com/emsteel-delivers-first-hydrogen-based-rebar-to-aldar/" "Mozilla/5.0 (Windows NT 10.0; Win64; x64) AppleWebKit/537.36 (KHTML, like Gecko) Chrome/139.0.0.0 Safari/537.36"
58.216.106.179 - - [02/Mar/2026:08:39:16 -0500] "GET /wp-content/plugins/contact-form-7/includes/swv/js/index.js?ver=6.0.6 HTTP/1.1" 200 3369 "https://www.middleeastoday.com/emsteel-delivers-first-hydrogen-based-rebar-to-aldar/" "Mozilla/5.0 (Windows NT 10.0; Win64; x64) AppleWebKit/537.36 (KHTML, like Gecko) Chrome/139.0.0.0 Safari/537.36"
58.216.106.179 - - [02/Mar/2026:08:39:17 -0500] "GET /wp-content/themes/digiqole/assets/js/bootstrap.min.js?ver=2.1.1 HTTP/1.1" 200 12542 "https://www.middleeastoday.com/emsteel-delivers-first-hydrogen-based-rebar-to-aldar/" "Mozilla/5.0 (Windows NT 10.0; Win64; x64) AppleWebKit/537.36 (KHTML, like Gecko) Chrome/139.0.0.0 Safari/537.36"
58.216.106.179 - - [02/Mar/2026:08:39:17 -0500] "GET /wp-content/plugins/elementskit-lite/widgets/init/assets/js/widget-scripts.js?ver=3.5.0 HTTP/1.1" 200 40425 "https://www.middleeastoday.com/emsteel-delivers-first-hydrogen-based-rebar-to-aldar/" "Mozilla/5.0 (Windows NT 10.0; Win64; x64) AppleWebKit/537.36 (KHTML, like Gecko) Chrome/139.0.0.0 Safari/537.36"
58.216.106.179 - - [02/Mar/2026:08:39:18 -0500] "GET /wp-content/themes/digiqole/assets/js/swiper.min.js?ver=2.1.1 HTTP/1.1" 200 34003 "https://www.middleeastoday.com/emsteel-delivers-first-hydrogen-based-rebar-to-aldar/" "Mozilla/5.0 (Windows NT 10.0; Win64; x64) AppleWebKit/537.36 (KHTML, like Gecko) Chrome/139.0.0.0 Safari/537.36"
58.216.106.179 - - [02/Mar/2026:08:39:21 -0500] "GET /wp-content/themes/digiqole/assets/js/script.js?ver=2.1.1 HTTP/1.1" 200 3554 "https://www.middleeastoday.com/emsteel-delivers-first-hydrogen-based-rebar-to-aldar/" "Mozilla/5.0 (Windows NT 10.0; Win64; x64) AppleWebKit/537.36 (KHTML, like Gecko) Chrome/139.0.0.0 Safari/537.36"
58.216.106.179 - - [02/Mar/2026:08:39:21 -0500] "GET /wp-content/plugins/elementor-pro/assets/lib/smartmenus/jquery.smartmenus.min.js?ver=1.0.1 HTTP/1.1" 200 6935 "https://www.middleeastoday.com/emsteel-delivers-first-hydrogen-based-rebar-to-aldar/" "Mozilla/5.0 (Windows NT 10.0; Win64; x64) AppleWebKit/537.36 (KHTML, like Gecko) Chrome/139.0.0.0 Safari/537.36"
58.216.106.179 - - [02/Mar/2026:08:39:21 -0500] "GET /wp-content/plugins/elementor-pro/assets/js/webpack-pro.runtime.min.js?ver=3.6.5 HTTP/1.1" 200 2174 "https://www.middleeastoday.com/emsteel-delivers-first-hydrogen-based-rebar-to-aldar/" "Mozilla/5.0 (Windows NT 10.0; Win64; x64) AppleWebKit/537.36 (KHTML, like Gecko) Chrome/139.0.0.0 Safari/537.36"
58.216.106.179 - - [02/Mar/2026:08:39:22 -0500] "GET /wp-content/plugins/elementor-1/assets/js/webpack.runtime.min.js?ver=3.21.1 HTTP/1.1" 200 2071 "https://www.middleeastoday.com/emsteel-delivers-first-hydrogen-based-rebar-to-aldar/" "Mozilla/5.0 (Windows NT 10.0; Win64; x64) AppleWebKit/537.36 (KHTML, like Gecko) Chrome/139.0.0.0 Safari/537.36"
58.216.106.179 - - [02/Mar/2026:08:39:15 -0500] "GET /wp-content/uploads/elementor/css/global.css?ver=1747657840 HTTP/1.1" 200 3340 "https://www.middleeastoday.com/emsteel-delivers-first-hydrogen-based-rebar-to-aldar/" "Mozilla/5.0 (Windows NT 10.0; Win64; x64) AppleWebKit/537.36 (KHTML, like Gecko) Chrome/139.0.0.0 Safari/537.36"
58.216.106.179 - - [02/Mar/2026:08:39:15 -0500] "GET /wp-content/plugins/elementor-1/assets/lib/animations/animations.min.css?ver=3.21.1 HTTP/1.1" 200 2442 "https://www.middleeastoday.com/emsteel-delivers-first-hydrogen-based-rebar-to-aldar/" "Mozilla/5.0 (Windows NT 10.0; Win64; x64) AppleWebKit/537.36 (KHTML, like Gecko) Chrome/139.0.0.0 Safari/537.36"
58.216.106.179 - - [02/Mar/2026:08:39:17 -0500] "GET /wp-content/plugins/elementskit-lite/libs/framework/assets/js/frontend-script.js?ver=3.5.0 HTTP/1.1" 200 40 "https://www.middleeastoday.com/emsteel-delivers-first-hydrogen-based-rebar-to-aldar/" "Mozilla/5.0 (Windows NT 10.0; Win64; x64) AppleWebKit/537.36 (KHTML, like Gecko) Chrome/139.0.0.0 Safari/537.36"
58.216.106.179 - - [02/Mar/2026:08:39:20 -0500] "GET /wp-content/themes/digiqole/assets/js/fontfaceobserver.js?ver=1 HTTP/1.1" 200 2024 "https://www.middleeastoday.com/emsteel-delivers-first-hydrogen-based-rebar-to-aldar/" "Mozilla/5.0 (Windows NT 10.0; Win64; x64) AppleWebKit/537.36 (KHTML, like Gecko) Chrome/139.0.0.0 Safari/537.36"
58.216.106.179 - - [02/Mar/2026:08:39:22 -0500] "GET /wp-content/plugins/elementor-pro/assets/js/frontend.min.js?ver=3.6.5 HTTP/1.1" 200 5328 "https://www.middleeastoday.com/emsteel-delivers-first-hydrogen-based-rebar-to-aldar/" "Mozilla/5.0 (Windows NT 10.0; Win64; x64) AppleWebKit/537.36 (KHTML, like Gecko) Chrome/139.0.0.0 Safari/537.36"
162.213.253.84 - - [02/Mar/2026:08:44:15 -0500] "POST /wp-cron.php?doing_wp_cron=1772459055.8854079246520996093750 HTTP/1.1" 200 0 "-" "WordPress/6.8.1; https://www.middleeastoday.com"
123.23.15.15 - - [02/Mar/2026:08:46:50 -0500] "GET /uae-president-receives-condolences-from-emir-of-qatar-for-emirati-martyrs/ HTTP/1.1" 200 23169 "-" "Mozilla/5.0 (Windows NT 6.1) AppleWebKit/537.36 (KHTML, like Gecko) Chrome/74.0.3729.131 Safari/537.36"
15.204.14.110 - - [02/Mar/2026:08:48:31 -0500] "GET /blog-verify HTTP/1.1" 301 0 "-" "Mozilla/5.0 (Windows NT 10.0; Win64; x64) AppleWebKit/537.36 (KHTML, like Gecko) Chrome/127.0.0.0 Safari/537.36"
162.213.253.84 - - [02/Mar/2026:08:48:33 -0500] "POST /wp-admin/admin-ajax.php?action=async_litespeed&nonce=5yBUfBg7VDvFjwPj8X37uFy8jtDTFSCi&litespeed_type=imgoptm HTTP/1.1" 200 21 "-" "WordPress/6.8.1; https://www.middleeastoday.com"
23.21.227.240 - - [02/Mar/2026:08:48:50 -0500] "GET /tamkeen-startad-launch-emirati-women-achievers-campaign-to-celebrate-emirati-womens-day/ HTTP/1.1" 200 25823 "-" "Mozilla/5.0 AppleWebKit/537.36 (KHTML, like Gecko; compatible; Amazonbot/0.1; +https://developer.amazon.com/support/amazonbot) Chrome/119.0.6045.214 Safari/537.36"
98.82.107.102 - - [02/Mar/2026:08:48:54 -0500] "GET /rakta-launches-internal-bus-service/ HTTP/1.1" 200 23220 "-" "Mozilla/5.0 AppleWebKit/537.36 (KHTML, like Gecko; compatible; Amazonbot/0.1; +https://developer.amazon.com/support/amazonbot) Chrome/119.0.6045.214 Safari/537.36"
107.20.224.184 - - [02/Mar/2026:08:49:38 -0500] "GET /mansoor-bin-mohammed-opens-intersec-2022/ HTTP/1.1" 200 23289 "-" "Mozilla/5.0 AppleWebKit/537.36 (KHTML, like Gecko; compatible; Amazonbot/0.1; +https://developer.amazon.com/support/amazonbot) Chrome/119.0.6045.214 Safari/537.36"
44.195.50.71 - - [02/Mar/2026:08:49:50 -0500] "GET /flydubai-to-operate-flights-to-select-destinations-from-dubai-world-central/ HTTP/1.1" 200 23919 "-" "Mozilla/5.0 AppleWebKit/537.36 (KHTML, like Gecko; compatible; Amazonbot/0.1; +https://developer.amazon.com/support/amazonbot) Chrome/119.0.6045.214 Safari/537.36"
58.216.106.179 - - [02/Mar/2026:08:39:22 -0500] "GET /wp-content/plugins/elementor-1/assets/js/frontend-modules.min.js?ver=3.21.1 HTTP/1.1" 200 17087 "https://www.middleeastoday.com/emsteel-delivers-first-hydrogen-based-rebar-to-aldar/" "Mozilla/5.0 (Windows NT 10.0; Win64; x64) AppleWebKit/537.36 (KHTML, like Gecko) Chrome/139.0.0.0 Safari/537.36"
40.77.167.126 - - [02/Mar/2026:08:41:27 -0500] "GET /wp-content/uploads/2022/10/Sharjah-International-Film-Festival-768x512.jpg HTTP/1.1" 200 74256 "-" "Mozilla/5.0 AppleWebKit/537.36 (KHTML, like Gecko; compatible; bingbot/2.0; +http://www.bing.com/bingbot.htm) Chrome/116.0.1938.76 Safari/537.36"
54.166.104.83 - - [02/Mar/2026:08:44:14 -0500] "GET /wp-json/oembed/1.0/embed?url=https://www.middleeastoday.com/hamdan-bin-mohammed-leads-4th-edition-of-dubai-run-as-over-193000-fitness-enthusiasts-transform-sheikh-zayed-road-into-a-giant-running-track/ HTTP/1.1" 200 2974 "-" "Mozilla/5.0 AppleWebKit/537.36 (KHTML, like Gecko; compatible; Amazonbot/0.1; +https://developer.amazon.com/support/amazonbot) Chrome/119.0.6045.214 Safari/537.36"
162.213.253.84 - - [02/Mar/2026:08:44:16 -0500] "POST /wp-admin/admin-ajax.php?action=async_litespeed&nonce=7xv2ElaAIyjIuWEIqykjFlv5SGrCiXIR&litespeed_type=imgoptm HTTP/1.1" 200 21 "-" "WordPress/6.8.1; https://www.middleeastoday.com"
98.89.254.180 - - [02/Mar/2026:08:48:16 -0500] "GET /robots.txt HTTP/1.1" 200 117 "-" "Mozilla/5.0 (Macintosh; Intel Mac OS X 10_10_1) AppleWebKit/600.2.5 (KHTML, like Gecko) Version/8.0.2 Safari/600.2.5 (Gort)"
162.213.253.84 - - [02/Mar/2026:08:48:32 -0500] "POST /wp-cron.php?doing_wp_cron=1772459312.5781950950622558593750 HTTP/1.1" 200 0 "-" "WordPress/6.8.1; https://www.middleeastoday.com"
15.204.14.110 - - [02/Mar/2026:08:48:32 -0500] "GET /?check_plugin HTTP/1.1" 301 0 "-" "Mozilla/5.0 (Windows NT 10.0; Win64; x64) AppleWebKit/537.36 (KHTML, like Gecko) Chrome/127.0.0.0 Safari/537.36"
15.204.14.110 - - [02/Mar/2026:08:48:33 -0500] "GET /?check_plugin HTTP/1.1" 200 261180 "-" "Mozilla/5.0 (Windows NT 10.0; Win64; x64) AppleWebKit/537.36 (KHTML, like Gecko) Chrome/127.0.0.0 Safari/537.36"
15.204.14.110 - - [02/Mar/2026:08:48:32 -0500] "GET /blog-verify HTTP/1.1" 404 89108 "-" "Mozilla/5.0 (Windows NT 10.0; Win64; x64) AppleWebKit/537.36 (KHTML, like Gecko) Chrome/127.0.0.0 Safari/537.36"
52.4.229.9 - - [02/Mar/2026:08:49:17 -0500] "GET /universal-art-production-a-leader-in-photography-and-video-production-services-across-the-uae/ HTTP/1.1" 200 23574 "-" "Mozilla/5.0 AppleWebKit/537.36 (KHTML, like Gecko; compatible; Amazonbot/0.1; +https://developer.amazon.com/support/amazonbot) Chrome/119.0.6045.214 Safari/537.36"
54.152.163.42 - - [02/Mar/2026:08:49:22 -0500] "GET /dubai-south-records-key-achievements-during-2021/ HTTP/1.1" 200 24668 "-" "Mozilla/5.0 AppleWebKit/537.36 (KHTML, like Gecko; compatible; Amazonbot/0.1; +https://developer.amazon.com/support/amazonbot) Chrome/119.0.6045.214 Safari/537.36"
54.157.84.74 - - [02/Mar/2026:08:49:30 -0500] "GET /emirati-knights-claim-silver-in-endurance-world-championship/ HTTP/1.1" 200 22978 "-" "Mozilla/5.0 AppleWebKit/537.36 (KHTML, like Gecko; compatible; Amazonbot/0.1; +https://developer.amazon.com/support/amazonbot) Chrome/119.0.6045.214 Safari/537.36"
3.94.40.182 - - [02/Mar/2026:08:49:34 -0500] "GET /mohamed-bin-zayed-sultan-of-oman-exchange-eid-al-fitr-greetings/ HTTP/1.1" 200 22968 "-" "Mozilla/5.0 AppleWebKit/537.36 (KHTML, like Gecko; compatible; Amazonbot/0.1; +https://developer.amazon.com/support/amazonbot) Chrome/119.0.6045.214 Safari/537.36"
18.214.138.148 - - [02/Mar/2026:08:49:42 -0500] "GET /dubai-health-authority-visa-sign-mou/ HTTP/1.1" 200 23984 "-" "Mozilla/5.0 AppleWebKit/537.36 (KHTML, like Gecko; compatible; Amazonbot/0.1; +https://developer.amazon.com/support/amazonbot) Chrome/119.0.6045.214 Safari/537.36"
18.205.213.231 - - [02/Mar/2026:08:49:54 -0500] "GET /black-bird-aerial-pioneering-global-visual-excellence-under-naseer-haider-siddiqui/ HTTP/1.1" 200 23417 "-" "Mozilla/5.0 AppleWebKit/537.36 (KHTML, like Gecko; compatible; Amazonbot/0.1; +https://developer.amazon.com/support/amazonbot) Chrome/119.0.6045.214 Safari/537.36"
34.195.60.66 - - [02/Mar/2026:08:50:02 -0500] "GET /dubai-police-celebrates-world-tourism-day/ HTTP/1.1" 200 23272 "-" "Mozilla/5.0 AppleWebKit/537.36 (KHTML, like Gecko; compatible; Amazonbot/0.1; +https://developer.amazon.com/support/amazonbot) Chrome/119.0.6045.214 Safari/537.36"
44.223.193.255 - - [02/Mar/2026:08:49:58 -0500] "GET /salute-bella-ladies-night/ HTTP/1.1" 200 23317 "-" "Mozilla/5.0 AppleWebKit/537.36 (KHTML, like Gecko; compatible; Amazonbot/0.1; +https://developer.amazon.com/support/amazonbot) Chrome/119.0.6045.214 Safari/537.36"
98.83.10.183 - - [02/Mar/2026:08:50:17 -0500] "GET /abdullah-bin-zayed-meets-eu-official-on-sidelines-of-g20-meetings/ HTTP/1.1" 200 23208 "-" "Mozilla/5.0 AppleWebKit/537.36 (KHTML, like Gecko; compatible; Amazonbot/0.1; +https://developer.amazon.com/support/amazonbot) Chrome/119.0.6045.214 Safari/537.36"
142.44.225.183 - - [02/Mar/2026:08:54:21 -0500] "GET /wp-sitemap.xml HTTP/1.1" 200 223 "-" "Mozilla/5.0 (compatible; AhrefsBot/7.0; +http://ahrefs.com/robot/)"
51.222.95.227 - - [02/Mar/2026:08:54:25 -0500] "GET /wp-sitemap-posts-post-1.xml HTTP/1.1" 200 35382 "-" "Mozilla/5.0 (compatible; AhrefsBot/7.0; +http://ahrefs.com/robot/)"
15.235.27.43 - - [02/Mar/2026:08:54:32 -0500] "GET /wp-sitemap-posts-elementskit_template-1.xml HTTP/1.1" 200 203 "-" "Mozilla/5.0 (compatible; AhrefsBot/7.0; +http://ahrefs.com/robot/)"
15.235.96.189 - - [02/Mar/2026:08:54:38 -0500] "GET /wp-sitemap-taxonomies-post_tag-1.xml HTTP/1.1" 200 169 "-" "Mozilla/5.0 (compatible; AhrefsBot/7.0; +http://ahrefs.com/robot/)"
20.169.78.159 - - [02/Mar/2026:08:57:57 -0500] "GET /london-international-studies-and-research-center-lisrc-dubai-on-an-expansion-mode/ HTTP/1.1" 200 21269 "-" "Mozilla/5.0 AppleWebKit/537.36 (KHTML, like Gecko); compatible; ChatGPT-User/1.0; +https://openai.com/bot"
162.213.253.84 - - [02/Mar/2026:08:58:04 -0500] "POST /wp-cron.php?doing_wp_cron=1772459884.2129709720611572265625 HTTP/1.1" 200 0 "-" "WordPress/6.8.1; https://www.middleeastoday.com"
20.169.78.145 - - [02/Mar/2026:08:58:03 -0500] "GET / HTTP/1.1" 301 0 "-" "Mozilla/5.0 AppleWebKit/537.36 (KHTML, like Gecko); compatible; ChatGPT-User/1.0; +https://openai.com/bot"
20.169.78.158 - - [02/Mar/2026:08:58:04 -0500] "GET / HTTP/1.1" 200 32212 "-" "Mozilla/5.0 AppleWebKit/537.36 (KHTML, like Gecko); compatible; ChatGPT-User/1.0; +https://openai.com/bot"
57.141.2.37 - - [02/Mar/2026:09:01:27 -0500] "GET /uae-president-receives-malaysian-pm/ HTTP/1.1" 200 104743 "-" "meta-externalagent/1.1 (+https://developers.facebook.com/docs/sharing/webmasters/crawler)"
15.235.98.47 - - [02/Mar/2026:09:02:54 -0500] "GET /international-reports-real-estate-key-driver-of-uae-economic-growth/ HTTP/1.1" 200 21368 "-" "Mozilla/5.0 (compatible; AhrefsBot/7.0; +http://ahrefs.com/robot/)"
49.234.29.195 - - [02/Mar/2026:09:04:43 -0500] "GET /acres-2025-showcases-flagship-real-estate-projects-across-uae/ HTTP/1.1" 200 21293 "-" "Mozilla/5.0 (Macintosh; Intel Mac OS X 10_15_7) AppleWebKit/537.36 (KHTML, like Gecko) Chrome/140.0.0.0 newsai/1.0 Safari/537.36"
162.213.253.84 - - [02/Mar/2026:09:05:03 -0500] "POST /wp-cron.php?doing_wp_cron=1772460303.6532859802246093750000 HTTP/1.1" 200 0 "-" "WordPress/6.8.1; https://www.middleeastoday.com"
74.7.229.128 - - [02/Mar/2026:09:05:02 -0500] "GET /?p=8985 HTTP/1.1" 301 0 "https://www.middleeastoday.com/london-international-studies-and-research-center-lisrc-dubai-on-an-expansion-mode/" "Mozilla/5.0 (Macintosh; Intel Mac OS X 10_15_7) AppleWebKit/537.36 (KHTML, like Gecko) Chrome/131.0.0.0 Safari/537.36; compatible; OAI-SearchBot/1.3; +https://openai.com/searchbot"
74.7.229.128 - - [02/Mar/2026:09:05:03 -0500] "GET /london-international-studies-and-research-center-lisrc-dubai-on-an-expansion-mode/ HTTP/1.1" 200 21269 "https://www.middleeastoday.com/?p=8985" "Mozilla/5.0 (Macintosh; Intel Mac OS X 10_15_7) AppleWebKit/537.36 (KHTML, like Gecko) Chrome/131.0.0.0 Safari/537.36; compatible; OAI-SearchBot/1.3; +https://openai.com/searchbot"
74.7.229.128 - - [02/Mar/2026:09:05:05 -0500] "GET /?p=8985 HTTP/1.1" 301 0 "https://www.middleeastoday.com/london-international-studies-and-research-center-lisrc-dubai-on-an-expansion-mode/" "Mozilla/5.0 (Macintosh; Intel Mac OS X 10_15_7) AppleWebKit/537.36 (KHTML, like Gecko) Chrome/131.0.0.0 Safari/537.36; compatible; OAI-SearchBot/1.3; +https://openai.com/searchbot"
162.213.253.84 - - [02/Mar/2026:09:05:15 -0500] "POST /wp-cron.php?doing_wp_cron=1772460315.6854729652404785156250 HTTP/1.1" 200 0 "-" "WordPress/6.8.1; https://www.middleeastoday.com"
162.213.253.84 - - [02/Mar/2026:09:05:26 -0500] "POST /wp-cron.php?doing_wp_cron=1772460326.1815810203552246093750 HTTP/1.1" 200 0 "-" "WordPress/6.8.1; https://www.middleeastoday.com"
162.213.253.84 - - [02/Mar/2026:09:05:27 -0500] "POST /wp-admin/admin-ajax.php?action=async_litespeed&nonce=UhlTQdwFKyRt1WjKQsllSfl79DcdjjEw&litespeed_type=imgoptm HTTP/1.1" 200 21 "-" "WordPress/6.8.1; https://www.middleeastoday.com"
54.39.210.246 - - [02/Mar/2026:08:54:28 -0500] "GET /wp-sitemap-posts-page-1.xml HTTP/1.1" 200 210 "-" "Mozilla/5.0 (compatible; AhrefsBot/7.0; +http://ahrefs.com/robot/)"
142.44.233.36 - - [02/Mar/2026:08:54:35 -0500] "GET /wp-sitemap-taxonomies-category-1.xml HTTP/1.1" 200 398 "-" "Mozilla/5.0 (compatible; AhrefsBot/7.0; +http://ahrefs.com/robot/)"
15.235.27.168 - - [02/Mar/2026:08:54:42 -0500] "GET /wp-sitemap-taxonomies-post_format-1.xml HTTP/1.1" 200 171 "-" "Mozilla/5.0 (compatible; AhrefsBot/7.0; +http://ahrefs.com/robot/)"
148.113.128.94 - - [02/Mar/2026:08:54:45 -0500] "GET /wp-sitemap-users-1.xml HTTP/1.1" 200 161 "-" "Mozilla/5.0 (compatible; AhrefsBot/7.0; +http://ahrefs.com/robot/)"
103.106.119.188 - - [02/Mar/2026:08:56:52 -0500] "GET /category/articles/ HTTP/1.1" 200 19239 "-" "Mozilla/5.0 (iPhone; CPU iPhone OS 17_4 like Mac OS X) AppleWebKit/535.2 (KHTML, like Gecko) FxiOS/12.7j0103.0 Mobile/40F266 Safari/535.2"
162.213.253.84 - - [02/Mar/2026:08:58:04 -0500] "POST /wp-admin/admin-ajax.php?action=async_litespeed&nonce=92pN2hABTIRo19Xz1jNAcq0svQk3sz9H&litespeed_type=imgoptm HTTP/1.1" 200 21 "-" "WordPress/6.8.1; https://www.middleeastoday.com"
54.198.33.233 - - [02/Mar/2026:09:00:04 -0500] "GET /wp-json/oembed/1.0/embed?format=xml&url=https://www.middleeastoday.com/art-dubai-closes-2022-edition-with-strong-sales-and-record-visitor-numbers/ HTTP/1.1" 200 1285 "-" "Mozilla/5.0 AppleWebKit/537.36 (KHTML, like Gecko; compatible; Amazonbot/0.1; +https://developer.amazon.com/support/amazonbot) Chrome/119.0.6045.214 Safari/537.36"
74.7.228.56 - - [02/Mar/2026:09:04:59 -0500] "GET /robots.txt HTTP/1.1" 200 101 "-" "Mozilla/5.0 (Macintosh; Intel Mac OS X 10_15_7) AppleWebKit/537.36 (KHTML, like Gecko) Chrome/131.0.0.0 Safari/537.36; compatible; OAI-SearchBot/1.3; robots.txt; +https://openai.com/searchbot"
74.7.229.5 - - [02/Mar/2026:09:04:59 -0500] "GET /london-international-studies-and-research-center-lisrc-dubai-on-an-expansion-mode/ HTTP/1.1" 200 21269 "-" "Mozilla/5.0 (Macintosh; Intel Mac OS X 10_15_7) AppleWebKit/537.36 (KHTML, like Gecko) Chrome/131.0.0.0 Safari/537.36; compatible; OAI-SearchBot/1.3; +https://openai.com/searchbot"
162.213.253.84 - - [02/Mar/2026:09:05:04 -0500] "POST /wp-admin/admin-ajax.php?action=async_litespeed&nonce=aqkhZLbBpnvufNf7lMq6REhlOpyKTUqK&litespeed_type=imgoptm HTTP/1.1" 200 0 "-" "WordPress/6.8.1; https://www.middleeastoday.com"
74.7.229.128 - - [02/Mar/2026:09:05:05 -0500] "GET /london-international-studies-and-research-center-lisrc-dubai-on-an-expansion-mode/ HTTP/1.1" 200 21269 "https://www.middleeastoday.com/?p=8985" "Mozilla/5.0 (Macintosh; Intel Mac OS X 10_15_7) AppleWebKit/537.36 (KHTML, like Gecko) Chrome/131.0.0.0 Safari/537.36; compatible; OAI-SearchBot/1.3; +https://openai.com/searchbot"
74.7.243.195 - - [02/Mar/2026:09:05:15 -0500] "GET /wp-json/wp/v2/posts/8985 HTTP/1.1" 200 5641 "https://www.middleeastoday.com/?p=8985" "Mozilla/5.0 AppleWebKit/537.36 (KHTML, like Gecko; compatible; GPTBot/1.3; +https://openai.com/gptbot)"
74.7.243.195 - - [02/Mar/2026:09:05:25 -0500] "GET /wp-json/oembed/1.0/embed?format=xml&url=https%3A%2F%2Fwww.middleeastoday.com%2Flondon-international-studies-and-research-center-lisrc-dubai-on-an-expansion-mode%2F HTTP/1.1" 200 1204 "https://www.middleeastoday.com/?p=8985" "Mozilla/5.0 AppleWebKit/537.36 (KHTML, like Gecko; compatible; GPTBot/1.3; +https://openai.com/gptbot)"
162.213.253.84 - - [02/Mar/2026:09:05:39 -0500] "POST /wp-cron.php?doing_wp_cron=1772460339.8867700099945068359375 HTTP/1.1" 200 0 "-" "WordPress/6.8.1; https://www.middleeastoday.com"
74.7.243.195 - - [02/Mar/2026:09:05:39 -0500] "GET /wp-json/oembed/1.0/embed?url=https%3A%2F%2Fwww.middleeastoday.com%2Flondon-international-studies-and-research-center-lisrc-dubai-on-an-expansion-mode%2F HTTP/1.1" 200 2670 "https://www.middleeastoday.com/?p=8985" "Mozilla/5.0 AppleWebKit/537.36 (KHTML, like Gecko; compatible; GPTBot/1.3; +https://openai.com/gptbot)"
57.141.2.21 - - [02/Mar/2026:09:07:04 -0500] "GET /maktoum-bin-mohammed-meets-with-co-founder-and-ceo-of-snap-inc/ HTTP/1.1" 200 105852 "-" "meta-externalagent/1.1 (+https://developers.facebook.com/docs/sharing/webmasters/crawler)"
59.36.125.72 - - [02/Mar/2026:09:07:19 -0500] "GET /wp-content/plugins/elementor-pro/assets/css/widget-nav-menu.min.css HTTP/1.1" 200 3279 "http://www.middleeastoday.com/" "Mozilla/5.0 (Macintosh; Intel Mac OS X 10_15_7) AppleWebKit/537.36 (KHTML, like Gecko) Chrome/140.0.0.0 newsai/1.0 Safari/537.36"
162.213.253.84 - - [02/Mar/2026:09:10:47 -0500] "POST /wp-cron.php?doing_wp_cron=1772460647.3464949131011962890625 HTTP/1.1" 200 0 "-" "WordPress/6.8.1; https://www.middleeastoday.com"
211.21.61.225 - - [02/Mar/2026:09:10:46 -0500] "POST /wp-login.php HTTP/1.1" 200 2133 "-" "Mozilla/5.0 (Windows NT 10.0) AppleWebKit/537.36 (KHTML, like Gecko) Chrome/140.0.0.0 Safari/537.36 Edg/140.0.0.0"
162.213.253.84 - - [02/Mar/2026:09:10:48 -0500] "POST /wp-admin/admin-ajax.php?action=async_litespeed&nonce=p61a6Bzw1kVtX8uFPtsgQ8Wy7g35UcAi&litespeed_type=imgoptm HTTP/1.1" 200 21 "-" "WordPress/6.8.1; https://www.middleeastoday.com"
40.77.167.14 - - [02/Mar/2026:09:16:38 -0500] "GET /wp-content/uploads/2022/08/Dubai-Aerospace-Enterprise-455x300.jpg HTTP/1.1" 200 21082 "-" "Mozilla/5.0 AppleWebKit/537.36 (KHTML, like Gecko; compatible; bingbot/2.0; +http://www.bing.com/bingbot.htm) Chrome/116.0.1938.76 Safari/537.36"
52.167.144.225 - - [02/Mar/2026:09:17:04 -0500] "GET /wp-json/wp/v2/posts/10559 HTTP/1.1" 200 7530 "-" "Mozilla/5.0 AppleWebKit/537.36 (KHTML, like Gecko; compatible; bingbot/2.0; +http://www.bing.com/bingbot.htm) Chrome/116.0.1938.76 Safari/537.36"
162.213.253.84 - - [02/Mar/2026:09:17:06 -0500] "POST /wp-admin/admin-ajax.php?action=async_litespeed&nonce=lp4aQimEWojvcvoOS6yHfFBBsfqzFeVy&litespeed_type=imgoptm HTTP/1.1" 200 21 "-" "WordPress/6.8.1; https://www.middleeastoday.com"
3.85.204.193 - - [02/Mar/2026:09:20:14 -0500] "GET /category/uncategorized/ HTTP/1.1" 200 121982 "-" "Mozilla/4.0 (compatible; MSIE 7.0; Windows NT 6.0) Mozilla/5.0 (Windows NT 10.0; Win64; x64) AppleWebKit/537.36 (KHTML, like Gecko) Chrome/91.0.4472.124 Safari/537.36"
3.85.204.193 - - [02/Mar/2026:09:20:16 -0500] "GET /category/home_side/ HTTP/1.1" 200 121861 "-" "Mozilla/4.0 (compatible; MSIE 7.0; Windows NT 6.0) Mozilla/5.0 (Windows NT 10.0; Win64; x64) AppleWebKit/537.36 (KHTML, like Gecko) Chrome/91.0.4472.124 Safari/537.36"
3.85.204.193 - - [02/Mar/2026:09:20:18 -0500] "GET /category/travel-tourism/destinations/ HTTP/1.1" 200 123182 "-" "Mozilla/4.0 (compatible; MSIE 7.0; Windows NT 6.0) Mozilla/5.0 (Windows NT 10.0; Win64; x64) AppleWebKit/537.36 (KHTML, like Gecko) Chrome/91.0.4472.124 Safari/537.36"
3.85.204.193 - - [02/Mar/2026:09:20:19 -0500] "GET /category/exhibitions/ HTTP/1.1" 200 122723 "-" "Mozilla/4.0 (compatible; MSIE 7.0; Windows NT 6.0) Mozilla/5.0 (Windows NT 10.0; Win64; x64) AppleWebKit/537.36 (KHTML, like Gecko) Chrome/91.0.4472.124 Safari/537.36"
3.85.204.193 - - [02/Mar/2026:09:20:22 -0500] "GET /category/entertainment/ HTTP/1.1" 200 99105 "-" "Mozilla/4.0 (compatible; MSIE 7.0; Windows NT 6.0) Mozilla/5.0 (Windows NT 10.0; Win64; x64) AppleWebKit/537.36 (KHTML, like Gecko) Chrome/91.0.4472.124 Safari/537.36"
57.141.2.69 - - [02/Mar/2026:09:20:29 -0500] "GET /uae-and-egyptian-presidents-discuss-brotherly-ties/ HTTP/1.1" 200 104680 "-" "meta-externalagent/1.1 (+https://developers.facebook.com/docs/sharing/webmasters/crawler)"
