74.7.243.195 - - [02/Mar/2026:16:56:35 -0500] "GET /wp-json/oembed/1.0/embed?format=xml&url=https%3A%2F%2Fwww.middleeastoday.com%2Fkazakh-consulate-celebrates-30th-anniversary-of-establishment-of-relations-with-uae%2F HTTP/1.1" 200 1201 "https://www.middleeastoday.com/kazakh-consulate-celebrates-30th-anniversary-of-establishment-of-relations-with-uae/" "Mozilla/5.0 AppleWebKit/537.36 (KHTML, like Gecko; compatible; GPTBot/1.3; +https://openai.com/gptbot)"
47.246.171.176 - - [02/Mar/2026:16:57:39 -0500] "GET https://www.middleeastoday.com/wp-content/plugins/elementor-pro/assets/css/widget-nav-menu.min.css HTTP/1.1" 200 3279 "http://www.middleeastoday.com/" "Mozilla/5.0 (Windows NT 5.1; rv:5.0) Gecko/20100101 Firefox/5.0"
50.6.7.129 - - [02/Mar/2026:16:58:26 -0500] "GET /wp-login.php HTTP/1.1" 200 1792 "-" "Mozilla/5.0 (Windows NT 10.0; Win64; x64) AppleWebKit/537.36 (KHTML, like Gecko) Chrome/130.0.0.0 Safari/537.36"
50.6.7.129 - - [02/Mar/2026:16:58:30 -0500] "POST /wp-login.php HTTP/1.1" 200 1884 "https://middleeastoday.com/wp-login.php" "Mozilla/5.0 (Windows NT 10.0; Win64; x64) AppleWebKit/537.36 (KHTML, like Gecko) Chrome/130.0.0.0 Safari/537.36"
74.7.243.195 - - [02/Mar/2026:17:00:30 -0500] "GET /wp-json/oembed/1.0/embed?format=xml&url=https%3A%2F%2Fwww.middleeastoday.com%2Fuae-president-receives-georgian-pm%2F HTTP/1.1" 200 1153 "https://www.middleeastoday.com/uae-president-receives-georgian-pm/" "Mozilla/5.0 AppleWebKit/537.36 (KHTML, like Gecko; compatible; GPTBot/1.3; +https://openai.com/gptbot)"
57.141.2.21 - - [02/Mar/2026:17:02:14 -0500] "GET /uae-president-performs-eid-al-adha-prayer-at-sheikh-zayed-grand-mosque/ HTTP/1.1" 200 106081 "-" "meta-externalagent/1.1 (+https://developers.facebook.com/docs/sharing/webmasters/crawler)"
103.82.21.44 - - [02/Mar/2026:17:04:32 -0500] "GET /wp-login.php HTTP/1.1" 200 1792 "-" "Mozilla/5.0 (Windows NT 10.0; Win64; x64) AppleWebKit/537.36 (KHTML, like Gecko) Chrome/130.0.0.0 Safari/537.36"
162.213.253.84 - - [02/Mar/2026:17:04:33 -0500] "POST /wp-cron.php?doing_wp_cron=1772489073.8357489109039306640625 HTTP/1.1" 200 0 "-" "WordPress/6.8.1; https://www.middleeastoday.com"
162.213.253.84 - - [02/Mar/2026:17:04:34 -0500] "POST /wp-admin/admin-ajax.php?action=async_litespeed&nonce=3kSPSlrpqpwNr3uhGcHOYfjzGnIWkfdy&litespeed_type=imgoptm HTTP/1.1" 200 21 "-" "WordPress/6.8.1; https://www.middleeastoday.com"
69.163.174.53 - - [02/Mar/2026:17:05:56 -0500] "GET /wp-login.php HTTP/1.1" 200 1792 "-" "Mozilla/5.0 (Windows NT 10.0; Win64; x64) AppleWebKit/537.36 (KHTML, like Gecko) Chrome/130.0.0.0 Safari/537.36"
162.213.253.84 - - [02/Mar/2026:17:05:57 -0500] "POST /wp-cron.php?doing_wp_cron=1772489157.8444929122924804687500 HTTP/1.1" 200 0 "-" "WordPress/6.8.1; https://www.middleeastoday.com"
69.163.174.53 - - [02/Mar/2026:17:05:57 -0500] "POST /wp-login.php HTTP/1.1" 200 1884 "https://middleeastoday.com/wp-login.php" "Mozilla/5.0 (Windows NT 10.0; Win64; x64) AppleWebKit/537.36 (KHTML, like Gecko) Chrome/130.0.0.0 Safari/537.36"
103.82.21.44 - - [02/Mar/2026:17:04:33 -0500] "POST /wp-login.php HTTP/1.1" 200 1884 "https://middleeastoday.com/wp-login.php" "Mozilla/5.0 (Windows NT 10.0; Win64; x64) AppleWebKit/537.36 (KHTML, like Gecko) Chrome/130.0.0.0 Safari/537.36"
148.113.128.42 - - [02/Mar/2026:17:04:49 -0500] "GET /inaugural-dubai-esports-festival-2022-concludes-on-a-high-note/ HTTP/1.1" 200 24571 "-" "Mozilla/5.0 (compatible; AhrefsBot/7.0; +http://ahrefs.com/robot/)"
162.213.253.84 - - [02/Mar/2026:17:05:58 -0500] "POST /wp-admin/admin-ajax.php?action=async_litespeed&nonce=35iwPEghKMmSVXiRJkDski0H4jnPjxLA&litespeed_type=imgoptm HTTP/1.1" 200 21 "-" "WordPress/6.8.1; https://www.middleeastoday.com"
40.77.167.13 - - [02/Mar/2026:17:06:15 -0500] "GET /wp-content/uploads/2023/09/UAE-President-1-683x560.jpg HTTP/1.1" 200 24803 "-" "Mozilla/5.0 AppleWebKit/537.36 (KHTML, like Gecko; compatible; bingbot/2.0; +http://www.bing.com/bingbot.htm) Chrome/116.0.1938.76 Safari/537.36"
43.173.177.40 - - [02/Mar/2026:17:06:17 -0500] "GET /uae-president-vp-receive-new-hijri-year-greetings HTTP/1.1" 301 0 "-" "Mozilla/5.0 (Windows NT 10.0; Win64; x64) AppleWebKit/537.36 (KHTML, like Gecko) Chrome/133.0.0.0 Safari/537.36"
43.163.23.227 - - [02/Mar/2026:17:06:18 -0500] "GET /uae-president-vp-receive-new-hijri-year-greetings/ HTTP/1.1" 200 22761 "-" "Mozilla/5.0 (Windows NT 10.0; Win64; x64) AppleWebKit/537.36 (KHTML, like Gecko) Chrome/133.0.0.0 Safari/537.36"
69.49.112.62 - - [02/Mar/2026:17:07:32 -0500] "GET /wp-login.php HTTP/1.1" 200 1792 "-" "Mozilla/5.0 (Windows NT 10.0; Win64; x64) AppleWebKit/537.36 (KHTML, like Gecko) Chrome/130.0.0.0 Safari/537.36"
69.49.112.62 - - [02/Mar/2026:17:07:32 -0500] "POST /wp-login.php HTTP/1.1" 200 1884 "https://middleeastoday.com/wp-login.php" "Mozilla/5.0 (Windows NT 10.0; Win64; x64) AppleWebKit/537.36 (KHTML, like Gecko) Chrome/130.0.0.0 Safari/537.36"
162.213.253.84 - - [02/Mar/2026:17:07:33 -0500] "POST /wp-admin/admin-ajax.php?action=async_litespeed&nonce=W4OhVQKPNvGDGfbBW3yBsfa9w0OYdbYx&litespeed_type=imgoptm HTTP/1.1" 200 21 "-" "WordPress/6.8.1; https://www.middleeastoday.com"
57.141.2.66 - - [02/Mar/2026:17:12:01 -0500] "GET /environment-agency-abu-dhabi-releases-batch-of-rescued-and-rehabilitated-sea-turtles/ HTTP/1.1" 200 106578 "-" "meta-externalagent/1.1 (+https://developers.facebook.com/docs/sharing/webmasters/crawler)"
20.193.68.41 - - [02/Mar/2026:17:13:28 -0500] "GET /ms-edit.php HTTP/1.1" 301 0 "-" "Mozilla/5.0 (Windows NT 10.0; Win64; x64) AppleWebKit/537.36 (KHTML, like Gecko) Chrome/120.0.0.0 Safari/537.36"
162.213.253.84 - - [02/Mar/2026:17:13:28 -0500] "POST /wp-admin/admin-ajax.php?action=async_litespeed&nonce=ZUU9aIPkSEp106q4b0rwnwxlNgoUwGPY&litespeed_type=imgoptm HTTP/1.1" 200 21 "-" "WordPress/6.8.1; https://www.middleeastoday.com"
20.193.68.41 - - [02/Mar/2026:17:13:31 -0500] "GET /66.php HTTP/1.1" 301 0 "-" "Mozilla/5.0 (Windows NT 10.0; Win64; x64) AppleWebKit/537.36 (KHTML, like Gecko) Chrome/120.0.0.0 Safari/537.36"
20.193.68.41 - - [02/Mar/2026:17:13:32 -0500] "GET /wp-access.php HTTP/1.1" 301 0 "-" "Mozilla/5.0 (Windows NT 10.0; Win64; x64) AppleWebKit/537.36 (KHTML, like Gecko) Chrome/120.0.0.0 Safari/537.36"
20.193.68.41 - - [02/Mar/2026:17:13:34 -0500] "GET /wp-blog.php HTTP/1.1" 301 0 "-" "Mozilla/5.0 (Windows NT 10.0; Win64; x64) AppleWebKit/537.36 (KHTML, like Gecko) Chrome/120.0.0.0 Safari/537.36"
20.193.68.41 - - [02/Mar/2026:17:13:34 -0500] "GET /ff1.php HTTP/1.1" 301 0 "-" "Mozilla/5.0 (Windows NT 10.0; Win64; x64) AppleWebKit/537.36 (KHTML, like Gecko) Chrome/120.0.0.0 Safari/537.36"
20.193.68.41 - - [02/Mar/2026:17:13:36 -0500] "GET /file59.php HTTP/1.1" 301 0 "-" "Mozilla/5.0 (Windows NT 10.0; Win64; x64) AppleWebKit/537.36 (KHTML, like Gecko) Chrome/120.0.0.0 Safari/537.36"
20.193.68.41 - - [02/Mar/2026:17:13:40 -0500] "GET /0.php HTTP/1.1" 301 0 "-" "Mozilla/5.0 (Windows NT 10.0; Win64; x64) AppleWebKit/537.36 (KHTML, like Gecko) Chrome/120.0.0.0 Safari/537.36"
20.193.68.41 - - [02/Mar/2026:17:13:40 -0500] "GET /06.php HTTP/1.1" 301 0 "-" "Mozilla/5.0 (Windows NT 10.0; Win64; x64) AppleWebKit/537.36 (KHTML, like Gecko) Chrome/120.0.0.0 Safari/537.36"
20.193.68.41 - - [02/Mar/2026:17:13:41 -0500] "GET /wp5.php HTTP/1.1" 301 0 "-" "Mozilla/5.0 (Windows NT 10.0; Win64; x64) AppleWebKit/537.36 (KHTML, like Gecko) Chrome/120.0.0.0 Safari/537.36"
20.193.68.41 - - [02/Mar/2026:17:13:42 -0500] "GET /yas.php HTTP/1.1" 301 0 "-" "Mozilla/5.0 (Windows NT 10.0; Win64; x64) AppleWebKit/537.36 (KHTML, like Gecko) Chrome/120.0.0.0 Safari/537.36"
20.193.68.41 - - [02/Mar/2026:17:13:44 -0500] "GET /public/vx.php HTTP/1.1" 301 0 "-" "Mozilla/5.0 (Windows NT 10.0; Win64; x64) AppleWebKit/537.36 (KHTML, like Gecko) Chrome/120.0.0.0 Safari/537.36"
162.213.253.84 - - [02/Mar/2026:17:07:32 -0500] "POST /wp-cron.php?doing_wp_cron=1772489252.8245589733123779296875 HTTP/1.1" 200 0 "-" "WordPress/6.8.1; https://www.middleeastoday.com"
57.141.2.62 - - [02/Mar/2026:17:10:31 -0500] "GET /saudi-arabia-celebrates-founding-day-at-expo-2020-dubai/ HTTP/1.1" 200 104207 "-" "meta-externalagent/1.1 (+https://developers.facebook.com/docs/sharing/webmasters/crawler)"
162.213.253.84 - - [02/Mar/2026:17:13:27 -0500] "POST /wp-cron.php?doing_wp_cron=1772489607.8159179687500000000000 HTTP/1.1" 200 0 "-" "WordPress/6.8.1; https://www.middleeastoday.com"
20.193.68.41 - - [02/Mar/2026:17:13:27 -0500] "GET /lite.php HTTP/1.1" 301 0 "-" "Mozilla/5.0 (Windows NT 10.0; Win64; x64) AppleWebKit/537.36 (KHTML, like Gecko) Chrome/120.0.0.0 Safari/537.36"
20.193.68.41 - - [02/Mar/2026:17:13:28 -0500] "GET /wp-the.php HTTP/1.1" 301 0 "-" "Mozilla/5.0 (Windows NT 10.0; Win64; x64) AppleWebKit/537.36 (KHTML, like Gecko) Chrome/120.0.0.0 Safari/537.36"
20.193.68.41 - - [02/Mar/2026:17:13:29 -0500] "GET /update/da222.php HTTP/1.1" 301 0 "-" "Mozilla/5.0 (Windows NT 10.0; Win64; x64) AppleWebKit/537.36 (KHTML, like Gecko) Chrome/120.0.0.0 Safari/537.36"
20.193.68.41 - - [02/Mar/2026:17:13:30 -0500] "GET /vx.php HTTP/1.1" 301 0 "-" "Mozilla/5.0 (Windows NT 10.0; Win64; x64) AppleWebKit/537.36 (KHTML, like Gecko) Chrome/120.0.0.0 Safari/537.36"
20.193.68.41 - - [02/Mar/2026:17:13:31 -0500] "GET /ms.php HTTP/1.1" 301 0 "-" "Mozilla/5.0 (Windows NT 10.0; Win64; x64) AppleWebKit/537.36 (KHTML, like Gecko) Chrome/120.0.0.0 Safari/537.36"
20.193.68.41 - - [02/Mar/2026:17:13:33 -0500] "GET /cwclass.php HTTP/1.1" 301 0 "-" "Mozilla/5.0 (Windows NT 10.0; Win64; x64) AppleWebKit/537.36 (KHTML, like Gecko) Chrome/120.0.0.0 Safari/537.36"
20.193.68.41 - - [02/Mar/2026:17:13:35 -0500] "GET /666.php HTTP/1.1" 301 0 "-" "Mozilla/5.0 (Windows NT 10.0; Win64; x64) AppleWebKit/537.36 (KHTML, like Gecko) Chrome/120.0.0.0 Safari/537.36"
20.193.68.41 - - [02/Mar/2026:17:13:37 -0500] "GET /wp-admin/css/bolt.php HTTP/1.1" 301 0 "-" "Mozilla/5.0 (Windows NT 10.0; Win64; x64) AppleWebKit/537.36 (KHTML, like Gecko) Chrome/120.0.0.0 Safari/537.36"
20.193.68.41 - - [02/Mar/2026:17:13:37 -0500] "GET /myfile.php HTTP/1.1" 301 0 "-" "Mozilla/5.0 (Windows NT 10.0; Win64; x64) AppleWebKit/537.36 (KHTML, like Gecko) Chrome/120.0.0.0 Safari/537.36"
20.193.68.41 - - [02/Mar/2026:17:13:38 -0500] "GET /X57.php HTTP/1.1" 301 0 "-" "Mozilla/5.0 (Windows NT 10.0; Win64; x64) AppleWebKit/537.36 (KHTML, like Gecko) Chrome/120.0.0.0 Safari/537.36"
20.193.68.41 - - [02/Mar/2026:17:13:39 -0500] "GET /new4.php HTTP/1.1" 301 0 "-" "Mozilla/5.0 (Windows NT 10.0; Win64; x64) AppleWebKit/537.36 (KHTML, like Gecko) Chrome/120.0.0.0 Safari/537.36"
20.193.68.41 - - [02/Mar/2026:17:13:43 -0500] "GET /file.php HTTP/1.1" 301 0 "-" "Mozilla/5.0 (Windows NT 10.0; Win64; x64) AppleWebKit/537.36 (KHTML, like Gecko) Chrome/120.0.0.0 Safari/537.36"
20.193.68.41 - - [02/Mar/2026:17:13:43 -0500] "GET /plugins.php HTTP/1.1" 301 0 "-" "Mozilla/5.0 (Windows NT 10.0; Win64; x64) AppleWebKit/537.36 (KHTML, like Gecko) Chrome/120.0.0.0 Safari/537.36"
20.193.68.41 - - [02/Mar/2026:17:13:46 -0500] "GET /wp-content/plugins/admin.php HTTP/1.1" 301 0 "-" "Mozilla/5.0 (Windows NT 10.0; Win64; x64) AppleWebKit/537.36 (KHTML, like Gecko) Chrome/120.0.0.0 Safari/537.36"
20.193.68.41 - - [02/Mar/2026:17:13:46 -0500] "GET /wp-content/themes/about.php HTTP/1.1" 301 0 "-" "Mozilla/5.0 (Windows NT 10.0; Win64; x64) AppleWebKit/537.36 (KHTML, like Gecko) Chrome/120.0.0.0 Safari/537.36"
20.193.68.41 - - [02/Mar/2026:17:13:47 -0500] "GET /xda.php HTTP/1.1" 301 0 "-" "Mozilla/5.0 (Windows NT 10.0; Win64; x64) AppleWebKit/537.36 (KHTML, like Gecko) Chrome/120.0.0.0 Safari/537.36"
20.193.68.41 - - [02/Mar/2026:17:13:51 -0500] "GET /wp-content/upgrade/index.php HTTP/1.1" 301 0 "-" "Mozilla/5.0 (Windows NT 10.0; Win64; x64) AppleWebKit/537.36 (KHTML, like Gecko) Chrome/120.0.0.0 Safari/537.36"
20.193.68.41 - - [02/Mar/2026:17:13:45 -0500] "GET /wp-act.php HTTP/1.1" 301 0 "-" "Mozilla/5.0 (Windows NT 10.0; Win64; x64) AppleWebKit/537.36 (KHTML, like Gecko) Chrome/120.0.0.0 Safari/537.36"
20.193.68.41 - - [02/Mar/2026:17:13:48 -0500] "GET /404.php HTTP/1.1" 301 0 "-" "Mozilla/5.0 (Windows NT 10.0; Win64; x64) AppleWebKit/537.36 (KHTML, like Gecko) Chrome/120.0.0.0 Safari/537.36"
20.193.68.41 - - [02/Mar/2026:17:13:49 -0500] "GET /wp-admin/images/index.php HTTP/1.1" 301 0 "-" "Mozilla/5.0 (Windows NT 10.0; Win64; x64) AppleWebKit/537.36 (KHTML, like Gecko) Chrome/120.0.0.0 Safari/537.36"
20.193.68.41 - - [02/Mar/2026:17:13:49 -0500] "GET /wp-admin/js/admiin.php HTTP/1.1" 301 0 "-" "Mozilla/5.0 (Windows NT 10.0; Win64; x64) AppleWebKit/537.36 (KHTML, like Gecko) Chrome/120.0.0.0 Safari/537.36"
20.193.68.41 - - [02/Mar/2026:17:13:50 -0500] "GET /wp-admin/js/widgets/ HTTP/1.1" 403 1242 "-" "Mozilla/5.0 (Windows NT 10.0; Win64; x64) AppleWebKit/537.36 (KHTML, like Gecko) Chrome/120.0.0.0 Safari/537.36"
20.193.68.41 - - [02/Mar/2026:17:13:50 -0500] "GET /wp-content/languages/index.php HTTP/1.1" 301 0 "-" "Mozilla/5.0 (Windows NT 10.0; Win64; x64) AppleWebKit/537.36 (KHTML, like Gecko) Chrome/120.0.0.0 Safari/537.36"
20.193.68.41 - - [02/Mar/2026:17:13:52 -0500] "GET /wp-good.php HTTP/1.1" 301 0 "-" "Mozilla/5.0 (Windows NT 10.0; Win64; x64) AppleWebKit/537.36 (KHTML, like Gecko) Chrome/120.0.0.0 Safari/537.36"
20.193.68.41 - - [02/Mar/2026:17:13:53 -0500] "GET /wp-includes/ID3/ HTTP/1.1" 403 1242 "-" "Mozilla/5.0 (Windows NT 10.0; Win64; x64) AppleWebKit/537.36 (KHTML, like Gecko) Chrome/120.0.0.0 Safari/537.36"
20.193.68.41 - - [02/Mar/2026:17:13:53 -0500] "GET /wp-includes/Text/Diff/Renderer HTTP/1.1" 301 795 "-" "Mozilla/5.0 (Windows NT 10.0; Win64; x64) AppleWebKit/537.36 (KHTML, like Gecko) Chrome/120.0.0.0 Safari/537.36"
20.193.68.41 - - [02/Mar/2026:17:13:54 -0500] "GET /wp-includes/block-bindings/ HTTP/1.1" 403 1242 "-" "Mozilla/5.0 (Windows NT 10.0; Win64; x64) AppleWebKit/537.36 (KHTML, like Gecko) Chrome/120.0.0.0 Safari/537.36"
20.193.68.41 - - [02/Mar/2026:17:13:56 -0500] "GET /wp-includes/fonts/wp-login.php HTTP/1.1" 301 0 "-" "Mozilla/5.0 (Windows NT 10.0; Win64; x64) AppleWebKit/537.36 (KHTML, like Gecko) Chrome/120.0.0.0 Safari/537.36"
51.91.254.43 - - [02/Mar/2026:17:14:22 -0500] "GET /wp-content/uploads/2023/04/Abudllah-bin-Zayed-1-850x560.jpg HTTP/1.1" 200 50053 "-" "Mozilla/5.0 (Windows NT 10.0; Win64; x64) AppleWebKit/537.36 (KHTML, like Gecko) Chrome/139.0.0.0 Safari/537.36"
178.159.38.140 - - [02/Mar/2026:17:14:24 -0500] "POST /wp-login.php HTTP/1.1" 200 1884 "https://middleeastoday.com/wp-login.php" "Mozilla/5.0 (Windows NT 10.0; Win64; x64) AppleWebKit/537.36 (KHTML, like Gecko) Chrome/130.0.0.0 Safari/537.36"
47.246.164.140 - - [02/Mar/2026:17:15:36 -0500] "GET https://www.middleeastoday.com/wp-content/plugins/elementor-pro/assets/css/widget-nav-menu.min.css HTTP/1.1" 200 3279 "http://www.middleeastoday.com/" "Mozilla/5.0 (Windows NT 10.0; WOW64) AppleWebKit/537.36 (KHTML, like Gecko) Chrome/108.0.5359.95 Safari/537.36 QIHU 360SE"
114.119.148.161 - - [02/Mar/2026:17:15:46 -0500] "GET /author/admin/page/36 HTTP/1.1" 301 0 "https://www.middleeastoday.com/author/admin/page/38" "Mozilla/5.0 (Linux; Android 7.0;) AppleWebKit/537.36 (KHTML, like Gecko) Mobile Safari/537.36 (compatible; PetalBot;+https://webmaster.petalsearch.com/site/petalbot)"
148.113.130.212 - - [02/Mar/2026:17:17:55 -0500] "GET /organized-by-the-mohammed-bin-zayed-council-saif-bin-zayed-attends-the-lecture-aging-its-causes-and-the-possibility-of-prevention/ HTTP/1.1" 200 21587 "-" "Mozilla/5.0 (compatible; AhrefsBot/7.0; +http://ahrefs.com/robot/)"
69.49.112.63 - - [02/Mar/2026:17:18:50 -0500] "POST /wp-login.php HTTP/1.1" 200 1884 "https://middleeastoday.com/wp-login.php" "Mozilla/5.0 (Windows NT 10.0; Win64; x64) AppleWebKit/537.36 (KHTML, like Gecko) Chrome/130.0.0.0 Safari/537.36"
20.193.68.41 - - [02/Mar/2026:17:13:53 -0500] "GET /wp-includes/ID3/index.php HTTP/1.1" 301 0 "-" "Mozilla/5.0 (Windows NT 10.0; Win64; x64) AppleWebKit/537.36 (KHTML, like Gecko) Chrome/120.0.0.0 Safari/537.36"
20.193.68.41 - - [02/Mar/2026:17:13:54 -0500] "GET /wp-includes/Text/lv.php HTTP/1.1" 301 0 "-" "Mozilla/5.0 (Windows NT 10.0; Win64; x64) AppleWebKit/537.36 (KHTML, like Gecko) Chrome/120.0.0.0 Safari/537.36"
20.193.68.41 - - [02/Mar/2026:17:13:55 -0500] "GET /wp-includes/block-supports/ HTTP/1.1" 403 1242 "-" "Mozilla/5.0 (Windows NT 10.0; Win64; x64) AppleWebKit/537.36 (KHTML, like Gecko) Chrome/120.0.0.0 Safari/537.36"
20.193.68.41 - - [02/Mar/2026:17:13:55 -0500] "GET /wp-includes/certificates/about.php HTTP/1.1" 301 0 "-" "Mozilla/5.0 (Windows NT 10.0; Win64; x64) AppleWebKit/537.36 (KHTML, like Gecko) Chrome/120.0.0.0 Safari/537.36"
20.193.68.41 - - [02/Mar/2026:17:13:56 -0500] "GET /wp-includes/css/index.php HTTP/1.1" 301 0 "-" "Mozilla/5.0 (Windows NT 10.0; Win64; x64) AppleWebKit/537.36 (KHTML, like Gecko) Chrome/120.0.0.0 Safari/537.36"
145.239.87.55 - - [02/Mar/2026:17:14:21 -0500] "GET /uae-will-voluntarily-cut-oil-output-by-144000-bpd-from-may-through-year-end-suhail-al-mazrouei/ HTTP/1.1" 200 20198 "-" "Mozilla/5.0 (Windows NT 10.0; Win64; x64) AppleWebKit/537.36 (KHTML, like Gecko) Chrome/139.0.0.0 Safari/537.36"
178.159.38.140 - - [02/Mar/2026:17:14:23 -0500] "GET /wp-login.php HTTP/1.1" 200 1792 "-" "Mozilla/5.0 (Windows NT 10.0; Win64; x64) AppleWebKit/537.36 (KHTML, like Gecko) Chrome/130.0.0.0 Safari/537.36"
51.91.254.244 - - [02/Mar/2026:17:14:53 -0500] "GET /mohammed-bin-rashid-attends-graduation-ceremony-of-706-police-cadets-at-expo-2020-dubai/ HTTP/1.1" 200 21633 "-" "Mozilla/5.0 (Windows NT 10.0; Win64; x64) AppleWebKit/537.36 (KHTML, like Gecko) Chrome/139.0.0.0 Safari/537.36"
114.119.148.161 - - [02/Mar/2026:17:15:48 -0500] "GET /author/admin/page/36/ HTTP/1.1" 200 23969 "https://www.middleeastoday.com/author/admin/page/38" "Mozilla/5.0 (Linux; Android 7.0;) AppleWebKit/537.36 (KHTML, like Gecko) Mobile Safari/537.36 (compatible; PetalBot;+https://webmaster.petalsearch.com/site/petalbot)"
64.71.166.35 - - [02/Mar/2026:17:17:04 -0500] "GET /wp-content/plugins/elementor-pro/assets/css/widget-nav-menu.min.css HTTP/1.1" 200 3279 "http://middleeastoday.com/" "Mozilla/5.0 (Windows NT 10.0; Win64; x64) AppleWebKit/537.36 (KHTML, like Gecko) Chrome/142.0.7444.162 Safari/537.36"
69.49.112.63 - - [02/Mar/2026:17:18:50 -0500] "GET /wp-login.php HTTP/1.1" 200 1792 "-" "Mozilla/5.0 (Windows NT 10.0; Win64; x64) AppleWebKit/537.36 (KHTML, like Gecko) Chrome/130.0.0.0 Safari/537.36"
162.213.253.84 - - [02/Mar/2026:17:22:12 -0500] "POST /wp-cron.php?doing_wp_cron=1772490132.7397561073303222656250 HTTP/1.1" 200 0 "-" "WordPress/6.8.1; https://www.middleeastoday.com"
105.245.116.249 - - [02/Mar/2026:17:21:39 -0500] "GET /category/art/ HTTP/1.1" 200 24233 "-" "Mozilla/5.0 (Macintosh; Intel Mac OS X 10_12_6) AppleWebKit/537.36 (KHTML, like Gecko) Chrome/101.0.4951.64 Safari/537.36"
57.141.2.52 - - [02/Mar/2026:17:21:43 -0500] "GET /uae-president-attends-military-ceremony-in-paris-during-state-visit/ HTTP/1.1" 200 106368 "-" "meta-externalagent/1.1 (+https://developers.facebook.com/docs/sharing/webmasters/crawler)"
54.206.20.150 - - [02/Mar/2026:17:22:10 -0500] "GET /wp-login.php HTTP/1.1" 200 1792 "-" "Mozilla/5.0 (Windows NT 10.0; Win64; x64) AppleWebKit/537.36 (KHTML, like Gecko) Chrome/130.0.0.0 Safari/537.36"
54.206.20.150 - - [02/Mar/2026:17:22:11 -0500] "POST /wp-login.php HTTP/1.1" 200 1884 "https://middleeastoday.com/wp-login.php" "Mozilla/5.0 (Windows NT 10.0; Win64; x64) AppleWebKit/537.36 (KHTML, like Gecko) Chrome/130.0.0.0 Safari/537.36"
162.213.253.84 - - [02/Mar/2026:17:22:14 -0500] "POST /wp-admin/admin-ajax.php?action=async_litespeed&nonce=AEDWVteyIUq1TxtRykTOYdU9iJHZAuQB&litespeed_type=imgoptm HTTP/1.1" 200 0 "-" "WordPress/6.8.1; https://www.middleeastoday.com"
157.230.226.169 - - [02/Mar/2026:17:24:21 -0500] "GET /wp-login.php HTTP/1.1" 200 1792 "-" "Mozilla/5.0 (Windows NT 10.0; Win64; x64) AppleWebKit/537.36 (KHTML, like Gecko) Chrome/130.0.0.0 Safari/537.36"
157.230.226.169 - - [02/Mar/2026:17:24:21 -0500] "POST /wp-login.php HTTP/1.1" 200 1884 "https://middleeastoday.com/wp-login.php" "Mozilla/5.0 (Windows NT 10.0; Win64; x64) AppleWebKit/537.36 (KHTML, like Gecko) Chrome/130.0.0.0 Safari/537.36"
162.213.253.84 - - [02/Mar/2026:17:24:24 -0500] "POST /wp-admin/admin-ajax.php?action=async_litespeed&nonce=WYwfBUykvsmVSDLD35KRSCBY7x8kiAzJ&litespeed_type=imgoptm HTTP/1.1" 200 0 "-" "WordPress/6.8.1; https://www.middleeastoday.com"
57.128.2.15 - - [02/Mar/2026:17:26:55 -0500] "GET /wp-login.php HTTP/1.1" 200 1792 "-" "Mozilla/5.0 (Windows NT 10.0; Win64; x64) AppleWebKit/537.36 (KHTML, like Gecko) Chrome/130.0.0.0 Safari/537.36"
162.213.253.84 - - [02/Mar/2026:17:26:56 -0500] "POST /wp-cron.php?doing_wp_cron=1772490416.8399860858917236328125 HTTP/1.1" 200 0 "-" "WordPress/6.8.1; https://www.middleeastoday.com"
57.128.2.15 - - [02/Mar/2026:17:26:55 -0500] "POST /wp-login.php HTTP/1.1" 200 1884 "https://middleeastoday.com/wp-login.php" "Mozilla/5.0 (Windows NT 10.0; Win64; x64) AppleWebKit/537.36 (KHTML, like Gecko) Chrome/130.0.0.0 Safari/537.36"
162.213.253.84 - - [02/Mar/2026:17:26:58 -0500] "POST /wp-admin/admin-ajax.php?action=async_litespeed&nonce=M1zBSYs5t5CfkUR0Mid2QF8yO3TkqBbQ&litespeed_type=imgoptm HTTP/1.1" 200 0 "-" "WordPress/6.8.1; https://www.middleeastoday.com"
162.213.253.84 - - [02/Mar/2026:17:28:43 -0500] "POST /wp-cron.php?doing_wp_cron=1772490523.7586510181427001953125 HTTP/1.1" 200 0 "-" "WordPress/6.8.1; https://www.middleeastoday.com"
107.161.24.151 - - [02/Mar/2026:17:28:42 -0500] "POST /wp-login.php HTTP/1.1" 200 1884 "https://middleeastoday.com/wp-login.php" "Mozilla/5.0 (Windows NT 10.0; Win64; x64) AppleWebKit/537.36 (KHTML, like Gecko) Chrome/130.0.0.0 Safari/537.36"
162.213.253.84 - - [02/Mar/2026:17:28:45 -0500] "POST /wp-admin/admin-ajax.php?action=async_litespeed&nonce=1guUl6RYT7wqQqZwr5J2CFF9g0GyhBwP&litespeed_type=imgoptm HTTP/1.1" 200 0 "-" "WordPress/6.8.1; https://www.middleeastoday.com"
132.148.77.54 - - [02/Mar/2026:17:30:08 -0500] "POST /wp-login.php HTTP/1.1" 200 1884 "https://middleeastoday.com/wp-login.php" "Mozilla/5.0 (Windows NT 10.0; Win64; x64) AppleWebKit/537.36 (KHTML, like Gecko) Chrome/130.0.0.0 Safari/537.36"
192.64.112.17 - - [02/Mar/2026:17:32:52 -0500] "GET /wp-login.php HTTP/1.1" 200 1792 "-" "Mozilla/5.0 (Windows NT 10.0; Win64; x64) AppleWebKit/537.36 (KHTML, like Gecko) Chrome/130.0.0.0 Safari/537.36"
192.64.112.17 - - [02/Mar/2026:17:32:52 -0500] "POST /wp-login.php HTTP/1.1" 200 1884 "https://middleeastoday.com/wp-login.php" "Mozilla/5.0 (Windows NT 10.0; Win64; x64) AppleWebKit/537.36 (KHTML, like Gecko) Chrome/130.0.0.0 Safari/537.36"
114.119.141.228 - - [02/Mar/2026:17:33:28 -0500] "GET /el-sisi-receives-biden-in-sharm-el-sheikh/ HTTP/1.1" 200 23040 "https://www.middleeastoday.com/?author=1&paged=7" "Mozilla/5.0 (Linux; Android 7.0;) AppleWebKit/537.36 (KHTML, like Gecko) Mobile Safari/537.36 (compatible; PetalBot;+https://webmaster.petalsearch.com/site/petalbot)"
162.213.253.84 - - [02/Mar/2026:17:33:28 -0500] "POST /wp-admin/admin-ajax.php?action=async_litespeed&nonce=1N6XlrCf3bftzmCcnS2EGbySNG3bSKJW&litespeed_type=imgoptm HTTP/1.1" 200 0 "-" "WordPress/6.8.1; https://www.middleeastoday.com"
54.39.6.12 - - [02/Mar/2026:17:34:18 -0500] "GET /uae-a-model-of-a-developed-respected-nation-recognised-worldwide-sharjah-ruler/ HTTP/1.1" 200 21617 "-" "Mozilla/5.0 (compatible; AhrefsBot/7.0; +http://ahrefs.com/robot/)"
52.167.144.149 - - [02/Mar/2026:17:34:38 -0500] "GET /wp-content/uploads/2022/05/Jordan-on-Independence-Day-455x300.jpeg HTTP/1.1" 200 24693 "-" "Mozilla/5.0 AppleWebKit/537.36 (KHTML, like Gecko; compatible; bingbot/2.0; +http://www.bing.com/bingbot.htm) Chrome/116.0.1938.76 Safari/537.36"
114.119.148.161 - - [02/Mar/2026:17:34:57 -0500] "GET /?author=1&paged=11 HTTP/1.1" 301 0 "https://www.middleeastoday.com/?author=1&paged=12" "Mozilla/5.0 (Linux; Android 7.0;) AppleWebKit/537.36 (KHTML, like Gecko) Mobile Safari/537.36 (compatible; PetalBot;+https://webmaster.petalsearch.com/site/petalbot)"
114.119.148.161 - - [02/Mar/2026:17:34:59 -0500] "GET /page/11/ HTTP/1.1" 200 38685 "https://www.middleeastoday.com/?author=1&paged=12" "Mozilla/5.0 (Linux; Android 7.0;) AppleWebKit/537.36 (KHTML, like Gecko) Mobile Safari/537.36 (compatible; PetalBot;+https://webmaster.petalsearch.com/site/petalbot)"
162.213.253.84 - - [02/Mar/2026:17:34:59 -0500] "POST /wp-admin/admin-ajax.php?action=async_litespeed&nonce=iOD67iHfWYzuZUcJu4mc4BN70kDaBYZj&litespeed_type=imgoptm HTTP/1.1" 200 0 "-" "WordPress/6.8.1; https://www.middleeastoday.com"
185.191.171.14 - - [02/Mar/2026:17:38:23 -0500] "GET /robots.txt HTTP/1.1" 200 117 "-" "Mozilla/5.0 (compatible; SemrushBot/7~bl; +http://www.semrush.com/bot.html)"
162.213.253.84 - - [02/Mar/2026:17:24:22 -0500] "POST /wp-cron.php?doing_wp_cron=1772490262.8809490203857421875000 HTTP/1.1" 200 0 "-" "WordPress/6.8.1; https://www.middleeastoday.com"
52.167.144.16 - - [02/Mar/2026:17:27:06 -0500] "GET /wp-content/uploads/2023/05/University-of-Dubai-455x300.jpg HTTP/1.1" 200 31752 "-" "Mozilla/5.0 AppleWebKit/537.36 (KHTML, like Gecko; compatible; bingbot/2.0; +http://www.bing.com/bingbot.htm) Chrome/116.0.1938.76 Safari/537.36"
107.161.24.151 - - [02/Mar/2026:17:28:42 -0500] "GET /wp-login.php HTTP/1.1" 200 1792 "-" "Mozilla/5.0 (Windows NT 10.0; Win64; x64) AppleWebKit/537.36 (KHTML, like Gecko) Chrome/130.0.0.0 Safari/537.36"
132.148.77.54 - - [02/Mar/2026:17:30:08 -0500] "GET /wp-login.php HTTP/1.1" 200 1792 "-" "Mozilla/5.0 (Windows NT 10.0; Win64; x64) AppleWebKit/537.36 (KHTML, like Gecko) Chrome/130.0.0.0 Safari/537.36"
162.213.253.84 - - [02/Mar/2026:17:30:11 -0500] "POST /wp-cron.php?doing_wp_cron=1772490611.3325450420379638671875 HTTP/1.1" 200 0 "-" "WordPress/6.8.1; https://www.middleeastoday.com"
162.213.253.84 - - [02/Mar/2026:17:30:13 -0500] "POST /wp-admin/admin-ajax.php?action=async_litespeed&nonce=JG3G02W55VMS7RtYRRtYaIl2dsd40Opi&litespeed_type=imgoptm HTTP/1.1" 200 0 "-" "WordPress/6.8.1; https://www.middleeastoday.com"
162.213.253.84 - - [02/Mar/2026:17:32:53 -0500] "POST /wp-cron.php?doing_wp_cron=1772490773.6656370162963867187500 HTTP/1.1" 200 0 "-" "WordPress/6.8.1; https://www.middleeastoday.com"
162.213.253.84 - - [02/Mar/2026:17:32:54 -0500] "POST /wp-admin/admin-ajax.php?action=async_litespeed&nonce=OAaOKZpZJwEiMnEE2OMk2iyFSJforozb&litespeed_type=imgoptm HTTP/1.1" 200 0 "-" "WordPress/6.8.1; https://www.middleeastoday.com"
162.213.253.84 - - [02/Mar/2026:17:33:27 -0500] "POST /wp-cron.php?doing_wp_cron=1772490807.5577070713043212890625 HTTP/1.1" 200 0 "-" "WordPress/6.8.1; https://www.middleeastoday.com"
114.119.141.228 - - [02/Mar/2026:17:33:26 -0500] "GET /?p=9513 HTTP/1.1" 301 0 "https://www.middleeastoday.com/?author=1&paged=7" "Mozilla/5.0 (Linux; Android 7.0;) AppleWebKit/537.36 (KHTML, like Gecko) Mobile Safari/537.36 (compatible; PetalBot;+https://webmaster.petalsearch.com/site/petalbot)"
162.213.253.84 - - [02/Mar/2026:17:34:15 -0500] "POST /wp-cron.php?doing_wp_cron=1772490855.4749739170074462890625 HTTP/1.1" 200 0 "-" "WordPress/6.8.1; https://www.middleeastoday.com"
205.210.31.36 - - [02/Mar/2026:17:34:14 -0500] "GET / HTTP/1.1" 301 0 "-" "Hello from Palo Alto Networks, find out more about our scans in https://docs-cortex.paloaltonetworks.com/r/1/Cortex-Xpanse/Scanning-activity"
205.210.31.36 - - [02/Mar/2026:17:34:15 -0500] "GET / HTTP/1.1" 200 261180 "-" "Hello from Palo Alto Networks, find out more about our scans in https://docs-cortex.paloaltonetworks.com/r/1/Cortex-Xpanse/Scanning-activity"
162.213.253.84 - - [02/Mar/2026:17:34:58 -0500] "POST /wp-cron.php?doing_wp_cron=1772490898.4404768943786621093750 HTTP/1.1" 200 0 "-" "WordPress/6.8.1; https://www.middleeastoday.com"
185.191.171.13 - - [02/Mar/2026:17:38:25 -0500] "GET /uae-president-receives-olena-zelenska-directs-4-million-of-humanitarian-aid-to-children-in-ukraine/ HTTP/1.1" 200 24949 "-" "Mozilla/5.0 (compatible; SemrushBot/7~bl; +http://www.semrush.com/bot.html)"
162.213.253.84 - - [02/Mar/2026:17:40:55 -0500] "POST /wp-cron.php?doing_wp_cron=1772491255.6367149353027343750000 HTTP/1.1" 200 0 "-" "WordPress/6.8.1; https://www.middleeastoday.com"
69.49.112.67 - - [02/Mar/2026:17:40:54 -0500] "POST /wp-login.php HTTP/1.1" 200 1884 "https://middleeastoday.com/wp-login.php" "Mozilla/5.0 (Windows NT 10.0; Win64; x64) AppleWebKit/537.36 (KHTML, like Gecko) Chrome/130.0.0.0 Safari/537.36"
162.213.253.84 - - [02/Mar/2026:17:40:57 -0500] "POST /wp-admin/admin-ajax.php?action=async_litespeed&nonce=ZburJ8WwvBrUayCBqBcqXfGG3Bj3DIwR&litespeed_type=imgoptm HTTP/1.1" 200 0 "-" "WordPress/6.8.1; https://www.middleeastoday.com"
213.180.203.219 - - [02/Mar/2026:17:43:20 -0500] "GET /robots.txt HTTP/1.1" 200 123 "-" "Mozilla/5.0 (compatible; YandexBot/3.0; +http://yandex.com/bots)"
54.39.0.134 - - [02/Mar/2026:17:43:34 -0500] "GET /mohamed-bin-zayed-receives-grade-12-toppers-parents-educational-leaders/ HTTP/1.1" 200 21062 "-" "Mozilla/5.0 (compatible; AhrefsBot/7.0; +http://ahrefs.com/robot/)"
52.167.144.166 - - [02/Mar/2026:17:43:58 -0500] "GET /wp-content/uploads/2025/04/ATM-850x560.jpg HTTP/1.1" 200 107844 "-" "Mozilla/5.0 AppleWebKit/537.36 (KHTML, like Gecko; compatible; bingbot/2.0; +http://www.bing.com/bingbot.htm) Chrome/116.0.1938.76 Safari/537.36"
52.167.144.166 - - [02/Mar/2026:17:44:18 -0500] "GET /wp-content/uploads/2022/02/UAE-Malta-scaled-1-455x300.jpeg HTTP/1.1" 200 20621 "-" "Mozilla/5.0 AppleWebKit/537.36 (KHTML, like Gecko; compatible; bingbot/2.0; +http://www.bing.com/bingbot.htm) Chrome/116.0.1938.76 Safari/537.36"
183.131.87.28 - - [02/Mar/2026:17:44:59 -0500] "GET /integrated-transport-centre-launches-emirates-1st-trial-operation-for-autonomous-delivery-vehicles/ HTTP/1.1" 200 21420 "-" "Mozilla/5.0 (Windows NT 10.0; Win64; x64) AppleWebKit/537.36 (KHTML, like Gecko) Chrome/139.0.0.0 Safari/537.36"
183.131.87.28 - - [02/Mar/2026:17:45:00 -0500] "GET /wp-content/plugins/elementor-1/assets/css/frontend-lite.min.css?ver=3.21.1 HTTP/1.1" 200 13067 "https://www.middleeastoday.com/integrated-transport-centre-launches-emirates-1st-trial-operation-for-autonomous-delivery-vehicles/" "Mozilla/5.0 (Windows NT 10.0; Win64; x64) AppleWebKit/537.36 (KHTML, like Gecko) Chrome/139.0.0.0 Safari/537.36"
183.131.87.28 - - [02/Mar/2026:17:45:00 -0500] "GET /wp-content/uploads/elementor/css/post-3932.css?ver=1762520240 HTTP/1.1" 200 1066 "https://www.middleeastoday.com/integrated-transport-centre-launches-emirates-1st-trial-operation-for-autonomous-delivery-vehicles/" "Mozilla/5.0 (Windows NT 10.0; Win64; x64) AppleWebKit/537.36 (KHTML, like Gecko) Chrome/139.0.0.0 Safari/537.36"
183.131.87.28 - - [02/Mar/2026:17:45:00 -0500] "GET /wp-content/plugins/contact-form-7/includes/css/styles.css?ver=6.0.6 HTTP/1.1" 200 890 "https://www.middleeastoday.com/integrated-transport-centre-launches-emirates-1st-trial-operation-for-autonomous-delivery-vehicles/" "Mozilla/5.0 (Windows NT 10.0; Win64; x64) AppleWebKit/537.36 (KHTML, like Gecko) Chrome/139.0.0.0 Safari/537.36"
183.131.87.28 - - [02/Mar/2026:17:45:00 -0500] "GET /wp-content/plugins/accesspress-social-counter/css/frontend.css?ver=1.9.2 HTTP/1.1" 200 2295 "https://www.middleeastoday.com/integrated-transport-centre-launches-emirates-1st-trial-operation-for-autonomous-delivery-vehicles/" "Mozilla/5.0 (Windows NT 10.0; Win64; x64) AppleWebKit/537.36 (KHTML, like Gecko) Chrome/139.0.0.0 Safari/537.36"
183.131.87.28 - - [02/Mar/2026:17:45:00 -0500] "GET /wp-content/plugins/elementskit-lite/widgets/init/assets/css/widget-styles.css?ver=3.5.0 HTTP/1.1" 200 48223 "https://www.middleeastoday.com/integrated-transport-centre-launches-emirates-1st-trial-operation-for-autonomous-delivery-vehicles/" "Mozilla/5.0 (Windows NT 10.0; Win64; x64) AppleWebKit/537.36 (KHTML, like Gecko) Chrome/139.0.0.0 Safari/537.36"
69.49.112.67 - - [02/Mar/2026:17:40:54 -0500] "GET /wp-login.php HTTP/1.1" 200 1792 "-" "Mozilla/5.0 (Windows NT 10.0; Win64; x64) AppleWebKit/537.36 (KHTML, like Gecko) Chrome/130.0.0.0 Safari/537.36"
52.167.144.166 - - [02/Mar/2026:17:42:17 -0500] "GET /a-night-of-celebration-at-dusit-thani-dubai/ HTTP/1.1" 200 20214 "-" "Mozilla/5.0 AppleWebKit/537.36 (KHTML, like Gecko; compatible; bingbot/2.0; +http://www.bing.com/bingbot.htm) Chrome/116.0.1938.76 Safari/537.36"
40.77.167.55 - - [02/Mar/2026:17:44:27 -0500] "GET /wp-content/uploads/2023/06/CBUAE-455x300.jpg HTTP/1.1" 200 20566 "-" "Mozilla/5.0 AppleWebKit/537.36 (KHTML, like Gecko; compatible; bingbot/2.0; +http://www.bing.com/bingbot.htm) Chrome/116.0.1938.76 Safari/537.36"
57.141.2.52 - - [02/Mar/2026:17:44:52 -0500] "GET /international-mother-language-day-2023-dubai/ HTTP/1.1" 200 106266 "-" "meta-externalagent/1.1 (+https://developers.facebook.com/docs/sharing/webmasters/crawler)"
183.131.87.28 - - [02/Mar/2026:17:45:00 -0500] "GET /wp-includes/css/dist/block-library/style.min.css?ver=6.8.1 HTTP/1.1" 200 14358 "https://www.middleeastoday.com/integrated-transport-centre-launches-emirates-1st-trial-operation-for-autonomous-delivery-vehicles/" "Mozilla/5.0 (Windows NT 10.0; Win64; x64) AppleWebKit/537.36 (KHTML, like Gecko) Chrome/139.0.0.0 Safari/537.36"
183.131.87.28 - - [02/Mar/2026:17:45:00 -0500] "GET /wp-content/themes/digiqole/assets/css/bootstrap.min.css?ver=2.1.1 HTTP/1.1" 200 18543 "https://www.middleeastoday.com/integrated-transport-centre-launches-emirates-1st-trial-operation-for-autonomous-delivery-vehicles/" "Mozilla/5.0 (Windows NT 10.0; Win64; x64) AppleWebKit/537.36 (KHTML, like Gecko) Chrome/139.0.0.0 Safari/537.36"
183.131.87.28 - - [02/Mar/2026:17:45:00 -0500] "GET /wp-content/themes/digiqole/assets/css/icon-font.css?ver=2.1.1 HTTP/1.1" 200 1106 "https://www.middleeastoday.com/integrated-transport-centre-launches-emirates-1st-trial-operation-for-autonomous-delivery-vehicles/" "Mozilla/5.0 (Windows NT 10.0; Win64; x64) AppleWebKit/537.36 (KHTML, like Gecko) Chrome/139.0.0.0 Safari/537.36"
183.131.87.28 - - [02/Mar/2026:17:45:00 -0500] "GET /wp-content/themes/digiqole/assets/css/master.css?ver=2.1.1 HTTP/1.1" 200 43295 "https://www.middleeastoday.com/integrated-transport-centre-launches-emirates-1st-trial-operation-for-autonomous-delivery-vehicles/" "Mozilla/5.0 (Windows NT 10.0; Win64; x64) AppleWebKit/537.36 (KHTML, like Gecko) Chrome/139.0.0.0 Safari/537.36"
183.131.87.28 - - [02/Mar/2026:17:45:00 -0500] "GET /wp-content/themes/digiqole/assets/css/all.css?ver=2.1.1 HTTP/1.1" 200 7048 "https://www.middleeastoday.com/integrated-transport-centre-launches-emirates-1st-trial-operation-for-autonomous-delivery-vehicles/" "Mozilla/5.0 (Windows NT 10.0; Win64; x64) AppleWebKit/537.36 (KHTML, like Gecko) Chrome/139.0.0.0 Safari/537.36"
183.131.87.28 - - [02/Mar/2026:17:45:00 -0500] "GET /wp-content/plugins/elementskit-lite/widgets/init/assets/css/responsive.css?ver=3.5.0 HTTP/1.1" 200 2859 "https://www.middleeastoday.com/integrated-transport-centre-launches-emirates-1st-trial-operation-for-autonomous-delivery-vehicles/" "Mozilla/5.0 (Windows NT 10.0; Win64; x64) AppleWebKit/537.36 (KHTML, like Gecko) Chrome/139.0.0.0 Safari/537.36"
183.131.87.28 - - [02/Mar/2026:17:45:00 -0500] "GET /wp-includes/js/jquery/jquery.min.js?ver=3.7.1 HTTP/1.1" 200 29744 "https://www.middleeastoday.com/integrated-transport-centre-launches-emirates-1st-trial-operation-for-autonomous-delivery-vehicles/" "Mozilla/5.0 (Windows NT 10.0; Win64; x64) AppleWebKit/537.36 (KHTML, like Gecko) Chrome/139.0.0.0 Safari/537.36"
183.131.87.28 - - [02/Mar/2026:17:45:00 -0500] "GET /wp-includes/js/jquery/jquery-migrate.min.js?ver=3.4.1 HTTP/1.1" 200 4678 "https://www.middleeastoday.com/integrated-transport-centre-launches-emirates-1st-trial-operation-for-autonomous-delivery-vehicles/" "Mozilla/5.0 (Windows NT 10.0; Win64; x64) AppleWebKit/537.36 (KHTML, like Gecko) Chrome/139.0.0.0 Safari/537.36"
183.131.87.28 - - [02/Mar/2026:17:45:00 -0500] "GET /wp-content/plugins/elementskit-lite/modules/elementskit-icon-pack/assets/css/ekiticons.css?ver=3.5.0 HTTP/1.1" 200 11776 "https://www.middleeastoday.com/integrated-transport-centre-launches-emirates-1st-trial-operation-for-autonomous-delivery-vehicles/" "Mozilla/5.0 (Windows NT 10.0; Win64; x64) AppleWebKit/537.36 (KHTML, like Gecko) Chrome/139.0.0.0 Safari/537.36"
183.131.87.28 - - [02/Mar/2026:17:45:00 -0500] "GET /wp-content/plugins/elementor-1/assets/lib/font-awesome/css/solid.min.css?ver=5.15.3 HTTP/1.1" 200 286 "https://www.middleeastoday.com/integrated-transport-centre-launches-emirates-1st-trial-operation-for-autonomous-delivery-vehicles/" "Mozilla/5.0 (Windows NT 10.0; Win64; x64) AppleWebKit/537.36 (KHTML, like Gecko) Chrome/139.0.0.0 Safari/537.36"
183.131.87.28 - - [02/Mar/2026:17:45:00 -0500] "GET /wp-content/plugins/elementor-pro/assets/css/widget-nav-menu.min.css HTTP/1.1" 200 3279 "https://www.middleeastoday.com/integrated-transport-centre-launches-emirates-1st-trial-operation-for-autonomous-delivery-vehicles/" "Mozilla/5.0 (Windows NT 10.0; Win64; x64) AppleWebKit/537.36 (KHTML, like Gecko) Chrome/139.0.0.0 Safari/537.36"
183.131.87.28 - - [02/Mar/2026:17:45:01 -0500] "GET /wp-content/plugins/elementor-1/assets/lib/swiper/v8/css/swiper.min.css?ver=8.4.5 HTTP/1.1" 200 4248 "https://www.middleeastoday.com/integrated-transport-centre-launches-emirates-1st-trial-operation-for-autonomous-delivery-vehicles/" "Mozilla/5.0 (Windows NT 10.0; Win64; x64) AppleWebKit/537.36 (KHTML, like Gecko) Chrome/139.0.0.0 Safari/537.36"
183.131.87.28 - - [02/Mar/2026:17:45:01 -0500] "GET /wp-content/uploads/elementor/css/post-9.css?ver=1747657839 HTTP/1.1" 200 334 "https://www.middleeastoday.com/integrated-transport-centre-launches-emirates-1st-trial-operation-for-autonomous-delivery-vehicles/" "Mozilla/5.0 (Windows NT 10.0; Win64; x64) AppleWebKit/537.36 (KHTML, like Gecko) Chrome/139.0.0.0 Safari/537.36"
183.131.87.28 - - [02/Mar/2026:17:45:01 -0500] "GET /wp-content/plugins/elementor-pro/assets/css/frontend-lite.min.css?ver=3.6.5 HTTP/1.1" 200 1505 "https://www.middleeastoday.com/integrated-transport-centre-launches-emirates-1st-trial-operation-for-autonomous-delivery-vehicles/" "Mozilla/5.0 (Windows NT 10.0; Win64; x64) AppleWebKit/537.36 (KHTML, like Gecko) Chrome/139.0.0.0 Safari/537.36"
183.131.87.28 - - [02/Mar/2026:17:45:01 -0500] "GET /wp-content/plugins/elementor-1/assets/lib/animations/animations.min.css?ver=3.21.1 HTTP/1.1" 200 2442 "https://www.middleeastoday.com/integrated-transport-centre-launches-emirates-1st-trial-operation-for-autonomous-delivery-vehicles/" "Mozilla/5.0 (Windows NT 10.0; Win64; x64) AppleWebKit/537.36 (KHTML, like Gecko) Chrome/139.0.0.0 Safari/537.36"
183.131.87.28 - - [02/Mar/2026:17:45:01 -0500] "GET /wp-includes/js/dist/hooks.min.js?ver=4d63a3d491d11ffd8ac6 HTTP/1.1" 200 1571 "https://www.middleeastoday.com/integrated-transport-centre-launches-emirates-1st-trial-operation-for-autonomous-delivery-vehicles/" "Mozilla/5.0 (Windows NT 10.0; Win64; x64) AppleWebKit/537.36 (KHTML, like Gecko) Chrome/139.0.0.0 Safari/537.36"
183.131.87.28 - - [02/Mar/2026:17:45:01 -0500] "GET /wp-content/plugins/contact-form-7/includes/swv/js/index.js?ver=6.0.6 HTTP/1.1" 200 3369 "https://www.middleeastoday.com/integrated-transport-centre-launches-emirates-1st-trial-operation-for-autonomous-delivery-vehicles/" "Mozilla/5.0 (Windows NT 10.0; Win64; x64) AppleWebKit/537.36 (KHTML, like Gecko) Chrome/139.0.0.0 Safari/537.36"
183.131.87.28 - - [02/Mar/2026:17:45:02 -0500] "GET /wp-content/themes/digiqole/assets/js/bootstrap.min.js?ver=2.1.1 HTTP/1.1" 200 12542 "https://www.middleeastoday.com/integrated-transport-centre-launches-emirates-1st-trial-operation-for-autonomous-delivery-vehicles/" "Mozilla/5.0 (Windows NT 10.0; Win64; x64) AppleWebKit/537.36 (KHTML, like Gecko) Chrome/139.0.0.0 Safari/537.36"
183.131.87.28 - - [02/Mar/2026:17:45:00 -0500] "GET /wp-content/plugins/accesspress-social-counter/css/fontawesome-all.css?ver=1.9.2 HTTP/1.1" 200 8084 "https://www.middleeastoday.com/integrated-transport-centre-launches-emirates-1st-trial-operation-for-autonomous-delivery-vehicles/" "Mozilla/5.0 (Windows NT 10.0; Win64; x64) AppleWebKit/537.36 (KHTML, like Gecko) Chrome/139.0.0.0 Safari/537.36"
183.131.87.28 - - [02/Mar/2026:17:45:00 -0500] "GET /wp-content/plugins/elementor-1/assets/lib/font-awesome/css/fontawesome.min.css?ver=5.15.3 HTTP/1.1" 200 12164 "https://www.middleeastoday.com/integrated-transport-centre-launches-emirates-1st-trial-operation-for-autonomous-delivery-vehicles/" "Mozilla/5.0 (Windows NT 10.0; Win64; x64) AppleWebKit/537.36 (KHTML, like Gecko) Chrome/139.0.0.0 Safari/537.36"
183.131.87.28 - - [02/Mar/2026:17:45:00 -0500] "GET /wp-content/plugins/elementor-1/assets/lib/eicons/css/elementor-icons.min.css?ver=5.29.0 HTTP/1.1" 200 3724 "https://www.middleeastoday.com/integrated-transport-centre-launches-emirates-1st-trial-operation-for-autonomous-delivery-vehicles/" "Mozilla/5.0 (Windows NT 10.0; Win64; x64) AppleWebKit/537.36 (KHTML, like Gecko) Chrome/139.0.0.0 Safari/537.36"
183.131.87.28 - - [02/Mar/2026:17:45:01 -0500] "GET /wp-content/uploads/elementor/css/global.css?ver=1747657840 HTTP/1.1" 200 3340 "https://www.middleeastoday.com/integrated-transport-centre-launches-emirates-1st-trial-operation-for-autonomous-delivery-vehicles/" "Mozilla/5.0 (Windows NT 10.0; Win64; x64) AppleWebKit/537.36 (KHTML, like Gecko) Chrome/139.0.0.0 Safari/537.36"
183.131.87.28 - - [02/Mar/2026:17:45:01 -0500] "GET /wp-includes/js/dist/i18n.min.js?ver=5e580eb46a90c2b997e6 HTTP/1.1" 200 3542 "https://www.middleeastoday.com/integrated-transport-centre-launches-emirates-1st-trial-operation-for-autonomous-delivery-vehicles/" "Mozilla/5.0 (Windows NT 10.0; Win64; x64) AppleWebKit/537.36 (KHTML, like Gecko) Chrome/139.0.0.0 Safari/537.36"
183.131.87.28 - - [02/Mar/2026:17:45:01 -0500] "GET /wp-content/plugins/contact-form-7/includes/js/index.js?ver=6.0.6 HTTP/1.1" 200 4008 "https://www.middleeastoday.com/integrated-transport-centre-launches-emirates-1st-trial-operation-for-autonomous-delivery-vehicles/" "Mozilla/5.0 (Windows NT 10.0; Win64; x64) AppleWebKit/537.36 (KHTML, like Gecko) Chrome/139.0.0.0 Safari/537.36"
183.131.87.28 - - [02/Mar/2026:17:45:02 -0500] "GET /wp-content/plugins/elementskit-lite/libs/framework/assets/js/frontend-script.js?ver=3.5.0 HTTP/1.1" 200 40 "https://www.middleeastoday.com/integrated-transport-centre-launches-emirates-1st-trial-operation-for-autonomous-delivery-vehicles/" "Mozilla/5.0 (Windows NT 10.0; Win64; x64) AppleWebKit/537.36 (KHTML, like Gecko) Chrome/139.0.0.0 Safari/537.36"
183.131.87.28 - - [02/Mar/2026:17:45:02 -0500] "GET /wp-content/plugins/elementskit-lite/widgets/init/assets/js/widget-scripts.js?ver=3.5.0 HTTP/1.1" 200 40425 "https://www.middleeastoday.com/integrated-transport-centre-launches-emirates-1st-trial-operation-for-autonomous-delivery-vehicles/" "Mozilla/5.0 (Windows NT 10.0; Win64; x64) AppleWebKit/537.36 (KHTML, like Gecko) Chrome/139.0.0.0 Safari/537.36"
183.131.87.28 - - [02/Mar/2026:17:45:03 -0500] "GET /wp-content/plugins/elementor-pro/assets/js/webpack-pro.runtime.min.js?ver=3.6.5 HTTP/1.1" 200 2174 "https://www.middleeastoday.com/integrated-transport-centre-launches-emirates-1st-trial-operation-for-autonomous-delivery-vehicles/" "Mozilla/5.0 (Windows NT 10.0; Win64; x64) AppleWebKit/537.36 (KHTML, like Gecko) Chrome/139.0.0.0 Safari/537.36"
183.131.87.28 - - [02/Mar/2026:17:45:03 -0500] "GET /wp-content/plugins/elementor-1/assets/js/webpack.runtime.min.js?ver=3.21.1 HTTP/1.1" 200 2071 "https://www.middleeastoday.com/integrated-transport-centre-launches-emirates-1st-trial-operation-for-autonomous-delivery-vehicles/" "Mozilla/5.0 (Windows NT 10.0; Win64; x64) AppleWebKit/537.36 (KHTML, like Gecko) Chrome/139.0.0.0 Safari/537.36"
183.131.87.28 - - [02/Mar/2026:17:45:02 -0500] "GET /wp-content/themes/digiqole/assets/js/swiper.min.js?ver=2.1.1 HTTP/1.1" 200 34003 "https://www.middleeastoday.com/integrated-transport-centre-launches-emirates-1st-trial-operation-for-autonomous-delivery-vehicles/" "Mozilla/5.0 (Windows NT 10.0; Win64; x64) AppleWebKit/537.36 (KHTML, like Gecko) Chrome/139.0.0.0 Safari/537.36"
183.131.87.28 - - [02/Mar/2026:17:45:02 -0500] "GET /wp-content/themes/digiqole/assets/js/fontfaceobserver.js?ver=1 HTTP/1.1" 200 2024 "https://www.middleeastoday.com/integrated-transport-centre-launches-emirates-1st-trial-operation-for-autonomous-delivery-vehicles/" "Mozilla/5.0 (Windows NT 10.0; Win64; x64) AppleWebKit/537.36 (KHTML, like Gecko) Chrome/139.0.0.0 Safari/537.36"
183.131.87.28 - - [02/Mar/2026:17:45:02 -0500] "GET /wp-content/themes/digiqole/assets/js/script.js?ver=2.1.1 HTTP/1.1" 200 3554 "https://www.middleeastoday.com/integrated-transport-centre-launches-emirates-1st-trial-operation-for-autonomous-delivery-vehicles/" "Mozilla/5.0 (Windows NT 10.0; Win64; x64) AppleWebKit/537.36 (KHTML, like Gecko) Chrome/139.0.0.0 Safari/537.36"
183.131.87.28 - - [02/Mar/2026:17:45:02 -0500] "GET /wp-content/plugins/elementor-pro/assets/lib/smartmenus/jquery.smartmenus.min.js?ver=1.0.1 HTTP/1.1" 200 6935 "https://www.middleeastoday.com/integrated-transport-centre-launches-emirates-1st-trial-operation-for-autonomous-delivery-vehicles/" "Mozilla/5.0 (Windows NT 10.0; Win64; x64) AppleWebKit/537.36 (KHTML, like Gecko) Chrome/139.0.0.0 Safari/537.36"
183.131.87.28 - - [02/Mar/2026:17:45:03 -0500] "GET /wp-content/plugins/elementor-pro/assets/js/frontend.min.js?ver=3.6.5 HTTP/1.1" 200 5328 "https://www.middleeastoday.com/integrated-transport-centre-launches-emirates-1st-trial-operation-for-autonomous-delivery-vehicles/" "Mozilla/5.0 (Windows NT 10.0; Win64; x64) AppleWebKit/537.36 (KHTML, like Gecko) Chrome/139.0.0.0 Safari/537.36"
183.131.87.28 - - [02/Mar/2026:17:45:03 -0500] "GET /wp-includes/js/jquery/ui/core.min.js?ver=1.13.3 HTTP/1.1" 200 6812 "https://www.middleeastoday.com/integrated-transport-centre-launches-emirates-1st-trial-operation-for-autonomous-delivery-vehicles/" "Mozilla/5.0 (Windows NT 10.0; Win64; x64) AppleWebKit/537.36 (KHTML, like Gecko) Chrome/139.0.0.0 Safari/537.36"
183.131.87.28 - - [02/Mar/2026:17:45:03 -0500] "GET /wp-content/plugins/elementor-pro/assets/js/elements-handlers.min.js?ver=3.6.5 HTTP/1.1" 200 5254 "https://www.middleeastoday.com/integrated-transport-centre-launches-emirates-1st-trial-operation-for-autonomous-delivery-vehicles/" "Mozilla/5.0 (Windows NT 10.0; Win64; x64) AppleWebKit/537.36 (KHTML, like Gecko) Chrome/139.0.0.0 Safari/537.36"
183.131.87.28 - - [02/Mar/2026:17:45:04 -0500] "GET /wp-content/themes/digiqole/assets/js/elementor.js?ver=2.1.1 HTTP/1.1" 200 2472 "https://www.middleeastoday.com/integrated-transport-centre-launches-emirates-1st-trial-operation-for-autonomous-delivery-vehicles/" "Mozilla/5.0 (Windows NT 10.0; Win64; x64) AppleWebKit/537.36 (KHTML, like Gecko) Chrome/139.0.0.0 Safari/537.36"
183.131.87.28 - - [02/Mar/2026:17:45:04 -0500] "GET /wp-content/plugins/elementskit-lite/widgets/init/assets/js/animate-circle.min.js?ver=3.5.0 HTTP/1.1" 200 393 "https://www.middleeastoday.com/integrated-transport-centre-launches-emirates-1st-trial-operation-for-autonomous-delivery-vehicles/" "Mozilla/5.0 (Windows NT 10.0; Win64; x64) AppleWebKit/537.36 (KHTML, like Gecko) Chrome/139.0.0.0 Safari/537.36"
183.131.87.28 - - [02/Mar/2026:17:45:10 -0500] "GET /wp-content/plugins/elementor-1/assets/lib/font-awesome/webfonts/fa-solid-900.woff2 HTTP/1.1" 200 78196 "https://www.middleeastoday.com/wp-content/plugins/elementor-1/assets/lib/font-awesome/css/solid.min.css?ver=5.15.3" "Mozilla/5.0 (Windows NT 10.0; Win64; x64) AppleWebKit/537.36 (KHTML, like Gecko) Chrome/139.0.0.0 Safari/537.36"
183.131.87.28 - - [02/Mar/2026:17:45:03 -0500] "GET /wp-content/plugins/elementor-1/assets/js/frontend-modules.min.js?ver=3.21.1 HTTP/1.1" 200 17087 "https://www.middleeastoday.com/integrated-transport-centre-launches-emirates-1st-trial-operation-for-autonomous-delivery-vehicles/" "Mozilla/5.0 (Windows NT 10.0; Win64; x64) AppleWebKit/537.36 (KHTML, like Gecko) Chrome/139.0.0.0 Safari/537.36"
183.131.87.28 - - [02/Mar/2026:17:45:03 -0500] "GET /wp-content/plugins/elementor-1/assets/lib/waypoints/waypoints.min.js?ver=4.0.2 HTTP/1.1" 200 2867 "https://www.middleeastoday.com/integrated-transport-centre-launches-emirates-1st-trial-operation-for-autonomous-delivery-vehicles/" "Mozilla/5.0 (Windows NT 10.0; Win64; x64) AppleWebKit/537.36 (KHTML, like Gecko) Chrome/139.0.0.0 Safari/537.36"
183.131.87.28 - - [02/Mar/2026:17:45:03 -0500] "GET /wp-content/plugins/elementor-1/assets/js/frontend.min.js?ver=3.21.1 HTTP/1.1" 200 11814 "https://www.middleeastoday.com/integrated-transport-centre-launches-emirates-1st-trial-operation-for-autonomous-delivery-vehicles/" "Mozilla/5.0 (Windows NT 10.0; Win64; x64) AppleWebKit/537.36 (KHTML, like Gecko) Chrome/139.0.0.0 Safari/537.36"
183.131.87.28 - - [02/Mar/2026:17:45:04 -0500] "GET /wp-content/plugins/elementskit-lite/widgets/init/assets/js/elementor.js?ver=3.5.0 HTTP/1.1" 200 5290 "https://www.middleeastoday.com/integrated-transport-centre-launches-emirates-1st-trial-operation-for-autonomous-delivery-vehicles/" "Mozilla/5.0 (Windows NT 10.0; Win64; x64) AppleWebKit/537.36 (KHTML, like Gecko) Chrome/139.0.0.0 Safari/537.36"
183.131.87.28 - - [02/Mar/2026:17:45:04 -0500] "GET /wp-content/themes/digiqole/assets/js/all.js?ver=1 HTTP/1.1" 200 35800 "https://www.middleeastoday.com/integrated-transport-centre-launches-emirates-1st-trial-operation-for-autonomous-delivery-vehicles/" "Mozilla/5.0 (Windows NT 10.0; Win64; x64) AppleWebKit/537.36 (KHTML, like Gecko) Chrome/139.0.0.0 Safari/537.36"
183.131.87.28 - - [02/Mar/2026:17:45:10 -0500] "GET /wp-content/plugins/elementskit-lite/modules/elementskit-icon-pack/assets/fonts/elementskit.woff?y24e1e HTTP/1.1" 200 459560 "https://www.middleeastoday.com/wp-content/plugins/elementskit-lite/modules/elementskit-icon-pack/assets/css/ekiticons.css?ver=3.5.0" "Mozilla/5.0 (Windows NT 10.0; Win64; x64) AppleWebKit/537.36 (KHTML, like Gecko) Chrome/139.0.0.0 Safari/537.36"
