114.119.132.207 - - [02/Mar/2026:19:57:08 -0500] "GET /?p=8898 HTTP/1.1" 301 0 "https://www.middleeastoday.com/?author=1&paged=24" "Mozilla/5.0 (Linux; Android 7.0;) AppleWebKit/537.36 (KHTML, like Gecko) Mobile Safari/537.36 (compatible; PetalBot;+https://webmaster.petalsearch.com/site/petalbot)"
69.49.112.61 - - [02/Mar/2026:19:57:50 -0500] "GET /wp-login.php HTTP/1.1" 200 1792 "-" "Mozilla/5.0 (Windows NT 10.0; Win64; x64) AppleWebKit/537.36 (KHTML, like Gecko) Chrome/130.0.0.0 Safari/537.36"
69.49.112.61 - - [02/Mar/2026:19:57:51 -0500] "POST /wp-login.php HTTP/1.1" 200 1884 "https://middleeastoday.com/wp-login.php" "Mozilla/5.0 (Windows NT 10.0; Win64; x64) AppleWebKit/537.36 (KHTML, like Gecko) Chrome/130.0.0.0 Safari/537.36"
162.213.253.84 - - [02/Mar/2026:19:58:24 -0500] "POST /wp-cron.php?doing_wp_cron=1772499504.2079079151153564453125 HTTP/1.1" 200 0 "-" "WordPress/6.8.1; https://www.middleeastoday.com"
114.119.130.67 - - [02/Mar/2026:19:58:32 -0500] "GET /page/42 HTTP/1.1" 301 0 "https://www.middleeastoday.com/page/42" "Mozilla/5.0 (Linux; Android 7.0;) AppleWebKit/537.36 (KHTML, like Gecko) Mobile Safari/537.36 (compatible; PetalBot;+https://webmaster.petalsearch.com/site/petalbot)"
52.167.144.136 - - [02/Mar/2026:19:59:41 -0500] "GET /wp-content/uploads/2022/03/USA-455x300.jpg HTTP/1.1" 200 33213 "-" "Mozilla/5.0 AppleWebKit/537.36 (KHTML, like Gecko; compatible; bingbot/2.0; +http://www.bing.com/bingbot.htm) Chrome/116.0.1938.76 Safari/537.36"
162.213.253.84 - - [02/Mar/2026:19:59:56 -0500] "POST /wp-admin/admin-ajax.php?action=async_litespeed&nonce=mJSuep02Mvd5XSgFzbmZv4vskng4fUd2&litespeed_type=imgoptm HTTP/1.1" 200 21 "-" "WordPress/6.8.1; https://www.middleeastoday.com"
185.191.171.18 - - [02/Mar/2026:20:00:17 -0500] "GET /uae-president-confers-medal-of-independence-on-ambassador-of-portugal/ HTTP/1.1" 200 23058 "-" "Mozilla/5.0 (compatible; SemrushBot/7~bl; +http://www.semrush.com/bot.html)"
52.167.144.201 - - [02/Mar/2026:20:00:20 -0500] "GET /wp-content/uploads/2023/09/singapore-850x560.jpg HTTP/1.1" 200 46714 "-" "Mozilla/5.0 AppleWebKit/537.36 (KHTML, like Gecko; compatible; bingbot/2.0; +http://www.bing.com/bingbot.htm) Chrome/116.0.1938.76 Safari/537.36"
162.213.253.84 - - [02/Mar/2026:20:01:20 -0500] "POST /wp-cron.php?doing_wp_cron=1772499680.0854709148406982421875 HTTP/1.1" 200 0 "-" "WordPress/6.8.1; https://www.middleeastoday.com"
114.119.154.115 - - [02/Mar/2026:20:01:21 -0500] "GET /page/9/ HTTP/1.1" 200 38678 "https://www.middleeastoday.com/page/9" "Mozilla/5.0 (Linux; Android 7.0;) AppleWebKit/537.36 (KHTML, like Gecko) Mobile Safari/537.36 (compatible; PetalBot;+https://webmaster.petalsearch.com/site/petalbot)"
114.119.141.228 - - [02/Mar/2026:20:02:44 -0500] "GET /acci-participates-in-cosmetista-expo-north-west-africa-in-casablanca HTTP/1.1" 301 0 "https://www.middleeastoday.com/category/exhibitions/page/3" "Mozilla/5.0 (Linux; Android 7.0;) AppleWebKit/537.36 (KHTML, like Gecko) Mobile Safari/537.36 (compatible; PetalBot;+https://webmaster.petalsearch.com/site/petalbot)"
162.213.253.84 - - [02/Mar/2026:20:02:45 -0500] "POST /wp-admin/admin-ajax.php?action=async_litespeed&nonce=iL0uHoNW5M4JMrYH9ROSxeq8q7ODSWzK&litespeed_type=imgoptm HTTP/1.1" 200 21 "-" "WordPress/6.8.1; https://www.middleeastoday.com"
41.79.212.13 - - [02/Mar/2026:20:03:15 -0500] "GET /wp-login.php HTTP/1.1" 200 1792 "-" "Mozilla/5.0 (Windows NT 10.0; Win64; x64) AppleWebKit/537.36 (KHTML, like Gecko) Chrome/130.0.0.0 Safari/537.36"
114.119.141.228 - - [02/Mar/2026:20:02:48 -0500] "GET /acci-participates-in-cosmetista-expo-north-west-africa-in-casablanca/ HTTP/1.1" 200 23466 "https://www.middleeastoday.com/category/exhibitions/page/3" "Mozilla/5.0 (Linux; Android 7.0;) AppleWebKit/537.36 (KHTML, like Gecko) Mobile Safari/537.36 (compatible; PetalBot;+https://webmaster.petalsearch.com/site/petalbot)"
41.79.212.13 - - [02/Mar/2026:20:03:16 -0500] "POST /wp-login.php HTTP/1.1" 200 1884 "https://middleeastoday.com/wp-login.php" "Mozilla/5.0 (Windows NT 10.0; Win64; x64) AppleWebKit/537.36 (KHTML, like Gecko) Chrome/130.0.0.0 Safari/537.36"
162.213.253.84 - - [02/Mar/2026:20:04:20 -0500] "POST /wp-admin/admin-ajax.php?action=async_litespeed&nonce=8RebSIDpLZNpBMiAEMCbTTXn7Xi6PQzN&litespeed_type=imgoptm HTTP/1.1" 200 21 "-" "WordPress/6.8.1; https://www.middleeastoday.com"
114.119.132.207 - - [02/Mar/2026:20:04:08 -0500] "GET /author/admin/page/37/ HTTP/1.1" 200 24013 "https://www.middleeastoday.com/author/admin/page/39" "Mozilla/5.0 (Linux; Android 7.0;) AppleWebKit/537.36 (KHTML, like Gecko) Mobile Safari/537.36 (compatible; PetalBot;+https://webmaster.petalsearch.com/site/petalbot)"
72.167.150.128 - - [02/Mar/2026:20:04:19 -0500] "GET /wp-login.php HTTP/1.1" 200 1792 "-" "Mozilla/5.0 (Windows NT 10.0; Win64; x64) AppleWebKit/537.36 (KHTML, like Gecko) Chrome/130.0.0.0 Safari/537.36"
162.213.253.84 - - [02/Mar/2026:20:04:19 -0500] "POST /wp-cron.php?doing_wp_cron=1772499859.8656189441680908203125 HTTP/1.1" 200 0 "-" "WordPress/6.8.1; https://www.middleeastoday.com"
72.167.150.128 - - [02/Mar/2026:20:04:19 -0500] "POST /wp-login.php HTTP/1.1" 200 1884 "https://middleeastoday.com/wp-login.php" "Mozilla/5.0 (Windows NT 10.0; Win64; x64) AppleWebKit/537.36 (KHTML, like Gecko) Chrome/130.0.0.0 Safari/537.36"
138.68.183.21 - - [02/Mar/2026:20:05:50 -0500] "GET /wp-login.php HTTP/1.1" 200 1792 "-" "Mozilla/5.0 (Windows NT 10.0; Win64; x64) AppleWebKit/537.36 (KHTML, like Gecko) Chrome/130.0.0.0 Safari/537.36"
162.213.253.84 - - [02/Mar/2026:20:05:51 -0500] "POST /wp-cron.php?doing_wp_cron=1772499951.3995170593261718750000 HTTP/1.1" 200 0 "-" "WordPress/6.8.1; https://www.middleeastoday.com"
138.68.183.21 - - [02/Mar/2026:20:05:50 -0500] "POST /wp-login.php HTTP/1.1" 200 1884 "https://middleeastoday.com/wp-login.php" "Mozilla/5.0 (Windows NT 10.0; Win64; x64) AppleWebKit/537.36 (KHTML, like Gecko) Chrome/130.0.0.0 Safari/537.36"
3.85.204.193 - - [02/Mar/2026:20:05:53 -0500] "GET /category/music-concerts/ HTTP/1.1" 200 101699 "-" "Mozilla/4.0 (compatible; MSIE 7.0; Windows NT 6.0) Mozilla/5.0 (Windows NT 10.0; Win64; x64) AppleWebKit/537.36 (KHTML, like Gecko) Chrome/91.0.4472.124 Safari/537.36"
3.85.204.193 - - [02/Mar/2026:20:06:12 -0500] "GET /category/travel-tourism/destinations/ HTTP/1.1" 200 123182 "-" "Mozilla/4.0 (compatible; MSIE 7.0; Windows NT 6.0) Mozilla/5.0 (Windows NT 10.0; Win64; x64) AppleWebKit/537.36 (KHTML, like Gecko) Chrome/91.0.4472.124 Safari/537.36"
3.85.204.193 - - [02/Mar/2026:20:06:22 -0500] "GET /category/exhibitions/ HTTP/1.1" 200 122723 "-" "Mozilla/4.0 (compatible; MSIE 7.0; Windows NT 6.0) Mozilla/5.0 (Windows NT 10.0; Win64; x64) AppleWebKit/537.36 (KHTML, like Gecko) Chrome/91.0.4472.124 Safari/537.36"
54.206.20.150 - - [02/Mar/2026:20:06:33 -0500] "GET /wp-login.php HTTP/1.1" 200 1792 "-" "Mozilla/5.0 (Windows NT 10.0; Win64; x64) AppleWebKit/537.36 (KHTML, like Gecko) Chrome/130.0.0.0 Safari/537.36"
54.206.20.150 - - [02/Mar/2026:20:06:34 -0500] "POST /wp-login.php HTTP/1.1" 200 1884 "https://middleeastoday.com/wp-login.php" "Mozilla/5.0 (Windows NT 10.0; Win64; x64) AppleWebKit/537.36 (KHTML, like Gecko) Chrome/130.0.0.0 Safari/537.36"
3.85.204.193 - - [02/Mar/2026:20:06:36 -0500] "GET /category/news/ HTTP/1.1" 200 101420 "-" "Mozilla/4.0 (compatible; MSIE 7.0; Windows NT 6.0) Mozilla/5.0 (Windows NT 10.0; Win64; x64) AppleWebKit/537.36 (KHTML, like Gecko) Chrome/91.0.4472.124 Safari/537.36"
3.85.204.193 - - [02/Mar/2026:20:06:41 -0500] "GET /category/entertainment/ HTTP/1.1" 200 99105 "-" "Mozilla/4.0 (compatible; MSIE 7.0; Windows NT 6.0) Mozilla/5.0 (Windows NT 10.0; Win64; x64) AppleWebKit/537.36 (KHTML, like Gecko) Chrome/91.0.4472.124 Safari/537.36"
3.85.204.193 - - [02/Mar/2026:20:06:49 -0500] "GET /category/travel-tourism/ HTTP/1.1" 200 123600 "-" "Mozilla/4.0 (compatible; MSIE 7.0; Windows NT 6.0) Mozilla/5.0 (Windows NT 10.0; Win64; x64) AppleWebKit/537.36 (KHTML, like Gecko) Chrome/91.0.4472.124 Safari/537.36"
114.119.132.207 - - [02/Mar/2026:20:06:54 -0500] "GET /mansour-bin-zayed-receives-kazakh-pm/ HTTP/1.1" 200 24256 "https://www.middleeastoday.com/uae-foreign-minister-holds-meetings-in-new-york" "Mozilla/5.0 (Linux; Android 7.0;) AppleWebKit/537.36 (KHTML, like Gecko) Mobile Safari/537.36 (compatible; PetalBot;+https://webmaster.petalsearch.com/site/petalbot)"
3.85.204.193 - - [02/Mar/2026:20:07:15 -0500] "GET /category/international-news/ HTTP/1.1" 200 122934 "-" "Mozilla/4.0 (compatible; MSIE 7.0; Windows NT 6.0) Mozilla/5.0 (Windows NT 10.0; Win64; x64) AppleWebKit/537.36 (KHTML, like Gecko) Chrome/91.0.4472.124 Safari/537.36"
3.85.204.193 - - [02/Mar/2026:20:07:19 -0500] "GET /category/business/ HTTP/1.1" 200 121700 "-" "Mozilla/4.0 (compatible; MSIE 7.0; Windows NT 6.0) Mozilla/5.0 (Windows NT 10.0; Win64; x64) AppleWebKit/537.36 (KHTML, like Gecko) Chrome/91.0.4472.124 Safari/537.36"
3.85.204.193 - - [02/Mar/2026:20:07:31 -0500] "GET /category/articles/ HTTP/1.1" 200 101387 "-" "Mozilla/4.0 (compatible; MSIE 7.0; Windows NT 6.0) Mozilla/5.0 (Windows NT 10.0; Win64; x64) AppleWebKit/537.36 (KHTML, like Gecko) Chrome/91.0.4472.124 Safari/537.36"
162.213.253.84 - - [02/Mar/2026:20:05:51 -0500] "POST /wp-admin/admin-ajax.php?action=async_litespeed&nonce=mppjndv893fAriVj1wcZJYuguFe1MBLv&litespeed_type=imgoptm HTTP/1.1" 200 21 "-" "WordPress/6.8.1; https://www.middleeastoday.com"
3.85.204.193 - - [02/Mar/2026:20:05:59 -0500] "GET /category/uncategorized/ HTTP/1.1" 200 121982 "-" "Mozilla/4.0 (compatible; MSIE 7.0; Windows NT 6.0) Mozilla/5.0 (Windows NT 10.0; Win64; x64) AppleWebKit/537.36 (KHTML, like Gecko) Chrome/91.0.4472.124 Safari/537.36"
3.85.204.193 - - [02/Mar/2026:20:06:02 -0500] "GET /category/home_side/ HTTP/1.1" 200 121861 "-" "Mozilla/4.0 (compatible; MSIE 7.0; Windows NT 6.0) Mozilla/5.0 (Windows NT 10.0; Win64; x64) AppleWebKit/537.36 (KHTML, like Gecko) Chrome/91.0.4472.124 Safari/537.36"
114.119.137.98 - - [02/Mar/2026:20:06:21 -0500] "GET /romain-gerardin-fresse-wins-emirates-finest-business-awards/ HTTP/1.1" 200 24628 "https://www.middleeastoday.com/category/business/page/3" "Mozilla/5.0 (Linux; Android 7.0;) AppleWebKit/537.36 (KHTML, like Gecko) Mobile Safari/537.36 (compatible; PetalBot;+https://webmaster.petalsearch.com/site/petalbot)"
57.141.2.28 - - [02/Mar/2026:20:06:33 -0500] "GET /uae-iraqi-presidents-discuss-bilateral-relations/ HTTP/1.1" 200 106081 "-" "meta-externalagent/1.1 (+https://developers.facebook.com/docs/sharing/webmasters/crawler)"
162.213.253.84 - - [02/Mar/2026:20:06:35 -0500] "POST /wp-cron.php?doing_wp_cron=1772499995.1195430755615234375000 HTTP/1.1" 200 0 "-" "WordPress/6.8.1; https://www.middleeastoday.com"
162.213.253.84 - - [02/Mar/2026:20:06:35 -0500] "POST /wp-admin/admin-ajax.php?action=async_litespeed&nonce=H9v0rjWHPHpbdkpvQIZa3BfHuSI8K7Cu&litespeed_type=imgoptm HTTP/1.1" 200 21 "-" "WordPress/6.8.1; https://www.middleeastoday.com"
3.85.204.193 - - [02/Mar/2026:20:07:01 -0500] "GET /category/press-releases/ HTTP/1.1" 200 99009 "-" "Mozilla/4.0 (compatible; MSIE 7.0; Windows NT 6.0) Mozilla/5.0 (Windows NT 10.0; Win64; x64) AppleWebKit/537.36 (KHTML, like Gecko) Chrome/91.0.4472.124 Safari/537.36"
3.85.204.193 - - [02/Mar/2026:20:07:01 -0500] "GET /category/conferences/ HTTP/1.1" 200 111702 "-" "Mozilla/4.0 (compatible; MSIE 7.0; Windows NT 6.0) Mozilla/5.0 (Windows NT 10.0; Win64; x64) AppleWebKit/537.36 (KHTML, like Gecko) Chrome/91.0.4472.124 Safari/537.36"
3.85.204.193 - - [02/Mar/2026:20:07:28 -0500] "GET /category/real-estate/ HTTP/1.1" 200 121395 "-" "Mozilla/4.0 (compatible; MSIE 7.0; Windows NT 6.0) Mozilla/5.0 (Windows NT 10.0; Win64; x64) AppleWebKit/537.36 (KHTML, like Gecko) Chrome/91.0.4472.124 Safari/537.36"
92.205.182.143 - - [02/Mar/2026:20:08:08 -0500] "GET /wp-login.php HTTP/1.1" 200 1792 "-" "Mozilla/5.0 (Windows NT 10.0; Win64; x64) AppleWebKit/537.36 (KHTML, like Gecko) Chrome/130.0.0.0 Safari/537.36"
162.213.253.84 - - [02/Mar/2026:20:08:09 -0500] "POST /wp-cron.php?doing_wp_cron=1772500089.6028499603271484375000 HTTP/1.1" 200 0 "-" "WordPress/6.8.1; https://www.middleeastoday.com"
92.205.182.143 - - [02/Mar/2026:20:08:08 -0500] "POST /wp-login.php HTTP/1.1" 200 1884 "https://middleeastoday.com/wp-login.php" "Mozilla/5.0 (Windows NT 10.0; Win64; x64) AppleWebKit/537.36 (KHTML, like Gecko) Chrome/130.0.0.0 Safari/537.36"
114.119.154.115 - - [02/Mar/2026:20:08:19 -0500] "GET /?p=8703 HTTP/1.1" 301 0 "https://www.middleeastoday.com/?author=1&paged=30" "Mozilla/5.0 (Linux; Android 7.0;) AppleWebKit/537.36 (KHTML, like Gecko) Mobile Safari/537.36 (compatible; PetalBot;+https://webmaster.petalsearch.com/site/petalbot)"
3.85.204.193 - - [02/Mar/2026:20:08:27 -0500] "GET /category/travel-tourism/airlines/ HTTP/1.1" 200 122842 "-" "Mozilla/4.0 (compatible; MSIE 7.0; Windows NT 6.0) Mozilla/5.0 (Windows NT 10.0; Win64; x64) AppleWebKit/537.36 (KHTML, like Gecko) Chrome/91.0.4472.124 Safari/537.36"
3.85.204.193 - - [02/Mar/2026:20:08:34 -0500] "GET /category/beauty-fashion/ HTTP/1.1" 200 122556 "-" "Mozilla/4.0 (compatible; MSIE 7.0; Windows NT 6.0) Mozilla/5.0 (Windows NT 10.0; Win64; x64) AppleWebKit/537.36 (KHTML, like Gecko) Chrome/91.0.4472.124 Safari/537.36"
3.85.204.193 - - [02/Mar/2026:20:07:37 -0500] "GET /category/products/ HTTP/1.1" 200 121541 "-" "Mozilla/4.0 (compatible; MSIE 7.0; Windows NT 6.0) Mozilla/5.0 (Windows NT 10.0; Win64; x64) AppleWebKit/537.36 (KHTML, like Gecko) Chrome/91.0.4472.124 Safari/537.36"
3.85.204.193 - - [02/Mar/2026:20:07:47 -0500] "GET /category/national-news/ HTTP/1.1" 200 122061 "-" "Mozilla/4.0 (compatible; MSIE 7.0; Windows NT 6.0) Mozilla/5.0 (Windows NT 10.0; Win64; x64) AppleWebKit/537.36 (KHTML, like Gecko) Chrome/91.0.4472.124 Safari/537.36"
3.85.204.193 - - [02/Mar/2026:20:08:07 -0500] "GET /category/health-2/ HTTP/1.1" 200 121833 "-" "Mozilla/4.0 (compatible; MSIE 7.0; Windows NT 6.0) Mozilla/5.0 (Windows NT 10.0; Win64; x64) AppleWebKit/537.36 (KHTML, like Gecko) Chrome/91.0.4472.124 Safari/537.36"
162.213.253.84 - - [02/Mar/2026:20:08:10 -0500] "POST /wp-admin/admin-ajax.php?action=async_litespeed&nonce=Jl3sktHGqB48i0H130Tkl7H3MD3CZtp8&litespeed_type=imgoptm HTTP/1.1" 200 21 "-" "WordPress/6.8.1; https://www.middleeastoday.com"
3.85.204.193 - - [02/Mar/2026:20:08:14 -0500] "GET /category/art/ HTTP/1.1" 200 121534 "-" "Mozilla/4.0 (compatible; MSIE 7.0; Windows NT 6.0) Mozilla/5.0 (Windows NT 10.0; Win64; x64) AppleWebKit/537.36 (KHTML, like Gecko) Chrome/91.0.4472.124 Safari/537.36"
114.119.154.115 - - [02/Mar/2026:20:08:22 -0500] "GET /uae-president-at-major-economies-forum-peace-and-collaboration-essential-for-sustainable-economic-and-social-development/ HTTP/1.1" 200 24468 "https://www.middleeastoday.com/?author=1&paged=30" "Mozilla/5.0 (Linux; Android 7.0;) AppleWebKit/537.36 (KHTML, like Gecko) Mobile Safari/537.36 (compatible; PetalBot;+https://webmaster.petalsearch.com/site/petalbot)"
3.85.204.193 - - [02/Mar/2026:20:08:47 -0500] "GET /category/education/ HTTP/1.1" 200 121918 "-" "Mozilla/4.0 (compatible; MSIE 7.0; Windows NT 6.0) Mozilla/5.0 (Windows NT 10.0; Win64; x64) AppleWebKit/537.36 (KHTML, like Gecko) Chrome/91.0.4472.124 Safari/537.36"
3.85.204.193 - - [02/Mar/2026:20:09:01 -0500] "GET /category/travel-tourism/hotels/ HTTP/1.1" 200 108475 "-" "Mozilla/4.0 (compatible; MSIE 7.0; Windows NT 6.0) Mozilla/5.0 (Windows NT 10.0; Win64; x64) AppleWebKit/537.36 (KHTML, like Gecko) Chrome/91.0.4472.124 Safari/537.36"
3.85.204.193 - - [02/Mar/2026:20:09:28 -0500] "GET /category/lifestyle/tech/ HTTP/1.1" 200 101315 "-" "Mozilla/4.0 (compatible; MSIE 7.0; Windows NT 6.0) Mozilla/5.0 (Windows NT 10.0; Win64; x64) AppleWebKit/537.36 (KHTML, like Gecko) Chrome/91.0.4472.124 Safari/537.36"
103.153.100.172 - - [02/Mar/2026:20:09:38 -0500] "POST /wp-login.php HTTP/1.1" 200 1884 "https://middleeastoday.com/wp-login.php" "Mozilla/5.0 (Windows NT 10.0; Win64; x64) AppleWebKit/537.36 (KHTML, like Gecko) Chrome/130.0.0.0 Safari/537.36"
114.119.137.153 - - [02/Mar/2026:20:09:41 -0500] "GET /?author=1&paged=26 HTTP/1.1" 301 0 "https://www.middleeastoday.com/?author=1&paged=25" "Mozilla/5.0 (Linux; Android 7.0;) AppleWebKit/537.36 (KHTML, like Gecko) Mobile Safari/537.36 (compatible; PetalBot;+https://webmaster.petalsearch.com/site/petalbot)"
114.119.137.153 - - [02/Mar/2026:20:09:43 -0500] "GET /page/26/ HTTP/1.1" 200 38689 "https://www.middleeastoday.com/?author=1&paged=25" "Mozilla/5.0 (Linux; Android 7.0;) AppleWebKit/537.36 (KHTML, like Gecko) Mobile Safari/537.36 (compatible; PetalBot;+https://webmaster.petalsearch.com/site/petalbot)"
114.119.130.67 - - [02/Mar/2026:20:12:34 -0500] "GET /united-states-of-america-congratulates-uae-on-51st-national-day/ HTTP/1.1" 200 23451 "https://www.middleeastoday.com/?p=9607" "Mozilla/5.0 (Linux; Android 7.0;) AppleWebKit/537.36 (KHTML, like Gecko) Mobile Safari/537.36 (compatible; PetalBot;+https://webmaster.petalsearch.com/site/petalbot)"
57.141.2.64 - - [02/Mar/2026:20:13:32 -0500] "GET /abdullah-bin-zayed-meets-qatari-ambassador-to-uae/ HTTP/1.1" 200 104079 "-" "meta-externalagent/1.1 (+https://developers.facebook.com/docs/sharing/webmasters/crawler)"
3.85.204.193 - - [02/Mar/2026:20:08:54 -0500] "GET /category/awards/ HTTP/1.1" 200 116205 "-" "Mozilla/4.0 (compatible; MSIE 7.0; Windows NT 6.0) Mozilla/5.0 (Windows NT 10.0; Win64; x64) AppleWebKit/537.36 (KHTML, like Gecko) Chrome/91.0.4472.124 Safari/537.36"
15.235.27.172 - - [02/Mar/2026:20:09:21 -0500] "GET /el-sisi-receives-biden-in-sharm-el-sheikh/ HTTP/1.1" 200 20267 "-" "Mozilla/5.0 (compatible; AhrefsBot/7.0; +http://ahrefs.com/robot/)"
3.85.204.193 - - [02/Mar/2026:20:09:22 -0500] "GET /category/travel-tourism/eating-out/ HTTP/1.1" 200 108596 "-" "Mozilla/4.0 (compatible; MSIE 7.0; Windows NT 6.0) Mozilla/5.0 (Windows NT 10.0; Win64; x64) AppleWebKit/537.36 (KHTML, like Gecko) Chrome/91.0.4472.124 Safari/537.36"
3.85.204.193 - - [02/Mar/2026:20:09:35 -0500] "GET /category/events/ HTTP/1.1" 200 101891 "-" "Mozilla/4.0 (compatible; MSIE 7.0; Windows NT 6.0) Mozilla/5.0 (Windows NT 10.0; Win64; x64) AppleWebKit/537.36 (KHTML, like Gecko) Chrome/91.0.4472.124 Safari/537.36"
103.153.100.172 - - [02/Mar/2026:20:09:37 -0500] "GET /wp-login.php HTTP/1.1" 200 1792 "-" "Mozilla/5.0 (Windows NT 10.0; Win64; x64) AppleWebKit/537.36 (KHTML, like Gecko) Chrome/130.0.0.0 Safari/537.36"
162.213.253.84 - - [02/Mar/2026:20:09:39 -0500] "POST /wp-cron.php?doing_wp_cron=1772500179.4508430957794189453125 HTTP/1.1" 200 0 "-" "WordPress/6.8.1; https://www.middleeastoday.com"
162.213.253.84 - - [02/Mar/2026:20:09:40 -0500] "POST /wp-admin/admin-ajax.php?action=async_litespeed&nonce=aR4k22R1HbDI0fRP5KvOg5SiyfwcDolV&litespeed_type=imgoptm HTTP/1.1" 200 21 "-" "WordPress/6.8.1; https://www.middleeastoday.com"
162.213.253.84 - - [02/Mar/2026:20:09:42 -0500] "POST /wp-cron.php?doing_wp_cron=1772500182.3187150955200195312500 HTTP/1.1" 200 0 "-" "WordPress/6.8.1; https://www.middleeastoday.com"
51.161.37.114 - - [02/Mar/2026:20:13:41 -0500] "GET /wp-sitemap.xml HTTP/1.1" 200 223 "-" "Mozilla/5.0 (compatible; AhrefsBot/7.0; +http://ahrefs.com/robot/)"
142.44.225.113 - - [02/Mar/2026:20:13:45 -0500] "GET /wp-sitemap-posts-post-1.xml HTTP/1.1" 200 35382 "-" "Mozilla/5.0 (compatible; AhrefsBot/7.0; +http://ahrefs.com/robot/)"
51.222.95.84 - - [02/Mar/2026:20:13:52 -0500] "GET /wp-sitemap-posts-elementskit_template-1.xml HTTP/1.1" 200 203 "-" "Mozilla/5.0 (compatible; AhrefsBot/7.0; +http://ahrefs.com/robot/)"
114.119.154.115 - - [02/Mar/2026:20:13:52 -0500] "GET /united-arab-emirates-university-achieves-5th-place-in-qs-arab-university-rankings-2025/ HTTP/1.1" 200 23426 "https://www.middleeastoday.com/uae-president-arrives-in-moscow-on-official-visit/" "Mozilla/5.0 (Linux; Android 7.0;) AppleWebKit/537.36 (KHTML, like Gecko) Mobile Safari/537.36 (compatible; PetalBot;+https://webmaster.petalsearch.com/site/petalbot)"
54.39.203.168 - - [02/Mar/2026:20:14:05 -0500] "GET /wp-sitemap-users-1.xml HTTP/1.1" 200 161 "-" "Mozilla/5.0 (compatible; AhrefsBot/7.0; +http://ahrefs.com/robot/)"
148.113.130.143 - - [02/Mar/2026:20:13:48 -0500] "GET /wp-sitemap-posts-page-1.xml HTTP/1.1" 200 210 "-" "Mozilla/5.0 (compatible; AhrefsBot/7.0; +http://ahrefs.com/robot/)"
54.39.0.108 - - [02/Mar/2026:20:13:55 -0500] "GET /wp-sitemap-taxonomies-category-1.xml HTTP/1.1" 200 398 "-" "Mozilla/5.0 (compatible; AhrefsBot/7.0; +http://ahrefs.com/robot/)"
54.39.136.227 - - [02/Mar/2026:20:13:58 -0500] "GET /wp-sitemap-taxonomies-post_tag-1.xml HTTP/1.1" 200 169 "-" "Mozilla/5.0 (compatible; AhrefsBot/7.0; +http://ahrefs.com/robot/)"
167.114.139.243 - - [02/Mar/2026:20:14:02 -0500] "GET /wp-sitemap-taxonomies-post_format-1.xml HTTP/1.1" 200 171 "-" "Mozilla/5.0 (compatible; AhrefsBot/7.0; +http://ahrefs.com/robot/)"
114.119.154.115 - - [02/Mar/2026:20:15:17 -0500] "GET /dxb-live-wins-best-community-event-at-middle-east-event-awards/ HTTP/1.1" 200 23691 "https://www.middleeastoday.com/category/awards" "Mozilla/5.0 (Linux; Android 7.0;) AppleWebKit/537.36 (KHTML, like Gecko) Mobile Safari/537.36 (compatible; PetalBot;+https://webmaster.petalsearch.com/site/petalbot)"
162.213.253.84 - - [02/Mar/2026:20:15:23 -0500] "POST /wp-cron.php?doing_wp_cron=1772500523.7943880558013916015625 HTTP/1.1" 200 0 "-" "WordPress/6.8.1; https://www.middleeastoday.com"
57.141.2.16 - - [02/Mar/2026:20:15:23 -0500] "GET /?p=10416 HTTP/1.1" 301 0 "-" "meta-externalagent/1.1 (+https://developers.facebook.com/docs/sharing/webmasters/crawler)"
162.213.253.84 - - [02/Mar/2026:20:15:24 -0500] "POST /wp-admin/admin-ajax.php?action=async_litespeed&nonce=ZECwZxxxYVzMn4DFJfjJhG5Awdb2QzBW&litespeed_type=imgoptm HTTP/1.1" 200 21 "-" "WordPress/6.8.1; https://www.middleeastoday.com"
82.21.242.163 - - [02/Mar/2026:20:15:35 -0500] "GET /category/business/page/9/ HTTP/1.1" 200 24068 "-" "Mozilla/5.0 (compatible; crawler)"
162.213.253.84 - - [02/Mar/2026:20:16:41 -0500] "POST /wp-admin/admin-ajax.php?action=async_litespeed&nonce=7Ytetq3e0AZa3k84hEyTqddE9ZJ6WZoh&litespeed_type=imgoptm HTTP/1.1" 200 21 "-" "WordPress/6.8.1; https://www.middleeastoday.com"
162.213.253.84 - - [02/Mar/2026:20:17:47 -0500] "POST /wp-cron.php?doing_wp_cron=1772500667.6784698963165283203125 HTTP/1.1" 200 0 "-" "WordPress/6.8.1; https://www.middleeastoday.com"
110.78.211.34 - - [02/Mar/2026:20:17:47 -0500] "POST /wp-login.php HTTP/1.1" 200 1884 "https://middleeastoday.com/wp-login.php" "Mozilla/5.0 (Windows NT 10.0; Win64; x64) AppleWebKit/537.36 (KHTML, like Gecko) Chrome/130.0.0.0 Safari/537.36"
162.213.253.84 - - [02/Mar/2026:20:17:48 -0500] "POST /wp-admin/admin-ajax.php?action=async_litespeed&nonce=hT6uMsSQySYW9sNXnFS29KktZC7vCg5G&litespeed_type=imgoptm HTTP/1.1" 200 21 "-" "WordPress/6.8.1; https://www.middleeastoday.com"
114.119.154.115 - - [02/Mar/2026:20:18:10 -0500] "GET /cabsat-2022-addresses-the-future-of-satellite-broadcast-and-content-industry/ HTTP/1.1" 200 23764 "-" "Mozilla/5.0 (Linux; Android 7.0;) AppleWebKit/537.36 (KHTML, like Gecko) Mobile Safari/537.36 (compatible; PetalBot;+https://webmaster.petalsearch.com/site/petalbot)"
15.235.96.87 - - [02/Mar/2026:20:20:46 -0500] "GET /author/admin/page/34/ HTTP/1.1" 200 21166 "-" "Mozilla/5.0 (compatible; AhrefsBot/7.0; +http://ahrefs.com/robot/)"
162.213.253.84 - - [02/Mar/2026:20:21:15 -0500] "POST /wp-cron.php?doing_wp_cron=1772500875.7788081169128417968750 HTTP/1.1" 200 0 "-" "WordPress/6.8.1; https://www.middleeastoday.com"
110.235.239.42 - - [02/Mar/2026:20:21:15 -0500] "POST /wp-login.php HTTP/1.1" 200 1884 "https://middleeastoday.com/wp-login.php" "Mozilla/5.0 (Windows NT 10.0; Win64; x64) AppleWebKit/537.36 (KHTML, like Gecko) Chrome/130.0.0.0 Safari/537.36"
162.213.253.84 - - [02/Mar/2026:20:21:16 -0500] "POST /wp-admin/admin-ajax.php?action=async_litespeed&nonce=eYvedRxe2BB8KhGfd4rAHzaLUEtQpIyj&litespeed_type=imgoptm HTTP/1.1" 200 21 "-" "WordPress/6.8.1; https://www.middleeastoday.com"
181.191.115.101 - - [02/Mar/2026:20:21:23 -0500] "GET /wp-json/oembed/1.0/embed?url=https%3A%2F%2Fwww.middleeastoday.com%2Ffirst-emirates-conference-on-organ-transplantation-for-cancer-patients-launches%2F HTTP/1.1" 200 2668 "-" "Mozilla/5.0 (Windows NT 6.1; ) AppleWebKit/537.36 (KHTML, like Gecko) Chrome/83.0.4103.116 Safari/537.36"
162.213.253.84 - - [02/Mar/2026:20:21:41 -0500] "POST /wp-cron.php?doing_wp_cron=1772500901.8262779712677001953125 HTTP/1.1" 200 0 "-" "WordPress/6.8.1; https://www.middleeastoday.com"
114.119.137.98 - - [02/Mar/2026:20:21:42 -0500] "GET /uae-president-performs-eid-al-adha-prayer-at-sheikh-zayed-grand-mosque/ HTTP/1.1" 200 23706 "https://www.middleeastoday.com/?author=1&paged=26" "Mozilla/5.0 (Linux; Android 7.0;) AppleWebKit/537.36 (KHTML, like Gecko) Mobile Safari/537.36 (compatible; PetalBot;+https://webmaster.petalsearch.com/site/petalbot)"
57.141.2.12 - - [02/Mar/2026:20:15:25 -0500] "GET /cleveland-clinic-abu-dhabi-completes-50-successful-deep-brain-stimulation-implants-for-parkinsons-treatment/ HTTP/1.1" 200 107436 "-" "meta-externalagent/1.1 (+https://developers.facebook.com/docs/sharing/webmasters/crawler)"
162.213.253.84 - - [02/Mar/2026:20:16:40 -0500] "POST /wp-cron.php?doing_wp_cron=1772500600.7918939590454101562500 HTTP/1.1" 200 0 "-" "WordPress/6.8.1; https://www.middleeastoday.com"
114.119.132.207 - - [02/Mar/2026:20:16:40 -0500] "GET /dubai-enters-new-phase-in-developing-its-creative-ecosystem HTTP/1.1" 301 0 "https://www.middleeastoday.com/category/home_side/page/6" "Mozilla/5.0 (Linux; Android 7.0;) AppleWebKit/537.36 (KHTML, like Gecko) Mobile Safari/537.36 (compatible; PetalBot;+https://webmaster.petalsearch.com/site/petalbot)"
114.119.132.207 - - [02/Mar/2026:20:16:41 -0500] "GET /dubai-enters-new-phase-in-developing-its-creative-ecosystem/ HTTP/1.1" 200 28527 "https://www.middleeastoday.com/category/home_side/page/6" "Mozilla/5.0 (Linux; Android 7.0;) AppleWebKit/537.36 (KHTML, like Gecko) Mobile Safari/537.36 (compatible; PetalBot;+https://webmaster.petalsearch.com/site/petalbot)"
57.141.2.49 - - [02/Mar/2026:20:16:54 -0500] "GET /mohammed-bin-rashid-attends-fashion-friday-at-meydan-racecourse/ HTTP/1.1" 200 105922 "-" "meta-externalagent/1.1 (+https://developers.facebook.com/docs/sharing/webmasters/crawler)"
110.78.211.34 - - [02/Mar/2026:20:17:45 -0500] "GET /wp-login.php HTTP/1.1" 200 1792 "-" "Mozilla/5.0 (Windows NT 10.0; Win64; x64) AppleWebKit/537.36 (KHTML, like Gecko) Chrome/130.0.0.0 Safari/537.36"
162.213.253.84 - - [02/Mar/2026:20:18:07 -0500] "POST /wp-cron.php?doing_wp_cron=1772500687.6785240173339843750000 HTTP/1.1" 200 0 "-" "WordPress/6.8.1; https://www.middleeastoday.com"
114.119.154.115 - - [02/Mar/2026:20:18:06 -0500] "GET /?p=8510 HTTP/1.1" 301 0 "-" "Mozilla/5.0 (Linux; Android 7.0;) AppleWebKit/537.36 (KHTML, like Gecko) Mobile Safari/537.36 (compatible; PetalBot;+https://webmaster.petalsearch.com/site/petalbot)"
110.235.239.42 - - [02/Mar/2026:20:21:14 -0500] "GET /wp-login.php HTTP/1.1" 200 1792 "-" "Mozilla/5.0 (Windows NT 10.0; Win64; x64) AppleWebKit/537.36 (KHTML, like Gecko) Chrome/130.0.0.0 Safari/537.36"
114.119.137.98 - - [02/Mar/2026:20:21:41 -0500] "GET /?p=8833 HTTP/1.1" 301 0 "https://www.middleeastoday.com/?author=1&paged=26" "Mozilla/5.0 (Linux; Android 7.0;) AppleWebKit/537.36 (KHTML, like Gecko) Mobile Safari/537.36 (compatible; PetalBot;+https://webmaster.petalsearch.com/site/petalbot)"
162.213.253.84 - - [02/Mar/2026:20:21:42 -0500] "POST /wp-admin/admin-ajax.php?action=async_litespeed&nonce=lZR6KXkFBLBWoV1skPZqJazXpOnRw2nm&litespeed_type=imgoptm HTTP/1.1" 200 21 "-" "WordPress/6.8.1; https://www.middleeastoday.com"
162.213.253.84 - - [02/Mar/2026:20:22:51 -0500] "POST /wp-cron.php?doing_wp_cron=1772500971.4042630195617675781250 HTTP/1.1" 200 0 "-" "WordPress/6.8.1; https://www.middleeastoday.com"
157.230.226.169 - - [02/Mar/2026:20:22:50 -0500] "POST /wp-login.php HTTP/1.1" 200 1884 "https://middleeastoday.com/wp-login.php" "Mozilla/5.0 (Windows NT 10.0; Win64; x64) AppleWebKit/537.36 (KHTML, like Gecko) Chrome/130.0.0.0 Safari/537.36"
103.139.59.226 - - [02/Mar/2026:20:25:17 -0500] "GET /wp-login.php HTTP/1.1" 200 1792 "-" "Mozilla/5.0 (Windows NT 10.0; Win64; x64) AppleWebKit/537.36 (KHTML, like Gecko) Chrome/130.0.0.0 Safari/537.36"
162.213.253.84 - - [02/Mar/2026:20:25:19 -0500] "POST /wp-cron.php?doing_wp_cron=1772501119.3701250553131103515625 HTTP/1.1" 200 0 "-" "WordPress/6.8.1; https://www.middleeastoday.com"
162.213.253.84 - - [02/Mar/2026:20:25:20 -0500] "POST /wp-admin/admin-ajax.php?action=async_litespeed&nonce=S1eLXFfpvLqtYzoPgMjw0qi3oDksY3ZF&litespeed_type=imgoptm HTTP/1.1" 200 21 "-" "WordPress/6.8.1; https://www.middleeastoday.com"
162.213.253.84 - - [02/Mar/2026:20:25:33 -0500] "POST /wp-cron.php?doing_wp_cron=1772501133.5015830993652343750000 HTTP/1.1" 200 0 "-" "WordPress/6.8.1; https://www.middleeastoday.com"
157.230.226.169 - - [02/Mar/2026:20:22:50 -0500] "GET /wp-login.php HTTP/1.1" 200 1792 "-" "Mozilla/5.0 (Windows NT 10.0; Win64; x64) AppleWebKit/537.36 (KHTML, like Gecko) Chrome/130.0.0.0 Safari/537.36"
162.213.253.84 - - [02/Mar/2026:20:22:52 -0500] "POST /wp-admin/admin-ajax.php?action=async_litespeed&nonce=RNk4W1gQTPfUZQ8AixxC38RqhlFkEvVm&litespeed_type=imgoptm HTTP/1.1" 200 21 "-" "WordPress/6.8.1; https://www.middleeastoday.com"
57.141.2.24 - - [02/Mar/2026:20:23:22 -0500] "GET /uae-and-us-presidents-discuss-regional-developments-in-phone-call/ HTTP/1.1" 200 104417 "-" "meta-externalagent/1.1 (+https://developers.facebook.com/docs/sharing/webmasters/crawler)"
103.139.59.226 - - [02/Mar/2026:20:25:18 -0500] "POST /wp-login.php HTTP/1.1" 200 1884 "https://middleeastoday.com/wp-login.php" "Mozilla/5.0 (Windows NT 10.0; Win64; x64) AppleWebKit/537.36 (KHTML, like Gecko) Chrome/130.0.0.0 Safari/537.36"
52.1.250.162 - - [02/Mar/2026:20:26:35 -0500] "GET /wp-login.php HTTP/1.1" 200 1792 "-" "Mozilla/5.0 (Windows NT 10.0; Win64; x64) AppleWebKit/537.36 (KHTML, like Gecko) Chrome/130.0.0.0 Safari/537.36"
162.213.253.84 - - [02/Mar/2026:20:26:38 -0500] "POST /wp-cron.php?doing_wp_cron=1772501198.1938509941101074218750 HTTP/1.1" 200 0 "-" "WordPress/6.8.1; https://www.middleeastoday.com"
52.1.250.162 - - [02/Mar/2026:20:26:37 -0500] "POST /wp-login.php HTTP/1.1" 200 1884 "https://middleeastoday.com/wp-login.php" "Mozilla/5.0 (Windows NT 10.0; Win64; x64) AppleWebKit/537.36 (KHTML, like Gecko) Chrome/130.0.0.0 Safari/537.36"
162.213.253.84 - - [02/Mar/2026:20:26:38 -0500] "POST /wp-admin/admin-ajax.php?action=async_litespeed&nonce=Lh2vJwLCheVUTe3R3PwBjxi35M5o2can&litespeed_type=imgoptm HTTP/1.1" 200 21 "-" "WordPress/6.8.1; https://www.middleeastoday.com"
208.109.188.137 - - [02/Mar/2026:20:26:40 -0500] "POST /wp-login.php HTTP/1.1" 200 1884 "https://middleeastoday.com/wp-login.php" "Mozilla/5.0 (Windows NT 10.0; Win64; x64) AppleWebKit/537.36 (KHTML, like Gecko) Chrome/130.0.0.0 Safari/537.36"
114.119.154.115 - - [02/Mar/2026:20:26:54 -0500] "GET /legacy-of-expo-2020-dubais-vision-pavilion-will-live-on-as-part-of-district-2020 HTTP/1.1" 301 0 "https://www.middleeastoday.com/?p=7208" "Mozilla/5.0 (Linux; Android 7.0;) AppleWebKit/537.36 (KHTML, like Gecko) Mobile Safari/537.36 (compatible; PetalBot;+https://webmaster.petalsearch.com/site/petalbot)"
57.141.2.25 - - [02/Mar/2026:20:27:15 -0500] "GET /mohammed-bin-rashid-announces-opening-of-expo-city-dubai-in-october-2022/ HTTP/1.1" 200 107900 "-" "meta-externalagent/1.1 (+https://developers.facebook.com/docs/sharing/webmasters/crawler)"
114.119.138.37 - - [02/Mar/2026:20:28:17 -0500] "GET /saudi-aramco-records-110-billion-net-income-in-2021 HTTP/1.1" 301 0 "https://www.middleeastoday.com/emirati-folk-culture-captivates-global-audiences-at-bologna-childrens-book-fair" "Mozilla/5.0 (Linux; Android 7.0;) AppleWebKit/537.36 (KHTML, like Gecko) Mobile Safari/537.36 (compatible; PetalBot;+https://webmaster.petalsearch.com/site/petalbot)"
162.213.253.84 - - [02/Mar/2026:20:28:19 -0500] "POST /wp-admin/admin-ajax.php?action=async_litespeed&nonce=yRMhHdPVlmocb8dd9hrU4zsTKQzDdaEQ&litespeed_type=imgoptm HTTP/1.1" 200 21 "-" "WordPress/6.8.1; https://www.middleeastoday.com"
114.119.132.207 - - [02/Mar/2026:20:29:40 -0500] "GET /flydubai-adds-two-destinations-in-saudi-arabia/ HTTP/1.1" 200 23927 "https://www.middleeastoday.com/sharjah-ramadan-majlis-2024-discusses-how-investments-can-maximise-innovation/" "Mozilla/5.0 (Linux; Android 7.0;) AppleWebKit/537.36 (KHTML, like Gecko) Mobile Safari/537.36 (compatible; PetalBot;+https://webmaster.petalsearch.com/site/petalbot)"
82.223.245.250 - - [02/Mar/2026:20:29:56 -0500] "GET /wp-login.php HTTP/1.1" 200 1792 "-" "Mozilla/5.0 (Windows NT 10.0; Win64; x64) AppleWebKit/537.36 (KHTML, like Gecko) Chrome/130.0.0.0 Safari/537.36"
162.213.253.84 - - [02/Mar/2026:20:29:57 -0500] "POST /wp-cron.php?doing_wp_cron=1772501397.3380019664764404296875 HTTP/1.1" 200 0 "-" "WordPress/6.8.1; https://www.middleeastoday.com"
114.119.137.153 - - [02/Mar/2026:20:25:32 -0500] "GET /registration-for-first-global-spark-ar-hackathon-challenge-closes-on-june-17 HTTP/1.1" 301 0 "https://www.middleeastoday.com/uae-tajikistan-relations-steadily-developing-ambassador" "Mozilla/5.0 (Linux; Android 7.0;) AppleWebKit/537.36 (KHTML, like Gecko) Mobile Safari/537.36 (compatible; PetalBot;+https://webmaster.petalsearch.com/site/petalbot)"
114.119.137.153 - - [02/Mar/2026:20:25:34 -0500] "GET /registration-for-first-global-spark-ar-hackathon-challenge-closes-on-june-17/ HTTP/1.1" 200 23342 "https://www.middleeastoday.com/uae-tajikistan-relations-steadily-developing-ambassador" "Mozilla/5.0 (Linux; Android 7.0;) AppleWebKit/537.36 (KHTML, like Gecko) Mobile Safari/537.36 (compatible; PetalBot;+https://webmaster.petalsearch.com/site/petalbot)"
162.213.253.84 - - [02/Mar/2026:20:25:34 -0500] "POST /wp-admin/admin-ajax.php?action=async_litespeed&nonce=kPwmLwuoP0lLqmG1u9XojJOVo7Ogrl3Y&litespeed_type=imgoptm HTTP/1.1" 200 21 "-" "WordPress/6.8.1; https://www.middleeastoday.com"
57.141.2.46 - - [02/Mar/2026:20:25:39 -0500] "GET /dubai-records-over-aed1-8-bn-in-realty-transactions-tuesday/ HTTP/1.1" 200 117218 "-" "meta-externalagent/1.1 (+https://developers.facebook.com/docs/sharing/webmasters/crawler)"
208.109.188.137 - - [02/Mar/2026:20:26:40 -0500] "GET /wp-login.php HTTP/1.1" 200 1792 "-" "Mozilla/5.0 (Windows NT 10.0; Win64; x64) AppleWebKit/537.36 (KHTML, like Gecko) Chrome/130.0.0.0 Safari/537.36"
114.119.154.115 - - [02/Mar/2026:20:26:54 -0500] "GET /legacy-of-expo-2020-dubais-vision-pavilion-will-live-on-as-part-of-district-2020/ HTTP/1.1" 200 26077 "https://www.middleeastoday.com/?p=7208" "Mozilla/5.0 (Linux; Android 7.0;) AppleWebKit/537.36 (KHTML, like Gecko) Mobile Safari/537.36 (compatible; PetalBot;+https://webmaster.petalsearch.com/site/petalbot)"
162.213.253.84 - - [02/Mar/2026:20:28:18 -0500] "POST /wp-cron.php?doing_wp_cron=1772501298.3392550945281982421875 HTTP/1.1" 200 0 "-" "WordPress/6.8.1; https://www.middleeastoday.com"
114.119.138.37 - - [02/Mar/2026:20:28:21 -0500] "GET /saudi-aramco-records-110-billion-net-income-in-2021/ HTTP/1.1" 200 23085 "https://www.middleeastoday.com/emirati-folk-culture-captivates-global-audiences-at-bologna-childrens-book-fair" "Mozilla/5.0 (Linux; Android 7.0;) AppleWebKit/537.36 (KHTML, like Gecko) Mobile Safari/537.36 (compatible; PetalBot;+https://webmaster.petalsearch.com/site/petalbot)"
162.213.253.84 - - [02/Mar/2026:20:29:58 -0500] "POST /wp-admin/admin-ajax.php?action=async_litespeed&nonce=shoohjcRLOoldgz4lIkFT0zOrmO9HoLM&litespeed_type=imgoptm HTTP/1.1" 200 21 "-" "WordPress/6.8.1; https://www.middleeastoday.com"
52.167.144.209 - - [02/Mar/2026:20:30:03 -0500] "GET /wp-content/uploads/2022/07/Fund-transfers-850x560.jpg HTTP/1.1" 200 40723 "-" "Mozilla/5.0 AppleWebKit/537.36 (KHTML, like Gecko; compatible; bingbot/2.0; +http://www.bing.com/bingbot.htm) Chrome/116.0.1938.76 Safari/537.36"
47.128.21.29 - - [02/Mar/2026:20:30:54 -0500] "GET /international-mother-language-day-2023-dubai/ HTTP/1.1" 200 21263 "-" "Mozilla/5.0 (Linux; Android 5.0) AppleWebKit/537.36 (KHTML, like Gecko) Mobile Safari/537.36 (compatible; Bytespider; [email protected])"
47.128.21.29 - - [02/Mar/2026:20:30:55 -0500] "GET /wp-includes/css/dist/block-library/style.min.css?ver=6.8.1 HTTP/1.1" 200 14358 "https://www.middleeastoday.com/international-mother-language-day-2023-dubai/" "Mozilla/5.0 (Linux; Android 5.0) AppleWebKit/537.36 (KHTML, like Gecko) Mobile Safari/537.36 (compatible; Bytespider; [email protected])"
47.128.21.29 - - [02/Mar/2026:20:30:55 -0500] "GET /wp-content/uploads/2023/03/Bu-1-850x560.jpg HTTP/1.1" 206 500 "https://www.middleeastoday.com/international-mother-language-day-2023-dubai/" "Mozilla/5.0 (Linux; Android 5.0) AppleWebKit/537.36 (KHTML, like Gecko) Mobile Safari/537.36 (compatible; Bytespider; [email protected])"
47.128.21.29 - - [02/Mar/2026:20:30:55 -0500] "GET /wp-content/uploads/2023/03/flydubai-455x300.jpg HTTP/1.1" 206 500 "https://www.middleeastoday.com/international-mother-language-day-2023-dubai/" "Mozilla/5.0 (Linux; Android 5.0) AppleWebKit/537.36 (KHTML, like Gecko) Mobile Safari/537.36 (compatible; Bytespider; [email protected])"
47.128.21.29 - - [02/Mar/2026:20:30:55 -0500] "GET /wp-content/uploads/2023/03/Italy1-455x300.jpg HTTP/1.1" 206 500 "https://www.middleeastoday.com/international-mother-language-day-2023-dubai/" "Mozilla/5.0 (Linux; Android 5.0) AppleWebKit/537.36 (KHTML, like Gecko) Mobile Safari/537.36 (compatible; Bytespider; [email protected])"
114.119.148.161 - - [02/Mar/2026:20:31:03 -0500] "GET /etihad-airways-returns-to-beijing/ HTTP/1.1" 200 23352 "https://www.middleeastoday.com/jewels-of-emirates-show-attracts-100-exhibitors-more-than-20-uae-and-international-designers/" "Mozilla/5.0 (Linux; Android 7.0;) AppleWebKit/537.36 (KHTML, like Gecko) Mobile Safari/537.36 (compatible; PetalBot;+https://webmaster.petalsearch.com/site/petalbot)"
82.223.245.250 - - [02/Mar/2026:20:29:56 -0500] "POST /wp-login.php HTTP/1.1" 200 1884 "https://middleeastoday.com/wp-login.php" "Mozilla/5.0 (Windows NT 10.0; Win64; x64) AppleWebKit/537.36 (KHTML, like Gecko) Chrome/130.0.0.0 Safari/537.36"
114.119.154.115 - - [02/Mar/2026:20:32:28 -0500] "GET /eci-terminus-group-cooperate-to-strengthen-digital-infrastructure-projects-in-uae-and-abroad/ HTTP/1.1" 200 24016 "https://www.middleeastoday.com/?p=7290" "Mozilla/5.0 (Linux; Android 7.0;) AppleWebKit/537.36 (KHTML, like Gecko) Mobile Safari/537.36 (compatible; PetalBot;+https://webmaster.petalsearch.com/site/petalbot)"
113.164.74.250 - - [02/Mar/2026:20:33:28 -0500] "GET /wp-json/oembed/1.0/embed?url=https%3A%2F%2Fwww.middleeastoday.com%2Fcbuae-launches-new-general-terms-and-conditions-for-its-standing-credit-and-liquidity-insurance-facilities%2F HTTP/1.1" 200 2787 "-" "Mozilla/5.0 (Windows NT 6.1) AppleWebKit/537.36 (KHTML, like Gecko) Chrome/80.0.3987.132 Safari/537.36"
42.81.251.76 - - [02/Mar/2026:20:33:36 -0500] "GET /the-international-deluxe-beauty-awards-will-be-held-in-dubai-on-april-15/ HTTP/1.1" 200 20503 "-" "Mozilla/5.0 (Macintosh; Intel Mac OS X 10_15_7) AppleWebKit/537.36 (KHTML, like Gecko) Chrome/140.0.0.0 newsai/1.0 Safari/537.36"
114.119.130.67 - - [02/Mar/2026:20:33:53 -0500] "GET /black-bird-aerial-pioneering-global-visual-excellence-under-naseer-haider-siddiqui/ HTTP/1.1" 200 23417 "https://www.middleeastoday.com/etihad-airways-records-10-4-million-passengers-jan-jul-2024" "Mozilla/5.0 (Linux; Android 7.0;) AppleWebKit/537.36 (KHTML, like Gecko) Mobile Safari/537.36 (compatible; PetalBot;+https://webmaster.petalsearch.com/site/petalbot)"
162.213.253.84 - - [02/Mar/2026:20:35:16 -0500] "POST /wp-admin/admin-ajax.php?action=async_litespeed&nonce=almiuHdxG74ojCATiMRWdViULlVqNktp&litespeed_type=imgoptm HTTP/1.1" 200 0 "-" "WordPress/6.8.1; https://www.middleeastoday.com"
20.111.28.243 - - [02/Mar/2026:20:35:35 -0500] "GET /wp-content/uploads/2022/08/Dubai-Opera1-455x300.jpg HTTP/1.1" 200 34132 "-" "Mozilla/5.0 (compatible; BingIndexCrawler/1.0)"
18.132.114.10 - - [02/Mar/2026:20:36:59 -0500] "GET /wp-login.php HTTP/1.1" 200 1792 "-" "Mozilla/5.0 (Windows NT 10.0; Win64; x64) AppleWebKit/537.36 (KHTML, like Gecko) Chrome/130.0.0.0 Safari/537.36"
162.213.253.84 - - [02/Mar/2026:20:37:00 -0500] "POST /wp-cron.php?doing_wp_cron=1772501820.9374899864196777343750 HTTP/1.1" 200 0 "-" "WordPress/6.8.1; https://www.middleeastoday.com"
18.132.114.10 - - [02/Mar/2026:20:37:00 -0500] "POST /wp-login.php HTTP/1.1" 200 1884 "https://middleeastoday.com/wp-login.php" "Mozilla/5.0 (Windows NT 10.0; Win64; x64) AppleWebKit/537.36 (KHTML, like Gecko) Chrome/130.0.0.0 Safari/537.36"
162.213.253.84 - - [02/Mar/2026:20:37:01 -0500] "POST /wp-admin/admin-ajax.php?action=async_litespeed&nonce=NKvbdgBA0zmUUZM43X2cgfWgBTv8b3gK&litespeed_type=imgoptm HTTP/1.1" 200 21 "-" "WordPress/6.8.1; https://www.middleeastoday.com"
40.77.167.59 - - [02/Mar/2026:20:37:05 -0500] "GET /wp-content/uploads/2022/04/E20-Investment-768x513.jpg HTTP/1.1" 200 36826 "-" "Mozilla/5.0 AppleWebKit/537.36 (KHTML, like Gecko; compatible; bingbot/2.0; +http://www.bing.com/bingbot.htm) Chrome/116.0.1938.76 Safari/537.36"
162.213.253.84 - - [02/Mar/2026:20:38:21 -0500] "POST /wp-cron.php?doing_wp_cron=1772501901.2679550647735595703125 HTTP/1.1" 200 0 "-" "WordPress/6.8.1; https://www.middleeastoday.com"
103.69.196.26 - - [02/Mar/2026:20:38:47 -0500] "GET /wp-login.php HTTP/1.1" 200 1792 "-" "Mozilla/5.0 (Windows NT 10.0; Win64; x64) AppleWebKit/537.36 (KHTML, like Gecko) Chrome/130.0.0.0 Safari/537.36"
103.69.196.26 - - [02/Mar/2026:20:38:50 -0500] "POST /wp-login.php HTTP/1.1" 200 1884 "https://middleeastoday.com/wp-login.php" "Mozilla/5.0 (Windows NT 10.0; Win64; x64) AppleWebKit/537.36 (KHTML, like Gecko) Chrome/130.0.0.0 Safari/537.36"
162.213.253.84 - - [02/Mar/2026:20:38:51 -0500] "POST /wp-admin/admin-ajax.php?action=async_litespeed&nonce=qqICIEWKfCf9vIebK6xxt2f52phtu6m0&litespeed_type=imgoptm HTTP/1.1" 200 21 "-" "WordPress/6.8.1; https://www.middleeastoday.com"
57.141.2.31 - - [02/Mar/2026:20:39:31 -0500] "GET /business-tycoon-seif-el-hakim-forays-into-dubai-market/ HTTP/1.1" 200 108069 "-" "meta-externalagent/1.1 (+https://developers.facebook.com/docs/sharing/webmasters/crawler)"
142.44.228.159 - - [02/Mar/2026:20:32:11 -0500] "GET /a-new-initiative-to-think-creatively-about-the-future-of-diplomacy-in-dubai/ HTTP/1.1" 200 20964 "-" "Mozilla/5.0 (compatible; AhrefsBot/7.0; +http://ahrefs.com/robot/)"
114.119.130.67 - - [02/Mar/2026:20:33:52 -0500] "GET /black-bird-aerial-pioneering-global-visual-excellence-under-naseer-haider-siddiqui HTTP/1.1" 301 0 "https://www.middleeastoday.com/etihad-airways-records-10-4-million-passengers-jan-jul-2024" "Mozilla/5.0 (Linux; Android 7.0;) AppleWebKit/537.36 (KHTML, like Gecko) Mobile Safari/537.36 (compatible; PetalBot;+https://webmaster.petalsearch.com/site/petalbot)"
162.213.253.84 - - [02/Mar/2026:20:35:15 -0500] "POST /wp-cron.php?doing_wp_cron=1772501715.4815790653228759765625 HTTP/1.1" 200 0 "-" "WordPress/6.8.1; https://www.middleeastoday.com"
114.119.132.207 - - [02/Mar/2026:20:35:13 -0500] "GET /dubai-tourist-police-promotes-security-services-to-15-hotels HTTP/1.1" 301 0 "https://www.middleeastoday.com/dubais-weeklong-real-estate-transactions-total-aed5-3-billion" "Mozilla/5.0 (Linux; Android 7.0;) AppleWebKit/537.36 (KHTML, like Gecko) Mobile Safari/537.36 (compatible; PetalBot;+https://webmaster.petalsearch.com/site/petalbot)"
114.119.132.207 - - [02/Mar/2026:20:35:16 -0500] "GET /dubai-tourist-police-promotes-security-services-to-15-hotels/ HTTP/1.1" 200 23235 "https://www.middleeastoday.com/dubais-weeklong-real-estate-transactions-total-aed5-3-billion" "Mozilla/5.0 (Linux; Android 7.0;) AppleWebKit/537.36 (KHTML, like Gecko) Mobile Safari/537.36 (compatible; PetalBot;+https://webmaster.petalsearch.com/site/petalbot)"
114.119.132.207 - - [02/Mar/2026:20:36:37 -0500] "GET /mohammed-bin-rashid-issues-six-decrees-regulating-dubai-chambers-their-boards-of-directors/ HTTP/1.1" 200 25229 "https://www.middleeastoday.com/?p=6643" "Mozilla/5.0 (Linux; Android 7.0;) AppleWebKit/537.36 (KHTML, like Gecko) Mobile Safari/537.36 (compatible; PetalBot;+https://webmaster.petalsearch.com/site/petalbot)"
40.77.167.59 - - [02/Mar/2026:20:37:04 -0500] "GET /wp-content/uploads/2023/06/Serbian-President-1-455x300.jpg HTTP/1.1" 200 34030 "-" "Mozilla/5.0 AppleWebKit/537.36 (KHTML, like Gecko; compatible; bingbot/2.0; +http://www.bing.com/bingbot.htm) Chrome/116.0.1938.76 Safari/537.36"
54.39.89.207 - - [02/Mar/2026:20:37:34 -0500] "GET /five-out-of-this-world-things-to-do-at-dubais-museum-of-future-this-eid-al-adha/ HTTP/1.1" 200 21291 "-" "Mozilla/5.0 (compatible; AhrefsBot/7.0; +http://ahrefs.com/robot/)"
92.205.182.143 - - [02/Mar/2026:20:38:20 -0500] "GET /wp-login.php HTTP/1.1" 200 1792 "-" "Mozilla/5.0 (Windows NT 10.0; Win64; x64) AppleWebKit/537.36 (KHTML, like Gecko) Chrome/130.0.0.0 Safari/537.36"
92.205.182.143 - - [02/Mar/2026:20:38:20 -0500] "POST /wp-login.php HTTP/1.1" 200 1884 "https://middleeastoday.com/wp-login.php" "Mozilla/5.0 (Windows NT 10.0; Win64; x64) AppleWebKit/537.36 (KHTML, like Gecko) Chrome/130.0.0.0 Safari/537.36"
162.213.253.84 - - [02/Mar/2026:20:38:21 -0500] "POST /wp-admin/admin-ajax.php?action=async_litespeed&nonce=mGQyGIggpVZzaSxgtCSdXH4aZa1JPNW3&litespeed_type=imgoptm HTTP/1.1" 200 21 "-" "WordPress/6.8.1; https://www.middleeastoday.com"
162.213.253.84 - - [02/Mar/2026:20:38:50 -0500] "POST /wp-cron.php?doing_wp_cron=1772501930.8513600826263427734375 HTTP/1.1" 200 0 "-" "WordPress/6.8.1; https://www.middleeastoday.com"
15.235.27.61 - - [02/Mar/2026:20:39:59 -0500] "GET /fbp-international-stepping-into-the-10th-year-of-fulfilling-your-australian-dreams/ HTTP/1.1" 200 21759 "-" "Mozilla/5.0 (compatible; AhrefsBot/7.0; +http://ahrefs.com/robot/)"
138.68.183.21 - - [02/Mar/2026:20:40:15 -0500] "GET /wp-login.php HTTP/1.1" 200 1792 "-" "Mozilla/5.0 (Windows NT 10.0; Win64; x64) AppleWebKit/537.36 (KHTML, like Gecko) Chrome/130.0.0.0 Safari/537.36"
114.119.141.228 - - [02/Mar/2026:20:42:40 -0500] "GET /san-marino-pavilion-celebrates-national-day-at-expo-dubai/ HTTP/1.1" 200 23986 "https://www.middleeastoday.com/19th-edition-of-sharjah-heritage-days-to-take-place-in-march/" "Mozilla/5.0 (Linux; Android 7.0;) AppleWebKit/537.36 (KHTML, like Gecko) Mobile Safari/537.36 (compatible; PetalBot;+https://webmaster.petalsearch.com/site/petalbot)"
114.119.154.115 - - [02/Mar/2026:20:44:02 -0500] "GET /dubai-welcomes-7-28-million-overnight-visitors-in-2021-setting-momentous-marker-for-global-tourism-recovery/ HTTP/1.1" 200 28074 "https://www.middleeastoday.com/dubai-south-records-key-achievements-during-2021" "Mozilla/5.0 (Linux; Android 7.0;) AppleWebKit/537.36 (KHTML, like Gecko) Mobile Safari/537.36 (compatible; PetalBot;+https://webmaster.petalsearch.com/site/petalbot)"
57.141.2.56 - - [02/Mar/2026:20:44:05 -0500] "GET /nahyan-bin-mubarak-attends-cuds-11th-convocation-ceremony-at-expo-2020-dubai/ HTTP/1.1" 200 106482 "-" "meta-externalagent/1.1 (+https://developers.facebook.com/docs/sharing/webmasters/crawler)"
57.141.2.52 - - [02/Mar/2026:20:44:25 -0500] "GET /eye-care-for-back-to-school/ HTTP/1.1" 200 105412 "-" "meta-externalagent/1.1 (+https://developers.facebook.com/docs/sharing/webmasters/crawler)"
69.49.112.61 - - [02/Mar/2026:20:44:56 -0500] "GET /wp-login.php HTTP/1.1" 200 1792 "-" "Mozilla/5.0 (Windows NT 10.0; Win64; x64) AppleWebKit/537.36 (KHTML, like Gecko) Chrome/130.0.0.0 Safari/537.36"
162.213.253.84 - - [02/Mar/2026:20:45:02 -0500] "POST /wp-admin/admin-ajax.php?action=async_litespeed&nonce=Ly95tx3IpWkkqQIvHEaYma6taLrw8lEu&litespeed_type=imgoptm HTTP/1.1" 200 21 "-" "WordPress/6.8.1; https://www.middleeastoday.com"
206.189.183.71 - - [02/Mar/2026:20:46:52 -0500] "GET /wp-content/uploads/2022/09/Watch-Jewellery-850x560.jpg%20850w,%20https://www.middleeastoday.com/wp-content/uploads/2022/09/Watch-Jewellery-455x300.jpg%20455w HTTP/1.1" 301 0 "https://www.middleeastoday.com/" "Mozilla/5.0 (Windows NT 10.0; Win64; x64) AppleWebKit/537.36 (KHTML, like Gecko) Chrome/117.0.0.0 Safari/537.36"
206.189.183.71 - - [02/Mar/2026:20:46:54 -0500] "GET /wp-content/uploads/2022/09/Watch-Jewellery-850x560.jpg%20850w,%20https:/www.middleeastoday.com/wp-content/uploads/2022/09/Watch-Jewellery-455x300.jpg%20455w HTTP/1.1" 404 19183 "https://www.middleeastoday.com/" "Mozilla/5.0 (Windows NT 10.0; Win64; x64) AppleWebKit/537.36 (KHTML, like Gecko) Chrome/117.0.0.0 Safari/537.36"
179.108.84.136 - - [02/Mar/2026:20:47:09 -0500] "GET /wp-login.php HTTP/1.1" 200 1792 "-" "Mozilla/5.0 (Windows NT 10.0; Win64; x64) AppleWebKit/537.36 (KHTML, like Gecko) Chrome/130.0.0.0 Safari/537.36"
179.108.84.136 - - [02/Mar/2026:20:47:10 -0500] "POST /wp-login.php HTTP/1.1" 200 1884 "https://middleeastoday.com/wp-login.php" "Mozilla/5.0 (Windows NT 10.0; Win64; x64) AppleWebKit/537.36 (KHTML, like Gecko) Chrome/130.0.0.0 Safari/537.36"
162.213.253.84 - - [02/Mar/2026:20:40:17 -0500] "POST /wp-cron.php?doing_wp_cron=1772502017.6223580837249755859375 HTTP/1.1" 200 0 "-" "WordPress/6.8.1; https://www.middleeastoday.com"
138.68.183.21 - - [02/Mar/2026:20:40:17 -0500] "POST /wp-login.php HTTP/1.1" 200 1884 "https://middleeastoday.com/wp-login.php" "Mozilla/5.0 (Windows NT 10.0; Win64; x64) AppleWebKit/537.36 (KHTML, like Gecko) Chrome/130.0.0.0 Safari/537.36"
142.44.220.140 - - [02/Mar/2026:20:42:38 -0500] "GET /category/national-news/ HTTP/1.1" 304 0 "-" "Mozilla/5.0 (compatible; AhrefsBot/7.0; +http://ahrefs.com/robot/)"
162.213.253.84 - - [02/Mar/2026:20:45:01 -0500] "POST /wp-cron.php?doing_wp_cron=1772502301.8781399726867675781250 HTTP/1.1" 200 0 "-" "WordPress/6.8.1; https://www.middleeastoday.com"
69.49.112.61 - - [02/Mar/2026:20:45:01 -0500] "POST /wp-login.php HTTP/1.1" 200 1884 "https://middleeastoday.com/wp-login.php" "Mozilla/5.0 (Windows NT 10.0; Win64; x64) AppleWebKit/537.36 (KHTML, like Gecko) Chrome/130.0.0.0 Safari/537.36"
