50.6.7.129 - - [02/Mar/2026:22:04:01 -0500] "POST /wp-login.php HTTP/1.1" 200 1884 "https://www.middleeastoday.com/wp-login.php" "Mozilla/5.0 (Windows NT 10.0; Win64; x64) AppleWebKit/537.36 (KHTML, like Gecko) Chrome/130.0.0.0 Safari/537.36"
157.55.39.59 - - [02/Mar/2026:22:05:19 -0500] "GET /dubai-south-concludes-successful-2024-across-its-different-districts/ HTTP/1.1" 200 21294 "-" "Mozilla/5.0 AppleWebKit/537.36 (KHTML, like Gecko; compatible; bingbot/2.0; +http://www.bing.com/bingbot.htm) Chrome/116.0.1938.76 Safari/537.36"
148.113.130.73 - - [02/Mar/2026:22:05:50 -0500] "GET /category/news/ HTTP/1.1" 304 0 "-" "Mozilla/5.0 (compatible; AhrefsBot/7.0; +http://ahrefs.com/robot/)"
162.213.253.84 - - [02/Mar/2026:22:06:55 -0500] "POST /wp-admin/admin-ajax.php?action=async_litespeed&nonce=7vsGkoefyS8UvRSka3VyMXmeG7v2sxHn&litespeed_type=imgoptm HTTP/1.1" 200 21 "-" "WordPress/6.8.1; https://www.middleeastoday.com"
162.213.253.84 - - [02/Mar/2026:22:10:05 -0500] "POST /wp-admin/admin-ajax.php?action=async_litespeed&nonce=f01iJsp6FxZfhp8WSKQEDQvnG0ahZKNe&litespeed_type=imgoptm HTTP/1.1" 200 0 "-" "WordPress/6.8.1; https://www.middleeastoday.com"
50.6.225.58 - - [02/Mar/2026:22:10:42 -0500] "GET /wp-login.php HTTP/1.1" 200 1792 "-" "Mozilla/5.0 (Windows NT 10.0; Win64; x64) AppleWebKit/537.36 (KHTML, like Gecko) Chrome/130.0.0.0 Safari/537.36"
162.213.253.84 - - [02/Mar/2026:22:10:43 -0500] "POST /wp-cron.php?doing_wp_cron=1772507443.1712648868560791015625 HTTP/1.1" 200 0 "-" "WordPress/6.8.1; https://www.middleeastoday.com"
57.141.2.14 - - [02/Mar/2026:22:10:55 -0500] "GET /category/products/ HTTP/1.1" 200 121541 "-" "meta-externalagent/1.1 (+https://developers.facebook.com/docs/sharing/webmasters/crawler)"
110.78.211.34 - - [02/Mar/2026:22:12:17 -0500] "GET /wp-login.php HTTP/1.1" 200 1792 "-" "Mozilla/5.0 (Windows NT 10.0; Win64; x64) AppleWebKit/537.36 (KHTML, like Gecko) Chrome/130.0.0.0 Safari/537.36"
162.213.253.84 - - [02/Mar/2026:22:12:19 -0500] "POST /wp-cron.php?doing_wp_cron=1772507538.9851028919219970703125 HTTP/1.1" 200 0 "-" "WordPress/6.8.1; https://www.middleeastoday.com"
114.119.148.161 - - [02/Mar/2026:22:12:44 -0500] "GET /?p=366 HTTP/1.1" 301 0 "https://www.middleeastoday.com/category/products/page/2/" "Mozilla/5.0 (Linux; Android 7.0;) AppleWebKit/537.36 (KHTML, like Gecko) Mobile Safari/537.36 (compatible; PetalBot;+https://webmaster.petalsearch.com/site/petalbot)"
162.213.253.84 - - [02/Mar/2026:22:12:45 -0500] "POST /wp-admin/admin-ajax.php?action=async_litespeed&nonce=SwFPXM6IZ34gNluUoQNLkxOid6yowqNS&litespeed_type=imgoptm HTTP/1.1" 200 21 "-" "WordPress/6.8.1; https://www.middleeastoday.com"
50.6.225.58 - - [02/Mar/2026:22:13:01 -0500] "GET /wp-login.php HTTP/1.1" 200 1792 "-" "Mozilla/5.0 (Windows NT 10.0; Win64; x64) AppleWebKit/537.36 (KHTML, like Gecko) Chrome/130.0.0.0 Safari/537.36"
50.6.225.58 - - [02/Mar/2026:22:13:02 -0500] "POST /wp-login.php HTTP/1.1" 200 1884 "https://middleeastoday.com/wp-login.php" "Mozilla/5.0 (Windows NT 10.0; Win64; x64) AppleWebKit/537.36 (KHTML, like Gecko) Chrome/130.0.0.0 Safari/537.36"
92.205.182.143 - - [02/Mar/2026:22:13:35 -0500] "GET /wp-login.php HTTP/1.1" 200 1792 "-" "Mozilla/5.0 (Windows NT 10.0; Win64; x64) AppleWebKit/537.36 (KHTML, like Gecko) Chrome/130.0.0.0 Safari/537.36"
162.213.253.84 - - [02/Mar/2026:22:13:36 -0500] "POST /wp-cron.php?doing_wp_cron=1772507616.4677240848541259765625 HTTP/1.1" 200 0 "-" "WordPress/6.8.1; https://www.middleeastoday.com"
35.231.94.127 - - [02/Mar/2026:22:14:03 -0500] "GET /wp-login.php HTTP/1.1" 200 1792 "-" "Mozilla/5.0 (Windows NT 10.0; Win64; x64) AppleWebKit/537.36 (KHTML, like Gecko) Chrome/130.0.0.0 Safari/537.36"
114.119.154.115 - - [02/Mar/2026:22:14:08 -0500] "GET /?p=9094 HTTP/1.1" 301 0 "https://www.middleeastoday.com/?author=1&paged=18" "Mozilla/5.0 (Linux; Android 7.0;) AppleWebKit/537.36 (KHTML, like Gecko) Mobile Safari/537.36 (compatible; PetalBot;+https://webmaster.petalsearch.com/site/petalbot)"
114.119.154.115 - - [02/Mar/2026:22:14:10 -0500] "GET /shamma-bint-mohammed-visits-uae-pavilion-in-floriade-expo-2022/ HTTP/1.1" 200 23339 "https://www.middleeastoday.com/?author=1&paged=18" "Mozilla/5.0 (Linux; Android 7.0;) AppleWebKit/537.36 (KHTML, like Gecko) Mobile Safari/537.36 (compatible; PetalBot;+https://webmaster.petalsearch.com/site/petalbot)"
52.167.144.202 - - [02/Mar/2026:22:15:23 -0500] "GET /xposures-permanent-gallery-x-transforms-sharjah-into-top-photography-destination/ HTTP/1.1" 200 20763 "-" "Mozilla/5.0 AppleWebKit/537.36 (KHTML, like Gecko; compatible; bingbot/2.0; +http://www.bing.com/bingbot.htm) Chrome/116.0.1938.76 Safari/537.36"
162.213.253.84 - - [02/Mar/2026:22:15:28 -0500] "POST /wp-cron.php?doing_wp_cron=1772507728.6239020824432373046875 HTTP/1.1" 200 0 "-" "WordPress/6.8.1; https://www.middleeastoday.com"
114.119.137.153 - - [02/Mar/2026:22:15:31 -0500] "GET /uae-president-begins-working-visit-to-turkiye/ HTTP/1.1" 200 24248 "https://www.middleeastoday.com/author/admin/page/27" "Mozilla/5.0 (Linux; Android 7.0;) AppleWebKit/537.36 (KHTML, like Gecko) Mobile Safari/537.36 (compatible; PetalBot;+https://webmaster.petalsearch.com/site/petalbot)"
185.191.171.2 - - [02/Mar/2026:22:15:32 -0500] "GET /uae-ministry-of-education-and-wef-to-equip-1-billion-people-for-labour-market-by-2030/ HTTP/1.1" 200 27930 "-" "Mozilla/5.0 (compatible; SemrushBot/7~bl; +http://www.semrush.com/bot.html)"
162.213.253.84 - - [02/Mar/2026:22:15:37 -0500] "POST /wp-cron.php?doing_wp_cron=1772507737.7756619453430175781250 HTTP/1.1" 200 0 "-" "WordPress/6.8.1; https://www.middleeastoday.com"
134.209.72.177 - - [02/Mar/2026:22:15:37 -0500] "HEAD / HTTP/1.1" 301 0 "-" "Mozilla/5.0 (compatible; Googlebot/2.1; +http://www.google.com/bot.html)"
134.209.72.177 - - [02/Mar/2026:22:15:47 -0500] "GET / HTTP/1.1" 301 0 "-" "Mozilla/5.0 (compatible; Googlebot/2.1; +http://www.google.com/bot.html)"
114.119.137.98 - - [02/Mar/2026:22:16:54 -0500] "GET /category/travel-tourism/airlines/ HTTP/1.1" 200 24273 "https://www.middleeastoday.com/category/business/page/8" "Mozilla/5.0 (Linux; Android 7.0;) AppleWebKit/537.36 (KHTML, like Gecko) Mobile Safari/537.36 (compatible; PetalBot;+https://webmaster.petalsearch.com/site/petalbot)"
162.213.253.84 - - [02/Mar/2026:22:17:45 -0500] "POST /wp-cron.php?doing_wp_cron=1772507865.0793321132659912109375 HTTP/1.1" 200 0 "-" "WordPress/6.8.1; https://www.middleeastoday.com"
205.196.217.58 - - [02/Mar/2026:22:17:57 -0500] "GET /wp-login.php HTTP/1.1" 200 1792 "-" "Mozilla/5.0 (Windows NT 10.0; Win64; x64) AppleWebKit/537.36 (KHTML, like Gecko) Chrome/130.0.0.0 Safari/537.36"
114.119.137.98 - - [02/Mar/2026:22:18:18 -0500] "GET /category/national-news/page/11/ HTTP/1.1" 200 24012 "https://www.middleeastoday.com/category/national-news/page/10/" "Mozilla/5.0 (Linux; Android 7.0;) AppleWebKit/537.36 (KHTML, like Gecko) Mobile Safari/537.36 (compatible; PetalBot;+https://webmaster.petalsearch.com/site/petalbot)"
162.213.253.84 - - [02/Mar/2026:22:18:43 -0500] "POST /wp-cron.php?doing_wp_cron=1772507923.6963419914245605468750 HTTP/1.1" 200 0 "-" "WordPress/6.8.1; https://www.middleeastoday.com"
20.27.94.139 - - [02/Mar/2026:22:18:44 -0500] "GET / HTTP/1.1" 200 32212 "-" "Mozilla/5.0 AppleWebKit/537.36 (KHTML, like Gecko); compatible; ChatGPT-User/1.0; +https://openai.com/bot"
162.213.253.84 - - [02/Mar/2026:22:18:44 -0500] "POST /wp-admin/admin-ajax.php?action=async_litespeed&nonce=nmx9bYedK2ViIPghXACiS87TV9OWpD4Y&litespeed_type=imgoptm HTTP/1.1" 200 21 "-" "WordPress/6.8.1; https://www.middleeastoday.com"
162.213.253.84 - - [02/Mar/2026:22:14:03 -0500] "POST /wp-cron.php?doing_wp_cron=1772507643.8493590354919433593750 HTTP/1.1" 200 0 "-" "WordPress/6.8.1; https://www.middleeastoday.com"
35.231.94.127 - - [02/Mar/2026:22:14:03 -0500] "POST /wp-login.php HTTP/1.1" 200 1865 "https://www.middleeastoday.com/wp-login.php" "Mozilla/5.0 (Windows NT 10.0; Win64; x64) AppleWebKit/537.36 (KHTML, like Gecko) Chrome/130.0.0.0 Safari/537.36"
195.250.26.52 - - [02/Mar/2026:22:15:27 -0500] "GET /wp-login.php HTTP/1.1" 200 1792 "-" "Mozilla/5.0 (Windows NT 10.0; Win64; x64) AppleWebKit/537.36 (KHTML, like Gecko) Chrome/130.0.0.0 Safari/537.36"
195.250.26.52 - - [02/Mar/2026:22:15:27 -0500] "POST /wp-login.php HTTP/1.1" 200 1884 "https://www.middleeastoday.com/wp-login.php" "Mozilla/5.0 (Windows NT 10.0; Win64; x64) AppleWebKit/537.36 (KHTML, like Gecko) Chrome/130.0.0.0 Safari/537.36"
162.213.253.84 - - [02/Mar/2026:22:15:29 -0500] "POST /wp-admin/admin-ajax.php?action=async_litespeed&nonce=7AKcfSpd4DnzPlw5RYkVXDPzq7VmnuZg&litespeed_type=imgoptm HTTP/1.1" 200 21 "-" "WordPress/6.8.1; https://www.middleeastoday.com"
134.209.72.177 - - [02/Mar/2026:22:15:38 -0500] "HEAD / HTTP/1.1" 200 0 "-" "Mozilla/5.0 (compatible; Googlebot/2.1; +http://www.google.com/bot.html)"
134.209.72.177 - - [02/Mar/2026:22:15:48 -0500] "GET / HTTP/1.1" 200 32212 "-" "Mozilla/5.0 (compatible; Googlebot/2.1; +http://www.google.com/bot.html)"
173.252.107.24 - - [02/Mar/2026:22:16:24 -0500] "GET /multiple-new-hedge-funds-establish-in-difc/ HTTP/1.1" 200 105973 "-" "meta-webindexer/1.1 (+https://developers.facebook.com/docs/sharing/webmasters/crawler)"
103.90.232.170 - - [02/Mar/2026:22:17:40 -0500] "GET /wp-login.php HTTP/1.1" 200 1792 "-" "Mozilla/5.0 (Windows NT 10.0; Win64; x64) AppleWebKit/537.36 (KHTML, like Gecko) Chrome/130.0.0.0 Safari/537.36"
103.90.232.170 - - [02/Mar/2026:22:17:44 -0500] "POST /wp-login.php HTTP/1.1" 200 1884 "https://www.middleeastoday.com/wp-login.php" "Mozilla/5.0 (Windows NT 10.0; Win64; x64) AppleWebKit/537.36 (KHTML, like Gecko) Chrome/130.0.0.0 Safari/537.36"
162.213.253.84 - - [02/Mar/2026:22:17:45 -0500] "POST /wp-admin/admin-ajax.php?action=async_litespeed&nonce=Er2HVi0iLaMZMCRIJZRhNzdAbJA0DmG3&litespeed_type=imgoptm HTTP/1.1" 200 21 "-" "WordPress/6.8.1; https://www.middleeastoday.com"
162.213.253.84 - - [02/Mar/2026:22:18:01 -0500] "POST /wp-cron.php?doing_wp_cron=1772507881.5000069141387939453125 HTTP/1.1" 200 0 "-" "WordPress/6.8.1; https://www.middleeastoday.com"
205.196.217.58 - - [02/Mar/2026:22:18:00 -0500] "POST /wp-login.php HTTP/1.1" 200 1875 "https://middleeastoday.com/wp-login.php" "Mozilla/5.0 (Windows NT 10.0; Win64; x64) AppleWebKit/537.36 (KHTML, like Gecko) Chrome/130.0.0.0 Safari/537.36"
207.46.13.87 - - [02/Mar/2026:22:18:04 -0500] "GET /uae-president-begins-working-visit-to-turkiye/ HTTP/1.1" 200 21312 "-" "Mozilla/5.0 AppleWebKit/537.36 (KHTML, like Gecko; compatible; bingbot/2.0; +http://www.bing.com/bingbot.htm) Chrome/116.0.1938.76 Safari/537.36"
15.235.96.144 - - [02/Mar/2026:22:18:05 -0500] "GET /author/admin/page/57/ HTTP/1.1" 200 21077 "-" "Mozilla/5.0 (compatible; AhrefsBot/7.0; +http://ahrefs.com/robot/)"
20.27.94.128 - - [02/Mar/2026:22:18:42 -0500] "GET / HTTP/1.1" 301 0 "-" "Mozilla/5.0 AppleWebKit/537.36 (KHTML, like Gecko); compatible; ChatGPT-User/1.0; +https://openai.com/bot"
65.108.78.33 - - [02/Mar/2026:22:20:45 -0500] "GET /robots.txt HTTP/1.1" 200 123 "-" "Mozilla/5.0 (compatible; MJ12bot/v1.4.8; http://mj12bot.com/)"
72.167.150.128 - - [02/Mar/2026:22:20:56 -0500] "GET /wp-login.php HTTP/1.1" 200 1792 "-" "Mozilla/5.0 (Windows NT 10.0; Win64; x64) AppleWebKit/537.36 (KHTML, like Gecko) Chrome/130.0.0.0 Safari/537.36"
162.213.253.84 - - [02/Mar/2026:22:20:57 -0500] "POST /wp-cron.php?doing_wp_cron=1772508057.8407618999481201171875 HTTP/1.1" 200 0 "-" "WordPress/6.8.1; https://www.middleeastoday.com"
65.108.78.33 - - [02/Mar/2026:22:20:47 -0500] "GET /dubai-fitness-challenge-2025-concludes-with-over-3-million-participants/ HTTP/1.1" 200 23851 "-" "Mozilla/5.0 (compatible; MJ12bot/v1.4.8; http://mj12bot.com/)"
72.167.150.128 - - [02/Mar/2026:22:20:57 -0500] "POST /wp-login.php HTTP/1.1" 200 1884 "https://www.middleeastoday.com/wp-login.php" "Mozilla/5.0 (Windows NT 10.0; Win64; x64) AppleWebKit/537.36 (KHTML, like Gecko) Chrome/130.0.0.0 Safari/537.36"
162.213.253.84 - - [02/Mar/2026:22:20:58 -0500] "POST /wp-admin/admin-ajax.php?action=async_litespeed&nonce=MjFvPSbIkQ9nQCvuF612qhTWYr5M0bwR&litespeed_type=imgoptm HTTP/1.1" 200 21 "-" "WordPress/6.8.1; https://www.middleeastoday.com"
183.204.91.153 - - [02/Mar/2026:22:22:25 -0500] "GET /stomp-live-makes-uae-debut/ HTTP/1.1" 200 20519 "-" "Mozilla/5.0 (Windows NT 10.0; Win64; x64) AppleWebKit/537.36 (KHTML, like Gecko) Chrome/139.0.0.0 Safari/537.36"
183.204.91.153 - - [02/Mar/2026:22:22:26 -0500] "GET /wp-content/plugins/accesspress-social-counter/css/fontawesome-all.css?ver=1.9.2 HTTP/1.1" 200 8084 "https://www.middleeastoday.com/stomp-live-makes-uae-debut/" "Mozilla/5.0 (Windows NT 10.0; Win64; x64) AppleWebKit/537.36 (KHTML, like Gecko) Chrome/139.0.0.0 Safari/537.36"
183.204.91.153 - - [02/Mar/2026:22:22:26 -0500] "GET /wp-content/plugins/accesspress-social-counter/css/frontend.css?ver=1.9.2 HTTP/1.1" 200 2295 "https://www.middleeastoday.com/stomp-live-makes-uae-debut/" "Mozilla/5.0 (Windows NT 10.0; Win64; x64) AppleWebKit/537.36 (KHTML, like Gecko) Chrome/139.0.0.0 Safari/537.36"
183.204.91.153 - - [02/Mar/2026:22:22:26 -0500] "GET /wp-content/themes/digiqole/assets/css/master.css?ver=2.1.1 HTTP/1.1" 200 43295 "https://www.middleeastoday.com/stomp-live-makes-uae-debut/" "Mozilla/5.0 (Windows NT 10.0; Win64; x64) AppleWebKit/537.36 (KHTML, like Gecko) Chrome/139.0.0.0 Safari/537.36"
183.204.91.153 - - [02/Mar/2026:22:22:26 -0500] "GET /wp-content/themes/digiqole/assets/css/all.css?ver=2.1.1 HTTP/1.1" 200 7048 "https://www.middleeastoday.com/stomp-live-makes-uae-debut/" "Mozilla/5.0 (Windows NT 10.0; Win64; x64) AppleWebKit/537.36 (KHTML, like Gecko) Chrome/139.0.0.0 Safari/537.36"
183.204.91.153 - - [02/Mar/2026:22:22:26 -0500] "GET /wp-content/plugins/elementor-1/assets/lib/font-awesome/css/solid.min.css?ver=5.15.3 HTTP/1.1" 200 286 "https://www.middleeastoday.com/stomp-live-makes-uae-debut/" "Mozilla/5.0 (Windows NT 10.0; Win64; x64) AppleWebKit/537.36 (KHTML, like Gecko) Chrome/139.0.0.0 Safari/537.36"
183.204.91.153 - - [02/Mar/2026:22:22:26 -0500] "GET /wp-content/plugins/contact-form-7/includes/css/styles.css?ver=6.0.6 HTTP/1.1" 200 890 "https://www.middleeastoday.com/stomp-live-makes-uae-debut/" "Mozilla/5.0 (Windows NT 10.0; Win64; x64) AppleWebKit/537.36 (KHTML, like Gecko) Chrome/139.0.0.0 Safari/537.36"
183.204.91.153 - - [02/Mar/2026:22:22:26 -0500] "GET /wp-content/plugins/elementor-1/assets/lib/font-awesome/css/fontawesome.min.css?ver=5.15.3 HTTP/1.1" 200 12164 "https://www.middleeastoday.com/stomp-live-makes-uae-debut/" "Mozilla/5.0 (Windows NT 10.0; Win64; x64) AppleWebKit/537.36 (KHTML, like Gecko) Chrome/139.0.0.0 Safari/537.36"
183.204.91.153 - - [02/Mar/2026:22:22:26 -0500] "GET /wp-content/plugins/elementskit-lite/widgets/init/assets/css/responsive.css?ver=3.5.0 HTTP/1.1" 200 2859 "https://www.middleeastoday.com/stomp-live-makes-uae-debut/" "Mozilla/5.0 (Windows NT 10.0; Win64; x64) AppleWebKit/537.36 (KHTML, like Gecko) Chrome/139.0.0.0 Safari/537.36"
183.204.91.153 - - [02/Mar/2026:22:22:26 -0500] "GET /wp-content/plugins/elementskit-lite/widgets/init/assets/css/widget-styles.css?ver=3.5.0 HTTP/1.1" 200 48223 "https://www.middleeastoday.com/stomp-live-makes-uae-debut/" "Mozilla/5.0 (Windows NT 10.0; Win64; x64) AppleWebKit/537.36 (KHTML, like Gecko) Chrome/139.0.0.0 Safari/537.36"
183.204.91.153 - - [02/Mar/2026:22:22:26 -0500] "GET /wp-content/plugins/elementor-1/assets/css/frontend-lite.min.css?ver=3.21.1 HTTP/1.1" 200 13067 "https://www.middleeastoday.com/stomp-live-makes-uae-debut/" "Mozilla/5.0 (Windows NT 10.0; Win64; x64) AppleWebKit/537.36 (KHTML, like Gecko) Chrome/139.0.0.0 Safari/537.36"
183.204.91.153 - - [02/Mar/2026:22:22:26 -0500] "GET /wp-includes/css/dist/block-library/style.min.css?ver=6.8.1 HTTP/1.1" 200 14358 "https://www.middleeastoday.com/stomp-live-makes-uae-debut/" "Mozilla/5.0 (Windows NT 10.0; Win64; x64) AppleWebKit/537.36 (KHTML, like Gecko) Chrome/139.0.0.0 Safari/537.36"
183.204.91.153 - - [02/Mar/2026:22:22:26 -0500] "GET /wp-content/themes/digiqole/assets/css/bootstrap.min.css?ver=2.1.1 HTTP/1.1" 200 18543 "https://www.middleeastoday.com/stomp-live-makes-uae-debut/" "Mozilla/5.0 (Windows NT 10.0; Win64; x64) AppleWebKit/537.36 (KHTML, like Gecko) Chrome/139.0.0.0 Safari/537.36"
183.204.91.153 - - [02/Mar/2026:22:22:26 -0500] "GET /wp-content/plugins/elementor-pro/assets/css/widget-nav-menu.min.css HTTP/1.1" 200 3279 "https://www.middleeastoday.com/stomp-live-makes-uae-debut/" "Mozilla/5.0 (Windows NT 10.0; Win64; x64) AppleWebKit/537.36 (KHTML, like Gecko) Chrome/139.0.0.0 Safari/537.36"
183.204.91.153 - - [02/Mar/2026:22:22:26 -0500] "GET /wp-content/plugins/elementor-1/assets/lib/eicons/css/elementor-icons.min.css?ver=5.29.0 HTTP/1.1" 200 3724 "https://www.middleeastoday.com/stomp-live-makes-uae-debut/" "Mozilla/5.0 (Windows NT 10.0; Win64; x64) AppleWebKit/537.36 (KHTML, like Gecko) Chrome/139.0.0.0 Safari/537.36"
183.204.91.153 - - [02/Mar/2026:22:22:39 -0500] "GET /wp-content/plugins/elementor-1/assets/lib/swiper/v8/css/swiper.min.css?ver=8.4.5 HTTP/1.1" 200 4248 "https://www.middleeastoday.com/stomp-live-makes-uae-debut/" "Mozilla/5.0 (Windows NT 10.0; Win64; x64) AppleWebKit/537.36 (KHTML, like Gecko) Chrome/139.0.0.0 Safari/537.36"
183.204.91.153 - - [02/Mar/2026:22:22:40 -0500] "GET /wp-content/uploads/elementor/css/global.css?ver=1747657840 HTTP/1.1" 200 3340 "https://www.middleeastoday.com/stomp-live-makes-uae-debut/" "Mozilla/5.0 (Windows NT 10.0; Win64; x64) AppleWebKit/537.36 (KHTML, like Gecko) Chrome/139.0.0.0 Safari/537.36"
183.204.91.153 - - [02/Mar/2026:22:22:40 -0500] "GET /wp-content/plugins/elementor-1/assets/lib/animations/animations.min.css?ver=3.21.1 HTTP/1.1" 200 2442 "https://www.middleeastoday.com/stomp-live-makes-uae-debut/" "Mozilla/5.0 (Windows NT 10.0; Win64; x64) AppleWebKit/537.36 (KHTML, like Gecko) Chrome/139.0.0.0 Safari/537.36"
183.204.91.153 - - [02/Mar/2026:22:22:42 -0500] "GET /wp-includes/js/dist/i18n.min.js?ver=5e580eb46a90c2b997e6 HTTP/1.1" 200 3542 "https://www.middleeastoday.com/stomp-live-makes-uae-debut/" "Mozilla/5.0 (Windows NT 10.0; Win64; x64) AppleWebKit/537.36 (KHTML, like Gecko) Chrome/139.0.0.0 Safari/537.36"
183.204.91.153 - - [02/Mar/2026:22:22:42 -0500] "GET /wp-content/plugins/contact-form-7/includes/swv/js/index.js?ver=6.0.6 HTTP/1.1" 200 3369 "https://www.middleeastoday.com/stomp-live-makes-uae-debut/" "Mozilla/5.0 (Windows NT 10.0; Win64; x64) AppleWebKit/537.36 (KHTML, like Gecko) Chrome/139.0.0.0 Safari/537.36"
183.204.91.153 - - [02/Mar/2026:22:22:42 -0500] "GET /wp-content/plugins/contact-form-7/includes/js/index.js?ver=6.0.6 HTTP/1.1" 200 4008 "https://www.middleeastoday.com/stomp-live-makes-uae-debut/" "Mozilla/5.0 (Windows NT 10.0; Win64; x64) AppleWebKit/537.36 (KHTML, like Gecko) Chrome/139.0.0.0 Safari/537.36"
69.49.112.61 - - [02/Mar/2026:22:23:55 -0500] "GET /wp-login.php HTTP/1.1" 200 1792 "-" "Mozilla/5.0 (Windows NT 10.0; Win64; x64) AppleWebKit/537.36 (KHTML, like Gecko) Chrome/130.0.0.0 Safari/537.36"
162.213.253.84 - - [02/Mar/2026:22:23:56 -0500] "POST /wp-cron.php?doing_wp_cron=1772508236.2557580471038818359375 HTTP/1.1" 200 0 "-" "WordPress/6.8.1; https://www.middleeastoday.com"
183.204.91.153 - - [02/Mar/2026:22:22:26 -0500] "GET /wp-content/themes/digiqole/assets/css/icon-font.css?ver=2.1.1 HTTP/1.1" 200 1106 "https://www.middleeastoday.com/stomp-live-makes-uae-debut/" "Mozilla/5.0 (Windows NT 10.0; Win64; x64) AppleWebKit/537.36 (KHTML, like Gecko) Chrome/139.0.0.0 Safari/537.36"
183.204.91.153 - - [02/Mar/2026:22:22:26 -0500] "GET /wp-content/plugins/elementskit-lite/modules/elementskit-icon-pack/assets/css/ekiticons.css?ver=3.5.0 HTTP/1.1" 200 11776 "https://www.middleeastoday.com/stomp-live-makes-uae-debut/" "Mozilla/5.0 (Windows NT 10.0; Win64; x64) AppleWebKit/537.36 (KHTML, like Gecko) Chrome/139.0.0.0 Safari/537.36"
183.204.91.153 - - [02/Mar/2026:22:22:26 -0500] "GET /wp-includes/js/jquery/jquery.min.js?ver=3.7.1 HTTP/1.1" 200 29744 "https://www.middleeastoday.com/stomp-live-makes-uae-debut/" "Mozilla/5.0 (Windows NT 10.0; Win64; x64) AppleWebKit/537.36 (KHTML, like Gecko) Chrome/139.0.0.0 Safari/537.36"
183.204.91.153 - - [02/Mar/2026:22:22:26 -0500] "GET /wp-includes/js/jquery/jquery-migrate.min.js?ver=3.4.1 HTTP/1.1" 200 4678 "https://www.middleeastoday.com/stomp-live-makes-uae-debut/" "Mozilla/5.0 (Windows NT 10.0; Win64; x64) AppleWebKit/537.36 (KHTML, like Gecko) Chrome/139.0.0.0 Safari/537.36"
183.204.91.153 - - [02/Mar/2026:22:22:26 -0500] "GET /wp-content/uploads/elementor/css/post-3932.css?ver=1762520240 HTTP/1.1" 200 1066 "https://www.middleeastoday.com/stomp-live-makes-uae-debut/" "Mozilla/5.0 (Windows NT 10.0; Win64; x64) AppleWebKit/537.36 (KHTML, like Gecko) Chrome/139.0.0.0 Safari/537.36"
183.204.91.153 - - [02/Mar/2026:22:22:39 -0500] "GET /wp-content/uploads/elementor/css/post-9.css?ver=1747657839 HTTP/1.1" 200 334 "https://www.middleeastoday.com/stomp-live-makes-uae-debut/" "Mozilla/5.0 (Windows NT 10.0; Win64; x64) AppleWebKit/537.36 (KHTML, like Gecko) Chrome/139.0.0.0 Safari/537.36"
183.204.91.153 - - [02/Mar/2026:22:22:40 -0500] "GET /wp-content/plugins/elementor-pro/assets/css/frontend-lite.min.css?ver=3.6.5 HTTP/1.1" 200 1505 "https://www.middleeastoday.com/stomp-live-makes-uae-debut/" "Mozilla/5.0 (Windows NT 10.0; Win64; x64) AppleWebKit/537.36 (KHTML, like Gecko) Chrome/139.0.0.0 Safari/537.36"
51.161.37.139 - - [02/Mar/2026:22:22:40 -0500] "GET /author/admin/page/70/ HTTP/1.1" 200 21244 "-" "Mozilla/5.0 (compatible; AhrefsBot/7.0; +http://ahrefs.com/robot/)"
183.204.91.153 - - [02/Mar/2026:22:22:40 -0500] "GET /wp-includes/js/dist/hooks.min.js?ver=4d63a3d491d11ffd8ac6 HTTP/1.1" 200 1571 "https://www.middleeastoday.com/stomp-live-makes-uae-debut/" "Mozilla/5.0 (Windows NT 10.0; Win64; x64) AppleWebKit/537.36 (KHTML, like Gecko) Chrome/139.0.0.0 Safari/537.36"
162.213.253.84 - - [02/Mar/2026:22:23:56 -0500] "POST /wp-admin/admin-ajax.php?action=async_litespeed&nonce=xr4Zn8eMZjsHLl3ziVbf6r68IdwcNHkK&litespeed_type=imgoptm HTTP/1.1" 200 21 "-" "WordPress/6.8.1; https://www.middleeastoday.com"
57.141.2.43 - - [02/Mar/2026:22:24:19 -0500] "GET /visit-abu-dhabi-roadshow-in-tel-aviv-israel-concludes/ HTTP/1.1" 200 105843 "-" "meta-externalagent/1.1 (+https://developers.facebook.com/docs/sharing/webmasters/crawler)"
74.7.228.46 - - [02/Mar/2026:22:25:08 -0500] "GET /robots.txt HTTP/1.1" 200 101 "-" "Mozilla/5.0 (Macintosh; Intel Mac OS X 10_15_7) AppleWebKit/537.36 (KHTML, like Gecko) Chrome/131.0.0.0 Safari/537.36; compatible; OAI-SearchBot/1.3; robots.txt; +https://openai.com/searchbot"
3.85.204.193 - - [02/Mar/2026:22:25:12 -0500] "GET /category/uncategorized/ HTTP/1.1" 200 121982 "-" "Mozilla/4.0 (compatible; MSIE 7.0; Windows NT 6.0) Mozilla/5.0 (Windows NT 10.0; Win64; x64) AppleWebKit/537.36 (KHTML, like Gecko) Chrome/91.0.4472.124 Safari/537.36"
3.85.204.193 - - [02/Mar/2026:22:25:21 -0500] "GET /category/entertainment/ HTTP/1.1" 200 99105 "-" "Mozilla/4.0 (compatible; MSIE 7.0; Windows NT 6.0) Mozilla/5.0 (Windows NT 10.0; Win64; x64) AppleWebKit/537.36 (KHTML, like Gecko) Chrome/91.0.4472.124 Safari/537.36"
69.49.112.61 - - [02/Mar/2026:22:23:55 -0500] "POST /wp-login.php HTTP/1.1" 200 1884 "https://www.middleeastoday.com/wp-login.php" "Mozilla/5.0 (Windows NT 10.0; Win64; x64) AppleWebKit/537.36 (KHTML, like Gecko) Chrome/130.0.0.0 Safari/537.36"
3.85.204.193 - - [02/Mar/2026:22:25:10 -0500] "GET /category/music-concerts/ HTTP/1.1" 200 101699 "-" "Mozilla/4.0 (compatible; MSIE 7.0; Windows NT 6.0) Mozilla/5.0 (Windows NT 10.0; Win64; x64) AppleWebKit/537.36 (KHTML, like Gecko) Chrome/91.0.4472.124 Safari/537.36"
3.85.204.193 - - [02/Mar/2026:22:25:14 -0500] "GET /category/home_side/ HTTP/1.1" 200 121861 "-" "Mozilla/4.0 (compatible; MSIE 7.0; Windows NT 6.0) Mozilla/5.0 (Windows NT 10.0; Win64; x64) AppleWebKit/537.36 (KHTML, like Gecko) Chrome/91.0.4472.124 Safari/537.36"
3.85.204.193 - - [02/Mar/2026:22:25:16 -0500] "GET /category/travel-tourism/destinations/ HTTP/1.1" 200 123182 "-" "Mozilla/4.0 (compatible; MSIE 7.0; Windows NT 6.0) Mozilla/5.0 (Windows NT 10.0; Win64; x64) AppleWebKit/537.36 (KHTML, like Gecko) Chrome/91.0.4472.124 Safari/537.36"
57.141.2.30 - - [02/Mar/2026:22:25:17 -0500] "GET /acci-participates-in-cosmetista-expo-north-west-africa-in-casablanca/ HTTP/1.1" 200 105309 "-" "meta-externalagent/1.1 (+https://developers.facebook.com/docs/sharing/webmasters/crawler)"
3.85.204.193 - - [02/Mar/2026:22:25:18 -0500] "GET /category/exhibitions/ HTTP/1.1" 200 122723 "-" "Mozilla/4.0 (compatible; MSIE 7.0; Windows NT 6.0) Mozilla/5.0 (Windows NT 10.0; Win64; x64) AppleWebKit/537.36 (KHTML, like Gecko) Chrome/91.0.4472.124 Safari/537.36"
3.85.204.193 - - [02/Mar/2026:22:25:19 -0500] "GET /category/news/ HTTP/1.1" 200 101420 "-" "Mozilla/4.0 (compatible; MSIE 7.0; Windows NT 6.0) Mozilla/5.0 (Windows NT 10.0; Win64; x64) AppleWebKit/537.36 (KHTML, like Gecko) Chrome/91.0.4472.124 Safari/537.36"
3.85.204.193 - - [02/Mar/2026:22:25:22 -0500] "GET /category/travel-tourism/ HTTP/1.1" 200 123600 "-" "Mozilla/4.0 (compatible; MSIE 7.0; Windows NT 6.0) Mozilla/5.0 (Windows NT 10.0; Win64; x64) AppleWebKit/537.36 (KHTML, like Gecko) Chrome/91.0.4472.124 Safari/537.36"
3.85.204.193 - - [02/Mar/2026:22:25:25 -0500] "GET /category/conferences/ HTTP/1.1" 200 111702 "-" "Mozilla/4.0 (compatible; MSIE 7.0; Windows NT 6.0) Mozilla/5.0 (Windows NT 10.0; Win64; x64) AppleWebKit/537.36 (KHTML, like Gecko) Chrome/91.0.4472.124 Safari/537.36"
3.85.204.193 - - [02/Mar/2026:22:25:29 -0500] "GET /category/real-estate/ HTTP/1.1" 200 121395 "-" "Mozilla/4.0 (compatible; MSIE 7.0; Windows NT 6.0) Mozilla/5.0 (Windows NT 10.0; Win64; x64) AppleWebKit/537.36 (KHTML, like Gecko) Chrome/91.0.4472.124 Safari/537.36"
3.85.204.193 - - [02/Mar/2026:22:25:30 -0500] "GET /category/articles/ HTTP/1.1" 200 101387 "-" "Mozilla/4.0 (compatible; MSIE 7.0; Windows NT 6.0) Mozilla/5.0 (Windows NT 10.0; Win64; x64) AppleWebKit/537.36 (KHTML, like Gecko) Chrome/91.0.4472.124 Safari/537.36"
3.85.204.193 - - [02/Mar/2026:22:25:38 -0500] "GET /category/travel-tourism/airlines/ HTTP/1.1" 200 122842 "-" "Mozilla/4.0 (compatible; MSIE 7.0; Windows NT 6.0) Mozilla/5.0 (Windows NT 10.0; Win64; x64) AppleWebKit/537.36 (KHTML, like Gecko) Chrome/91.0.4472.124 Safari/537.36"
3.85.204.193 - - [02/Mar/2026:22:25:41 -0500] "GET /category/awards/ HTTP/1.1" 200 116205 "-" "Mozilla/4.0 (compatible; MSIE 7.0; Windows NT 6.0) Mozilla/5.0 (Windows NT 10.0; Win64; x64) AppleWebKit/537.36 (KHTML, like Gecko) Chrome/91.0.4472.124 Safari/537.36"
3.85.204.193 - - [02/Mar/2026:22:25:44 -0500] "GET /category/travel-tourism/hotels/ HTTP/1.1" 200 108475 "-" "Mozilla/4.0 (compatible; MSIE 7.0; Windows NT 6.0) Mozilla/5.0 (Windows NT 10.0; Win64; x64) AppleWebKit/537.36 (KHTML, like Gecko) Chrome/91.0.4472.124 Safari/537.36"
3.85.204.193 - - [02/Mar/2026:22:25:46 -0500] "GET /category/lifestyle/tech/ HTTP/1.1" 200 101315 "-" "Mozilla/4.0 (compatible; MSIE 7.0; Windows NT 6.0) Mozilla/5.0 (Windows NT 10.0; Win64; x64) AppleWebKit/537.36 (KHTML, like Gecko) Chrome/91.0.4472.124 Safari/537.36"
3.85.204.193 - - [02/Mar/2026:22:25:24 -0500] "GET /category/press-releases/ HTTP/1.1" 200 99009 "-" "Mozilla/4.0 (compatible; MSIE 7.0; Windows NT 6.0) Mozilla/5.0 (Windows NT 10.0; Win64; x64) AppleWebKit/537.36 (KHTML, like Gecko) Chrome/91.0.4472.124 Safari/537.36"
3.85.204.193 - - [02/Mar/2026:22:25:27 -0500] "GET /category/international-news/ HTTP/1.1" 200 122934 "-" "Mozilla/4.0 (compatible; MSIE 7.0; Windows NT 6.0) Mozilla/5.0 (Windows NT 10.0; Win64; x64) AppleWebKit/537.36 (KHTML, like Gecko) Chrome/91.0.4472.124 Safari/537.36"
3.85.204.193 - - [02/Mar/2026:22:25:28 -0500] "GET /category/business/ HTTP/1.1" 200 121700 "-" "Mozilla/4.0 (compatible; MSIE 7.0; Windows NT 6.0) Mozilla/5.0 (Windows NT 10.0; Win64; x64) AppleWebKit/537.36 (KHTML, like Gecko) Chrome/91.0.4472.124 Safari/537.36"
3.85.204.193 - - [02/Mar/2026:22:25:31 -0500] "GET /category/products/ HTTP/1.1" 200 121541 "-" "Mozilla/4.0 (compatible; MSIE 7.0; Windows NT 6.0) Mozilla/5.0 (Windows NT 10.0; Win64; x64) AppleWebKit/537.36 (KHTML, like Gecko) Chrome/91.0.4472.124 Safari/537.36"
3.85.204.193 - - [02/Mar/2026:22:25:32 -0500] "GET /category/national-news/ HTTP/1.1" 200 122061 "-" "Mozilla/4.0 (compatible; MSIE 7.0; Windows NT 6.0) Mozilla/5.0 (Windows NT 10.0; Win64; x64) AppleWebKit/537.36 (KHTML, like Gecko) Chrome/91.0.4472.124 Safari/537.36"
3.85.204.193 - - [02/Mar/2026:22:25:35 -0500] "GET /category/health-2/ HTTP/1.1" 200 121833 "-" "Mozilla/4.0 (compatible; MSIE 7.0; Windows NT 6.0) Mozilla/5.0 (Windows NT 10.0; Win64; x64) AppleWebKit/537.36 (KHTML, like Gecko) Chrome/91.0.4472.124 Safari/537.36"
3.85.204.193 - - [02/Mar/2026:22:25:36 -0500] "GET /category/art/ HTTP/1.1" 200 121534 "-" "Mozilla/4.0 (compatible; MSIE 7.0; Windows NT 6.0) Mozilla/5.0 (Windows NT 10.0; Win64; x64) AppleWebKit/537.36 (KHTML, like Gecko) Chrome/91.0.4472.124 Safari/537.36"
3.85.204.193 - - [02/Mar/2026:22:25:39 -0500] "GET /category/beauty-fashion/ HTTP/1.1" 200 122556 "-" "Mozilla/4.0 (compatible; MSIE 7.0; Windows NT 6.0) Mozilla/5.0 (Windows NT 10.0; Win64; x64) AppleWebKit/537.36 (KHTML, like Gecko) Chrome/91.0.4472.124 Safari/537.36"
3.85.204.193 - - [02/Mar/2026:22:25:40 -0500] "GET /category/education/ HTTP/1.1" 200 121918 "-" "Mozilla/4.0 (compatible; MSIE 7.0; Windows NT 6.0) Mozilla/5.0 (Windows NT 10.0; Win64; x64) AppleWebKit/537.36 (KHTML, like Gecko) Chrome/91.0.4472.124 Safari/537.36"
3.85.204.193 - - [02/Mar/2026:22:25:45 -0500] "GET /category/travel-tourism/eating-out/ HTTP/1.1" 200 108596 "-" "Mozilla/4.0 (compatible; MSIE 7.0; Windows NT 6.0) Mozilla/5.0 (Windows NT 10.0; Win64; x64) AppleWebKit/537.36 (KHTML, like Gecko) Chrome/91.0.4472.124 Safari/537.36"
3.85.204.193 - - [02/Mar/2026:22:25:47 -0500] "GET /category/events/ HTTP/1.1" 200 101891 "-" "Mozilla/4.0 (compatible; MSIE 7.0; Windows NT 6.0) Mozilla/5.0 (Windows NT 10.0; Win64; x64) AppleWebKit/537.36 (KHTML, like Gecko) Chrome/91.0.4472.124 Safari/537.36"
207.46.13.87 - - [02/Mar/2026:22:26:22 -0500] "GET /wp-content/uploads/2022/05/Yas-Island-850x560.jpg HTTP/1.1" 200 127064 "-" "Mozilla/5.0 AppleWebKit/537.36 (KHTML, like Gecko; compatible; bingbot/2.0; +http://www.bing.com/bingbot.htm) Chrome/116.0.1938.76 Safari/537.36"
114.119.137.98 - - [02/Mar/2026:22:26:50 -0500] "GET /wp-content/uploads/2022/07/Dubais-Museum-of-Future-1-850x560.jpg HTTP/1.1" 200 69868 "https://www.middleeastoday.com/five-out-of-this-world-things-to-do-at-dubais-museum-of-future-this-eid-al-adha/" "Mozilla/5.0 (Linux; Android 7.0;) AppleWebKit/537.36 (KHTML, like Gecko) Mobile Safari/537.36 (compatible; PetalBot;+https://webmaster.petalsearch.com/site/petalbot)"
44.207.252.58 - - [02/Mar/2026:22:26:54 -0500] "GET /xposures-permanent-gallery-x-transforms-sharjah-into-top-photography-destination/ HTTP/1.1" 200 23728 "-" "Mozilla/5.0 AppleWebKit/537.36 (KHTML, like Gecko; compatible; Amazonbot/0.1; +https://developer.amazon.com/support/amazonbot) Chrome/119.0.6045.214 Safari/537.36"
18.213.102.186 - - [02/Mar/2026:22:26:59 -0500] "GET /wp-json/wp/v2/posts/10056 HTTP/1.1" 200 10158 "-" "Mozilla/5.0 AppleWebKit/537.36 (KHTML, like Gecko; compatible; Amazonbot/0.1; +https://developer.amazon.com/support/amazonbot) Chrome/119.0.6045.214 Safari/537.36"
14.236.127.113 - - [02/Mar/2026:22:27:04 -0500] "GET /charles-formally-confirmed-as-king-in-ceremony-televised-for-first-time/ HTTP/1.1" 200 23523 "-" "Mozilla/5.0 (Windows NT 6.1; WOW64) AppleWebKit/537.36 (KHTML, like Gecko) Chrome/86.0.4240.198 Safari/537.36"
209.38.204.226 - - [02/Mar/2026:22:27:32 -0500] "GET /wp-login.php HTTP/1.1" 200 1792 "-" "Mozilla/5.0 (Windows NT 10.0; Win64; x64) AppleWebKit/537.36 (KHTML, like Gecko) Chrome/130.0.0.0 Safari/537.36"
209.38.204.226 - - [02/Mar/2026:22:27:32 -0500] "POST /wp-login.php HTTP/1.1" 200 1884 "https://www.middleeastoday.com/wp-login.php" "Mozilla/5.0 (Windows NT 10.0; Win64; x64) AppleWebKit/537.36 (KHTML, like Gecko) Chrome/130.0.0.0 Safari/537.36"
162.213.253.84 - - [02/Mar/2026:22:27:34 -0500] "POST /wp-admin/admin-ajax.php?action=async_litespeed&nonce=JweJRECgoQQVt2BN9vxgQMqxvT5IEEnb&litespeed_type=imgoptm HTTP/1.1" 200 21 "-" "WordPress/6.8.1; https://www.middleeastoday.com"
162.213.253.84 - - [02/Mar/2026:22:27:52 -0500] "POST /wp-cron.php?doing_wp_cron=1772508472.6434509754180908203125 HTTP/1.1" 200 0 "-" "WordPress/6.8.1; https://www.middleeastoday.com"
57.130.20.252 - - [02/Mar/2026:22:28:08 -0500] "GET /wp-login.php HTTP/1.1" 200 1792 "-" "Mozilla/5.0 (Windows NT 10.0; Win64; x64) AppleWebKit/537.36 (KHTML, like Gecko) Chrome/130.0.0.0 Safari/537.36"
57.130.20.252 - - [02/Mar/2026:22:28:13 -0500] "POST /wp-login.php HTTP/1.1" 200 1884 "https://www.middleeastoday.com/wp-login.php" "Mozilla/5.0 (Windows NT 10.0; Win64; x64) AppleWebKit/537.36 (KHTML, like Gecko) Chrome/130.0.0.0 Safari/537.36"
116.118.2.113 - - [02/Mar/2026:22:28:22 -0500] "GET /wp-login.php HTTP/1.1" 200 1792 "-" "Mozilla/5.0 (Windows NT 10.0; Win64; x64) AppleWebKit/537.36 (KHTML, like Gecko) Chrome/130.0.0.0 Safari/537.36"
162.213.253.84 - - [02/Mar/2026:22:28:23 -0500] "POST /wp-cron.php?doing_wp_cron=1772508503.4901359081268310546875 HTTP/1.1" 200 0 "-" "WordPress/6.8.1; https://www.middleeastoday.com"
116.118.2.113 - - [02/Mar/2026:22:28:22 -0500] "POST /wp-login.php HTTP/1.1" 200 1884 "https://middleeastoday.com/wp-login.php" "Mozilla/5.0 (Windows NT 10.0; Win64; x64) AppleWebKit/537.36 (KHTML, like Gecko) Chrome/130.0.0.0 Safari/537.36"
138.68.183.21 - - [02/Mar/2026:22:28:44 -0500] "GET /wp-login.php HTTP/1.1" 200 1792 "-" "Mozilla/5.0 (Windows NT 10.0; Win64; x64) AppleWebKit/537.36 (KHTML, like Gecko) Chrome/130.0.0.0 Safari/537.36"
162.241.5.156 - - [02/Mar/2026:22:28:54 -0500] "POST /wp-login.php HTTP/1.1" 200 1884 "https://middleeastoday.com/wp-login.php" "Mozilla/5.0 (Windows NT 10.0; Win64; x64) AppleWebKit/537.36 (KHTML, like Gecko) Chrome/130.0.0.0 Safari/537.36"
114.119.132.207 - - [02/Mar/2026:22:29:40 -0500] "GET /saint-laurent-blaze/ HTTP/1.1" 200 22730 "https://www.middleeastoday.com/category/products/page/2" "Mozilla/5.0 (Linux; Android 7.0;) AppleWebKit/537.36 (KHTML, like Gecko) Mobile Safari/537.36 (compatible; PetalBot;+https://webmaster.petalsearch.com/site/petalbot)"
52.202.233.37 - - [02/Mar/2026:22:26:46 -0500] "GET /indulge-in-7-vegetarian-varieties-this-veganuary/ HTTP/1.1" 200 22938 "-" "Mozilla/5.0 AppleWebKit/537.36 (KHTML, like Gecko; compatible; Amazonbot/0.1; +https://developer.amazon.com/support/amazonbot) Chrome/119.0.6045.214 Safari/537.36"
52.3.102.51 - - [02/Mar/2026:22:27:07 -0500] "GET /mohammed-bin-rashid-al-maktoum-solar-park-key-pillar-to-reach-100-clean-energy-in-dubai-by-2050/ HTTP/1.1" 200 24196 "-" "Mozilla/5.0 AppleWebKit/537.36 (KHTML, like Gecko; compatible; Amazonbot/0.1; +https://developer.amazon.com/support/amazonbot) Chrome/119.0.6045.214 Safari/537.36"
162.213.253.84 - - [02/Mar/2026:22:27:33 -0500] "POST /wp-cron.php?doing_wp_cron=1772508453.4572100639343261718750 HTTP/1.1" 200 0 "-" "WordPress/6.8.1; https://www.middleeastoday.com"
57.130.20.252 - - [02/Mar/2026:22:27:51 -0500] "GET /wp-login.php HTTP/1.1" 200 1792 "-" "Mozilla/5.0 (Windows NT 10.0; Win64; x64) AppleWebKit/537.36 (KHTML, like Gecko) Chrome/130.0.0.0 Safari/537.36"
57.130.20.252 - - [02/Mar/2026:22:27:51 -0500] "POST /wp-login.php HTTP/1.1" 200 1884 "https://www.middleeastoday.com/wp-login.php" "Mozilla/5.0 (Windows NT 10.0; Win64; x64) AppleWebKit/537.36 (KHTML, like Gecko) Chrome/130.0.0.0 Safari/537.36"
114.119.137.98 - - [02/Mar/2026:22:28:14 -0500] "GET /sharjah-ramadan-festival-continues-its-exceptional-activities-and-experiences HTTP/1.1" 301 0 "https://www.middleeastoday.com/sharjah-ramadan-festival-continues-its-exceptional-activities-and-experiences" "Mozilla/5.0 (Linux; Android 7.0;) AppleWebKit/537.36 (KHTML, like Gecko) Mobile Safari/537.36 (compatible; PetalBot;+https://webmaster.petalsearch.com/site/petalbot)"
114.119.137.98 - - [02/Mar/2026:22:28:16 -0500] "GET /sharjah-ramadan-festival-continues-its-exceptional-activities-and-experiences/ HTTP/1.1" 200 25478 "https://www.middleeastoday.com/sharjah-ramadan-festival-continues-its-exceptional-activities-and-experiences" "Mozilla/5.0 (Linux; Android 7.0;) AppleWebKit/537.36 (KHTML, like Gecko) Mobile Safari/537.36 (compatible; PetalBot;+https://webmaster.petalsearch.com/site/petalbot)"
162.213.253.84 - - [02/Mar/2026:22:28:24 -0500] "POST /wp-admin/admin-ajax.php?action=async_litespeed&nonce=E1USiaQKWwPNWbnG2c1oG2kzWJn3Hn9h&litespeed_type=imgoptm HTTP/1.1" 200 21 "-" "WordPress/6.8.1; https://www.middleeastoday.com"
162.213.253.84 - - [02/Mar/2026:22:28:45 -0500] "POST /wp-cron.php?doing_wp_cron=1772508525.5481419563293457031250 HTTP/1.1" 200 0 "-" "WordPress/6.8.1; https://www.middleeastoday.com"
138.68.183.21 - - [02/Mar/2026:22:28:44 -0500] "POST /wp-login.php HTTP/1.1" 200 1884 "https://www.middleeastoday.com/wp-login.php" "Mozilla/5.0 (Windows NT 10.0; Win64; x64) AppleWebKit/537.36 (KHTML, like Gecko) Chrome/130.0.0.0 Safari/537.36"
162.241.5.156 - - [02/Mar/2026:22:28:54 -0500] "GET /wp-login.php HTTP/1.1" 200 1792 "-" "Mozilla/5.0 (Windows NT 10.0; Win64; x64) AppleWebKit/537.36 (KHTML, like Gecko) Chrome/130.0.0.0 Safari/537.36"
211.47.74.19 - - [02/Mar/2026:22:29:57 -0500] "GET /wp-login.php HTTP/1.1" 200 1792 "-" "Mozilla/5.0 (Windows NT 10.0; Win64; x64) AppleWebKit/537.36 (KHTML, like Gecko) Chrome/130.0.0.0 Safari/537.36"
162.213.253.84 - - [02/Mar/2026:22:30:00 -0500] "POST /wp-cron.php?doing_wp_cron=1772508600.6778340339660644531250 HTTP/1.1" 200 0 "-" "WordPress/6.8.1; https://www.middleeastoday.com"
211.47.74.19 - - [02/Mar/2026:22:30:00 -0500] "POST /wp-login.php HTTP/1.1" 200 1884 "https://www.middleeastoday.com/wp-login.php" "Mozilla/5.0 (Windows NT 10.0; Win64; x64) AppleWebKit/537.36 (KHTML, like Gecko) Chrome/130.0.0.0 Safari/537.36"
178.159.38.140 - - [02/Mar/2026:22:30:04 -0500] "GET /wp-login.php HTTP/1.1" 200 1792 "-" "Mozilla/5.0 (Windows NT 10.0; Win64; x64) AppleWebKit/537.36 (KHTML, like Gecko) Chrome/130.0.0.0 Safari/537.36"
178.159.38.140 - - [02/Mar/2026:22:30:05 -0500] "POST /wp-login.php HTTP/1.1" 200 1884 "https://www.middleeastoday.com/wp-login.php" "Mozilla/5.0 (Windows NT 10.0; Win64; x64) AppleWebKit/537.36 (KHTML, like Gecko) Chrome/130.0.0.0 Safari/537.36"
114.119.137.153 - - [02/Mar/2026:22:31:00 -0500] "GET /maktoum-bin-mohammed-tours-gitex-global-2022/ HTTP/1.1" 200 23372 "https://www.middleeastoday.com/author/admin/page/47" "Mozilla/5.0 (Linux; Android 7.0;) AppleWebKit/537.36 (KHTML, like Gecko) Mobile Safari/537.36 (compatible; PetalBot;+https://webmaster.petalsearch.com/site/petalbot)"
124.236.100.56 - - [02/Mar/2026:22:31:18 -0500] "GET / HTTP/1.1" 301 0 "-" "Mozilla/5.0 (Windows NT 10.0; Win64; x64) AppleWebKit/537.36 (KHTML, like Gecko) Chrome/61.0.3163.100 Safari/537.36"
47.128.35.2 - - [02/Mar/2026:22:31:38 -0500] "GET /mohammed-bin-rashid-receives-shabab-al-ahli-football-club-following-four-trophy-season/ HTTP/1.1" 200 20773 "-" "Mozilla/5.0 (compatible; Bytespider; [email protected]) AppleWebKit/537.36 (KHTML, like Gecko) Chrome/70.0.0.0 Safari/537.36"
47.128.35.2 - - [02/Mar/2026:22:31:42 -0500] "GET /wp-content/uploads/2025/05/MBR-850x560.jpg HTTP/1.1" 206 500 "https://www.middleeastoday.com/mohammed-bin-rashid-receives-shabab-al-ahli-football-club-following-four-trophy-season/" "Mozilla/5.0 (compatible; Bytespider; [email protected]) AppleWebKit/537.36 (KHTML, like Gecko) Chrome/70.0.0.0 Safari/537.36"
47.128.35.2 - - [02/Mar/2026:22:31:44 -0500] "GET /wp-content/uploads/2025/05/STOMP-Live.jpg HTTP/1.1" 206 500 "https://www.middleeastoday.com/mohammed-bin-rashid-receives-shabab-al-ahli-football-club-following-four-trophy-season/" "Mozilla/5.0 (compatible; Bytespider; [email protected]) AppleWebKit/537.36 (KHTML, like Gecko) Chrome/70.0.0.0 Safari/537.36"
114.119.132.207 - - [02/Mar/2026:22:32:25 -0500] "GET /legacy-of-expo-2020-dubais-vision-pavilion-will-live-on-as-part-of-district-2020/ HTTP/1.1" 200 26077 "https://www.middleeastoday.com/author/admin/page/83" "Mozilla/5.0 (Linux; Android 7.0;) AppleWebKit/537.36 (KHTML, like Gecko) Mobile Safari/537.36 (compatible; PetalBot;+https://webmaster.petalsearch.com/site/petalbot)"
111.243.133.2 - - [02/Mar/2026:22:32:45 -0500] "GET /wp-content/uploads/2025/06/Dawoodi-Bohra-850x560.jpg HTTP/1.1" 200 66764 "-" "Mozilla/5.0 (Windows; U; Windows NT 6.1; ru; rv:1.9.2.4) Gecko/20100513 Firefox/3.6.4"
162.213.253.84 - - [02/Mar/2026:22:33:22 -0500] "POST /wp-cron.php?doing_wp_cron=1772508802.5045189857482910156250 HTTP/1.1" 200 0 "-" "WordPress/6.8.1; https://www.middleeastoday.com"
63.180.175.164 - - [02/Mar/2026:22:33:21 -0500] "POST /wp-login.php HTTP/1.1" 200 1884 "https://middleeastoday.com/wp-login.php" "Mozilla/5.0 (Windows NT 10.0; Win64; x64) AppleWebKit/537.36 (KHTML, like Gecko) Chrome/130.0.0.0 Safari/537.36"
162.213.253.84 - - [02/Mar/2026:22:33:23 -0500] "POST /wp-admin/admin-ajax.php?action=async_litespeed&nonce=Dy9XB22LZiqwltYFPFlHN2XlECmyKWqE&litespeed_type=imgoptm HTTP/1.1" 200 21 "-" "WordPress/6.8.1; https://www.middleeastoday.com"
15.235.27.216 - - [02/Mar/2026:22:34:26 -0500] "GET /category/national-news/page/17/ HTTP/1.1" 200 21073 "-" "Mozilla/5.0 (compatible; AhrefsBot/7.0; +http://ahrefs.com/robot/)"
103.255.134.61 - - [02/Mar/2026:22:34:45 -0500] "GET /wp-login.php HTTP/1.1" 200 1792 "-" "Mozilla/5.0 (Windows NT 10.0; Win64; x64) AppleWebKit/537.36 (KHTML, like Gecko) Chrome/130.0.0.0 Safari/537.36"
162.213.253.84 - - [02/Mar/2026:22:34:47 -0500] "POST /wp-cron.php?doing_wp_cron=1772508887.0609669685363769531250 HTTP/1.1" 200 0 "-" "WordPress/6.8.1; https://www.middleeastoday.com"
103.255.134.61 - - [02/Mar/2026:22:34:46 -0500] "POST /wp-login.php HTTP/1.1" 200 1884 "https://middleeastoday.com/wp-login.php" "Mozilla/5.0 (Windows NT 10.0; Win64; x64) AppleWebKit/537.36 (KHTML, like Gecko) Chrome/130.0.0.0 Safari/537.36"
114.119.148.161 - - [02/Mar/2026:22:35:11 -0500] "GET /category/business/page/4/ HTTP/1.1" 200 24212 "https://www.middleeastoday.com/?cat=53&paged=4" "Mozilla/5.0 (Linux; Android 7.0;) AppleWebKit/537.36 (KHTML, like Gecko) Mobile Safari/537.36 (compatible; PetalBot;+https://webmaster.petalsearch.com/site/petalbot)"
162.213.253.84 - - [02/Mar/2026:22:31:16 -0500] "POST /wp-cron.php?doing_wp_cron=1772508676.2095649242401123046875 HTTP/1.1" 200 0 "-" "WordPress/6.8.1; https://www.middleeastoday.com"
124.236.100.56 - - [02/Mar/2026:22:31:15 -0500] "GET / HTTP/1.1" 301 0 "-" "Opera/9.80 (Windows NT 6.0) Presto/2.12.388 Version/12.14"
162.213.253.84 - - [02/Mar/2026:22:31:16 -0500] "POST /wp-admin/admin-ajax.php?action=async_litespeed&nonce=yQQBdNJuQWnrMVnYxf3n4nkmifVdwj8y&litespeed_type=imgoptm HTTP/1.1" 200 21 "-" "WordPress/6.8.1; https://www.middleeastoday.com"
124.236.100.56 - - [02/Mar/2026:22:31:19 -0500] "GET / HTTP/1.1" 200 38646 "-" "Mozilla/5.0 (Windows NT 10.0; Win64; x64) AppleWebKit/537.36 (KHTML, like Gecko) Chrome/61.0.3163.100 Safari/537.36"
47.128.35.2 - - [02/Mar/2026:22:31:40 -0500] "GET /wp-content/uploads/2022/04/middle-east-today-logo-1.jpg HTTP/1.1" 206 500 "https://www.middleeastoday.com/mohammed-bin-rashid-receives-shabab-al-ahli-football-club-following-four-trophy-season/" "Mozilla/5.0 (compatible; Bytespider; [email protected]) AppleWebKit/537.36 (KHTML, like Gecko) Chrome/70.0.0.0 Safari/537.36"
63.180.175.164 - - [02/Mar/2026:22:33:21 -0500] "GET /wp-login.php HTTP/1.1" 200 1792 "-" "Mozilla/5.0 (Windows NT 10.0; Win64; x64) AppleWebKit/537.36 (KHTML, like Gecko) Chrome/130.0.0.0 Safari/537.36"
114.119.138.37 - - [02/Mar/2026:22:33:49 -0500] "GET /deyaar-launches-jannat-final-residential-district-in-midtown-dubai/ HTTP/1.1" 200 23583 "https://www.middleeastoday.com/deyaar-launches-jannat-final-residential-district-in-midtown-dubai" "Mozilla/5.0 (Linux; Android 7.0;) AppleWebKit/537.36 (KHTML, like Gecko) Mobile Safari/537.36 (compatible; PetalBot;+https://webmaster.petalsearch.com/site/petalbot)"
17.22.245.215 - - [02/Mar/2026:22:34:00 -0500] "GET /robots.txt HTTP/1.1" 200 117 "-" "Mozilla/5.0 (Macintosh; Intel Mac OS X 10_15_7) AppleWebKit/605.1.15 (KHTML, like Gecko) Version/17.4 Safari/605.1.15 (Applebot/0.1; +http://www.apple.com/go/applebot)"
17.22.245.215 - - [02/Mar/2026:22:34:01 -0500] "GET /wp-content/uploads/2022/10/Cleveland-Clinic-Abu-Dhabi-1-850x560.jpg HTTP/1.1" 200 73069 "-" "Mozilla/5.0 (Macintosh; Intel Mac OS X 10_15_7) AppleWebKit/605.1.15 (KHTML, like Gecko) Version/17.4 Safari/605.1.15 (Applebot/0.1; +http://www.apple.com/go/applebot)"
162.213.253.84 - - [02/Mar/2026:22:34:48 -0500] "POST /wp-admin/admin-ajax.php?action=async_litespeed&nonce=W2JlYXXbByfAtkTCOIGc7uXboQSLB0d5&litespeed_type=imgoptm HTTP/1.1" 200 21 "-" "WordPress/6.8.1; https://www.middleeastoday.com"
40.77.167.75 - - [02/Mar/2026:22:34:55 -0500] "GET /wp-content/uploads/2022/06/Queen-Elizabeth-II-455x300.jpeg HTTP/1.1" 200 24694 "-" "Mozilla/5.0 AppleWebKit/537.36 (KHTML, like Gecko; compatible; bingbot/2.0; +http://www.bing.com/bingbot.htm) Chrome/116.0.1938.76 Safari/537.36"
103.145.51.107 - - [02/Mar/2026:22:35:27 -0500] "GET /wp-login.php HTTP/1.1" 200 1792 "-" "Mozilla/5.0 (Windows NT 10.0; Win64; x64) AppleWebKit/537.36 (KHTML, like Gecko) Chrome/130.0.0.0 Safari/537.36"
162.213.253.84 - - [02/Mar/2026:22:35:28 -0500] "POST /wp-cron.php?doing_wp_cron=1772508928.4987530708312988281250 HTTP/1.1" 200 0 "-" "WordPress/6.8.1; https://www.middleeastoday.com"
111.31.190.191 - - [02/Mar/2026:22:35:33 -0500] "GET /category/travel-tourism/airlines/ HTTP/1.1" 200 21499 "-" "Mozilla/5.0 (Windows NT 10.0; Win64; x64) AppleWebKit/537.36 (KHTML, like Gecko) Chrome/142.0.0.0 Safari/537.36"
111.31.190.191 - - [02/Mar/2026:22:35:34 -0500] "GET /wp-content/uploads/elementor/css/post-3932.css?ver=1762520240 HTTP/1.1" 200 1066 "https://www.middleeastoday.com/category/travel-tourism/airlines/" "Mozilla/5.0 (Windows NT 10.0; Win64; x64) AppleWebKit/537.36 (KHTML, like Gecko) Chrome/142.0.0.0 Safari/537.36"
111.31.190.191 - - [02/Mar/2026:22:35:34 -0500] "GET /wp-content/plugins/elementor-1/assets/css/frontend-lite.min.css?ver=3.21.1 HTTP/1.1" 200 13067 "https://www.middleeastoday.com/category/travel-tourism/airlines/" "Mozilla/5.0 (Windows NT 10.0; Win64; x64) AppleWebKit/537.36 (KHTML, like Gecko) Chrome/142.0.0.0 Safari/537.36"
111.31.190.191 - - [02/Mar/2026:22:35:34 -0500] "GET /wp-includes/css/dist/block-library/style.min.css?ver=6.8.1 HTTP/1.1" 200 14358 "https://www.middleeastoday.com/category/travel-tourism/airlines/" "Mozilla/5.0 (Windows NT 10.0; Win64; x64) AppleWebKit/537.36 (KHTML, like Gecko) Chrome/142.0.0.0 Safari/537.36"
111.31.190.191 - - [02/Mar/2026:22:35:34 -0500] "GET /wp-content/plugins/accesspress-social-counter/css/fontawesome-all.css?ver=1.9.2 HTTP/1.1" 200 8084 "https://www.middleeastoday.com/category/travel-tourism/airlines/" "Mozilla/5.0 (Windows NT 10.0; Win64; x64) AppleWebKit/537.36 (KHTML, like Gecko) Chrome/142.0.0.0 Safari/537.36"
111.31.190.191 - - [02/Mar/2026:22:35:34 -0500] "GET /wp-content/plugins/contact-form-7/includes/css/styles.css?ver=6.0.6 HTTP/1.1" 200 890 "https://www.middleeastoday.com/category/travel-tourism/airlines/" "Mozilla/5.0 (Windows NT 10.0; Win64; x64) AppleWebKit/537.36 (KHTML, like Gecko) Chrome/142.0.0.0 Safari/537.36"
111.31.190.191 - - [02/Mar/2026:22:35:34 -0500] "GET /wp-content/themes/digiqole/assets/css/icon-font.css?ver=2.1.1 HTTP/1.1" 200 1106 "https://www.middleeastoday.com/category/travel-tourism/airlines/" "Mozilla/5.0 (Windows NT 10.0; Win64; x64) AppleWebKit/537.36 (KHTML, like Gecko) Chrome/142.0.0.0 Safari/537.36"
111.31.190.191 - - [02/Mar/2026:22:35:34 -0500] "GET /wp-content/plugins/elementor-1/assets/lib/font-awesome/css/fontawesome.min.css?ver=5.15.3 HTTP/1.1" 200 12164 "https://www.middleeastoday.com/category/travel-tourism/airlines/" "Mozilla/5.0 (Windows NT 10.0; Win64; x64) AppleWebKit/537.36 (KHTML, like Gecko) Chrome/142.0.0.0 Safari/537.36"
111.31.190.191 - - [02/Mar/2026:22:35:34 -0500] "GET /wp-includes/js/jquery/jquery.min.js?ver=3.7.1 HTTP/1.1" 200 29744 "https://www.middleeastoday.com/category/travel-tourism/airlines/" "Mozilla/5.0 (Windows NT 10.0; Win64; x64) AppleWebKit/537.36 (KHTML, like Gecko) Chrome/142.0.0.0 Safari/537.36"
111.31.190.191 - - [02/Mar/2026:22:35:34 -0500] "GET /wp-content/plugins/elementskit-lite/widgets/init/assets/css/responsive.css?ver=3.5.0 HTTP/1.1" 200 2859 "https://www.middleeastoday.com/category/travel-tourism/airlines/" "Mozilla/5.0 (Windows NT 10.0; Win64; x64) AppleWebKit/537.36 (KHTML, like Gecko) Chrome/142.0.0.0 Safari/537.36"
111.31.190.191 - - [02/Mar/2026:22:35:34 -0500] "GET /wp-content/themes/digiqole/assets/css/master.css?ver=2.1.1 HTTP/1.1" 200 43295 "https://www.middleeastoday.com/category/travel-tourism/airlines/" "Mozilla/5.0 (Windows NT 10.0; Win64; x64) AppleWebKit/537.36 (KHTML, like Gecko) Chrome/142.0.0.0 Safari/537.36"
111.31.190.191 - - [02/Mar/2026:22:35:34 -0500] "GET /wp-content/themes/digiqole/assets/css/all.css?ver=2.1.1 HTTP/1.1" 200 7048 "https://www.middleeastoday.com/category/travel-tourism/airlines/" "Mozilla/5.0 (Windows NT 10.0; Win64; x64) AppleWebKit/537.36 (KHTML, like Gecko) Chrome/142.0.0.0 Safari/537.36"
111.31.190.191 - - [02/Mar/2026:22:35:34 -0500] "GET /wp-content/plugins/elementskit-lite/widgets/init/assets/css/widget-styles.css?ver=3.5.0 HTTP/1.1" 200 48223 "https://www.middleeastoday.com/category/travel-tourism/airlines/" "Mozilla/5.0 (Windows NT 10.0; Win64; x64) AppleWebKit/537.36 (KHTML, like Gecko) Chrome/142.0.0.0 Safari/537.36"
