162.213.253.84 - - [02/Mar/2026:09:21:03 -0500] "POST /wp-cron.php?doing_wp_cron=1772461263.7487649917602539062500 HTTP/1.1" 200 0 "-" "WordPress/6.8.1; https://www.middleeastoday.com"
185.191.171.16 - - [02/Mar/2026:09:21:02 -0500] "GET /the-president-of-angola-officially-welcomed-the-uae-president-at-the-presidential-palace/ HTTP/1.1" 200 23654 "-" "Mozilla/5.0 (compatible; SemrushBot/7~bl; +http://www.semrush.com/bot.html)"
162.213.253.84 - - [02/Mar/2026:09:21:10 -0500] "POST /wp-cron.php?doing_wp_cron=1772461270.2343978881835937500000 HTTP/1.1" 200 0 "-" "WordPress/6.8.1; https://www.middleeastoday.com"
139.214.194.153 - - [02/Mar/2026:09:21:09 -0500] "GET /sheikh-zayed-festival-announces-new-years-eve-2025-celebrations/ HTTP/1.1" 200 20992 "-" "Mozilla/5.0 (Windows NT 10.0; Win64; x64) AppleWebKit/537.36 (KHTML, like Gecko) Chrome/139.0.0.0 Safari/537.36"
139.214.194.153 - - [02/Mar/2026:09:21:11 -0500] "GET /wp-content/plugins/elementor-1/assets/css/frontend-lite.min.css?ver=3.21.1 HTTP/1.1" 200 13067 "https://www.middleeastoday.com/sheikh-zayed-festival-announces-new-years-eve-2025-celebrations/" "Mozilla/5.0 (Windows NT 10.0; Win64; x64) AppleWebKit/537.36 (KHTML, like Gecko) Chrome/139.0.0.0 Safari/537.36"
139.214.194.153 - - [02/Mar/2026:09:21:11 -0500] "GET /wp-content/plugins/accesspress-social-counter/css/fontawesome-all.css?ver=1.9.2 HTTP/1.1" 200 8084 "https://www.middleeastoday.com/sheikh-zayed-festival-announces-new-years-eve-2025-celebrations/" "Mozilla/5.0 (Windows NT 10.0; Win64; x64) AppleWebKit/537.36 (KHTML, like Gecko) Chrome/139.0.0.0 Safari/537.36"
139.214.194.153 - - [02/Mar/2026:09:21:11 -0500] "GET /wp-content/plugins/elementskit-lite/widgets/init/assets/css/widget-styles.css?ver=3.5.0 HTTP/1.1" 200 48223 "https://www.middleeastoday.com/sheikh-zayed-festival-announces-new-years-eve-2025-celebrations/" "Mozilla/5.0 (Windows NT 10.0; Win64; x64) AppleWebKit/537.36 (KHTML, like Gecko) Chrome/139.0.0.0 Safari/537.36"
139.214.194.153 - - [02/Mar/2026:09:21:11 -0500] "GET /wp-content/plugins/elementor-1/assets/lib/font-awesome/css/fontawesome.min.css?ver=5.15.3 HTTP/1.1" 200 12164 "https://www.middleeastoday.com/sheikh-zayed-festival-announces-new-years-eve-2025-celebrations/" "Mozilla/5.0 (Windows NT 10.0; Win64; x64) AppleWebKit/537.36 (KHTML, like Gecko) Chrome/139.0.0.0 Safari/537.36"
139.214.194.153 - - [02/Mar/2026:09:21:11 -0500] "GET /wp-content/themes/digiqole/assets/css/master.css?ver=2.1.1 HTTP/1.1" 200 43295 "https://www.middleeastoday.com/sheikh-zayed-festival-announces-new-years-eve-2025-celebrations/" "Mozilla/5.0 (Windows NT 10.0; Win64; x64) AppleWebKit/537.36 (KHTML, like Gecko) Chrome/139.0.0.0 Safari/537.36"
139.214.194.153 - - [02/Mar/2026:09:21:11 -0500] "GET /wp-includes/css/dist/block-library/style.min.css?ver=6.8.1 HTTP/1.1" 200 14358 "https://www.middleeastoday.com/sheikh-zayed-festival-announces-new-years-eve-2025-celebrations/" "Mozilla/5.0 (Windows NT 10.0; Win64; x64) AppleWebKit/537.36 (KHTML, like Gecko) Chrome/139.0.0.0 Safari/537.36"
139.214.194.153 - - [02/Mar/2026:09:21:11 -0500] "GET /wp-includes/js/jquery/jquery-migrate.min.js?ver=3.4.1 HTTP/1.1" 200 4678 "https://www.middleeastoday.com/sheikh-zayed-festival-announces-new-years-eve-2025-celebrations/" "Mozilla/5.0 (Windows NT 10.0; Win64; x64) AppleWebKit/537.36 (KHTML, like Gecko) Chrome/139.0.0.0 Safari/537.36"
139.214.194.153 - - [02/Mar/2026:09:21:11 -0500] "GET /wp-includes/js/jquery/jquery.min.js?ver=3.7.1 HTTP/1.1" 200 29744 "https://www.middleeastoday.com/sheikh-zayed-festival-announces-new-years-eve-2025-celebrations/" "Mozilla/5.0 (Windows NT 10.0; Win64; x64) AppleWebKit/537.36 (KHTML, like Gecko) Chrome/139.0.0.0 Safari/537.36"
139.214.194.153 - - [02/Mar/2026:09:21:11 -0500] "GET /wp-content/plugins/elementskit-lite/modules/elementskit-icon-pack/assets/css/ekiticons.css?ver=3.5.0 HTTP/1.1" 200 11776 "https://www.middleeastoday.com/sheikh-zayed-festival-announces-new-years-eve-2025-celebrations/" "Mozilla/5.0 (Windows NT 10.0; Win64; x64) AppleWebKit/537.36 (KHTML, like Gecko) Chrome/139.0.0.0 Safari/537.36"
139.214.194.153 - - [02/Mar/2026:09:21:11 -0500] "GET /wp-content/themes/digiqole/assets/css/icon-font.css?ver=2.1.1 HTTP/1.1" 200 1106 "https://www.middleeastoday.com/sheikh-zayed-festival-announces-new-years-eve-2025-celebrations/" "Mozilla/5.0 (Windows NT 10.0; Win64; x64) AppleWebKit/537.36 (KHTML, like Gecko) Chrome/139.0.0.0 Safari/537.36"
162.213.253.84 - - [02/Mar/2026:09:17:06 -0500] "POST /wp-cron.php?doing_wp_cron=1772461026.0092270374298095703125 HTTP/1.1" 200 0 "-" "WordPress/6.8.1; https://www.middleeastoday.com"
185.191.171.19 - - [02/Mar/2026:09:19:52 -0500] "GET /dp-world-launches-new-digital-platform-to-streamline-customs-procedures/ HTTP/1.1" 200 24322 "-" "Mozilla/5.0 (compatible; SemrushBot/7~bl; +http://www.semrush.com/bot.html)"
3.85.204.193 - - [02/Mar/2026:09:20:13 -0500] "GET /category/music-concerts/ HTTP/1.1" 200 101699 "-" "Mozilla/4.0 (compatible; MSIE 7.0; Windows NT 6.0) Mozilla/5.0 (Windows NT 10.0; Win64; x64) AppleWebKit/537.36 (KHTML, like Gecko) Chrome/91.0.4472.124 Safari/537.36"
3.85.204.193 - - [02/Mar/2026:09:20:21 -0500] "GET /category/news/ HTTP/1.1" 200 101420 "-" "Mozilla/4.0 (compatible; MSIE 7.0; Windows NT 6.0) Mozilla/5.0 (Windows NT 10.0; Win64; x64) AppleWebKit/537.36 (KHTML, like Gecko) Chrome/91.0.4472.124 Safari/537.36"
3.85.204.193 - - [02/Mar/2026:09:20:23 -0500] "GET /category/travel-tourism/ HTTP/1.1" 200 123600 "-" "Mozilla/4.0 (compatible; MSIE 7.0; Windows NT 6.0) Mozilla/5.0 (Windows NT 10.0; Win64; x64) AppleWebKit/537.36 (KHTML, like Gecko) Chrome/91.0.4472.124 Safari/537.36"
162.213.253.84 - - [02/Mar/2026:09:21:04 -0500] "POST /wp-admin/admin-ajax.php?action=async_litespeed&nonce=OLH6t2xoLbqibfuS15QNigVz83aorqtM&litespeed_type=imgoptm HTTP/1.1" 200 21 "-" "WordPress/6.8.1; https://www.middleeastoday.com"
139.214.194.153 - - [02/Mar/2026:09:21:11 -0500] "GET /wp-content/themes/digiqole/assets/css/bootstrap.min.css?ver=2.1.1 HTTP/1.1" 200 18543 "https://www.middleeastoday.com/sheikh-zayed-festival-announces-new-years-eve-2025-celebrations/" "Mozilla/5.0 (Windows NT 10.0; Win64; x64) AppleWebKit/537.36 (KHTML, like Gecko) Chrome/139.0.0.0 Safari/537.36"
139.214.194.153 - - [02/Mar/2026:09:21:11 -0500] "GET /wp-content/uploads/elementor/css/post-3932.css?ver=1762520240 HTTP/1.1" 200 1066 "https://www.middleeastoday.com/sheikh-zayed-festival-announces-new-years-eve-2025-celebrations/" "Mozilla/5.0 (Windows NT 10.0; Win64; x64) AppleWebKit/537.36 (KHTML, like Gecko) Chrome/139.0.0.0 Safari/537.36"
139.214.194.153 - - [02/Mar/2026:09:21:11 -0500] "GET /wp-content/plugins/accesspress-social-counter/css/frontend.css?ver=1.9.2 HTTP/1.1" 200 2295 "https://www.middleeastoday.com/sheikh-zayed-festival-announces-new-years-eve-2025-celebrations/" "Mozilla/5.0 (Windows NT 10.0; Win64; x64) AppleWebKit/537.36 (KHTML, like Gecko) Chrome/139.0.0.0 Safari/537.36"
139.214.194.153 - - [02/Mar/2026:09:21:11 -0500] "GET /wp-content/plugins/elementor-1/assets/lib/font-awesome/css/solid.min.css?ver=5.15.3 HTTP/1.1" 200 286 "https://www.middleeastoday.com/sheikh-zayed-festival-announces-new-years-eve-2025-celebrations/" "Mozilla/5.0 (Windows NT 10.0; Win64; x64) AppleWebKit/537.36 (KHTML, like Gecko) Chrome/139.0.0.0 Safari/537.36"
139.214.194.153 - - [02/Mar/2026:09:21:11 -0500] "GET /wp-content/plugins/elementskit-lite/widgets/init/assets/css/responsive.css?ver=3.5.0 HTTP/1.1" 200 2859 "https://www.middleeastoday.com/sheikh-zayed-festival-announces-new-years-eve-2025-celebrations/" "Mozilla/5.0 (Windows NT 10.0; Win64; x64) AppleWebKit/537.36 (KHTML, like Gecko) Chrome/139.0.0.0 Safari/537.36"
139.214.194.153 - - [02/Mar/2026:09:21:11 -0500] "GET /wp-content/themes/digiqole/assets/css/all.css?ver=2.1.1 HTTP/1.1" 200 7048 "https://www.middleeastoday.com/sheikh-zayed-festival-announces-new-years-eve-2025-celebrations/" "Mozilla/5.0 (Windows NT 10.0; Win64; x64) AppleWebKit/537.36 (KHTML, like Gecko) Chrome/139.0.0.0 Safari/537.36"
139.214.194.153 - - [02/Mar/2026:09:21:11 -0500] "GET /wp-content/plugins/contact-form-7/includes/css/styles.css?ver=6.0.6 HTTP/1.1" 200 890 "https://www.middleeastoday.com/sheikh-zayed-festival-announces-new-years-eve-2025-celebrations/" "Mozilla/5.0 (Windows NT 10.0; Win64; x64) AppleWebKit/537.36 (KHTML, like Gecko) Chrome/139.0.0.0 Safari/537.36"
139.214.194.153 - - [02/Mar/2026:09:21:12 -0500] "GET /wp-content/plugins/elementor-1/assets/lib/swiper/v8/css/swiper.min.css?ver=8.4.5 HTTP/1.1" 200 4248 "https://www.middleeastoday.com/sheikh-zayed-festival-announces-new-years-eve-2025-celebrations/" "Mozilla/5.0 (Windows NT 10.0; Win64; x64) AppleWebKit/537.36 (KHTML, like Gecko) Chrome/139.0.0.0 Safari/537.36"
139.214.194.153 - - [02/Mar/2026:09:21:12 -0500] "GET /wp-content/uploads/elementor/css/post-9.css?ver=1747657839 HTTP/1.1" 200 334 "https://www.middleeastoday.com/sheikh-zayed-festival-announces-new-years-eve-2025-celebrations/" "Mozilla/5.0 (Windows NT 10.0; Win64; x64) AppleWebKit/537.36 (KHTML, like Gecko) Chrome/139.0.0.0 Safari/537.36"
139.214.194.153 - - [02/Mar/2026:09:21:12 -0500] "GET /wp-content/plugins/elementor-pro/assets/css/frontend-lite.min.css?ver=3.6.5 HTTP/1.1" 200 1505 "https://www.middleeastoday.com/sheikh-zayed-festival-announces-new-years-eve-2025-celebrations/" "Mozilla/5.0 (Windows NT 10.0; Win64; x64) AppleWebKit/537.36 (KHTML, like Gecko) Chrome/139.0.0.0 Safari/537.36"
139.214.194.153 - - [02/Mar/2026:09:21:12 -0500] "GET /wp-content/uploads/elementor/css/global.css?ver=1747657840 HTTP/1.1" 200 3340 "https://www.middleeastoday.com/sheikh-zayed-festival-announces-new-years-eve-2025-celebrations/" "Mozilla/5.0 (Windows NT 10.0; Win64; x64) AppleWebKit/537.36 (KHTML, like Gecko) Chrome/139.0.0.0 Safari/537.36"
139.214.194.153 - - [02/Mar/2026:09:21:13 -0500] "GET /wp-includes/js/dist/i18n.min.js?ver=5e580eb46a90c2b997e6 HTTP/1.1" 200 3542 "https://www.middleeastoday.com/sheikh-zayed-festival-announces-new-years-eve-2025-celebrations/" "Mozilla/5.0 (Windows NT 10.0; Win64; x64) AppleWebKit/537.36 (KHTML, like Gecko) Chrome/139.0.0.0 Safari/537.36"
139.214.194.153 - - [02/Mar/2026:09:21:13 -0500] "GET /wp-content/plugins/contact-form-7/includes/js/index.js?ver=6.0.6 HTTP/1.1" 200 4008 "https://www.middleeastoday.com/sheikh-zayed-festival-announces-new-years-eve-2025-celebrations/" "Mozilla/5.0 (Windows NT 10.0; Win64; x64) AppleWebKit/537.36 (KHTML, like Gecko) Chrome/139.0.0.0 Safari/537.36"
139.214.194.153 - - [02/Mar/2026:09:21:13 -0500] "GET /wp-content/plugins/elementskit-lite/widgets/init/assets/js/widget-scripts.js?ver=3.5.0 HTTP/1.1" 200 40425 "https://www.middleeastoday.com/sheikh-zayed-festival-announces-new-years-eve-2025-celebrations/" "Mozilla/5.0 (Windows NT 10.0; Win64; x64) AppleWebKit/537.36 (KHTML, like Gecko) Chrome/139.0.0.0 Safari/537.36"
139.214.194.153 - - [02/Mar/2026:09:21:14 -0500] "GET /wp-content/themes/digiqole/assets/js/swiper.min.js?ver=2.1.1 HTTP/1.1" 200 34003 "https://www.middleeastoday.com/sheikh-zayed-festival-announces-new-years-eve-2025-celebrations/" "Mozilla/5.0 (Windows NT 10.0; Win64; x64) AppleWebKit/537.36 (KHTML, like Gecko) Chrome/139.0.0.0 Safari/537.36"
139.214.194.153 - - [02/Mar/2026:09:21:14 -0500] "GET /wp-content/themes/digiqole/assets/js/script.js?ver=2.1.1 HTTP/1.1" 200 3554 "https://www.middleeastoday.com/sheikh-zayed-festival-announces-new-years-eve-2025-celebrations/" "Mozilla/5.0 (Windows NT 10.0; Win64; x64) AppleWebKit/537.36 (KHTML, like Gecko) Chrome/139.0.0.0 Safari/537.36"
139.214.194.153 - - [02/Mar/2026:09:21:14 -0500] "GET /wp-content/plugins/elementor-1/assets/js/webpack.runtime.min.js?ver=3.21.1 HTTP/1.1" 200 2071 "https://www.middleeastoday.com/sheikh-zayed-festival-announces-new-years-eve-2025-celebrations/" "Mozilla/5.0 (Windows NT 10.0; Win64; x64) AppleWebKit/537.36 (KHTML, like Gecko) Chrome/139.0.0.0 Safari/537.36"
139.214.194.153 - - [02/Mar/2026:09:21:14 -0500] "GET /wp-content/plugins/elementor-1/assets/js/frontend-modules.min.js?ver=3.21.1 HTTP/1.1" 200 17087 "https://www.middleeastoday.com/sheikh-zayed-festival-announces-new-years-eve-2025-celebrations/" "Mozilla/5.0 (Windows NT 10.0; Win64; x64) AppleWebKit/537.36 (KHTML, like Gecko) Chrome/139.0.0.0 Safari/537.36"
139.214.194.153 - - [02/Mar/2026:09:21:11 -0500] "GET /wp-content/plugins/elementor-pro/assets/css/widget-nav-menu.min.css HTTP/1.1" 200 3279 "https://www.middleeastoday.com/sheikh-zayed-festival-announces-new-years-eve-2025-celebrations/" "Mozilla/5.0 (Windows NT 10.0; Win64; x64) AppleWebKit/537.36 (KHTML, like Gecko) Chrome/139.0.0.0 Safari/537.36"
139.214.194.153 - - [02/Mar/2026:09:21:11 -0500] "GET /wp-content/plugins/elementor-1/assets/lib/eicons/css/elementor-icons.min.css?ver=5.29.0 HTTP/1.1" 200 3724 "https://www.middleeastoday.com/sheikh-zayed-festival-announces-new-years-eve-2025-celebrations/" "Mozilla/5.0 (Windows NT 10.0; Win64; x64) AppleWebKit/537.36 (KHTML, like Gecko) Chrome/139.0.0.0 Safari/537.36"
139.214.194.153 - - [02/Mar/2026:09:21:13 -0500] "GET /wp-content/plugins/elementor-1/assets/lib/animations/animations.min.css?ver=3.21.1 HTTP/1.1" 200 2442 "https://www.middleeastoday.com/sheikh-zayed-festival-announces-new-years-eve-2025-celebrations/" "Mozilla/5.0 (Windows NT 10.0; Win64; x64) AppleWebKit/537.36 (KHTML, like Gecko) Chrome/139.0.0.0 Safari/537.36"
139.214.194.153 - - [02/Mar/2026:09:21:13 -0500] "GET /wp-includes/js/dist/hooks.min.js?ver=4d63a3d491d11ffd8ac6 HTTP/1.1" 200 1571 "https://www.middleeastoday.com/sheikh-zayed-festival-announces-new-years-eve-2025-celebrations/" "Mozilla/5.0 (Windows NT 10.0; Win64; x64) AppleWebKit/537.36 (KHTML, like Gecko) Chrome/139.0.0.0 Safari/537.36"
139.214.194.153 - - [02/Mar/2026:09:21:13 -0500] "GET /wp-content/plugins/contact-form-7/includes/swv/js/index.js?ver=6.0.6 HTTP/1.1" 200 3369 "https://www.middleeastoday.com/sheikh-zayed-festival-announces-new-years-eve-2025-celebrations/" "Mozilla/5.0 (Windows NT 10.0; Win64; x64) AppleWebKit/537.36 (KHTML, like Gecko) Chrome/139.0.0.0 Safari/537.36"
139.214.194.153 - - [02/Mar/2026:09:21:13 -0500] "GET /wp-content/plugins/elementskit-lite/libs/framework/assets/js/frontend-script.js?ver=3.5.0 HTTP/1.1" 200 40 "https://www.middleeastoday.com/sheikh-zayed-festival-announces-new-years-eve-2025-celebrations/" "Mozilla/5.0 (Windows NT 10.0; Win64; x64) AppleWebKit/537.36 (KHTML, like Gecko) Chrome/139.0.0.0 Safari/537.36"
139.214.194.153 - - [02/Mar/2026:09:21:14 -0500] "GET /wp-content/themes/digiqole/assets/js/bootstrap.min.js?ver=2.1.1 HTTP/1.1" 200 12542 "https://www.middleeastoday.com/sheikh-zayed-festival-announces-new-years-eve-2025-celebrations/" "Mozilla/5.0 (Windows NT 10.0; Win64; x64) AppleWebKit/537.36 (KHTML, like Gecko) Chrome/139.0.0.0 Safari/537.36"
139.214.194.153 - - [02/Mar/2026:09:21:14 -0500] "GET /wp-content/themes/digiqole/assets/js/fontfaceobserver.js?ver=1 HTTP/1.1" 200 2024 "https://www.middleeastoday.com/sheikh-zayed-festival-announces-new-years-eve-2025-celebrations/" "Mozilla/5.0 (Windows NT 10.0; Win64; x64) AppleWebKit/537.36 (KHTML, like Gecko) Chrome/139.0.0.0 Safari/537.36"
139.214.194.153 - - [02/Mar/2026:09:21:14 -0500] "GET /wp-content/plugins/elementor-pro/assets/lib/smartmenus/jquery.smartmenus.min.js?ver=1.0.1 HTTP/1.1" 200 6935 "https://www.middleeastoday.com/sheikh-zayed-festival-announces-new-years-eve-2025-celebrations/" "Mozilla/5.0 (Windows NT 10.0; Win64; x64) AppleWebKit/537.36 (KHTML, like Gecko) Chrome/139.0.0.0 Safari/537.36"
139.214.194.153 - - [02/Mar/2026:09:21:14 -0500] "GET /wp-content/plugins/elementor-pro/assets/js/webpack-pro.runtime.min.js?ver=3.6.5 HTTP/1.1" 200 2174 "https://www.middleeastoday.com/sheikh-zayed-festival-announces-new-years-eve-2025-celebrations/" "Mozilla/5.0 (Windows NT 10.0; Win64; x64) AppleWebKit/537.36 (KHTML, like Gecko) Chrome/139.0.0.0 Safari/537.36"
139.214.194.153 - - [02/Mar/2026:09:21:15 -0500] "GET /wp-content/plugins/elementor-pro/assets/js/frontend.min.js?ver=3.6.5 HTTP/1.1" 200 5328 "https://www.middleeastoday.com/sheikh-zayed-festival-announces-new-years-eve-2025-celebrations/" "Mozilla/5.0 (Windows NT 10.0; Win64; x64) AppleWebKit/537.36 (KHTML, like Gecko) Chrome/139.0.0.0 Safari/537.36"
139.214.194.153 - - [02/Mar/2026:09:21:15 -0500] "GET /wp-content/plugins/elementor-1/assets/lib/waypoints/waypoints.min.js?ver=4.0.2 HTTP/1.1" 200 2867 "https://www.middleeastoday.com/sheikh-zayed-festival-announces-new-years-eve-2025-celebrations/" "Mozilla/5.0 (Windows NT 10.0; Win64; x64) AppleWebKit/537.36 (KHTML, like Gecko) Chrome/139.0.0.0 Safari/537.36"
139.214.194.153 - - [02/Mar/2026:09:21:15 -0500] "GET /wp-content/plugins/elementor-1/assets/js/frontend.min.js?ver=3.21.1 HTTP/1.1" 200 11814 "https://www.middleeastoday.com/sheikh-zayed-festival-announces-new-years-eve-2025-celebrations/" "Mozilla/5.0 (Windows NT 10.0; Win64; x64) AppleWebKit/537.36 (KHTML, like Gecko) Chrome/139.0.0.0 Safari/537.36"
139.214.194.153 - - [02/Mar/2026:09:21:15 -0500] "GET /wp-content/plugins/elementskit-lite/widgets/init/assets/js/animate-circle.min.js?ver=3.5.0 HTTP/1.1" 200 393 "https://www.middleeastoday.com/sheikh-zayed-festival-announces-new-years-eve-2025-celebrations/" "Mozilla/5.0 (Windows NT 10.0; Win64; x64) AppleWebKit/537.36 (KHTML, like Gecko) Chrome/139.0.0.0 Safari/537.36"
139.214.194.153 - - [02/Mar/2026:09:21:15 -0500] "GET /wp-content/plugins/elementskit-lite/widgets/init/assets/js/elementor.js?ver=3.5.0 HTTP/1.1" 200 5290 "https://www.middleeastoday.com/sheikh-zayed-festival-announces-new-years-eve-2025-celebrations/" "Mozilla/5.0 (Windows NT 10.0; Win64; x64) AppleWebKit/537.36 (KHTML, like Gecko) Chrome/139.0.0.0 Safari/537.36"
139.214.194.153 - - [02/Mar/2026:09:21:15 -0500] "GET /wp-includes/js/jquery/ui/core.min.js?ver=1.13.3 HTTP/1.1" 200 6812 "https://www.middleeastoday.com/sheikh-zayed-festival-announces-new-years-eve-2025-celebrations/" "Mozilla/5.0 (Windows NT 10.0; Win64; x64) AppleWebKit/537.36 (KHTML, like Gecko) Chrome/139.0.0.0 Safari/537.36"
139.214.194.153 - - [02/Mar/2026:09:21:15 -0500] "GET /wp-content/plugins/elementor-pro/assets/js/elements-handlers.min.js?ver=3.6.5 HTTP/1.1" 200 5254 "https://www.middleeastoday.com/sheikh-zayed-festival-announces-new-years-eve-2025-celebrations/" "Mozilla/5.0 (Windows NT 10.0; Win64; x64) AppleWebKit/537.36 (KHTML, like Gecko) Chrome/139.0.0.0 Safari/537.36"
139.214.194.153 - - [02/Mar/2026:09:21:15 -0500] "GET /wp-content/themes/digiqole/assets/js/elementor.js?ver=2.1.1 HTTP/1.1" 200 2472 "https://www.middleeastoday.com/sheikh-zayed-festival-announces-new-years-eve-2025-celebrations/" "Mozilla/5.0 (Windows NT 10.0; Win64; x64) AppleWebKit/537.36 (KHTML, like Gecko) Chrome/139.0.0.0 Safari/537.36"
52.167.144.136 - - [02/Mar/2026:09:24:41 -0500] "GET /wp-content/uploads/2022/09/Kazakh-PM-1-455x300.jpg HTTP/1.1" 200 35831 "-" "Mozilla/5.0 AppleWebKit/537.36 (KHTML, like Gecko; compatible; bingbot/2.0; +http://www.bing.com/bingbot.htm) Chrome/116.0.1938.76 Safari/537.36"
57.141.2.57 - - [02/Mar/2026:09:28:46 -0500] "GET /in-the-name-of-almight-y-the-most-beneficent-the-most-merciful/ HTTP/1.1" 200 105290 "-" "meta-externalagent/1.1 (+https://developers.facebook.com/docs/sharing/webmasters/crawler)"
57.141.2.55 - - [02/Mar/2026:09:31:09 -0500] "GET /commemoration-day-deepens-values-of-loyalty-and-belonging-to-the-nation-uae-president/ HTTP/1.1" 200 105740 "-" "meta-externalagent/1.1 (+https://developers.facebook.com/docs/sharing/webmasters/crawler)"
216.73.216.24 - - [02/Mar/2026:09:33:30 -0500] "GET /wp-sitemap.xml HTTP/1.1" 200 223 "-" "Mozilla/5.0 AppleWebKit/537.36 (KHTML, like Gecko; compatible; ClaudeBot/1.0; [email protected])"
15.235.27.18 - - [02/Mar/2026:09:35:30 -0500] "GET /uae-leaders-congratulate-greek-president-on-independence-day/ HTTP/1.1" 200 19988 "-" "Mozilla/5.0 (compatible; AhrefsBot/7.0; +http://ahrefs.com/robot/)"
52.167.144.216 - - [02/Mar/2026:09:31:16 -0500] "GET /wp-content/uploads/2023/03/Al-Nahyan-455x300.jpg HTTP/1.1" 200 17360 "-" "Mozilla/5.0 AppleWebKit/537.36 (KHTML, like Gecko; compatible; bingbot/2.0; +http://www.bing.com/bingbot.htm) Chrome/116.0.1938.76 Safari/537.36"
216.73.216.24 - - [02/Mar/2026:09:33:30 -0500] "GET /robots.txt HTTP/1.1" 200 101 "-" "Mozilla/5.0 AppleWebKit/537.36 (KHTML, like Gecko; compatible; ClaudeBot/1.0; [email protected])"
34.192.125.239 - - [02/Mar/2026:09:35:42 -0500] "GET /wp-json/oembed/1.0/embed?format=xml&url=https://www.middleeastoday.com/sultan-al-qasimi-reviews-achievements-of-sharjah-youth/ HTTP/1.1" 200 1252 "-" "Mozilla/5.0 AppleWebKit/537.36 (KHTML, like Gecko; compatible; Amazonbot/0.1; +https://developer.amazon.com/support/amazonbot) Chrome/119.0.6045.214 Safari/537.36"
57.141.2.34 - - [02/Mar/2026:09:37:45 -0500] "GET /19th-edition-of-sharjah-heritage-days-to-take-place-in-march/ HTTP/1.1" 200 107306 "-" "meta-externalagent/1.1 (+https://developers.facebook.com/docs/sharing/webmasters/crawler)"
43.173.180.110 - - [02/Mar/2026:09:46:23 -0500] "GET /dlds-moasher-tracks-highest-ever-number-of-quarterly-real-estate-transactions-since-2010 HTTP/1.1" 301 0 "-" "Mozilla/5.0 (Windows NT 10.0; Win64; x64) AppleWebKit/537.36 (KHTML, like Gecko) Chrome/120.0.0.0 Safari/537.36"
162.213.253.84 - - [02/Mar/2026:09:46:26 -0500] "POST /wp-admin/admin-ajax.php?action=async_litespeed&nonce=I0m8ChGIeu5GRJQ4L0yObkb9nQOpQxBN&litespeed_type=imgoptm HTTP/1.1" 200 0 "-" "WordPress/6.8.1; https://www.middleeastoday.com"
57.141.2.63 - - [02/Mar/2026:09:48:21 -0500] "GET /tawam-hospital-completes-endoscopic-orbital-surgery-for-hemorrhagic-tumour-removal/ HTTP/1.1" 200 110470 "-" "meta-externalagent/1.1 (+https://developers.facebook.com/docs/sharing/webmasters/crawler)"
162.213.253.84 - - [02/Mar/2026:09:49:14 -0500] "POST /wp-cron.php?doing_wp_cron=1772462954.6900410652160644531250 HTTP/1.1" 200 0 "-" "WordPress/6.8.1; https://www.middleeastoday.com"
162.213.253.84 - - [02/Mar/2026:09:49:15 -0500] "POST /wp-admin/admin-ajax.php?action=async_litespeed&nonce=J3l3VqO9S8FTx5Mmkz8jqcBIYW6vRZg0&litespeed_type=imgoptm HTTP/1.1" 200 0 "-" "WordPress/6.8.1; https://www.middleeastoday.com"
57.141.2.33 - - [02/Mar/2026:09:49:46 -0500] "GET /etihad-airways-extends-zanzibar-flights-to-january-2023/ HTTP/1.1" 200 103951 "-" "meta-externalagent/1.1 (+https://developers.facebook.com/docs/sharing/webmasters/crawler)"
40.77.167.30 - - [02/Mar/2026:09:51:23 -0500] "GET /wp-content/plugins/contact-form-7/includes/swv/js/index.js?ver=6.0.6 HTTP/1.1" 200 3369 "-" "Mozilla/5.0 AppleWebKit/537.36 (KHTML, like Gecko; compatible; bingbot/2.0; +http://www.bing.com/bingbot.htm) Chrome/116.0.1938.76 Safari/537.36"
93.158.91.11 - - [02/Mar/2026:09:55:22 -0500] "GET / HTTP/1.1" 301 0 "-" "Mozilla/5.0 (Windows NT 10.0; Win64; x64) AppleWebKit/537.36 (KHTML, like Gecko) Chrome/105.0.0.0 Safari/537.36"
162.213.253.84 - - [02/Mar/2026:09:55:24 -0500] "POST /wp-admin/admin-ajax.php?action=async_litespeed&nonce=MNssAgll5CpATQXIUEP6Z4hh0TO2w56C&litespeed_type=imgoptm HTTP/1.1" 200 21 "-" "WordPress/6.8.1; https://www.middleeastoday.com"
93.158.91.11 - - [02/Mar/2026:09:55:26 -0500] "GET /favicon.ico HTTP/1.1" 404 1251 "-" "Mozilla/5.0 (Windows NT 10.0; Win64; x64) AppleWebKit/537.36 (KHTML, like Gecko) Chrome/105.0.0.0 Safari/537.36"
57.141.2.37 - - [02/Mar/2026:09:55:31 -0500] "GET /mohamed-bin-zayed-president-of-ghana-review-advancing-bilateral-relations/ HTTP/1.1" 200 105512 "-" "meta-externalagent/1.1 (+https://developers.facebook.com/docs/sharing/webmasters/crawler)"
57.141.2.67 - - [02/Mar/2026:09:42:02 -0500] "GET /time-hotels-celebrates-10th-anniversary/ HTTP/1.1" 200 107533 "-" "meta-externalagent/1.1 (+https://developers.facebook.com/docs/sharing/webmasters/crawler)"
179.60.134.143 - - [02/Mar/2026:09:43:34 -0500] "GET /wp-json/oembed/1.0/embed?url=https%3A%2F%2Fwww.middleeastoday.com%2Ffirst-emirates-conference-on-organ-transplantation-for-cancer-patients-launches%2F HTTP/1.1" 200 2668 "-" "Mozilla/5.0 (Macintosh; Intel Mac OS X 10_14_6) AppleWebKit/537.36 (KHTML, like Gecko) Brave Chrome/80.0.3987.122 Safari/537.36"
43.134.93.245 - - [02/Mar/2026:09:44:45 -0500] "GET /sultan-bin-ahmed-inaugurates-sharjah-international-film-festival/ HTTP/1.1" 200 23126 "-" "Sogou web spider/4.0(+http://www.sogou.com/docs/help/webmasters.htm#07)"
162.213.253.84 - - [02/Mar/2026:09:46:25 -0500] "POST /wp-cron.php?doing_wp_cron=1772462785.6000049114227294921875 HTTP/1.1" 200 0 "-" "WordPress/6.8.1; https://www.middleeastoday.com"
43.173.176.168 - - [02/Mar/2026:09:46:26 -0500] "GET /dlds-moasher-tracks-highest-ever-number-of-quarterly-real-estate-transactions-since-2010/ HTTP/1.1" 200 23968 "-" "Mozilla/5.0 (Windows NT 10.0; Win64; x64) AppleWebKit/537.36 (KHTML, like Gecko) Chrome/120.0.0.0 Safari/537.36"
114.119.141.228 - - [02/Mar/2026:09:49:13 -0500] "GET /category/international-news/page/3 HTTP/1.1" 301 0 "https://www.middleeastoday.com/category/international-news/page/4" "Mozilla/5.0 (Linux; Android 7.0;) AppleWebKit/537.36 (KHTML, like Gecko) Mobile Safari/537.36 (compatible; PetalBot;+https://webmaster.petalsearch.com/site/petalbot)"
114.119.141.228 - - [02/Mar/2026:09:49:16 -0500] "GET /category/international-news/page/3/ HTTP/1.1" 200 24075 "https://www.middleeastoday.com/category/international-news/page/4" "Mozilla/5.0 (Linux; Android 7.0;) AppleWebKit/537.36 (KHTML, like Gecko) Mobile Safari/537.36 (compatible; PetalBot;+https://webmaster.petalsearch.com/site/petalbot)"
57.141.2.62 - - [02/Mar/2026:09:50:58 -0500] "GET /president-of-sharjah-institute-for-heritage-receives-ambassador-of-north-macedonia/ HTTP/1.1" 200 104799 "-" "meta-externalagent/1.1 (+https://developers.facebook.com/docs/sharing/webmasters/crawler)"
40.77.167.5 - - [02/Mar/2026:09:51:03 -0500] "GET /dubai-corporation-for-ambulance-services-unveils-worlds-fastest-and-most-expensive-ambulance-responder-at-expo-2020-dubai/ HTTP/1.1" 200 20884 "-" "Mozilla/5.0 AppleWebKit/537.36 (KHTML, like Gecko; compatible; bingbot/2.0; +http://www.bing.com/bingbot.htm) Chrome/116.0.1938.76 Safari/537.36"
57.141.2.12 - - [02/Mar/2026:09:52:09 -0500] "GET /khaled-bin-mohamed-bin-zayed-meets-prime-minister-of-albania/ HTTP/1.1" 200 104924 "-" "meta-externalagent/1.1 (+https://developers.facebook.com/docs/sharing/webmasters/crawler)"
162.213.253.84 - - [02/Mar/2026:09:55:23 -0500] "POST /wp-cron.php?doing_wp_cron=1772463323.6595330238342285156250 HTTP/1.1" 200 0 "-" "WordPress/6.8.1; https://www.middleeastoday.com"
93.158.91.11 - - [02/Mar/2026:09:55:25 -0500] "GET / HTTP/1.1" 200 38646 "-" "Mozilla/5.0 (Windows NT 10.0; Win64; x64) AppleWebKit/537.36 (KHTML, like Gecko) Chrome/105.0.0.0 Safari/537.36"
110.249.202.156 - - [02/Mar/2026:09:57:26 -0500] "GET /robots.txt HTTP/1.1" 200 117 "-" "Mozilla/5.0 (Linux; Android 5.0) AppleWebKit/537.36 (KHTML, like Gecko) Mobile Safari/537.36 (compatible; Bytespider; https://zhanzhang.toutiao.com/)"
57.141.2.22 - - [02/Mar/2026:10:00:49 -0500] "GET /world-health-assembly-unanimously-endorses-uaes-proposal-to-promote-quality-of-life/ HTTP/1.1" 200 109806 "-" "meta-externalagent/1.1 (+https://developers.facebook.com/docs/sharing/webmasters/crawler)"
120.209.88.95 - - [02/Mar/2026:10:00:59 -0500] "GET /wp-content/plugins/elementor-1/assets/css/frontend-lite.min.css?ver=3.21.1 HTTP/1.1" 200 13067 "https://www.middleeastoday.com/delta-wealth-partners-announces-strategic-investment-in-taka-sports-at-gitex-global-2025/" "Mozilla/5.0 (Windows NT 10.0; Win64; x64) AppleWebKit/537.36 (KHTML, like Gecko) Chrome/139.0.0.0 Safari/537.36"
120.209.88.95 - - [02/Mar/2026:10:00:59 -0500] "GET /wp-content/uploads/elementor/css/post-3932.css?ver=1762520240 HTTP/1.1" 200 1066 "https://www.middleeastoday.com/delta-wealth-partners-announces-strategic-investment-in-taka-sports-at-gitex-global-2025/" "Mozilla/5.0 (Windows NT 10.0; Win64; x64) AppleWebKit/537.36 (KHTML, like Gecko) Chrome/139.0.0.0 Safari/537.36"
120.209.88.95 - - [02/Mar/2026:10:00:59 -0500] "GET /wp-includes/css/dist/block-library/style.min.css?ver=6.8.1 HTTP/1.1" 200 14358 "https://www.middleeastoday.com/delta-wealth-partners-announces-strategic-investment-in-taka-sports-at-gitex-global-2025/" "Mozilla/5.0 (Windows NT 10.0; Win64; x64) AppleWebKit/537.36 (KHTML, like Gecko) Chrome/139.0.0.0 Safari/537.36"
120.209.88.95 - - [02/Mar/2026:10:00:59 -0500] "GET /wp-content/plugins/accesspress-social-counter/css/frontend.css?ver=1.9.2 HTTP/1.1" 200 2295 "https://www.middleeastoday.com/delta-wealth-partners-announces-strategic-investment-in-taka-sports-at-gitex-global-2025/" "Mozilla/5.0 (Windows NT 10.0; Win64; x64) AppleWebKit/537.36 (KHTML, like Gecko) Chrome/139.0.0.0 Safari/537.36"
120.209.88.95 - - [02/Mar/2026:10:00:59 -0500] "GET /wp-content/plugins/contact-form-7/includes/css/styles.css?ver=6.0.6 HTTP/1.1" 200 890 "https://www.middleeastoday.com/delta-wealth-partners-announces-strategic-investment-in-taka-sports-at-gitex-global-2025/" "Mozilla/5.0 (Windows NT 10.0; Win64; x64) AppleWebKit/537.36 (KHTML, like Gecko) Chrome/139.0.0.0 Safari/537.36"
120.209.88.95 - - [02/Mar/2026:10:00:59 -0500] "GET /wp-content/themes/digiqole/assets/css/bootstrap.min.css?ver=2.1.1 HTTP/1.1" 200 18543 "https://www.middleeastoday.com/delta-wealth-partners-announces-strategic-investment-in-taka-sports-at-gitex-global-2025/" "Mozilla/5.0 (Windows NT 10.0; Win64; x64) AppleWebKit/537.36 (KHTML, like Gecko) Chrome/139.0.0.0 Safari/537.36"
120.209.88.95 - - [02/Mar/2026:10:00:59 -0500] "GET /wp-content/plugins/elementskit-lite/widgets/init/assets/css/responsive.css?ver=3.5.0 HTTP/1.1" 200 2859 "https://www.middleeastoday.com/delta-wealth-partners-announces-strategic-investment-in-taka-sports-at-gitex-global-2025/" "Mozilla/5.0 (Windows NT 10.0; Win64; x64) AppleWebKit/537.36 (KHTML, like Gecko) Chrome/139.0.0.0 Safari/537.36"
120.209.88.95 - - [02/Mar/2026:10:00:59 -0500] "GET /wp-content/plugins/elementskit-lite/widgets/init/assets/css/widget-styles.css?ver=3.5.0 HTTP/1.1" 200 48223 "https://www.middleeastoday.com/delta-wealth-partners-announces-strategic-investment-in-taka-sports-at-gitex-global-2025/" "Mozilla/5.0 (Windows NT 10.0; Win64; x64) AppleWebKit/537.36 (KHTML, like Gecko) Chrome/139.0.0.0 Safari/537.36"
120.209.88.95 - - [02/Mar/2026:10:00:59 -0500] "GET /wp-content/plugins/elementor-1/assets/lib/font-awesome/css/solid.min.css?ver=5.15.3 HTTP/1.1" 200 286 "https://www.middleeastoday.com/delta-wealth-partners-announces-strategic-investment-in-taka-sports-at-gitex-global-2025/" "Mozilla/5.0 (Windows NT 10.0; Win64; x64) AppleWebKit/537.36 (KHTML, like Gecko) Chrome/139.0.0.0 Safari/537.36"
111.225.148.239 - - [02/Mar/2026:09:57:02 -0500] "GET /robots.txt HTTP/1.1" 301 0 "-" "Mozilla/5.0 (Linux; Android 5.0) AppleWebKit/537.36 (KHTML, like Gecko) Mobile Safari/537.36 (compatible; Bytespider; https://zhanzhang.toutiao.com/)"
111.225.148.101 - - [02/Mar/2026:09:57:04 -0500] "GET /robots.txt HTTP/1.1" 200 117 "-" "Mozilla/5.0 (Linux; Android 5.0) AppleWebKit/537.36 (KHTML, like Gecko) Mobile Safari/537.36 (compatible; Bytespider; https://zhanzhang.toutiao.com/)"
40.77.167.30 - - [02/Mar/2026:09:58:04 -0500] "GET /wp-content/uploads/2022/09/UNCTAD-455x300.jpg HTTP/1.1" 200 23146 "-" "Mozilla/5.0 AppleWebKit/537.36 (KHTML, like Gecko; compatible; bingbot/2.0; +http://www.bing.com/bingbot.htm) Chrome/116.0.1938.76 Safari/537.36"
167.114.139.78 - - [02/Mar/2026:09:59:05 -0500] "GET /dxb-live-wins-best-community-event-at-middle-east-event-awards/ HTTP/1.1" 200 20819 "-" "Mozilla/5.0 (compatible; AhrefsBot/7.0; +http://ahrefs.com/robot/)"
120.209.88.95 - - [02/Mar/2026:10:00:58 -0500] "GET /delta-wealth-partners-announces-strategic-investment-in-taka-sports-at-gitex-global-2025/ HTTP/1.1" 200 20799 "-" "Mozilla/5.0 (Windows NT 10.0; Win64; x64) AppleWebKit/537.36 (KHTML, like Gecko) Chrome/139.0.0.0 Safari/537.36"
120.209.88.95 - - [02/Mar/2026:10:00:59 -0500] "GET /wp-content/plugins/accesspress-social-counter/css/fontawesome-all.css?ver=1.9.2 HTTP/1.1" 200 8084 "https://www.middleeastoday.com/delta-wealth-partners-announces-strategic-investment-in-taka-sports-at-gitex-global-2025/" "Mozilla/5.0 (Windows NT 10.0; Win64; x64) AppleWebKit/537.36 (KHTML, like Gecko) Chrome/139.0.0.0 Safari/537.36"
120.209.88.95 - - [02/Mar/2026:10:00:59 -0500] "GET /wp-content/themes/digiqole/assets/css/all.css?ver=2.1.1 HTTP/1.1" 200 7048 "https://www.middleeastoday.com/delta-wealth-partners-announces-strategic-investment-in-taka-sports-at-gitex-global-2025/" "Mozilla/5.0 (Windows NT 10.0; Win64; x64) AppleWebKit/537.36 (KHTML, like Gecko) Chrome/139.0.0.0 Safari/537.36"
120.209.88.95 - - [02/Mar/2026:10:00:59 -0500] "GET /wp-content/themes/digiqole/assets/css/master.css?ver=2.1.1 HTTP/1.1" 200 43295 "https://www.middleeastoday.com/delta-wealth-partners-announces-strategic-investment-in-taka-sports-at-gitex-global-2025/" "Mozilla/5.0 (Windows NT 10.0; Win64; x64) AppleWebKit/537.36 (KHTML, like Gecko) Chrome/139.0.0.0 Safari/537.36"
120.209.88.95 - - [02/Mar/2026:10:00:59 -0500] "GET /wp-content/themes/digiqole/assets/css/icon-font.css?ver=2.1.1 HTTP/1.1" 200 1106 "https://www.middleeastoday.com/delta-wealth-partners-announces-strategic-investment-in-taka-sports-at-gitex-global-2025/" "Mozilla/5.0 (Windows NT 10.0; Win64; x64) AppleWebKit/537.36 (KHTML, like Gecko) Chrome/139.0.0.0 Safari/537.36"
120.209.88.95 - - [02/Mar/2026:10:00:59 -0500] "GET /wp-content/plugins/elementor-1/assets/lib/font-awesome/css/fontawesome.min.css?ver=5.15.3 HTTP/1.1" 200 12164 "https://www.middleeastoday.com/delta-wealth-partners-announces-strategic-investment-in-taka-sports-at-gitex-global-2025/" "Mozilla/5.0 (Windows NT 10.0; Win64; x64) AppleWebKit/537.36 (KHTML, like Gecko) Chrome/139.0.0.0 Safari/537.36"
120.209.88.95 - - [02/Mar/2026:10:00:59 -0500] "GET /wp-includes/js/jquery/jquery.min.js?ver=3.7.1 HTTP/1.1" 200 29744 "https://www.middleeastoday.com/delta-wealth-partners-announces-strategic-investment-in-taka-sports-at-gitex-global-2025/" "Mozilla/5.0 (Windows NT 10.0; Win64; x64) AppleWebKit/537.36 (KHTML, like Gecko) Chrome/139.0.0.0 Safari/537.36"
120.209.88.95 - - [02/Mar/2026:10:00:59 -0500] "GET /wp-includes/js/jquery/jquery-migrate.min.js?ver=3.4.1 HTTP/1.1" 200 4678 "https://www.middleeastoday.com/delta-wealth-partners-announces-strategic-investment-in-taka-sports-at-gitex-global-2025/" "Mozilla/5.0 (Windows NT 10.0; Win64; x64) AppleWebKit/537.36 (KHTML, like Gecko) Chrome/139.0.0.0 Safari/537.36"
57.141.2.14 - - [02/Mar/2026:10:01:49 -0500] "GET /hamdan-bin-mohammed-arrives-in-new-delhi-on-official-visit-to-india/ HTTP/1.1" 200 104474 "-" "meta-externalagent/1.1 (+https://developers.facebook.com/docs/sharing/webmasters/crawler)"
120.209.88.95 - - [02/Mar/2026:10:00:59 -0500] "GET /wp-content/plugins/elementskit-lite/modules/elementskit-icon-pack/assets/css/ekiticons.css?ver=3.5.0 HTTP/1.1" 200 11776 "https://www.middleeastoday.com/delta-wealth-partners-announces-strategic-investment-in-taka-sports-at-gitex-global-2025/" "Mozilla/5.0 (Windows NT 10.0; Win64; x64) AppleWebKit/537.36 (KHTML, like Gecko) Chrome/139.0.0.0 Safari/537.36"
3.85.204.193 - - [02/Mar/2026:10:05:05 -0500] "GET /category/music-concerts/ HTTP/1.1" 200 101699 "-" "Mozilla/4.0 (compatible; MSIE 7.0; Windows NT 6.0) Mozilla/5.0 (Windows NT 10.0; Win64; x64) AppleWebKit/537.36 (KHTML, like Gecko) Chrome/91.0.4472.124 Safari/537.36"
3.85.204.193 - - [02/Mar/2026:10:05:10 -0500] "GET /category/home_side/ HTTP/1.1" 200 121861 "-" "Mozilla/4.0 (compatible; MSIE 7.0; Windows NT 6.0) Mozilla/5.0 (Windows NT 10.0; Win64; x64) AppleWebKit/537.36 (KHTML, like Gecko) Chrome/91.0.4472.124 Safari/537.36"
3.85.204.193 - - [02/Mar/2026:10:05:12 -0500] "GET /category/travel-tourism/destinations/ HTTP/1.1" 200 123182 "-" "Mozilla/4.0 (compatible; MSIE 7.0; Windows NT 6.0) Mozilla/5.0 (Windows NT 10.0; Win64; x64) AppleWebKit/537.36 (KHTML, like Gecko) Chrome/91.0.4472.124 Safari/537.36"
3.85.204.193 - - [02/Mar/2026:10:05:18 -0500] "GET /category/entertainment/ HTTP/1.1" 200 99105 "-" "Mozilla/4.0 (compatible; MSIE 7.0; Windows NT 6.0) Mozilla/5.0 (Windows NT 10.0; Win64; x64) AppleWebKit/537.36 (KHTML, like Gecko) Chrome/91.0.4472.124 Safari/537.36"
3.85.204.193 - - [02/Mar/2026:10:05:19 -0500] "GET /category/travel-tourism/ HTTP/1.1" 200 123600 "-" "Mozilla/4.0 (compatible; MSIE 7.0; Windows NT 6.0) Mozilla/5.0 (Windows NT 10.0; Win64; x64) AppleWebKit/537.36 (KHTML, like Gecko) Chrome/91.0.4472.124 Safari/537.36"
3.85.204.193 - - [02/Mar/2026:10:05:22 -0500] "GET /category/conferences/ HTTP/1.1" 200 111702 "-" "Mozilla/4.0 (compatible; MSIE 7.0; Windows NT 6.0) Mozilla/5.0 (Windows NT 10.0; Win64; x64) AppleWebKit/537.36 (KHTML, like Gecko) Chrome/91.0.4472.124 Safari/537.36"
3.85.204.193 - - [02/Mar/2026:10:05:27 -0500] "GET /category/real-estate/ HTTP/1.1" 200 121395 "-" "Mozilla/4.0 (compatible; MSIE 7.0; Windows NT 6.0) Mozilla/5.0 (Windows NT 10.0; Win64; x64) AppleWebKit/537.36 (KHTML, like Gecko) Chrome/91.0.4472.124 Safari/537.36"
3.85.204.193 - - [02/Mar/2026:10:05:30 -0500] "GET /category/articles/ HTTP/1.1" 200 101387 "-" "Mozilla/4.0 (compatible; MSIE 7.0; Windows NT 6.0) Mozilla/5.0 (Windows NT 10.0; Win64; x64) AppleWebKit/537.36 (KHTML, like Gecko) Chrome/91.0.4472.124 Safari/537.36"
3.85.204.193 - - [02/Mar/2026:10:05:35 -0500] "GET /category/products/ HTTP/1.1" 200 121541 "-" "Mozilla/4.0 (compatible; MSIE 7.0; Windows NT 6.0) Mozilla/5.0 (Windows NT 10.0; Win64; x64) AppleWebKit/537.36 (KHTML, like Gecko) Chrome/91.0.4472.124 Safari/537.36"
3.85.204.193 - - [02/Mar/2026:10:05:40 -0500] "GET /category/health-2/ HTTP/1.1" 200 121833 "-" "Mozilla/4.0 (compatible; MSIE 7.0; Windows NT 6.0) Mozilla/5.0 (Windows NT 10.0; Win64; x64) AppleWebKit/537.36 (KHTML, like Gecko) Chrome/91.0.4472.124 Safari/537.36"
3.85.204.193 - - [02/Mar/2026:10:05:42 -0500] "GET /category/art/ HTTP/1.1" 200 121534 "-" "Mozilla/4.0 (compatible; MSIE 7.0; Windows NT 6.0) Mozilla/5.0 (Windows NT 10.0; Win64; x64) AppleWebKit/537.36 (KHTML, like Gecko) Chrome/91.0.4472.124 Safari/537.36"
3.85.204.193 - - [02/Mar/2026:10:05:45 -0500] "GET /category/travel-tourism/airlines/ HTTP/1.1" 200 122842 "-" "Mozilla/4.0 (compatible; MSIE 7.0; Windows NT 6.0) Mozilla/5.0 (Windows NT 10.0; Win64; x64) AppleWebKit/537.36 (KHTML, like Gecko) Chrome/91.0.4472.124 Safari/537.36"
3.85.204.193 - - [02/Mar/2026:10:05:49 -0500] "GET /category/beauty-fashion/ HTTP/1.1" 200 122556 "-" "Mozilla/4.0 (compatible; MSIE 7.0; Windows NT 6.0) Mozilla/5.0 (Windows NT 10.0; Win64; x64) AppleWebKit/537.36 (KHTML, like Gecko) Chrome/91.0.4472.124 Safari/537.36"
3.85.204.193 - - [02/Mar/2026:10:05:08 -0500] "GET /category/uncategorized/ HTTP/1.1" 200 121982 "-" "Mozilla/4.0 (compatible; MSIE 7.0; Windows NT 6.0) Mozilla/5.0 (Windows NT 10.0; Win64; x64) AppleWebKit/537.36 (KHTML, like Gecko) Chrome/91.0.4472.124 Safari/537.36"
3.85.204.193 - - [02/Mar/2026:10:05:14 -0500] "GET /category/exhibitions/ HTTP/1.1" 200 122723 "-" "Mozilla/4.0 (compatible; MSIE 7.0; Windows NT 6.0) Mozilla/5.0 (Windows NT 10.0; Win64; x64) AppleWebKit/537.36 (KHTML, like Gecko) Chrome/91.0.4472.124 Safari/537.36"
3.85.204.193 - - [02/Mar/2026:10:05:16 -0500] "GET /category/news/ HTTP/1.1" 200 101420 "-" "Mozilla/4.0 (compatible; MSIE 7.0; Windows NT 6.0) Mozilla/5.0 (Windows NT 10.0; Win64; x64) AppleWebKit/537.36 (KHTML, like Gecko) Chrome/91.0.4472.124 Safari/537.36"
3.85.204.193 - - [02/Mar/2026:10:05:20 -0500] "GET /category/press-releases/ HTTP/1.1" 200 99009 "-" "Mozilla/4.0 (compatible; MSIE 7.0; Windows NT 6.0) Mozilla/5.0 (Windows NT 10.0; Win64; x64) AppleWebKit/537.36 (KHTML, like Gecko) Chrome/91.0.4472.124 Safari/537.36"
3.85.204.193 - - [02/Mar/2026:10:05:23 -0500] "GET /category/international-news/ HTTP/1.1" 200 122934 "-" "Mozilla/4.0 (compatible; MSIE 7.0; Windows NT 6.0) Mozilla/5.0 (Windows NT 10.0; Win64; x64) AppleWebKit/537.36 (KHTML, like Gecko) Chrome/91.0.4472.124 Safari/537.36"
3.85.204.193 - - [02/Mar/2026:10:05:26 -0500] "GET /category/business/ HTTP/1.1" 200 121700 "-" "Mozilla/4.0 (compatible; MSIE 7.0; Windows NT 6.0) Mozilla/5.0 (Windows NT 10.0; Win64; x64) AppleWebKit/537.36 (KHTML, like Gecko) Chrome/91.0.4472.124 Safari/537.36"
3.85.204.193 - - [02/Mar/2026:10:05:38 -0500] "GET /category/national-news/ HTTP/1.1" 200 122061 "-" "Mozilla/4.0 (compatible; MSIE 7.0; Windows NT 6.0) Mozilla/5.0 (Windows NT 10.0; Win64; x64) AppleWebKit/537.36 (KHTML, like Gecko) Chrome/91.0.4472.124 Safari/537.36"
3.85.204.193 - - [02/Mar/2026:10:05:53 -0500] "GET /category/education/ HTTP/1.1" 200 121918 "-" "Mozilla/4.0 (compatible; MSIE 7.0; Windows NT 6.0) Mozilla/5.0 (Windows NT 10.0; Win64; x64) AppleWebKit/537.36 (KHTML, like Gecko) Chrome/91.0.4472.124 Safari/537.36"
3.85.204.193 - - [02/Mar/2026:10:05:59 -0500] "GET /category/awards/ HTTP/1.1" 200 116205 "-" "Mozilla/4.0 (compatible; MSIE 7.0; Windows NT 6.0) Mozilla/5.0 (Windows NT 10.0; Win64; x64) AppleWebKit/537.36 (KHTML, like Gecko) Chrome/91.0.4472.124 Safari/537.36"
3.85.204.193 - - [02/Mar/2026:10:06:10 -0500] "GET /category/travel-tourism/hotels/ HTTP/1.1" 200 108475 "-" "Mozilla/4.0 (compatible; MSIE 7.0; Windows NT 6.0) Mozilla/5.0 (Windows NT 10.0; Win64; x64) AppleWebKit/537.36 (KHTML, like Gecko) Chrome/91.0.4472.124 Safari/537.36"
3.85.204.193 - - [02/Mar/2026:10:06:29 -0500] "GET /category/lifestyle/tech/ HTTP/1.1" 200 101315 "-" "Mozilla/4.0 (compatible; MSIE 7.0; Windows NT 6.0) Mozilla/5.0 (Windows NT 10.0; Win64; x64) AppleWebKit/537.36 (KHTML, like Gecko) Chrome/91.0.4472.124 Safari/537.36"
43.173.172.12 - - [02/Mar/2026:10:06:39 -0500] "GET /rta-launches-two-marine-lines-in-cooperation-with-developers HTTP/1.1" 301 0 "-" "Mozilla/5.0 (Windows NT 10.0; Win64; x64) AppleWebKit/537.36 (KHTML, like Gecko) Chrome/109.0.0.0 Safari/537.36"
43.173.176.41 - - [02/Mar/2026:10:06:41 -0500] "GET /rta-launches-two-marine-lines-in-cooperation-with-developers/ HTTP/1.1" 200 23403 "-" "Mozilla/5.0 (Windows NT 10.0; Win64; x64) AppleWebKit/537.36 (KHTML, like Gecko) Chrome/109.0.0.0 Safari/537.36"
40.77.167.18 - - [02/Mar/2026:10:06:46 -0500] "GET /wp-content/uploads/2022/08/President-of-Seychelles1-455x300.jpg HTTP/1.1" 200 23855 "-" "Mozilla/5.0 AppleWebKit/537.36 (KHTML, like Gecko; compatible; bingbot/2.0; +http://www.bing.com/bingbot.htm) Chrome/116.0.1938.76 Safari/537.36"
142.44.233.99 - - [02/Mar/2026:10:08:23 -0500] "GET /commemoration-day-deepens-values-of-loyalty-and-belonging-to-the-nation-uae-president/ HTTP/1.1" 200 20869 "-" "Mozilla/5.0 (compatible; AhrefsBot/7.0; +http://ahrefs.com/robot/)"
200.80.142.163 - - [02/Mar/2026:10:10:42 -0500] "GET /the-expand-north-star-2023-exhibition-showcases-cutting-edge-technology/ HTTP/1.1" 200 24171 "-" "Mozilla/5.0 (Macintosh; Intel Mac OS X 10_13_6) AppleWebKit/537.36 (KHTML, like Gecko) Chrome/89.0.4389.69 Safari/537.36"
162.213.253.84 - - [02/Mar/2026:10:14:02 -0500] "POST /wp-cron.php?doing_wp_cron=1772464442.5949969291687011718750 HTTP/1.1" 200 0 "-" "WordPress/6.8.1; https://www.middleeastoday.com"
57.141.2.4 - - [02/Mar/2026:10:14:01 -0500] "GET /?p=6918 HTTP/1.1" 301 0 "-" "meta-externalagent/1.1 (+https://developers.facebook.com/docs/sharing/webmasters/crawler)"
57.141.2.13 - - [02/Mar/2026:10:14:04 -0500] "GET /mohap-signs-mou-to-improve-access-to-affordably-priced-innovative-medications/ HTTP/1.1" 200 108538 "-" "meta-externalagent/1.1 (+https://developers.facebook.com/docs/sharing/webmasters/crawler)"
194.187.171.153 - - [02/Mar/2026:10:17:07 -0500] "GET /robots.txt HTTP/1.1" 200 123 "-" "Mozilla/5.0 (compatible; Qwantbot/1.0; +https://help.qwant.com/bot/)"
3.85.204.193 - - [02/Mar/2026:10:06:25 -0500] "GET /category/travel-tourism/eating-out/ HTTP/1.1" 200 108596 "-" "Mozilla/4.0 (compatible; MSIE 7.0; Windows NT 6.0) Mozilla/5.0 (Windows NT 10.0; Win64; x64) AppleWebKit/537.36 (KHTML, like Gecko) Chrome/91.0.4472.124 Safari/537.36"
3.85.204.193 - - [02/Mar/2026:10:06:35 -0500] "GET /category/events/ HTTP/1.1" 200 101891 "-" "Mozilla/4.0 (compatible; MSIE 7.0; Windows NT 6.0) Mozilla/5.0 (Windows NT 10.0; Win64; x64) AppleWebKit/537.36 (KHTML, like Gecko) Chrome/91.0.4472.124 Safari/537.36"
162.213.253.84 - - [02/Mar/2026:10:06:40 -0500] "POST /wp-cron.php?doing_wp_cron=1772464000.2380170822143554687500 HTTP/1.1" 200 0 "-" "WordPress/6.8.1; https://www.middleeastoday.com"
162.213.253.84 - - [02/Mar/2026:10:06:41 -0500] "POST /wp-admin/admin-ajax.php?action=async_litespeed&nonce=HtV4DRRD5poGdhlcDzuHamwixP8NbOY6&litespeed_type=imgoptm HTTP/1.1" 200 21 "-" "WordPress/6.8.1; https://www.middleeastoday.com"
162.213.253.84 - - [02/Mar/2026:10:14:03 -0500] "POST /wp-admin/admin-ajax.php?action=async_litespeed&nonce=LSlcKj8XftIgSl91xPjo42V21vAyy3ap&litespeed_type=imgoptm HTTP/1.1" 200 21 "-" "WordPress/6.8.1; https://www.middleeastoday.com"
194.187.171.150 - - [02/Mar/2026:10:17:08 -0500] "GET /united-arab-emirates-university-achieves-5th-place-in-qs-arab-university-rankings-2025 HTTP/1.1" 301 0 "-" "Mozilla/5.0 (compatible; Qwantbot/1.0_1683912; +https://help.qwant.com/bot/)"
194.187.171.150 - - [02/Mar/2026:10:17:08 -0500] "GET /united-arab-emirates-university-achieves-5th-place-in-qs-arab-university-rankings-2025/ HTTP/1.1" 200 20568 "https://www.middleeastoday.com/united-arab-emirates-university-achieves-5th-place-in-qs-arab-university-rankings-2025" "Mozilla/5.0 (compatible; Qwantbot/1.0_1683912; +https://help.qwant.com/bot/)"
85.208.96.208 - - [02/Mar/2026:10:21:55 -0500] "GET /robots.txt HTTP/1.1" 200 117 "-" "Mozilla/5.0 (compatible; SemrushBot/7~bl; +http://www.semrush.com/bot.html)"
162.213.253.84 - - [02/Mar/2026:10:30:23 -0500] "POST /wp-cron.php?doing_wp_cron=1772465423.3860991001129150390625 HTTP/1.1" 200 0 "-" "WordPress/6.8.1; https://www.middleeastoday.com"
14.189.222.111 - - [02/Mar/2026:10:30:22 -0500] "GET /wp-json/wp/v2/posts/8283 HTTP/1.1" 200 3428 "-" "Mozilla/5.0 (Windows NT 10.0; Win64; x64) AppleWebKit/537.36 (KHTML, like Gecko) Brave Chrome/79.0.3945.88 Safari/537.36"
162.213.253.84 - - [02/Mar/2026:10:30:24 -0500] "POST /wp-admin/admin-ajax.php?action=async_litespeed&nonce=RAo0OOeq5sWOzBL3uLeaG8R2qAWRvL9C&litespeed_type=imgoptm HTTP/1.1" 200 21 "-" "WordPress/6.8.1; https://www.middleeastoday.com"
52.167.144.17 - - [02/Mar/2026:10:20:49 -0500] "GET /mohamed-bin-zayed-arrives-in-sharm-el-sheikh/ HTTP/1.1" 200 20336 "-" "Mozilla/5.0 AppleWebKit/537.36 (KHTML, like Gecko; compatible; bingbot/2.0; +http://www.bing.com/bingbot.htm) Chrome/116.0.1938.76 Safari/537.36"
57.141.2.39 - - [02/Mar/2026:10:21:27 -0500] "GET /etihad-aviation-group-transferred-into-adqs-portfolio/ HTTP/1.1" 200 105226 "-" "meta-externalagent/1.1 (+https://developers.facebook.com/docs/sharing/webmasters/crawler)"
85.208.96.199 - - [02/Mar/2026:10:21:55 -0500] "GET /uae-and-brics-partnership-seeking-to-enhance-global-development-prosperity/ HTTP/1.1" 200 25168 "-" "Mozilla/5.0 (compatible; SemrushBot/7~bl; +http://www.semrush.com/bot.html)"
185.191.171.6 - - [02/Mar/2026:10:22:28 -0500] "GET /emsteel-delivers-first-hydrogen-based-rebar-to-aldar/ HTTP/1.1" 200 23326 "-" "Mozilla/5.0 (compatible; SemrushBot/7~bl; +http://www.semrush.com/bot.html)"
57.141.2.57 - - [02/Mar/2026:10:27:20 -0500] "GET /cbuaes-gold-reserves-up-to-aed17-413-bn-by-end-of-march/ HTTP/1.1" 200 105453 "-" "meta-externalagent/1.1 (+https://developers.facebook.com/docs/sharing/webmasters/crawler)"
47.246.171.201 - - [02/Mar/2026:10:28:15 -0500] "GET https://www.middleeastoday.com/wp-content/plugins/elementor-pro/assets/css/widget-nav-menu.min.css HTTP/1.1" 200 3279 "http://www.middleeastoday.com/" "Mozilla/5.0 (Macintosh; Intel Mac OS X 10_13_5) AppleWebKit/537.36 (KHTML, like Gecko) Chrome/69.0.3497.100 Safari/537.36"
57.141.2.63 - - [02/Mar/2026:10:30:50 -0500] "GET /watch-jewellery-middle-east-show-to-draw-over-400-exhibitors/ HTTP/1.1" 200 105698 "-" "meta-externalagent/1.1 (+https://developers.facebook.com/docs/sharing/webmasters/crawler)"
46.152.144.103 - - [02/Mar/2026:10:32:09 -0500] "GET /category/yoga/ HTTP/1.1" 200 18472 "-" "Mozilla/5.0 (Linux; Android 5.1) AppleWebKit/532.2 (KHTML, like Gecko) Chrome/57.0.840.0 Safari/532.2"
162.213.253.84 - - [02/Mar/2026:10:35:00 -0500] "POST /wp-cron.php?doing_wp_cron=1772465699.9560821056365966796875 HTTP/1.1" 200 0 "-" "WordPress/6.8.1; https://www.middleeastoday.com"
114.119.130.67 - - [02/Mar/2026:10:35:23 -0500] "GET /uae-french-presidents-discuss-bilateral-ties-in-paris-witness-signing-of-uae-france-framework-for-cooperation-in-artificial-intelligence/ HTTP/1.1" 200 24739 "https://www.middleeastoday.com/author/admin/page/8/" "Mozilla/5.0 (Linux; Android 7.0;) AppleWebKit/537.36 (KHTML, like Gecko) Mobile Safari/537.36 (compatible; PetalBot;+https://webmaster.petalsearch.com/site/petalbot)"
162.213.253.84 - - [02/Mar/2026:10:38:35 -0500] "POST /wp-cron.php?doing_wp_cron=1772465915.8009350299835205078125 HTTP/1.1" 200 0 "-" "WordPress/6.8.1; https://www.middleeastoday.com"
52.5.232.250 - - [02/Mar/2026:10:38:34 -0500] "GET /wp-json/wp/v2/posts/9666 HTTP/1.1" 200 8482 "-" "Mozilla/5.0 AppleWebKit/537.36 (KHTML, like Gecko; compatible; Amazonbot/0.1; +https://developer.amazon.com/support/amazonbot) Chrome/119.0.6045.214 Safari/537.36"
162.213.253.84 - - [02/Mar/2026:10:38:36 -0500] "POST /wp-admin/admin-ajax.php?action=async_litespeed&nonce=zWymGTSg2X3B8itMOF6PjdcqpxvqUOm4&litespeed_type=imgoptm HTTP/1.1" 200 21 "-" "WordPress/6.8.1; https://www.middleeastoday.com"
162.213.253.84 - - [02/Mar/2026:10:38:38 -0500] "POST /wp-cron.php?doing_wp_cron=1772465918.8376710414886474609375 HTTP/1.1" 200 0 "-" "WordPress/6.8.1; https://www.middleeastoday.com"
3.213.213.161 - - [02/Mar/2026:10:38:38 -0500] "GET /wp-json/wp/v2/posts/8732 HTTP/1.1" 200 4504 "-" "Mozilla/5.0 AppleWebKit/537.36 (KHTML, like Gecko; compatible; Amazonbot/0.1; +https://developer.amazon.com/support/amazonbot) Chrome/119.0.6045.214 Safari/537.36"
