40.85.218.182 - - [02/Mar/2026:12:38:24 -0500] "GET /wp-admin/user/index.php HTTP/1.1" 302 0 "-" "Mozilla/5.0 (Windows NT 10.0; Win64; x64) AppleWebKit/537.36 (KHTML, like Gecko) Chrome/120.0.0.0 Safari/537.36"
40.85.218.182 - - [02/Mar/2026:12:38:26 -0500] "GET /wp-login.php HTTP/1.1" 200 1792 "-" "Mozilla/5.0 (Windows NT 10.0; Win64; x64) AppleWebKit/537.36 (KHTML, like Gecko) Chrome/120.0.0.0 Safari/537.36"
40.85.218.182 - - [02/Mar/2026:12:38:26 -0500] "GET /abc.php HTTP/1.1" 301 0 "-" "Mozilla/5.0 (Windows NT 10.0; Win64; x64) AppleWebKit/537.36 (KHTML, like Gecko) Chrome/120.0.0.0 Safari/537.36"
40.85.218.182 - - [02/Mar/2026:12:38:28 -0500] "GET /as.php HTTP/1.1" 301 0 "-" "Mozilla/5.0 (Windows NT 10.0; Win64; x64) AppleWebKit/537.36 (KHTML, like Gecko) Chrome/120.0.0.0 Safari/537.36"
40.85.218.182 - - [02/Mar/2026:12:38:28 -0500] "GET /wp-trackback.php HTTP/1.1" 404 91 "-" "Mozilla/5.0 (Windows NT 10.0; Win64; x64) AppleWebKit/537.36 (KHTML, like Gecko) Chrome/120.0.0.0 Safari/537.36"
40.85.218.182 - - [02/Mar/2026:12:38:30 -0500] "GET /file.php HTTP/1.1" 301 0 "-" "Mozilla/5.0 (Windows NT 10.0; Win64; x64) AppleWebKit/537.36 (KHTML, like Gecko) Chrome/120.0.0.0 Safari/537.36"
40.85.218.182 - - [02/Mar/2026:12:38:31 -0500] "GET /wp-good.php HTTP/1.1" 301 0 "-" "Mozilla/5.0 (Windows NT 10.0; Win64; x64) AppleWebKit/537.36 (KHTML, like Gecko) Chrome/120.0.0.0 Safari/537.36"
40.85.218.182 - - [02/Mar/2026:12:38:33 -0500] "GET /goods.php HTTP/1.1" 301 0 "-" "Mozilla/5.0 (Windows NT 10.0; Win64; x64) AppleWebKit/537.36 (KHTML, like Gecko) Chrome/120.0.0.0 Safari/537.36"
40.85.218.182 - - [02/Mar/2026:12:38:33 -0500] "GET /class-t.api.php HTTP/1.1" 301 0 "-" "Mozilla/5.0 (Windows NT 10.0; Win64; x64) AppleWebKit/537.36 (KHTML, like Gecko) Chrome/120.0.0.0 Safari/537.36"
40.85.218.182 - - [02/Mar/2026:12:38:35 -0500] "GET /kbfr.php HTTP/1.1" 301 0 "-" "Mozilla/5.0 (Windows NT 10.0; Win64; x64) AppleWebKit/537.36 (KHTML, like Gecko) Chrome/120.0.0.0 Safari/537.36"
40.85.218.182 - - [02/Mar/2026:12:38:37 -0500] "GET /chosen.php?p= HTTP/1.1" 301 0 "-" "Mozilla/5.0 (Windows NT 10.0; Win64; x64) AppleWebKit/537.36 (KHTML, like Gecko) Chrome/120.0.0.0 Safari/537.36"
40.85.218.182 - - [02/Mar/2026:12:38:38 -0500] "GET /defaults.php HTTP/1.1" 301 0 "-" "Mozilla/5.0 (Windows NT 10.0; Win64; x64) AppleWebKit/537.36 (KHTML, like Gecko) Chrome/120.0.0.0 Safari/537.36"
40.85.218.182 - - [02/Mar/2026:12:38:40 -0500] "GET /wp-admin/images/ HTTP/1.1" 403 1242 "-" "Mozilla/5.0 (Windows NT 10.0; Win64; x64) AppleWebKit/537.36 (KHTML, like Gecko) Chrome/120.0.0.0 Safari/537.36"
40.85.218.182 - - [02/Mar/2026:12:38:41 -0500] "GET /wp-content/admin.php HTTP/1.1" 301 0 "-" "Mozilla/5.0 (Windows NT 10.0; Win64; x64) AppleWebKit/537.36 (KHTML, like Gecko) Chrome/120.0.0.0 Safari/537.36"
40.85.218.182 - - [02/Mar/2026:12:38:42 -0500] "GET /wp-admin/css/colors/ectoplasm/ HTTP/1.1" 403 1242 "-" "Mozilla/5.0 (Windows NT 10.0; Win64; x64) AppleWebKit/537.36 (KHTML, like Gecko) Chrome/120.0.0.0 Safari/537.36"
40.85.218.182 - - [02/Mar/2026:12:38:43 -0500] "GET /wp-content/themes/index.php HTTP/1.1" 200 0 "-" "Mozilla/5.0 (Windows NT 10.0; Win64; x64) AppleWebKit/537.36 (KHTML, like Gecko) Chrome/120.0.0.0 Safari/537.36"
40.85.218.182 - - [02/Mar/2026:12:38:43 -0500] "GET /wp-content/plugins/index.php HTTP/1.1" 200 0 "-" "Mozilla/5.0 (Windows NT 10.0; Win64; x64) AppleWebKit/537.36 (KHTML, like Gecko) Chrome/120.0.0.0 Safari/537.36"
40.85.218.182 - - [02/Mar/2026:12:38:32 -0500] "GET /xmlrpc.php HTTP/1.1" 405 46 "-" "Mozilla/5.0 (Windows NT 10.0; Win64; x64) AppleWebKit/537.36 (KHTML, like Gecko) Chrome/120.0.0.0 Safari/537.36"
40.85.218.182 - - [02/Mar/2026:12:38:34 -0500] "GET /sf.php HTTP/1.1" 301 0 "-" "Mozilla/5.0 (Windows NT 10.0; Win64; x64) AppleWebKit/537.36 (KHTML, like Gecko) Chrome/120.0.0.0 Safari/537.36"
40.85.218.182 - - [02/Mar/2026:12:38:36 -0500] "GET /autoload_classmap.php HTTP/1.1" 301 0 "-" "Mozilla/5.0 (Windows NT 10.0; Win64; x64) AppleWebKit/537.36 (KHTML, like Gecko) Chrome/120.0.0.0 Safari/537.36"
40.85.218.182 - - [02/Mar/2026:12:38:37 -0500] "GET /classwithtostring.php HTTP/1.1" 301 0 "-" "Mozilla/5.0 (Windows NT 10.0; Win64; x64) AppleWebKit/537.36 (KHTML, like Gecko) Chrome/120.0.0.0 Safari/537.36"
40.85.218.182 - - [02/Mar/2026:12:38:39 -0500] "GET /wp-includes/ HTTP/1.1" 403 1242 "-" "Mozilla/5.0 (Windows NT 10.0; Win64; x64) AppleWebKit/537.36 (KHTML, like Gecko) Chrome/120.0.0.0 Safari/537.36"
40.85.218.182 - - [02/Mar/2026:12:38:39 -0500] "GET /.well-known/ HTTP/1.1" 403 1242 "-" "Mozilla/5.0 (Windows NT 10.0; Win64; x64) AppleWebKit/537.36 (KHTML, like Gecko) Chrome/120.0.0.0 Safari/537.36"
40.85.218.182 - - [02/Mar/2026:12:38:39 -0500] "GET /info.php HTTP/1.1" 301 0 "-" "Mozilla/5.0 (Windows NT 10.0; Win64; x64) AppleWebKit/537.36 (KHTML, like Gecko) Chrome/120.0.0.0 Safari/537.36"
40.85.218.182 - - [02/Mar/2026:12:38:40 -0500] "GET /cgi-bin/ HTTP/1.1" 404 1251 "-" "Mozilla/5.0 (Windows NT 10.0; Win64; x64) AppleWebKit/537.36 (KHTML, like Gecko) Chrome/120.0.0.0 Safari/537.36"
40.85.218.182 - - [02/Mar/2026:12:38:40 -0500] "GET /uploads/ HTTP/1.1" 301 0 "-" "Mozilla/5.0 (Windows NT 10.0; Win64; x64) AppleWebKit/537.36 (KHTML, like Gecko) Chrome/120.0.0.0 Safari/537.36"
40.85.218.182 - - [02/Mar/2026:12:38:40 -0500] "GET /wp-includes/Requests/src/Response/about.php HTTP/1.1" 301 0 "-" "Mozilla/5.0 (Windows NT 10.0; Win64; x64) AppleWebKit/537.36 (KHTML, like Gecko) Chrome/120.0.0.0 Safari/537.36"
40.85.218.182 - - [02/Mar/2026:12:38:41 -0500] "GET /wp-includes/html-api/ HTTP/1.1" 403 1242 "-" "Mozilla/5.0 (Windows NT 10.0; Win64; x64) AppleWebKit/537.36 (KHTML, like Gecko) Chrome/120.0.0.0 Safari/537.36"
40.85.218.182 - - [02/Mar/2026:12:38:42 -0500] "GET /wp-content/uploads/ HTTP/1.1" 403 1242 "-" "Mozilla/5.0 (Windows NT 10.0; Win64; x64) AppleWebKit/537.36 (KHTML, like Gecko) Chrome/120.0.0.0 Safari/537.36"
40.85.218.182 - - [02/Mar/2026:12:38:42 -0500] "GET /wp-content/themes/admin.php HTTP/1.1" 301 0 "-" "Mozilla/5.0 (Windows NT 10.0; Win64; x64) AppleWebKit/537.36 (KHTML, like Gecko) Chrome/120.0.0.0 Safari/537.36"
40.85.218.182 - - [02/Mar/2026:12:38:43 -0500] "GET /wp-includes/images/ HTTP/1.1" 403 1242 "-" "Mozilla/5.0 (Windows NT 10.0; Win64; x64) AppleWebKit/537.36 (KHTML, like Gecko) Chrome/120.0.0.0 Safari/537.36"
40.85.218.182 - - [02/Mar/2026:12:38:43 -0500] "GET /wp-content/plugins/WordPressCore/ HTTP/1.1" 301 0 "-" "Mozilla/5.0 (Windows NT 10.0; Win64; x64) AppleWebKit/537.36 (KHTML, like Gecko) Chrome/120.0.0.0 Safari/537.36"
114.119.138.37 - - [02/Mar/2026:12:39:07 -0500] "GET /author/admin/page/91/ HTTP/1.1" 200 24095 "https://www.middleeastoday.com/author/admin/page/91" "Mozilla/5.0 (Linux; Android 7.0;) AppleWebKit/537.36 (KHTML, like Gecko) Mobile Safari/537.36 (compatible; PetalBot;+https://webmaster.petalsearch.com/site/petalbot)"
15.235.98.133 - - [02/Mar/2026:12:40:25 -0500] "GET /wp-sitemap.xml HTTP/1.1" 200 223 "-" "Mozilla/5.0 (compatible; AhrefsBot/7.0; +http://ahrefs.com/robot/)"
54.39.210.4 - - [02/Mar/2026:12:40:29 -0500] "GET /wp-sitemap-posts-post-1.xml HTTP/1.1" 200 35382 "-" "Mozilla/5.0 (compatible; AhrefsBot/7.0; +http://ahrefs.com/robot/)"
114.119.132.207 - - [02/Mar/2026:12:40:30 -0500] "GET /author/admin/page/89/ HTTP/1.1" 200 23800 "https://www.middleeastoday.com/author/admin/page/91" "Mozilla/5.0 (Linux; Android 7.0;) AppleWebKit/537.36 (KHTML, like Gecko) Mobile Safari/537.36 (compatible; PetalBot;+https://webmaster.petalsearch.com/site/petalbot)"
40.85.218.182 - - [02/Mar/2026:12:38:43 -0500] "GET /wp-includes/PHPMailer/ HTTP/1.1" 403 1242 "-" "Mozilla/5.0 (Windows NT 10.0; Win64; x64) AppleWebKit/537.36 (KHTML, like Gecko) Chrome/120.0.0.0 Safari/537.36"
54.39.136.52 - - [02/Mar/2026:12:40:35 -0500] "GET /wp-sitemap-posts-elementskit_template-1.xml HTTP/1.1" 200 203 "-" "Mozilla/5.0 (compatible; AhrefsBot/7.0; +http://ahrefs.com/robot/)"
51.222.168.250 - - [02/Mar/2026:12:40:39 -0500] "GET /wp-sitemap-taxonomies-category-1.xml HTTP/1.1" 200 398 "-" "Mozilla/5.0 (compatible; AhrefsBot/7.0; +http://ahrefs.com/robot/)"
148.113.130.171 - - [02/Mar/2026:12:40:42 -0500] "GET /wp-sitemap-taxonomies-post_tag-1.xml HTTP/1.1" 200 169 "-" "Mozilla/5.0 (compatible; AhrefsBot/7.0; +http://ahrefs.com/robot/)"
51.161.37.182 - - [02/Mar/2026:12:40:49 -0500] "GET /wp-sitemap-users-1.xml HTTP/1.1" 200 161 "-" "Mozilla/5.0 (compatible; AhrefsBot/7.0; +http://ahrefs.com/robot/)"
57.141.2.23 - - [02/Mar/2026:12:40:57 -0500] "GET /dubai-world-cup-welcomes-ramadan-mobile-cannon-for-cultural-showcase/ HTTP/1.1" 200 106047 "-" "meta-externalagent/1.1 (+https://developers.facebook.com/docs/sharing/webmasters/crawler)"
138.201.62.99 - - [02/Mar/2026:12:41:02 -0500] "POST /wp-login.php HTTP/1.1" 200 2133 "-" "Mozilla/5.0 (Windows NT 10.0; Win64; x64) AppleWebKit/537.36 (KHTML, like Gecko) Chrome/141.0.0.0 Safari/537.36 Edg/141.0.0.0"
52.167.144.166 - - [02/Mar/2026:12:41:22 -0500] "GET /wp-content/uploads/2022/03/Wizz-Air-scaled-1-455x300.jpg HTTP/1.1" 200 14554 "-" "Mozilla/5.0 AppleWebKit/537.36 (KHTML, like Gecko; compatible; bingbot/2.0; +http://www.bing.com/bingbot.htm) Chrome/116.0.1938.76 Safari/537.36"
57.141.2.31 - - [02/Mar/2026:12:41:33 -0500] "GET /hebany-group-takes-part-in-madrid-business-summit/ HTTP/1.1" 200 104984 "-" "meta-externalagent/1.1 (+https://developers.facebook.com/docs/sharing/webmasters/crawler)"
114.119.130.67 - - [02/Mar/2026:12:43:18 -0500] "GET /author/admin/page/67/ HTTP/1.1" 200 23891 "https://www.middleeastoday.com/author/admin/page/66" "Mozilla/5.0 (Linux; Android 7.0;) AppleWebKit/537.36 (KHTML, like Gecko) Mobile Safari/537.36 (compatible; PetalBot;+https://webmaster.petalsearch.com/site/petalbot)"
114.119.148.161 - - [02/Mar/2026:12:44:41 -0500] "GET /author/admin/page/55 HTTP/1.1" 301 0 "https://www.middleeastoday.com/author/admin/page/57" "Mozilla/5.0 (Linux; Android 7.0;) AppleWebKit/537.36 (KHTML, like Gecko) Mobile Safari/537.36 (compatible; PetalBot;+https://webmaster.petalsearch.com/site/petalbot)"
185.191.171.4 - - [02/Mar/2026:12:45:41 -0500] "GET /mohammed-bin-rashid-visits-newly-constructed-infinity-bridge/ HTTP/1.1" 200 24968 "-" "Mozilla/5.0 (compatible; SemrushBot/7~bl; +http://www.semrush.com/bot.html)"
114.119.141.228 - - [02/Mar/2026:12:46:07 -0500] "GET /author/admin/page/32/ HTTP/1.1" 200 24074 "https://www.middleeastoday.com/author/admin/page/31" "Mozilla/5.0 (Linux; Android 7.0;) AppleWebKit/537.36 (KHTML, like Gecko) Mobile Safari/537.36 (compatible; PetalBot;+https://webmaster.petalsearch.com/site/petalbot)"
114.119.154.115 - - [02/Mar/2026:12:47:30 -0500] "GET /author/admin/page/30/ HTTP/1.1" 200 24038 "https://www.middleeastoday.com/author/admin/page/31" "Mozilla/5.0 (Linux; Android 7.0;) AppleWebKit/537.36 (KHTML, like Gecko) Mobile Safari/537.36 (compatible; PetalBot;+https://webmaster.petalsearch.com/site/petalbot)"
51.68.107.156 - - [02/Mar/2026:12:49:29 -0500] "GET / HTTP/1.1" 200 32212 "-" "Mozilla/5.0 (compatible; MJ12bot/v2.0.5; http://mj12bot.com/)"
114.119.138.37 - - [02/Mar/2026:12:50:17 -0500] "GET /author/admin/page/17/ HTTP/1.1" 200 24186 "https://www.middleeastoday.com/author/admin/page/18" "Mozilla/5.0 (Linux; Android 7.0;) AppleWebKit/537.36 (KHTML, like Gecko) Mobile Safari/537.36 (compatible; PetalBot;+https://webmaster.petalsearch.com/site/petalbot)"
47.128.122.233 - - [02/Mar/2026:12:50:55 -0500] "GET /robots.txt HTTP/1.1" 200 117 "-" "Mozilla/5.0 (Linux; Android 5.0) AppleWebKit/537.36 (KHTML, like Gecko) Mobile Safari/537.36 (compatible; Bytespider; [email protected])"
167.114.139.122 - - [02/Mar/2026:12:40:32 -0500] "GET /wp-sitemap-posts-page-1.xml HTTP/1.1" 200 210 "-" "Mozilla/5.0 (compatible; AhrefsBot/7.0; +http://ahrefs.com/robot/)"
142.44.220.77 - - [02/Mar/2026:12:40:46 -0500] "GET /wp-sitemap-taxonomies-post_format-1.xml HTTP/1.1" 200 171 "-" "Mozilla/5.0 (compatible; AhrefsBot/7.0; +http://ahrefs.com/robot/)"
162.213.253.84 - - [02/Mar/2026:12:41:02 -0500] "POST /wp-cron.php?doing_wp_cron=1772473262.9683868885040283203125 HTTP/1.1" 200 0 "-" "WordPress/6.8.1; https://www.middleeastoday.com"
162.213.253.84 - - [02/Mar/2026:12:41:03 -0500] "POST /wp-admin/admin-ajax.php?action=async_litespeed&nonce=cVy01146a5IkU0dhdhxuwVmi9UvHwvz4&litespeed_type=imgoptm HTTP/1.1" 200 21 "-" "WordPress/6.8.1; https://www.middleeastoday.com"
114.119.137.153 - - [02/Mar/2026:12:41:54 -0500] "GET /author/admin/page/77/ HTTP/1.1" 200 23998 "https://www.middleeastoday.com/author/admin/page/78" "Mozilla/5.0 (Linux; Android 7.0;) AppleWebKit/537.36 (KHTML, like Gecko) Mobile Safari/537.36 (compatible; PetalBot;+https://webmaster.petalsearch.com/site/petalbot)"
114.119.148.161 - - [02/Mar/2026:12:44:43 -0500] "GET /author/admin/page/55/ HTTP/1.1" 200 23871 "https://www.middleeastoday.com/author/admin/page/57" "Mozilla/5.0 (Linux; Android 7.0;) AppleWebKit/537.36 (KHTML, like Gecko) Mobile Safari/537.36 (compatible; PetalBot;+https://webmaster.petalsearch.com/site/petalbot)"
57.141.2.39 - - [02/Mar/2026:12:45:05 -0500] "GET /uae-president-receives-georgian-prime-minister/ HTTP/1.1" 200 106392 "-" "meta-externalagent/1.1 (+https://developers.facebook.com/docs/sharing/webmasters/crawler)"
85.208.96.210 - - [02/Mar/2026:12:48:45 -0500] "GET /sewa-wins-gold-level-of-harvard-international-business-award/ HTTP/1.1" 200 23178 "-" "Mozilla/5.0 (compatible; SemrushBot/7~bl; +http://www.semrush.com/bot.html)"
114.119.138.37 - - [02/Mar/2026:12:48:53 -0500] "GET /author/admin/page/24/ HTTP/1.1" 200 23844 "https://www.middleeastoday.com/author/admin/page/24" "Mozilla/5.0 (Linux; Android 7.0;) AppleWebKit/537.36 (KHTML, like Gecko) Mobile Safari/537.36 (compatible; PetalBot;+https://webmaster.petalsearch.com/site/petalbot)"
69.171.230.2 - - [02/Mar/2026:12:49:22 -0500] "GET /al-hamra-announces-strategic-plan-with-aed1-billion-investment-in-world-class-real-estate-portfolio-in-ras-al-khaimah/ HTTP/1.1" 200 108093 "-" "meta-webindexer/1.1 (+https://developers.facebook.com/docs/sharing/webmasters/crawler)"
51.68.107.156 - - [02/Mar/2026:12:49:29 -0500] "GET /robots.txt HTTP/1.1" 200 101 "-" "Mozilla/5.0 (compatible; MJ12bot/v2.0.5; http://mj12bot.com/)"
47.128.122.233 - - [02/Mar/2026:12:50:53 -0500] "GET /robots.txt HTTP/1.1" 301 0 "-" "Mozilla/5.0 (Linux; Android 5.0) AppleWebKit/537.36 (KHTML, like Gecko) Mobile Safari/537.36 (compatible; Bytespider; [email protected])"
114.119.138.37 - - [02/Mar/2026:12:51:41 -0500] "GET /author/admin/page/26 HTTP/1.1" 301 0 "https://www.middleeastoday.com/author/admin/page/26" "Mozilla/5.0 (Linux; Android 7.0;) AppleWebKit/537.36 (KHTML, like Gecko) Mobile Safari/537.36 (compatible; PetalBot;+https://webmaster.petalsearch.com/site/petalbot)"
114.119.138.37 - - [02/Mar/2026:12:51:43 -0500] "GET /author/admin/page/26/ HTTP/1.1" 200 24153 "https://www.middleeastoday.com/author/admin/page/26" "Mozilla/5.0 (Linux; Android 7.0;) AppleWebKit/537.36 (KHTML, like Gecko) Mobile Safari/537.36 (compatible; PetalBot;+https://webmaster.petalsearch.com/site/petalbot)"
162.213.253.84 - - [02/Mar/2026:12:51:42 -0500] "POST /wp-admin/admin-ajax.php?action=async_litespeed&nonce=rI13WgQ2iu18oeNhE7UzxclX3crWnkrz&litespeed_type=imgoptm HTTP/1.1" 200 21 "-" "WordPress/6.8.1; https://www.middleeastoday.com"
170.247.195.83 - - [02/Mar/2026:12:52:42 -0500] "POST /xmlrpc.php HTTP/1.1" 200 403 "-" "Mozilla/5.0 (Macintosh; Intel Mac OS X 10_15_7; arm64) AppleWebKit/537.36 (KHTML, like Gecko) Chrome/112.0.0.0 Safari/537.36"
123.20.70.197 - - [02/Mar/2026:12:52:49 -0500] "GET /wp-json/wp/v2/posts/8787 HTTP/1.1" 200 5450 "-" "Mozilla/5.0 (Windows NT 10.0; Win64; x64) AppleWebKit/537.36 (KHTML, like Gecko) Brave Chrome/80.0.3987.162 Safari/537.36"
114.119.132.207 - - [02/Mar/2026:12:53:06 -0500] "GET /art-dubai-closes-2022-edition-with-strong-sales-and-record-visitor-numbers/ HTTP/1.1" 200 23812 "https://www.middleeastoday.com/mohamed-bin-zayed-boris-johnson-discuss-partnership-latest-regional-and-international-developments" "Mozilla/5.0 (Linux; Android 7.0;) AppleWebKit/537.36 (KHTML, like Gecko) Mobile Safari/537.36 (compatible; PetalBot;+https://webmaster.petalsearch.com/site/petalbot)"
114.119.138.37 - - [02/Mar/2026:12:54:28 -0500] "GET /alef-group-launches-hayyan-project-valued-at-aed3-5-billion/ HTTP/1.1" 200 24085 "https://www.middleeastoday.com/author/admin/page/90/" "Mozilla/5.0 (Linux; Android 7.0;) AppleWebKit/537.36 (KHTML, like Gecko) Mobile Safari/537.36 (compatible; PetalBot;+https://webmaster.petalsearch.com/site/petalbot)"
114.119.137.98 - - [02/Mar/2026:12:55:52 -0500] "GET /al-jalila-foundation-positive-zero-inaugurate-rooftop-and-carport-solar-project/ HTTP/1.1" 200 24342 "http://www.middleeastoday.com/bloom-holding-launches-seville-fifth-phase-of-bloom-living-in-abu-dhabi" "Mozilla/5.0 (Linux; Android 7.0;) AppleWebKit/537.36 (KHTML, like Gecko) Mobile Safari/537.36 (compatible; PetalBot;+https://webmaster.petalsearch.com/site/petalbot)"
138.68.82.23 - - [02/Mar/2026:12:56:14 -0500] "GET / HTTP/1.1" 301 0 "-" "Mozilla/5.0 (l9scan/2.0.4383e2335323e2331323e2236313; +https://leakix.net)"
138.68.82.23 - - [02/Mar/2026:12:56:20 -0500] "GET /about HTTP/1.1" 404 19196 "-" "Mozilla/5.0 (l9scan/2.0.4383e2335323e2331323e2236313; +https://leakix.net)"
162.213.253.84 - - [02/Mar/2026:12:56:23 -0500] "POST /wp-cron.php?doing_wp_cron=1772474183.1334640979766845703125 HTTP/1.1" 200 0 "-" "WordPress/6.8.1; https://www.middleeastoday.com"
138.68.82.23 - - [02/Mar/2026:12:56:24 -0500] "GET /v2/_catalog HTTP/1.1" 404 19196 "-" "Mozilla/5.0 (l9scan/2.0.4383e2335323e2331323e2236313; +https://leakix.net)"
138.68.82.23 - - [02/Mar/2026:12:56:25 -0500] "GET /.DS_Store HTTP/1.1" 404 19196 "-" "Mozilla/5.0 (l9scan/2.0.4383e2335323e2331323e2236313; +https://leakix.net)"
138.68.82.23 - - [02/Mar/2026:12:56:27 -0500] "GET /.env HTTP/1.1" 404 19196 "-" "Mozilla/5.0 (l9scan/2.0.4383e2335323e2331323e2236313; +https://leakix.net)"
138.68.82.23 - - [02/Mar/2026:12:56:30 -0500] "GET /ecp/Current/exporttool/microsoft.exchange.ediscovery.exporttool.application HTTP/1.1" 404 19196 "-" "Mozilla/5.0 (l9scan/2.0.4383e2335323e2331323e2236313; +https://leakix.net)"
138.68.82.23 - - [02/Mar/2026:12:56:32 -0500] "GET /.git/config HTTP/1.1" 403 1242 "-" "Mozilla/5.0 (l9scan/2.0.4383e2335323e2331323e2236313; +https://leakix.net)"
138.68.82.23 - - [02/Mar/2026:12:56:33 -0500] "POST /graphql HTTP/1.1" 404 19145 "-" "Mozilla/5.0 (l9scan/2.0.4383e2335323e2331323e2236313; +https://leakix.net)"
162.213.253.84 - - [02/Mar/2026:12:51:42 -0500] "POST /wp-cron.php?doing_wp_cron=1772473902.2141571044921875000000 HTTP/1.1" 200 0 "-" "WordPress/6.8.1; https://www.middleeastoday.com"
162.213.253.84 - - [02/Mar/2026:12:52:43 -0500] "POST /wp-cron.php?doing_wp_cron=1772473963.0841610431671142578125 HTTP/1.1" 200 0 "-" "WordPress/6.8.1; https://www.middleeastoday.com"
138.68.82.23 - - [02/Mar/2026:12:56:15 -0500] "GET /console/ HTTP/1.1" 404 19196 "-" "Mozilla/5.0 (l9scan/2.0.4383e2335323e2331323e2236313; +https://leakix.net)"
138.68.82.23 - - [02/Mar/2026:12:56:17 -0500] "GET /server HTTP/1.1" 404 19196 "-" "Mozilla/5.0 (l9scan/2.0.4383e2335323e2331323e2236313; +https://leakix.net)"
138.68.82.23 - - [02/Mar/2026:12:56:22 -0500] "GET /login.action HTTP/1.1" 404 19196 "-" "Mozilla/5.0 (l9scan/2.0.4383e2335323e2331323e2236313; +https://leakix.net)"
162.213.253.84 - - [02/Mar/2026:12:56:23 -0500] "POST /wp-admin/admin-ajax.php?action=async_litespeed&nonce=hHmiLKOQTNf0KDsb9KkfmHUpftXlp4GQ&litespeed_type=imgoptm HTTP/1.1" 200 21 "-" "WordPress/6.8.1; https://www.middleeastoday.com"
162.213.253.84 - - [02/Mar/2026:12:56:26 -0500] "POST /wp-cron.php?doing_wp_cron=1772474186.5820109844207763671875 HTTP/1.1" 200 0 "-" "WordPress/6.8.1; https://www.middleeastoday.com"
148.113.128.55 - - [02/Mar/2026:12:56:28 -0500] "GET /uae-leaders-congratulate-greek-president-on-independence-day/ HTTP/1.1" 200 19988 "-" "Mozilla/5.0 (compatible; AhrefsBot/7.0; +http://ahrefs.com/robot/)"
138.68.82.23 - - [02/Mar/2026:12:56:35 -0500] "POST /api HTTP/1.1" 404 19145 "-" "Mozilla/5.0 (l9scan/2.0.4383e2335323e2331323e2236313; +https://leakix.net)"
138.68.82.23 - - [02/Mar/2026:12:56:36 -0500] "POST /api/graphql HTTP/1.1" 404 19139 "-" "Mozilla/5.0 (l9scan/2.0.4383e2335323e2331323e2236313; +https://leakix.net)"
138.68.82.23 - - [02/Mar/2026:12:56:39 -0500] "POST /api/gql HTTP/1.1" 404 19145 "-" "Mozilla/5.0 (l9scan/2.0.4383e2335323e2331323e2236313; +https://leakix.net)"
138.68.82.23 - - [02/Mar/2026:12:56:45 -0500] "GET /telescope/requests HTTP/1.1" 404 19196 "-" "Mozilla/5.0 (l9scan/2.0.4383e2335323e2331323e2236313; +https://leakix.net)"
138.68.82.23 - - [02/Mar/2026:12:56:49 -0500] "GET /actuator/env HTTP/1.1" 404 19196 "-" "Mozilla/5.0 (l9scan/2.0.4383e2335323e2331323e2236313; +https://leakix.net)"
138.68.82.23 - - [02/Mar/2026:12:56:52 -0500] "GET /swagger-ui.html HTTP/1.1" 404 19190 "-" "Mozilla/5.0 (l9scan/2.0.4383e2335323e2331323e2236313; +https://leakix.net)"
138.68.82.23 - - [02/Mar/2026:12:56:55 -0500] "GET /swagger/swagger-ui.html HTTP/1.1" 404 19196 "-" "Mozilla/5.0 (l9scan/2.0.4383e2335323e2331323e2236313; +https://leakix.net)"
138.68.82.23 - - [02/Mar/2026:12:56:59 -0500] "GET /swagger/v1/swagger.json HTTP/1.1" 404 19196 "-" "Mozilla/5.0 (l9scan/2.0.4383e2335323e2331323e2236313; +https://leakix.net)"
138.68.82.23 - - [02/Mar/2026:12:57:01 -0500] "GET /v2/api-docs HTTP/1.1" 404 19196 "-" "Mozilla/5.0 (l9scan/2.0.4383e2335323e2331323e2236313; +https://leakix.net)"
138.68.82.23 - - [02/Mar/2026:12:57:08 -0500] "GET /@vite/env HTTP/1.1" 404 19196 "-" "Mozilla/5.0 (l9scan/2.0.4383e2335323e2331323e2236313; +https://leakix.net)"
138.68.82.23 - - [02/Mar/2026:12:57:11 -0500] "OPTIONS / HTTP/1.1" 200 0 "-" "Mozilla/5.0 (l9scan/2.0.4383e2335323e2331323e2236313; +https://leakix.net)"
138.68.82.23 - - [02/Mar/2026:12:57:13 -0500] "GET /debug/default/view?panel=config HTTP/1.1" 404 19196 "-" "Mozilla/5.0 (l9scan/2.0.4383e2335323e2331323e2236313; +https://leakix.net)"
161.35.77.74 - - [02/Mar/2026:12:57:56 -0500] "POST /wp-login.php HTTP/1.1" 200 2133 "-" "Mozilla/5.0 (Windows NT 10.0) AppleWebKit/537.36 (KHTML, like Gecko) Chrome/141.0.0.0 Safari/537.36 Edg/141.0.0.0"
110.249.201.71 - - [02/Mar/2026:12:58:21 -0500] "GET / HTTP/1.1" 200 32212 "-" "Mozilla/5.0 (Linux; Android 5.0) AppleWebKit/537.36 (KHTML, like Gecko) Mobile Safari/537.36 (compatible; Bytespider; https://zhanzhang.toutiao.com/)"
138.68.82.23 - - [02/Mar/2026:12:56:38 -0500] "POST /graphql/api HTTP/1.1" 404 19145 "-" "Mozilla/5.0 (l9scan/2.0.4383e2335323e2331323e2236313; +https://leakix.net)"
138.68.82.23 - - [02/Mar/2026:12:56:41 -0500] "GET /s/4383e2335323e2331323e2236313/_/;/META-INF/maven/com.atlassian.jira/jira-webapp-dist/pom.properties HTTP/1.1" 404 19189 "-" "Mozilla/5.0 (l9scan/2.0.4383e2335323e2331323e2236313; +https://leakix.net)"
138.68.82.23 - - [02/Mar/2026:12:56:43 -0500] "GET /config.json HTTP/1.1" 404 19196 "-" "Mozilla/5.0 (l9scan/2.0.4383e2335323e2331323e2236313; +https://leakix.net)"
138.68.82.23 - - [02/Mar/2026:12:56:46 -0500] "GET /info.php HTTP/1.1" 404 19196 "-" "Mozilla/5.0 (l9scan/2.0.4383e2335323e2331323e2236313; +https://leakix.net)"
138.68.82.23 - - [02/Mar/2026:12:56:48 -0500] "GET /.well-known/security.txt HTTP/1.1" 404 19190 "-" "Mozilla/5.0 (l9scan/2.0.4383e2335323e2331323e2236313; +https://leakix.net)"
138.68.82.23 - - [02/Mar/2026:12:56:53 -0500] "GET /swagger/index.html HTTP/1.1" 404 19190 "-" "Mozilla/5.0 (l9scan/2.0.4383e2335323e2331323e2236313; +https://leakix.net)"
138.68.82.23 - - [02/Mar/2026:12:56:56 -0500] "GET /webjars/swagger-ui/index.html HTTP/1.1" 404 19196 "-" "Mozilla/5.0 (l9scan/2.0.4383e2335323e2331323e2236313; +https://leakix.net)"
138.68.82.23 - - [02/Mar/2026:12:56:58 -0500] "GET /swagger.json HTTP/1.1" 404 19190 "-" "Mozilla/5.0 (l9scan/2.0.4383e2335323e2331323e2236313; +https://leakix.net)"
138.68.82.23 - - [02/Mar/2026:12:57:03 -0500] "GET /v3/api-docs HTTP/1.1" 404 19189 "-" "Mozilla/5.0 (l9scan/2.0.4383e2335323e2331323e2236313; +https://leakix.net)"
138.68.82.23 - - [02/Mar/2026:12:57:04 -0500] "GET /api-docs/swagger.json HTTP/1.1" 404 19190 "-" "Mozilla/5.0 (l9scan/2.0.4383e2335323e2331323e2236313; +https://leakix.net)"
138.68.82.23 - - [02/Mar/2026:12:57:06 -0500] "GET /api/swagger.json HTTP/1.1" 404 19196 "-" "Mozilla/5.0 (l9scan/2.0.4383e2335323e2331323e2236313; +https://leakix.net)"
138.68.82.23 - - [02/Mar/2026:12:57:09 -0500] "GET /.vscode/sftp.json HTTP/1.1" 404 19196 "-" "Mozilla/5.0 (l9scan/2.0.4383e2335323e2331323e2236313; +https://leakix.net)"
138.68.82.23 - - [02/Mar/2026:12:57:12 -0500] "GET /?rest_route=/wp/v2/users/ HTTP/1.1" 200 763 "-" "Mozilla/5.0 (l9scan/2.0.4383e2335323e2331323e2236313; +https://leakix.net)"
114.119.137.153 - - [02/Mar/2026:12:57:15 -0500] "GET /airport-show-in-dubai-set-to-showcase-solutions-shaping-future-of-aviation-industry/ HTTP/1.1" 200 24159 "https://www.middleeastoday.com/about-beach-by-five/" "Mozilla/5.0 (Linux; Android 7.0;) AppleWebKit/537.36 (KHTML, like Gecko) Mobile Safari/537.36 (compatible; PetalBot;+https://webmaster.petalsearch.com/site/petalbot)"
162.213.253.84 - - [02/Mar/2026:12:57:57 -0500] "POST /wp-cron.php?doing_wp_cron=1772474277.1821019649505615234375 HTTP/1.1" 200 0 "-" "WordPress/6.8.1; https://www.middleeastoday.com"
110.249.201.96 - - [02/Mar/2026:12:58:19 -0500] "GET / HTTP/1.1" 301 0 "-" "Mozilla/5.0 (Linux; Android 5.0) AppleWebKit/537.36 (KHTML, like Gecko) Mobile Safari/537.36 (compatible; Bytespider; https://zhanzhang.toutiao.com/)"
162.213.253.84 - - [02/Mar/2026:12:58:40 -0500] "POST /wp-cron.php?doing_wp_cron=1772474320.6162860393524169921875 HTTP/1.1" 200 0 "-" "WordPress/6.8.1; https://www.middleeastoday.com"
162.213.253.84 - - [02/Mar/2026:13:00:04 -0500] "POST /wp-cron.php?doing_wp_cron=1772474404.1120541095733642578125 HTTP/1.1" 200 0 "-" "WordPress/6.8.1; https://www.middleeastoday.com"
114.119.137.98 - - [02/Mar/2026:13:00:03 -0500] "GET /adihex-launches-2nd-most-beautiful-falcon-hood-competition HTTP/1.1" 301 0 "https://www.middleeastoday.com/abdullah-bin-zayed-hungarian-foreign-minister-discuss-consolidating-cooperation-partnership" "Mozilla/5.0 (Linux; Android 7.0;) AppleWebKit/537.36 (KHTML, like Gecko) Mobile Safari/537.36 (compatible; PetalBot;+https://webmaster.petalsearch.com/site/petalbot)"
114.119.137.98 - - [02/Mar/2026:13:00:05 -0500] "GET /adihex-launches-2nd-most-beautiful-falcon-hood-competition/ HTTP/1.1" 200 25462 "https://www.middleeastoday.com/abdullah-bin-zayed-hungarian-foreign-minister-discuss-consolidating-cooperation-partnership" "Mozilla/5.0 (Linux; Android 7.0;) AppleWebKit/537.36 (KHTML, like Gecko) Mobile Safari/537.36 (compatible; PetalBot;+https://webmaster.petalsearch.com/site/petalbot)"
162.213.253.84 - - [02/Mar/2026:13:00:04 -0500] "POST /wp-admin/admin-ajax.php?action=async_litespeed&nonce=5RAa3E0Tjl2GbbgO3Pe8bR9UL3tC8P1e&litespeed_type=imgoptm HTTP/1.1" 200 0 "-" "WordPress/6.8.1; https://www.middleeastoday.com"
114.119.138.37 - - [02/Mar/2026:13:01:29 -0500] "GET /adihex-attracts-broad-participation-of-painters-artists/ HTTP/1.1" 200 23947 "https://www.middleeastoday.com/author/admin/page/57/" "Mozilla/5.0 (Linux; Android 7.0;) AppleWebKit/537.36 (KHTML, like Gecko) Mobile Safari/537.36 (compatible; PetalBot;+https://webmaster.petalsearch.com/site/petalbot)"
162.213.253.84 - - [02/Mar/2026:13:02:51 -0500] "POST /wp-cron.php?doing_wp_cron=1772474571.4259340763092041015625 HTTP/1.1" 200 0 "-" "WordPress/6.8.1; https://www.middleeastoday.com"
114.119.132.207 - - [02/Mar/2026:13:02:50 -0500] "GET /abu-dhabi-ship-building-celebrates-25-years-in-business HTTP/1.1" 301 0 "https://www.middleeastoday.com/category/business/page/11" "Mozilla/5.0 (Linux; Android 7.0;) AppleWebKit/537.36 (KHTML, like Gecko) Mobile Safari/537.36 (compatible; PetalBot;+https://webmaster.petalsearch.com/site/petalbot)"
114.119.132.207 - - [02/Mar/2026:13:02:53 -0500] "GET /abu-dhabi-ship-building-celebrates-25-years-in-business/ HTTP/1.1" 200 24063 "https://www.middleeastoday.com/category/business/page/11" "Mozilla/5.0 (Linux; Android 7.0;) AppleWebKit/537.36 (KHTML, like Gecko) Mobile Safari/537.36 (compatible; PetalBot;+https://webmaster.petalsearch.com/site/petalbot)"
162.213.253.84 - - [02/Mar/2026:13:04:15 -0500] "POST /wp-cron.php?doing_wp_cron=1772474655.2549800872802734375000 HTTP/1.1" 200 0 "-" "WordPress/6.8.1; https://www.middleeastoday.com"
114.119.130.67 - - [02/Mar/2026:13:04:14 -0500] "GET /?post_type=post&p=367 HTTP/1.1" 301 0 "https://www.middleeastoday.com/page/15/" "Mozilla/5.0 (Linux; Android 7.0;) AppleWebKit/537.36 (KHTML, like Gecko) Mobile Safari/537.36 (compatible; PetalBot;+https://webmaster.petalsearch.com/site/petalbot)"
162.213.253.84 - - [02/Mar/2026:13:04:15 -0500] "POST /wp-admin/admin-ajax.php?action=async_litespeed&nonce=4WxW6FdaBBcSj9RqfCCAcFvkcghgJ5Ug&litespeed_type=imgoptm HTTP/1.1" 200 21 "-" "WordPress/6.8.1; https://www.middleeastoday.com"
162.213.253.84 - - [02/Mar/2026:13:05:41 -0500] "POST /wp-cron.php?doing_wp_cron=1772474741.5719230175018310546875 HTTP/1.1" 200 0 "-" "WordPress/6.8.1; https://www.middleeastoday.com"
114.119.137.98 - - [02/Mar/2026:13:05:40 -0500] "GET /?p=9537 HTTP/1.1" 301 0 "https://www.middleeastoday.com/?p=9541" "Mozilla/5.0 (Linux; Android 7.0;) AppleWebKit/537.36 (KHTML, like Gecko) Mobile Safari/537.36 (compatible; PetalBot;+https://webmaster.petalsearch.com/site/petalbot)"
114.119.137.98 - - [02/Mar/2026:13:05:43 -0500] "GET /inaugural-dubai-esports-festival-2022-concludes-on-a-high-note/ HTTP/1.1" 200 27947 "https://www.middleeastoday.com/?p=9541" "Mozilla/5.0 (Linux; Android 7.0;) AppleWebKit/537.36 (KHTML, like Gecko) Mobile Safari/537.36 (compatible; PetalBot;+https://webmaster.petalsearch.com/site/petalbot)"
114.119.137.98 - - [02/Mar/2026:12:58:39 -0500] "GET /adq-e20-investment-to-establish-innovative-animal-health-platform-in-abu-dhabi HTTP/1.1" 301 0 "https://www.middleeastoday.com/sharjah-book-authority-hosts-elite-emirati-and-arab-intellectuals-at-algiers-international-book-fair" "Mozilla/5.0 (Linux; Android 7.0;) AppleWebKit/537.36 (KHTML, like Gecko) Mobile Safari/537.36 (compatible; PetalBot;+https://webmaster.petalsearch.com/site/petalbot)"
114.119.137.98 - - [02/Mar/2026:12:58:42 -0500] "GET /adq-e20-investment-to-establish-innovative-animal-health-platform-in-abu-dhabi/ HTTP/1.1" 200 23363 "https://www.middleeastoday.com/sharjah-book-authority-hosts-elite-emirati-and-arab-intellectuals-at-algiers-international-book-fair" "Mozilla/5.0 (Linux; Android 7.0;) AppleWebKit/537.36 (KHTML, like Gecko) Mobile Safari/537.36 (compatible; PetalBot;+https://webmaster.petalsearch.com/site/petalbot)"
142.44.233.8 - - [02/Mar/2026:13:03:59 -0500] "GET /dxb-live-wins-best-community-event-at-middle-east-event-awards/ HTTP/1.1" 200 20819 "-" "Mozilla/5.0 (compatible; AhrefsBot/7.0; +http://ahrefs.com/robot/)"
57.141.2.12 - - [02/Mar/2026:13:04:01 -0500] "GET /president-of-south-korea-arrives-in-uae-on-official-visit/ HTTP/1.1" 200 103474 "-" "meta-externalagent/1.1 (+https://developers.facebook.com/docs/sharing/webmasters/crawler)"
114.119.130.67 - - [02/Mar/2026:13:04:16 -0500] "GET /fujairah-ruler-receives-chief-executive-officer-of-enoc-group/ HTTP/1.1" 200 22851 "https://www.middleeastoday.com/page/15/" "Mozilla/5.0 (Linux; Android 7.0;) AppleWebKit/537.36 (KHTML, like Gecko) Mobile Safari/537.36 (compatible; PetalBot;+https://webmaster.petalsearch.com/site/petalbot)"
14.182.132.70 - - [02/Mar/2026:13:04:53 -0500] "GET /shamma-bint-mohammed-visits-uae-pavilion-in-floriade-expo-2022/ HTTP/1.1" 200 23339 "-" "Mozilla/5.0 (Macintosh; Intel Mac OS X 10_11_6) AppleWebKit/537.36 (KHTML, like Gecko) Brave Chrome/81.0.4044.113 Safari/537.36"
162.213.253.84 - - [02/Mar/2026:13:05:42 -0500] "POST /wp-admin/admin-ajax.php?action=async_litespeed&nonce=Q62CSrYrrGw4pkFg7kHusKJNr6susP5k&litespeed_type=imgoptm HTTP/1.1" 200 21 "-" "WordPress/6.8.1; https://www.middleeastoday.com"
85.208.96.212 - - [02/Mar/2026:13:06:05 -0500] "GET /dubai-customs-wins-three-renowned-ideasuk-2020-awards/ HTTP/1.1" 200 25500 "-" "Mozilla/5.0 (compatible; SemrushBot/7~bl; +http://www.semrush.com/bot.html)"
114.119.137.153 - - [02/Mar/2026:13:07:02 -0500] "GET /?p=9464 HTTP/1.1" 301 0 "https://www.middleeastoday.com/?p=9460" "Mozilla/5.0 (Linux; Android 7.0;) AppleWebKit/537.36 (KHTML, like Gecko) Mobile Safari/537.36 (compatible; PetalBot;+https://webmaster.petalsearch.com/site/petalbot)"
114.119.137.153 - - [02/Mar/2026:13:07:05 -0500] "GET /uae-president-austrian-chancellor-witness-signing-of-strategic-energy-security-and-industrial-cooperation-partnership/ HTTP/1.1" 200 27510 "https://www.middleeastoday.com/?p=9460" "Mozilla/5.0 (Linux; Android 7.0;) AppleWebKit/537.36 (KHTML, like Gecko) Mobile Safari/537.36 (compatible; PetalBot;+https://webmaster.petalsearch.com/site/petalbot)"
114.119.154.115 - - [02/Mar/2026:13:08:54 -0500] "GET /?p=9379 HTTP/1.1" 301 0 "https://www.middleeastoday.com/?author=1&paged=11" "Mozilla/5.0 (Linux; Android 7.0;) AppleWebKit/537.36 (KHTML, like Gecko) Mobile Safari/537.36 (compatible; PetalBot;+https://webmaster.petalsearch.com/site/petalbot)"
114.119.154.115 - - [02/Mar/2026:13:08:55 -0500] "GET /adnec-group-unveils-agenda-of-isnr-talks-programme/ HTTP/1.1" 200 27852 "https://www.middleeastoday.com/?author=1&paged=11" "Mozilla/5.0 (Linux; Android 7.0;) AppleWebKit/537.36 (KHTML, like Gecko) Mobile Safari/537.36 (compatible; PetalBot;+https://webmaster.petalsearch.com/site/petalbot)"
162.213.253.84 - - [02/Mar/2026:13:08:55 -0500] "POST /wp-admin/admin-ajax.php?action=async_litespeed&nonce=24j3yjQM2xnzcuwYD6delNmV76YZPfrc&litespeed_type=imgoptm HTTP/1.1" 200 21 "-" "WordPress/6.8.1; https://www.middleeastoday.com"
162.213.253.84 - - [02/Mar/2026:13:09:50 -0500] "POST /wp-cron.php?doing_wp_cron=1772474990.3376789093017578125000 HTTP/1.1" 200 0 "-" "WordPress/6.8.1; https://www.middleeastoday.com"
114.119.137.98 - - [02/Mar/2026:13:09:49 -0500] "GET /?p=9170 HTTP/1.1" 301 0 "https://www.middleeastoday.com/?cat=59&paged=2" "Mozilla/5.0 (Linux; Android 7.0;) AppleWebKit/537.36 (KHTML, like Gecko) Mobile Safari/537.36 (compatible; PetalBot;+https://webmaster.petalsearch.com/site/petalbot)"
74.7.243.195 - - [02/Mar/2026:13:09:50 -0500] "GET /wp-sitemap.xml HTTP/1.1" 200 223 "-" "Mozilla/5.0 AppleWebKit/537.36 (KHTML, like Gecko; compatible; GPTBot/1.3; +https://openai.com/gptbot)"
162.213.253.84 - - [02/Mar/2026:13:09:51 -0500] "POST /wp-admin/admin-ajax.php?action=async_litespeed&nonce=C0PLrF4MchGoACrbefSCeR6ZXrmHgBBx&litespeed_type=imgoptm HTTP/1.1" 200 21 "-" "WordPress/6.8.1; https://www.middleeastoday.com"
170.247.195.83 - - [02/Mar/2026:13:09:57 -0500] "GET /wp-json/wp/v2/users HTTP/1.1" 200 763 "-" "Mozilla/4.0 (compatible; Win32; WinHttp.WinHttpRequest.5)"
170.247.195.83 - - [02/Mar/2026:13:11:20 -0500] "POST /xmlrpc.php HTTP/1.1" 200 403 "-" "Mozilla/5.0 (Macintosh; Intel Mac OS X 10_15_7; arm64) AppleWebKit/537.36 (KHTML, like Gecko) Firefox/74.0.0.0 Safari/537.36"
51.161.37.229 - - [02/Mar/2026:13:11:52 -0500] "GET /commemoration-day-deepens-values-of-loyalty-and-belonging-to-the-nation-uae-president/ HTTP/1.1" 200 20869 "-" "Mozilla/5.0 (compatible; AhrefsBot/7.0; +http://ahrefs.com/robot/)"
162.213.253.84 - - [02/Mar/2026:13:12:37 -0500] "POST /wp-admin/admin-ajax.php?action=async_litespeed&nonce=XJq6afIb2xChlsNT5QvU7HZMv8ctT6XW&litespeed_type=imgoptm HTTP/1.1" 200 21 "-" "WordPress/6.8.1; https://www.middleeastoday.com"
170.247.195.83 - - [02/Mar/2026:13:12:43 -0500] "POST /xmlrpc.php HTTP/1.1" 403 1242 "-" "Mozilla/5.0 (Windows NT 6.3; x64) AppleWebKit/537.36 (KHTML, like Gecko) Chrome/83.0.0.0 Safari/537.36"
162.213.253.84 - - [02/Mar/2026:13:14:01 -0500] "POST /wp-cron.php?doing_wp_cron=1772475241.2737560272216796875000 HTTP/1.1" 200 0 "-" "WordPress/6.8.1; https://www.middleeastoday.com"
114.119.130.67 - - [02/Mar/2026:13:14:03 -0500] "GET /mansour-bin-zayed-receives-kazakh-official/ HTTP/1.1" 200 23043 "https://www.middleeastoday.com/?p=8751" "Mozilla/5.0 (Linux; Android 7.0;) AppleWebKit/537.36 (KHTML, like Gecko) Mobile Safari/537.36 (compatible; PetalBot;+https://webmaster.petalsearch.com/site/petalbot)"
162.213.253.84 - - [02/Mar/2026:13:15:25 -0500] "POST /wp-cron.php?doing_wp_cron=1772475325.2429499626159667968750 HTTP/1.1" 200 0 "-" "WordPress/6.8.1; https://www.middleeastoday.com"
114.119.154.115 - - [02/Mar/2026:13:15:24 -0500] "GET /?p=8600 HTTP/1.1" 301 0 "https://www.middleeastoday.com/?cat=63&paged=11" "Mozilla/5.0 (Linux; Android 7.0;) AppleWebKit/537.36 (KHTML, like Gecko) Mobile Safari/537.36 (compatible; PetalBot;+https://webmaster.petalsearch.com/site/petalbot)"
162.213.253.84 - - [02/Mar/2026:13:08:54 -0500] "POST /wp-cron.php?doing_wp_cron=1772474934.7882559299468994140625 HTTP/1.1" 200 0 "-" "WordPress/6.8.1; https://www.middleeastoday.com"
114.119.137.98 - - [02/Mar/2026:13:09:51 -0500] "GET /uae-takes-part-in-3rd-g20-health-working-group-in-indonesia/ HTTP/1.1" 200 23669 "https://www.middleeastoday.com/?cat=59&paged=2" "Mozilla/5.0 (Linux; Android 7.0;) AppleWebKit/537.36 (KHTML, like Gecko) Mobile Safari/537.36 (compatible; PetalBot;+https://webmaster.petalsearch.com/site/petalbot)"
162.213.253.84 - - [02/Mar/2026:13:11:14 -0500] "POST /wp-cron.php?doing_wp_cron=1772475074.1122939586639404296875 HTTP/1.1" 200 0 "-" "WordPress/6.8.1; https://www.middleeastoday.com"
114.119.132.207 - - [02/Mar/2026:13:11:13 -0500] "GET /?p=9162 HTTP/1.1" 301 0 "https://www.middleeastoday.com/?p=9159" "Mozilla/5.0 (Linux; Android 7.0;) AppleWebKit/537.36 (KHTML, like Gecko) Mobile Safari/537.36 (compatible; PetalBot;+https://webmaster.petalsearch.com/site/petalbot)"
114.119.132.207 - - [02/Mar/2026:13:11:16 -0500] "GET /ministerial-development-council-discusses-meeting-initiatives-and-legislations-to-support-government-work/ HTTP/1.1" 200 23231 "https://www.middleeastoday.com/?p=9159" "Mozilla/5.0 (Linux; Android 7.0;) AppleWebKit/537.36 (KHTML, like Gecko) Mobile Safari/537.36 (compatible; PetalBot;+https://webmaster.petalsearch.com/site/petalbot)"
162.213.253.84 - - [02/Mar/2026:13:12:36 -0500] "POST /wp-cron.php?doing_wp_cron=1772475156.8767609596252441406250 HTTP/1.1" 200 0 "-" "WordPress/6.8.1; https://www.middleeastoday.com"
114.119.132.207 - - [02/Mar/2026:13:12:36 -0500] "GET /?p=9112 HTTP/1.1" 301 0 "https://www.middleeastoday.com/?author=1&paged=17" "Mozilla/5.0 (Linux; Android 7.0;) AppleWebKit/537.36 (KHTML, like Gecko) Mobile Safari/537.36 (compatible; PetalBot;+https://webmaster.petalsearch.com/site/petalbot)"
114.119.132.207 - - [02/Mar/2026:13:12:37 -0500] "GET /ajman-crown-prince-receives-ambassador-of-fiji/ HTTP/1.1" 200 22918 "https://www.middleeastoday.com/?author=1&paged=17" "Mozilla/5.0 (Linux; Android 7.0;) AppleWebKit/537.36 (KHTML, like Gecko) Mobile Safari/537.36 (compatible; PetalBot;+https://webmaster.petalsearch.com/site/petalbot)"
114.119.130.67 - - [02/Mar/2026:13:14:00 -0500] "GET /?p=8754 HTTP/1.1" 301 0 "https://www.middleeastoday.com/?p=8751" "Mozilla/5.0 (Linux; Android 7.0;) AppleWebKit/537.36 (KHTML, like Gecko) Mobile Safari/537.36 (compatible; PetalBot;+https://webmaster.petalsearch.com/site/petalbot)"
170.247.195.83 - - [02/Mar/2026:13:14:02 -0500] "POST /xmlrpc.php HTTP/1.1" 200 403 "-" "Mozilla/5.0 (X11; Ubuntu; Linux x86_64; arm64) AppleWebKit/537.36 (KHTML, like Gecko) Safari/10.0.0.0 Safari/537.36"
170.247.195.83 - - [02/Mar/2026:13:15:24 -0500] "POST /xmlrpc.php HTTP/1.1" 200 403 "-" "Mozilla/5.0 (Macintosh; Intel Mac OS X 10_15_7; x86) AppleWebKit/537.36 (KHTML, like Gecko) Edge/83.0.0.0 Safari/537.36"
162.213.253.84 - - [02/Mar/2026:13:15:26 -0500] "POST /wp-admin/admin-ajax.php?action=async_litespeed&nonce=2XSg0UYtSMG2ffZv1IeAiLvPOj2DK9Hm&litespeed_type=imgoptm HTTP/1.1" 200 21 "-" "WordPress/6.8.1; https://www.middleeastoday.com"
162.213.253.84 - - [02/Mar/2026:13:16:53 -0500] "POST /wp-cron.php?doing_wp_cron=1772475413.1602799892425537109375 HTTP/1.1" 200 0 "-" "WordPress/6.8.1; https://www.middleeastoday.com"
170.247.195.83 - - [02/Mar/2026:13:16:52 -0500] "POST /xmlrpc.php HTTP/1.1" 200 403 "-" "Mozilla/5.0 (Windows NT 6.3; x86) AppleWebKit/537.36 (KHTML, like Gecko) Chrome/88.0.0.0 Safari/537.36"
114.119.137.153 - - [02/Mar/2026:13:16:55 -0500] "GET /?p=8482 HTTP/1.1" 301 0 "https://www.middleeastoday.com/?author=1&paged=37" "Mozilla/5.0 (Linux; Android 7.0;) AppleWebKit/537.36 (KHTML, like Gecko) Mobile Safari/537.36 (compatible; PetalBot;+https://webmaster.petalsearch.com/site/petalbot)"
114.119.154.115 - - [02/Mar/2026:13:15:26 -0500] "GET /uae-president-vp-preside-over-swearing-in-of-newly-appointed-ministers-of-state/ HTTP/1.1" 200 23660 "https://www.middleeastoday.com/?cat=63&paged=11" "Mozilla/5.0 (Linux; Android 7.0;) AppleWebKit/537.36 (KHTML, like Gecko) Mobile Safari/537.36 (compatible; PetalBot;+https://webmaster.petalsearch.com/site/petalbot)"
162.213.253.84 - - [02/Mar/2026:13:18:12 -0500] "POST /wp-cron.php?doing_wp_cron=1772475492.2753729820251464843750 HTTP/1.1" 200 0 "-" "WordPress/6.8.1; https://www.middleeastoday.com"
114.119.132.207 - - [02/Mar/2026:13:18:11 -0500] "GET /?p=8382 HTTP/1.1" 301 0 "-" "Mozilla/5.0 (Linux; Android 7.0;) AppleWebKit/537.36 (KHTML, like Gecko) Mobile Safari/537.36 (compatible; PetalBot;+https://webmaster.petalsearch.com/site/petalbot)"
170.247.195.83 - - [02/Mar/2026:13:18:11 -0500] "POST /xmlrpc.php HTTP/1.1" 200 403 "-" "Mozilla/5.0 (Windows NT 6.2; x86) AppleWebKit/537.36 (KHTML, like Gecko) Opera/65.0.0.0 Safari/537.36"
114.119.132.207 - - [02/Mar/2026:13:18:13 -0500] "GET /mohamed-bin-zayed-pm-of-pakistan-review-advancing-relations-discuss-regional-international-developments/ HTTP/1.1" 200 23858 "-" "Mozilla/5.0 (Linux; Android 7.0;) AppleWebKit/537.36 (KHTML, like Gecko) Mobile Safari/537.36 (compatible; PetalBot;+https://webmaster.petalsearch.com/site/petalbot)"
57.141.2.2 - - [02/Mar/2026:13:18:46 -0500] "GET /uae-egyptian-presidents-discuss-bilateral-cooperation-regional-developments/ HTTP/1.1" 200 106598 "-" "meta-externalagent/1.1 (+https://developers.facebook.com/docs/sharing/webmasters/crawler)"
162.213.253.84 - - [02/Mar/2026:13:19:32 -0500] "POST /wp-cron.php?doing_wp_cron=1772475572.6204979419708251953125 HTTP/1.1" 200 0 "-" "WordPress/6.8.1; https://www.middleeastoday.com"
162.213.253.84 - - [02/Mar/2026:13:19:33 -0500] "POST /wp-admin/admin-ajax.php?action=async_litespeed&nonce=bOS7BNR2FFTw4gRlCHYdE4ZfC5rbkipn&litespeed_type=imgoptm HTTP/1.1" 200 21 "-" "WordPress/6.8.1; https://www.middleeastoday.com"
162.213.253.84 - - [02/Mar/2026:13:20:55 -0500] "POST /wp-cron.php?doing_wp_cron=1772475655.1965200901031494140625 HTTP/1.1" 200 0 "-" "WordPress/6.8.1; https://www.middleeastoday.com"
170.247.195.83 - - [02/Mar/2026:13:20:54 -0500] "POST /xmlrpc.php HTTP/1.1" 200 403 "-" "Mozilla/5.0 (Linux; Android 10; arm64) AppleWebKit/537.36 (KHTML, like Gecko) Opera/76.0.0.0 Safari/537.36"
162.213.253.84 - - [02/Mar/2026:13:20:56 -0500] "POST /wp-admin/admin-ajax.php?action=async_litespeed&nonce=JMtzyqPJh7J7eTvPLlXAWX3HUxHTs6lU&litespeed_type=imgoptm HTTP/1.1" 200 21 "-" "WordPress/6.8.1; https://www.middleeastoday.com"
162.213.253.84 - - [02/Mar/2026:13:20:58 -0500] "POST /wp-cron.php?doing_wp_cron=1772475658.8695030212402343750000 HTTP/1.1" 200 0 "-" "WordPress/6.8.1; https://www.middleeastoday.com"
114.119.137.98 - - [02/Mar/2026:13:20:58 -0500] "GET /?p=7086 HTTP/1.1" 301 0 "https://www.middleeastoday.com/?p=7089" "Mozilla/5.0 (Linux; Android 7.0;) AppleWebKit/537.36 (KHTML, like Gecko) Mobile Safari/537.36 (compatible; PetalBot;+https://webmaster.petalsearch.com/site/petalbot)"
162.213.253.84 - - [02/Mar/2026:13:22:14 -0500] "POST /wp-cron.php?doing_wp_cron=1772475734.4224228858947753906250 HTTP/1.1" 200 0 "-" "WordPress/6.8.1; https://www.middleeastoday.com"
162.213.253.84 - - [02/Mar/2026:13:22:28 -0500] "POST /wp-cron.php?doing_wp_cron=1772475748.5231990814208984375000 HTTP/1.1" 200 0 "-" "WordPress/6.8.1; https://www.middleeastoday.com"
114.119.138.37 - - [02/Mar/2026:13:22:27 -0500] "GET /?p=7074 HTTP/1.1" 301 0 "https://www.middleeastoday.com/?cat=63&paged=15" "Mozilla/5.0 (Linux; Android 7.0;) AppleWebKit/537.36 (KHTML, like Gecko) Mobile Safari/537.36 (compatible; PetalBot;+https://webmaster.petalsearch.com/site/petalbot)"
114.119.137.153 - - [02/Mar/2026:13:17:01 -0500] "GET /sharjah-ruler-congratulates-sheikh-mohamed-bin-zayed-on-his-election-as-uae-president/ HTTP/1.1" 200 23303 "https://www.middleeastoday.com/?author=1&paged=37" "Mozilla/5.0 (Linux; Android 7.0;) AppleWebKit/537.36 (KHTML, like Gecko) Mobile Safari/537.36 (compatible; PetalBot;+https://webmaster.petalsearch.com/site/petalbot)"
170.247.195.83 - - [02/Mar/2026:13:19:31 -0500] "POST /xmlrpc.php HTTP/1.1" 200 403 "-" "Mozilla/5.0 (Windows NT 6.2; x86) AppleWebKit/537.36 (KHTML, like Gecko) Chrome/85.0.0.0 Safari/537.36"
162.213.253.84 - - [02/Mar/2026:13:19:35 -0500] "POST /wp-cron.php?doing_wp_cron=1772475575.7365920543670654296875 HTTP/1.1" 200 0 "-" "WordPress/6.8.1; https://www.middleeastoday.com"
114.119.148.161 - - [02/Mar/2026:13:19:35 -0500] "GET /?p=8376 HTTP/1.1" 301 0 "https://www.middleeastoday.com/?cat=60&paged=3" "Mozilla/5.0 (Linux; Android 7.0;) AppleWebKit/537.36 (KHTML, like Gecko) Mobile Safari/537.36 (compatible; PetalBot;+https://webmaster.petalsearch.com/site/petalbot)"
114.119.148.161 - - [02/Mar/2026:13:19:38 -0500] "GET /abdullah-bin-zayed-world-leaders-hail-expo-2020-dubai-as-unifying-event-fostering-innovation-and-sustainable-future/ HTTP/1.1" 200 26613 "https://www.middleeastoday.com/?cat=60&paged=3" "Mozilla/5.0 (Linux; Android 7.0;) AppleWebKit/537.36 (KHTML, like Gecko) Mobile Safari/537.36 (compatible; PetalBot;+https://webmaster.petalsearch.com/site/petalbot)"
114.119.137.98 - - [02/Mar/2026:13:21:00 -0500] "GET /opec-daily-basket-price-stands-at-117-23-a-barrel-thursday/ HTTP/1.1" 200 22888 "https://www.middleeastoday.com/?p=7089" "Mozilla/5.0 (Linux; Android 7.0;) AppleWebKit/537.36 (KHTML, like Gecko) Mobile Safari/537.36 (compatible; PetalBot;+https://webmaster.petalsearch.com/site/petalbot)"
170.247.195.83 - - [02/Mar/2026:13:22:13 -0500] "POST /xmlrpc.php HTTP/1.1" 200 403 "-" "Mozilla/5.0 (Linux; Android 10; arm64) AppleWebKit/537.36 (KHTML, like Gecko) Firefox/94.0.0.0 Safari/537.36"
162.213.253.84 - - [02/Mar/2026:13:22:29 -0500] "POST /wp-admin/admin-ajax.php?action=async_litespeed&nonce=113jpSpBtHsGlKiJs56UOh5hrTGR0mXn&litespeed_type=imgoptm HTTP/1.1" 200 21 "-" "WordPress/6.8.1; https://www.middleeastoday.com"
114.119.138.37 - - [02/Mar/2026:13:22:30 -0500] "GET /aim-2022-organises-pre-conference-activities-aimed-at-attracting-new-investments/ HTTP/1.1" 200 24074 "https://www.middleeastoday.com/?cat=63&paged=15" "Mozilla/5.0 (Linux; Android 7.0;) AppleWebKit/537.36 (KHTML, like Gecko) Mobile Safari/537.36 (compatible; PetalBot;+https://webmaster.petalsearch.com/site/petalbot)"
148.113.130.44 - - [02/Mar/2026:13:22:50 -0500] "GET /dubai-customs-wins-three-renowned-ideasuk-2020-awards/ HTTP/1.1" 200 22524 "-" "Mozilla/5.0 (compatible; AhrefsBot/7.0; +http://ahrefs.com/robot/)"
66.249.72.193 - - [02/Mar/2026:13:23:16 -0500] "GET /robots.txt HTTP/1.1" 200 101 "-" "Mozilla/5.0 (compatible; Googlebot/2.1; +http://www.google.com/bot.html)"
66.249.72.192 - - [02/Mar/2026:13:23:16 -0500] "GET /khaled-bin-mohamed-bin-zayed-attends-abu-dhabi-infrastructure-summit/ HTTP/1.1" 200 21162 "-" "Mozilla/5.0 (Linux; Android 6.0.1; Nexus 5X Build/MMB29P) AppleWebKit/537.36 (KHTML, like Gecko) Chrome/144.0.7559.132 Mobile Safari/537.36 (compatible; Googlebot/2.1; +http://www.google.com/bot.html)"
66.249.72.194 - - [02/Mar/2026:13:23:21 -0500] "GET /wp-content/plugins/elementskit-lite/widgets/init/assets/css/responsive.css?ver=3.5.0 HTTP/1.1" 200 2859 "https://www.middleeastoday.com/khaled-bin-mohamed-bin-zayed-attends-abu-dhabi-infrastructure-summit/" "Mozilla/5.0 (Linux; Android 6.0.1; Nexus 5X Build/MMB29P) AppleWebKit/537.36 (KHTML, like Gecko) Chrome/144.0.7559.132 Mobile Safari/537.36 (compatible; Googlebot/2.1; +http://www.google.com/bot.html)"
66.249.72.193 - - [02/Mar/2026:13:23:22 -0500] "GET /wp-includes/js/jquery/jquery.min.js?ver=3.7.1 HTTP/1.1" 200 29744 "https://www.middleeastoday.com/khaled-bin-mohamed-bin-zayed-attends-abu-dhabi-infrastructure-summit/" "Mozilla/5.0 (Linux; Android 6.0.1; Nexus 5X Build/MMB29P) AppleWebKit/537.36 (KHTML, like Gecko) Chrome/144.0.7559.132 Mobile Safari/537.36 (compatible; Googlebot/2.1; +http://www.google.com/bot.html)"
66.249.72.193 - - [02/Mar/2026:13:23:22 -0500] "GET /wp-content/plugins/elementor-pro/assets/js/elements-handlers.min.js?ver=3.6.5 HTTP/1.1" 200 5254 "https://www.middleeastoday.com/khaled-bin-mohamed-bin-zayed-attends-abu-dhabi-infrastructure-summit/" "Mozilla/5.0 (Linux; Android 6.0.1; Nexus 5X Build/MMB29P) AppleWebKit/537.36 (KHTML, like Gecko) Chrome/144.0.7559.132 Mobile Safari/537.36 (compatible; Googlebot/2.1; +http://www.google.com/bot.html)"
162.213.253.84 - - [02/Mar/2026:13:23:42 -0500] "POST /wp-cron.php?doing_wp_cron=1772475822.2034189701080322265625 HTTP/1.1" 200 0 "-" "WordPress/6.8.1; https://www.middleeastoday.com"
162.213.253.84 - - [02/Mar/2026:13:23:46 -0500] "POST /wp-cron.php?doing_wp_cron=1772475826.8653869628906250000000 HTTP/1.1" 200 0 "-" "WordPress/6.8.1; https://www.middleeastoday.com"
66.249.72.194 - - [02/Mar/2026:13:23:23 -0500] "GET /wp-content/themes/digiqole/assets/js/all.js?ver=1 HTTP/1.1" 200 35800 "https://www.middleeastoday.com/khaled-bin-mohamed-bin-zayed-attends-abu-dhabi-infrastructure-summit/" "Mozilla/5.0 (Linux; Android 6.0.1; Nexus 5X Build/MMB29P) AppleWebKit/537.36 (KHTML, like Gecko) Chrome/144.0.7559.132 Mobile Safari/537.36 (compatible; Googlebot/2.1; +http://www.google.com/bot.html)"
170.247.195.83 - - [02/Mar/2026:13:23:41 -0500] "POST /xmlrpc.php HTTP/1.1" 200 403 "-" "Mozilla/5.0 (Windows NT 6.3; arm64) AppleWebKit/537.36 (KHTML, like Gecko) Safari/13.0.0.0 Safari/537.36"
