85.208.96.212 - - [02/Mar/2026:07:52:40 -0500] "GET /robots.txt HTTP/1.1" 200 117 "-" "Mozilla/5.0 (compatible; SemrushBot/7~bl; +http://www.semrush.com/bot.html)"
114.119.138.37 - - [02/Mar/2026:07:53:46 -0500] "GET /category/national-news/page/18/ HTTP/1.1" 200 23670 "https://www.middleeastoday.com/category/national-news/page/17" "Mozilla/5.0 (Linux; Android 7.0;) AppleWebKit/537.36 (KHTML, like Gecko) Mobile Safari/537.36 (compatible; PetalBot;+https://webmaster.petalsearch.com/site/petalbot)"
162.213.253.84 - - [02/Mar/2026:07:55:05 -0500] "POST /wp-cron.php?doing_wp_cron=1772456105.4417109489440917968750 HTTP/1.1" 200 0 "-" "WordPress/6.8.1; https://www.middleeastoday.com"
114.119.138.37 - - [02/Mar/2026:07:55:04 -0500] "GET /category/lifestyle/tech HTTP/1.1" 301 0 "https://www.middleeastoday.com/category/business/page/6" "Mozilla/5.0 (Linux; Android 7.0;) AppleWebKit/537.36 (KHTML, like Gecko) Mobile Safari/537.36 (compatible; PetalBot;+https://webmaster.petalsearch.com/site/petalbot)"
162.213.253.84 - - [02/Mar/2026:07:55:07 -0500] "POST /wp-admin/admin-ajax.php?action=async_litespeed&nonce=JoFC6lkXHjcEmlLCHcFejejMj4LuwNjy&litespeed_type=imgoptm HTTP/1.1" 200 0 "-" "WordPress/6.8.1; https://www.middleeastoday.com"
14.177.18.234 - - [02/Mar/2026:07:44:24 -0500] "GET /wp-content/uploads/2022/10/Mansoor-bin-Mohammed-scaled-850x560.jpg%20850w,%20https://www.middleeastoday.com/wp-content/uploads/2022/10/Mansoor-bin-Mohammed-scaled-455x300.jpg%20455w HTTP/1.1" 301 0 "https://www.middleeastoday.com/" "Mozilla/5.0 (Windows NT 10.0; Win64; x64) AppleWebKit/537.36 (KHTML, like Gecko) Chrome/106.0.5249.119 Safari/537.36"
40.77.167.73 - - [02/Mar/2026:07:46:02 -0500] "GET /egyptian-president-receives-abdullah-bin-zayed-underscores-uaes-central-role-in-establishing-regional-peace/ HTTP/1.1" 200 21031 "-" "Mozilla/5.0 AppleWebKit/537.36 (KHTML, like Gecko; compatible; bingbot/2.0; +http://www.bing.com/bingbot.htm) Chrome/116.0.1938.76 Safari/537.36"
114.119.148.161 - - [02/Mar/2026:07:48:08 -0500] "GET /sheikh-zayed-festival-announces-new-years-eve-2025-celebrations/ HTTP/1.1" 200 23921 "https://www.middleeastoday.com/page/63" "Mozilla/5.0 (Linux; Android 7.0;) AppleWebKit/537.36 (KHTML, like Gecko) Mobile Safari/537.36 (compatible; PetalBot;+https://webmaster.petalsearch.com/site/petalbot)"
114.119.130.67 - - [02/Mar/2026:07:49:31 -0500] "GET /khawla-art-and-culture-hosts-a-vibrant-land-exhibition/ HTTP/1.1" 200 23389 "https://www.middleeastoday.com/author/admin/page/68" "Mozilla/5.0 (Linux; Android 7.0;) AppleWebKit/537.36 (KHTML, like Gecko) Mobile Safari/537.36 (compatible; PetalBot;+https://webmaster.petalsearch.com/site/petalbot)"
162.213.253.84 - - [02/Mar/2026:07:49:31 -0500] "POST /wp-admin/admin-ajax.php?action=async_litespeed&nonce=BoQrWPXjrUTcy4Ylo0dW2Ifs4m39qZav&litespeed_type=imgoptm HTTP/1.1" 200 21 "-" "WordPress/6.8.1; https://www.middleeastoday.com"
114.119.130.67 - - [02/Mar/2026:07:50:55 -0500] "GET /within-al-mamsha-seerah-project-alef-group-launches-suroor-3-and-4/&sa=U HTTP/1.1" 301 0 "-" "Mozilla/5.0 (Linux; Android 7.0;) AppleWebKit/537.36 (KHTML, like Gecko) Mobile Safari/537.36 (compatible; PetalBot;+https://webmaster.petalsearch.com/site/petalbot)"
114.119.130.67 - - [02/Mar/2026:07:50:58 -0500] "GET /saudi-arabia-celebrates-founding-day-at-expo-2020-dubai/ HTTP/1.1" 200 23048 "-" "Mozilla/5.0 (Linux; Android 7.0;) AppleWebKit/537.36 (KHTML, like Gecko) Mobile Safari/537.36 (compatible; PetalBot;+https://webmaster.petalsearch.com/site/petalbot)"
114.119.130.67 - - [02/Mar/2026:07:52:19 -0500] "GET /fame-king-vasu-jit-kalia-takes-the-centre-stage-with-the-media-strategist-of-the-year-award/ HTTP/1.1" 200 23299 "https://www.middleeastoday.com/category/health-2/page/3/" "Mozilla/5.0 (Linux; Android 7.0;) AppleWebKit/537.36 (KHTML, like Gecko) Mobile Safari/537.36 (compatible; PetalBot;+https://webmaster.petalsearch.com/site/petalbot)"
85.208.96.205 - - [02/Mar/2026:07:52:40 -0500] "GET /etihad-operates-3-flights-to-medan-indonesia/ HTTP/1.1" 200 22778 "-" "Mozilla/5.0 (compatible; SemrushBot/7~bl; +http://www.semrush.com/bot.html)"
114.119.138.37 - - [02/Mar/2026:07:55:14 -0500] "GET /category/lifestyle/tech/ HTTP/1.1" 200 21711 "https://www.middleeastoday.com/category/business/page/6" "Mozilla/5.0 (Linux; Android 7.0;) AppleWebKit/537.36 (KHTML, like Gecko) Mobile Safari/537.36 (compatible; PetalBot;+https://webmaster.petalsearch.com/site/petalbot)"
114.119.137.153 - - [02/Mar/2026:07:57:52 -0500] "GET /?p=8974 HTTP/1.1" 301 0 "https://www.middleeastoday.com/?cat=56" "Mozilla/5.0 (Linux; Android 7.0;) AppleWebKit/537.36 (KHTML, like Gecko) Mobile Safari/537.36 (compatible; PetalBot;+https://webmaster.petalsearch.com/site/petalbot)"
162.213.253.84 - - [02/Mar/2026:07:57:53 -0500] "POST /wp-admin/admin-ajax.php?action=async_litespeed&nonce=s6CsSVADHBHj7e2hY66MeDBefDGlynJ2&litespeed_type=imgoptm HTTP/1.1" 200 21 "-" "WordPress/6.8.1; https://www.middleeastoday.com"
114.119.137.153 - - [02/Mar/2026:07:57:54 -0500] "GET /abu-dhabi-polytechnic-comptia-cooperate-to-develop-students-skills-in-it/ HTTP/1.1" 200 23771 "https://www.middleeastoday.com/?cat=56" "Mozilla/5.0 (Linux; Android 7.0;) AppleWebKit/537.36 (KHTML, like Gecko) Mobile Safari/537.36 (compatible; PetalBot;+https://webmaster.petalsearch.com/site/petalbot)"
162.213.253.84 - - [02/Mar/2026:07:59:19 -0500] "POST /wp-cron.php?doing_wp_cron=1772456359.4222290515899658203125 HTTP/1.1" 200 0 "-" "WordPress/6.8.1; https://www.middleeastoday.com"
114.119.137.153 - - [02/Mar/2026:07:59:18 -0500] "GET /?p=8516 HTTP/1.1" 301 0 "https://www.middleeastoday.com/?p=8513" "Mozilla/5.0 (Linux; Android 7.0;) AppleWebKit/537.36 (KHTML, like Gecko) Mobile Safari/537.36 (compatible; PetalBot;+https://webmaster.petalsearch.com/site/petalbot)"
162.213.253.84 - - [02/Mar/2026:07:59:20 -0500] "POST /wp-admin/admin-ajax.php?action=async_litespeed&nonce=snAaSQcfU3IuH2NVFFvMndChdRM5wRp8&litespeed_type=imgoptm HTTP/1.1" 200 0 "-" "WordPress/6.8.1; https://www.middleeastoday.com"
114.119.137.153 - - [02/Mar/2026:07:59:21 -0500] "GET /pec-daily-basket-price-stands-at-112-04-a-barrel-thursday/ HTTP/1.1" 200 22864 "https://www.middleeastoday.com/?p=8513" "Mozilla/5.0 (Linux; Android 7.0;) AppleWebKit/537.36 (KHTML, like Gecko) Mobile Safari/537.36 (compatible; PetalBot;+https://webmaster.petalsearch.com/site/petalbot)"
3.85.204.193 - - [02/Mar/2026:08:01:38 -0500] "GET /category/music-concerts/ HTTP/1.1" 200 101699 "-" "Mozilla/4.0 (compatible; MSIE 7.0; Windows NT 6.0) Mozilla/5.0 (Windows NT 10.0; Win64; x64) AppleWebKit/537.36 (KHTML, like Gecko) Chrome/91.0.4472.124 Safari/537.36"
3.85.204.193 - - [02/Mar/2026:08:01:40 -0500] "GET /category/uncategorized/ HTTP/1.1" 200 121982 "-" "Mozilla/4.0 (compatible; MSIE 7.0; Windows NT 6.0) Mozilla/5.0 (Windows NT 10.0; Win64; x64) AppleWebKit/537.36 (KHTML, like Gecko) Chrome/91.0.4472.124 Safari/537.36"
3.85.204.193 - - [02/Mar/2026:08:01:41 -0500] "GET /category/home_side/ HTTP/1.1" 200 121861 "-" "Mozilla/4.0 (compatible; MSIE 7.0; Windows NT 6.0) Mozilla/5.0 (Windows NT 10.0; Win64; x64) AppleWebKit/537.36 (KHTML, like Gecko) Chrome/91.0.4472.124 Safari/537.36"
3.85.204.193 - - [02/Mar/2026:08:01:43 -0500] "GET /category/travel-tourism/destinations/ HTTP/1.1" 200 123182 "-" "Mozilla/4.0 (compatible; MSIE 7.0; Windows NT 6.0) Mozilla/5.0 (Windows NT 10.0; Win64; x64) AppleWebKit/537.36 (KHTML, like Gecko) Chrome/91.0.4472.124 Safari/537.36"
3.85.204.193 - - [02/Mar/2026:08:01:47 -0500] "GET /category/news/ HTTP/1.1" 200 101420 "-" "Mozilla/4.0 (compatible; MSIE 7.0; Windows NT 6.0) Mozilla/5.0 (Windows NT 10.0; Win64; x64) AppleWebKit/537.36 (KHTML, like Gecko) Chrome/91.0.4472.124 Safari/537.36"
3.85.204.193 - - [02/Mar/2026:08:01:49 -0500] "GET /category/entertainment/ HTTP/1.1" 200 99105 "-" "Mozilla/4.0 (compatible; MSIE 7.0; Windows NT 6.0) Mozilla/5.0 (Windows NT 10.0; Win64; x64) AppleWebKit/537.36 (KHTML, like Gecko) Chrome/91.0.4472.124 Safari/537.36"
3.85.204.193 - - [02/Mar/2026:08:01:54 -0500] "GET /category/conferences/ HTTP/1.1" 200 111702 "-" "Mozilla/4.0 (compatible; MSIE 7.0; Windows NT 6.0) Mozilla/5.0 (Windows NT 10.0; Win64; x64) AppleWebKit/537.36 (KHTML, like Gecko) Chrome/91.0.4472.124 Safari/537.36"
3.85.204.193 - - [02/Mar/2026:08:01:56 -0500] "GET /category/international-news/ HTTP/1.1" 200 122934 "-" "Mozilla/4.0 (compatible; MSIE 7.0; Windows NT 6.0) Mozilla/5.0 (Windows NT 10.0; Win64; x64) AppleWebKit/537.36 (KHTML, like Gecko) Chrome/91.0.4472.124 Safari/537.36"
3.85.204.193 - - [02/Mar/2026:08:02:00 -0500] "GET /category/real-estate/ HTTP/1.1" 200 121395 "-" "Mozilla/4.0 (compatible; MSIE 7.0; Windows NT 6.0) Mozilla/5.0 (Windows NT 10.0; Win64; x64) AppleWebKit/537.36 (KHTML, like Gecko) Chrome/91.0.4472.124 Safari/537.36"
3.85.204.193 - - [02/Mar/2026:08:02:02 -0500] "GET /category/products/ HTTP/1.1" 200 121541 "-" "Mozilla/4.0 (compatible; MSIE 7.0; Windows NT 6.0) Mozilla/5.0 (Windows NT 10.0; Win64; x64) AppleWebKit/537.36 (KHTML, like Gecko) Chrome/91.0.4472.124 Safari/537.36"
3.85.204.193 - - [02/Mar/2026:08:02:04 -0500] "GET /category/national-news/ HTTP/1.1" 200 122061 "-" "Mozilla/4.0 (compatible; MSIE 7.0; Windows NT 6.0) Mozilla/5.0 (Windows NT 10.0; Win64; x64) AppleWebKit/537.36 (KHTML, like Gecko) Chrome/91.0.4472.124 Safari/537.36"
114.119.148.161 - - [02/Mar/2026:07:56:28 -0500] "GET /category/lifestyle/fashion/ HTTP/1.1" 200 23269 "https://www.middleeastoday.com/category/health-2/page/3/" "Mozilla/5.0 (Linux; Android 7.0;) AppleWebKit/537.36 (KHTML, like Gecko) Mobile Safari/537.36 (compatible; PetalBot;+https://webmaster.petalsearch.com/site/petalbot)"
162.213.253.84 - - [02/Mar/2026:07:57:52 -0500] "POST /wp-cron.php?doing_wp_cron=1772456272.8043100833892822265625 HTTP/1.1" 200 0 "-" "WordPress/6.8.1; https://www.middleeastoday.com"
178.209.20.236 - - [02/Mar/2026:07:59:22 -0500] "GET /category/home_side/page/10/ HTTP/1.1" 200 21957 "-" "Mozilla/5.0 (Macintosh; Intel Mac OS X 10_15_2) AppleWebKit/537.36 (KHTML, like Gecko) Chrome/79.0.3945.79 Safari/537.36"
3.85.204.193 - - [02/Mar/2026:08:01:44 -0500] "GET /category/exhibitions/ HTTP/1.1" 200 122723 "-" "Mozilla/4.0 (compatible; MSIE 7.0; Windows NT 6.0) Mozilla/5.0 (Windows NT 10.0; Win64; x64) AppleWebKit/537.36 (KHTML, like Gecko) Chrome/91.0.4472.124 Safari/537.36"
3.85.204.193 - - [02/Mar/2026:08:01:50 -0500] "GET /category/travel-tourism/ HTTP/1.1" 200 123600 "-" "Mozilla/4.0 (compatible; MSIE 7.0; Windows NT 6.0) Mozilla/5.0 (Windows NT 10.0; Win64; x64) AppleWebKit/537.36 (KHTML, like Gecko) Chrome/91.0.4472.124 Safari/537.36"
3.85.204.193 - - [02/Mar/2026:08:01:53 -0500] "GET /category/press-releases/ HTTP/1.1" 200 99009 "-" "Mozilla/4.0 (compatible; MSIE 7.0; Windows NT 6.0) Mozilla/5.0 (Windows NT 10.0; Win64; x64) AppleWebKit/537.36 (KHTML, like Gecko) Chrome/91.0.4472.124 Safari/537.36"
3.85.204.193 - - [02/Mar/2026:08:01:58 -0500] "GET /category/business/ HTTP/1.1" 200 121700 "-" "Mozilla/4.0 (compatible; MSIE 7.0; Windows NT 6.0) Mozilla/5.0 (Windows NT 10.0; Win64; x64) AppleWebKit/537.36 (KHTML, like Gecko) Chrome/91.0.4472.124 Safari/537.36"
3.85.204.193 - - [02/Mar/2026:08:02:01 -0500] "GET /category/articles/ HTTP/1.1" 200 101387 "-" "Mozilla/4.0 (compatible; MSIE 7.0; Windows NT 6.0) Mozilla/5.0 (Windows NT 10.0; Win64; x64) AppleWebKit/537.36 (KHTML, like Gecko) Chrome/91.0.4472.124 Safari/537.36"
3.85.204.193 - - [02/Mar/2026:08:02:06 -0500] "GET /category/art/ HTTP/1.1" 200 121534 "-" "Mozilla/4.0 (compatible; MSIE 7.0; Windows NT 6.0) Mozilla/5.0 (Windows NT 10.0; Win64; x64) AppleWebKit/537.36 (KHTML, like Gecko) Chrome/91.0.4472.124 Safari/537.36"
3.85.204.193 - - [02/Mar/2026:08:02:08 -0500] "GET /category/travel-tourism/airlines/ HTTP/1.1" 200 122842 "-" "Mozilla/4.0 (compatible; MSIE 7.0; Windows NT 6.0) Mozilla/5.0 (Windows NT 10.0; Win64; x64) AppleWebKit/537.36 (KHTML, like Gecko) Chrome/91.0.4472.124 Safari/537.36"
3.85.204.193 - - [02/Mar/2026:08:02:15 -0500] "GET /category/awards/ HTTP/1.1" 200 116205 "-" "Mozilla/4.0 (compatible; MSIE 7.0; Windows NT 6.0) Mozilla/5.0 (Windows NT 10.0; Win64; x64) AppleWebKit/537.36 (KHTML, like Gecko) Chrome/91.0.4472.124 Safari/537.36"
142.44.225.89 - - [02/Mar/2026:08:03:09 -0500] "GET /charles-formally-confirmed-as-king-in-ceremony-televised-for-first-time/ HTTP/1.1" 200 20641 "-" "Mozilla/5.0 (compatible; AhrefsBot/7.0; +http://ahrefs.com/robot/)"
54.39.89.42 - - [02/Mar/2026:08:11:52 -0500] "GET /dubai-customs-wins-three-renowned-ideasuk-2020-awards/ HTTP/1.1" 200 22524 "-" "Mozilla/5.0 (compatible; AhrefsBot/7.0; +http://ahrefs.com/robot/)"
3.211.105.134 - - [02/Mar/2026:08:12:12 -0500] "GET /mohamed-bin-zayed-boris-johnson-discuss-partnership-latest-regional-and-international-developments/ HTTP/1.1" 200 23759 "-" "Mozilla/5.0 AppleWebKit/537.36 (KHTML, like Gecko; compatible; Amazonbot/0.1; +https://developer.amazon.com/support/amazonbot) Chrome/119.0.6045.214 Safari/537.36"
91.75.84.180 - - [02/Mar/2026:08:12:47 -0500] "GET /wp-content/uploads/2022/08/Luxembourg1-scaled-850x560.jpg HTTP/1.1" 200 71950 "https://www.bing.com/" "Mozilla/5.0 (Windows NT 10.0; Win64; x64) AppleWebKit/537.36 (KHTML, like Gecko) Chrome/145.0.0.0 Safari/537.36 Edg/145.0.0.0"
3.85.204.193 - - [02/Mar/2026:08:02:05 -0500] "GET /category/health-2/ HTTP/1.1" 200 121833 "-" "Mozilla/4.0 (compatible; MSIE 7.0; Windows NT 6.0) Mozilla/5.0 (Windows NT 10.0; Win64; x64) AppleWebKit/537.36 (KHTML, like Gecko) Chrome/91.0.4472.124 Safari/537.36"
3.85.204.193 - - [02/Mar/2026:08:02:11 -0500] "GET /category/beauty-fashion/ HTTP/1.1" 200 122556 "-" "Mozilla/4.0 (compatible; MSIE 7.0; Windows NT 6.0) Mozilla/5.0 (Windows NT 10.0; Win64; x64) AppleWebKit/537.36 (KHTML, like Gecko) Chrome/91.0.4472.124 Safari/537.36"
3.85.204.193 - - [02/Mar/2026:08:02:13 -0500] "GET /category/education/ HTTP/1.1" 200 121918 "-" "Mozilla/4.0 (compatible; MSIE 7.0; Windows NT 6.0) Mozilla/5.0 (Windows NT 10.0; Win64; x64) AppleWebKit/537.36 (KHTML, like Gecko) Chrome/91.0.4472.124 Safari/537.36"
3.85.204.193 - - [02/Mar/2026:08:02:18 -0500] "GET /category/travel-tourism/hotels/ HTTP/1.1" 200 108475 "-" "Mozilla/4.0 (compatible; MSIE 7.0; Windows NT 6.0) Mozilla/5.0 (Windows NT 10.0; Win64; x64) AppleWebKit/537.36 (KHTML, like Gecko) Chrome/91.0.4472.124 Safari/537.36"
3.85.204.193 - - [02/Mar/2026:08:02:19 -0500] "GET /category/travel-tourism/eating-out/ HTTP/1.1" 200 108596 "-" "Mozilla/4.0 (compatible; MSIE 7.0; Windows NT 6.0) Mozilla/5.0 (Windows NT 10.0; Win64; x64) AppleWebKit/537.36 (KHTML, like Gecko) Chrome/91.0.4472.124 Safari/537.36"
3.85.204.193 - - [02/Mar/2026:08:02:20 -0500] "GET /category/lifestyle/tech/ HTTP/1.1" 200 101315 "-" "Mozilla/4.0 (compatible; MSIE 7.0; Windows NT 6.0) Mozilla/5.0 (Windows NT 10.0; Win64; x64) AppleWebKit/537.36 (KHTML, like Gecko) Chrome/91.0.4472.124 Safari/537.36"
3.85.204.193 - - [02/Mar/2026:08:02:21 -0500] "GET /category/events/ HTTP/1.1" 200 101891 "-" "Mozilla/4.0 (compatible; MSIE 7.0; Windows NT 6.0) Mozilla/5.0 (Windows NT 10.0; Win64; x64) AppleWebKit/537.36 (KHTML, like Gecko) Chrome/91.0.4472.124 Safari/537.36"
52.167.144.209 - - [02/Mar/2026:08:05:48 -0500] "GET /london-international-studies-and-research-center-lisrc-dubai-on-an-expansion-mode/ HTTP/1.1" 200 21269 "-" "Mozilla/5.0 AppleWebKit/537.36 (KHTML, like Gecko; compatible; bingbot/2.0; +http://www.bing.com/bingbot.htm) Chrome/116.0.1938.76 Safari/537.36"
20.207.193.195 - - [02/Mar/2026:08:06:03 -0500] "GET /wp-content/uploads/2022/07/UAE-President1-1-scaled-850x560.jpg HTTP/1.1" 200 92567 "-" "Mozilla/5.0 (compatible; BingIndexCrawler/1.0)"
3.85.204.193 - - [02/Mar/2026:08:19:43 -0500] "GET /category/music-concerts/ HTTP/1.1" 200 101699 "-" "Mozilla/4.0 (compatible; MSIE 7.0; Windows NT 6.0) Mozilla/5.0 (Windows NT 10.0; Win64; x64) AppleWebKit/537.36 (KHTML, like Gecko) Chrome/91.0.4472.124 Safari/537.36"
3.85.204.193 - - [02/Mar/2026:08:19:44 -0500] "GET /category/uncategorized/ HTTP/1.1" 200 121982 "-" "Mozilla/4.0 (compatible; MSIE 7.0; Windows NT 6.0) Mozilla/5.0 (Windows NT 10.0; Win64; x64) AppleWebKit/537.36 (KHTML, like Gecko) Chrome/91.0.4472.124 Safari/537.36"
3.85.204.193 - - [02/Mar/2026:08:19:44 -0500] "GET /category/home_side/ HTTP/1.1" 200 121861 "-" "Mozilla/4.0 (compatible; MSIE 7.0; Windows NT 6.0) Mozilla/5.0 (Windows NT 10.0; Win64; x64) AppleWebKit/537.36 (KHTML, like Gecko) Chrome/91.0.4472.124 Safari/537.36"
3.85.204.193 - - [02/Mar/2026:08:19:45 -0500] "GET /category/travel-tourism/destinations/ HTTP/1.1" 200 123182 "-" "Mozilla/4.0 (compatible; MSIE 7.0; Windows NT 6.0) Mozilla/5.0 (Windows NT 10.0; Win64; x64) AppleWebKit/537.36 (KHTML, like Gecko) Chrome/91.0.4472.124 Safari/537.36"
3.85.204.193 - - [02/Mar/2026:08:19:45 -0500] "GET /category/exhibitions/ HTTP/1.1" 200 122723 "-" "Mozilla/4.0 (compatible; MSIE 7.0; Windows NT 6.0) Mozilla/5.0 (Windows NT 10.0; Win64; x64) AppleWebKit/537.36 (KHTML, like Gecko) Chrome/91.0.4472.124 Safari/537.36"
3.85.204.193 - - [02/Mar/2026:08:19:46 -0500] "GET /category/news/ HTTP/1.1" 200 101420 "-" "Mozilla/4.0 (compatible; MSIE 7.0; Windows NT 6.0) Mozilla/5.0 (Windows NT 10.0; Win64; x64) AppleWebKit/537.36 (KHTML, like Gecko) Chrome/91.0.4472.124 Safari/537.36"
162.213.253.84 - - [02/Mar/2026:08:13:52 -0500] "POST /wp-cron.php?doing_wp_cron=1772457232.7423141002655029296875 HTTP/1.1" 200 0 "-" "WordPress/6.8.1; https://www.middleeastoday.com"
37.28.65.40 - - [02/Mar/2026:08:13:52 -0500] "GET /wp-json/wp/v2/posts/7225 HTTP/1.1" 200 3708 "-" "Mozilla/5.0 (Macintosh; Intel Mac OS X 10_12_6) AppleWebKit/537.36 (KHTML, like Gecko) Chrome/86.0.4240.183 Safari/537.36"
162.213.253.84 - - [02/Mar/2026:08:13:53 -0500] "POST /wp-admin/admin-ajax.php?action=async_litespeed&nonce=8XvBQEpC6lR2zJv88jSv5J9qXDniDJ6l&litespeed_type=imgoptm HTTP/1.1" 200 21 "-" "WordPress/6.8.1; https://www.middleeastoday.com"
54.39.89.224 - - [02/Mar/2026:08:19:07 -0500] "GET /mohamed-bin-zayed-austrian-chancellor-deliberate-strengthening-bilateral-relations/ HTTP/1.1" 200 21720 "-" "Mozilla/5.0 (compatible; AhrefsBot/7.0; +http://ahrefs.com/robot/)"
3.85.204.193 - - [02/Mar/2026:08:19:49 -0500] "GET /category/international-news/ HTTP/1.1" 200 122934 "-" "Mozilla/4.0 (compatible; MSIE 7.0; Windows NT 6.0) Mozilla/5.0 (Windows NT 10.0; Win64; x64) AppleWebKit/537.36 (KHTML, like Gecko) Chrome/91.0.4472.124 Safari/537.36"
3.85.204.193 - - [02/Mar/2026:08:19:49 -0500] "GET /category/business/ HTTP/1.1" 200 121700 "-" "Mozilla/4.0 (compatible; MSIE 7.0; Windows NT 6.0) Mozilla/5.0 (Windows NT 10.0; Win64; x64) AppleWebKit/537.36 (KHTML, like Gecko) Chrome/91.0.4472.124 Safari/537.36"
3.85.204.193 - - [02/Mar/2026:08:19:50 -0500] "GET /category/real-estate/ HTTP/1.1" 200 121395 "-" "Mozilla/4.0 (compatible; MSIE 7.0; Windows NT 6.0) Mozilla/5.0 (Windows NT 10.0; Win64; x64) AppleWebKit/537.36 (KHTML, like Gecko) Chrome/91.0.4472.124 Safari/537.36"
3.85.204.193 - - [02/Mar/2026:08:19:53 -0500] "GET /category/travel-tourism/airlines/ HTTP/1.1" 200 122842 "-" "Mozilla/4.0 (compatible; MSIE 7.0; Windows NT 6.0) Mozilla/5.0 (Windows NT 10.0; Win64; x64) AppleWebKit/537.36 (KHTML, like Gecko) Chrome/91.0.4472.124 Safari/537.36"
3.85.204.193 - - [02/Mar/2026:08:19:53 -0500] "GET /category/beauty-fashion/ HTTP/1.1" 200 122556 "-" "Mozilla/4.0 (compatible; MSIE 7.0; Windows NT 6.0) Mozilla/5.0 (Windows NT 10.0; Win64; x64) AppleWebKit/537.36 (KHTML, like Gecko) Chrome/91.0.4472.124 Safari/537.36"
3.85.204.193 - - [02/Mar/2026:08:19:54 -0500] "GET /category/education/ HTTP/1.1" 200 121918 "-" "Mozilla/4.0 (compatible; MSIE 7.0; Windows NT 6.0) Mozilla/5.0 (Windows NT 10.0; Win64; x64) AppleWebKit/537.36 (KHTML, like Gecko) Chrome/91.0.4472.124 Safari/537.36"
3.85.204.193 - - [02/Mar/2026:08:19:54 -0500] "GET /category/awards/ HTTP/1.1" 200 116205 "-" "Mozilla/4.0 (compatible; MSIE 7.0; Windows NT 6.0) Mozilla/5.0 (Windows NT 10.0; Win64; x64) AppleWebKit/537.36 (KHTML, like Gecko) Chrome/91.0.4472.124 Safari/537.36"
3.85.204.193 - - [02/Mar/2026:08:19:55 -0500] "GET /category/travel-tourism/hotels/ HTTP/1.1" 200 108475 "-" "Mozilla/4.0 (compatible; MSIE 7.0; Windows NT 6.0) Mozilla/5.0 (Windows NT 10.0; Win64; x64) AppleWebKit/537.36 (KHTML, like Gecko) Chrome/91.0.4472.124 Safari/537.36"
3.85.204.193 - - [02/Mar/2026:08:19:56 -0500] "GET /category/lifestyle/tech/ HTTP/1.1" 200 101315 "-" "Mozilla/4.0 (compatible; MSIE 7.0; Windows NT 6.0) Mozilla/5.0 (Windows NT 10.0; Win64; x64) AppleWebKit/537.36 (KHTML, like Gecko) Chrome/91.0.4472.124 Safari/537.36"
114.119.137.98 - - [02/Mar/2026:08:22:18 -0500] "GET /worlds-smallest-injectable-dissolvable-pacemaker-developed-by-scientists/ HTTP/1.1" 200 24173 "https://www.middleeastoday.com/the-international-deluxe-beauty-awards-will-be-held-in-dubai-on-april-15" "Mozilla/5.0 (Linux; Android 7.0;) AppleWebKit/537.36 (KHTML, like Gecko) Mobile Safari/537.36 (compatible; PetalBot;+https://webmaster.petalsearch.com/site/petalbot)"
3.85.204.193 - - [02/Mar/2026:08:19:46 -0500] "GET /category/entertainment/ HTTP/1.1" 200 99105 "-" "Mozilla/4.0 (compatible; MSIE 7.0; Windows NT 6.0) Mozilla/5.0 (Windows NT 10.0; Win64; x64) AppleWebKit/537.36 (KHTML, like Gecko) Chrome/91.0.4472.124 Safari/537.36"
3.85.204.193 - - [02/Mar/2026:08:19:47 -0500] "GET /category/travel-tourism/ HTTP/1.1" 200 123600 "-" "Mozilla/4.0 (compatible; MSIE 7.0; Windows NT 6.0) Mozilla/5.0 (Windows NT 10.0; Win64; x64) AppleWebKit/537.36 (KHTML, like Gecko) Chrome/91.0.4472.124 Safari/537.36"
3.85.204.193 - - [02/Mar/2026:08:19:48 -0500] "GET /category/press-releases/ HTTP/1.1" 200 99009 "-" "Mozilla/4.0 (compatible; MSIE 7.0; Windows NT 6.0) Mozilla/5.0 (Windows NT 10.0; Win64; x64) AppleWebKit/537.36 (KHTML, like Gecko) Chrome/91.0.4472.124 Safari/537.36"
3.85.204.193 - - [02/Mar/2026:08:19:48 -0500] "GET /category/conferences/ HTTP/1.1" 200 111702 "-" "Mozilla/4.0 (compatible; MSIE 7.0; Windows NT 6.0) Mozilla/5.0 (Windows NT 10.0; Win64; x64) AppleWebKit/537.36 (KHTML, like Gecko) Chrome/91.0.4472.124 Safari/537.36"
3.85.204.193 - - [02/Mar/2026:08:19:50 -0500] "GET /category/articles/ HTTP/1.1" 200 101387 "-" "Mozilla/4.0 (compatible; MSIE 7.0; Windows NT 6.0) Mozilla/5.0 (Windows NT 10.0; Win64; x64) AppleWebKit/537.36 (KHTML, like Gecko) Chrome/91.0.4472.124 Safari/537.36"
3.85.204.193 - - [02/Mar/2026:08:19:51 -0500] "GET /category/products/ HTTP/1.1" 200 121541 "-" "Mozilla/4.0 (compatible; MSIE 7.0; Windows NT 6.0) Mozilla/5.0 (Windows NT 10.0; Win64; x64) AppleWebKit/537.36 (KHTML, like Gecko) Chrome/91.0.4472.124 Safari/537.36"
3.85.204.193 - - [02/Mar/2026:08:19:51 -0500] "GET /category/national-news/ HTTP/1.1" 200 122061 "-" "Mozilla/4.0 (compatible; MSIE 7.0; Windows NT 6.0) Mozilla/5.0 (Windows NT 10.0; Win64; x64) AppleWebKit/537.36 (KHTML, like Gecko) Chrome/91.0.4472.124 Safari/537.36"
3.85.204.193 - - [02/Mar/2026:08:19:52 -0500] "GET /category/health-2/ HTTP/1.1" 200 121833 "-" "Mozilla/4.0 (compatible; MSIE 7.0; Windows NT 6.0) Mozilla/5.0 (Windows NT 10.0; Win64; x64) AppleWebKit/537.36 (KHTML, like Gecko) Chrome/91.0.4472.124 Safari/537.36"
3.85.204.193 - - [02/Mar/2026:08:19:52 -0500] "GET /category/art/ HTTP/1.1" 200 121534 "-" "Mozilla/4.0 (compatible; MSIE 7.0; Windows NT 6.0) Mozilla/5.0 (Windows NT 10.0; Win64; x64) AppleWebKit/537.36 (KHTML, like Gecko) Chrome/91.0.4472.124 Safari/537.36"
3.85.204.193 - - [02/Mar/2026:08:19:55 -0500] "GET /category/travel-tourism/eating-out/ HTTP/1.1" 200 108596 "-" "Mozilla/4.0 (compatible; MSIE 7.0; Windows NT 6.0) Mozilla/5.0 (Windows NT 10.0; Win64; x64) AppleWebKit/537.36 (KHTML, like Gecko) Chrome/91.0.4472.124 Safari/537.36"
3.85.204.193 - - [02/Mar/2026:08:19:56 -0500] "GET /category/events/ HTTP/1.1" 200 101891 "-" "Mozilla/4.0 (compatible; MSIE 7.0; Windows NT 6.0) Mozilla/5.0 (Windows NT 10.0; Win64; x64) AppleWebKit/537.36 (KHTML, like Gecko) Chrome/91.0.4472.124 Safari/537.36"
114.119.138.37 - - [02/Mar/2026:08:25:11 -0500] "GET /nahyan-bin-mubarak-recognised-as-most-creative-personality-by-creators-union-of-arab/ HTTP/1.1" 200 23200 "https://www.middleeastoday.com/?p=7167" "Mozilla/5.0 (Linux; Android 7.0;) AppleWebKit/537.36 (KHTML, like Gecko) Mobile Safari/537.36 (compatible; PetalBot;+https://webmaster.petalsearch.com/site/petalbot)"
162.213.253.84 - - [02/Mar/2026:08:26:28 -0500] "POST /wp-cron.php?doing_wp_cron=1772457988.7462530136108398437500 HTTP/1.1" 200 0 "-" "WordPress/6.8.1; https://www.middleeastoday.com"
114.119.148.161 - - [02/Mar/2026:08:26:30 -0500] "GET /mohammed-bin-rashid-visits-idex-in-abu-dhabi/ HTTP/1.1" 200 24196 "https://www.middleeastoday.com/uae-iraqi-presidents-discuss-bilateral-relations" "Mozilla/5.0 (Linux; Android 7.0;) AppleWebKit/537.36 (KHTML, like Gecko) Mobile Safari/537.36 (compatible; PetalBot;+https://webmaster.petalsearch.com/site/petalbot)"
114.119.130.67 - - [02/Mar/2026:08:23:43 -0500] "GET /uae-slovenia-explore-ways-to-enhance-investment-cooperation-unlock-new-opportunities/ HTTP/1.1" 200 24397 "https://www.middleeastoday.com/emirates-signs-mou-with-sri-lanka-tourism/" "Mozilla/5.0 (Linux; Android 7.0;) AppleWebKit/537.36 (KHTML, like Gecko) Mobile Safari/537.36 (compatible; PetalBot;+https://webmaster.petalsearch.com/site/petalbot)"
162.213.253.84 - - [02/Mar/2026:08:25:08 -0500] "POST /wp-cron.php?doing_wp_cron=1772457908.3071010112762451171875 HTTP/1.1" 200 0 "-" "WordPress/6.8.1; https://www.middleeastoday.com"
114.119.138.37 - - [02/Mar/2026:08:25:06 -0500] "GET /nahyan-bin-mubarak-recognised-as-most-creative-personality-by-creators-union-of-arab HTTP/1.1" 301 0 "https://www.middleeastoday.com/?p=7167" "Mozilla/5.0 (Linux; Android 7.0;) AppleWebKit/537.36 (KHTML, like Gecko) Mobile Safari/537.36 (compatible; PetalBot;+https://webmaster.petalsearch.com/site/petalbot)"
162.213.253.84 - - [02/Mar/2026:08:25:09 -0500] "POST /wp-admin/admin-ajax.php?action=async_litespeed&nonce=A1343Am7GXCjZyy2F3xNBYW28FATzcUG&litespeed_type=imgoptm HTTP/1.1" 200 21 "-" "WordPress/6.8.1; https://www.middleeastoday.com"
114.119.148.161 - - [02/Mar/2026:08:26:27 -0500] "GET /mohammed-bin-rashid-visits-idex-in-abu-dhabi HTTP/1.1" 301 0 "https://www.middleeastoday.com/uae-iraqi-presidents-discuss-bilateral-relations" "Mozilla/5.0 (Linux; Android 7.0;) AppleWebKit/537.36 (KHTML, like Gecko) Mobile Safari/537.36 (compatible; PetalBot;+https://webmaster.petalsearch.com/site/petalbot)"
162.213.253.84 - - [02/Mar/2026:08:26:29 -0500] "POST /wp-admin/admin-ajax.php?action=async_litespeed&nonce=rVPsGYjgjHtEbfRshGJm9FEshQlrI4oT&litespeed_type=imgoptm HTTP/1.1" 200 21 "-" "WordPress/6.8.1; https://www.middleeastoday.com"
103.216.58.52 - - [02/Mar/2026:08:28:39 -0500] "GET /category/travel-tourism/eating-out/ HTTP/1.1" 200 22694 "-" "Mozilla/5.0 (Windows NT 10.0; Win64; x64) AppleWebKit/537.36 (KHTML, like Gecko) Chrome/101.0.0.0 Safari/537.36"
114.119.141.228 - - [02/Mar/2026:08:29:19 -0500] "GET /fujairah-ruler-receives-chief-executive-officer-of-enoc-group/ HTTP/1.1" 200 22851 "https://www.middleeastoday.com/page/63" "Mozilla/5.0 (Linux; Android 7.0;) AppleWebKit/537.36 (KHTML, like Gecko) Mobile Safari/537.36 (compatible; PetalBot;+https://webmaster.petalsearch.com/site/petalbot)"
54.223.201.174 - - [02/Mar/2026:08:34:40 -0500] "GET / HTTP/1.1" 200 32212 "-" "Mozilla/5.0 (Linux; Android 13; PFFM10 Build/TP1A.220905.001; wv) AppleWebKit/537.36 (KHTML, like Gecko) Version/4.0 Chrome/88.0.4324.181 Mobile Safari/537.36 aweme_250000 JsSdk/1.0 NetType/WIFI Channel/31725782a AppName/aweme app_version/25.0.0 ByteLocale/zh-CN Region/CN AppSkin/white AppTheme/light BULLET/1 BytedanceWebview/d8a21c6 TTWebView/0881130048402"
54.223.201.174 - - [02/Mar/2026:08:34:40 -0500] "GET /wp-content/uploads/2022/04/64c2ad33-5b41-4d59-be1b-293b254ded91-768x119.jpeg HTTP/1.1" 200 18202 "https://www.middleeastoday.com/" "Mozilla/5.0 (Linux; Android 13; PFFM10 Build/TP1A.220905.001; wv) AppleWebKit/537.36 (KHTML, like Gecko) Version/4.0 Chrome/88.0.4324.181 Mobile Safari/537.36 aweme_250000 JsSdk/1.0 NetType/WIFI Channel/31725782a AppName/aweme app_version/25.0.0 ByteLocale/zh-CN Region/CN AppSkin/white AppTheme/light BULLET/1 BytedanceWebview/d8a21c6 TTWebView/0881130048402"
54.223.201.174 - - [02/Mar/2026:08:34:41 -0500] "GET /wp-content/plugins/elementor-1/assets/lib/eicons/fonts/eicons.woff2?5.29.0 HTTP/1.1" 200 96924 "https://www.middleeastoday.com/wp-content/plugins/elementor-1/assets/lib/eicons/css/elementor-icons.min.css?ver=5.29.0" "Mozilla/5.0 (Linux; Android 13; PFFM10 Build/TP1A.220905.001; wv) AppleWebKit/537.36 (KHTML, like Gecko) Version/4.0 Chrome/88.0.4324.181 Mobile Safari/537.36 aweme_250000 JsSdk/1.0 NetType/WIFI Channel/31725782a AppName/aweme app_version/25.0.0 ByteLocale/zh-CN Region/CN AppSkin/white AppTheme/light BULLET/1 BytedanceWebview/d8a21c6 TTWebView/0881130048402"
114.119.141.228 - - [02/Mar/2026:08:27:52 -0500] "GET /abu-dhabi-grand-kingfish-championship-concludes/ HTTP/1.1" 200 24028 "https://www.middleeastoday.com/author/admin/page/16" "Mozilla/5.0 (Linux; Android 7.0;) AppleWebKit/537.36 (KHTML, like Gecko) Mobile Safari/537.36 (compatible; PetalBot;+https://webmaster.petalsearch.com/site/petalbot)"
162.213.253.84 - - [02/Mar/2026:08:29:17 -0500] "POST /wp-cron.php?doing_wp_cron=1772458157.6268410682678222656250 HTTP/1.1" 200 0 "-" "WordPress/6.8.1; https://www.middleeastoday.com"
114.119.141.228 - - [02/Mar/2026:08:29:16 -0500] "GET /?post_type=post&p=367 HTTP/1.1" 301 0 "https://www.middleeastoday.com/page/63" "Mozilla/5.0 (Linux; Android 7.0;) AppleWebKit/537.36 (KHTML, like Gecko) Mobile Safari/537.36 (compatible; PetalBot;+https://webmaster.petalsearch.com/site/petalbot)"
162.213.253.84 - - [02/Mar/2026:08:29:18 -0500] "POST /wp-admin/admin-ajax.php?action=async_litespeed&nonce=khw9IdGRYzR1W9x4hVWOKpSbUDc43o3x&litespeed_type=imgoptm HTTP/1.1" 200 0 "-" "WordPress/6.8.1; https://www.middleeastoday.com"
54.223.201.174 - - [02/Mar/2026:08:34:40 -0500] "GET /wp-content/uploads/2022/04/middle-east-today-logo-1-768x272.jpg HTTP/1.1" 200 17916 "https://www.middleeastoday.com/" "Mozilla/5.0 (Linux; Android 13; PFFM10 Build/TP1A.220905.001; wv) AppleWebKit/537.36 (KHTML, like Gecko) Version/4.0 Chrome/88.0.4324.181 Mobile Safari/537.36 aweme_250000 JsSdk/1.0 NetType/WIFI Channel/31725782a AppName/aweme app_version/25.0.0 ByteLocale/zh-CN Region/CN AppSkin/white AppTheme/light BULLET/1 BytedanceWebview/d8a21c6 TTWebView/0881130048402"
54.223.201.174 - - [02/Mar/2026:08:34:40 -0500] "GET /wp-content/uploads/2022/04/3438d600-470e-479e-b3da-282bf8dab043.jpg HTTP/1.1" 200 34912 "https://www.middleeastoday.com/" "Mozilla/5.0 (Linux; Android 13; PFFM10 Build/TP1A.220905.001; wv) AppleWebKit/537.36 (KHTML, like Gecko) Version/4.0 Chrome/88.0.4324.181 Mobile Safari/537.36 aweme_250000 JsSdk/1.0 NetType/WIFI Channel/31725782a AppName/aweme app_version/25.0.0 ByteLocale/zh-CN Region/CN AppSkin/white AppTheme/light BULLET/1 BytedanceWebview/d8a21c6 TTWebView/0881130048402"
54.223.201.174 - - [02/Mar/2026:08:34:41 -0500] "GET /wp-content/uploads/2023/01/knacTag.png HTTP/1.1" 200 17422 "https://www.middleeastoday.com/" "Mozilla/5.0 (Linux; Android 13; PFFM10 Build/TP1A.220905.001; wv) AppleWebKit/537.36 (KHTML, like Gecko) Version/4.0 Chrome/88.0.4324.181 Mobile Safari/537.36 aweme_250000 JsSdk/1.0 NetType/WIFI Channel/31725782a AppName/aweme app_version/25.0.0 ByteLocale/zh-CN Region/CN AppSkin/white AppTheme/light BULLET/1 BytedanceWebview/d8a21c6 TTWebView/0881130048402"
54.223.201.174 - - [02/Mar/2026:08:34:41 -0500] "GET /wp-content/plugins/elementor-1/assets/lib/font-awesome/webfonts/fa-brands-400.woff2 HTTP/1.1" 200 81612 "https://www.middleeastoday.com/wp-content/plugins/elementor-1/assets/lib/font-awesome/css/brands.min.css?ver=5.15.3" "Mozilla/5.0 (Linux; Android 13; PFFM10 Build/TP1A.220905.001; wv) AppleWebKit/537.36 (KHTML, like Gecko) Version/4.0 Chrome/88.0.4324.181 Mobile Safari/537.36 aweme_250000 JsSdk/1.0 NetType/WIFI Channel/31725782a AppName/aweme app_version/25.0.0 ByteLocale/zh-CN Region/CN AppSkin/white AppTheme/light BULLET/1 BytedanceWebview/d8a21c6 TTWebView/0881130048402"
54.223.201.174 - - [02/Mar/2026:08:34:41 -0500] "GET /wp-content/plugins/elementskit-lite/modules/elementskit-icon-pack/assets/fonts/elementskit.woff?y24e1e HTTP/1.1" 200 459560 "https://www.middleeastoday.com/wp-content/plugins/elementskit-lite/modules/elementskit-icon-pack/assets/css/ekiticons.css?ver=3.5.0" "Mozilla/5.0 (Linux; Android 13; PFFM10 Build/TP1A.220905.001; wv) AppleWebKit/537.36 (KHTML, like Gecko) Version/4.0 Chrome/88.0.4324.181 Mobile Safari/537.36 aweme_250000 JsSdk/1.0 NetType/WIFI Channel/31725782a AppName/aweme app_version/25.0.0 ByteLocale/zh-CN Region/CN AppSkin/white AppTheme/light BULLET/1 BytedanceWebview/d8a21c6 TTWebView/0881130048402"
54.223.201.174 - - [02/Mar/2026:08:34:49 -0500] "GET /wp-content/uploads/2026/01/Shurooq-600x398.jpg HTTP/1.1" 200 54812 "https://www.middleeastoday.com/" "Mozilla/5.0 (Linux; Android 13; PFFM10 Build/TP1A.220905.001; wv) AppleWebKit/537.36 (KHTML, like Gecko) Version/4.0 Chrome/88.0.4324.181 Mobile Safari/537.36 aweme_250000 JsSdk/1.0 NetType/WIFI Channel/31725782a AppName/aweme app_version/25.0.0 ByteLocale/zh-CN Region/CN AppSkin/white AppTheme/light BULLET/1 BytedanceWebview/d8a21c6 TTWebView/0881130048402"
54.223.201.174 - - [02/Mar/2026:08:34:49 -0500] "GET /wp-content/uploads/2026/02/Millionarie-Lifestyle-wards-600x398.jpeg HTTP/1.1" 200 111937 "https://www.middleeastoday.com/" "Mozilla/5.0 (Linux; Android 13; PFFM10 Build/TP1A.220905.001; wv) AppleWebKit/537.36 (KHTML, like Gecko) Version/4.0 Chrome/88.0.4324.181 Mobile Safari/537.36 aweme_250000 JsSdk/1.0 NetType/WIFI Channel/31725782a AppName/aweme app_version/25.0.0 ByteLocale/zh-CN Region/CN AppSkin/white AppTheme/light BULLET/1 BytedanceWebview/d8a21c6 TTWebView/0881130048402"
54.223.201.174 - - [02/Mar/2026:08:34:49 -0500] "GET /wp-content/uploads/2026/01/ADNOC-Gas--600x398.jpeg HTTP/1.1" 200 40376 "https://www.middleeastoday.com/" "Mozilla/5.0 (Linux; Android 13; PFFM10 Build/TP1A.220905.001; wv) AppleWebKit/537.36 (KHTML, like Gecko) Version/4.0 Chrome/88.0.4324.181 Mobile Safari/537.36 aweme_250000 JsSdk/1.0 NetType/WIFI Channel/31725782a AppName/aweme app_version/25.0.0 ByteLocale/zh-CN Region/CN AppSkin/white AppTheme/light BULLET/1 BytedanceWebview/d8a21c6 TTWebView/0881130048402"
54.223.201.174 - - [02/Mar/2026:08:34:49 -0500] "GET /wp-content/uploads/2025/10/WhatsApp-Image-2025-10-14-at-07.52.18_16915215-600x398.jpg HTTP/1.1" 200 41937 "https://www.middleeastoday.com/" "Mozilla/5.0 (Linux; Android 13; PFFM10 Build/TP1A.220905.001; wv) AppleWebKit/537.36 (KHTML, like Gecko) Version/4.0 Chrome/88.0.4324.181 Mobile Safari/537.36 aweme_250000 JsSdk/1.0 NetType/WIFI Channel/31725782a AppName/aweme app_version/25.0.0 ByteLocale/zh-CN Region/CN AppSkin/white AppTheme/light BULLET/1 BytedanceWebview/d8a21c6 TTWebView/0881130048402"
54.223.201.174 - - [02/Mar/2026:08:34:49 -0500] "GET /wp-content/uploads/2026/01/Yas-Marina-Circuit-600x398.jpeg HTTP/1.1" 200 28556 "https://www.middleeastoday.com/" "Mozilla/5.0 (Linux; Android 13; PFFM10 Build/TP1A.220905.001; wv) AppleWebKit/537.36 (KHTML, like Gecko) Version/4.0 Chrome/88.0.4324.181 Mobile Safari/537.36 aweme_250000 JsSdk/1.0 NetType/WIFI Channel/31725782a AppName/aweme app_version/25.0.0 ByteLocale/zh-CN Region/CN AppSkin/white AppTheme/light BULLET/1 BytedanceWebview/d8a21c6 TTWebView/0881130048402"
54.223.201.174 - - [02/Mar/2026:08:34:49 -0500] "GET /wp-content/uploads/2025/02/WhatsApp-Image-2025-02-24-at-10.33.28-AM-600x398.jpeg HTTP/1.1" 200 23014 "https://www.middleeastoday.com/" "Mozilla/5.0 (Linux; Android 13; PFFM10 Build/TP1A.220905.001; wv) AppleWebKit/537.36 (KHTML, like Gecko) Version/4.0 Chrome/88.0.4324.181 Mobile Safari/537.36 aweme_250000 JsSdk/1.0 NetType/WIFI Channel/31725782a AppName/aweme app_version/25.0.0 ByteLocale/zh-CN Region/CN AppSkin/white AppTheme/light BULLET/1 BytedanceWebview/d8a21c6 TTWebView/0881130048402"
54.223.201.174 - - [02/Mar/2026:08:34:49 -0500] "GET /wp-content/uploads/2025/06/Fajar--600x398.jpg HTTP/1.1" 200 56427 "https://www.middleeastoday.com/" "Mozilla/5.0 (Linux; Android 13; PFFM10 Build/TP1A.220905.001; wv) AppleWebKit/537.36 (KHTML, like Gecko) Version/4.0 Chrome/88.0.4324.181 Mobile Safari/537.36 aweme_250000 JsSdk/1.0 NetType/WIFI Channel/31725782a AppName/aweme app_version/25.0.0 ByteLocale/zh-CN Region/CN AppSkin/white AppTheme/light BULLET/1 BytedanceWebview/d8a21c6 TTWebView/0881130048402"
54.223.201.174 - - [02/Mar/2026:08:34:41 -0500] "GET /wp-content/plugins/elementor-1/assets/lib/font-awesome/webfonts/fa-solid-900.woff2 HTTP/1.1" 200 78196 "https://www.middleeastoday.com/wp-content/plugins/elementor-1/assets/lib/font-awesome/css/solid.min.css?ver=5.15.3" "Mozilla/5.0 (Linux; Android 13; PFFM10 Build/TP1A.220905.001; wv) AppleWebKit/537.36 (KHTML, like Gecko) Version/4.0 Chrome/88.0.4324.181 Mobile Safari/537.36 aweme_250000 JsSdk/1.0 NetType/WIFI Channel/31725782a AppName/aweme app_version/25.0.0 ByteLocale/zh-CN Region/CN AppSkin/white AppTheme/light BULLET/1 BytedanceWebview/d8a21c6 TTWebView/0881130048402"
54.223.201.174 - - [02/Mar/2026:08:34:41 -0500] "GET /wp-content/themes/digiqole/assets/fonts/iconfont.ttf?5i53bc HTTP/1.1" 200 27432 "https://www.middleeastoday.com/wp-content/themes/digiqole/assets/css/icon-font.css?ver=2.1.1" "Mozilla/5.0 (Linux; Android 13; PFFM10 Build/TP1A.220905.001; wv) AppleWebKit/537.36 (KHTML, like Gecko) Version/4.0 Chrome/88.0.4324.181 Mobile Safari/537.36 aweme_250000 JsSdk/1.0 NetType/WIFI Channel/31725782a AppName/aweme app_version/25.0.0 ByteLocale/zh-CN Region/CN AppSkin/white AppTheme/light BULLET/1 BytedanceWebview/d8a21c6 TTWebView/0881130048402"
54.223.201.174 - - [02/Mar/2026:08:34:49 -0500] "GET /wp-content/uploads/2023/04/Dubai-Metro-600x398.jpg HTTP/1.1" 200 49764 "https://www.middleeastoday.com/" "Mozilla/5.0 (Linux; Android 13; PFFM10 Build/TP1A.220905.001; wv) AppleWebKit/537.36 (KHTML, like Gecko) Version/4.0 Chrome/88.0.4324.181 Mobile Safari/537.36 aweme_250000 JsSdk/1.0 NetType/WIFI Channel/31725782a AppName/aweme app_version/25.0.0 ByteLocale/zh-CN Region/CN AppSkin/white AppTheme/light BULLET/1 BytedanceWebview/d8a21c6 TTWebView/0881130048402"
54.223.201.174 - - [02/Mar/2026:08:34:49 -0500] "GET /wp-content/uploads/2026/02/Gabon-600x398.jpg HTTP/1.1" 200 43170 "https://www.middleeastoday.com/" "Mozilla/5.0 (Linux; Android 13; PFFM10 Build/TP1A.220905.001; wv) AppleWebKit/537.36 (KHTML, like Gecko) Version/4.0 Chrome/88.0.4324.181 Mobile Safari/537.36 aweme_250000 JsSdk/1.0 NetType/WIFI Channel/31725782a AppName/aweme app_version/25.0.0 ByteLocale/zh-CN Region/CN AppSkin/white AppTheme/light BULLET/1 BytedanceWebview/d8a21c6 TTWebView/0881130048402"
54.223.201.174 - - [02/Mar/2026:08:34:49 -0500] "GET /wp-content/uploads/2026/01/Gold-1-600x398.jpg HTTP/1.1" 200 27593 "https://www.middleeastoday.com/" "Mozilla/5.0 (Linux; Android 13; PFFM10 Build/TP1A.220905.001; wv) AppleWebKit/537.36 (KHTML, like Gecko) Version/4.0 Chrome/88.0.4324.181 Mobile Safari/537.36 aweme_250000 JsSdk/1.0 NetType/WIFI Channel/31725782a AppName/aweme app_version/25.0.0 ByteLocale/zh-CN Region/CN AppSkin/white AppTheme/light BULLET/1 BytedanceWebview/d8a21c6 TTWebView/0881130048402"
54.223.201.174 - - [02/Mar/2026:08:34:49 -0500] "GET /wp-content/uploads/2026/01/Gold-600x398.jpg HTTP/1.1" 200 35241 "https://www.middleeastoday.com/" "Mozilla/5.0 (Linux; Android 13; PFFM10 Build/TP1A.220905.001; wv) AppleWebKit/537.36 (KHTML, like Gecko) Version/4.0 Chrome/88.0.4324.181 Mobile Safari/537.36 aweme_250000 JsSdk/1.0 NetType/WIFI Channel/31725782a AppName/aweme app_version/25.0.0 ByteLocale/zh-CN Region/CN AppSkin/white AppTheme/light BULLET/1 BytedanceWebview/d8a21c6 TTWebView/0881130048402"
54.223.201.174 - - [02/Mar/2026:08:34:49 -0500] "GET /wp-content/uploads/2025/12/Dubai-Shopping-Festival-600x398.jpg HTTP/1.1" 200 58785 "https://www.middleeastoday.com/" "Mozilla/5.0 (Linux; Android 13; PFFM10 Build/TP1A.220905.001; wv) AppleWebKit/537.36 (KHTML, like Gecko) Version/4.0 Chrome/88.0.4324.181 Mobile Safari/537.36 aweme_250000 JsSdk/1.0 NetType/WIFI Channel/31725782a AppName/aweme app_version/25.0.0 ByteLocale/zh-CN Region/CN AppSkin/white AppTheme/light BULLET/1 BytedanceWebview/d8a21c6 TTWebView/0881130048402"
54.223.201.174 - - [02/Mar/2026:08:34:49 -0500] "GET /wp-content/uploads/2026/02/AI-600x398.jpg HTTP/1.1" 200 29500 "https://www.middleeastoday.com/" "Mozilla/5.0 (Linux; Android 13; PFFM10 Build/TP1A.220905.001; wv) AppleWebKit/537.36 (KHTML, like Gecko) Version/4.0 Chrome/88.0.4324.181 Mobile Safari/537.36 aweme_250000 JsSdk/1.0 NetType/WIFI Channel/31725782a AppName/aweme app_version/25.0.0 ByteLocale/zh-CN Region/CN AppSkin/white AppTheme/light BULLET/1 BytedanceWebview/d8a21c6 TTWebView/0881130048402"
54.223.201.174 - - [02/Mar/2026:08:34:49 -0500] "GET /wp-content/uploads/2025/10/Film-Festival-1-600x398.jpg HTTP/1.1" 200 37619 "https://www.middleeastoday.com/" "Mozilla/5.0 (Linux; Android 13; PFFM10 Build/TP1A.220905.001; wv) AppleWebKit/537.36 (KHTML, like Gecko) Version/4.0 Chrome/88.0.4324.181 Mobile Safari/537.36 aweme_250000 JsSdk/1.0 NetType/WIFI Channel/31725782a AppName/aweme app_version/25.0.0 ByteLocale/zh-CN Region/CN AppSkin/white AppTheme/light BULLET/1 BytedanceWebview/d8a21c6 TTWebView/0881130048402"
54.223.201.174 - - [02/Mar/2026:08:34:49 -0500] "GET /wp-content/uploads/2025/05/STOMP-Live-378x398.jpg HTTP/1.1" 200 38789 "https://www.middleeastoday.com/" "Mozilla/5.0 (Linux; Android 13; PFFM10 Build/TP1A.220905.001; wv) AppleWebKit/537.36 (KHTML, like Gecko) Version/4.0 Chrome/88.0.4324.181 Mobile Safari/537.36 aweme_250000 JsSdk/1.0 NetType/WIFI Channel/31725782a AppName/aweme app_version/25.0.0 ByteLocale/zh-CN Region/CN AppSkin/white AppTheme/light BULLET/1 BytedanceWebview/d8a21c6 TTWebView/0881130048402"
54.223.201.174 - - [02/Mar/2026:08:34:49 -0500] "GET /wp-content/uploads/2025/04/Award-Ceremony-001-455x300.jpg HTTP/1.1" 200 44962 "https://www.middleeastoday.com/" "Mozilla/5.0 (Linux; Android 13; PFFM10 Build/TP1A.220905.001; wv) AppleWebKit/537.36 (KHTML, like Gecko) Version/4.0 Chrome/88.0.4324.181 Mobile Safari/537.36 aweme_250000 JsSdk/1.0 NetType/WIFI Channel/31725782a AppName/aweme app_version/25.0.0 ByteLocale/zh-CN Region/CN AppSkin/white AppTheme/light BULLET/1 BytedanceWebview/d8a21c6 TTWebView/0881130048402"
54.223.201.174 - - [02/Mar/2026:08:34:49 -0500] "GET /wp-content/uploads/2025/12/RR-600x398.jpg HTTP/1.1" 200 37317 "https://www.middleeastoday.com/" "Mozilla/5.0 (Linux; Android 13; PFFM10 Build/TP1A.220905.001; wv) AppleWebKit/537.36 (KHTML, like Gecko) Version/4.0 Chrome/88.0.4324.181 Mobile Safari/537.36 aweme_250000 JsSdk/1.0 NetType/WIFI Channel/31725782a AppName/aweme app_version/25.0.0 ByteLocale/zh-CN Region/CN AppSkin/white AppTheme/light BULLET/1 BytedanceWebview/d8a21c6 TTWebView/0881130048402"
54.223.201.174 - - [02/Mar/2026:08:34:49 -0500] "GET /wp-content/uploads/2025/10/Dolcegabbana-600x398.jpg HTTP/1.1" 200 32573 "https://www.middleeastoday.com/" "Mozilla/5.0 (Linux; Android 13; PFFM10 Build/TP1A.220905.001; wv) AppleWebKit/537.36 (KHTML, like Gecko) Version/4.0 Chrome/88.0.4324.181 Mobile Safari/537.36 aweme_250000 JsSdk/1.0 NetType/WIFI Channel/31725782a AppName/aweme app_version/25.0.0 ByteLocale/zh-CN Region/CN AppSkin/white AppTheme/light BULLET/1 BytedanceWebview/d8a21c6 TTWebView/0881130048402"
54.223.201.174 - - [02/Mar/2026:08:34:49 -0500] "GET /wp-content/uploads/2025/09/Integrated-Transport-Centre-600x398.jpg HTTP/1.1" 200 24610 "https://www.middleeastoday.com/" "Mozilla/5.0 (Linux; Android 13; PFFM10 Build/TP1A.220905.001; wv) AppleWebKit/537.36 (KHTML, like Gecko) Version/4.0 Chrome/88.0.4324.181 Mobile Safari/537.36 aweme_250000 JsSdk/1.0 NetType/WIFI Channel/31725782a AppName/aweme app_version/25.0.0 ByteLocale/zh-CN Region/CN AppSkin/white AppTheme/light BULLET/1 BytedanceWebview/d8a21c6 TTWebView/0881130048402"
54.223.201.174 - - [02/Mar/2026:08:34:49 -0500] "GET /wp-content/uploads/2025/08/Aldar-600x398.jpg HTTP/1.1" 200 66809 "https://www.middleeastoday.com/" "Mozilla/5.0 (Linux; Android 13; PFFM10 Build/TP1A.220905.001; wv) AppleWebKit/537.36 (KHTML, like Gecko) Version/4.0 Chrome/88.0.4324.181 Mobile Safari/537.36 aweme_250000 JsSdk/1.0 NetType/WIFI Channel/31725782a AppName/aweme app_version/25.0.0 ByteLocale/zh-CN Region/CN AppSkin/white AppTheme/light BULLET/1 BytedanceWebview/d8a21c6 TTWebView/0881130048402"
54.223.201.174 - - [02/Mar/2026:08:34:49 -0500] "GET /wp-content/uploads/2022/04/medium-3327802249726485861-600x398.jpg HTTP/1.1" 200 44960 "https://www.middleeastoday.com/" "Mozilla/5.0 (Linux; Android 13; PFFM10 Build/TP1A.220905.001; wv) AppleWebKit/537.36 (KHTML, like Gecko) Version/4.0 Chrome/88.0.4324.181 Mobile Safari/537.36 aweme_250000 JsSdk/1.0 NetType/WIFI Channel/31725782a AppName/aweme app_version/25.0.0 ByteLocale/zh-CN Region/CN AppSkin/white AppTheme/light BULLET/1 BytedanceWebview/d8a21c6 TTWebView/0881130048402"
54.223.201.174 - - [02/Mar/2026:08:34:49 -0500] "GET /wp-content/uploads/2025/12/Yango-CEO-600x398.jpg HTTP/1.1" 200 26214 "https://www.middleeastoday.com/" "Mozilla/5.0 (Linux; Android 13; PFFM10 Build/TP1A.220905.001; wv) AppleWebKit/537.36 (KHTML, like Gecko) Version/4.0 Chrome/88.0.4324.181 Mobile Safari/537.36 aweme_250000 JsSdk/1.0 NetType/WIFI Channel/31725782a AppName/aweme app_version/25.0.0 ByteLocale/zh-CN Region/CN AppSkin/white AppTheme/light BULLET/1 BytedanceWebview/d8a21c6 TTWebView/0881130048402"
54.223.201.174 - - [02/Mar/2026:08:34:49 -0500] "GET /wp-content/uploads/2024/10/PRP-Aviator-Banner-1-600x398.jpg HTTP/1.1" 200 23767 "https://www.middleeastoday.com/" "Mozilla/5.0 (Linux; Android 13; PFFM10 Build/TP1A.220905.001; wv) AppleWebKit/537.36 (KHTML, like Gecko) Version/4.0 Chrome/88.0.4324.181 Mobile Safari/537.36 aweme_250000 JsSdk/1.0 NetType/WIFI Channel/31725782a AppName/aweme app_version/25.0.0 ByteLocale/zh-CN Region/CN AppSkin/white AppTheme/light BULLET/1 BytedanceWebview/d8a21c6 TTWebView/0881130048402"
54.223.201.174 - - [02/Mar/2026:08:34:49 -0500] "GET /wp-content/uploads/2024/12/New-Years-Eve-2025-ABC-455x300.jpg HTTP/1.1" 200 35485 "https://www.middleeastoday.com/" "Mozilla/5.0 (Linux; Android 13; PFFM10 Build/TP1A.220905.001; wv) AppleWebKit/537.36 (KHTML, like Gecko) Version/4.0 Chrome/88.0.4324.181 Mobile Safari/537.36 aweme_250000 JsSdk/1.0 NetType/WIFI Channel/31725782a AppName/aweme app_version/25.0.0 ByteLocale/zh-CN Region/CN AppSkin/white AppTheme/light BULLET/1 BytedanceWebview/d8a21c6 TTWebView/0881130048402"
54.223.201.174 - - [02/Mar/2026:08:34:49 -0500] "GET /wp-content/uploads/2025/08/Me-getting-Award-600x398.jpg HTTP/1.1" 200 81626 "https://www.middleeastoday.com/" "Mozilla/5.0 (Linux; Android 13; PFFM10 Build/TP1A.220905.001; wv) AppleWebKit/537.36 (KHTML, like Gecko) Version/4.0 Chrome/88.0.4324.181 Mobile Safari/537.36 aweme_250000 JsSdk/1.0 NetType/WIFI Channel/31725782a AppName/aweme app_version/25.0.0 ByteLocale/zh-CN Region/CN AppSkin/white AppTheme/light BULLET/1 BytedanceWebview/d8a21c6 TTWebView/0881130048402"
54.223.201.174 - - [02/Mar/2026:08:34:49 -0500] "GET /wp-content/uploads/2026/01/Russia-600x398.jpg HTTP/1.1" 200 69002 "https://www.middleeastoday.com/" "Mozilla/5.0 (Linux; Android 13; PFFM10 Build/TP1A.220905.001; wv) AppleWebKit/537.36 (KHTML, like Gecko) Version/4.0 Chrome/88.0.4324.181 Mobile Safari/537.36 aweme_250000 JsSdk/1.0 NetType/WIFI Channel/31725782a AppName/aweme app_version/25.0.0 ByteLocale/zh-CN Region/CN AppSkin/white AppTheme/light BULLET/1 BytedanceWebview/d8a21c6 TTWebView/0881130048402"
54.223.201.174 - - [02/Mar/2026:08:34:49 -0500] "GET /wp-content/uploads/2024/06/Evelina-2-455x300.jpg HTTP/1.1" 200 25829 "https://www.middleeastoday.com/" "Mozilla/5.0 (Linux; Android 13; PFFM10 Build/TP1A.220905.001; wv) AppleWebKit/537.36 (KHTML, like Gecko) Version/4.0 Chrome/88.0.4324.181 Mobile Safari/537.36 aweme_250000 JsSdk/1.0 NetType/WIFI Channel/31725782a AppName/aweme app_version/25.0.0 ByteLocale/zh-CN Region/CN AppSkin/white AppTheme/light BULLET/1 BytedanceWebview/d8a21c6 TTWebView/0881130048402"
54.223.201.174 - - [02/Mar/2026:08:34:49 -0500] "GET /wp-content/uploads/2022/04/medium-745515155959562220-1-600x398.jpg HTTP/1.1" 200 50255 "https://www.middleeastoday.com/" "Mozilla/5.0 (Linux; Android 13; PFFM10 Build/TP1A.220905.001; wv) AppleWebKit/537.36 (KHTML, like Gecko) Version/4.0 Chrome/88.0.4324.181 Mobile Safari/537.36 aweme_250000 JsSdk/1.0 NetType/WIFI Channel/31725782a AppName/aweme app_version/25.0.0 ByteLocale/zh-CN Region/CN AppSkin/white AppTheme/light BULLET/1 BytedanceWebview/d8a21c6 TTWebView/0881130048402"
54.223.201.174 - - [02/Mar/2026:08:34:49 -0500] "GET /wp-content/uploads/2024/07/Dubai-South-600x398.jpg HTTP/1.1" 200 53027 "https://www.middleeastoday.com/" "Mozilla/5.0 (Linux; Android 13; PFFM10 Build/TP1A.220905.001; wv) AppleWebKit/537.36 (KHTML, like Gecko) Version/4.0 Chrome/88.0.4324.181 Mobile Safari/537.36 aweme_250000 JsSdk/1.0 NetType/WIFI Channel/31725782a AppName/aweme app_version/25.0.0 ByteLocale/zh-CN Region/CN AppSkin/white AppTheme/light BULLET/1 BytedanceWebview/d8a21c6 TTWebView/0881130048402"
54.223.201.174 - - [02/Mar/2026:08:34:49 -0500] "GET /wp-content/uploads/2024/07/robots-600x398.jpeg HTTP/1.1" 200 42381 "https://www.middleeastoday.com/" "Mozilla/5.0 (Linux; Android 13; PFFM10 Build/TP1A.220905.001; wv) AppleWebKit/537.36 (KHTML, like Gecko) Version/4.0 Chrome/88.0.4324.181 Mobile Safari/537.36 aweme_250000 JsSdk/1.0 NetType/WIFI Channel/31725782a AppName/aweme app_version/25.0.0 ByteLocale/zh-CN Region/CN AppSkin/white AppTheme/light BULLET/1 BytedanceWebview/d8a21c6 TTWebView/0881130048402"
