162.213.253.84 - - [02/Mar/2026:07:10:40 -0500] "POST /wp-cron.php?doing_wp_cron=1772453440.0844349861145019531250 HTTP/1.1" 200 0 "-" "WordPress/6.8.1; https://www.middleeastoday.com"
45.156.129.161 - - [02/Mar/2026:07:10:39 -0500] "GET /static/historypage.js HTTP/1.1" 301 0 "-" "Mozilla/5.0 AppleWebKit/537.36 (KHTML, like Gecko) Chrome/123.0.6312.86 Safari/537.36 BitSightBot/1.0"
45.156.129.162 - - [02/Mar/2026:07:10:51 -0500] "GET / HTTP/1.1" 301 0 "-" "Mozilla/5.0 AppleWebKit/537.36 (KHTML, like Gecko) Chrome/123.0.6312.86 Safari/537.36 BitSightBot/1.0"
45.156.129.161 - - [02/Mar/2026:07:10:52 -0500] "GET / HTTP/1.1" 200 38646 "https://middleeastoday.com/" "Mozilla/5.0 AppleWebKit/537.36 (KHTML, like Gecko) Chrome/123.0.6312.86 Safari/537.36 BitSightBot/1.0"
45.156.129.162 - - [02/Mar/2026:07:10:53 -0500] "GET /login HTTP/1.1" 302 0 "https://middleeastoday.com/login" "Mozilla/5.0 AppleWebKit/537.36 (KHTML, like Gecko) Chrome/123.0.6312.86 Safari/537.36 BitSightBot/1.0"
45.156.129.162 - - [02/Mar/2026:07:10:54 -0500] "GET /wp-login.php HTTP/1.1" 200 2035 "https://www.middleeastoday.com/login" "Mozilla/5.0 AppleWebKit/537.36 (KHTML, like Gecko) Chrome/123.0.6312.86 Safari/537.36 BitSightBot/1.0"
45.156.129.161 - - [02/Mar/2026:07:11:22 -0500] "GET /cgi-bin/authLogin.cgi HTTP/1.1" 404 19184 "https://middleeastoday.com/cgi-bin/authLogin.cgi" "Mozilla/5.0 AppleWebKit/537.36 (KHTML, like Gecko) Chrome/123.0.6312.86 Safari/537.36 BitSightBot/1.0"
162.213.253.84 - - [02/Mar/2026:07:11:51 -0500] "POST /wp-cron.php?doing_wp_cron=1772453511.7600970268249511718750 HTTP/1.1" 200 0 "-" "WordPress/6.8.1; https://www.middleeastoday.com"
45.156.129.162 - - [02/Mar/2026:07:11:50 -0500] "GET / HTTP/1.1" 301 0 "-" "Mozilla/5.0 AppleWebKit/537.36 (KHTML, like Gecko) Chrome/123.0.6312.86 Safari/537.36 BitSightBot/1.0"
45.156.129.161 - - [02/Mar/2026:07:11:52 -0500] "GET /aspera/faspex/ HTTP/1.1" 301 0 "-" "Mozilla/5.0 AppleWebKit/537.36 (KHTML, like Gecko) Chrome/123.0.6312.86 Safari/537.36 BitSightBot/1.0"
45.156.129.163 - - [02/Mar/2026:07:11:53 -0500] "GET /owa/ HTTP/1.1" 301 0 "-" "Mozilla/5.0 AppleWebKit/537.36 (KHTML, like Gecko) Chrome/123.0.6312.86 Safari/537.36 BitSightBot/1.0"
45.156.129.163 - - [02/Mar/2026:07:11:54 -0500] "GET /owa/ HTTP/1.1" 404 19184 "https://middleeastoday.com/owa/" "Mozilla/5.0 AppleWebKit/537.36 (KHTML, like Gecko) Chrome/123.0.6312.86 Safari/537.36 BitSightBot/1.0"
45.156.129.162 - - [02/Mar/2026:07:11:56 -0500] "GET / HTTP/1.1" 200 38646 "https://middleeastoday.com/" "Mozilla/5.0 AppleWebKit/537.36 (KHTML, like Gecko) Chrome/123.0.6312.86 Safari/537.36 BitSightBot/1.0"
45.156.129.160 - - [02/Mar/2026:07:11:57 -0500] "GET /favicon.ico HTTP/1.1" 404 1251 "-" "Mozilla/5.0 AppleWebKit/537.36 (KHTML, like Gecko) Chrome/123.0.6312.86 Safari/537.36 BitSightBot/1.0"
45.156.129.160 - - [02/Mar/2026:07:11:58 -0500] "GET /WebInterface/ HTTP/1.1" 404 19178 "https://middleeastoday.com/WebInterface/" "Mozilla/5.0 AppleWebKit/537.36 (KHTML, like Gecko) Chrome/123.0.6312.86 Safari/537.36 BitSightBot/1.0"
45.156.129.160 - - [02/Mar/2026:07:12:35 -0500] "GET /wp-content/plugins/loginizer/readme.txt HTTP/1.1" 200 9818 "-" "Mozilla/5.0 AppleWebKit/537.36 (KHTML, like Gecko) Chrome/123.0.6312.86 Safari/537.36 BitSightBot/1.0"
162.213.253.84 - - [02/Mar/2026:07:12:41 -0500] "POST /wp-cron.php?doing_wp_cron=1772453561.2416660785675048828125 HTTP/1.1" 200 0 "-" "WordPress/6.8.1; https://www.middleeastoday.com"
45.156.129.161 - - [02/Mar/2026:07:12:34 -0500] "GET /wp-content/plugins/wordpress-seo/readme.txt HTTP/1.1" 200 0 "-" "Mozilla/5.0 AppleWebKit/537.36 (KHTML, like Gecko) Chrome/123.0.6312.86 Safari/537.36 BitSightBot/1.0"
45.156.129.163 - - [02/Mar/2026:07:12:34 -0500] "GET /wp-content/plugins/woocommerce/readme.txt HTTP/1.1" 200 0 "-" "Mozilla/5.0 AppleWebKit/537.36 (KHTML, like Gecko) Chrome/123.0.6312.86 Safari/537.36 BitSightBot/1.0"
45.156.129.161 - - [02/Mar/2026:07:10:40 -0500] "GET /static/historypage.js HTTP/1.1" 404 19184 "https://middleeastoday.com/static/historypage.js" "Mozilla/5.0 AppleWebKit/537.36 (KHTML, like Gecko) Chrome/123.0.6312.86 Safari/537.36 BitSightBot/1.0"
45.156.129.163 - - [02/Mar/2026:07:10:52 -0500] "GET /login HTTP/1.1" 301 0 "-" "Mozilla/5.0 AppleWebKit/537.36 (KHTML, like Gecko) Chrome/123.0.6312.86 Safari/537.36 BitSightBot/1.0"
162.213.253.84 - - [02/Mar/2026:07:11:22 -0500] "POST /wp-cron.php?doing_wp_cron=1772453482.5798039436340332031250 HTTP/1.1" 200 0 "-" "WordPress/6.8.1; https://www.middleeastoday.com"
45.156.129.160 - - [02/Mar/2026:07:11:21 -0500] "GET /cgi-bin/authLogin.cgi HTTP/1.1" 301 0 "-" "Mozilla/5.0 AppleWebKit/537.36 (KHTML, like Gecko) Chrome/123.0.6312.86 Safari/537.36 BitSightBot/1.0"
162.213.253.84 - - [02/Mar/2026:07:11:23 -0500] "POST /wp-admin/admin-ajax.php?action=async_litespeed&nonce=ETKvBMySZjIdKRPsuKUy10uVtYy9tk4b&litespeed_type=imgoptm HTTP/1.1" 200 21 "-" "WordPress/6.8.1; https://www.middleeastoday.com"
45.156.129.163 - - [02/Mar/2026:07:11:45 -0500] "GET /favicon.ico HTTP/1.1" 404 1251 "-" "Mozilla/5.0 AppleWebKit/537.36 (KHTML, like Gecko) Chrome/123.0.6312.86 Safari/537.36 BitSightBot/1.0"
45.156.129.162 - - [02/Mar/2026:07:11:56 -0500] "GET / HTTP/1.1" 301 0 "-" "Mozilla/5.0 AppleWebKit/537.36 (KHTML, like Gecko) Chrome/123.0.6312.86 Safari/537.36 BitSightBot/1.0"
45.156.129.161 - - [02/Mar/2026:07:11:57 -0500] "GET /WebInterface/ HTTP/1.1" 301 0 "-" "Mozilla/5.0 AppleWebKit/537.36 (KHTML, like Gecko) Chrome/123.0.6312.86 Safari/537.36 BitSightBot/1.0"
45.156.129.161 - - [02/Mar/2026:07:12:28 -0500] "GET /license.txt HTTP/1.1" 200 7990 "-" "Mozilla/5.0 AppleWebKit/537.36 (KHTML, like Gecko) Chrome/123.0.6312.86 Safari/537.36 BitSightBot/1.0"
45.156.129.160 - - [02/Mar/2026:07:12:34 -0500] "GET /wp-content/plugins/elementor/readme.txt HTTP/1.1" 200 11897 "-" "Mozilla/5.0 AppleWebKit/537.36 (KHTML, like Gecko) Chrome/123.0.6312.86 Safari/537.36 BitSightBot/1.0"
45.156.129.160 - - [02/Mar/2026:07:12:34 -0500] "GET /wp-content/plugins/contact-form-7/readme.txt HTTP/1.1" 200 1809 "-" "Mozilla/5.0 AppleWebKit/537.36 (KHTML, like Gecko) Chrome/123.0.6312.86 Safari/537.36 BitSightBot/1.0"
45.156.129.161 - - [02/Mar/2026:07:12:34 -0500] "GET /wp-content/plugins/litespeed-cache/readme.txt HTTP/1.1" 200 15335 "-" "Mozilla/5.0 AppleWebKit/537.36 (KHTML, like Gecko) Chrome/123.0.6312.86 Safari/537.36 BitSightBot/1.0"
45.156.129.161 - - [02/Mar/2026:07:12:34 -0500] "GET /wp-content/plugins/all-in-one-wp-migration/readme.txt HTTP/1.1" 200 4585 "-" "Mozilla/5.0 AppleWebKit/537.36 (KHTML, like Gecko) Chrome/123.0.6312.86 Safari/537.36 BitSightBot/1.0"
45.156.129.162 - - [02/Mar/2026:07:12:34 -0500] "GET /wp-content/plugins/akismet/readme.txt HTTP/1.1" 200 0 "-" "Mozilla/5.0 AppleWebKit/537.36 (KHTML, like Gecko) Chrome/123.0.6312.86 Safari/537.36 BitSightBot/1.0"
45.156.129.161 - - [02/Mar/2026:07:12:34 -0500] "GET /wp-content/plugins/wordfence/readme.txt HTTP/1.1" 200 0 "-" "Mozilla/5.0 AppleWebKit/537.36 (KHTML, like Gecko) Chrome/123.0.6312.86 Safari/537.36 BitSightBot/1.0"
45.156.129.160 - - [02/Mar/2026:07:12:34 -0500] "GET /wp-content/plugins/jetpack/readme.txt HTTP/1.1" 200 0 "-" "Mozilla/5.0 AppleWebKit/537.36 (KHTML, like Gecko) Chrome/123.0.6312.86 Safari/537.36 BitSightBot/1.0"
45.156.129.161 - - [02/Mar/2026:07:12:34 -0500] "GET /wp-content/plugins/really-simple-ssl/readme.txt HTTP/1.1" 200 0 "-" "Mozilla/5.0 AppleWebKit/537.36 (KHTML, like Gecko) Chrome/123.0.6312.86 Safari/537.36 BitSightBot/1.0"
45.156.129.163 - - [02/Mar/2026:07:12:34 -0500] "GET /wp-content/plugins/duplicate-post/readme.txt HTTP/1.1" 200 0 "-" "Mozilla/5.0 AppleWebKit/537.36 (KHTML, like Gecko) Chrome/123.0.6312.86 Safari/537.36 BitSightBot/1.0"
45.156.129.161 - - [02/Mar/2026:07:12:35 -0500] "GET /wp-content/plugins/google-analytics-for-wordpress/readme.txt HTTP/1.1" 200 0 "-" "Mozilla/5.0 AppleWebKit/537.36 (KHTML, like Gecko) Chrome/123.0.6312.86 Safari/537.36 BitSightBot/1.0"
45.156.129.161 - - [02/Mar/2026:07:12:34 -0500] "GET /wp-content/plugins/wpforms-lite/readme.txt HTTP/1.1" 200 0 "-" "Mozilla/5.0 AppleWebKit/537.36 (KHTML, like Gecko) Chrome/123.0.6312.86 Safari/537.36 BitSightBot/1.0"
45.156.129.160 - - [02/Mar/2026:07:12:34 -0500] "GET /wp-content/plugins/google-site-kit/readme.txt HTTP/1.1" 200 0 "-" "Mozilla/5.0 AppleWebKit/537.36 (KHTML, like Gecko) Chrome/123.0.6312.86 Safari/537.36 BitSightBot/1.0"
45.156.129.162 - - [02/Mar/2026:07:12:34 -0500] "GET /wp-content/plugins/updraftplus/readme.txt HTTP/1.1" 200 0 "-" "Mozilla/5.0 AppleWebKit/537.36 (KHTML, like Gecko) Chrome/123.0.6312.86 Safari/537.36 BitSightBot/1.0"
45.156.129.163 - - [02/Mar/2026:07:12:34 -0500] "GET /wp-content/plugins/duplicate-page/readme.txt HTTP/1.1" 200 0 "-" "Mozilla/5.0 AppleWebKit/537.36 (KHTML, like Gecko) Chrome/123.0.6312.86 Safari/537.36 BitSightBot/1.0"
45.156.129.162 - - [02/Mar/2026:07:12:34 -0500] "GET /wp-content/plugins/all-in-one-seo-pack/readme.txt HTTP/1.1" 200 0 "-" "Mozilla/5.0 AppleWebKit/537.36 (KHTML, like Gecko) Chrome/123.0.6312.86 Safari/537.36 BitSightBot/1.0"
45.156.129.160 - - [02/Mar/2026:07:12:35 -0500] "GET /wp-content/plugins/redirection/readme.txt HTTP/1.1" 200 0 "-" "Mozilla/5.0 AppleWebKit/537.36 (KHTML, like Gecko) Chrome/123.0.6312.86 Safari/537.36 BitSightBot/1.0"
45.156.129.160 - - [02/Mar/2026:07:12:35 -0500] "GET /wp-content/plugins/astra-sites/readme.txt HTTP/1.1" 200 0 "-" "Mozilla/5.0 AppleWebKit/537.36 (KHTML, like Gecko) Chrome/123.0.6312.86 Safari/537.36 BitSightBot/1.0"
45.156.129.161 - - [02/Mar/2026:07:12:35 -0500] "GET /wp-content/plugins/duplicator/readme.txt HTTP/1.1" 200 0 "-" "Mozilla/5.0 AppleWebKit/537.36 (KHTML, like Gecko) Chrome/123.0.6312.86 Safari/537.36 BitSightBot/1.0"
45.156.129.162 - - [02/Mar/2026:07:12:35 -0500] "GET /wp-content/plugins/seo-by-rank-math/readme.txt HTTP/1.1" 200 0 "-" "Mozilla/5.0 AppleWebKit/537.36 (KHTML, like Gecko) Chrome/123.0.6312.86 Safari/537.36 BitSightBot/1.0"
45.156.129.163 - - [02/Mar/2026:07:12:35 -0500] "GET /wp-content/plugins/hostinger/readme.txt HTTP/1.1" 200 0 "-" "Mozilla/5.0 AppleWebKit/537.36 (KHTML, like Gecko) Chrome/123.0.6312.86 Safari/537.36 BitSightBot/1.0"
45.156.129.160 - - [02/Mar/2026:07:12:35 -0500] "GET /wp-content/plugins/better-search-replace/readme.txt HTTP/1.1" 200 0 "-" "Mozilla/5.0 AppleWebKit/537.36 (KHTML, like Gecko) Chrome/123.0.6312.86 Safari/537.36 BitSightBot/1.0"
45.156.129.163 - - [02/Mar/2026:07:12:35 -0500] "GET /wp-content/plugins/wps-hide-login/readme.txt HTTP/1.1" 200 0 "-" "Mozilla/5.0 AppleWebKit/537.36 (KHTML, like Gecko) Chrome/123.0.6312.86 Safari/537.36 BitSightBot/1.0"
45.156.129.162 - - [02/Mar/2026:07:12:35 -0500] "GET /wp-content/plugins/wp-file-manager/readme.txt HTTP/1.1" 200 0 "-" "Mozilla/5.0 AppleWebKit/537.36 (KHTML, like Gecko) Chrome/123.0.6312.86 Safari/537.36 BitSightBot/1.0"
45.156.129.163 - - [02/Mar/2026:07:12:35 -0500] "GET /wp-content/plugins/advanced-custom-fields/readme.txt HTTP/1.1" 200 0 "-" "Mozilla/5.0 AppleWebKit/537.36 (KHTML, like Gecko) Chrome/123.0.6312.86 Safari/537.36 BitSightBot/1.0"
45.156.129.162 - - [02/Mar/2026:07:12:35 -0500] "GET /wp-content/plugins/sg-security/readme.txt HTTP/1.1" 200 0 "-" "Mozilla/5.0 AppleWebKit/537.36 (KHTML, like Gecko) Chrome/123.0.6312.86 Safari/537.36 BitSightBot/1.0"
45.156.129.163 - - [02/Mar/2026:07:12:35 -0500] "GET /wp-content/plugins/svg-support/readme.txt HTTP/1.1" 200 0 "-" "Mozilla/5.0 AppleWebKit/537.36 (KHTML, like Gecko) Chrome/123.0.6312.86 Safari/537.36 BitSightBot/1.0"
45.156.129.163 - - [02/Mar/2026:07:12:35 -0500] "GET /wp-content/plugins/disable-comments/readme.txt HTTP/1.1" 200 0 "-" "Mozilla/5.0 AppleWebKit/537.36 (KHTML, like Gecko) Chrome/123.0.6312.86 Safari/537.36 BitSightBot/1.0"
45.156.129.162 - - [02/Mar/2026:07:12:35 -0500] "GET /wp-content/plugins/redux-framework/readme.txt HTTP/1.1" 200 0 "-" "Mozilla/5.0 AppleWebKit/537.36 (KHTML, like Gecko) Chrome/123.0.6312.86 Safari/537.36 BitSightBot/1.0"
45.156.129.163 - - [02/Mar/2026:07:12:35 -0500] "GET /wp-content/plugins/ewww-image-optimizer/readme.txt HTTP/1.1" 200 0 "-" "Mozilla/5.0 AppleWebKit/537.36 (KHTML, like Gecko) Chrome/123.0.6312.86 Safari/537.36 BitSightBot/1.0"
45.156.129.161 - - [02/Mar/2026:07:12:35 -0500] "GET /wp-content/plugins/smart-slider-3/readme.txt HTTP/1.1" 200 0 "-" "Mozilla/5.0 AppleWebKit/537.36 (KHTML, like Gecko) Chrome/123.0.6312.86 Safari/537.36 BitSightBot/1.0"
45.156.129.162 - - [02/Mar/2026:07:12:35 -0500] "GET /wp-content/plugins/autoptimize/readme.txt HTTP/1.1" 200 0 "-" "Mozilla/5.0 AppleWebKit/537.36 (KHTML, like Gecko) Chrome/123.0.6312.86 Safari/537.36 BitSightBot/1.0"
45.156.129.160 - - [02/Mar/2026:07:12:35 -0500] "GET /wp-content/plugins/code-snippets/readme.txt HTTP/1.1" 200 0 "-" "Mozilla/5.0 AppleWebKit/537.36 (KHTML, like Gecko) Chrome/123.0.6312.86 Safari/537.36 BitSightBot/1.0"
45.156.129.162 - - [02/Mar/2026:07:12:35 -0500] "GET /wp-content/plugins/ultimate-addons-for-gutenberg/readme.txt HTTP/1.1" 200 0 "-" "Mozilla/5.0 AppleWebKit/537.36 (KHTML, like Gecko) Chrome/123.0.6312.86 Safari/537.36 BitSightBot/1.0"
45.156.129.160 - - [02/Mar/2026:07:12:35 -0500] "GET /wp-content/plugins/complianz-gdpr/readme.txt HTTP/1.1" 200 0 "-" "Mozilla/5.0 AppleWebKit/537.36 (KHTML, like Gecko) Chrome/123.0.6312.86 Safari/537.36 BitSightBot/1.0"
45.156.129.162 - - [02/Mar/2026:07:12:35 -0500] "GET /wp-content/plugins/better-wp-security/readme.txt HTTP/1.1" 200 0 "-" "Mozilla/5.0 AppleWebKit/537.36 (KHTML, like Gecko) Chrome/123.0.6312.86 Safari/537.36 BitSightBot/1.0"
45.156.129.163 - - [02/Mar/2026:07:12:55 -0500] "GET /wp-content/plugins/kingcomposer/readme.txt HTTP/1.1" 301 0 "-" "Mozilla/5.0 AppleWebKit/537.36 (KHTML, like Gecko) Chrome/123.0.6312.86 Safari/537.36 BitSightBot/1.0"
45.156.129.162 - - [02/Mar/2026:07:12:55 -0500] "GET /wp-content/plugins/kingcomposer/readme.txt HTTP/1.1" 404 19184 "https://middleeastoday.com/wp-content/plugins/kingcomposer/readme.txt" "Mozilla/5.0 AppleWebKit/537.36 (KHTML, like Gecko) Chrome/123.0.6312.86 Safari/537.36 BitSightBot/1.0"
45.156.129.162 - - [02/Mar/2026:07:13:03 -0500] "GET /wp-content/plugins/optinmonster/readme.txt HTTP/1.1" 404 19184 "https://middleeastoday.com/wp-content/plugins/optinmonster/readme.txt" "Mozilla/5.0 AppleWebKit/537.36 (KHTML, like Gecko) Chrome/123.0.6312.86 Safari/537.36 BitSightBot/1.0"
45.156.129.160 - - [02/Mar/2026:07:13:30 -0500] "GET /wp-content/plugins/fancy-product-designer/readme.txt HTTP/1.1" 301 0 "-" "Mozilla/5.0 AppleWebKit/537.36 (KHTML, like Gecko) Chrome/123.0.6312.86 Safari/537.36 BitSightBot/1.0"
45.156.129.163 - - [02/Mar/2026:07:13:30 -0500] "GET /wp-content/plugins/fancy-product-designer/readme.txt HTTP/1.1" 404 19184 "https://middleeastoday.com/wp-content/plugins/fancy-product-designer/readme.txt" "Mozilla/5.0 AppleWebKit/537.36 (KHTML, like Gecko) Chrome/123.0.6312.86 Safari/537.36 BitSightBot/1.0"
162.213.253.84 - - [02/Mar/2026:07:13:45 -0500] "POST /wp-cron.php?doing_wp_cron=1772453625.0033259391784667968750 HTTP/1.1" 200 0 "-" "WordPress/6.8.1; https://www.middleeastoday.com"
45.156.129.163 - - [02/Mar/2026:07:13:44 -0500] "GET /wp-content/plugins/wordpress-database-reset/readme.txt HTTP/1.1" 301 0 "-" "Mozilla/5.0 AppleWebKit/537.36 (KHTML, like Gecko) Chrome/123.0.6312.86 Safari/537.36 BitSightBot/1.0"
45.156.129.161 - - [02/Mar/2026:07:13:45 -0500] "GET /wp-content/plugins/wordpress-database-reset/readme.txt HTTP/1.1" 404 19184 "https://middleeastoday.com/wp-content/plugins/wordpress-database-reset/readme.txt" "Mozilla/5.0 AppleWebKit/537.36 (KHTML, like Gecko) Chrome/123.0.6312.86 Safari/537.36 BitSightBot/1.0"
162.213.253.84 - - [02/Mar/2026:07:13:45 -0500] "POST /wp-admin/admin-ajax.php?action=async_litespeed&nonce=X31aUO6XXTgGfBcCeBfoKqeknPFmiXau&litespeed_type=imgoptm HTTP/1.1" 200 21 "-" "WordPress/6.8.1; https://www.middleeastoday.com"
45.156.129.160 - - [02/Mar/2026:07:12:35 -0500] "GET /wp-content/plugins/insert-headers-and-footers/readme.txt HTTP/1.1" 200 0 "-" "Mozilla/5.0 AppleWebKit/537.36 (KHTML, like Gecko) Chrome/123.0.6312.86 Safari/537.36 BitSightBot/1.0"
45.156.129.161 - - [02/Mar/2026:07:12:35 -0500] "GET /wp-content/plugins/limit-login-attempts-reloaded/readme.txt HTTP/1.1" 200 0 "-" "Mozilla/5.0 AppleWebKit/537.36 (KHTML, like Gecko) Chrome/123.0.6312.86 Safari/537.36 BitSightBot/1.0"
45.156.129.160 - - [02/Mar/2026:07:12:35 -0500] "GET /wp-content/plugins/mailchimp-for-wp/readme.txt HTTP/1.1" 200 0 "-" "Mozilla/5.0 AppleWebKit/537.36 (KHTML, like Gecko) Chrome/123.0.6312.86 Safari/537.36 BitSightBot/1.0"
45.156.129.162 - - [02/Mar/2026:07:12:35 -0500] "GET /wp-content/plugins/essential-addons-for-elementor-lite/readme.txt HTTP/1.1" 200 0 "-" "Mozilla/5.0 AppleWebKit/537.36 (KHTML, like Gecko) Chrome/123.0.6312.86 Safari/537.36 BitSightBot/1.0"
45.156.129.160 - - [02/Mar/2026:07:12:35 -0500] "GET /wp-content/plugins/header-footer-elementor/readme.txt HTTP/1.1" 200 0 "-" "Mozilla/5.0 AppleWebKit/537.36 (KHTML, like Gecko) Chrome/123.0.6312.86 Safari/537.36 BitSightBot/1.0"
45.156.129.161 - - [02/Mar/2026:07:12:35 -0500] "GET /wp-content/plugins/wp-super-cache/readme.txt HTTP/1.1" 200 0 "-" "Mozilla/5.0 AppleWebKit/537.36 (KHTML, like Gecko) Chrome/123.0.6312.86 Safari/537.36 BitSightBot/1.0"
45.156.129.160 - - [02/Mar/2026:07:12:35 -0500] "GET /wp-content/plugins/envato-elements/readme.txt HTTP/1.1" 200 0 "-" "Mozilla/5.0 AppleWebKit/537.36 (KHTML, like Gecko) Chrome/123.0.6312.86 Safari/537.36 BitSightBot/1.0"
45.156.129.162 - - [02/Mar/2026:07:12:35 -0500] "GET /wp-content/plugins/wp-optimize/readme.txt HTTP/1.1" 200 0 "-" "Mozilla/5.0 AppleWebKit/537.36 (KHTML, like Gecko) Chrome/123.0.6312.86 Safari/537.36 BitSightBot/1.0"
45.156.129.161 - - [02/Mar/2026:07:12:35 -0500] "GET /wp-content/plugins/w3-total-cache/readme.txt HTTP/1.1" 200 0 "-" "Mozilla/5.0 AppleWebKit/537.36 (KHTML, like Gecko) Chrome/123.0.6312.86 Safari/537.36 BitSightBot/1.0"
45.156.129.160 - - [02/Mar/2026:07:12:35 -0500] "GET /wp-content/plugins/wp-fastest-cache/readme.txt HTTP/1.1" 200 0 "-" "Mozilla/5.0 AppleWebKit/537.36 (KHTML, like Gecko) Chrome/123.0.6312.86 Safari/537.36 BitSightBot/1.0"
45.156.129.160 - - [02/Mar/2026:07:12:35 -0500] "GET /wp-content/plugins/coming-soon/readme.txt HTTP/1.1" 200 0 "-" "Mozilla/5.0 AppleWebKit/537.36 (KHTML, like Gecko) Chrome/123.0.6312.86 Safari/537.36 BitSightBot/1.0"
45.156.129.160 - - [02/Mar/2026:07:12:35 -0500] "GET /wp-content/plugins/all-in-one-wp-security-and-firewall/readme.txt HTTP/1.1" 200 0 "-" "Mozilla/5.0 AppleWebKit/537.36 (KHTML, like Gecko) Chrome/123.0.6312.86 Safari/537.36 BitSightBot/1.0"
45.156.129.161 - - [02/Mar/2026:07:13:02 -0500] "GET /wp-content/plugins/optinmonster/readme.txt HTTP/1.1" 301 0 "-" "Mozilla/5.0 AppleWebKit/537.36 (KHTML, like Gecko) Chrome/123.0.6312.86 Safari/537.36 BitSightBot/1.0"
45.156.129.163 - - [02/Mar/2026:07:13:18 -0500] "GET /wp-content/plugins/wp-central/readme.txt HTTP/1.1" 301 0 "-" "Mozilla/5.0 AppleWebKit/537.36 (KHTML, like Gecko) Chrome/123.0.6312.86 Safari/537.36 BitSightBot/1.0"
45.156.129.160 - - [02/Mar/2026:07:13:19 -0500] "GET /wp-content/plugins/wp-central/readme.txt HTTP/1.1" 404 19184 "https://middleeastoday.com/wp-content/plugins/wp-central/readme.txt" "Mozilla/5.0 AppleWebKit/537.36 (KHTML, like Gecko) Chrome/123.0.6312.86 Safari/537.36 BitSightBot/1.0"
162.213.253.84 - - [02/Mar/2026:07:14:19 -0500] "POST /wp-cron.php?doing_wp_cron=1772453659.7600429058074951171875 HTTP/1.1" 200 0 "-" "WordPress/6.8.1; https://www.middleeastoday.com"
45.156.129.162 - - [02/Mar/2026:07:14:29 -0500] "GET /wp-content/plugins/wpschoolpress/readme.txt HTTP/1.1" 404 19184 "https://middleeastoday.com/wp-content/plugins/wpschoolpress/readme.txt" "Mozilla/5.0 AppleWebKit/537.36 (KHTML, like Gecko) Chrome/123.0.6312.86 Safari/537.36 BitSightBot/1.0"
45.156.129.161 - - [02/Mar/2026:07:14:19 -0500] "GET /wp-content/plugins/iwp-client/readme.txt HTTP/1.1" 301 0 "-" "Mozilla/5.0 AppleWebKit/537.36 (KHTML, like Gecko) Chrome/123.0.6312.86 Safari/537.36 BitSightBot/1.0"
45.156.129.163 - - [02/Mar/2026:07:14:20 -0500] "GET /wp-content/plugins/iwp-client/readme.txt HTTP/1.1" 404 19184 "https://middleeastoday.com/wp-content/plugins/iwp-client/readme.txt" "Mozilla/5.0 AppleWebKit/537.36 (KHTML, like Gecko) Chrome/123.0.6312.86 Safari/537.36 BitSightBot/1.0"
162.213.253.84 - - [02/Mar/2026:07:14:28 -0500] "POST /wp-cron.php?doing_wp_cron=1772453668.8709299564361572265625 HTTP/1.1" 200 0 "-" "WordPress/6.8.1; https://www.middleeastoday.com"
45.156.129.160 - - [02/Mar/2026:07:14:28 -0500] "GET /wp-content/plugins/wpschoolpress/readme.txt HTTP/1.1" 301 0 "-" "Mozilla/5.0 AppleWebKit/537.36 (KHTML, like Gecko) Chrome/123.0.6312.86 Safari/537.36 BitSightBot/1.0"
162.213.253.84 - - [02/Mar/2026:07:14:59 -0500] "POST /wp-cron.php?doing_wp_cron=1772453699.1027810573577880859375 HTTP/1.1" 200 0 "-" "WordPress/6.8.1; https://www.middleeastoday.com"
45.156.129.162 - - [02/Mar/2026:07:14:59 -0500] "GET /wp-content/plugins/wp-time-capsule/readme.txt HTTP/1.1" 404 19184 "https://middleeastoday.com/wp-content/plugins/wp-time-capsule/readme.txt" "Mozilla/5.0 AppleWebKit/537.36 (KHTML, like Gecko) Chrome/123.0.6312.86 Safari/537.36 BitSightBot/1.0"
162.213.253.84 - - [02/Mar/2026:07:15:29 -0500] "POST /wp-cron.php?doing_wp_cron=1772453729.5565869808197021484375 HTTP/1.1" 200 0 "-" "WordPress/6.8.1; https://www.middleeastoday.com"
45.156.129.162 - - [02/Mar/2026:07:15:28 -0500] "GET /wp-content/plugins/wp-video-lightbox/readme.txt HTTP/1.1" 301 0 "-" "Mozilla/5.0 AppleWebKit/537.36 (KHTML, like Gecko) Chrome/123.0.6312.86 Safari/537.36 BitSightBot/1.0"
45.156.129.160 - - [02/Mar/2026:07:15:30 -0500] "GET /wp-content/plugins/wp-video-lightbox/readme.txt HTTP/1.1" 404 19184 "https://middleeastoday.com/wp-content/plugins/wp-video-lightbox/readme.txt" "Mozilla/5.0 AppleWebKit/537.36 (KHTML, like Gecko) Chrome/123.0.6312.86 Safari/537.36 BitSightBot/1.0"
114.119.137.98 - - [02/Mar/2026:07:15:57 -0500] "GET /uae-president-receives-participants-of-isa-ministerial-meeting-interpol-strategic-dialogue/ HTTP/1.1" 200 23783 "https://www.middleeastoday.com/uae-government-annual-meetings-2023-to-discuss-the-government-main-directions" "Mozilla/5.0 (Linux; Android 7.0;) AppleWebKit/537.36 (KHTML, like Gecko) Mobile Safari/537.36 (compatible; PetalBot;+https://webmaster.petalsearch.com/site/petalbot)"
45.156.129.163 - - [02/Mar/2026:07:16:10 -0500] "GET /wp-content/plugins/wp-user-avatar/readme.txt HTTP/1.1" 301 0 "-" "Mozilla/5.0 AppleWebKit/537.36 (KHTML, like Gecko) Chrome/123.0.6312.86 Safari/537.36 BitSightBot/1.0"
45.156.129.163 - - [02/Mar/2026:07:16:15 -0500] "GET / HTTP/1.1" 301 0 "-" "Mozilla/5.0 AppleWebKit/537.36 (KHTML, like Gecko) Chrome/123.0.6312.86 Safari/537.36 BitSightBot/1.0"
185.191.171.11 - - [02/Mar/2026:07:16:30 -0500] "GET /abdullah-bin-zayed-meets-qatari-ambassador-to-uae/ HTTP/1.1" 200 22959 "-" "Mozilla/5.0 (compatible; SemrushBot/7~bl; +http://www.semrush.com/bot.html)"
162.213.253.84 - - [02/Mar/2026:07:17:20 -0500] "POST /wp-cron.php?doing_wp_cron=1772453840.3391339778900146484375 HTTP/1.1" 200 0 "-" "WordPress/6.8.1; https://www.middleeastoday.com"
114.119.137.98 - - [02/Mar/2026:07:17:19 -0500] "GET /uae-president-president-of-kazakhstan-review-bilateral-ties HTTP/1.1" 301 0 "https://www.middleeastoday.com/author/admin/page/26" "Mozilla/5.0 (Linux; Android 7.0;) AppleWebKit/537.36 (KHTML, like Gecko) Mobile Safari/537.36 (compatible; PetalBot;+https://webmaster.petalsearch.com/site/petalbot)"
162.213.253.84 - - [02/Mar/2026:07:17:21 -0500] "POST /wp-admin/admin-ajax.php?action=async_litespeed&nonce=2GSaIYLAofdV8i3lDvvbX4g8Itx29N94&litespeed_type=imgoptm HTTP/1.1" 200 21 "-" "WordPress/6.8.1; https://www.middleeastoday.com"
162.213.253.84 - - [02/Mar/2026:07:14:29 -0500] "POST /wp-admin/admin-ajax.php?action=async_litespeed&nonce=t3I1lzcpfg6oDYeVWgNNfDEqbnNvfsjP&litespeed_type=imgoptm HTTP/1.1" 200 21 "-" "WordPress/6.8.1; https://www.middleeastoday.com"
45.156.129.162 - - [02/Mar/2026:07:14:58 -0500] "GET /wp-content/plugins/wp-time-capsule/readme.txt HTTP/1.1" 301 0 "-" "Mozilla/5.0 AppleWebKit/537.36 (KHTML, like Gecko) Chrome/123.0.6312.86 Safari/537.36 BitSightBot/1.0"
162.213.253.84 - - [02/Mar/2026:07:15:30 -0500] "POST /wp-admin/admin-ajax.php?action=async_litespeed&nonce=vXRJRzGgXOUkonZyL2ebhunDiGq8RaU4&litespeed_type=imgoptm HTTP/1.1" 200 21 "-" "WordPress/6.8.1; https://www.middleeastoday.com"
162.213.253.84 - - [02/Mar/2026:07:15:51 -0500] "POST /wp-cron.php?doing_wp_cron=1772453751.0946269035339355468750 HTTP/1.1" 200 0 "-" "WordPress/6.8.1; https://www.middleeastoday.com"
45.156.129.163 - - [02/Mar/2026:07:15:50 -0500] "GET /wp-content/plugins/bbpress/readme.txt HTTP/1.1" 301 0 "-" "Mozilla/5.0 AppleWebKit/537.36 (KHTML, like Gecko) Chrome/123.0.6312.86 Safari/537.36 BitSightBot/1.0"
45.156.129.161 - - [02/Mar/2026:07:15:51 -0500] "GET /wp-content/plugins/bbpress/readme.txt HTTP/1.1" 404 19184 "https://middleeastoday.com/wp-content/plugins/bbpress/readme.txt" "Mozilla/5.0 AppleWebKit/537.36 (KHTML, like Gecko) Chrome/123.0.6312.86 Safari/537.36 BitSightBot/1.0"
114.119.137.98 - - [02/Mar/2026:07:15:55 -0500] "GET /uae-president-receives-participants-of-isa-ministerial-meeting-interpol-strategic-dialogue HTTP/1.1" 301 0 "https://www.middleeastoday.com/uae-government-annual-meetings-2023-to-discuss-the-government-main-directions" "Mozilla/5.0 (Linux; Android 7.0;) AppleWebKit/537.36 (KHTML, like Gecko) Mobile Safari/537.36 (compatible; PetalBot;+https://webmaster.petalsearch.com/site/petalbot)"
45.156.129.163 - - [02/Mar/2026:07:16:11 -0500] "GET /wp-content/plugins/wp-user-avatar/readme.txt HTTP/1.1" 404 19184 "https://middleeastoday.com/wp-content/plugins/wp-user-avatar/readme.txt" "Mozilla/5.0 AppleWebKit/537.36 (KHTML, like Gecko) Chrome/123.0.6312.86 Safari/537.36 BitSightBot/1.0"
45.156.129.160 - - [02/Mar/2026:07:16:16 -0500] "GET / HTTP/1.1" 200 38646 "https://middleeastoday.com/" "Mozilla/5.0 AppleWebKit/537.36 (KHTML, like Gecko) Chrome/123.0.6312.86 Safari/537.36 BitSightBot/1.0"
45.156.129.160 - - [02/Mar/2026:07:16:18 -0500] "GET /cf_scripts/scripts/ajax/ckeditor/ckeditor.js HTTP/1.1" 301 0 "-" "Mozilla/5.0 AppleWebKit/537.36 (KHTML, like Gecko) Chrome/123.0.6312.86 Safari/537.36 BitSightBot/1.0"
114.119.137.98 - - [02/Mar/2026:07:17:22 -0500] "GET /uae-president-president-of-kazakhstan-review-bilateral-ties/ HTTP/1.1" 200 22938 "https://www.middleeastoday.com/author/admin/page/26" "Mozilla/5.0 (Linux; Android 7.0;) AppleWebKit/537.36 (KHTML, like Gecko) Mobile Safari/537.36 (compatible; PetalBot;+https://webmaster.petalsearch.com/site/petalbot)"
114.119.141.228 - - [02/Mar/2026:07:18:42 -0500] "GET /wp-content/uploads/2023/10/Interpol-Strategic-Dialogue-1-600x398.jpg HTTP/1.1" 200 50644 "https://www.middleeastoday.com/?author=1&paged=12" "Mozilla/5.0 (Linux; Android 7.0;) AppleWebKit/537.36 (KHTML, like Gecko) Mobile Safari/537.36 (compatible; PetalBot;+https://webmaster.petalsearch.com/site/petalbot)"
114.119.130.67 - - [02/Mar/2026:07:20:06 -0500] "GET /uae-president-receives-georgian-pm/ HTTP/1.1" 200 24863 "https://www.middleeastoday.com/category/national-news/page/14/" "Mozilla/5.0 (Linux; Android 7.0;) AppleWebKit/537.36 (KHTML, like Gecko) Mobile Safari/537.36 (compatible; PetalBot;+https://webmaster.petalsearch.com/site/petalbot)"
100.53.4.188 - - [02/Mar/2026:07:20:32 -0500] "GET /category/uncategorized/ HTTP/1.1" 200 121982 "-" "Mozilla/4.0 (compatible; MSIE 7.0; Windows NT 6.0) Mozilla/5.0 (Windows NT 10.0; Win64; x64) AppleWebKit/537.36 (KHTML, like Gecko) Chrome/91.0.4472.124 Safari/537.36"
100.53.4.188 - - [02/Mar/2026:07:20:31 -0500] "GET /category/music-concerts/ HTTP/1.1" 200 101699 "-" "Mozilla/4.0 (compatible; MSIE 7.0; Windows NT 6.0) Mozilla/5.0 (Windows NT 10.0; Win64; x64) AppleWebKit/537.36 (KHTML, like Gecko) Chrome/91.0.4472.124 Safari/537.36"
100.53.4.188 - - [02/Mar/2026:07:20:36 -0500] "GET /category/exhibitions/ HTTP/1.1" 200 122723 "-" "Mozilla/4.0 (compatible; MSIE 7.0; Windows NT 6.0) Mozilla/5.0 (Windows NT 10.0; Win64; x64) AppleWebKit/537.36 (KHTML, like Gecko) Chrome/91.0.4472.124 Safari/537.36"
100.53.4.188 - - [02/Mar/2026:07:20:37 -0500] "GET /category/news/ HTTP/1.1" 200 101420 "-" "Mozilla/4.0 (compatible; MSIE 7.0; Windows NT 6.0) Mozilla/5.0 (Windows NT 10.0; Win64; x64) AppleWebKit/537.36 (KHTML, like Gecko) Chrome/91.0.4472.124 Safari/537.36"
100.53.4.188 - - [02/Mar/2026:07:20:39 -0500] "GET /category/entertainment/ HTTP/1.1" 200 99105 "-" "Mozilla/4.0 (compatible; MSIE 7.0; Windows NT 6.0) Mozilla/5.0 (Windows NT 10.0; Win64; x64) AppleWebKit/537.36 (KHTML, like Gecko) Chrome/91.0.4472.124 Safari/537.36"
100.53.4.188 - - [02/Mar/2026:07:20:41 -0500] "GET /category/press-releases/ HTTP/1.1" 200 99009 "-" "Mozilla/4.0 (compatible; MSIE 7.0; Windows NT 6.0) Mozilla/5.0 (Windows NT 10.0; Win64; x64) AppleWebKit/537.36 (KHTML, like Gecko) Chrome/91.0.4472.124 Safari/537.36"
100.53.4.188 - - [02/Mar/2026:07:20:43 -0500] "GET /category/conferences/ HTTP/1.1" 200 111702 "-" "Mozilla/4.0 (compatible; MSIE 7.0; Windows NT 6.0) Mozilla/5.0 (Windows NT 10.0; Win64; x64) AppleWebKit/537.36 (KHTML, like Gecko) Chrome/91.0.4472.124 Safari/537.36"
100.53.4.188 - - [02/Mar/2026:07:20:45 -0500] "GET /category/business/ HTTP/1.1" 200 121700 "-" "Mozilla/4.0 (compatible; MSIE 7.0; Windows NT 6.0) Mozilla/5.0 (Windows NT 10.0; Win64; x64) AppleWebKit/537.36 (KHTML, like Gecko) Chrome/91.0.4472.124 Safari/537.36"
100.53.4.188 - - [02/Mar/2026:07:20:51 -0500] "GET /category/products/ HTTP/1.1" 200 121541 "-" "Mozilla/4.0 (compatible; MSIE 7.0; Windows NT 6.0) Mozilla/5.0 (Windows NT 10.0; Win64; x64) AppleWebKit/537.36 (KHTML, like Gecko) Chrome/91.0.4472.124 Safari/537.36"
100.53.4.188 - - [02/Mar/2026:07:20:54 -0500] "GET /category/national-news/ HTTP/1.1" 200 122061 "-" "Mozilla/4.0 (compatible; MSIE 7.0; Windows NT 6.0) Mozilla/5.0 (Windows NT 10.0; Win64; x64) AppleWebKit/537.36 (KHTML, like Gecko) Chrome/91.0.4472.124 Safari/537.36"
100.53.4.188 - - [02/Mar/2026:07:20:59 -0500] "GET /category/health-2/ HTTP/1.1" 200 121833 "-" "Mozilla/4.0 (compatible; MSIE 7.0; Windows NT 6.0) Mozilla/5.0 (Windows NT 10.0; Win64; x64) AppleWebKit/537.36 (KHTML, like Gecko) Chrome/91.0.4472.124 Safari/537.36"
100.53.4.188 - - [02/Mar/2026:07:21:09 -0500] "GET /category/art/ HTTP/1.1" 200 121534 "-" "Mozilla/4.0 (compatible; MSIE 7.0; Windows NT 6.0) Mozilla/5.0 (Windows NT 10.0; Win64; x64) AppleWebKit/537.36 (KHTML, like Gecko) Chrome/91.0.4472.124 Safari/537.36"
100.53.4.188 - - [02/Mar/2026:07:21:48 -0500] "GET /category/beauty-fashion/ HTTP/1.1" 200 122556 "-" "Mozilla/4.0 (compatible; MSIE 7.0; Windows NT 6.0) Mozilla/5.0 (Windows NT 10.0; Win64; x64) AppleWebKit/537.36 (KHTML, like Gecko) Chrome/91.0.4472.124 Safari/537.36"
180.211.97.148 - - [02/Mar/2026:07:21:54 -0500] "GET /wp-content/uploads/2022/09/UAE-President-2-850x560.jpg HTTP/1.1" 200 56845 "https://www.bing.com/" "Mozilla/5.0 (Windows NT 10.0; Win64; x64) AppleWebKit/537.36 (KHTML, like Gecko) Chrome/145.0.0.0 Safari/537.36 Edg/145.0.0.0"
100.53.4.188 - - [02/Mar/2026:07:22:15 -0500] "GET /category/awards/ HTTP/1.1" 200 116205 "-" "Mozilla/4.0 (compatible; MSIE 7.0; Windows NT 6.0) Mozilla/5.0 (Windows NT 10.0; Win64; x64) AppleWebKit/537.36 (KHTML, like Gecko) Chrome/91.0.4472.124 Safari/537.36"
100.53.4.188 - - [02/Mar/2026:07:22:21 -0500] "GET /category/travel-tourism/hotels/ HTTP/1.1" 200 108475 "-" "Mozilla/4.0 (compatible; MSIE 7.0; Windows NT 6.0) Mozilla/5.0 (Windows NT 10.0; Win64; x64) AppleWebKit/537.36 (KHTML, like Gecko) Chrome/91.0.4472.124 Safari/537.36"
100.53.4.188 - - [02/Mar/2026:07:20:33 -0500] "GET /category/home_side/ HTTP/1.1" 200 121861 "-" "Mozilla/4.0 (compatible; MSIE 7.0; Windows NT 6.0) Mozilla/5.0 (Windows NT 10.0; Win64; x64) AppleWebKit/537.36 (KHTML, like Gecko) Chrome/91.0.4472.124 Safari/537.36"
100.53.4.188 - - [02/Mar/2026:07:20:35 -0500] "GET /category/travel-tourism/destinations/ HTTP/1.1" 200 123182 "-" "Mozilla/4.0 (compatible; MSIE 7.0; Windows NT 6.0) Mozilla/5.0 (Windows NT 10.0; Win64; x64) AppleWebKit/537.36 (KHTML, like Gecko) Chrome/91.0.4472.124 Safari/537.36"
100.53.4.188 - - [02/Mar/2026:07:20:39 -0500] "GET /category/travel-tourism/ HTTP/1.1" 200 123600 "-" "Mozilla/4.0 (compatible; MSIE 7.0; Windows NT 6.0) Mozilla/5.0 (Windows NT 10.0; Win64; x64) AppleWebKit/537.36 (KHTML, like Gecko) Chrome/91.0.4472.124 Safari/537.36"
100.53.4.188 - - [02/Mar/2026:07:20:44 -0500] "GET /category/international-news/ HTTP/1.1" 200 122934 "-" "Mozilla/4.0 (compatible; MSIE 7.0; Windows NT 6.0) Mozilla/5.0 (Windows NT 10.0; Win64; x64) AppleWebKit/537.36 (KHTML, like Gecko) Chrome/91.0.4472.124 Safari/537.36"
100.53.4.188 - - [02/Mar/2026:07:20:46 -0500] "GET /category/real-estate/ HTTP/1.1" 200 121395 "-" "Mozilla/4.0 (compatible; MSIE 7.0; Windows NT 6.0) Mozilla/5.0 (Windows NT 10.0; Win64; x64) AppleWebKit/537.36 (KHTML, like Gecko) Chrome/91.0.4472.124 Safari/537.36"
100.53.4.188 - - [02/Mar/2026:07:20:48 -0500] "GET /category/articles/ HTTP/1.1" 200 101387 "-" "Mozilla/4.0 (compatible; MSIE 7.0; Windows NT 6.0) Mozilla/5.0 (Windows NT 10.0; Win64; x64) AppleWebKit/537.36 (KHTML, like Gecko) Chrome/91.0.4472.124 Safari/537.36"
114.119.141.228 - - [02/Mar/2026:07:21:29 -0500] "GET /samsungs-bespoke-refrigerator-brings-in-a-new-era-of-customization/ HTTP/1.1" 200 24078 "https://www.middleeastoday.com/dubai-firmly-on-course-to-achieve-tourism-goals-as-city-welcomes-7-12-million-international-visitors-in-first-half-of-2022/" "Mozilla/5.0 (Linux; Android 7.0;) AppleWebKit/537.36 (KHTML, like Gecko) Mobile Safari/537.36 (compatible; PetalBot;+https://webmaster.petalsearch.com/site/petalbot)"
100.53.4.188 - - [02/Mar/2026:07:21:53 -0500] "GET /category/education/ HTTP/1.1" 200 121918 "-" "Mozilla/4.0 (compatible; MSIE 7.0; Windows NT 6.0) Mozilla/5.0 (Windows NT 10.0; Win64; x64) AppleWebKit/537.36 (KHTML, like Gecko) Chrome/91.0.4472.124 Safari/537.36"
162.213.253.84 - - [02/Mar/2026:07:22:55 -0500] "POST /wp-admin/admin-ajax.php?action=async_litespeed&nonce=wAtESCcyUme9zDHHWkf4UmtdaNARRXim&litespeed_type=imgoptm HTTP/1.1" 200 21 "-" "WordPress/6.8.1; https://www.middleeastoday.com"
52.167.144.191 - - [02/Mar/2026:07:23:06 -0500] "GET /wp-content/uploads/2022/04/Mohamed-bin-Zayed-3-850x560.jpg HTTP/1.1" 200 44105 "-" "Mozilla/5.0 AppleWebKit/537.36 (KHTML, like Gecko; compatible; bingbot/2.0; +http://www.bing.com/bingbot.htm) Chrome/116.0.1938.76 Safari/537.36"
162.213.253.84 - - [02/Mar/2026:07:23:36 -0500] "POST /wp-cron.php?doing_wp_cron=1772454216.2692160606384277343750 HTTP/1.1" 200 0 "-" "WordPress/6.8.1; https://www.middleeastoday.com"
162.213.253.84 - - [02/Mar/2026:07:23:37 -0500] "POST /wp-admin/admin-ajax.php?action=async_litespeed&nonce=vFukaE1vdjdNFAqRphNNftOjb2I9uiok&litespeed_type=imgoptm HTTP/1.1" 200 0 "-" "WordPress/6.8.1; https://www.middleeastoday.com"
113.165.2.109 - - [02/Mar/2026:07:24:18 -0500] "GET /dubais-department-of-economy-and-tourism-po-marinas-collaborate-with-key-partners-at-dubai-international-boat-show/ HTTP/1.1" 200 24525 "-" "Mozilla/5.0 (Windows NT 6.1; Win64; x64) AppleWebKit/537.36 (KHTML, like Gecko) Chrome/92.0.4515.131 Safari/537.36"
162.213.253.84 - - [02/Mar/2026:07:24:18 -0500] "POST /wp-cron.php?doing_wp_cron=1772454258.5691540241241455078125 HTTP/1.1" 200 0 "-" "WordPress/6.8.1; https://www.middleeastoday.com"
100.53.4.188 - - [02/Mar/2026:07:22:26 -0500] "GET /category/travel-tourism/eating-out/ HTTP/1.1" 200 108596 "-" "Mozilla/4.0 (compatible; MSIE 7.0; Windows NT 6.0) Mozilla/5.0 (Windows NT 10.0; Win64; x64) AppleWebKit/537.36 (KHTML, like Gecko) Chrome/91.0.4472.124 Safari/537.36"
100.53.4.188 - - [02/Mar/2026:07:22:39 -0500] "GET /category/lifestyle/tech/ HTTP/1.1" 200 101315 "-" "Mozilla/4.0 (compatible; MSIE 7.0; Windows NT 6.0) Mozilla/5.0 (Windows NT 10.0; Win64; x64) AppleWebKit/537.36 (KHTML, like Gecko) Chrome/91.0.4472.124 Safari/537.36"
100.53.4.188 - - [02/Mar/2026:07:22:40 -0500] "GET /category/events/ HTTP/1.1" 200 101891 "-" "Mozilla/4.0 (compatible; MSIE 7.0; Windows NT 6.0) Mozilla/5.0 (Windows NT 10.0; Win64; x64) AppleWebKit/537.36 (KHTML, like Gecko) Chrome/91.0.4472.124 Safari/537.36"
162.213.253.84 - - [02/Mar/2026:07:22:54 -0500] "POST /wp-cron.php?doing_wp_cron=1772454174.7078249454498291015625 HTTP/1.1" 200 0 "-" "WordPress/6.8.1; https://www.middleeastoday.com"
114.119.154.115 - - [02/Mar/2026:07:22:53 -0500] "GET /president-of-finland-receives-message-from-uae-president-during-meeting-with-abdullah-bin-zayed HTTP/1.1" 301 0 "http://www.middleeastoday.com/author/admin/page/5" "Mozilla/5.0 (Linux; Android 7.0;) AppleWebKit/537.36 (KHTML, like Gecko) Mobile Safari/537.36 (compatible; PetalBot;+https://webmaster.petalsearch.com/site/petalbot)"
114.119.154.115 - - [02/Mar/2026:07:22:55 -0500] "GET /president-of-finland-receives-message-from-uae-president-during-meeting-with-abdullah-bin-zayed/ HTTP/1.1" 200 23667 "http://www.middleeastoday.com/author/admin/page/5" "Mozilla/5.0 (Linux; Android 7.0;) AppleWebKit/537.36 (KHTML, like Gecko) Mobile Safari/537.36 (compatible; PetalBot;+https://webmaster.petalsearch.com/site/petalbot)"
113.191.227.122 - - [02/Mar/2026:07:23:35 -0500] "GET /?p=7100 HTTP/1.1" 301 0 "-" "Mozilla/5.0 (Windows NT 10.0; Win64; x64) AppleWebKit/537.36 (KHTML, like Gecko) Chrome/85.0.4183.48 Safari/537.36"
113.191.227.122 - - [02/Mar/2026:07:23:36 -0500] "GET /mohamed-bin-zayed-boris-johnson-discuss-partnership-latest-regional-and-international-developments/ HTTP/1.1" 200 23759 "-" "Mozilla/5.0 (Windows NT 10.0; Win64; x64) AppleWebKit/537.36 (KHTML, like Gecko) Chrome/85.0.4183.48 Safari/537.36"
114.119.130.67 - - [02/Mar/2026:07:24:17 -0500] "GET /opec-daily-basket-price-stands-at-113-04-a-barrel-thursday HTTP/1.1" 301 0 "https://www.middleeastoday.com/?p=8438" "Mozilla/5.0 (Linux; Android 7.0;) AppleWebKit/537.36 (KHTML, like Gecko) Mobile Safari/537.36 (compatible; PetalBot;+https://webmaster.petalsearch.com/site/petalbot)"
114.119.130.67 - - [02/Mar/2026:07:24:20 -0500] "GET /opec-daily-basket-price-stands-at-113-04-a-barrel-thursday/ HTTP/1.1" 200 22890 "https://www.middleeastoday.com/?p=8438" "Mozilla/5.0 (Linux; Android 7.0;) AppleWebKit/537.36 (KHTML, like Gecko) Mobile Safari/537.36 (compatible; PetalBot;+https://webmaster.petalsearch.com/site/petalbot)"
44.221.227.90 - - [02/Mar/2026:07:26:16 -0500] "GET /wp-json/wp/v2/posts/9795 HTTP/1.1" 200 6476 "-" "Mozilla/5.0 AppleWebKit/537.36 (KHTML, like Gecko; compatible; Amazonbot/0.1; +https://developer.amazon.com/support/amazonbot) Chrome/119.0.6045.214 Safari/537.36"
44.195.50.71 - - [02/Mar/2026:07:26:26 -0500] "GET /shurooqs-destinations-to-ring-new-year-with-colourful-lights/ HTTP/1.1" 200 24237 "-" "Mozilla/5.0 AppleWebKit/537.36 (KHTML, like Gecko; compatible; Amazonbot/0.1; +https://developer.amazon.com/support/amazonbot) Chrome/119.0.6045.214 Safari/537.36"
52.167.144.182 - - [02/Mar/2026:07:30:08 -0500] "GET /wp-content/uploads/2022/03/OPEC-daily-basket-850x560.jpg HTTP/1.1" 200 112403 "-" "Mozilla/5.0 AppleWebKit/537.36 (KHTML, like Gecko; compatible; bingbot/2.0; +http://www.bing.com/bingbot.htm) Chrome/116.0.1938.76 Safari/537.36"
162.213.253.84 - - [02/Mar/2026:07:31:37 -0500] "POST /wp-cron.php?doing_wp_cron=1772454697.1113679409027099609375 HTTP/1.1" 200 0 "-" "WordPress/6.8.1; https://www.middleeastoday.com"
114.119.138.37 - - [02/Mar/2026:07:25:43 -0500] "GET /mohammed-bin-rashid-approves-dubai-virtual-asset-regulation-law/ HTTP/1.1" 200 24405 "https://www.middleeastoday.com/mohammed-bin-rashid-approves-dubai-virtual-asset-regulation-law" "Mozilla/5.0 (Linux; Android 7.0;) AppleWebKit/537.36 (KHTML, like Gecko) Mobile Safari/537.36 (compatible; PetalBot;+https://webmaster.petalsearch.com/site/petalbot)"
162.213.253.84 - - [02/Mar/2026:07:26:17 -0500] "POST /wp-cron.php?doing_wp_cron=1772454377.1721479892730712890625 HTTP/1.1" 200 0 "-" "WordPress/6.8.1; https://www.middleeastoday.com"
162.213.253.84 - - [02/Mar/2026:07:26:18 -0500] "POST /wp-admin/admin-ajax.php?action=async_litespeed&nonce=qyZcWJdLVF04T0GphxShWGH4N3rTk9bg&litespeed_type=imgoptm HTTP/1.1" 200 0 "-" "WordPress/6.8.1; https://www.middleeastoday.com"
162.213.253.84 - - [02/Mar/2026:07:26:21 -0500] "POST /wp-cron.php?doing_wp_cron=1772454381.0098319053649902343750 HTTP/1.1" 200 0 "-" "WordPress/6.8.1; https://www.middleeastoday.com"
54.163.136.244 - - [02/Mar/2026:07:26:20 -0500] "GET /wp-json/wp/v2/posts/11051 HTTP/1.1" 200 7101 "-" "Mozilla/5.0 AppleWebKit/537.36 (KHTML, like Gecko; compatible; Amazonbot/0.1; +https://developer.amazon.com/support/amazonbot) Chrome/119.0.6045.214 Safari/537.36"
162.213.253.84 - - [02/Mar/2026:07:26:25 -0500] "POST /wp-cron.php?doing_wp_cron=1772454385.1518518924713134765625 HTTP/1.1" 200 0 "-" "WordPress/6.8.1; https://www.middleeastoday.com"
34.227.156.153 - - [02/Mar/2026:07:26:23 -0500] "GET /wp-json/oembed/1.0/embed?format=xml&url=https://www.middleeastoday.com/dubais-first-time-home-buyer-programme-helps-over-2000-residents-become-homeowners-in-6-months-since-launch/ HTTP/1.1" 200 1327 "-" "Mozilla/5.0 AppleWebKit/537.36 (KHTML, like Gecko; compatible; Amazonbot/0.1; +https://developer.amazon.com/support/amazonbot) Chrome/119.0.6045.214 Safari/537.36"
162.213.253.84 - - [02/Mar/2026:07:26:26 -0500] "POST /wp-admin/admin-ajax.php?action=async_litespeed&nonce=bzBZ73puRvm5NrJzonls0qY4qfGNN9Im&litespeed_type=imgoptm HTTP/1.1" 200 0 "-" "WordPress/6.8.1; https://www.middleeastoday.com"
40.77.167.25 - - [02/Mar/2026:07:28:29 -0500] "GET /abdullah-bin-zayed-world-leaders-hail-expo-2020-dubai-as-unifying-event-fostering-innovation-and-sustainable-future/ HTTP/1.1" 200 23555 "-" "Mozilla/5.0 AppleWebKit/537.36 (KHTML, like Gecko; compatible; bingbot/2.0; +http://www.bing.com/bingbot.htm) Chrome/116.0.1938.76 Safari/537.36"
162.213.253.84 - - [02/Mar/2026:07:31:38 -0500] "POST /wp-admin/admin-ajax.php?action=async_litespeed&nonce=DlsJb0WGKl8Vt0SlQavGqrYAKnSoKcZQ&litespeed_type=imgoptm HTTP/1.1" 200 21 "-" "WordPress/6.8.1; https://www.middleeastoday.com"
54.39.6.87 - - [02/Mar/2026:07:31:58 -0500] "GET /adnoc-distribution-to-acquire-50-stake-in-totalenergies-egypt/ HTTP/1.1" 200 21711 "-" "Mozilla/5.0 (compatible; AhrefsBot/7.0; +http://ahrefs.com/robot/)"
40.77.179.56 - - [02/Mar/2026:07:32:23 -0500] "GET /wp-content/uploads/2022/04/middle-east-today-logo-1-1024x362.jpg HTTP/1.1" 200 24217 "https://www.middleeastoday.com/celebrity-media-strategist-vasu-jit-kalia-crowned-as-media-mogul-at-fashion-factor/" "Mozilla/5.0 AppleWebKit/537.36 (KHTML, like Gecko; compatible; bingbot/2.0; +http://www.bing.com/bingbot.htm) Chrome/136.0.0.0 Safari/537.36"
40.77.179.56 - - [02/Mar/2026:07:32:23 -0500] "GET /wp-content/uploads/2024/11/Mansour-bin-Zayed-1-850x560.jpg HTTP/1.1" 200 66804 "https://www.middleeastoday.com/celebrity-media-strategist-vasu-jit-kalia-crowned-as-media-mogul-at-fashion-factor/" "Mozilla/5.0 AppleWebKit/537.36 (KHTML, like Gecko; compatible; bingbot/2.0; +http://www.bing.com/bingbot.htm) Chrome/136.0.0.0 Safari/537.36"
40.77.179.56 - - [02/Mar/2026:07:32:23 -0500] "GET /wp-content/uploads/2024/10/UAE-President-1-850x560.jpg HTTP/1.1" 200 99670 "https://www.middleeastoday.com/celebrity-media-strategist-vasu-jit-kalia-crowned-as-media-mogul-at-fashion-factor/" "Mozilla/5.0 AppleWebKit/537.36 (KHTML, like Gecko; compatible; bingbot/2.0; +http://www.bing.com/bingbot.htm) Chrome/136.0.0.0 Safari/537.36"
114.119.137.98 - - [02/Mar/2026:07:31:36 -0500] "GET /etihad-cargos-inaugural-freighter-flight-to-ezhou-huahu-airport-in-china-arrives-on-august-18 HTTP/1.1" 301 0 "https://www.middleeastoday.com/category/travel-tourism/airlines/page/2" "Mozilla/5.0 (Linux; Android 7.0;) AppleWebKit/537.36 (KHTML, like Gecko) Mobile Safari/537.36 (compatible; PetalBot;+https://webmaster.petalsearch.com/site/petalbot)"
114.119.137.98 - - [02/Mar/2026:07:31:38 -0500] "GET /etihad-cargos-inaugural-freighter-flight-to-ezhou-huahu-airport-in-china-arrives-on-august-18/ HTTP/1.1" 200 27848 "https://www.middleeastoday.com/category/travel-tourism/airlines/page/2" "Mozilla/5.0 (Linux; Android 7.0;) AppleWebKit/537.36 (KHTML, like Gecko) Mobile Safari/537.36 (compatible; PetalBot;+https://webmaster.petalsearch.com/site/petalbot)"
52.167.144.183 - - [02/Mar/2026:07:32:10 -0500] "GET /celebrity-media-strategist-vasu-jit-kalia-crowned-as-media-mogul-at-fashion-factor/ HTTP/1.1" 200 20790 "-" "Mozilla/5.0 AppleWebKit/537.36 (KHTML, like Gecko; compatible; bingbot/2.0; +http://www.bing.com/bingbot.htm) Chrome/116.0.1938.76 Safari/537.36"
52.167.144.211 - - [02/Mar/2026:07:33:56 -0500] "GET /wp-content/uploads/2022/02/706-police-cadets-850x560.jpg HTTP/1.1" 200 108953 "-" "Mozilla/5.0 AppleWebKit/537.36 (KHTML, like Gecko; compatible; bingbot/2.0; +http://www.bing.com/bingbot.htm) Chrome/116.0.1938.76 Safari/537.36"
103.155.118.215 - - [02/Mar/2026:07:35:09 -0500] "GET /category/travel-tourism/hotels/ HTTP/1.1" 200 22809 "-" "Mozilla/5.0 (Macintosh; Intel Mac OS X 10_9_5) AppleWebKit/537.36 (KHTML, like Gecko) Chrome/65.0.3325.181 Safari/537.36"
162.213.253.84 - - [02/Mar/2026:07:41:14 -0500] "POST /wp-cron.php?doing_wp_cron=1772455274.8090009689331054687500 HTTP/1.1" 200 0 "-" "WordPress/6.8.1; https://www.middleeastoday.com"
3.230.224.6 - - [02/Mar/2026:07:41:14 -0500] "GET /wp-json/wp/v2/posts/8712 HTTP/1.1" 200 2853 "-" "Mozilla/5.0 AppleWebKit/537.36 (KHTML, like Gecko; compatible; Amazonbot/0.1; +https://developer.amazon.com/support/amazonbot) Chrome/119.0.6045.214 Safari/537.36"
162.213.253.84 - - [02/Mar/2026:07:41:15 -0500] "POST /wp-admin/admin-ajax.php?action=async_litespeed&nonce=bZFwUfgKmEd16WvgB89YAcug9RwWSRZ2&litespeed_type=imgoptm HTTP/1.1" 200 21 "-" "WordPress/6.8.1; https://www.middleeastoday.com"
138.124.187.135 - - [02/Mar/2026:07:43:19 -0500] "POST /wp-login.php HTTP/1.1" 200 2133 "-" "Mozilla/5.0 (Windows NT 10.0) AppleWebKit/537.36 (KHTML, like Gecko) Chrome/142.0.0.0 Safari/537.36 Edg/142.0.0.0"
162.213.253.84 - - [02/Mar/2026:07:44:19 -0500] "POST /wp-cron.php?doing_wp_cron=1772455459.0318460464477539062500 HTTP/1.1" 200 0 "-" "WordPress/6.8.1; https://www.middleeastoday.com"
178.128.158.186 - - [02/Mar/2026:07:44:18 -0500] "GET /wp-content/uploads/2022/10/Mansoor-bin-Mohammed-scaled-850x560.jpg%20850w,%20https://www.middleeastoday.com/wp-content/uploads/2022/10/Mansoor-bin-Mohammed-scaled-455x300.jpg%20455w HTTP/1.1" 301 0 "https://www.middleeastoday.com/" "Mozilla/5.0 (Windows NT 10.0; Win64; x64) AppleWebKit/537.36 (KHTML, like Gecko) Chrome/106.0.5249.119 Safari/537.36"
162.213.253.84 - - [02/Mar/2026:07:44:19 -0500] "POST /wp-admin/admin-ajax.php?action=async_litespeed&nonce=LJ1F57gedmiGOQ4fUThumnvkF9fqUde0&litespeed_type=imgoptm HTTP/1.1" 200 21 "-" "WordPress/6.8.1; https://www.middleeastoday.com"
178.128.158.186 - - [02/Mar/2026:07:44:20 -0500] "GET /wp-content/uploads/2022/10/Mansoor-bin-Mohammed-scaled-850x560.jpg%20850w,%20https:/www.middleeastoday.com/wp-content/uploads/2022/10/Mansoor-bin-Mohammed-scaled-455x300.jpg%20455w HTTP/1.1" 404 19184 "https://www.middleeastoday.com/" "Mozilla/5.0 (Windows NT 10.0; Win64; x64) AppleWebKit/537.36 (KHTML, like Gecko) Chrome/106.0.5249.119 Safari/537.36"
40.77.179.56 - - [02/Mar/2026:07:32:23 -0500] "GET /wp-content/uploads/2022/04/64c2ad33-5b41-4d59-be1b-293b254ded91-768x119.jpeg HTTP/1.1" 200 18202 "https://www.middleeastoday.com/celebrity-media-strategist-vasu-jit-kalia-crowned-as-media-mogul-at-fashion-factor/" "Mozilla/5.0 AppleWebKit/537.36 (KHTML, like Gecko; compatible; bingbot/2.0; +http://www.bing.com/bingbot.htm) Chrome/136.0.0.0 Safari/537.36"
14.245.28.142 - - [02/Mar/2026:07:36:59 -0500] "GET /category/exhibitions/page/4/ HTTP/1.1" 200 24223 "-" "Mozilla/5.0 (Macintosh; Intel Mac OS X 10_13_6) AppleWebKit/537.36 (KHTML, like Gecko) Chrome/80.0.3987.132 Safari/537.36"
162.213.253.84 - - [02/Mar/2026:07:43:20 -0500] "POST /wp-cron.php?doing_wp_cron=1772455400.4574370384216308593750 HTTP/1.1" 200 0 "-" "WordPress/6.8.1; https://www.middleeastoday.com"
162.213.253.84 - - [02/Mar/2026:07:43:21 -0500] "POST /wp-admin/admin-ajax.php?action=async_litespeed&nonce=lImnCe1CedqTPdibTNt6aYZJdhNMuLEl&litespeed_type=imgoptm HTTP/1.1" 200 21 "-" "WordPress/6.8.1; https://www.middleeastoday.com"
14.191.94.207 - - [02/Mar/2026:07:44:25 -0500] "GET /wp-content/uploads/2022/10/Mansoor-bin-Mohammed-scaled-850x560.jpg%20850w,%20https:/www.middleeastoday.com/wp-content/uploads/2022/10/Mansoor-bin-Mohammed-scaled-455x300.jpg%20455w HTTP/1.1" 404 19184 "https://www.middleeastoday.com/" "Mozilla/5.0 (Windows NT 10.0; Win64; x64) AppleWebKit/537.36 (KHTML, like Gecko) Chrome/106.0.5249.119 Safari/537.36"
51.222.168.252 - - [02/Mar/2026:07:48:08 -0500] "GET /category/real-estate/page/3/ HTTP/1.1" 200 20966 "-" "Mozilla/5.0 (compatible; AhrefsBot/7.0; +http://ahrefs.com/robot/)"
162.213.253.84 - - [02/Mar/2026:07:49:30 -0500] "POST /wp-cron.php?doing_wp_cron=1772455770.9265971183776855468750 HTTP/1.1" 200 0 "-" "WordPress/6.8.1; https://www.middleeastoday.com"
114.119.130.67 - - [02/Mar/2026:07:49:30 -0500] "GET /khawla-art-and-culture-hosts-a-vibrant-land-exhibition HTTP/1.1" 301 0 "https://www.middleeastoday.com/author/admin/page/68" "Mozilla/5.0 (Linux; Android 7.0;) AppleWebKit/537.36 (KHTML, like Gecko) Mobile Safari/537.36 (compatible; PetalBot;+https://webmaster.petalsearch.com/site/petalbot)"
162.213.253.84 - - [02/Mar/2026:07:50:56 -0500] "POST /wp-cron.php?doing_wp_cron=1772455856.8699169158935546875000 HTTP/1.1" 200 0 "-" "WordPress/6.8.1; https://www.middleeastoday.com"
162.213.253.84 - - [02/Mar/2026:07:50:58 -0500] "POST /wp-admin/admin-ajax.php?action=async_litespeed&nonce=TlnqqXPs7t6HG1xO9gBHhzIrLEcg68QR&litespeed_type=imgoptm HTTP/1.1" 200 21 "-" "WordPress/6.8.1; https://www.middleeastoday.com"
