114.119.138.37 - - [02/Mar/2026:11:47:31 -0500] "GET /uae-president-mourns-passing-of-tahnoun-bin-mohammed-al-nahyan-seven-days-of-mourning-declared/ HTTP/1.1" 200 23135 "https://www.middleeastoday.com/uae-president-mourns-passing-of-tahnoun-bin-mohammed-al-nahyan-seven-days-of-mourning-declared" "Mozilla/5.0 (Linux; Android 7.0;) AppleWebKit/537.36 (KHTML, like Gecko) Mobile Safari/537.36 (compatible; PetalBot;+https://webmaster.petalsearch.com/site/petalbot)"
114.119.154.115 - - [02/Mar/2026:11:48:53 -0500] "GET /uae-leaders-congratulate-iranian-president-on-islamic-revolution-day-anniversary/ HTTP/1.1" 200 22808 "https://www.middleeastoday.com/?p=6864" "Mozilla/5.0 (Linux; Android 7.0;) AppleWebKit/537.36 (KHTML, like Gecko) Mobile Safari/537.36 (compatible; PetalBot;+https://webmaster.petalsearch.com/site/petalbot)"
54.83.23.103 - - [02/Mar/2026:11:49:36 -0500] "GET /abu-dhabi-public-health-centre-launches-ifhas-programme/ HTTP/1.1" 200 24924 "-" "Mozilla/5.0 AppleWebKit/537.36 (KHTML, like Gecko; compatible; Amazonbot/0.1; +https://developer.amazon.com/support/amazonbot) Chrome/119.0.6045.214 Safari/537.36"
85.208.96.200 - - [02/Mar/2026:11:49:39 -0500] "GET /flydubai-to-operate-flights-to-select-destinations-from-dubai-world-central/ HTTP/1.1" 200 23919 "-" "Mozilla/5.0 (compatible; SemrushBot/7~bl; +http://www.semrush.com/bot.html)"
148.113.128.34 - - [02/Mar/2026:11:43:04 -0500] "GET /adnoc-distribution-to-acquire-50-stake-in-totalenergies-egypt/ HTTP/1.1" 200 21711 "-" "Mozilla/5.0 (compatible; AhrefsBot/7.0; +http://ahrefs.com/robot/)"
114.119.148.161 - - [02/Mar/2026:11:43:22 -0500] "GET /dubai-derma-2023-slated-to-take-place-from-march-1-3 HTTP/1.1" 301 0 "https://www.middleeastoday.com/inaugural-i2u2-business-forum-organised-to-accelerate-joint-investment-in-key-sectors" "Mozilla/5.0 (Linux; Android 7.0;) AppleWebKit/537.36 (KHTML, like Gecko) Mobile Safari/537.36 (compatible; PetalBot;+https://webmaster.petalsearch.com/site/petalbot)"
114.119.132.207 - - [02/Mar/2026:11:44:46 -0500] "GET /uaes-first-sar-satellite-launched-for-earth-observation HTTP/1.1" 301 0 "https://www.middleeastoday.com/etihad-airways-records-10-4-million-passengers-jan-jul-2024" "Mozilla/5.0 (Linux; Android 7.0;) AppleWebKit/537.36 (KHTML, like Gecko) Mobile Safari/537.36 (compatible; PetalBot;+https://webmaster.petalsearch.com/site/petalbot)"
114.119.132.207 - - [02/Mar/2026:11:44:49 -0500] "GET /uaes-first-sar-satellite-launched-for-earth-observation/ HTTP/1.1" 200 24000 "https://www.middleeastoday.com/etihad-airways-records-10-4-million-passengers-jan-jul-2024" "Mozilla/5.0 (Linux; Android 7.0;) AppleWebKit/537.36 (KHTML, like Gecko) Mobile Safari/537.36 (compatible; PetalBot;+https://webmaster.petalsearch.com/site/petalbot)"
34.225.87.80 - - [02/Mar/2026:11:49:54 -0500] "GET /ski-dubais-dxb-snow-run-to-kick-off-11th-june/ HTTP/1.1" 200 23274 "-" "Mozilla/5.0 AppleWebKit/537.36 (KHTML, like Gecko; compatible; Amazonbot/0.1; +https://developer.amazon.com/support/amazonbot) Chrome/119.0.6045.214 Safari/537.36"
54.144.185.255 - - [02/Mar/2026:11:50:03 -0500] "GET /category/health-2/ HTTP/1.1" 200 24381 "-" "Mozilla/5.0 AppleWebKit/537.36 (KHTML, like Gecko; compatible; Amazonbot/0.1; +https://developer.amazon.com/support/amazonbot) Chrome/119.0.6045.214 Safari/537.36"
54.235.191.179 - - [02/Mar/2026:11:50:07 -0500] "GET /president-khalifa-passes-away/ HTTP/1.1" 200 22817 "-" "Mozilla/5.0 AppleWebKit/537.36 (KHTML, like Gecko; compatible; Amazonbot/0.1; +https://developer.amazon.com/support/amazonbot) Chrome/119.0.6045.214 Safari/537.36"
3.225.45.252 - - [02/Mar/2026:11:50:11 -0500] "GET /sharjah-ruler-reorganises-sharjah-research-technology-and-innovation-park/ HTTP/1.1" 200 27288 "-" "Mozilla/5.0 AppleWebKit/537.36 (KHTML, like Gecko; compatible; Amazonbot/0.1; +https://developer.amazon.com/support/amazonbot) Chrome/119.0.6045.214 Safari/537.36"
23.21.250.48 - - [02/Mar/2026:11:50:18 -0500] "GET /sharjah-old-cars-club-approves-launch-of-specialised-annual-festival/ HTTP/1.1" 200 24873 "-" "Mozilla/5.0 AppleWebKit/537.36 (KHTML, like Gecko; compatible; Amazonbot/0.1; +https://developer.amazon.com/support/amazonbot) Chrome/119.0.6045.214 Safari/537.36"
3.227.180.70 - - [02/Mar/2026:11:50:26 -0500] "GET /mohammed-bin-rashid-announces-opening-of-expo-city-dubai-in-october-2022/ HTTP/1.1" 200 24630 "-" "Mozilla/5.0 AppleWebKit/537.36 (KHTML, like Gecko; compatible; Amazonbot/0.1; +https://developer.amazon.com/support/amazonbot) Chrome/119.0.6045.214 Safari/537.36"
3.230.224.6 - - [02/Mar/2026:11:50:43 -0500] "GET /airport-show-2022-in-dubai-to-focus-on-digital-airports/ HTTP/1.1" 200 23995 "-" "Mozilla/5.0 AppleWebKit/537.36 (KHTML, like Gecko; compatible; Amazonbot/0.1; +https://developer.amazon.com/support/amazonbot) Chrome/119.0.6045.214 Safari/537.36"
15.235.27.60 - - [02/Mar/2026:11:51:15 -0500] "GET /category/real-estate/page/3/ HTTP/1.1" 200 20966 "-" "Mozilla/5.0 (compatible; AhrefsBot/7.0; +http://ahrefs.com/robot/)"
114.119.148.161 - - [02/Mar/2026:11:51:47 -0500] "GET /uae-leaders-congratulate-governor-general-of-new-zealand-on-national-day/ HTTP/1.1" 200 22819 "https://www.middleeastoday.com/category/national-news/page/27" "Mozilla/5.0 (Linux; Android 7.0;) AppleWebKit/537.36 (KHTML, like Gecko) Mobile Safari/537.36 (compatible; PetalBot;+https://webmaster.petalsearch.com/site/petalbot)"
52.71.46.142 - - [02/Mar/2026:11:50:14 -0500] "GET /luxembourg-celebrates-national-day-at-expo-2020-dubai/ HTTP/1.1" 200 24288 "-" "Mozilla/5.0 AppleWebKit/537.36 (KHTML, like Gecko; compatible; Amazonbot/0.1; +https://developer.amazon.com/support/amazonbot) Chrome/119.0.6045.214 Safari/537.36"
114.119.132.207 - - [02/Mar/2026:11:50:19 -0500] "GET /uae-leaders-congratulate-iranian-president-on-islamic-revolution-day-anniversary HTTP/1.1" 301 0 "https://www.middleeastoday.com/mohamed-bin-zayed-receives-message-from-president-of-philippines" "Mozilla/5.0 (Linux; Android 7.0;) AppleWebKit/537.36 (KHTML, like Gecko) Mobile Safari/537.36 (compatible; PetalBot;+https://webmaster.petalsearch.com/site/petalbot)"
114.119.132.207 - - [02/Mar/2026:11:50:21 -0500] "GET /uae-leaders-congratulate-iranian-president-on-islamic-revolution-day-anniversary/ HTTP/1.1" 200 22808 "https://www.middleeastoday.com/mohamed-bin-zayed-receives-message-from-president-of-philippines" "Mozilla/5.0 (Linux; Android 7.0;) AppleWebKit/537.36 (KHTML, like Gecko) Mobile Safari/537.36 (compatible; PetalBot;+https://webmaster.petalsearch.com/site/petalbot)"
34.193.2.57 - - [02/Mar/2026:11:50:30 -0500] "GET /servomex-establishes-new-middle-east-hub-at-abu-dhabi-airports-free-zone/ HTTP/1.1" 200 24006 "-" "Mozilla/5.0 AppleWebKit/537.36 (KHTML, like Gecko; compatible; Amazonbot/0.1; +https://developer.amazon.com/support/amazonbot) Chrome/119.0.6045.214 Safari/537.36"
3.94.199.128 - - [02/Mar/2026:11:50:34 -0500] "GET /uae-president-receives-condolences-of-khalifa-haftar/ HTTP/1.1" 200 23255 "-" "Mozilla/5.0 AppleWebKit/537.36 (KHTML, like Gecko; compatible; Amazonbot/0.1; +https://developer.amazon.com/support/amazonbot) Chrome/119.0.6045.214 Safari/537.36"
98.84.70.201 - - [02/Mar/2026:11:50:38 -0500] "GET /abu-dhabi-international-hunting-and-equestrian-exhibition-launches-specialised-heritage-art-competitions/ HTTP/1.1" 200 24762 "-" "Mozilla/5.0 AppleWebKit/537.36 (KHTML, like Gecko; compatible; Amazonbot/0.1; +https://developer.amazon.com/support/amazonbot) Chrome/119.0.6045.214 Safari/537.36"
18.214.251.19 - - [02/Mar/2026:11:50:46 -0500] "GET /al-bowardi-tours-umex-and-simtex-2022-exhibition/ HTTP/1.1" 200 23116 "-" "Mozilla/5.0 AppleWebKit/537.36 (KHTML, like Gecko; compatible; Amazonbot/0.1; +https://developer.amazon.com/support/amazonbot) Chrome/119.0.6045.214 Safari/537.36"
114.119.148.161 - - [02/Mar/2026:11:51:43 -0500] "GET /uae-leaders-congratulate-governor-general-of-new-zealand-on-national-day HTTP/1.1" 301 0 "https://www.middleeastoday.com/category/national-news/page/27" "Mozilla/5.0 (Linux; Android 7.0;) AppleWebKit/537.36 (KHTML, like Gecko) Mobile Safari/537.36 (compatible; PetalBot;+https://webmaster.petalsearch.com/site/petalbot)"
40.77.167.59 - - [02/Mar/2026:11:52:05 -0500] "GET /uae-cyprus-presidents-discuss-strengthening-comprehensive-strategic-partnership/ HTTP/1.1" 200 20891 "-" "Mozilla/5.0 AppleWebKit/537.36 (KHTML, like Gecko; compatible; bingbot/2.0; +http://www.bing.com/bingbot.htm) Chrome/116.0.1938.76 Safari/537.36"
114.119.130.67 - - [02/Mar/2026:11:53:13 -0500] "GET /uae-cabinet-approves-national-energy-and-hydrogen-strategies-establishes-uae-ministry-of-investment/ HTTP/1.1" 200 26865 "https://www.middleeastoday.com/uae-cabinet-approves-national-energy-and-hydrogen-strategies-establishes-uae-ministry-of-investment" "Mozilla/5.0 (Linux; Android 7.0;) AppleWebKit/537.36 (KHTML, like Gecko) Mobile Safari/537.36 (compatible; PetalBot;+https://webmaster.petalsearch.com/site/petalbot)"
114.119.154.115 - - [02/Mar/2026:11:54:28 -0500] "GET /uae-a-model-of-a-developed-respected-nation-recognised-worldwide-sharjah-ruler/ HTTP/1.1" 200 24592 "https://www.middleeastoday.com/founders-memorial-celebrates-51st-uae-national-day-with-traditional-festivities/" "Mozilla/5.0 (Linux; Android 7.0;) AppleWebKit/537.36 (KHTML, like Gecko) Mobile Safari/537.36 (compatible; PetalBot;+https://webmaster.petalsearch.com/site/petalbot)"
114.119.154.115 - - [02/Mar/2026:11:55:54 -0500] "GET /toyota-launches-2023-fj-cruiser-final-edition/ HTTP/1.1" 200 24344 "https://www.middleeastoday.com/category/products/page/2" "Mozilla/5.0 (Linux; Android 7.0;) AppleWebKit/537.36 (KHTML, like Gecko) Mobile Safari/537.36 (compatible; PetalBot;+https://webmaster.petalsearch.com/site/petalbot)"
114.119.130.67 - - [02/Mar/2026:11:53:12 -0500] "GET /uae-cabinet-approves-national-energy-and-hydrogen-strategies-establishes-uae-ministry-of-investment HTTP/1.1" 301 0 "https://www.middleeastoday.com/uae-cabinet-approves-national-energy-and-hydrogen-strategies-establishes-uae-ministry-of-investment" "Mozilla/5.0 (Linux; Android 7.0;) AppleWebKit/537.36 (KHTML, like Gecko) Mobile Safari/537.36 (compatible; PetalBot;+https://webmaster.petalsearch.com/site/petalbot)"
54.84.93.8 - - [02/Mar/2026:11:56:09 -0500] "GET /wp-json/oembed/1.0/embed?url=https://www.middleeastoday.com/dubais-first-time-home-buyer-programme-helps-over-2000-residents-become-homeowners-in-6-months-since-launch/ HTTP/1.1" 200 2813 "-" "Mozilla/5.0 AppleWebKit/537.36 (KHTML, like Gecko; compatible; Amazonbot/0.1; +https://developer.amazon.com/support/amazonbot) Chrome/119.0.6045.214 Safari/537.36"
114.119.137.98 - - [02/Mar/2026:11:57:18 -0500] "GET /speakers-of-arab-parliaments-condemns-houthis-terrorist-attack-on-civil-areas-and-vital-facilities-in-saudi-arabia-uae/ HTTP/1.1" 200 23441 "https://www.middleeastoday.com/uae-leaders-congratulate-president-of-gambia-on-independence-day" "Mozilla/5.0 (Linux; Android 7.0;) AppleWebKit/537.36 (KHTML, like Gecko) Mobile Safari/537.36 (compatible; PetalBot;+https://webmaster.petalsearch.com/site/petalbot)"
40.77.167.75 - - [02/Mar/2026:11:59:24 -0500] "GET /wp-content/uploads/2025/01/Georgian-Prime-Minister-455x300.jpg HTTP/1.1" 200 19714 "-" "Mozilla/5.0 AppleWebKit/537.36 (KHTML, like Gecko; compatible; bingbot/2.0; +http://www.bing.com/bingbot.htm) Chrome/116.0.1938.76 Safari/537.36"
114.119.137.153 - - [02/Mar/2026:12:00:09 -0500] "GET /saudi-aramco-records-110-billion-net-income-in-2021/ HTTP/1.1" 200 23085 "https://www.middleeastoday.com/?p=7154" "Mozilla/5.0 (Linux; Android 7.0;) AppleWebKit/537.36 (KHTML, like Gecko) Mobile Safari/537.36 (compatible; PetalBot;+https://webmaster.petalsearch.com/site/petalbot)"
114.119.137.98 - - [02/Mar/2026:12:01:28 -0500] "GET /page/51/ HTTP/1.1" 200 38704 "-" "Mozilla/5.0 (Linux; Android 7.0;) AppleWebKit/537.36 (KHTML, like Gecko) Mobile Safari/537.36 (compatible; PetalBot;+https://webmaster.petalsearch.com/site/petalbot)"
114.119.138.37 - - [02/Mar/2026:12:02:50 -0500] "GET /nahyan-bin-mubarak-visits-31st-edition-of-abu-dhabi-international-book-fair/ HTTP/1.1" 200 22993 "https://www.middleeastoday.com/?p=8547" "Mozilla/5.0 (Linux; Android 7.0;) AppleWebKit/537.36 (KHTML, like Gecko) Mobile Safari/537.36 (compatible; PetalBot;+https://webmaster.petalsearch.com/site/petalbot)"
114.119.141.228 - - [02/Mar/2026:12:04:15 -0500] "GET /mashreq-reports-aed2-6-bn-net-profit-for-q3-22 HTTP/1.1" 301 0 "https://www.middleeastoday.com/category/business/page/5" "Mozilla/5.0 (Linux; Android 7.0;) AppleWebKit/537.36 (KHTML, like Gecko) Mobile Safari/537.36 (compatible; PetalBot;+https://webmaster.petalsearch.com/site/petalbot)"
114.119.132.207 - - [02/Mar/2026:12:05:37 -0500] "GET /dubai-international-financial-centre-records-strong-growth-in-h1-2022/ HTTP/1.1" 200 26823 "https://www.middleeastoday.com/?p=9170" "Mozilla/5.0 (Linux; Android 7.0;) AppleWebKit/537.36 (KHTML, like Gecko) Mobile Safari/537.36 (compatible; PetalBot;+https://webmaster.petalsearch.com/site/petalbot)"
162.213.253.84 - - [02/Mar/2026:11:58:42 -0500] "POST /wp-cron.php?doing_wp_cron=1772470722.7057490348815917968750 HTTP/1.1" 200 0 "-" "WordPress/6.8.1; https://www.middleeastoday.com"
114.119.137.98 - - [02/Mar/2026:11:58:41 -0500] "GET /sharjah-heritage-days-kicks-off-in-al-hamriyah HTTP/1.1" 301 0 "https://www.middleeastoday.com/wjmes-2023-continues-to-bedazzle-visitors-with-exquisite-designs" "Mozilla/5.0 (Linux; Android 7.0;) AppleWebKit/537.36 (KHTML, like Gecko) Mobile Safari/537.36 (compatible; PetalBot;+https://webmaster.petalsearch.com/site/petalbot)"
114.119.137.98 - - [02/Mar/2026:11:58:43 -0500] "GET /sharjah-heritage-days-kicks-off-in-al-hamriyah/ HTTP/1.1" 200 25890 "https://www.middleeastoday.com/wjmes-2023-continues-to-bedazzle-visitors-with-exquisite-designs" "Mozilla/5.0 (Linux; Android 7.0;) AppleWebKit/537.36 (KHTML, like Gecko) Mobile Safari/537.36 (compatible; PetalBot;+https://webmaster.petalsearch.com/site/petalbot)"
162.213.253.84 - - [02/Mar/2026:11:58:43 -0500] "POST /wp-admin/admin-ajax.php?action=async_litespeed&nonce=ZdVP9yU2sgIE00aiaLX3KzOO1W20FHxM&litespeed_type=imgoptm HTTP/1.1" 200 21 "-" "WordPress/6.8.1; https://www.middleeastoday.com"
37.239.6.47 - - [02/Mar/2026:12:01:18 -0500] "GET /wp-json/wp/v2/posts/7119 HTTP/1.1" 200 7572 "-" "Mozilla/5.0 (Windows NT 10.0) AppleWebKit/537.36 (KHTML, like Gecko) Brave Chrome/78.0.3904.108 Safari/537.36"
114.119.137.98 - - [02/Mar/2026:12:01:26 -0500] "GET /page/51 HTTP/1.1" 301 0 "-" "Mozilla/5.0 (Linux; Android 7.0;) AppleWebKit/537.36 (KHTML, like Gecko) Mobile Safari/537.36 (compatible; PetalBot;+https://webmaster.petalsearch.com/site/petalbot)"
114.119.141.228 - - [02/Mar/2026:12:04:16 -0500] "GET /mashreq-reports-aed2-6-bn-net-profit-for-q3-22/ HTTP/1.1" 200 27026 "https://www.middleeastoday.com/category/business/page/5" "Mozilla/5.0 (Linux; Android 7.0;) AppleWebKit/537.36 (KHTML, like Gecko) Mobile Safari/537.36 (compatible; PetalBot;+https://webmaster.petalsearch.com/site/petalbot)"
20.215.220.118 - - [02/Mar/2026:12:08:09 -0500] "GET /aramco-announces-full-year-2022-results-reporting-a-record-net-income-of-161-1-billion/ HTTP/1.1" 200 21790 "-" "Mozilla/5.0 AppleWebKit/537.36 (KHTML, like Gecko); compatible; ChatGPT-User/1.0; +https://openai.com/bot"
114.119.137.153 - - [02/Mar/2026:12:08:25 -0500] "GET /samsungs-bespoke-refrigerator-brings-in-a-new-era-of-customization/ HTTP/1.1" 200 24078 "https://www.middleeastoday.com/author/admin/page/58/" "Mozilla/5.0 (Linux; Android 7.0;) AppleWebKit/537.36 (KHTML, like Gecko) Mobile Safari/537.36 (compatible; PetalBot;+https://webmaster.petalsearch.com/site/petalbot)"
114.119.138.37 - - [02/Mar/2026:12:09:49 -0500] "GET /over-aed7-3-bn-in-weeklong-transactions-were-recorded-in-dubai HTTP/1.1" 301 0 "https://www.middleeastoday.com/?cat=66&paged=3" "Mozilla/5.0 (Linux; Android 7.0;) AppleWebKit/537.36 (KHTML, like Gecko) Mobile Safari/537.36 (compatible; PetalBot;+https://webmaster.petalsearch.com/site/petalbot)"
114.119.148.161 - - [02/Mar/2026:12:11:15 -0500] "GET /dates-festival-kicks-off-7th-edition-in-sharjah/ HTTP/1.1" 200 23119 "https://www.middleeastoday.com/uae-leaders-congratulate-governor-general-of-bahamas-on-independence-day" "Mozilla/5.0 (Linux; Android 7.0;) AppleWebKit/537.36 (KHTML, like Gecko) Mobile Safari/537.36 (compatible; PetalBot;+https://webmaster.petalsearch.com/site/petalbot)"
114.119.148.161 - - [02/Mar/2026:12:12:35 -0500] "GET /costa-toscana-debuts-at-dubai-harbour/ HTTP/1.1" 200 25546 "https://www.middleeastoday.com/sultan-al-qasimi-inaugurates-6th-sharjah-desert-theatre-festival-2" "Mozilla/5.0 (Linux; Android 7.0;) AppleWebKit/537.36 (KHTML, like Gecko) Mobile Safari/537.36 (compatible; PetalBot;+https://webmaster.petalsearch.com/site/petalbot)"
114.119.132.207 - - [02/Mar/2026:12:14:02 -0500] "GET /category/travel-tourism/page/7 HTTP/1.1" 301 0 "https://www.middleeastoday.com/category/travel-tourism/page/7" "Mozilla/5.0 (Linux; Android 7.0;) AppleWebKit/537.36 (KHTML, like Gecko) Mobile Safari/537.36 (compatible; PetalBot;+https://webmaster.petalsearch.com/site/petalbot)"
114.119.132.207 - - [02/Mar/2026:12:14:08 -0500] "GET /category/travel-tourism/page/7/ HTTP/1.1" 200 24406 "https://www.middleeastoday.com/category/travel-tourism/page/7" "Mozilla/5.0 (Linux; Android 7.0;) AppleWebKit/537.36 (KHTML, like Gecko) Mobile Safari/537.36 (compatible; PetalBot;+https://webmaster.petalsearch.com/site/petalbot)"
114.119.137.153 - - [02/Mar/2026:12:15:26 -0500] "GET /category/travel-tourism/page/3 HTTP/1.1" 301 0 "https://www.middleeastoday.com/category/travel-tourism/page/5" "Mozilla/5.0 (Linux; Android 7.0;) AppleWebKit/537.36 (KHTML, like Gecko) Mobile Safari/537.36 (compatible; PetalBot;+https://webmaster.petalsearch.com/site/petalbot)"
162.213.253.84 - - [02/Mar/2026:12:16:57 -0500] "POST /wp-cron.php?doing_wp_cron=1772471817.4779460430145263671875 HTTP/1.1" 200 0 "-" "WordPress/6.8.1; https://www.middleeastoday.com"
114.119.141.228 - - [02/Mar/2026:12:16:58 -0500] "GET /category/travel-tourism/page/2/ HTTP/1.1" 200 24479 "https://www.middleeastoday.com/category/travel-tourism/page/4" "Mozilla/5.0 (Linux; Android 7.0;) AppleWebKit/537.36 (KHTML, like Gecko) Mobile Safari/537.36 (compatible; PetalBot;+https://webmaster.petalsearch.com/site/petalbot)"
52.205.113.104 - - [02/Mar/2026:12:16:59 -0500] "GET /wp-json/oembed/1.0/embed?url=https://www.middleeastoday.com/mohamed-bin-zayed-directs-treatment-for-3-year-old-afghan-boy-with-cancer/ HTTP/1.1" 200 2544 "-" "Mozilla/5.0 AppleWebKit/537.36 (KHTML, like Gecko; compatible; Amazonbot/0.1; +https://developer.amazon.com/support/amazonbot) Chrome/119.0.6045.214 Safari/537.36"
142.44.233.52 - - [02/Mar/2026:12:17:13 -0500] "GET /charles-formally-confirmed-as-king-in-ceremony-televised-for-first-time/ HTTP/1.1" 200 20641 "-" "Mozilla/5.0 (compatible; AhrefsBot/7.0; +http://ahrefs.com/robot/)"
114.119.154.115 - - [02/Mar/2026:12:07:02 -0500] "GET /uae-president-receives-president-of-rwanda/ HTTP/1.1" 200 23249 "https://www.middleeastoday.com/etihad-launches-five-summer-services-growing-network-to-over-70-destinations" "Mozilla/5.0 (Linux; Android 7.0;) AppleWebKit/537.36 (KHTML, like Gecko) Mobile Safari/537.36 (compatible; PetalBot;+https://webmaster.petalsearch.com/site/petalbot)"
114.119.138.37 - - [02/Mar/2026:12:09:51 -0500] "GET /over-aed7-3-bn-in-weeklong-transactions-were-recorded-in-dubai/ HTTP/1.1" 200 23134 "https://www.middleeastoday.com/?cat=66&paged=3" "Mozilla/5.0 (Linux; Android 7.0;) AppleWebKit/537.36 (KHTML, like Gecko) Mobile Safari/537.36 (compatible; PetalBot;+https://webmaster.petalsearch.com/site/petalbot)"
114.119.148.161 - - [02/Mar/2026:12:11:12 -0500] "GET /dates-festival-kicks-off-7th-edition-in-sharjah HTTP/1.1" 301 0 "https://www.middleeastoday.com/uae-leaders-congratulate-governor-general-of-bahamas-on-independence-day" "Mozilla/5.0 (Linux; Android 7.0;) AppleWebKit/537.36 (KHTML, like Gecko) Mobile Safari/537.36 (compatible; PetalBot;+https://webmaster.petalsearch.com/site/petalbot)"
162.213.253.84 - - [02/Mar/2026:12:15:27 -0500] "POST /wp-cron.php?doing_wp_cron=1772471727.7036569118499755859375 HTTP/1.1" 200 0 "-" "WordPress/6.8.1; https://www.middleeastoday.com"
114.119.137.153 - - [02/Mar/2026:12:15:28 -0500] "GET /category/travel-tourism/page/3/ HTTP/1.1" 200 24266 "https://www.middleeastoday.com/category/travel-tourism/page/5" "Mozilla/5.0 (Linux; Android 7.0;) AppleWebKit/537.36 (KHTML, like Gecko) Mobile Safari/537.36 (compatible; PetalBot;+https://webmaster.petalsearch.com/site/petalbot)"
162.213.253.84 - - [02/Mar/2026:12:15:28 -0500] "POST /wp-admin/admin-ajax.php?action=async_litespeed&nonce=mj7TP8ZuGdqUCDu9y3wMtQdhiXswBbIS&litespeed_type=imgoptm HTTP/1.1" 200 21 "-" "WordPress/6.8.1; https://www.middleeastoday.com"
114.119.141.228 - - [02/Mar/2026:12:16:56 -0500] "GET /category/travel-tourism/page/2 HTTP/1.1" 301 0 "https://www.middleeastoday.com/category/travel-tourism/page/4" "Mozilla/5.0 (Linux; Android 7.0;) AppleWebKit/537.36 (KHTML, like Gecko) Mobile Safari/537.36 (compatible; PetalBot;+https://webmaster.petalsearch.com/site/petalbot)"
162.213.253.84 - - [02/Mar/2026:12:16:58 -0500] "POST /wp-admin/admin-ajax.php?action=async_litespeed&nonce=ZlnAPyfpyyHFVaGc0WKQYBHw8bucAayS&litespeed_type=imgoptm HTTP/1.1" 200 21 "-" "WordPress/6.8.1; https://www.middleeastoday.com"
162.213.253.84 - - [02/Mar/2026:12:17:00 -0500] "POST /wp-cron.php?doing_wp_cron=1772471820.0545361042022705078125 HTTP/1.1" 200 0 "-" "WordPress/6.8.1; https://www.middleeastoday.com"
184.73.47.24 - - [02/Mar/2026:12:17:01 -0500] "GET /wp-json/oembed/1.0/embed?url=https://www.middleeastoday.com/messi-at-his-majestic-best-earns-argentina-their-3rd-world-cup/ HTTP/1.1" 200 2559 "-" "Mozilla/5.0 AppleWebKit/537.36 (KHTML, like Gecko; compatible; Amazonbot/0.1; +https://developer.amazon.com/support/amazonbot) Chrome/119.0.6045.214 Safari/537.36"
52.167.144.202 - - [02/Mar/2026:12:17:18 -0500] "GET /wp-content/uploads/2022/02/Sheikh-Zayed-Housing-Programme-scaled-1-768x506.jpg HTTP/1.1" 200 27844 "-" "Mozilla/5.0 AppleWebKit/537.36 (KHTML, like Gecko; compatible; bingbot/2.0; +http://www.bing.com/bingbot.htm) Chrome/116.0.1938.76 Safari/537.36"
114.119.137.153 - - [02/Mar/2026:12:18:11 -0500] "GET /category/press-releases/ HTTP/1.1" 200 21515 "https://www.middleeastoday.com/category/business/page/6" "Mozilla/5.0 (Linux; Android 7.0;) AppleWebKit/537.36 (KHTML, like Gecko) Mobile Safari/537.36 (compatible; PetalBot;+https://webmaster.petalsearch.com/site/petalbot)"
57.141.2.7 - - [02/Mar/2026:12:18:44 -0500] "GET /dubais-weeklong-real-estate-transactions-total-aed5-3-billion/ HTTP/1.1" 200 104630 "-" "meta-externalagent/1.1 (+https://developers.facebook.com/docs/sharing/webmasters/crawler)"
114.119.130.67 - - [02/Mar/2026:12:19:36 -0500] "GET /category/national-news/page/5/ HTTP/1.1" 200 24089 "https://www.middleeastoday.com/category/national-news/page/4" "Mozilla/5.0 (Linux; Android 7.0;) AppleWebKit/537.36 (KHTML, like Gecko) Mobile Safari/537.36 (compatible; PetalBot;+https://webmaster.petalsearch.com/site/petalbot)"
3.85.204.193 - - [02/Mar/2026:12:20:43 -0500] "GET /category/uncategorized/ HTTP/1.1" 200 121982 "-" "Mozilla/4.0 (compatible; MSIE 7.0; Windows NT 6.0) Mozilla/5.0 (Windows NT 10.0; Win64; x64) AppleWebKit/537.36 (KHTML, like Gecko) Chrome/91.0.4472.124 Safari/537.36"
3.85.204.193 - - [02/Mar/2026:12:20:45 -0500] "GET /category/home_side/ HTTP/1.1" 200 121861 "-" "Mozilla/4.0 (compatible; MSIE 7.0; Windows NT 6.0) Mozilla/5.0 (Windows NT 10.0; Win64; x64) AppleWebKit/537.36 (KHTML, like Gecko) Chrome/91.0.4472.124 Safari/537.36"
3.85.204.193 - - [02/Mar/2026:12:20:46 -0500] "GET /category/travel-tourism/destinations/ HTTP/1.1" 200 123182 "-" "Mozilla/4.0 (compatible; MSIE 7.0; Windows NT 6.0) Mozilla/5.0 (Windows NT 10.0; Win64; x64) AppleWebKit/537.36 (KHTML, like Gecko) Chrome/91.0.4472.124 Safari/537.36"
3.85.204.193 - - [02/Mar/2026:12:20:53 -0500] "GET /category/entertainment/ HTTP/1.1" 200 99105 "-" "Mozilla/4.0 (compatible; MSIE 7.0; Windows NT 6.0) Mozilla/5.0 (Windows NT 10.0; Win64; x64) AppleWebKit/537.36 (KHTML, like Gecko) Chrome/91.0.4472.124 Safari/537.36"
57.141.2.37 - - [02/Mar/2026:12:20:56 -0500] "GET /mansour-bin-zayed-attends-fifth-day-of-annual-festival-for-purebred-arabian-camel-racing/ HTTP/1.1" 200 105307 "-" "meta-externalagent/1.1 (+https://developers.facebook.com/docs/sharing/webmasters/crawler)"
114.119.137.98 - - [02/Mar/2026:12:20:58 -0500] "GET /category/national-news/page/18/ HTTP/1.1" 200 23670 "https://www.middleeastoday.com/category/national-news/page/18" "Mozilla/5.0 (Linux; Android 7.0;) AppleWebKit/537.36 (KHTML, like Gecko) Mobile Safari/537.36 (compatible; PetalBot;+https://webmaster.petalsearch.com/site/petalbot)"
3.85.204.193 - - [02/Mar/2026:12:21:11 -0500] "GET /category/conferences/ HTTP/1.1" 200 111702 "-" "Mozilla/4.0 (compatible; MSIE 7.0; Windows NT 6.0) Mozilla/5.0 (Windows NT 10.0; Win64; x64) AppleWebKit/537.36 (KHTML, like Gecko) Chrome/91.0.4472.124 Safari/537.36"
3.85.204.193 - - [02/Mar/2026:12:21:21 -0500] "GET /category/business/ HTTP/1.1" 200 121700 "-" "Mozilla/4.0 (compatible; MSIE 7.0; Windows NT 6.0) Mozilla/5.0 (Windows NT 10.0; Win64; x64) AppleWebKit/537.36 (KHTML, like Gecko) Chrome/91.0.4472.124 Safari/537.36"
3.85.204.193 - - [02/Mar/2026:12:21:29 -0500] "GET /category/real-estate/ HTTP/1.1" 200 121395 "-" "Mozilla/4.0 (compatible; MSIE 7.0; Windows NT 6.0) Mozilla/5.0 (Windows NT 10.0; Win64; x64) AppleWebKit/537.36 (KHTML, like Gecko) Chrome/91.0.4472.124 Safari/537.36"
3.85.204.193 - - [02/Mar/2026:12:21:35 -0500] "GET /category/articles/ HTTP/1.1" 200 101387 "-" "Mozilla/4.0 (compatible; MSIE 7.0; Windows NT 6.0) Mozilla/5.0 (Windows NT 10.0; Win64; x64) AppleWebKit/537.36 (KHTML, like Gecko) Chrome/91.0.4472.124 Safari/537.36"
3.141.195.14 - - [02/Mar/2026:12:21:38 -0500] "GET /robots.txt HTTP/1.1" 200 117 "https://www.middleeastoday.com/robots.txt" "Mozilla/5.0 (Macintosh; Intel Mac OS X 10_15_7) AppleWebKit/605.1.15 (KHTML, like Gecko) Version/17.2 Safari/605.1.1"
114.119.137.153 - - [02/Mar/2026:12:18:09 -0500] "GET /category/press-releases HTTP/1.1" 301 0 "https://www.middleeastoday.com/category/business/page/6" "Mozilla/5.0 (Linux; Android 7.0;) AppleWebKit/537.36 (KHTML, like Gecko) Mobile Safari/537.36 (compatible; PetalBot;+https://webmaster.petalsearch.com/site/petalbot)"
162.213.253.84 - - [02/Mar/2026:12:19:35 -0500] "POST /wp-cron.php?doing_wp_cron=1772471975.2523880004882812500000 HTTP/1.1" 200 0 "-" "WordPress/6.8.1; https://www.middleeastoday.com"
114.119.130.67 - - [02/Mar/2026:12:19:34 -0500] "GET /category/national-news/page/5 HTTP/1.1" 301 0 "https://www.middleeastoday.com/category/national-news/page/4" "Mozilla/5.0 (Linux; Android 7.0;) AppleWebKit/537.36 (KHTML, like Gecko) Mobile Safari/537.36 (compatible; PetalBot;+https://webmaster.petalsearch.com/site/petalbot)"
162.213.253.84 - - [02/Mar/2026:12:19:36 -0500] "POST /wp-admin/admin-ajax.php?action=async_litespeed&nonce=2eMpcZxRBpK4nSuYGxuLzNtaMZuAmmyw&litespeed_type=imgoptm HTTP/1.1" 200 21 "-" "WordPress/6.8.1; https://www.middleeastoday.com"
3.85.204.193 - - [02/Mar/2026:12:20:42 -0500] "GET /category/music-concerts/ HTTP/1.1" 200 101699 "-" "Mozilla/4.0 (compatible; MSIE 7.0; Windows NT 6.0) Mozilla/5.0 (Windows NT 10.0; Win64; x64) AppleWebKit/537.36 (KHTML, like Gecko) Chrome/91.0.4472.124 Safari/537.36"
3.85.204.193 - - [02/Mar/2026:12:20:48 -0500] "GET /category/exhibitions/ HTTP/1.1" 200 122723 "-" "Mozilla/4.0 (compatible; MSIE 7.0; Windows NT 6.0) Mozilla/5.0 (Windows NT 10.0; Win64; x64) AppleWebKit/537.36 (KHTML, like Gecko) Chrome/91.0.4472.124 Safari/537.36"
3.85.204.193 - - [02/Mar/2026:12:20:50 -0500] "GET /category/news/ HTTP/1.1" 200 101420 "-" "Mozilla/4.0 (compatible; MSIE 7.0; Windows NT 6.0) Mozilla/5.0 (Windows NT 10.0; Win64; x64) AppleWebKit/537.36 (KHTML, like Gecko) Chrome/91.0.4472.124 Safari/537.36"
3.85.204.193 - - [02/Mar/2026:12:20:55 -0500] "GET /category/travel-tourism/ HTTP/1.1" 200 123600 "-" "Mozilla/4.0 (compatible; MSIE 7.0; Windows NT 6.0) Mozilla/5.0 (Windows NT 10.0; Win64; x64) AppleWebKit/537.36 (KHTML, like Gecko) Chrome/91.0.4472.124 Safari/537.36"
3.85.204.193 - - [02/Mar/2026:12:21:06 -0500] "GET /category/press-releases/ HTTP/1.1" 200 99009 "-" "Mozilla/4.0 (compatible; MSIE 7.0; Windows NT 6.0) Mozilla/5.0 (Windows NT 10.0; Win64; x64) AppleWebKit/537.36 (KHTML, like Gecko) Chrome/91.0.4472.124 Safari/537.36"
3.85.204.193 - - [02/Mar/2026:12:21:16 -0500] "GET /category/international-news/ HTTP/1.1" 200 122934 "-" "Mozilla/4.0 (compatible; MSIE 7.0; Windows NT 6.0) Mozilla/5.0 (Windows NT 10.0; Win64; x64) AppleWebKit/537.36 (KHTML, like Gecko) Chrome/91.0.4472.124 Safari/537.36"
3.141.195.14 - - [02/Mar/2026:12:21:39 -0500] "GET /uae-president-emir-of-qatar-discuss-fraternal-ties-regional-developments-in-phone-call/ HTTP/1.1" 200 22856 "https://www.middleeastoday.com/uae-president-emir-of-qatar-discuss-fraternal-ties-regional-developments-in-phone-call/" "Mozilla/5.0 (Macintosh; Intel Mac OS X 10_15_7) AppleWebKit/605.1.15 (KHTML, like Gecko) Version/17.2 Safari/605.1.1"
3.141.195.14 - - [02/Mar/2026:12:21:39 -0500] "GET /fujairah-ruler-receives-chief-executive-officer-of-enoc-group/ HTTP/1.1" 200 22851 "https://www.middleeastoday.com/fujairah-ruler-receives-chief-executive-officer-of-enoc-group/" "Mozilla/5.0 (Macintosh; Intel Mac OS X 10_15_7) AppleWebKit/605.1.15 (KHTML, like Gecko) Version/17.2 Safari/605.1.1"
162.213.253.84 - - [02/Mar/2026:12:21:40 -0500] "POST /wp-cron.php?doing_wp_cron=1772472100.2311029434204101562500 HTTP/1.1" 200 0 "-" "WordPress/6.8.1; https://www.middleeastoday.com"
3.141.195.14 - - [02/Mar/2026:12:21:40 -0500] "GET /fujairah-ruler-receives-chief-executive-officer-of-enoc-group/ HTTP/1.1" 200 22851 "https://www.middleeastoday.com/fujairah-ruler-receives-chief-executive-officer-of-enoc-group/" "Mozilla/5.0 (Macintosh; Intel Mac OS X 10_15_7) AppleWebKit/605.1.15 (KHTML, like Gecko) Version/17.2 Safari/605.1.1"
3.141.195.14 - - [02/Mar/2026:12:21:39 -0500] "GET / HTTP/1.1" 200 38646 "https://www.middleeastoday.com" "Mozilla/5.0 (Macintosh; Intel Mac OS X 10_15_7) AppleWebKit/605.1.15 (KHTML, like Gecko) Version/17.2 Safari/605.1.1"
3.141.195.14 - - [02/Mar/2026:12:21:39 -0500] "GET /honeywell-aviator-hi-fi-audio-system-that-promises-superior-sound-quality-and-sophistication/ HTTP/1.1" 200 24832 "https://www.middleeastoday.com/honeywell-aviator-hi-fi-audio-system-that-promises-superior-sound-quality-and-sophistication/" "Mozilla/5.0 (Macintosh; Intel Mac OS X 10_15_7) AppleWebKit/605.1.15 (KHTML, like Gecko) Version/17.2 Safari/605.1.1"
3.141.195.14 - - [02/Mar/2026:12:21:39 -0500] "GET /?post_type=post&p=367 HTTP/1.1" 301 0 "https://www.middleeastoday.com/?post_type=post&p=367" "Mozilla/5.0 (Macintosh; Intel Mac OS X 10_15_7) AppleWebKit/605.1.15 (KHTML, like Gecko) Version/17.2 Safari/605.1.1"
162.213.253.84 - - [02/Mar/2026:12:21:40 -0500] "POST /wp-admin/admin-ajax.php?action=async_litespeed&nonce=1ojC1Z85v2Z7734FPlaFHUMf1gs43sIk&litespeed_type=imgoptm HTTP/1.1" 200 21 "-" "WordPress/6.8.1; https://www.middleeastoday.com"
3.85.204.193 - - [02/Mar/2026:12:21:49 -0500] "GET /category/national-news/ HTTP/1.1" 200 122061 "-" "Mozilla/4.0 (compatible; MSIE 7.0; Windows NT 6.0) Mozilla/5.0 (Windows NT 10.0; Win64; x64) AppleWebKit/537.36 (KHTML, like Gecko) Chrome/91.0.4472.124 Safari/537.36"
3.85.204.193 - - [02/Mar/2026:12:22:05 -0500] "GET /category/health-2/ HTTP/1.1" 200 121833 "-" "Mozilla/4.0 (compatible; MSIE 7.0; Windows NT 6.0) Mozilla/5.0 (Windows NT 10.0; Win64; x64) AppleWebKit/537.36 (KHTML, like Gecko) Chrome/91.0.4472.124 Safari/537.36"
3.85.204.193 - - [02/Mar/2026:12:22:32 -0500] "GET /category/beauty-fashion/ HTTP/1.1" 200 122556 "-" "Mozilla/4.0 (compatible; MSIE 7.0; Windows NT 6.0) Mozilla/5.0 (Windows NT 10.0; Win64; x64) AppleWebKit/537.36 (KHTML, like Gecko) Chrome/91.0.4472.124 Safari/537.36"
3.85.204.193 - - [02/Mar/2026:12:22:49 -0500] "GET /category/awards/ HTTP/1.1" 200 116205 "-" "Mozilla/4.0 (compatible; MSIE 7.0; Windows NT 6.0) Mozilla/5.0 (Windows NT 10.0; Win64; x64) AppleWebKit/537.36 (KHTML, like Gecko) Chrome/91.0.4472.124 Safari/537.36"
3.85.204.193 - - [02/Mar/2026:12:22:58 -0500] "GET /category/travel-tourism/eating-out/ HTTP/1.1" 200 108596 "-" "Mozilla/4.0 (compatible; MSIE 7.0; Windows NT 6.0) Mozilla/5.0 (Windows NT 10.0; Win64; x64) AppleWebKit/537.36 (KHTML, like Gecko) Chrome/91.0.4472.124 Safari/537.36"
114.119.138.37 - - [02/Mar/2026:12:25:08 -0500] "GET /category/international-news/page/5 HTTP/1.1" 301 0 "https://www.middleeastoday.com/category/international-news/page/4" "Mozilla/5.0 (Linux; Android 7.0;) AppleWebKit/537.36 (KHTML, like Gecko) Mobile Safari/537.36 (compatible; PetalBot;+https://webmaster.petalsearch.com/site/petalbot)"
114.119.138.37 - - [02/Mar/2026:12:25:12 -0500] "GET /category/international-news/page/5/ HTTP/1.1" 200 23961 "https://www.middleeastoday.com/category/international-news/page/4" "Mozilla/5.0 (Linux; Android 7.0;) AppleWebKit/537.36 (KHTML, like Gecko) Mobile Safari/537.36 (compatible; PetalBot;+https://webmaster.petalsearch.com/site/petalbot)"
216.73.216.24 - - [02/Mar/2026:12:25:34 -0500] "GET /robots.txt HTTP/1.1" 200 101 "-" "Mozilla/5.0 AppleWebKit/537.36 (KHTML, like Gecko; compatible; ClaudeBot/1.0; [email protected])"
142.44.228.23 - - [02/Mar/2026:12:25:42 -0500] "GET / HTTP/1.1" 200 32212 "-" "Mozilla/5.0 (compatible; AhrefsBot/7.0; +http://ahrefs.com/robot/)"
202.8.40.89 - - [02/Mar/2026:12:25:43 -0500] "GET /wp-content/themes/digiqole/assets/css/bootstrap.min.css?ver=2.1.1 HTTP/1.1" 200 18543 "https://www.middleeastoday.com/" "Mozilla/5.0 (compatible; AhrefsBot/7.0; +http://ahrefs.com/robot/)"
202.8.40.89 - - [02/Mar/2026:12:25:43 -0500] "GET /wp-content/plugins/elementor-pro/assets/css/frontend-lite.min.css?ver=3.6.5 HTTP/1.1" 200 1505 "https://www.middleeastoday.com/" "Mozilla/5.0 (compatible; AhrefsBot/7.0; +http://ahrefs.com/robot/)"
3.85.204.193 - - [02/Mar/2026:12:21:41 -0500] "GET /category/products/ HTTP/1.1" 200 121541 "-" "Mozilla/4.0 (compatible; MSIE 7.0; Windows NT 6.0) Mozilla/5.0 (Windows NT 10.0; Win64; x64) AppleWebKit/537.36 (KHTML, like Gecko) Chrome/91.0.4472.124 Safari/537.36"
3.85.204.193 - - [02/Mar/2026:12:22:11 -0500] "GET /category/art/ HTTP/1.1" 200 121534 "-" "Mozilla/4.0 (compatible; MSIE 7.0; Windows NT 6.0) Mozilla/5.0 (Windows NT 10.0; Win64; x64) AppleWebKit/537.36 (KHTML, like Gecko) Chrome/91.0.4472.124 Safari/537.36"
114.119.148.161 - - [02/Mar/2026:12:22:22 -0500] "GET /category/national-news/page/15/ HTTP/1.1" 200 23796 "https://www.middleeastoday.com/category/national-news/page/17" "Mozilla/5.0 (Linux; Android 7.0;) AppleWebKit/537.36 (KHTML, like Gecko) Mobile Safari/537.36 (compatible; PetalBot;+https://webmaster.petalsearch.com/site/petalbot)"
3.85.204.193 - - [02/Mar/2026:12:22:23 -0500] "GET /category/travel-tourism/airlines/ HTTP/1.1" 200 122842 "-" "Mozilla/4.0 (compatible; MSIE 7.0; Windows NT 6.0) Mozilla/5.0 (Windows NT 10.0; Win64; x64) AppleWebKit/537.36 (KHTML, like Gecko) Chrome/91.0.4472.124 Safari/537.36"
3.85.204.193 - - [02/Mar/2026:12:22:43 -0500] "GET /category/education/ HTTP/1.1" 200 121918 "-" "Mozilla/4.0 (compatible; MSIE 7.0; Windows NT 6.0) Mozilla/5.0 (Windows NT 10.0; Win64; x64) AppleWebKit/537.36 (KHTML, like Gecko) Chrome/91.0.4472.124 Safari/537.36"
3.85.204.193 - - [02/Mar/2026:12:22:55 -0500] "GET /category/travel-tourism/hotels/ HTTP/1.1" 200 108475 "-" "Mozilla/4.0 (compatible; MSIE 7.0; Windows NT 6.0) Mozilla/5.0 (Windows NT 10.0; Win64; x64) AppleWebKit/537.36 (KHTML, like Gecko) Chrome/91.0.4472.124 Safari/537.36"
3.85.204.193 - - [02/Mar/2026:12:23:05 -0500] "GET /category/lifestyle/tech/ HTTP/1.1" 200 101315 "-" "Mozilla/4.0 (compatible; MSIE 7.0; Windows NT 6.0) Mozilla/5.0 (Windows NT 10.0; Win64; x64) AppleWebKit/537.36 (KHTML, like Gecko) Chrome/91.0.4472.124 Safari/537.36"
3.85.204.193 - - [02/Mar/2026:12:23:10 -0500] "GET /category/events/ HTTP/1.1" 200 101891 "-" "Mozilla/4.0 (compatible; MSIE 7.0; Windows NT 6.0) Mozilla/5.0 (Windows NT 10.0; Win64; x64) AppleWebKit/537.36 (KHTML, like Gecko) Chrome/91.0.4472.124 Safari/537.36"
114.119.137.153 - - [02/Mar/2026:12:23:49 -0500] "GET /category/national-news/page/12/ HTTP/1.1" 200 23917 "https://www.middleeastoday.com/category/national-news/page/13/" "Mozilla/5.0 (Linux; Android 7.0;) AppleWebKit/537.36 (KHTML, like Gecko) Mobile Safari/537.36 (compatible; PetalBot;+https://webmaster.petalsearch.com/site/petalbot)"
162.213.253.84 - - [02/Mar/2026:12:25:09 -0500] "POST /wp-cron.php?doing_wp_cron=1772472309.6188769340515136718750 HTTP/1.1" 200 0 "-" "WordPress/6.8.1; https://www.middleeastoday.com"
216.73.216.24 - - [02/Mar/2026:12:25:34 -0500] "GET /wp-sitemap.xml HTTP/1.1" 200 223 "-" "Mozilla/5.0 AppleWebKit/537.36 (KHTML, like Gecko; compatible; ClaudeBot/1.0; [email protected])"
162.213.253.84 - - [02/Mar/2026:12:26:33 -0500] "POST /wp-cron.php?doing_wp_cron=1772472393.4702000617980957031250 HTTP/1.1" 200 0 "-" "WordPress/6.8.1; https://www.middleeastoday.com"
114.119.137.153 - - [02/Mar/2026:12:26:32 -0500] "GET /category/home_side/page/9 HTTP/1.1" 301 0 "https://www.middleeastoday.com/category/home_side/page/8" "Mozilla/5.0 (Linux; Android 7.0;) AppleWebKit/537.36 (KHTML, like Gecko) Mobile Safari/537.36 (compatible; PetalBot;+https://webmaster.petalsearch.com/site/petalbot)"
162.213.253.84 - - [02/Mar/2026:12:26:34 -0500] "POST /wp-admin/admin-ajax.php?action=async_litespeed&nonce=REouMlyAcQcsTmyHVYaNwmeYJG8SX5TU&litespeed_type=imgoptm HTTP/1.1" 200 21 "-" "WordPress/6.8.1; https://www.middleeastoday.com"
114.119.138.37 - - [02/Mar/2026:12:32:09 -0500] "GET /category/business/page/2 HTTP/1.1" 301 0 "https://www.middleeastoday.com/?cat=53" "Mozilla/5.0 (Linux; Android 7.0;) AppleWebKit/537.36 (KHTML, like Gecko) Mobile Safari/537.36 (compatible; PetalBot;+https://webmaster.petalsearch.com/site/petalbot)"
114.119.138.37 - - [02/Mar/2026:12:33:34 -0500] "GET /buckingham-palace-announces-death-of-queen-elizabeth-ii/ HTTP/1.1" 200 22752 "https://www.middleeastoday.com/egypt-hosts-launching-of-18th-sharjah-narrative-forum" "Mozilla/5.0 (Linux; Android 7.0;) AppleWebKit/537.36 (KHTML, like Gecko) Mobile Safari/537.36 (compatible; PetalBot;+https://webmaster.petalsearch.com/site/petalbot)"
114.119.137.153 - - [02/Mar/2026:12:26:35 -0500] "GET /category/home_side/page/9/ HTTP/1.1" 200 24018 "https://www.middleeastoday.com/category/home_side/page/8" "Mozilla/5.0 (Linux; Android 7.0;) AppleWebKit/537.36 (KHTML, like Gecko) Mobile Safari/537.36 (compatible; PetalBot;+https://webmaster.petalsearch.com/site/petalbot)"
57.141.2.12 - - [02/Mar/2026:12:26:51 -0500] "GET /acres-2025-showcases-flagship-real-estate-projects-across-uae/ HTTP/1.1" 200 106525 "-" "meta-externalagent/1.1 (+https://developers.facebook.com/docs/sharing/webmasters/crawler)"
57.141.2.55 - - [02/Mar/2026:12:27:18 -0500] "GET /uae-leaders-condole-king-salman-on-death-of-princess-seetah-bint-jalawi-bin-saud/ HTTP/1.1" 200 103957 "-" "meta-externalagent/1.1 (+https://developers.facebook.com/docs/sharing/webmasters/crawler)"
114.119.138.37 - - [02/Mar/2026:12:27:58 -0500] "GET /category/home_side/page/8/ HTTP/1.1" 200 23798 "https://www.middleeastoday.com/category/home_side/page/10" "Mozilla/5.0 (Linux; Android 7.0;) AppleWebKit/537.36 (KHTML, like Gecko) Mobile Safari/537.36 (compatible; PetalBot;+https://webmaster.petalsearch.com/site/petalbot)"
114.119.132.207 - - [02/Mar/2026:12:29:19 -0500] "GET /page/12/ HTTP/1.1" 200 38605 "https://www.middleeastoday.com/page/12" "Mozilla/5.0 (Linux; Android 7.0;) AppleWebKit/537.36 (KHTML, like Gecko) Mobile Safari/537.36 (compatible; PetalBot;+https://webmaster.petalsearch.com/site/petalbot)"
114.119.141.228 - - [02/Mar/2026:12:30:44 -0500] "GET /house-of-wisdom-ramadaniyat-shopping-art-interactive-workshops-for-children-and-more/ HTTP/1.1" 200 24051 "https://www.middleeastoday.com/author/admin/page/81/" "Mozilla/5.0 (Linux; Android 7.0;) AppleWebKit/537.36 (KHTML, like Gecko) Mobile Safari/537.36 (compatible; PetalBot;+https://webmaster.petalsearch.com/site/petalbot)"
57.141.2.62 - - [02/Mar/2026:12:31:02 -0500] "GET /invest-in-luxury-reap-the-rewards-dubai-real-estate/ HTTP/1.1" 200 113118 "-" "meta-externalagent/1.1 (+https://developers.facebook.com/docs/sharing/webmasters/crawler)"
114.119.138.37 - - [02/Mar/2026:12:32:11 -0500] "GET /category/business/page/2/ HTTP/1.1" 200 24425 "https://www.middleeastoday.com/?cat=53" "Mozilla/5.0 (Linux; Android 7.0;) AppleWebKit/537.36 (KHTML, like Gecko) Mobile Safari/537.36 (compatible; PetalBot;+https://webmaster.petalsearch.com/site/petalbot)"
213.230.86.55 - - [02/Mar/2026:12:33:27 -0500] "GET /mohamed-bin-zayed-university-for-humanities-national-library-and-archives-sign-mou-for-cultural-cooperation/ HTTP/1.1" 200 23903 "-" "Mozilla/5.0 (Windows NT 6.3; Win64; x64) AppleWebKit/537.36 (KHTML, like Gecko) Chrome/100.0.3478.83 Safari/537.36"
114.119.138.37 - - [02/Mar/2026:12:33:31 -0500] "GET /buckingham-palace-announces-death-of-queen-elizabeth-ii HTTP/1.1" 301 0 "https://www.middleeastoday.com/egypt-hosts-launching-of-18th-sharjah-narrative-forum" "Mozilla/5.0 (Linux; Android 7.0;) AppleWebKit/537.36 (KHTML, like Gecko) Mobile Safari/537.36 (compatible; PetalBot;+https://webmaster.petalsearch.com/site/petalbot)"
57.141.2.43 - - [02/Mar/2026:12:34:33 -0500] "GET /uae-attends-organisation-of-islamic-cooperation-meeting-regarding-israeli-attacks-on-al-aqsa-mosque/ HTTP/1.1" 200 106574 "-" "meta-externalagent/1.1 (+https://developers.facebook.com/docs/sharing/webmasters/crawler)"
114.119.141.228 - - [02/Mar/2026:12:34:55 -0500] "GET /bodour-al-qasimi-affirms-importance-of-cultural-diversity-representation-in-publishing-2/ HTTP/1.1" 200 24597 "https://www.middleeastoday.com/?p=9170" "Mozilla/5.0 (Linux; Android 7.0;) AppleWebKit/537.36 (KHTML, like Gecko) Mobile Safari/537.36 (compatible; PetalBot;+https://webmaster.petalsearch.com/site/petalbot)"
162.213.253.84 - - [02/Mar/2026:12:35:46 -0500] "POST /wp-cron.php?doing_wp_cron=1772472946.1936109066009521484375 HTTP/1.1" 200 0 "-" "WordPress/6.8.1; https://www.middleeastoday.com"
198.199.66.226 - - [02/Mar/2026:12:35:45 -0500] "GET /wp-content/uploads/2022/07/AED10.9-billion-scaled-850x560.jpg%20850w,%20https:/www.middleeastoday.com/wp-content/uploads/2022/07/AED10.9-billion-scaled-455x300.jpg%20455w HTTP/1.1" 404 19178 "https://www.middleeastoday.com/" "Mozilla/5.0 (Windows NT 10.0; Win64; x64) AppleWebKit/537.36 (KHTML, like Gecko) Chrome/117.0.0.0 Safari/537.36"
14.191.39.198 - - [02/Mar/2026:12:35:48 -0500] "GET /wp-content/uploads/2022/07/AED10.9-billion-scaled-850x560.jpg%20850w,%20https://www.middleeastoday.com/wp-content/uploads/2022/07/AED10.9-billion-scaled-455x300.jpg%20455w HTTP/1.1" 301 0 "https://www.middleeastoday.com/" "Mozilla/5.0 (Windows NT 10.0; Win64; x64) AppleWebKit/537.36 (KHTML, like Gecko) Chrome/117.0.0.0 Safari/537.36"
103.255.67.93 - - [02/Mar/2026:12:35:50 -0500] "GET /wp-content/uploads/2022/07/AED10.9-billion-scaled-850x560.jpg%20850w,%20https:/www.middleeastoday.com/wp-content/uploads/2022/07/AED10.9-billion-scaled-455x300.jpg%20455w HTTP/1.1" 404 19178 "https://www.middleeastoday.com/" "Mozilla/5.0 (Windows NT 10.0; Win64; x64) AppleWebKit/537.36 (KHTML, like Gecko) Chrome/117.0.0.0 Safari/537.36"
162.213.253.84 - - [02/Mar/2026:12:37:44 -0500] "POST /wp-admin/admin-ajax.php?action=async_litespeed&nonce=VUgHuTeoEKH2yZzBKBGhslNRtN1tiTQI&litespeed_type=imgoptm HTTP/1.1" 200 21 "-" "WordPress/6.8.1; https://www.middleeastoday.com"
162.213.253.84 - - [02/Mar/2026:12:38:14 -0500] "POST /wp-cron.php?doing_wp_cron=1772473094.1427130699157714843750 HTTP/1.1" 200 0 "-" "WordPress/6.8.1; https://www.middleeastoday.com"
40.85.218.182 - - [02/Mar/2026:12:38:13 -0500] "GET /wk/index.php HTTP/1.1" 301 0 "-" "Mozilla/5.0 (Windows NT 10.0; Win64; x64) AppleWebKit/537.36 (KHTML, like Gecko) Chrome/120.0.0.0 Safari/537.36"
40.85.218.182 - - [02/Mar/2026:12:38:14 -0500] "GET /inputs.php HTTP/1.1" 301 0 "-" "Mozilla/5.0 (Windows NT 10.0; Win64; x64) AppleWebKit/537.36 (KHTML, like Gecko) Chrome/120.0.0.0 Safari/537.36"
40.85.218.182 - - [02/Mar/2026:12:38:16 -0500] "GET /function/function.php HTTP/1.1" 301 0 "-" "Mozilla/5.0 (Windows NT 10.0; Win64; x64) AppleWebKit/537.36 (KHTML, like Gecko) Chrome/120.0.0.0 Safari/537.36"
40.85.218.182 - - [02/Mar/2026:12:38:18 -0500] "GET /cache.php HTTP/1.1" 301 0 "-" "Mozilla/5.0 (Windows NT 10.0; Win64; x64) AppleWebKit/537.36 (KHTML, like Gecko) Chrome/120.0.0.0 Safari/537.36"
40.85.218.182 - - [02/Mar/2026:12:38:20 -0500] "GET /an.php HTTP/1.1" 301 0 "-" "Mozilla/5.0 (Windows NT 10.0; Win64; x64) AppleWebKit/537.36 (KHTML, like Gecko) Chrome/120.0.0.0 Safari/537.36"
40.85.218.182 - - [02/Mar/2026:12:38:21 -0500] "GET /index/function.php HTTP/1.1" 301 0 "-" "Mozilla/5.0 (Windows NT 10.0; Win64; x64) AppleWebKit/537.36 (KHTML, like Gecko) Chrome/120.0.0.0 Safari/537.36"
40.85.218.182 - - [02/Mar/2026:12:38:21 -0500] "GET /randkeyword.PhP7 HTTP/1.1" 301 0 "-" "Mozilla/5.0 (Windows NT 10.0; Win64; x64) AppleWebKit/537.36 (KHTML, like Gecko) Chrome/120.0.0.0 Safari/537.36"
40.85.218.182 - - [02/Mar/2026:12:38:22 -0500] "GET /ws.php HTTP/1.1" 301 0 "-" "Mozilla/5.0 (Windows NT 10.0; Win64; x64) AppleWebKit/537.36 (KHTML, like Gecko) Chrome/120.0.0.0 Safari/537.36"
198.199.66.226 - - [02/Mar/2026:12:35:43 -0500] "GET /wp-content/uploads/2022/07/AED10.9-billion-scaled-850x560.jpg%20850w,%20https://www.middleeastoday.com/wp-content/uploads/2022/07/AED10.9-billion-scaled-455x300.jpg%20455w HTTP/1.1" 301 0 "https://www.middleeastoday.com/" "Mozilla/5.0 (Windows NT 10.0; Win64; x64) AppleWebKit/537.36 (KHTML, like Gecko) Chrome/117.0.0.0 Safari/537.36"
114.119.137.98 - - [02/Mar/2026:12:36:20 -0500] "GET /author/admin/page/99/ HTTP/1.1" 200 24100 "https://www.middleeastoday.com/author/admin/page/97" "Mozilla/5.0 (Linux; Android 7.0;) AppleWebKit/537.36 (KHTML, like Gecko) Mobile Safari/537.36 (compatible; PetalBot;+https://webmaster.petalsearch.com/site/petalbot)"
162.213.253.84 - - [02/Mar/2026:12:37:43 -0500] "POST /wp-cron.php?doing_wp_cron=1772473063.8359599113464355468750 HTTP/1.1" 200 0 "-" "WordPress/6.8.1; https://www.middleeastoday.com"
114.119.130.67 - - [02/Mar/2026:12:37:43 -0500] "GET /author/admin/page/96 HTTP/1.1" 301 0 "https://www.middleeastoday.com/author/admin/page/94" "Mozilla/5.0 (Linux; Android 7.0;) AppleWebKit/537.36 (KHTML, like Gecko) Mobile Safari/537.36 (compatible; PetalBot;+https://webmaster.petalsearch.com/site/petalbot)"
114.119.130.67 - - [02/Mar/2026:12:37:44 -0500] "GET /author/admin/page/96/ HTTP/1.1" 200 23926 "https://www.middleeastoday.com/author/admin/page/94" "Mozilla/5.0 (Linux; Android 7.0;) AppleWebKit/537.36 (KHTML, like Gecko) Mobile Safari/537.36 (compatible; PetalBot;+https://webmaster.petalsearch.com/site/petalbot)"
40.85.218.182 - - [02/Mar/2026:12:38:15 -0500] "GET /ioxi-o.php HTTP/1.1" 301 0 "-" "Mozilla/5.0 (Windows NT 10.0; Win64; x64) AppleWebKit/537.36 (KHTML, like Gecko) Chrome/120.0.0.0 Safari/537.36"
40.85.218.182 - - [02/Mar/2026:12:38:16 -0500] "GET /rip.php HTTP/1.1" 301 0 "-" "Mozilla/5.0 (Windows NT 10.0; Win64; x64) AppleWebKit/537.36 (KHTML, like Gecko) Chrome/120.0.0.0 Safari/537.36"
40.85.218.182 - - [02/Mar/2026:12:38:17 -0500] "GET /admin.php HTTP/1.1" 301 0 "-" "Mozilla/5.0 (Windows NT 10.0; Win64; x64) AppleWebKit/537.36 (KHTML, like Gecko) Chrome/120.0.0.0 Safari/537.36"
40.85.218.182 - - [02/Mar/2026:12:38:18 -0500] "GET /wp-content/uploads/index.php HTTP/1.1" 301 0 "-" "Mozilla/5.0 (Windows NT 10.0; Win64; x64) AppleWebKit/537.36 (KHTML, like Gecko) Chrome/120.0.0.0 Safari/537.36"
40.85.218.182 - - [02/Mar/2026:12:38:19 -0500] "GET /themes.php HTTP/1.1" 301 0 "-" "Mozilla/5.0 (Windows NT 10.0; Win64; x64) AppleWebKit/537.36 (KHTML, like Gecko) Chrome/120.0.0.0 Safari/537.36"
162.213.253.84 - - [02/Mar/2026:12:38:22 -0500] "POST /wp-cron.php?doing_wp_cron=1772473102.4979469776153564453125 HTTP/1.1" 200 0 "-" "WordPress/6.8.1; https://www.middleeastoday.com"
162.213.253.84 - - [02/Mar/2026:12:38:24 -0500] "POST /wp-cron.php?doing_wp_cron=1772473104.8338179588317871093750 HTTP/1.1" 200 0 "-" "WordPress/6.8.1; https://www.middleeastoday.com"
40.85.218.182 - - [02/Mar/2026:12:38:24 -0500] "GET /wp-conf.php HTTP/1.1" 301 0 "-" "Mozilla/5.0 (Windows NT 10.0; Win64; x64) AppleWebKit/537.36 (KHTML, like Gecko) Chrome/120.0.0.0 Safari/537.36"
40.85.218.182 - - [02/Mar/2026:12:38:25 -0500] "GET /wp-content/themes/hideo/network.php HTTP/1.1" 301 0 "-" "Mozilla/5.0 (Windows NT 10.0; Win64; x64) AppleWebKit/537.36 (KHTML, like Gecko) Chrome/120.0.0.0 Safari/537.36"
40.85.218.182 - - [02/Mar/2026:12:38:27 -0500] "GET /abcd.php HTTP/1.1" 301 0 "-" "Mozilla/5.0 (Windows NT 10.0; Win64; x64) AppleWebKit/537.36 (KHTML, like Gecko) Chrome/120.0.0.0 Safari/537.36"
40.85.218.182 - - [02/Mar/2026:12:38:29 -0500] "GET /about.php HTTP/1.1" 301 0 "-" "Mozilla/5.0 (Windows NT 10.0; Win64; x64) AppleWebKit/537.36 (KHTML, like Gecko) Chrome/120.0.0.0 Safari/537.36"
40.85.218.182 - - [02/Mar/2026:12:38:30 -0500] "GET /adminfuns.php HTTP/1.1" 301 0 "-" "Mozilla/5.0 (Windows NT 10.0; Win64; x64) AppleWebKit/537.36 (KHTML, like Gecko) Chrome/120.0.0.0 Safari/537.36"
162.213.253.84 - - [02/Mar/2026:12:38:23 -0500] "POST /wp-admin/admin-ajax.php?action=async_litespeed&nonce=WI8JR3jI7adqLOyu2LA21nEaXhLa6gFH&litespeed_type=imgoptm HTTP/1.1" 200 21 "-" "WordPress/6.8.1; https://www.middleeastoday.com"
40.85.218.182 - - [02/Mar/2026:12:38:23 -0500] "GET /404.php HTTP/1.1" 301 0 "-" "Mozilla/5.0 (Windows NT 10.0; Win64; x64) AppleWebKit/537.36 (KHTML, like Gecko) Chrome/120.0.0.0 Safari/537.36"
