183.131.87.28 - - [02/Mar/2026:17:45:10 -0500] "GET /wp-includes/js/wp-emoji-release.min.js?ver=6.8.1 HTTP/1.1" 200 4771 "https://www.middleeastoday.com/integrated-transport-centre-launches-emirates-1st-trial-operation-for-autonomous-delivery-vehicles/" "Mozilla/5.0 (Windows NT 10.0; Win64; x64) AppleWebKit/537.36 (KHTML, like Gecko) Chrome/139.0.0.0 Safari/537.36"
162.213.253.84 - - [02/Mar/2026:17:45:53 -0500] "POST /wp-admin/admin-ajax.php?action=async_litespeed&nonce=rVxokiLNtA4GlSDKiSIuYSCa1roqTr1t&litespeed_type=imgoptm HTTP/1.1" 200 0 "-" "WordPress/6.8.1; https://www.middleeastoday.com"
114.119.154.115 - - [02/Mar/2026:17:49:08 -0500] "GET /uae-president-attends-military-ceremony-in-paris-during-state-visit HTTP/1.1" 301 0 "https://www.middleeastoday.com/uae-president-attends-military-ceremony-in-paris-during-state-visit" "Mozilla/5.0 (Linux; Android 7.0;) AppleWebKit/537.36 (KHTML, like Gecko) Mobile Safari/537.36 (compatible; PetalBot;+https://webmaster.petalsearch.com/site/petalbot)"
162.213.253.84 - - [02/Mar/2026:17:49:10 -0500] "POST /wp-admin/admin-ajax.php?action=async_litespeed&nonce=Hfg7v0hx5u57FAFhdSjH9Bgzm370zwQg&litespeed_type=imgoptm HTTP/1.1" 200 0 "-" "WordPress/6.8.1; https://www.middleeastoday.com"
162.213.253.84 - - [02/Mar/2026:17:49:34 -0500] "POST /wp-cron.php?doing_wp_cron=1772491774.0564401149749755859375 HTTP/1.1" 200 0 "-" "WordPress/6.8.1; https://www.middleeastoday.com"
188.166.237.126 - - [02/Mar/2026:17:49:32 -0500] "POST /wp-login.php HTTP/1.1" 200 1884 "https://middleeastoday.com/wp-login.php" "Mozilla/5.0 (Windows NT 10.0; Win64; x64) AppleWebKit/537.36 (KHTML, like Gecko) Chrome/130.0.0.0 Safari/537.36"
183.131.87.28 - - [02/Mar/2026:17:45:10 -0500] "GET /wp-content/themes/digiqole/assets/fonts/iconfont.ttf?5i53bc HTTP/1.1" 200 27432 "https://www.middleeastoday.com/wp-content/themes/digiqole/assets/css/icon-font.css?ver=2.1.1" "Mozilla/5.0 (Windows NT 10.0; Win64; x64) AppleWebKit/537.36 (KHTML, like Gecko) Chrome/139.0.0.0 Safari/537.36"
183.131.87.28 - - [02/Mar/2026:17:45:10 -0500] "GET /wp-content/plugins/elementor-pro/assets/js/nav-menu.3de49ba5ef86f9a22ff5.bundle.min.js HTTP/1.1" 200 1173 "https://www.middleeastoday.com/integrated-transport-centre-launches-emirates-1st-trial-operation-for-autonomous-delivery-vehicles/" "Mozilla/5.0 (Windows NT 10.0; Win64; x64) AppleWebKit/537.36 (KHTML, like Gecko) Chrome/139.0.0.0 Safari/537.36"
188.166.237.126 - - [02/Mar/2026:17:45:50 -0500] "GET /wp-login.php HTTP/1.1" 200 1792 "-" "Mozilla/5.0 (Windows NT 10.0; Win64; x64) AppleWebKit/537.36 (KHTML, like Gecko) Chrome/130.0.0.0 Safari/537.36"
162.213.253.84 - - [02/Mar/2026:17:45:52 -0500] "POST /wp-cron.php?doing_wp_cron=1772491552.3183989524841308593750 HTTP/1.1" 200 0 "-" "WordPress/6.8.1; https://www.middleeastoday.com"
188.166.237.126 - - [02/Mar/2026:17:45:50 -0500] "POST /wp-login.php HTTP/1.1" 200 1884 "https://middleeastoday.com/wp-login.php" "Mozilla/5.0 (Windows NT 10.0; Win64; x64) AppleWebKit/537.36 (KHTML, like Gecko) Chrome/130.0.0.0 Safari/537.36"
148.113.130.206 - - [02/Mar/2026:17:46:43 -0500] "GET /environment-agency-abu-dhabi-releases-batch-of-rescued-and-rehabilitated-sea-turtles/ HTTP/1.1" 200 21182 "-" "Mozilla/5.0 (compatible; AhrefsBot/7.0; +http://ahrefs.com/robot/)"
162.213.253.84 - - [02/Mar/2026:17:49:09 -0500] "POST /wp-cron.php?doing_wp_cron=1772491749.5615971088409423828125 HTTP/1.1" 200 0 "-" "WordPress/6.8.1; https://www.middleeastoday.com"
114.119.154.115 - - [02/Mar/2026:17:49:11 -0500] "GET /uae-president-attends-military-ceremony-in-paris-during-state-visit/ HTTP/1.1" 200 23888 "https://www.middleeastoday.com/uae-president-attends-military-ceremony-in-paris-during-state-visit" "Mozilla/5.0 (Linux; Android 7.0;) AppleWebKit/537.36 (KHTML, like Gecko) Mobile Safari/537.36 (compatible; PetalBot;+https://webmaster.petalsearch.com/site/petalbot)"
117.147.184.158 - - [02/Mar/2026:17:49:13 -0500] "GET /wp-content/plugins/elementor-pro/assets/css/widget-nav-menu.min.css HTTP/1.1" 200 3279 "http://www.middleeastoday.com/" "Mozilla/5.0 (Windows NT 10.0; Win64; x64) AppleWebKit/537.36 (KHTML, like Gecko) Chrome/139.0.0.0 Safari/537.36"
188.166.237.126 - - [02/Mar/2026:17:49:32 -0500] "GET /wp-login.php HTTP/1.1" 200 1792 "-" "Mozilla/5.0 (Windows NT 10.0; Win64; x64) AppleWebKit/537.36 (KHTML, like Gecko) Chrome/130.0.0.0 Safari/537.36"
162.213.253.84 - - [02/Mar/2026:17:49:35 -0500] "POST /wp-admin/admin-ajax.php?action=async_litespeed&nonce=AgdoyuLvqpjGBjCYnJqkOxjum1cUQwkx&litespeed_type=imgoptm HTTP/1.1" 200 0 "-" "WordPress/6.8.1; https://www.middleeastoday.com"
3.85.204.193 - - [02/Mar/2026:17:49:46 -0500] "GET /category/uncategorized/ HTTP/1.1" 200 121982 "-" "Mozilla/4.0 (compatible; MSIE 7.0; Windows NT 6.0) Mozilla/5.0 (Windows NT 10.0; Win64; x64) AppleWebKit/537.36 (KHTML, like Gecko) Chrome/91.0.4472.124 Safari/537.36"
43.228.157.67 - - [02/Mar/2026:17:49:48 -0500] "GET /.git/config HTTP/1.1" 403 1242 "-" "Go-http-client/1.1"
142.44.233.132 - - [02/Mar/2026:17:49:51 -0500] "GET /dubai-to-host-relocated-ifos-congress-in-2023/ HTTP/1.1" 200 21370 "-" "Mozilla/5.0 (compatible; AhrefsBot/7.0; +http://ahrefs.com/robot/)"
3.85.204.193 - - [02/Mar/2026:17:49:57 -0500] "GET /category/home_side/ HTTP/1.1" 200 121861 "-" "Mozilla/4.0 (compatible; MSIE 7.0; Windows NT 6.0) Mozilla/5.0 (Windows NT 10.0; Win64; x64) AppleWebKit/537.36 (KHTML, like Gecko) Chrome/91.0.4472.124 Safari/537.36"
3.85.204.193 - - [02/Mar/2026:17:50:09 -0500] "GET /category/entertainment/ HTTP/1.1" 200 99105 "-" "Mozilla/4.0 (compatible; MSIE 7.0; Windows NT 6.0) Mozilla/5.0 (Windows NT 10.0; Win64; x64) AppleWebKit/537.36 (KHTML, like Gecko) Chrome/91.0.4472.124 Safari/537.36"
3.85.204.193 - - [02/Mar/2026:17:49:40 -0500] "GET /category/music-concerts/ HTTP/1.1" 200 101699 "-" "Mozilla/4.0 (compatible; MSIE 7.0; Windows NT 6.0) Mozilla/5.0 (Windows NT 10.0; Win64; x64) AppleWebKit/537.36 (KHTML, like Gecko) Chrome/91.0.4472.124 Safari/537.36"
3.85.204.193 - - [02/Mar/2026:17:50:02 -0500] "GET /category/travel-tourism/destinations/ HTTP/1.1" 200 123182 "-" "Mozilla/4.0 (compatible; MSIE 7.0; Windows NT 6.0) Mozilla/5.0 (Windows NT 10.0; Win64; x64) AppleWebKit/537.36 (KHTML, like Gecko) Chrome/91.0.4472.124 Safari/537.36"
3.85.204.193 - - [02/Mar/2026:17:50:07 -0500] "GET /category/exhibitions/ HTTP/1.1" 200 122723 "-" "Mozilla/4.0 (compatible; MSIE 7.0; Windows NT 6.0) Mozilla/5.0 (Windows NT 10.0; Win64; x64) AppleWebKit/537.36 (KHTML, like Gecko) Chrome/91.0.4472.124 Safari/537.36"
3.85.204.193 - - [02/Mar/2026:17:50:08 -0500] "GET /category/news/ HTTP/1.1" 200 101420 "-" "Mozilla/4.0 (compatible; MSIE 7.0; Windows NT 6.0) Mozilla/5.0 (Windows NT 10.0; Win64; x64) AppleWebKit/537.36 (KHTML, like Gecko) Chrome/91.0.4472.124 Safari/537.36"
3.85.204.193 - - [02/Mar/2026:17:50:12 -0500] "GET /category/press-releases/ HTTP/1.1" 200 99009 "-" "Mozilla/4.0 (compatible; MSIE 7.0; Windows NT 6.0) Mozilla/5.0 (Windows NT 10.0; Win64; x64) AppleWebKit/537.36 (KHTML, like Gecko) Chrome/91.0.4472.124 Safari/537.36"
3.85.204.193 - - [02/Mar/2026:17:50:14 -0500] "GET /category/conferences/ HTTP/1.1" 200 111702 "-" "Mozilla/4.0 (compatible; MSIE 7.0; Windows NT 6.0) Mozilla/5.0 (Windows NT 10.0; Win64; x64) AppleWebKit/537.36 (KHTML, like Gecko) Chrome/91.0.4472.124 Safari/537.36"
3.85.204.193 - - [02/Mar/2026:17:50:18 -0500] "GET /category/real-estate/ HTTP/1.1" 200 121395 "-" "Mozilla/4.0 (compatible; MSIE 7.0; Windows NT 6.0) Mozilla/5.0 (Windows NT 10.0; Win64; x64) AppleWebKit/537.36 (KHTML, like Gecko) Chrome/91.0.4472.124 Safari/537.36"
3.85.204.193 - - [02/Mar/2026:17:50:22 -0500] "GET /category/products/ HTTP/1.1" 200 121541 "-" "Mozilla/4.0 (compatible; MSIE 7.0; Windows NT 6.0) Mozilla/5.0 (Windows NT 10.0; Win64; x64) AppleWebKit/537.36 (KHTML, like Gecko) Chrome/91.0.4472.124 Safari/537.36"
3.85.204.193 - - [02/Mar/2026:17:50:24 -0500] "GET /category/national-news/ HTTP/1.1" 200 122061 "-" "Mozilla/4.0 (compatible; MSIE 7.0; Windows NT 6.0) Mozilla/5.0 (Windows NT 10.0; Win64; x64) AppleWebKit/537.36 (KHTML, like Gecko) Chrome/91.0.4472.124 Safari/537.36"
3.85.204.193 - - [02/Mar/2026:17:50:25 -0500] "GET /category/health-2/ HTTP/1.1" 200 121833 "-" "Mozilla/4.0 (compatible; MSIE 7.0; Windows NT 6.0) Mozilla/5.0 (Windows NT 10.0; Win64; x64) AppleWebKit/537.36 (KHTML, like Gecko) Chrome/91.0.4472.124 Safari/537.36"
3.85.204.193 - - [02/Mar/2026:17:50:26 -0500] "GET /category/art/ HTTP/1.1" 200 121534 "-" "Mozilla/4.0 (compatible; MSIE 7.0; Windows NT 6.0) Mozilla/5.0 (Windows NT 10.0; Win64; x64) AppleWebKit/537.36 (KHTML, like Gecko) Chrome/91.0.4472.124 Safari/537.36"
3.85.204.193 - - [02/Mar/2026:17:50:28 -0500] "GET /category/beauty-fashion/ HTTP/1.1" 200 122556 "-" "Mozilla/4.0 (compatible; MSIE 7.0; Windows NT 6.0) Mozilla/5.0 (Windows NT 10.0; Win64; x64) AppleWebKit/537.36 (KHTML, like Gecko) Chrome/91.0.4472.124 Safari/537.36"
3.85.204.193 - - [02/Mar/2026:17:50:29 -0500] "GET /category/education/ HTTP/1.1" 200 121918 "-" "Mozilla/4.0 (compatible; MSIE 7.0; Windows NT 6.0) Mozilla/5.0 (Windows NT 10.0; Win64; x64) AppleWebKit/537.36 (KHTML, like Gecko) Chrome/91.0.4472.124 Safari/537.36"
162.213.253.84 - - [02/Mar/2026:17:50:32 -0500] "POST /wp-cron.php?doing_wp_cron=1772491832.5467278957366943359375 HTTP/1.1" 200 0 "-" "WordPress/6.8.1; https://www.middleeastoday.com"
114.119.132.207 - - [02/Mar/2026:17:50:31 -0500] "GET /welcoming-one-million-visitors-dubai-opera-to-celebrate-sixth-anniversary HTTP/1.1" 301 0 "https://www.middleeastoday.com/category/home_side/page/5" "Mozilla/5.0 (Linux; Android 7.0;) AppleWebKit/537.36 (KHTML, like Gecko) Mobile Safari/537.36 (compatible; PetalBot;+https://webmaster.petalsearch.com/site/petalbot)"
3.85.204.193 - - [02/Mar/2026:17:50:11 -0500] "GET /category/travel-tourism/ HTTP/1.1" 200 123600 "-" "Mozilla/4.0 (compatible; MSIE 7.0; Windows NT 6.0) Mozilla/5.0 (Windows NT 10.0; Win64; x64) AppleWebKit/537.36 (KHTML, like Gecko) Chrome/91.0.4472.124 Safari/537.36"
3.85.204.193 - - [02/Mar/2026:17:50:15 -0500] "GET /category/international-news/ HTTP/1.1" 200 122934 "-" "Mozilla/4.0 (compatible; MSIE 7.0; Windows NT 6.0) Mozilla/5.0 (Windows NT 10.0; Win64; x64) AppleWebKit/537.36 (KHTML, like Gecko) Chrome/91.0.4472.124 Safari/537.36"
3.85.204.193 - - [02/Mar/2026:17:50:17 -0500] "GET /category/business/ HTTP/1.1" 200 121700 "-" "Mozilla/4.0 (compatible; MSIE 7.0; Windows NT 6.0) Mozilla/5.0 (Windows NT 10.0; Win64; x64) AppleWebKit/537.36 (KHTML, like Gecko) Chrome/91.0.4472.124 Safari/537.36"
3.85.204.193 - - [02/Mar/2026:17:50:20 -0500] "GET /category/articles/ HTTP/1.1" 200 101387 "-" "Mozilla/4.0 (compatible; MSIE 7.0; Windows NT 6.0) Mozilla/5.0 (Windows NT 10.0; Win64; x64) AppleWebKit/537.36 (KHTML, like Gecko) Chrome/91.0.4472.124 Safari/537.36"
3.85.204.193 - - [02/Mar/2026:17:50:27 -0500] "GET /category/travel-tourism/airlines/ HTTP/1.1" 200 122842 "-" "Mozilla/4.0 (compatible; MSIE 7.0; Windows NT 6.0) Mozilla/5.0 (Windows NT 10.0; Win64; x64) AppleWebKit/537.36 (KHTML, like Gecko) Chrome/91.0.4472.124 Safari/537.36"
3.85.204.193 - - [02/Mar/2026:17:50:31 -0500] "GET /category/awards/ HTTP/1.1" 200 116205 "-" "Mozilla/4.0 (compatible; MSIE 7.0; Windows NT 6.0) Mozilla/5.0 (Windows NT 10.0; Win64; x64) AppleWebKit/537.36 (KHTML, like Gecko) Chrome/91.0.4472.124 Safari/537.36"
3.85.204.193 - - [02/Mar/2026:17:50:32 -0500] "GET /category/travel-tourism/hotels/ HTTP/1.1" 200 108475 "-" "Mozilla/4.0 (compatible; MSIE 7.0; Windows NT 6.0) Mozilla/5.0 (Windows NT 10.0; Win64; x64) AppleWebKit/537.36 (KHTML, like Gecko) Chrome/91.0.4472.124 Safari/537.36"
114.119.132.207 - - [02/Mar/2026:17:50:33 -0500] "GET /welcoming-one-million-visitors-dubai-opera-to-celebrate-sixth-anniversary/ HTTP/1.1" 200 24475 "https://www.middleeastoday.com/category/home_side/page/5" "Mozilla/5.0 (Linux; Android 7.0;) AppleWebKit/537.36 (KHTML, like Gecko) Mobile Safari/537.36 (compatible; PetalBot;+https://webmaster.petalsearch.com/site/petalbot)"
162.213.253.84 - - [02/Mar/2026:17:50:34 -0500] "POST /wp-admin/admin-ajax.php?action=async_litespeed&nonce=rtqLyBh0D8EIlejOGC7ervW8wiOlVoWP&litespeed_type=imgoptm HTTP/1.1" 200 0 "-" "WordPress/6.8.1; https://www.middleeastoday.com"
85.208.96.210 - - [02/Mar/2026:17:51:29 -0500] "GET /sultan-bin-ahmed-inaugurates-sharjah-international-film-festival/ HTTP/1.1" 200 23126 "-" "Mozilla/5.0 (compatible; SemrushBot/7~bl; +http://www.semrush.com/bot.html)"
57.141.2.29 - - [02/Mar/2026:17:51:39 -0500] "GET /sp-jain-globals-undergraduate-programs-achieve-100-placement-success-australia-emerges-as-top-destination/ HTTP/1.1" 200 109013 "-" "meta-externalagent/1.1 (+https://developers.facebook.com/docs/sharing/webmasters/crawler)"
191.239.245.20 - - [02/Mar/2026:17:51:53 -0500] "GET / HTTP/1.1" 200 0 "-" "Mozilla/5.0 AppleWebKit/537.36 (KHTML, like Gecko); compatible; ChatGPT-User/1.0; +https://openai.com/bot"
191.239.245.24 - - [02/Mar/2026:17:51:54 -0500] "GET / HTTP/1.1" 200 0 "-" "Mozilla/5.0 AppleWebKit/537.36 (KHTML, like Gecko); compatible; ChatGPT-User/1.0; +https://openai.com/bot"
162.213.253.84 - - [02/Mar/2026:17:52:02 -0500] "POST /wp-admin/admin-ajax.php?action=async_litespeed&nonce=vjQJHcTDBjVohi78IVfqkNa5bBPm9XD3&litespeed_type=imgoptm HTTP/1.1" 200 0 "-" "WordPress/6.8.1; https://www.middleeastoday.com"
114.119.148.161 - - [02/Mar/2026:17:52:01 -0500] "GET /fourth-oic-conference-on-mediation-concludes-in-jeddah HTTP/1.1" 301 0 "https://www.middleeastoday.com/category/international-news/page/4" "Mozilla/5.0 (Linux; Android 7.0;) AppleWebKit/537.36 (KHTML, like Gecko) Mobile Safari/537.36 (compatible; PetalBot;+https://webmaster.petalsearch.com/site/petalbot)"
3.85.204.193 - - [02/Mar/2026:17:50:33 -0500] "GET /category/travel-tourism/eating-out/ HTTP/1.1" 200 108596 "-" "Mozilla/4.0 (compatible; MSIE 7.0; Windows NT 6.0) Mozilla/5.0 (Windows NT 10.0; Win64; x64) AppleWebKit/537.36 (KHTML, like Gecko) Chrome/91.0.4472.124 Safari/537.36"
3.85.204.193 - - [02/Mar/2026:17:50:34 -0500] "GET /category/lifestyle/tech/ HTTP/1.1" 200 101315 "-" "Mozilla/4.0 (compatible; MSIE 7.0; Windows NT 6.0) Mozilla/5.0 (Windows NT 10.0; Win64; x64) AppleWebKit/537.36 (KHTML, like Gecko) Chrome/91.0.4472.124 Safari/537.36"
3.85.204.193 - - [02/Mar/2026:17:50:36 -0500] "GET /category/events/ HTTP/1.1" 200 101891 "-" "Mozilla/4.0 (compatible; MSIE 7.0; Windows NT 6.0) Mozilla/5.0 (Windows NT 10.0; Win64; x64) AppleWebKit/537.36 (KHTML, like Gecko) Chrome/91.0.4472.124 Safari/537.36"
191.239.245.20 - - [02/Mar/2026:17:51:52 -0500] "GET / HTTP/1.1" 200 0 "-" "Mozilla/5.0 AppleWebKit/537.36 (KHTML, like Gecko); compatible; ChatGPT-User/1.0; +https://openai.com/bot"
191.239.245.20 - - [02/Mar/2026:17:51:52 -0500] "GET / HTTP/1.1" 200 0 "-" "Mozilla/5.0 AppleWebKit/537.36 (KHTML, like Gecko); compatible; ChatGPT-User/1.0; +https://openai.com/bot"
191.239.245.24 - - [02/Mar/2026:17:51:53 -0500] "GET / HTTP/1.1" 200 0 "-" "Mozilla/5.0 AppleWebKit/537.36 (KHTML, like Gecko); compatible; ChatGPT-User/1.0; +https://openai.com/bot"
162.213.253.84 - - [02/Mar/2026:17:51:55 -0500] "POST /wp-cron.php?doing_wp_cron=1772491915.2379410266876220703125 HTTP/1.1" 200 0 "-" "WordPress/6.8.1; https://www.middleeastoday.com"
191.239.245.20 - - [02/Mar/2026:17:51:53 -0500] "GET / HTTP/1.1" 200 0 "-" "Mozilla/5.0 AppleWebKit/537.36 (KHTML, like Gecko); compatible; ChatGPT-User/1.0; +https://openai.com/bot"
114.119.148.161 - - [02/Mar/2026:17:52:05 -0500] "GET /fourth-oic-conference-on-mediation-concludes-in-jeddah/ HTTP/1.1" 200 23743 "https://www.middleeastoday.com/category/international-news/page/4" "Mozilla/5.0 (Linux; Android 7.0;) AppleWebKit/537.36 (KHTML, like Gecko) Mobile Safari/537.36 (compatible; PetalBot;+https://webmaster.petalsearch.com/site/petalbot)"
163.44.192.46 - - [02/Mar/2026:17:55:29 -0500] "GET /wp-login.php HTTP/1.1" 200 1792 "-" "Mozilla/5.0 (Windows NT 10.0; Win64; x64) AppleWebKit/537.36 (KHTML, like Gecko) Chrome/130.0.0.0 Safari/537.36"
162.213.253.84 - - [02/Mar/2026:17:55:33 -0500] "POST /wp-cron.php?doing_wp_cron=1772492133.2489409446716308593750 HTTP/1.1" 200 0 "-" "WordPress/6.8.1; https://www.middleeastoday.com"
163.44.192.46 - - [02/Mar/2026:17:55:29 -0500] "POST /wp-login.php HTTP/1.1" 200 1884 "https://middleeastoday.com/wp-login.php" "Mozilla/5.0 (Windows NT 10.0; Win64; x64) AppleWebKit/537.36 (KHTML, like Gecko) Chrome/130.0.0.0 Safari/537.36"
162.213.253.84 - - [02/Mar/2026:17:55:35 -0500] "POST /wp-admin/admin-ajax.php?action=async_litespeed&nonce=yin4opNjNSWaFrbLWoV66s3WvNnAMbRe&litespeed_type=imgoptm HTTP/1.1" 200 0 "-" "WordPress/6.8.1; https://www.middleeastoday.com"
142.44.220.7 - - [02/Mar/2026:17:52:56 -0500] "GET /mohamed-bin-zayed-receives-president-of-togo/ HTTP/1.1" 200 20795 "-" "Mozilla/5.0 (compatible; AhrefsBot/7.0; +http://ahrefs.com/robot/)"
54.39.210.168 - - [02/Mar/2026:17:56:10 -0500] "GET /mariam-almheiri-highlights-uaes-ambition-to-scale-collective-action-innovative-solutions-to-address-global-water-challenge/ HTTP/1.1" 200 23618 "-" "Mozilla/5.0 (compatible; AhrefsBot/7.0; +http://ahrefs.com/robot/)"
51.161.37.158 - - [02/Mar/2026:17:59:11 -0500] "GET /barraquer-eye-hospital-awarded-hospital-accreditation-from-joint-commission-international/ HTTP/1.1" 200 21613 "-" "Mozilla/5.0 (compatible; AhrefsBot/7.0; +http://ahrefs.com/robot/)"
162.213.253.84 - - [02/Mar/2026:18:00:04 -0500] "POST /wp-cron.php?doing_wp_cron=1772492404.1399779319763183593750 HTTP/1.1" 200 0 "-" "WordPress/6.8.1; https://www.middleeastoday.com"
52.1.250.162 - - [02/Mar/2026:18:00:02 -0500] "POST /wp-login.php HTTP/1.1" 200 1884 "https://middleeastoday.com/wp-login.php" "Mozilla/5.0 (Windows NT 10.0; Win64; x64) AppleWebKit/537.36 (KHTML, like Gecko) Chrome/130.0.0.0 Safari/537.36"
162.213.253.84 - - [02/Mar/2026:18:00:05 -0500] "POST /wp-admin/admin-ajax.php?action=async_litespeed&nonce=P24oEbXTSrnfdJ1nXPwtwA71RQucHknI&litespeed_type=imgoptm HTTP/1.1" 200 0 "-" "WordPress/6.8.1; https://www.middleeastoday.com"
103.90.232.170 - - [02/Mar/2026:18:00:18 -0500] "GET /wp-login.php HTTP/1.1" 200 1792 "-" "Mozilla/5.0 (Windows NT 10.0; Win64; x64) AppleWebKit/537.36 (KHTML, like Gecko) Chrome/130.0.0.0 Safari/537.36"
57.141.2.62 - - [02/Mar/2026:18:01:52 -0500] "GET /dubai-international-financial-centre-records-strong-growth-in-h1-2022/ HTTP/1.1" 200 113077 "-" "meta-externalagent/1.1 (+https://developers.facebook.com/docs/sharing/webmasters/crawler)"
162.213.253.84 - - [02/Mar/2026:18:02:41 -0500] "POST /wp-cron.php?doing_wp_cron=1772492561.6710999011993408203125 HTTP/1.1" 200 0 "-" "WordPress/6.8.1; https://www.middleeastoday.com"
41.79.212.13 - - [02/Mar/2026:18:02:40 -0500] "POST /wp-login.php HTTP/1.1" 200 1884 "https://middleeastoday.com/wp-login.php" "Mozilla/5.0 (Windows NT 10.0; Win64; x64) AppleWebKit/537.36 (KHTML, like Gecko) Chrome/130.0.0.0 Safari/537.36"
162.213.253.84 - - [02/Mar/2026:18:02:43 -0500] "POST /wp-admin/admin-ajax.php?action=async_litespeed&nonce=pHSdG6L6Dv8UuZJYH8SxRxSHkUobvIJi&litespeed_type=imgoptm HTTP/1.1" 200 0 "-" "WordPress/6.8.1; https://www.middleeastoday.com"
52.1.250.162 - - [02/Mar/2026:18:00:02 -0500] "GET /wp-login.php HTTP/1.1" 200 1792 "-" "Mozilla/5.0 (Windows NT 10.0; Win64; x64) AppleWebKit/537.36 (KHTML, like Gecko) Chrome/130.0.0.0 Safari/537.36"
185.191.171.13 - - [02/Mar/2026:18:00:14 -0500] "GET /mohammed-bin-rashid-approves-dubai-countryside-and-rural-areas-development-master-plan/ HTTP/1.1" 200 28921 "-" "Mozilla/5.0 (compatible; SemrushBot/7~bl; +http://www.semrush.com/bot.html)"
162.213.253.84 - - [02/Mar/2026:18:00:28 -0500] "POST /wp-cron.php?doing_wp_cron=1772492428.3568129539489746093750 HTTP/1.1" 200 0 "-" "WordPress/6.8.1; https://www.middleeastoday.com"
103.90.232.170 - - [02/Mar/2026:18:00:27 -0500] "POST /wp-login.php HTTP/1.1" 200 1884 "https://middleeastoday.com/wp-login.php" "Mozilla/5.0 (Windows NT 10.0; Win64; x64) AppleWebKit/537.36 (KHTML, like Gecko) Chrome/130.0.0.0 Safari/537.36"
162.213.253.84 - - [02/Mar/2026:18:00:29 -0500] "POST /wp-admin/admin-ajax.php?action=async_litespeed&nonce=Z5gwL9eKn66JUGItuekowwrVGPxhtIqi&litespeed_type=imgoptm HTTP/1.1" 200 0 "-" "WordPress/6.8.1; https://www.middleeastoday.com"
41.79.212.13 - - [02/Mar/2026:18:02:39 -0500] "GET /wp-login.php HTTP/1.1" 200 1792 "-" "Mozilla/5.0 (Windows NT 10.0; Win64; x64) AppleWebKit/537.36 (KHTML, like Gecko) Chrome/130.0.0.0 Safari/537.36"
114.119.148.161 - - [02/Mar/2026:18:05:43 -0500] "GET /uae-president-egyptian-president-inspect-tourist-project-in-al-alamein-city/ HTTP/1.1" 200 23940 "https://www.middleeastoday.com/un-chief-urges-rich-nations-to-open-wallets-and-hearts-for-developing-countries-to-purchase-ukrainian-grain" "Mozilla/5.0 (Linux; Android 7.0;) AppleWebKit/537.36 (KHTML, like Gecko) Mobile Safari/537.36 (compatible; PetalBot;+https://webmaster.petalsearch.com/site/petalbot)"
114.119.138.37 - - [02/Mar/2026:18:07:06 -0500] "GET /dubai-health-authority-visa-sign-mou/ HTTP/1.1" 200 23984 "https://www.middleeastoday.com/category/health-2/page/4" "Mozilla/5.0 (Linux; Android 7.0;) AppleWebKit/537.36 (KHTML, like Gecko) Mobile Safari/537.36 (compatible; PetalBot;+https://webmaster.petalsearch.com/site/petalbot)"
69.49.112.72 - - [02/Mar/2026:18:07:09 -0500] "GET /wp-login.php HTTP/1.1" 200 1792 "-" "Mozilla/5.0 (Windows NT 10.0; Win64; x64) AppleWebKit/537.36 (KHTML, like Gecko) Chrome/130.0.0.0 Safari/537.36"
162.213.253.84 - - [02/Mar/2026:18:07:11 -0500] "POST /wp-cron.php?doing_wp_cron=1772492831.4365720748901367187500 HTTP/1.1" 200 0 "-" "WordPress/6.8.1; https://www.middleeastoday.com"
69.49.112.72 - - [02/Mar/2026:18:07:09 -0500] "POST /wp-login.php HTTP/1.1" 200 1884 "https://middleeastoday.com/wp-login.php" "Mozilla/5.0 (Windows NT 10.0; Win64; x64) AppleWebKit/537.36 (KHTML, like Gecko) Chrome/130.0.0.0 Safari/537.36"
69.49.112.72 - - [02/Mar/2026:18:07:12 -0500] "GET /wp-login.php HTTP/1.1" 200 1792 "-" "Mozilla/5.0 (Windows NT 10.0; Win64; x64) AppleWebKit/537.36 (KHTML, like Gecko) Chrome/130.0.0.0 Safari/537.36"
162.213.253.84 - - [02/Mar/2026:18:07:13 -0500] "POST /wp-admin/admin-ajax.php?action=async_litespeed&nonce=IcCRRlNBLAZ1LhmqiubBMSg9x5lRGvuA&litespeed_type=imgoptm HTTP/1.1" 200 0 "-" "WordPress/6.8.1; https://www.middleeastoday.com"
69.49.112.72 - - [02/Mar/2026:18:07:12 -0500] "POST /wp-login.php HTTP/1.1" 200 1884 "https://middleeastoday.com/wp-login.php" "Mozilla/5.0 (Windows NT 10.0; Win64; x64) AppleWebKit/537.36 (KHTML, like Gecko) Chrome/130.0.0.0 Safari/537.36"
118.126.124.232 - - [02/Mar/2026:18:08:12 -0500] "GET /back-to-back-wins-celebrity-media-strategist-vasu-jit-kalia-dominates-fashion-factor/ HTTP/1.1" 200 20814 "-" "Mozilla/5.0 (Macintosh; Intel Mac OS X 10_15_7) AppleWebKit/537.36 (KHTML, like Gecko) Chrome/140.0.0.0 newsai/1.0 Safari/537.36"
114.119.141.228 - - [02/Mar/2026:18:08:30 -0500] "GET /category/beauty-fashion/page/7/ HTTP/1.1" 200 23383 "https://www.middleeastoday.com/category/beauty-fashion/page/3/" "Mozilla/5.0 (Linux; Android 7.0;) AppleWebKit/537.36 (KHTML, like Gecko) Mobile Safari/537.36 (compatible; PetalBot;+https://webmaster.petalsearch.com/site/petalbot)"
185.191.171.14 - - [02/Mar/2026:18:09:21 -0500] "GET /mohammed-bin-rashid-issues-six-decrees-regulating-dubai-chambers-their-boards-of-directors/ HTTP/1.1" 200 25229 "-" "Mozilla/5.0 (compatible; SemrushBot/7~bl; +http://www.semrush.com/bot.html)"
85.208.96.196 - - [02/Mar/2026:18:09:35 -0500] "GET /vasu-jit-kalia-honored-with-the-title-of-celebrity-media-strategist-at-the-prestigious-global-leadership-awards-and-business-summit/ HTTP/1.1" 200 23750 "-" "Mozilla/5.0 (compatible; SemrushBot/7~bl; +http://www.semrush.com/bot.html)"
57.141.2.49 - - [02/Mar/2026:18:09:38 -0500] "GET /bloom-holding-launches-seville-fifth-phase-of-bloom-living-in-abu-dhabi/ HTTP/1.1" 200 105314 "-" "meta-externalagent/1.1 (+https://developers.facebook.com/docs/sharing/webmasters/crawler)"
186.13.112.84 - - [02/Mar/2026:18:11:30 -0500] "GET /category/home_side/page/8/ HTTP/1.1" 200 23798 "-" "Mozilla/5.0 (Macintosh; Intel Mac OS X 10_12_6) AppleWebKit/537.36 (KHTML, like Gecko) Chrome/80.0.3987.132 Safari/537.36"
162.213.253.84 - - [02/Mar/2026:18:12:42 -0500] "POST /wp-cron.php?doing_wp_cron=1772493162.5452649593353271484375 HTTP/1.1" 200 0 "-" "WordPress/6.8.1; https://www.middleeastoday.com"
114.119.154.115 - - [02/Mar/2026:18:09:53 -0500] "GET /author/admin/page/95/ HTTP/1.1" 200 23817 "https://www.middleeastoday.com/author/admin/page/94" "Mozilla/5.0 (Linux; Android 7.0;) AppleWebKit/537.36 (KHTML, like Gecko) Mobile Safari/537.36 (compatible; PetalBot;+https://webmaster.petalsearch.com/site/petalbot)"
162.213.253.84 - - [02/Mar/2026:18:11:19 -0500] "POST /wp-cron.php?doing_wp_cron=1772493079.5453031063079833984375 HTTP/1.1" 200 0 "-" "WordPress/6.8.1; https://www.middleeastoday.com"
114.119.137.98 - - [02/Mar/2026:18:11:18 -0500] "GET /abu-dhabi-public-health-centre-launches-ifhas-programme HTTP/1.1" 301 0 "https://www.middleeastoday.com/abu-dhabi-public-health-centre-launches-ifhas-programme" "Mozilla/5.0 (Linux; Android 7.0;) AppleWebKit/537.36 (KHTML, like Gecko) Mobile Safari/537.36 (compatible; PetalBot;+https://webmaster.petalsearch.com/site/petalbot)"
114.119.137.98 - - [02/Mar/2026:18:11:20 -0500] "GET /abu-dhabi-public-health-centre-launches-ifhas-programme/ HTTP/1.1" 200 24924 "https://www.middleeastoday.com/abu-dhabi-public-health-centre-launches-ifhas-programme" "Mozilla/5.0 (Linux; Android 7.0;) AppleWebKit/537.36 (KHTML, like Gecko) Mobile Safari/537.36 (compatible; PetalBot;+https://webmaster.petalsearch.com/site/petalbot)"
162.213.253.84 - - [02/Mar/2026:18:11:20 -0500] "POST /wp-admin/admin-ajax.php?action=async_litespeed&nonce=EwUGJziZjlnNl2Hq9hSiW8WTuE0Hs6tI&litespeed_type=imgoptm HTTP/1.1" 200 0 "-" "WordPress/6.8.1; https://www.middleeastoday.com"
114.119.137.98 - - [02/Mar/2026:18:12:41 -0500] "GET /?p=9467 HTTP/1.1" 301 0 "https://www.sahaexpo.com/press-releases" "Mozilla/5.0 (Linux; Android 7.0;) AppleWebKit/537.36 (KHTML, like Gecko) Mobile Safari/537.36 (compatible; PetalBot;+https://webmaster.petalsearch.com/site/petalbot)"
51.161.65.8 - - [02/Mar/2026:18:13:27 -0500] "GET /wp-sitemap.xml HTTP/1.1" 200 223 "-" "Mozilla/5.0 (compatible; AhrefsBot/7.0; +http://ahrefs.com/robot/)"
142.44.233.48 - - [02/Mar/2026:18:13:30 -0500] "GET /wp-sitemap-posts-post-1.xml HTTP/1.1" 200 35382 "-" "Mozilla/5.0 (compatible; AhrefsBot/7.0; +http://ahrefs.com/robot/)"
142.44.233.197 - - [02/Mar/2026:18:13:37 -0500] "GET /wp-sitemap-posts-elementskit_template-1.xml HTTP/1.1" 200 203 "-" "Mozilla/5.0 (compatible; AhrefsBot/7.0; +http://ahrefs.com/robot/)"
51.222.168.155 - - [02/Mar/2026:18:13:41 -0500] "GET /wp-sitemap-taxonomies-category-1.xml HTTP/1.1" 200 398 "-" "Mozilla/5.0 (compatible; AhrefsBot/7.0; +http://ahrefs.com/robot/)"
54.39.210.33 - - [02/Mar/2026:18:13:47 -0500] "GET /wp-sitemap-taxonomies-post_format-1.xml HTTP/1.1" 200 171 "-" "Mozilla/5.0 (compatible; AhrefsBot/7.0; +http://ahrefs.com/robot/)"
54.39.0.162 - - [02/Mar/2026:18:13:51 -0500] "GET /wp-sitemap-users-1.xml HTTP/1.1" 200 161 "-" "Mozilla/5.0 (compatible; AhrefsBot/7.0; +http://ahrefs.com/robot/)"
114.119.137.98 - - [02/Mar/2026:18:12:44 -0500] "GET /ministry-of-defence-delegation-attends-saha-expo-defence-and-aerospace-exhibition-2022-in-turkiye/ HTTP/1.1" 200 24671 "https://www.sahaexpo.com/press-releases" "Mozilla/5.0 (Linux; Android 7.0;) AppleWebKit/537.36 (KHTML, like Gecko) Mobile Safari/537.36 (compatible; PetalBot;+https://webmaster.petalsearch.com/site/petalbot)"
162.213.253.84 - - [02/Mar/2026:18:12:43 -0500] "POST /wp-admin/admin-ajax.php?action=async_litespeed&nonce=844TkqbEoRdftBxLORUhU0HOUZv01ar8&litespeed_type=imgoptm HTTP/1.1" 200 0 "-" "WordPress/6.8.1; https://www.middleeastoday.com"
14.233.135.181 - - [02/Mar/2026:18:13:20 -0500] "GET /category/music-concerts/ HTTP/1.1" 200 21861 "-" "Mozilla/5.0 (Macintosh; Intel Mac OS X 10_7_3) AppleWebKit/537.36 (KHTML, like Gecko, Mediapartners-Google) Chrome/77.0.3865.99 Safari/537.36"
142.44.220.118 - - [02/Mar/2026:18:13:34 -0500] "GET /wp-sitemap-posts-page-1.xml HTTP/1.1" 200 210 "-" "Mozilla/5.0 (compatible; AhrefsBot/7.0; +http://ahrefs.com/robot/)"
14.240.186.35 - - [02/Mar/2026:18:13:34 -0500] "GET /category/lifestyle/page/5/ HTTP/1.1" 200 23332 "-" "Mozilla/5.0 (Windows NT 6.1) AppleWebKit/537.36 (KHTML, like Gecko) Chrome/85.0.4183.83 Safari/537.36"
51.222.95.207 - - [02/Mar/2026:18:13:44 -0500] "GET /wp-sitemap-taxonomies-post_tag-1.xml HTTP/1.1" 200 169 "-" "Mozilla/5.0 (compatible; AhrefsBot/7.0; +http://ahrefs.com/robot/)"
162.213.253.84 - - [02/Mar/2026:18:14:06 -0500] "POST /wp-cron.php?doing_wp_cron=1772493246.4514698982238769531250 HTTP/1.1" 200 0 "-" "WordPress/6.8.1; https://www.middleeastoday.com"
114.119.138.37 - - [02/Mar/2026:18:14:05 -0500] "GET /mohammed-bin-rashid-tours-dubai-international-boat-show-2022/sa=U HTTP/1.1" 301 0 "-" "Mozilla/5.0 (Linux; Android 7.0;) AppleWebKit/537.36 (KHTML, like Gecko) Mobile Safari/537.36 (compatible; PetalBot;+https://webmaster.petalsearch.com/site/petalbot)"
114.119.138.37 - - [02/Mar/2026:18:14:07 -0500] "GET /saudi-arabia-celebrates-founding-day-at-expo-2020-dubai/ HTTP/1.1" 200 23048 "-" "Mozilla/5.0 (Linux; Android 7.0;) AppleWebKit/537.36 (KHTML, like Gecko) Mobile Safari/537.36 (compatible; PetalBot;+https://webmaster.petalsearch.com/site/petalbot)"
162.213.253.84 - - [02/Mar/2026:18:14:08 -0500] "POST /wp-admin/admin-ajax.php?action=async_litespeed&nonce=QyrUS73dFvhxmMDmr7YbGL3nNXdcAv5w&litespeed_type=imgoptm HTTP/1.1" 200 0 "-" "WordPress/6.8.1; https://www.middleeastoday.com"
216.73.216.24 - - [02/Mar/2026:18:16:48 -0500] "GET /wp-sitemap.xml HTTP/1.1" 200 223 "-" "Mozilla/5.0 AppleWebKit/537.36 (KHTML, like Gecko; compatible; ClaudeBot/1.0; [email protected])"
52.167.144.191 - - [02/Mar/2026:18:19:12 -0500] "GET /uae-leaders-congratulate-arab-islamic-leaders-on-eid-al-adha/ HTTP/1.1" 200 19991 "-" "Mozilla/5.0 AppleWebKit/537.36 (KHTML, like Gecko; compatible; bingbot/2.0; +http://www.bing.com/bingbot.htm) Chrome/116.0.1938.76 Safari/537.36"
51.68.236.90 - - [02/Mar/2026:18:19:13 -0500] "GET /robots.txt HTTP/1.1" 301 0 "-" "Mozilla/5.0 (compatible; MJ12bot/v2.0.5; http://mj12bot.com/)"
51.68.236.90 - - [02/Mar/2026:18:19:13 -0500] "GET /robots.txt HTTP/1.1" 200 101 "-" "Mozilla/5.0 (compatible; MJ12bot/v2.0.5; http://mj12bot.com/)"
51.68.236.90 - - [02/Mar/2026:18:19:14 -0500] "GET / HTTP/1.1" 200 32212 "-" "Mozilla/5.0 (compatible; MJ12bot/v2.0.5; http://mj12bot.com/)"
162.213.253.84 - - [02/Mar/2026:18:19:15 -0500] "POST /wp-admin/admin-ajax.php?action=async_litespeed&nonce=WoFLfuJDv80kzWFzpR0DmAMKD5ZKCPpH&litespeed_type=imgoptm HTTP/1.1" 200 21 "-" "WordPress/6.8.1; https://www.middleeastoday.com"
205.196.217.58 - - [02/Mar/2026:18:20:06 -0500] "GET /wp-login.php HTTP/1.1" 200 1792 "-" "Mozilla/5.0 (Windows NT 10.0; Win64; x64) AppleWebKit/537.36 (KHTML, like Gecko) Chrome/130.0.0.0 Safari/537.36"
205.196.217.58 - - [02/Mar/2026:18:20:06 -0500] "POST /wp-login.php HTTP/1.1" 200 1884 "https://middleeastoday.com/wp-login.php" "Mozilla/5.0 (Windows NT 10.0; Win64; x64) AppleWebKit/537.36 (KHTML, like Gecko) Chrome/130.0.0.0 Safari/537.36"
162.213.253.84 - - [02/Mar/2026:18:20:08 -0500] "POST /wp-admin/admin-ajax.php?action=async_litespeed&nonce=I65JoBh5Mmz0hAXV3q7lcQi19hYBHB1X&litespeed_type=imgoptm HTTP/1.1" 200 21 "-" "WordPress/6.8.1; https://www.middleeastoday.com"
162.213.253.84 - - [02/Mar/2026:18:20:41 -0500] "POST /wp-cron.php?doing_wp_cron=1772493641.4939529895782470703125 HTTP/1.1" 200 0 "-" "WordPress/6.8.1; https://www.middleeastoday.com"
163.61.60.30 - - [02/Mar/2026:18:20:40 -0500] "POST /wp-login.php HTTP/1.1" 200 1884 "https://middleeastoday.com/wp-login.php" "Mozilla/5.0 (Windows NT 10.0; Win64; x64) AppleWebKit/537.36 (KHTML, like Gecko) Chrome/130.0.0.0 Safari/537.36"
63.143.44.106 - - [02/Mar/2026:18:20:52 -0500] "POST /wp-login.php HTTP/1.1" 200 1884 "https://middleeastoday.com/wp-login.php" "Mozilla/5.0 (Windows NT 10.0; Win64; x64) AppleWebKit/537.36 (KHTML, like Gecko) Chrome/130.0.0.0 Safari/537.36"
63.143.44.106 - - [02/Mar/2026:18:20:54 -0500] "POST /wp-login.php HTTP/1.1" 200 1884 "https://middleeastoday.com/wp-login.php" "Mozilla/5.0 (Windows NT 10.0; Win64; x64) AppleWebKit/537.36 (KHTML, like Gecko) Chrome/130.0.0.0 Safari/537.36"
188.166.237.126 - - [02/Mar/2026:18:22:43 -0500] "GET /wp-login.php HTTP/1.1" 200 1792 "-" "Mozilla/5.0 (Windows NT 10.0; Win64; x64) AppleWebKit/537.36 (KHTML, like Gecko) Chrome/130.0.0.0 Safari/537.36"
188.166.237.126 - - [02/Mar/2026:18:22:44 -0500] "POST /wp-login.php HTTP/1.1" 200 1884 "https://middleeastoday.com/wp-login.php" "Mozilla/5.0 (Windows NT 10.0; Win64; x64) AppleWebKit/537.36 (KHTML, like Gecko) Chrome/130.0.0.0 Safari/537.36"
113.125.227.151 - - [02/Mar/2026:18:23:24 -0500] "GET /a-night-of-celebration-at-dusit-thani-dubai/ HTTP/1.1" 200 20214 "-" "Mozilla/5.0 (Windows NT 10.0; Win64; x64) AppleWebKit/537.36 (KHTML, like Gecko) Chrome/139.0.0.0 Safari/537.36"
113.125.227.151 - - [02/Mar/2026:18:23:25 -0500] "GET /wp-content/plugins/elementor-1/assets/css/frontend-lite.min.css?ver=3.21.1 HTTP/1.1" 200 13067 "https://www.middleeastoday.com/a-night-of-celebration-at-dusit-thani-dubai/" "Mozilla/5.0 (Windows NT 10.0; Win64; x64) AppleWebKit/537.36 (KHTML, like Gecko) Chrome/139.0.0.0 Safari/537.36"
216.73.216.24 - - [02/Mar/2026:18:16:48 -0500] "GET /robots.txt HTTP/1.1" 200 101 "-" "Mozilla/5.0 AppleWebKit/537.36 (KHTML, like Gecko; compatible; ClaudeBot/1.0; [email protected])"
162.213.253.84 - - [02/Mar/2026:18:19:14 -0500] "POST /wp-cron.php?doing_wp_cron=1772493554.5275518894195556640625 HTTP/1.1" 200 0 "-" "WordPress/6.8.1; https://www.middleeastoday.com"
51.68.236.90 - - [02/Mar/2026:18:19:13 -0500] "GET / HTTP/1.1" 301 0 "-" "Mozilla/5.0 (compatible; MJ12bot/v2.0.5; http://mj12bot.com/)"
40.77.167.136 - - [02/Mar/2026:18:19:30 -0500] "GET /wp-content/plugins/accesspress-social-counter/webfonts/fa-solid-900.ttf HTTP/1.1" 200 114928 "-" "Mozilla/5.0 AppleWebKit/537.36 (KHTML, like Gecko; compatible; bingbot/2.0; +http://www.bing.com/bingbot.htm) Chrome/116.0.1938.76 Safari/537.36"
52.167.144.191 - - [02/Mar/2026:18:19:34 -0500] "GET /wp-includes/js/dist/hooks.min.js?ver=4d63a3d491d11ffd8ac6 HTTP/1.1" 200 1571 "-" "Mozilla/5.0 AppleWebKit/537.36 (KHTML, like Gecko; compatible; bingbot/2.0; +http://www.bing.com/bingbot.htm) Chrome/116.0.1938.76 Safari/537.36"
52.167.144.191 - - [02/Mar/2026:18:19:34 -0500] "GET /wp-content/themes/digiqole/assets/css/master.css?ver=2.1.1 HTTP/1.1" 200 43295 "-" "Mozilla/5.0 AppleWebKit/537.36 (KHTML, like Gecko; compatible; bingbot/2.0; +http://www.bing.com/bingbot.htm) Chrome/116.0.1938.76 Safari/537.36"
162.213.253.84 - - [02/Mar/2026:18:20:07 -0500] "POST /wp-cron.php?doing_wp_cron=1772493607.4659209251403808593750 HTTP/1.1" 200 0 "-" "WordPress/6.8.1; https://www.middleeastoday.com"
163.61.60.30 - - [02/Mar/2026:18:20:40 -0500] "GET /wp-login.php HTTP/1.1" 200 1792 "-" "Mozilla/5.0 (Windows NT 10.0; Win64; x64) AppleWebKit/537.36 (KHTML, like Gecko) Chrome/130.0.0.0 Safari/537.36"
162.213.253.84 - - [02/Mar/2026:18:20:42 -0500] "POST /wp-admin/admin-ajax.php?action=async_litespeed&nonce=I7YT2pwSIfpJe5t1iBLeaE6gy43oxxip&litespeed_type=imgoptm HTTP/1.1" 200 21 "-" "WordPress/6.8.1; https://www.middleeastoday.com"
63.143.44.106 - - [02/Mar/2026:18:20:52 -0500] "GET /wp-login.php HTTP/1.1" 200 1792 "-" "Mozilla/5.0 (Windows NT 10.0; Win64; x64) AppleWebKit/537.36 (KHTML, like Gecko) Chrome/130.0.0.0 Safari/537.36"
63.143.44.106 - - [02/Mar/2026:18:20:53 -0500] "GET /wp-login.php HTTP/1.1" 200 1792 "-" "Mozilla/5.0 (Windows NT 10.0; Win64; x64) AppleWebKit/537.36 (KHTML, like Gecko) Chrome/130.0.0.0 Safari/537.36"
57.141.2.9 - - [02/Mar/2026:18:22:28 -0500] "GET /dubai-culture-announces-dates-for-al-marmoom-film-in-the-desert-festival/ HTTP/1.1" 200 105520 "-" "meta-externalagent/1.1 (+https://developers.facebook.com/docs/sharing/webmasters/crawler)"
162.213.253.84 - - [02/Mar/2026:18:22:45 -0500] "POST /wp-cron.php?doing_wp_cron=1772493765.0703749656677246093750 HTTP/1.1" 200 0 "-" "WordPress/6.8.1; https://www.middleeastoday.com"
162.213.253.84 - - [02/Mar/2026:18:22:45 -0500] "POST /wp-admin/admin-ajax.php?action=async_litespeed&nonce=OoufU4kUuDkW5xPjbIxDad7KBx95AnQc&litespeed_type=imgoptm HTTP/1.1" 200 21 "-" "WordPress/6.8.1; https://www.middleeastoday.com"
113.125.227.151 - - [02/Mar/2026:18:23:25 -0500] "GET /wp-content/uploads/elementor/css/post-3932.css?ver=1762520240 HTTP/1.1" 200 1066 "https://www.middleeastoday.com/a-night-of-celebration-at-dusit-thani-dubai/" "Mozilla/5.0 (Windows NT 10.0; Win64; x64) AppleWebKit/537.36 (KHTML, like Gecko) Chrome/139.0.0.0 Safari/537.36"
113.125.227.151 - - [02/Mar/2026:18:23:25 -0500] "GET /wp-includes/css/dist/block-library/style.min.css?ver=6.8.1 HTTP/1.1" 200 14358 "https://www.middleeastoday.com/a-night-of-celebration-at-dusit-thani-dubai/" "Mozilla/5.0 (Windows NT 10.0; Win64; x64) AppleWebKit/537.36 (KHTML, like Gecko) Chrome/139.0.0.0 Safari/537.36"
113.125.227.151 - - [02/Mar/2026:18:23:25 -0500] "GET /wp-content/plugins/contact-form-7/includes/css/styles.css?ver=6.0.6 HTTP/1.1" 200 890 "https://www.middleeastoday.com/a-night-of-celebration-at-dusit-thani-dubai/" "Mozilla/5.0 (Windows NT 10.0; Win64; x64) AppleWebKit/537.36 (KHTML, like Gecko) Chrome/139.0.0.0 Safari/537.36"
113.125.227.151 - - [02/Mar/2026:18:23:25 -0500] "GET /wp-content/plugins/accesspress-social-counter/css/frontend.css?ver=1.9.2 HTTP/1.1" 200 2295 "https://www.middleeastoday.com/a-night-of-celebration-at-dusit-thani-dubai/" "Mozilla/5.0 (Windows NT 10.0; Win64; x64) AppleWebKit/537.36 (KHTML, like Gecko) Chrome/139.0.0.0 Safari/537.36"
113.125.227.151 - - [02/Mar/2026:18:23:25 -0500] "GET /wp-content/plugins/accesspress-social-counter/css/fontawesome-all.css?ver=1.9.2 HTTP/1.1" 200 8084 "https://www.middleeastoday.com/a-night-of-celebration-at-dusit-thani-dubai/" "Mozilla/5.0 (Windows NT 10.0; Win64; x64) AppleWebKit/537.36 (KHTML, like Gecko) Chrome/139.0.0.0 Safari/537.36"
113.125.227.151 - - [02/Mar/2026:18:23:25 -0500] "GET /wp-content/themes/digiqole/assets/css/icon-font.css?ver=2.1.1 HTTP/1.1" 200 1106 "https://www.middleeastoday.com/a-night-of-celebration-at-dusit-thani-dubai/" "Mozilla/5.0 (Windows NT 10.0; Win64; x64) AppleWebKit/537.36 (KHTML, like Gecko) Chrome/139.0.0.0 Safari/537.36"
113.125.227.151 - - [02/Mar/2026:18:23:25 -0500] "GET /wp-content/themes/digiqole/assets/css/bootstrap.min.css?ver=2.1.1 HTTP/1.1" 200 18543 "https://www.middleeastoday.com/a-night-of-celebration-at-dusit-thani-dubai/" "Mozilla/5.0 (Windows NT 10.0; Win64; x64) AppleWebKit/537.36 (KHTML, like Gecko) Chrome/139.0.0.0 Safari/537.36"
113.125.227.151 - - [02/Mar/2026:18:23:25 -0500] "GET /wp-content/plugins/elementor-1/assets/lib/font-awesome/css/fontawesome.min.css?ver=5.15.3 HTTP/1.1" 200 12164 "https://www.middleeastoday.com/a-night-of-celebration-at-dusit-thani-dubai/" "Mozilla/5.0 (Windows NT 10.0; Win64; x64) AppleWebKit/537.36 (KHTML, like Gecko) Chrome/139.0.0.0 Safari/537.36"
113.125.227.151 - - [02/Mar/2026:18:23:25 -0500] "GET /wp-content/plugins/elementor-1/assets/lib/font-awesome/css/solid.min.css?ver=5.15.3 HTTP/1.1" 200 286 "https://www.middleeastoday.com/a-night-of-celebration-at-dusit-thani-dubai/" "Mozilla/5.0 (Windows NT 10.0; Win64; x64) AppleWebKit/537.36 (KHTML, like Gecko) Chrome/139.0.0.0 Safari/537.36"
113.125.227.151 - - [02/Mar/2026:18:23:25 -0500] "GET /wp-includes/js/jquery/jquery-migrate.min.js?ver=3.4.1 HTTP/1.1" 200 4678 "https://www.middleeastoday.com/a-night-of-celebration-at-dusit-thani-dubai/" "Mozilla/5.0 (Windows NT 10.0; Win64; x64) AppleWebKit/537.36 (KHTML, like Gecko) Chrome/139.0.0.0 Safari/537.36"
113.125.227.151 - - [02/Mar/2026:18:23:26 -0500] "GET /wp-content/uploads/elementor/css/post-9.css?ver=1747657839 HTTP/1.1" 200 334 "https://www.middleeastoday.com/a-night-of-celebration-at-dusit-thani-dubai/" "Mozilla/5.0 (Windows NT 10.0; Win64; x64) AppleWebKit/537.36 (KHTML, like Gecko) Chrome/139.0.0.0 Safari/537.36"
113.125.227.151 - - [02/Mar/2026:18:23:26 -0500] "GET /wp-content/plugins/elementor-1/assets/lib/animations/animations.min.css?ver=3.21.1 HTTP/1.1" 200 2442 "https://www.middleeastoday.com/a-night-of-celebration-at-dusit-thani-dubai/" "Mozilla/5.0 (Windows NT 10.0; Win64; x64) AppleWebKit/537.36 (KHTML, like Gecko) Chrome/139.0.0.0 Safari/537.36"
113.125.227.151 - - [02/Mar/2026:18:23:26 -0500] "GET /wp-includes/js/dist/hooks.min.js?ver=4d63a3d491d11ffd8ac6 HTTP/1.1" 200 1571 "https://www.middleeastoday.com/a-night-of-celebration-at-dusit-thani-dubai/" "Mozilla/5.0 (Windows NT 10.0; Win64; x64) AppleWebKit/537.36 (KHTML, like Gecko) Chrome/139.0.0.0 Safari/537.36"
113.125.227.151 - - [02/Mar/2026:18:23:26 -0500] "GET /wp-includes/js/dist/i18n.min.js?ver=5e580eb46a90c2b997e6 HTTP/1.1" 200 3542 "https://www.middleeastoday.com/a-night-of-celebration-at-dusit-thani-dubai/" "Mozilla/5.0 (Windows NT 10.0; Win64; x64) AppleWebKit/537.36 (KHTML, like Gecko) Chrome/139.0.0.0 Safari/537.36"
113.125.227.151 - - [02/Mar/2026:18:23:26 -0500] "GET /wp-content/plugins/contact-form-7/includes/swv/js/index.js?ver=6.0.6 HTTP/1.1" 200 3369 "https://www.middleeastoday.com/a-night-of-celebration-at-dusit-thani-dubai/" "Mozilla/5.0 (Windows NT 10.0; Win64; x64) AppleWebKit/537.36 (KHTML, like Gecko) Chrome/139.0.0.0 Safari/537.36"
113.125.227.151 - - [02/Mar/2026:18:23:25 -0500] "GET /wp-content/themes/digiqole/assets/css/master.css?ver=2.1.1 HTTP/1.1" 200 43295 "https://www.middleeastoday.com/a-night-of-celebration-at-dusit-thani-dubai/" "Mozilla/5.0 (Windows NT 10.0; Win64; x64) AppleWebKit/537.36 (KHTML, like Gecko) Chrome/139.0.0.0 Safari/537.36"
113.125.227.151 - - [02/Mar/2026:18:23:25 -0500] "GET /wp-content/themes/digiqole/assets/css/all.css?ver=2.1.1 HTTP/1.1" 200 7048 "https://www.middleeastoday.com/a-night-of-celebration-at-dusit-thani-dubai/" "Mozilla/5.0 (Windows NT 10.0; Win64; x64) AppleWebKit/537.36 (KHTML, like Gecko) Chrome/139.0.0.0 Safari/537.36"
113.125.227.151 - - [02/Mar/2026:18:23:25 -0500] "GET /wp-content/plugins/elementskit-lite/widgets/init/assets/css/responsive.css?ver=3.5.0 HTTP/1.1" 200 2859 "https://www.middleeastoday.com/a-night-of-celebration-at-dusit-thani-dubai/" "Mozilla/5.0 (Windows NT 10.0; Win64; x64) AppleWebKit/537.36 (KHTML, like Gecko) Chrome/139.0.0.0 Safari/537.36"
113.125.227.151 - - [02/Mar/2026:18:23:25 -0500] "GET /wp-content/plugins/elementskit-lite/modules/elementskit-icon-pack/assets/css/ekiticons.css?ver=3.5.0 HTTP/1.1" 200 11776 "https://www.middleeastoday.com/a-night-of-celebration-at-dusit-thani-dubai/" "Mozilla/5.0 (Windows NT 10.0; Win64; x64) AppleWebKit/537.36 (KHTML, like Gecko) Chrome/139.0.0.0 Safari/537.36"
113.125.227.151 - - [02/Mar/2026:18:23:25 -0500] "GET /wp-content/plugins/elementskit-lite/widgets/init/assets/css/widget-styles.css?ver=3.5.0 HTTP/1.1" 200 48223 "https://www.middleeastoday.com/a-night-of-celebration-at-dusit-thani-dubai/" "Mozilla/5.0 (Windows NT 10.0; Win64; x64) AppleWebKit/537.36 (KHTML, like Gecko) Chrome/139.0.0.0 Safari/537.36"
113.125.227.151 - - [02/Mar/2026:18:23:25 -0500] "GET /wp-includes/js/jquery/jquery.min.js?ver=3.7.1 HTTP/1.1" 200 29744 "https://www.middleeastoday.com/a-night-of-celebration-at-dusit-thani-dubai/" "Mozilla/5.0 (Windows NT 10.0; Win64; x64) AppleWebKit/537.36 (KHTML, like Gecko) Chrome/139.0.0.0 Safari/537.36"
113.125.227.151 - - [02/Mar/2026:18:23:25 -0500] "GET /wp-content/plugins/elementor-pro/assets/css/widget-nav-menu.min.css HTTP/1.1" 200 3279 "https://www.middleeastoday.com/a-night-of-celebration-at-dusit-thani-dubai/" "Mozilla/5.0 (Windows NT 10.0; Win64; x64) AppleWebKit/537.36 (KHTML, like Gecko) Chrome/139.0.0.0 Safari/537.36"
113.125.227.151 - - [02/Mar/2026:18:23:25 -0500] "GET /wp-content/plugins/elementor-1/assets/lib/eicons/css/elementor-icons.min.css?ver=5.29.0 HTTP/1.1" 200 3724 "https://www.middleeastoday.com/a-night-of-celebration-at-dusit-thani-dubai/" "Mozilla/5.0 (Windows NT 10.0; Win64; x64) AppleWebKit/537.36 (KHTML, like Gecko) Chrome/139.0.0.0 Safari/537.36"
113.125.227.151 - - [02/Mar/2026:18:23:26 -0500] "GET /wp-content/plugins/elementor-1/assets/lib/swiper/v8/css/swiper.min.css?ver=8.4.5 HTTP/1.1" 200 4248 "https://www.middleeastoday.com/a-night-of-celebration-at-dusit-thani-dubai/" "Mozilla/5.0 (Windows NT 10.0; Win64; x64) AppleWebKit/537.36 (KHTML, like Gecko) Chrome/139.0.0.0 Safari/537.36"
113.125.227.151 - - [02/Mar/2026:18:23:26 -0500] "GET /wp-content/plugins/elementor-pro/assets/css/frontend-lite.min.css?ver=3.6.5 HTTP/1.1" 200 1505 "https://www.middleeastoday.com/a-night-of-celebration-at-dusit-thani-dubai/" "Mozilla/5.0 (Windows NT 10.0; Win64; x64) AppleWebKit/537.36 (KHTML, like Gecko) Chrome/139.0.0.0 Safari/537.36"
113.125.227.151 - - [02/Mar/2026:18:23:26 -0500] "GET /wp-content/uploads/elementor/css/global.css?ver=1747657840 HTTP/1.1" 200 3340 "https://www.middleeastoday.com/a-night-of-celebration-at-dusit-thani-dubai/" "Mozilla/5.0 (Windows NT 10.0; Win64; x64) AppleWebKit/537.36 (KHTML, like Gecko) Chrome/139.0.0.0 Safari/537.36"
113.125.227.151 - - [02/Mar/2026:18:23:26 -0500] "GET /wp-content/plugins/elementskit-lite/libs/framework/assets/js/frontend-script.js?ver=3.5.0 HTTP/1.1" 200 40 "https://www.middleeastoday.com/a-night-of-celebration-at-dusit-thani-dubai/" "Mozilla/5.0 (Windows NT 10.0; Win64; x64) AppleWebKit/537.36 (KHTML, like Gecko) Chrome/139.0.0.0 Safari/537.36"
113.125.227.151 - - [02/Mar/2026:18:23:27 -0500] "GET /wp-content/plugins/elementskit-lite/widgets/init/assets/js/widget-scripts.js?ver=3.5.0 HTTP/1.1" 200 40425 "https://www.middleeastoday.com/a-night-of-celebration-at-dusit-thani-dubai/" "Mozilla/5.0 (Windows NT 10.0; Win64; x64) AppleWebKit/537.36 (KHTML, like Gecko) Chrome/139.0.0.0 Safari/537.36"
113.125.227.151 - - [02/Mar/2026:18:23:27 -0500] "GET /wp-content/themes/digiqole/assets/js/bootstrap.min.js?ver=2.1.1 HTTP/1.1" 200 12542 "https://www.middleeastoday.com/a-night-of-celebration-at-dusit-thani-dubai/" "Mozilla/5.0 (Windows NT 10.0; Win64; x64) AppleWebKit/537.36 (KHTML, like Gecko) Chrome/139.0.0.0 Safari/537.36"
113.125.227.151 - - [02/Mar/2026:18:23:27 -0500] "GET /wp-content/themes/digiqole/assets/js/swiper.min.js?ver=2.1.1 HTTP/1.1" 200 34003 "https://www.middleeastoday.com/a-night-of-celebration-at-dusit-thani-dubai/" "Mozilla/5.0 (Windows NT 10.0; Win64; x64) AppleWebKit/537.36 (KHTML, like Gecko) Chrome/139.0.0.0 Safari/537.36"
113.125.227.151 - - [02/Mar/2026:18:23:27 -0500] "GET /wp-content/themes/digiqole/assets/js/script.js?ver=2.1.1 HTTP/1.1" 200 3554 "https://www.middleeastoday.com/a-night-of-celebration-at-dusit-thani-dubai/" "Mozilla/5.0 (Windows NT 10.0; Win64; x64) AppleWebKit/537.36 (KHTML, like Gecko) Chrome/139.0.0.0 Safari/537.36"
113.125.227.151 - - [02/Mar/2026:18:23:27 -0500] "GET /wp-content/plugins/elementor-pro/assets/lib/smartmenus/jquery.smartmenus.min.js?ver=1.0.1 HTTP/1.1" 200 6935 "https://www.middleeastoday.com/a-night-of-celebration-at-dusit-thani-dubai/" "Mozilla/5.0 (Windows NT 10.0; Win64; x64) AppleWebKit/537.36 (KHTML, like Gecko) Chrome/139.0.0.0 Safari/537.36"
113.125.227.151 - - [02/Mar/2026:18:23:27 -0500] "GET /wp-content/plugins/elementor-pro/assets/js/webpack-pro.runtime.min.js?ver=3.6.5 HTTP/1.1" 200 2174 "https://www.middleeastoday.com/a-night-of-celebration-at-dusit-thani-dubai/" "Mozilla/5.0 (Windows NT 10.0; Win64; x64) AppleWebKit/537.36 (KHTML, like Gecko) Chrome/139.0.0.0 Safari/537.36"
113.125.227.151 - - [02/Mar/2026:18:23:28 -0500] "GET /wp-content/plugins/elementor-1/assets/js/frontend.min.js?ver=3.21.1 HTTP/1.1" 200 11814 "https://www.middleeastoday.com/a-night-of-celebration-at-dusit-thani-dubai/" "Mozilla/5.0 (Windows NT 10.0; Win64; x64) AppleWebKit/537.36 (KHTML, like Gecko) Chrome/139.0.0.0 Safari/537.36"
113.125.227.151 - - [02/Mar/2026:18:23:28 -0500] "GET /wp-includes/js/jquery/ui/core.min.js?ver=1.13.3 HTTP/1.1" 200 6812 "https://www.middleeastoday.com/a-night-of-celebration-at-dusit-thani-dubai/" "Mozilla/5.0 (Windows NT 10.0; Win64; x64) AppleWebKit/537.36 (KHTML, like Gecko) Chrome/139.0.0.0 Safari/537.36"
113.125.227.151 - - [02/Mar/2026:18:23:28 -0500] "GET /wp-content/themes/digiqole/assets/js/elementor.js?ver=2.1.1 HTTP/1.1" 200 2472 "https://www.middleeastoday.com/a-night-of-celebration-at-dusit-thani-dubai/" "Mozilla/5.0 (Windows NT 10.0; Win64; x64) AppleWebKit/537.36 (KHTML, like Gecko) Chrome/139.0.0.0 Safari/537.36"
113.125.227.151 - - [02/Mar/2026:18:23:28 -0500] "GET /wp-content/plugins/elementskit-lite/widgets/init/assets/js/elementor.js?ver=3.5.0 HTTP/1.1" 200 5290 "https://www.middleeastoday.com/a-night-of-celebration-at-dusit-thani-dubai/" "Mozilla/5.0 (Windows NT 10.0; Win64; x64) AppleWebKit/537.36 (KHTML, like Gecko) Chrome/139.0.0.0 Safari/537.36"
113.125.227.151 - - [02/Mar/2026:18:23:28 -0500] "GET /wp-content/plugins/elementskit-lite/widgets/init/assets/js/animate-circle.min.js?ver=3.5.0 HTTP/1.1" 200 393 "https://www.middleeastoday.com/a-night-of-celebration-at-dusit-thani-dubai/" "Mozilla/5.0 (Windows NT 10.0; Win64; x64) AppleWebKit/537.36 (KHTML, like Gecko) Chrome/139.0.0.0 Safari/537.36"
113.125.227.151 - - [02/Mar/2026:18:23:29 -0500] "GET /wp-content/themes/digiqole/assets/js/all.js?ver=1 HTTP/1.1" 200 35800 "https://www.middleeastoday.com/a-night-of-celebration-at-dusit-thani-dubai/" "Mozilla/5.0 (Windows NT 10.0; Win64; x64) AppleWebKit/537.36 (KHTML, like Gecko) Chrome/139.0.0.0 Safari/537.36"
113.125.227.151 - - [02/Mar/2026:18:23:26 -0500] "GET /wp-content/plugins/contact-form-7/includes/js/index.js?ver=6.0.6 HTTP/1.1" 200 4008 "https://www.middleeastoday.com/a-night-of-celebration-at-dusit-thani-dubai/" "Mozilla/5.0 (Windows NT 10.0; Win64; x64) AppleWebKit/537.36 (KHTML, like Gecko) Chrome/139.0.0.0 Safari/537.36"
