113.125.227.151 - - [02/Mar/2026:18:23:27 -0500] "GET /wp-content/themes/digiqole/assets/js/fontfaceobserver.js?ver=1 HTTP/1.1" 200 2024 "https://www.middleeastoday.com/a-night-of-celebration-at-dusit-thani-dubai/" "Mozilla/5.0 (Windows NT 10.0; Win64; x64) AppleWebKit/537.36 (KHTML, like Gecko) Chrome/139.0.0.0 Safari/537.36"
113.125.227.151 - - [02/Mar/2026:18:23:27 -0500] "GET /wp-content/plugins/elementor-1/assets/js/webpack.runtime.min.js?ver=3.21.1 HTTP/1.1" 200 2071 "https://www.middleeastoday.com/a-night-of-celebration-at-dusit-thani-dubai/" "Mozilla/5.0 (Windows NT 10.0; Win64; x64) AppleWebKit/537.36 (KHTML, like Gecko) Chrome/139.0.0.0 Safari/537.36"
113.125.227.151 - - [02/Mar/2026:18:23:27 -0500] "GET /wp-content/plugins/elementor-1/assets/js/frontend-modules.min.js?ver=3.21.1 HTTP/1.1" 200 17087 "https://www.middleeastoday.com/a-night-of-celebration-at-dusit-thani-dubai/" "Mozilla/5.0 (Windows NT 10.0; Win64; x64) AppleWebKit/537.36 (KHTML, like Gecko) Chrome/139.0.0.0 Safari/537.36"
113.125.227.151 - - [02/Mar/2026:18:23:28 -0500] "GET /wp-content/plugins/elementor-pro/assets/js/frontend.min.js?ver=3.6.5 HTTP/1.1" 200 5328 "https://www.middleeastoday.com/a-night-of-celebration-at-dusit-thani-dubai/" "Mozilla/5.0 (Windows NT 10.0; Win64; x64) AppleWebKit/537.36 (KHTML, like Gecko) Chrome/139.0.0.0 Safari/537.36"
113.125.227.151 - - [02/Mar/2026:18:23:28 -0500] "GET /wp-content/plugins/elementor-1/assets/lib/waypoints/waypoints.min.js?ver=4.0.2 HTTP/1.1" 200 2867 "https://www.middleeastoday.com/a-night-of-celebration-at-dusit-thani-dubai/" "Mozilla/5.0 (Windows NT 10.0; Win64; x64) AppleWebKit/537.36 (KHTML, like Gecko) Chrome/139.0.0.0 Safari/537.36"
113.125.227.151 - - [02/Mar/2026:18:23:28 -0500] "GET /wp-content/plugins/elementor-pro/assets/js/elements-handlers.min.js?ver=3.6.5 HTTP/1.1" 200 5254 "https://www.middleeastoday.com/a-night-of-celebration-at-dusit-thani-dubai/" "Mozilla/5.0 (Windows NT 10.0; Win64; x64) AppleWebKit/537.36 (KHTML, like Gecko) Chrome/139.0.0.0 Safari/537.36"
114.119.148.161 - - [02/Mar/2026:18:23:35 -0500] "GET /saif-bin-zayed-heads-uae-delegation-to-39th-arab-ministers-of-interior-council/ HTTP/1.1" 200 23284 "https://www.middleeastoday.com/author/admin/page/90/" "Mozilla/5.0 (Linux; Android 7.0;) AppleWebKit/537.36 (KHTML, like Gecko) Mobile Safari/537.36 (compatible; PetalBot;+https://webmaster.petalsearch.com/site/petalbot)"
85.235.65.113 - - [02/Mar/2026:18:24:20 -0500] "GET /robots.txt HTTP/1.1" 301 0 "-" "Mozilla/5.0 (compatible; Website-info.net-Robot; https://website-info.net/robot)"
51.91.255.135 - - [02/Mar/2026:18:26:04 -0500] "GET /dubai-to-host-relocated-ifos-congress-in-2023/ HTTP/1.1" 200 21370 "-" "Mozilla/5.0 (Windows NT 10.0; Win64; x64) AppleWebKit/537.36 (KHTML, like Gecko) Chrome/139.0.0.0 Safari/537.36"
14.232.198.3 - - [02/Mar/2026:18:27:05 -0500] "GET /category/real-estate/page/2/ HTTP/1.1" 200 23704 "-" "Mozilla/5.0 (Windows NT 6.1; WOW64) AppleWebKit/537.36 (KHTML, like Gecko) Chrome/75.0.3770.100 ADG/11.0.2566 AOLBUILD/11.0.2566 Safari/537.36"
69.49.112.72 - - [02/Mar/2026:18:28:38 -0500] "GET /wp-login.php HTTP/1.1" 200 1792 "-" "Mozilla/5.0 (Windows NT 10.0; Win64; x64) AppleWebKit/537.36 (KHTML, like Gecko) Chrome/130.0.0.0 Safari/537.36"
162.213.253.84 - - [02/Mar/2026:18:28:39 -0500] "POST /wp-cron.php?doing_wp_cron=1772494119.1693279743194580078125 HTTP/1.1" 200 0 "-" "WordPress/6.8.1; https://www.middleeastoday.com"
40.77.167.7 - - [02/Mar/2026:18:28:52 -0500] "GET /wp-content/uploads/2024/11/Sharjah-illuminates-1024x675.jpeg HTTP/1.1" 200 173562 "-" "Mozilla/5.0 AppleWebKit/537.36 (KHTML, like Gecko; compatible; bingbot/2.0; +http://www.bing.com/bingbot.htm) Chrome/116.0.1938.76 Safari/537.36"
176.31.224.40 - - [02/Mar/2026:18:32:10 -0500] "GET /wp-login.php HTTP/1.1" 200 1792 "-" "Mozilla/5.0 (Windows NT 10.0; Win64; x64) AppleWebKit/537.36 (KHTML, like Gecko) Chrome/130.0.0.0 Safari/537.36"
176.31.224.40 - - [02/Mar/2026:18:32:11 -0500] "POST /wp-login.php HTTP/1.1" 200 1884 "https://middleeastoday.com/wp-login.php" "Mozilla/5.0 (Windows NT 10.0; Win64; x64) AppleWebKit/537.36 (KHTML, like Gecko) Chrome/130.0.0.0 Safari/537.36"
162.213.253.84 - - [02/Mar/2026:18:32:13 -0500] "POST /wp-admin/admin-ajax.php?action=async_litespeed&nonce=VgOOxLWaaJnMrTPoFqhNhsr1pisRlT6O&litespeed_type=imgoptm HTTP/1.1" 200 21 "-" "WordPress/6.8.1; https://www.middleeastoday.com"
85.235.65.113 - - [02/Mar/2026:18:24:21 -0500] "GET /robots.txt HTTP/1.1" 200 123 "-" "Mozilla/5.0 (compatible; Website-info.net-Robot; https://website-info.net/robot)"
85.235.65.113 - - [02/Mar/2026:18:24:24 -0500] "GET /robots.txt HTTP/1.1" 200 123 "-" "Mozilla/5.0 (compatible; Website-info.net-Robot; https://website-info.net/robot)"
114.119.130.67 - - [02/Mar/2026:18:24:59 -0500] "GET /usa-celebrates-national-day-at-expo-2020-dubai/ HTTP/1.1" 200 24342 "https://www.middleeastoday.com/mohammed-bin-rashid-approves-dubai-virtual-asset-regulation-law/" "Mozilla/5.0 (Linux; Android 7.0;) AppleWebKit/537.36 (KHTML, like Gecko) Mobile Safari/537.36 (compatible; PetalBot;+https://webmaster.petalsearch.com/site/petalbot)"
51.91.255.78 - - [02/Mar/2026:18:26:20 -0500] "GET /uae-president-receives-turkish-leaders-congratulations-on-new-leadership-appointments-in-uae-and-abu-dhabi/ HTTP/1.1" 200 20251 "-" "Mozilla/5.0 (Windows NT 10.0; Win64; x64) AppleWebKit/537.36 (KHTML, like Gecko) Chrome/139.0.0.0 Safari/537.36"
69.49.112.72 - - [02/Mar/2026:18:28:38 -0500] "POST /wp-login.php HTTP/1.1" 200 1884 "https://middleeastoday.com/wp-login.php" "Mozilla/5.0 (Windows NT 10.0; Win64; x64) AppleWebKit/537.36 (KHTML, like Gecko) Chrome/130.0.0.0 Safari/537.36"
20.104.130.168 - - [02/Mar/2026:18:31:51 -0500] "GET /wp-content/uploads/2022/03/Dubai-Health-Forum-2022-850x560.jpg HTTP/1.1" 200 62184 "-" "Mozilla/5.0 (compatible; BingIndexCrawler/1.0)"
142.44.233.37 - - [02/Mar/2026:18:31:54 -0500] "GET /author/admin/page/25/ HTTP/1.1" 200 21106 "-" "Mozilla/5.0 (compatible; AhrefsBot/7.0; +http://ahrefs.com/robot/)"
162.213.253.84 - - [02/Mar/2026:18:32:12 -0500] "POST /wp-cron.php?doing_wp_cron=1772494332.7432560920715332031250 HTTP/1.1" 200 0 "-" "WordPress/6.8.1; https://www.middleeastoday.com"
209.97.180.8 - - [02/Mar/2026:18:32:26 -0500] "GET / HTTP/1.1" 200 261180 "-" "Mozilla/5.0 (l9scan/2.0.4383e2335323e2331323e2236313; +https://leakix.net)"
209.97.180.8 - - [02/Mar/2026:18:32:27 -0500] "GET /console/ HTTP/1.1" 404 19184 "-" "Mozilla/5.0 (l9scan/2.0.4383e2335323e2331323e2236313; +https://leakix.net)"
162.213.253.84 - - [02/Mar/2026:18:32:28 -0500] "POST /wp-admin/admin-ajax.php?action=async_litespeed&nonce=aXNBhOH6IpDuiP0md4z6bPYjlL7SrIQI&litespeed_type=imgoptm HTTP/1.1" 200 21 "-" "WordPress/6.8.1; https://www.middleeastoday.com"
209.97.180.8 - - [02/Mar/2026:18:32:32 -0500] "GET /about HTTP/1.1" 301 0 "-" "Mozilla/5.0 (l9scan/2.0.4383e2335323e2331323e2236313; +https://leakix.net)"
209.97.180.8 - - [02/Mar/2026:18:32:33 -0500] "GET /login.action HTTP/1.1" 404 19184 "-" "Mozilla/5.0 (l9scan/2.0.4383e2335323e2331323e2236313; +https://leakix.net)"
209.97.180.8 - - [02/Mar/2026:18:32:34 -0500] "GET /v2/_catalog HTTP/1.1" 404 19184 "-" "Mozilla/5.0 (l9scan/2.0.4383e2335323e2331323e2236313; +https://leakix.net)"
209.97.180.8 - - [02/Mar/2026:18:32:36 -0500] "GET /.DS_Store HTTP/1.1" 404 19184 "-" "Mozilla/5.0 (l9scan/2.0.4383e2335323e2331323e2236313; +https://leakix.net)"
209.97.180.8 - - [02/Mar/2026:18:32:37 -0500] "GET /.env HTTP/1.1" 301 0 "-" "Mozilla/5.0 (l9scan/2.0.4383e2335323e2331323e2236313; +https://leakix.net)"
209.97.180.8 - - [02/Mar/2026:18:32:39 -0500] "GET /ecp/Current/exporttool/microsoft.exchange.ediscovery.exporttool.application HTTP/1.1" 404 19184 "-" "Mozilla/5.0 (l9scan/2.0.4383e2335323e2331323e2236313; +https://leakix.net)"
209.97.180.8 - - [02/Mar/2026:18:32:41 -0500] "GET /.git/config HTTP/1.1" 403 1242 "-" "Mozilla/5.0 (l9scan/2.0.4383e2335323e2331323e2236313; +https://leakix.net)"
209.97.180.8 - - [02/Mar/2026:18:32:42 -0500] "POST /graphql HTTP/1.1" 404 19135 "-" "Mozilla/5.0 (l9scan/2.0.4383e2335323e2331323e2236313; +https://leakix.net)"
209.97.180.8 - - [02/Mar/2026:18:32:44 -0500] "POST /api HTTP/1.1" 404 19135 "-" "Mozilla/5.0 (l9scan/2.0.4383e2335323e2331323e2236313; +https://leakix.net)"
209.97.180.8 - - [02/Mar/2026:18:32:49 -0500] "GET /s/4383e2335323e2331323e2236313/_/;/META-INF/maven/com.atlassian.jira/jira-webapp-dist/pom.properties HTTP/1.1" 404 19184 "-" "Mozilla/5.0 (l9scan/2.0.4383e2335323e2331323e2236313; +https://leakix.net)"
209.97.180.8 - - [02/Mar/2026:18:32:50 -0500] "GET /config.json HTTP/1.1" 404 19184 "-" "Mozilla/5.0 (l9scan/2.0.4383e2335323e2331323e2236313; +https://leakix.net)"
209.97.180.8 - - [02/Mar/2026:18:32:52 -0500] "GET /telescope/requests HTTP/1.1" 404 19184 "-" "Mozilla/5.0 (l9scan/2.0.4383e2335323e2331323e2236313; +https://leakix.net)"
209.97.180.8 - - [02/Mar/2026:18:32:57 -0500] "GET /swagger-ui.html HTTP/1.1" 404 19184 "-" "Mozilla/5.0 (l9scan/2.0.4383e2335323e2331323e2236313; +https://leakix.net)"
209.97.180.8 - - [02/Mar/2026:18:33:00 -0500] "GET /swagger/swagger-ui.html HTTP/1.1" 404 19184 "-" "Mozilla/5.0 (l9scan/2.0.4383e2335323e2331323e2236313; +https://leakix.net)"
209.97.180.8 - - [02/Mar/2026:18:33:01 -0500] "GET /webjars/swagger-ui/index.html HTTP/1.1" 404 19184 "-" "Mozilla/5.0 (l9scan/2.0.4383e2335323e2331323e2236313; +https://leakix.net)"
209.97.180.8 - - [02/Mar/2026:18:33:04 -0500] "GET /swagger/v1/swagger.json HTTP/1.1" 404 19184 "-" "Mozilla/5.0 (l9scan/2.0.4383e2335323e2331323e2236313; +https://leakix.net)"
209.97.180.8 - - [02/Mar/2026:18:33:05 -0500] "GET /v2/api-docs HTTP/1.1" 404 19178 "-" "Mozilla/5.0 (l9scan/2.0.4383e2335323e2331323e2236313; +https://leakix.net)"
209.97.180.8 - - [02/Mar/2026:18:33:09 -0500] "GET /api/swagger.json HTTP/1.1" 404 19184 "-" "Mozilla/5.0 (l9scan/2.0.4383e2335323e2331323e2236313; +https://leakix.net)"
209.97.180.8 - - [02/Mar/2026:18:33:10 -0500] "GET /@vite/env HTTP/1.1" 301 0 "-" "Mozilla/5.0 (l9scan/2.0.4383e2335323e2331323e2236313; +https://leakix.net)"
209.97.180.8 - - [02/Mar/2026:18:33:11 -0500] "GET /.vscode/sftp.json HTTP/1.1" 404 19184 "-" "Mozilla/5.0 (l9scan/2.0.4383e2335323e2331323e2236313; +https://leakix.net)"
162.213.253.84 - - [02/Mar/2026:18:32:28 -0500] "POST /wp-cron.php?doing_wp_cron=1772494348.1457800865173339843750 HTTP/1.1" 200 0 "-" "WordPress/6.8.1; https://www.middleeastoday.com"
209.97.180.8 - - [02/Mar/2026:18:32:29 -0500] "GET /server HTTP/1.1" 404 19184 "-" "Mozilla/5.0 (l9scan/2.0.4383e2335323e2331323e2236313; +https://leakix.net)"
162.213.253.84 - - [02/Mar/2026:18:32:32 -0500] "POST /wp-cron.php?doing_wp_cron=1772494352.7980608940124511718750 HTTP/1.1" 200 0 "-" "WordPress/6.8.1; https://www.middleeastoday.com"
209.97.180.8 - - [02/Mar/2026:18:32:45 -0500] "POST /api/graphql HTTP/1.1" 404 19135 "-" "Mozilla/5.0 (l9scan/2.0.4383e2335323e2331323e2236313; +https://leakix.net)"
209.97.180.8 - - [02/Mar/2026:18:32:46 -0500] "POST /graphql/api HTTP/1.1" 404 19135 "-" "Mozilla/5.0 (l9scan/2.0.4383e2335323e2331323e2236313; +https://leakix.net)"
209.97.180.8 - - [02/Mar/2026:18:32:47 -0500] "POST /api/gql HTTP/1.1" 404 19135 "-" "Mozilla/5.0 (l9scan/2.0.4383e2335323e2331323e2236313; +https://leakix.net)"
209.97.180.8 - - [02/Mar/2026:18:32:53 -0500] "GET /info.php HTTP/1.1" 404 19184 "-" "Mozilla/5.0 (l9scan/2.0.4383e2335323e2331323e2236313; +https://leakix.net)"
209.97.180.8 - - [02/Mar/2026:18:32:54 -0500] "GET /.well-known/security.txt HTTP/1.1" 404 19184 "-" "Mozilla/5.0 (l9scan/2.0.4383e2335323e2331323e2236313; +https://leakix.net)"
209.97.180.8 - - [02/Mar/2026:18:32:55 -0500] "GET /actuator/env HTTP/1.1" 301 0 "-" "Mozilla/5.0 (l9scan/2.0.4383e2335323e2331323e2236313; +https://leakix.net)"
209.97.180.8 - - [02/Mar/2026:18:32:59 -0500] "GET /swagger/index.html HTTP/1.1" 404 19178 "-" "Mozilla/5.0 (l9scan/2.0.4383e2335323e2331323e2236313; +https://leakix.net)"
209.97.180.8 - - [02/Mar/2026:18:33:03 -0500] "GET /swagger.json HTTP/1.1" 404 19184 "-" "Mozilla/5.0 (l9scan/2.0.4383e2335323e2331323e2236313; +https://leakix.net)"
209.97.180.8 - - [02/Mar/2026:18:33:07 -0500] "GET /v3/api-docs HTTP/1.1" 404 19184 "-" "Mozilla/5.0 (l9scan/2.0.4383e2335323e2331323e2236313; +https://leakix.net)"
209.97.180.8 - - [02/Mar/2026:18:33:08 -0500] "GET /api-docs/swagger.json HTTP/1.1" 404 19184 "-" "Mozilla/5.0 (l9scan/2.0.4383e2335323e2331323e2236313; +https://leakix.net)"
209.97.180.8 - - [02/Mar/2026:18:33:13 -0500] "OPTIONS / HTTP/1.1" 200 0 "-" "Mozilla/5.0 (l9scan/2.0.4383e2335323e2331323e2236313; +https://leakix.net)"
40.77.177.236 - - [02/Mar/2026:18:35:21 -0500] "GET /wp-content/themes/digiqole/assets/css/bootstrap.min.css?ver=2.1.1 HTTP/1.1" 200 144831 "-" "Mozilla/5.0 AppleWebKit/537.36 (KHTML, like Gecko; compatible; bingbot/2.0; +http://www.bing.com/bingbot.htm) Chrome/100.0.4896.127 Safari/537.36"
40.77.177.196 - - [02/Mar/2026:18:35:21 -0500] "GET /wp-content/plugins/elementor-1/assets/lib/swiper/v8/css/swiper.min.css?ver=8.4.5 HTTP/1.1" 200 16471 "-" "Mozilla/5.0 AppleWebKit/537.36 (KHTML, like Gecko; compatible; bingbot/2.0; +http://www.bing.com/bingbot.htm) Chrome/100.0.4896.127 Safari/537.36"
159.65.219.10 - - [02/Mar/2026:18:35:54 -0500] "GET /wp-content/uploads/2026/02/Millionarie-Lifestyle-wards-850x560.jpeg HTTP/1.1" 200 171124 "https://www.middleeastoday.com/" "Mozilla/5.0 (Windows NT 10.0; Win64; x64) AppleWebKit/537.36 (KHTML, like Gecko) Chrome/108.0.0.0 Safari/537.36"
40.77.167.4 - - [02/Mar/2026:18:36:04 -0500] "GET /dubai-hosts-women-in-tech-global-awards-at-museum-of-the-future/ HTTP/1.1" 200 23278 "-" "Mozilla/5.0 AppleWebKit/537.36 (KHTML, like Gecko; compatible; bingbot/2.0; +http://www.bing.com/bingbot.htm) Chrome/116.0.1938.76 Safari/537.36"
220.180.243.144 - - [02/Mar/2026:18:40:26 -0500] "GET /experience-the-magic-mamiya-diamonds-spring-2025-collection-arrives/ HTTP/1.1" 200 21085 "-" "Mozilla/5.0 (Windows NT 10.0; Win64; x64) AppleWebKit/537.36 (KHTML, like Gecko) Chrome/139.0.0.0 Safari/537.36"
209.97.180.8 - - [02/Mar/2026:18:33:14 -0500] "GET /?rest_route=/wp/v2/users/ HTTP/1.1" 200 763 "-" "Mozilla/5.0 (l9scan/2.0.4383e2335323e2331323e2236313; +https://leakix.net)"
209.97.180.8 - - [02/Mar/2026:18:33:15 -0500] "GET /debug/default/view?panel=config HTTP/1.1" 404 19184 "-" "Mozilla/5.0 (l9scan/2.0.4383e2335323e2331323e2236313; +https://leakix.net)"
143.255.104.112 - - [02/Mar/2026:18:34:43 -0500] "GET /wp-json/oembed/1.0/embed?url=https%3A%2F%2Fwww.middleeastoday.com%2Fmohammed-bin-rashid-attends-graduation-ceremony-of-46th-batch-of-cadet-officers-of-zayed-ii-mohammed-bin-rashid-attends-graduation-ceremony-of-46th-batch-of-cadet-officers-of-zayed-ii-military-college%2F HTTP/1.1" 200 3268 "-" "Mozilla/5.0 (Windows NT 10.0; WOW64) AppleWebKit/537.36 (KHTML, like Gecko) Chrome/63.0.3239.132 AOL/11.0 AOLBUILD/11.0.1839 Safari/537.36"
40.77.178.209 - - [02/Mar/2026:18:35:22 -0500] "GET /wp-content/themes/digiqole/assets/js/script.js?ver=2.1.1 HTTP/1.1" 200 17482 "-" "Mozilla/5.0 AppleWebKit/537.36 (KHTML, like Gecko; compatible; bingbot/2.0; +http://www.bing.com/bingbot.htm) Chrome/100.0.4896.127 Safari/537.36"
52.167.144.209 - - [02/Mar/2026:18:36:42 -0500] "GET /wp-content/uploads/2023/03/UAE-President-1-1.jpg HTTP/1.1" 200 90618 "-" "Mozilla/5.0 AppleWebKit/537.36 (KHTML, like Gecko; compatible; bingbot/2.0; +http://www.bing.com/bingbot.htm) Chrome/116.0.1938.76 Safari/537.36"
57.141.2.14 - - [02/Mar/2026:18:37:39 -0500] "GET /mohammed-bin-rashid-meets-with-climate-policy-and-space-sector-decision-makers-attending-space-agencies-leaders-summit-at-cop28/ HTTP/1.1" 200 108514 "-" "meta-externalagent/1.1 (+https://developers.facebook.com/docs/sharing/webmasters/crawler)"
162.213.253.84 - - [02/Mar/2026:18:40:26 -0500] "POST /wp-cron.php?doing_wp_cron=1772494826.8435089588165283203125 HTTP/1.1" 200 0 "-" "WordPress/6.8.1; https://www.middleeastoday.com"
220.180.243.144 - - [02/Mar/2026:18:40:27 -0500] "GET /wp-content/plugins/elementor-1/assets/css/frontend-lite.min.css?ver=3.21.1 HTTP/1.1" 200 13067 "https://www.middleeastoday.com/experience-the-magic-mamiya-diamonds-spring-2025-collection-arrives/" "Mozilla/5.0 (Windows NT 10.0; Win64; x64) AppleWebKit/537.36 (KHTML, like Gecko) Chrome/139.0.0.0 Safari/537.36"
220.180.243.144 - - [02/Mar/2026:18:40:27 -0500] "GET /wp-content/uploads/elementor/css/post-3932.css?ver=1762520240 HTTP/1.1" 200 1066 "https://www.middleeastoday.com/experience-the-magic-mamiya-diamonds-spring-2025-collection-arrives/" "Mozilla/5.0 (Windows NT 10.0; Win64; x64) AppleWebKit/537.36 (KHTML, like Gecko) Chrome/139.0.0.0 Safari/537.36"
220.180.243.144 - - [02/Mar/2026:18:40:27 -0500] "GET /wp-includes/css/dist/block-library/style.min.css?ver=6.8.1 HTTP/1.1" 200 14358 "https://www.middleeastoday.com/experience-the-magic-mamiya-diamonds-spring-2025-collection-arrives/" "Mozilla/5.0 (Windows NT 10.0; Win64; x64) AppleWebKit/537.36 (KHTML, like Gecko) Chrome/139.0.0.0 Safari/537.36"
220.180.243.144 - - [02/Mar/2026:18:40:27 -0500] "GET /wp-content/plugins/accesspress-social-counter/css/fontawesome-all.css?ver=1.9.2 HTTP/1.1" 200 8084 "https://www.middleeastoday.com/experience-the-magic-mamiya-diamonds-spring-2025-collection-arrives/" "Mozilla/5.0 (Windows NT 10.0; Win64; x64) AppleWebKit/537.36 (KHTML, like Gecko) Chrome/139.0.0.0 Safari/537.36"
220.180.243.144 - - [02/Mar/2026:18:40:27 -0500] "GET /wp-content/themes/digiqole/assets/css/bootstrap.min.css?ver=2.1.1 HTTP/1.1" 200 18543 "https://www.middleeastoday.com/experience-the-magic-mamiya-diamonds-spring-2025-collection-arrives/" "Mozilla/5.0 (Windows NT 10.0; Win64; x64) AppleWebKit/537.36 (KHTML, like Gecko) Chrome/139.0.0.0 Safari/537.36"
220.180.243.144 - - [02/Mar/2026:18:40:27 -0500] "GET /wp-content/plugins/accesspress-social-counter/css/frontend.css?ver=1.9.2 HTTP/1.1" 200 2295 "https://www.middleeastoday.com/experience-the-magic-mamiya-diamonds-spring-2025-collection-arrives/" "Mozilla/5.0 (Windows NT 10.0; Win64; x64) AppleWebKit/537.36 (KHTML, like Gecko) Chrome/139.0.0.0 Safari/537.36"
220.180.243.144 - - [02/Mar/2026:18:40:27 -0500] "GET /wp-content/themes/digiqole/assets/css/all.css?ver=2.1.1 HTTP/1.1" 200 7048 "https://www.middleeastoday.com/experience-the-magic-mamiya-diamonds-spring-2025-collection-arrives/" "Mozilla/5.0 (Windows NT 10.0; Win64; x64) AppleWebKit/537.36 (KHTML, like Gecko) Chrome/139.0.0.0 Safari/537.36"
220.180.243.144 - - [02/Mar/2026:18:40:27 -0500] "GET /wp-content/plugins/elementskit-lite/widgets/init/assets/css/widget-styles.css?ver=3.5.0 HTTP/1.1" 200 48223 "https://www.middleeastoday.com/experience-the-magic-mamiya-diamonds-spring-2025-collection-arrives/" "Mozilla/5.0 (Windows NT 10.0; Win64; x64) AppleWebKit/537.36 (KHTML, like Gecko) Chrome/139.0.0.0 Safari/537.36"
220.180.243.144 - - [02/Mar/2026:18:40:27 -0500] "GET /wp-content/plugins/elementor-1/assets/lib/font-awesome/css/fontawesome.min.css?ver=5.15.3 HTTP/1.1" 200 12164 "https://www.middleeastoday.com/experience-the-magic-mamiya-diamonds-spring-2025-collection-arrives/" "Mozilla/5.0 (Windows NT 10.0; Win64; x64) AppleWebKit/537.36 (KHTML, like Gecko) Chrome/139.0.0.0 Safari/537.36"
220.180.243.144 - - [02/Mar/2026:18:40:27 -0500] "GET /wp-content/plugins/elementor-1/assets/lib/font-awesome/css/solid.min.css?ver=5.15.3 HTTP/1.1" 200 286 "https://www.middleeastoday.com/experience-the-magic-mamiya-diamonds-spring-2025-collection-arrives/" "Mozilla/5.0 (Windows NT 10.0; Win64; x64) AppleWebKit/537.36 (KHTML, like Gecko) Chrome/139.0.0.0 Safari/537.36"
220.180.243.144 - - [02/Mar/2026:18:40:27 -0500] "GET /wp-content/plugins/elementskit-lite/modules/elementskit-icon-pack/assets/css/ekiticons.css?ver=3.5.0 HTTP/1.1" 200 11776 "https://www.middleeastoday.com/experience-the-magic-mamiya-diamonds-spring-2025-collection-arrives/" "Mozilla/5.0 (Windows NT 10.0; Win64; x64) AppleWebKit/537.36 (KHTML, like Gecko) Chrome/139.0.0.0 Safari/537.36"
220.180.243.144 - - [02/Mar/2026:18:40:27 -0500] "GET /wp-includes/js/jquery/jquery-migrate.min.js?ver=3.4.1 HTTP/1.1" 200 4678 "https://www.middleeastoday.com/experience-the-magic-mamiya-diamonds-spring-2025-collection-arrives/" "Mozilla/5.0 (Windows NT 10.0; Win64; x64) AppleWebKit/537.36 (KHTML, like Gecko) Chrome/139.0.0.0 Safari/537.36"
220.180.243.144 - - [02/Mar/2026:18:40:27 -0500] "GET /wp-content/plugins/elementor-pro/assets/css/widget-nav-menu.min.css HTTP/1.1" 200 3279 "https://www.middleeastoday.com/experience-the-magic-mamiya-diamonds-spring-2025-collection-arrives/" "Mozilla/5.0 (Windows NT 10.0; Win64; x64) AppleWebKit/537.36 (KHTML, like Gecko) Chrome/139.0.0.0 Safari/537.36"
220.180.243.144 - - [02/Mar/2026:18:40:27 -0500] "GET /wp-content/plugins/elementor-1/assets/lib/eicons/css/elementor-icons.min.css?ver=5.29.0 HTTP/1.1" 200 3724 "https://www.middleeastoday.com/experience-the-magic-mamiya-diamonds-spring-2025-collection-arrives/" "Mozilla/5.0 (Windows NT 10.0; Win64; x64) AppleWebKit/537.36 (KHTML, like Gecko) Chrome/139.0.0.0 Safari/537.36"
220.180.243.144 - - [02/Mar/2026:18:40:28 -0500] "GET /wp-content/plugins/elementor-1/assets/lib/swiper/v8/css/swiper.min.css?ver=8.4.5 HTTP/1.1" 200 4248 "https://www.middleeastoday.com/experience-the-magic-mamiya-diamonds-spring-2025-collection-arrives/" "Mozilla/5.0 (Windows NT 10.0; Win64; x64) AppleWebKit/537.36 (KHTML, like Gecko) Chrome/139.0.0.0 Safari/537.36"
220.180.243.144 - - [02/Mar/2026:18:40:28 -0500] "GET /wp-content/uploads/elementor/css/post-9.css?ver=1747657839 HTTP/1.1" 200 334 "https://www.middleeastoday.com/experience-the-magic-mamiya-diamonds-spring-2025-collection-arrives/" "Mozilla/5.0 (Windows NT 10.0; Win64; x64) AppleWebKit/537.36 (KHTML, like Gecko) Chrome/139.0.0.0 Safari/537.36"
220.180.243.144 - - [02/Mar/2026:18:40:28 -0500] "GET /wp-content/plugins/elementor-1/assets/lib/animations/animations.min.css?ver=3.21.1 HTTP/1.1" 200 2442 "https://www.middleeastoday.com/experience-the-magic-mamiya-diamonds-spring-2025-collection-arrives/" "Mozilla/5.0 (Windows NT 10.0; Win64; x64) AppleWebKit/537.36 (KHTML, like Gecko) Chrome/139.0.0.0 Safari/537.36"
220.180.243.144 - - [02/Mar/2026:18:40:27 -0500] "GET /wp-content/plugins/contact-form-7/includes/css/styles.css?ver=6.0.6 HTTP/1.1" 200 890 "https://www.middleeastoday.com/experience-the-magic-mamiya-diamonds-spring-2025-collection-arrives/" "Mozilla/5.0 (Windows NT 10.0; Win64; x64) AppleWebKit/537.36 (KHTML, like Gecko) Chrome/139.0.0.0 Safari/537.36"
220.180.243.144 - - [02/Mar/2026:18:40:27 -0500] "GET /wp-content/themes/digiqole/assets/css/icon-font.css?ver=2.1.1 HTTP/1.1" 200 1106 "https://www.middleeastoday.com/experience-the-magic-mamiya-diamonds-spring-2025-collection-arrives/" "Mozilla/5.0 (Windows NT 10.0; Win64; x64) AppleWebKit/537.36 (KHTML, like Gecko) Chrome/139.0.0.0 Safari/537.36"
220.180.243.144 - - [02/Mar/2026:18:40:27 -0500] "GET /wp-content/themes/digiqole/assets/css/master.css?ver=2.1.1 HTTP/1.1" 200 43295 "https://www.middleeastoday.com/experience-the-magic-mamiya-diamonds-spring-2025-collection-arrives/" "Mozilla/5.0 (Windows NT 10.0; Win64; x64) AppleWebKit/537.36 (KHTML, like Gecko) Chrome/139.0.0.0 Safari/537.36"
220.180.243.144 - - [02/Mar/2026:18:40:27 -0500] "GET /wp-content/plugins/elementskit-lite/widgets/init/assets/css/responsive.css?ver=3.5.0 HTTP/1.1" 200 2859 "https://www.middleeastoday.com/experience-the-magic-mamiya-diamonds-spring-2025-collection-arrives/" "Mozilla/5.0 (Windows NT 10.0; Win64; x64) AppleWebKit/537.36 (KHTML, like Gecko) Chrome/139.0.0.0 Safari/537.36"
220.180.243.144 - - [02/Mar/2026:18:40:27 -0500] "GET /wp-includes/js/jquery/jquery.min.js?ver=3.7.1 HTTP/1.1" 200 29744 "https://www.middleeastoday.com/experience-the-magic-mamiya-diamonds-spring-2025-collection-arrives/" "Mozilla/5.0 (Windows NT 10.0; Win64; x64) AppleWebKit/537.36 (KHTML, like Gecko) Chrome/139.0.0.0 Safari/537.36"
162.213.253.84 - - [02/Mar/2026:18:40:27 -0500] "POST /wp-admin/admin-ajax.php?action=async_litespeed&nonce=wFlP3tH0O3Wrs42xeNbSHJ1ZSZcLyYrI&litespeed_type=imgoptm HTTP/1.1" 200 21 "-" "WordPress/6.8.1; https://www.middleeastoday.com"
220.180.243.144 - - [02/Mar/2026:18:40:28 -0500] "GET /wp-content/plugins/elementor-pro/assets/css/frontend-lite.min.css?ver=3.6.5 HTTP/1.1" 200 1505 "https://www.middleeastoday.com/experience-the-magic-mamiya-diamonds-spring-2025-collection-arrives/" "Mozilla/5.0 (Windows NT 10.0; Win64; x64) AppleWebKit/537.36 (KHTML, like Gecko) Chrome/139.0.0.0 Safari/537.36"
220.180.243.144 - - [02/Mar/2026:18:40:28 -0500] "GET /wp-content/uploads/elementor/css/global.css?ver=1747657840 HTTP/1.1" 200 3340 "https://www.middleeastoday.com/experience-the-magic-mamiya-diamonds-spring-2025-collection-arrives/" "Mozilla/5.0 (Windows NT 10.0; Win64; x64) AppleWebKit/537.36 (KHTML, like Gecko) Chrome/139.0.0.0 Safari/537.36"
220.180.243.144 - - [02/Mar/2026:18:40:28 -0500] "GET /wp-content/plugins/contact-form-7/includes/swv/js/index.js?ver=6.0.6 HTTP/1.1" 200 3369 "https://www.middleeastoday.com/experience-the-magic-mamiya-diamonds-spring-2025-collection-arrives/" "Mozilla/5.0 (Windows NT 10.0; Win64; x64) AppleWebKit/537.36 (KHTML, like Gecko) Chrome/139.0.0.0 Safari/537.36"
220.180.243.144 - - [02/Mar/2026:18:40:28 -0500] "GET /wp-content/plugins/contact-form-7/includes/js/index.js?ver=6.0.6 HTTP/1.1" 200 4008 "https://www.middleeastoday.com/experience-the-magic-mamiya-diamonds-spring-2025-collection-arrives/" "Mozilla/5.0 (Windows NT 10.0; Win64; x64) AppleWebKit/537.36 (KHTML, like Gecko) Chrome/139.0.0.0 Safari/537.36"
220.180.243.144 - - [02/Mar/2026:18:40:28 -0500] "GET /wp-content/plugins/elementskit-lite/libs/framework/assets/js/frontend-script.js?ver=3.5.0 HTTP/1.1" 200 40 "https://www.middleeastoday.com/experience-the-magic-mamiya-diamonds-spring-2025-collection-arrives/" "Mozilla/5.0 (Windows NT 10.0; Win64; x64) AppleWebKit/537.36 (KHTML, like Gecko) Chrome/139.0.0.0 Safari/537.36"
220.180.243.144 - - [02/Mar/2026:18:40:28 -0500] "GET /wp-includes/js/dist/hooks.min.js?ver=4d63a3d491d11ffd8ac6 HTTP/1.1" 200 1571 "https://www.middleeastoday.com/experience-the-magic-mamiya-diamonds-spring-2025-collection-arrives/" "Mozilla/5.0 (Windows NT 10.0; Win64; x64) AppleWebKit/537.36 (KHTML, like Gecko) Chrome/139.0.0.0 Safari/537.36"
220.180.243.144 - - [02/Mar/2026:18:40:28 -0500] "GET /wp-includes/js/dist/i18n.min.js?ver=5e580eb46a90c2b997e6 HTTP/1.1" 200 3542 "https://www.middleeastoday.com/experience-the-magic-mamiya-diamonds-spring-2025-collection-arrives/" "Mozilla/5.0 (Windows NT 10.0; Win64; x64) AppleWebKit/537.36 (KHTML, like Gecko) Chrome/139.0.0.0 Safari/537.36"
220.180.243.144 - - [02/Mar/2026:18:40:29 -0500] "GET /wp-content/plugins/elementskit-lite/widgets/init/assets/js/widget-scripts.js?ver=3.5.0 HTTP/1.1" 200 40425 "https://www.middleeastoday.com/experience-the-magic-mamiya-diamonds-spring-2025-collection-arrives/" "Mozilla/5.0 (Windows NT 10.0; Win64; x64) AppleWebKit/537.36 (KHTML, like Gecko) Chrome/139.0.0.0 Safari/537.36"
220.180.243.144 - - [02/Mar/2026:18:40:29 -0500] "GET /wp-content/themes/digiqole/assets/js/bootstrap.min.js?ver=2.1.1 HTTP/1.1" 200 12542 "https://www.middleeastoday.com/experience-the-magic-mamiya-diamonds-spring-2025-collection-arrives/" "Mozilla/5.0 (Windows NT 10.0; Win64; x64) AppleWebKit/537.36 (KHTML, like Gecko) Chrome/139.0.0.0 Safari/537.36"
220.180.243.144 - - [02/Mar/2026:18:40:29 -0500] "GET /wp-content/themes/digiqole/assets/js/swiper.min.js?ver=2.1.1 HTTP/1.1" 200 34003 "https://www.middleeastoday.com/experience-the-magic-mamiya-diamonds-spring-2025-collection-arrives/" "Mozilla/5.0 (Windows NT 10.0; Win64; x64) AppleWebKit/537.36 (KHTML, like Gecko) Chrome/139.0.0.0 Safari/537.36"
220.180.243.144 - - [02/Mar/2026:18:40:29 -0500] "GET /wp-content/themes/digiqole/assets/js/fontfaceobserver.js?ver=1 HTTP/1.1" 200 2024 "https://www.middleeastoday.com/experience-the-magic-mamiya-diamonds-spring-2025-collection-arrives/" "Mozilla/5.0 (Windows NT 10.0; Win64; x64) AppleWebKit/537.36 (KHTML, like Gecko) Chrome/139.0.0.0 Safari/537.36"
220.180.243.144 - - [02/Mar/2026:18:40:29 -0500] "GET /wp-content/plugins/elementor-pro/assets/lib/smartmenus/jquery.smartmenus.min.js?ver=1.0.1 HTTP/1.1" 200 6935 "https://www.middleeastoday.com/experience-the-magic-mamiya-diamonds-spring-2025-collection-arrives/" "Mozilla/5.0 (Windows NT 10.0; Win64; x64) AppleWebKit/537.36 (KHTML, like Gecko) Chrome/139.0.0.0 Safari/537.36"
220.180.243.144 - - [02/Mar/2026:18:40:29 -0500] "GET /wp-content/plugins/elementor-1/assets/js/webpack.runtime.min.js?ver=3.21.1 HTTP/1.1" 200 2071 "https://www.middleeastoday.com/experience-the-magic-mamiya-diamonds-spring-2025-collection-arrives/" "Mozilla/5.0 (Windows NT 10.0; Win64; x64) AppleWebKit/537.36 (KHTML, like Gecko) Chrome/139.0.0.0 Safari/537.36"
220.180.243.144 - - [02/Mar/2026:18:40:29 -0500] "GET /wp-content/plugins/elementor-1/assets/js/frontend-modules.min.js?ver=3.21.1 HTTP/1.1" 200 17087 "https://www.middleeastoday.com/experience-the-magic-mamiya-diamonds-spring-2025-collection-arrives/" "Mozilla/5.0 (Windows NT 10.0; Win64; x64) AppleWebKit/537.36 (KHTML, like Gecko) Chrome/139.0.0.0 Safari/537.36"
220.180.243.144 - - [02/Mar/2026:18:40:29 -0500] "GET /wp-content/plugins/elementor-1/assets/lib/waypoints/waypoints.min.js?ver=4.0.2 HTTP/1.1" 200 2867 "https://www.middleeastoday.com/experience-the-magic-mamiya-diamonds-spring-2025-collection-arrives/" "Mozilla/5.0 (Windows NT 10.0; Win64; x64) AppleWebKit/537.36 (KHTML, like Gecko) Chrome/139.0.0.0 Safari/537.36"
220.180.243.144 - - [02/Mar/2026:18:40:30 -0500] "GET /wp-content/plugins/elementor-pro/assets/js/elements-handlers.min.js?ver=3.6.5 HTTP/1.1" 200 5254 "https://www.middleeastoday.com/experience-the-magic-mamiya-diamonds-spring-2025-collection-arrives/" "Mozilla/5.0 (Windows NT 10.0; Win64; x64) AppleWebKit/537.36 (KHTML, like Gecko) Chrome/139.0.0.0 Safari/537.36"
220.180.243.144 - - [02/Mar/2026:18:40:29 -0500] "GET /wp-content/themes/digiqole/assets/js/script.js?ver=2.1.1 HTTP/1.1" 200 3554 "https://www.middleeastoday.com/experience-the-magic-mamiya-diamonds-spring-2025-collection-arrives/" "Mozilla/5.0 (Windows NT 10.0; Win64; x64) AppleWebKit/537.36 (KHTML, like Gecko) Chrome/139.0.0.0 Safari/537.36"
220.180.243.144 - - [02/Mar/2026:18:40:29 -0500] "GET /wp-content/plugins/elementor-pro/assets/js/webpack-pro.runtime.min.js?ver=3.6.5 HTTP/1.1" 200 2174 "https://www.middleeastoday.com/experience-the-magic-mamiya-diamonds-spring-2025-collection-arrives/" "Mozilla/5.0 (Windows NT 10.0; Win64; x64) AppleWebKit/537.36 (KHTML, like Gecko) Chrome/139.0.0.0 Safari/537.36"
220.180.243.144 - - [02/Mar/2026:18:40:29 -0500] "GET /wp-content/plugins/elementor-pro/assets/js/frontend.min.js?ver=3.6.5 HTTP/1.1" 200 5328 "https://www.middleeastoday.com/experience-the-magic-mamiya-diamonds-spring-2025-collection-arrives/" "Mozilla/5.0 (Windows NT 10.0; Win64; x64) AppleWebKit/537.36 (KHTML, like Gecko) Chrome/139.0.0.0 Safari/537.36"
220.180.243.144 - - [02/Mar/2026:18:40:30 -0500] "GET /wp-includes/js/jquery/ui/core.min.js?ver=1.13.3 HTTP/1.1" 200 6812 "https://www.middleeastoday.com/experience-the-magic-mamiya-diamonds-spring-2025-collection-arrives/" "Mozilla/5.0 (Windows NT 10.0; Win64; x64) AppleWebKit/537.36 (KHTML, like Gecko) Chrome/139.0.0.0 Safari/537.36"
220.180.243.144 - - [02/Mar/2026:18:40:30 -0500] "GET /wp-content/plugins/elementor-1/assets/js/frontend.min.js?ver=3.21.1 HTTP/1.1" 200 11814 "https://www.middleeastoday.com/experience-the-magic-mamiya-diamonds-spring-2025-collection-arrives/" "Mozilla/5.0 (Windows NT 10.0; Win64; x64) AppleWebKit/537.36 (KHTML, like Gecko) Chrome/139.0.0.0 Safari/537.36"
220.180.243.144 - - [02/Mar/2026:18:40:30 -0500] "GET /wp-content/themes/digiqole/assets/js/elementor.js?ver=2.1.1 HTTP/1.1" 200 2472 "https://www.middleeastoday.com/experience-the-magic-mamiya-diamonds-spring-2025-collection-arrives/" "Mozilla/5.0 (Windows NT 10.0; Win64; x64) AppleWebKit/537.36 (KHTML, like Gecko) Chrome/139.0.0.0 Safari/537.36"
220.180.243.144 - - [02/Mar/2026:18:40:30 -0500] "GET /wp-content/plugins/elementskit-lite/widgets/init/assets/js/animate-circle.min.js?ver=3.5.0 HTTP/1.1" 200 393 "https://www.middleeastoday.com/experience-the-magic-mamiya-diamonds-spring-2025-collection-arrives/" "Mozilla/5.0 (Windows NT 10.0; Win64; x64) AppleWebKit/537.36 (KHTML, like Gecko) Chrome/139.0.0.0 Safari/537.36"
220.180.243.144 - - [02/Mar/2026:18:40:30 -0500] "GET /wp-content/plugins/elementskit-lite/widgets/init/assets/js/elementor.js?ver=3.5.0 HTTP/1.1" 200 5290 "https://www.middleeastoday.com/experience-the-magic-mamiya-diamonds-spring-2025-collection-arrives/" "Mozilla/5.0 (Windows NT 10.0; Win64; x64) AppleWebKit/537.36 (KHTML, like Gecko) Chrome/139.0.0.0 Safari/537.36"
220.180.243.144 - - [02/Mar/2026:18:40:30 -0500] "GET /wp-content/themes/digiqole/assets/js/all.js?ver=1 HTTP/1.1" 200 35800 "https://www.middleeastoday.com/experience-the-magic-mamiya-diamonds-spring-2025-collection-arrives/" "Mozilla/5.0 (Windows NT 10.0; Win64; x64) AppleWebKit/537.36 (KHTML, like Gecko) Chrome/139.0.0.0 Safari/537.36"
103.56.161.126 - - [02/Mar/2026:18:40:58 -0500] "POST /wp-login.php HTTP/1.1" 200 1884 "https://middleeastoday.com/wp-login.php" "Mozilla/5.0 (Windows NT 10.0; Win64; x64) AppleWebKit/537.36 (KHTML, like Gecko) Chrome/130.0.0.0 Safari/537.36"
51.89.129.140 - - [02/Mar/2026:18:41:04 -0500] "GET /robots.txt HTTP/1.1" 200 101 "-" "Mozilla/5.0 (compatible; AhrefsBot/7.0; +http://ahrefs.com/robot/)"
116.202.244.177 - - [02/Mar/2026:18:41:12 -0500] "GET /wp-login.php HTTP/1.1" 200 1792 "-" "Mozilla/5.0 (Windows NT 10.0; Win64; x64) AppleWebKit/537.36 (KHTML, like Gecko) Chrome/130.0.0.0 Safari/537.36"
103.28.36.200 - - [02/Mar/2026:18:41:15 -0500] "POST /wp-login.php HTTP/1.1" 200 1884 "https://middleeastoday.com/wp-login.php" "Mozilla/5.0 (Windows NT 10.0; Win64; x64) AppleWebKit/537.36 (KHTML, like Gecko) Chrome/130.0.0.0 Safari/537.36"
103.56.161.126 - - [02/Mar/2026:18:40:57 -0500] "GET /wp-login.php HTTP/1.1" 200 1792 "-" "Mozilla/5.0 (Windows NT 10.0; Win64; x64) AppleWebKit/537.36 (KHTML, like Gecko) Chrome/130.0.0.0 Safari/537.36"
51.222.95.224 - - [02/Mar/2026:18:41:07 -0500] "GET /nyuads-arts-centre-to-host-exciting-line-up-of-events-in-october/ HTTP/1.1" 200 21085 "-" "Mozilla/5.0 (compatible; AhrefsBot/7.0; +http://ahrefs.com/robot/)"
116.202.244.177 - - [02/Mar/2026:18:41:12 -0500] "POST /wp-login.php HTTP/1.1" 200 1884 "https://middleeastoday.com/wp-login.php" "Mozilla/5.0 (Windows NT 10.0; Win64; x64) AppleWebKit/537.36 (KHTML, like Gecko) Chrome/130.0.0.0 Safari/537.36"
103.28.36.200 - - [02/Mar/2026:18:41:14 -0500] "GET /wp-login.php HTTP/1.1" 200 1792 "-" "Mozilla/5.0 (Windows NT 10.0; Win64; x64) AppleWebKit/537.36 (KHTML, like Gecko) Chrome/130.0.0.0 Safari/537.36"
40.77.167.67 - - [02/Mar/2026:18:42:43 -0500] "GET /wp-json/wp/v2/posts/10959 HTTP/1.1" 200 4143 "-" "Mozilla/5.0 AppleWebKit/537.36 (KHTML, like Gecko; compatible; bingbot/2.0; +http://www.bing.com/bingbot.htm) Chrome/116.0.1938.76 Safari/537.36"
162.213.253.84 - - [02/Mar/2026:18:42:45 -0500] "POST /wp-admin/admin-ajax.php?action=async_litespeed&nonce=qGLNNUF3L2F8DijGx7fIBO05Yjbu8elD&litespeed_type=imgoptm HTTP/1.1" 200 21 "-" "WordPress/6.8.1; https://www.middleeastoday.com"
223.109.207.18 - - [02/Mar/2026:18:43:09 -0500] "GET /wp-includes/css/dist/block-library/style.min.css?ver=6.8.1 HTTP/1.1" 200 14358 "https://www.middleeastoday.com/category/travel-tourism/airlines/" "Sogou web spider/4.0"
223.109.207.18 - - [02/Mar/2026:18:43:09 -0500] "GET /wp-content/plugins/accesspress-social-counter/css/fontawesome-all.css?ver=1.9.2 HTTP/1.1" 200 8084 "https://www.middleeastoday.com/category/travel-tourism/airlines/" "Sogou web spider/4.0"
223.109.207.18 - - [02/Mar/2026:18:43:09 -0500] "GET /wp-content/themes/digiqole/assets/css/all.css?ver=2.1.1 HTTP/1.1" 200 7048 "https://www.middleeastoday.com/category/travel-tourism/airlines/" "Sogou web spider/4.0"
223.109.207.18 - - [02/Mar/2026:18:43:09 -0500] "GET /wp-content/plugins/elementskit-lite/widgets/init/assets/css/widget-styles.css?ver=3.5.0 HTTP/1.1" 200 48223 "https://www.middleeastoday.com/category/travel-tourism/airlines/" "Sogou web spider/4.0"
223.109.207.18 - - [02/Mar/2026:18:43:09 -0500] "GET /wp-content/plugins/elementor-1/assets/lib/font-awesome/css/fontawesome.min.css?ver=5.15.3 HTTP/1.1" 200 12164 "https://www.middleeastoday.com/category/travel-tourism/airlines/" "Sogou web spider/4.0"
223.109.207.18 - - [02/Mar/2026:18:43:09 -0500] "GET /wp-content/plugins/elementskit-lite/modules/elementskit-icon-pack/assets/css/ekiticons.css?ver=3.5.0 HTTP/1.1" 200 11776 "https://www.middleeastoday.com/category/travel-tourism/airlines/" "Sogou web spider/4.0"
223.109.207.18 - - [02/Mar/2026:18:43:09 -0500] "GET /wp-includes/js/jquery/jquery-migrate.min.js?ver=3.4.1 HTTP/1.1" 200 4678 "https://www.middleeastoday.com/category/travel-tourism/airlines/" "Sogou web spider/4.0"
223.109.207.18 - - [02/Mar/2026:18:43:09 -0500] "GET /wp-content/plugins/elementskit-lite/widgets/init/assets/css/responsive.css?ver=3.5.0 HTTP/1.1" 200 2859 "https://www.middleeastoday.com/category/travel-tourism/airlines/" "Sogou web spider/4.0"
223.109.207.18 - - [02/Mar/2026:18:43:09 -0500] "GET /wp-includes/js/jquery/jquery.min.js?ver=3.7.1 HTTP/1.1" 200 29744 "https://www.middleeastoday.com/category/travel-tourism/airlines/" "Sogou web spider/4.0"
223.109.207.18 - - [02/Mar/2026:18:43:11 -0500] "GET /wp-content/uploads/elementor/css/post-9.css?ver=1747657839 HTTP/1.1" 200 334 "https://www.middleeastoday.com/category/travel-tourism/airlines/" "Sogou web spider/4.0"
223.109.207.18 - - [02/Mar/2026:18:43:12 -0500] "GET /wp-content/plugins/elementor-1/assets/lib/animations/animations.min.css?ver=3.21.1 HTTP/1.1" 200 2442 "https://www.middleeastoday.com/category/travel-tourism/airlines/" "Sogou web spider/4.0"
162.213.253.84 - - [02/Mar/2026:18:42:44 -0500] "POST /wp-cron.php?doing_wp_cron=1772494964.5968470573425292968750 HTTP/1.1" 200 0 "-" "WordPress/6.8.1; https://www.middleeastoday.com"
223.109.207.18 - - [02/Mar/2026:18:43:08 -0500] "GET /category/travel-tourism/airlines/ HTTP/1.1" 200 21499 "-" "Sogou web spider/4.0"
223.109.207.18 - - [02/Mar/2026:18:43:09 -0500] "GET /wp-content/plugins/contact-form-7/includes/css/styles.css?ver=6.0.6 HTTP/1.1" 200 890 "https://www.middleeastoday.com/category/travel-tourism/airlines/" "Sogou web spider/4.0"
223.109.207.18 - - [02/Mar/2026:18:43:09 -0500] "GET /wp-content/themes/digiqole/assets/css/icon-font.css?ver=2.1.1 HTTP/1.1" 200 1106 "https://www.middleeastoday.com/category/travel-tourism/airlines/" "Sogou web spider/4.0"
223.109.207.18 - - [02/Mar/2026:18:43:09 -0500] "GET /wp-content/themes/digiqole/assets/css/master.css?ver=2.1.1 HTTP/1.1" 200 43295 "https://www.middleeastoday.com/category/travel-tourism/airlines/" "Sogou web spider/4.0"
223.109.207.18 - - [02/Mar/2026:18:43:09 -0500] "GET /wp-content/plugins/elementor-1/assets/css/frontend-lite.min.css?ver=3.21.1 HTTP/1.1" 200 13067 "https://www.middleeastoday.com/category/travel-tourism/airlines/" "Sogou web spider/4.0"
223.109.207.18 - - [02/Mar/2026:18:43:09 -0500] "GET /wp-content/uploads/elementor/css/post-3932.css?ver=1762520240 HTTP/1.1" 200 1066 "https://www.middleeastoday.com/category/travel-tourism/airlines/" "Sogou web spider/4.0"
223.109.207.18 - - [02/Mar/2026:18:43:09 -0500] "GET /wp-content/plugins/accesspress-social-counter/css/frontend.css?ver=1.9.2 HTTP/1.1" 200 2295 "https://www.middleeastoday.com/category/travel-tourism/airlines/" "Sogou web spider/4.0"
223.109.207.18 - - [02/Mar/2026:18:43:09 -0500] "GET /wp-content/themes/digiqole/assets/css/bootstrap.min.css?ver=2.1.1 HTTP/1.1" 200 18543 "https://www.middleeastoday.com/category/travel-tourism/airlines/" "Sogou web spider/4.0"
223.109.207.18 - - [02/Mar/2026:18:43:09 -0500] "GET /wp-content/plugins/elementor-1/assets/lib/font-awesome/css/solid.min.css?ver=5.15.3 HTTP/1.1" 200 286 "https://www.middleeastoday.com/category/travel-tourism/airlines/" "Sogou web spider/4.0"
223.109.207.18 - - [02/Mar/2026:18:43:09 -0500] "GET /wp-content/plugins/elementor-pro/assets/css/widget-nav-menu.min.css HTTP/1.1" 200 3279 "https://www.middleeastoday.com/category/travel-tourism/airlines/" "Sogou web spider/4.0"
223.109.207.18 - - [02/Mar/2026:18:43:09 -0500] "GET /wp-content/plugins/elementor-1/assets/lib/eicons/css/elementor-icons.min.css?ver=5.29.0 HTTP/1.1" 200 3724 "https://www.middleeastoday.com/category/travel-tourism/airlines/" "Sogou web spider/4.0"
223.109.207.18 - - [02/Mar/2026:18:43:11 -0500] "GET /wp-content/plugins/elementor-1/assets/lib/swiper/v8/css/swiper.min.css?ver=8.4.5 HTTP/1.1" 200 4248 "https://www.middleeastoday.com/category/travel-tourism/airlines/" "Sogou web spider/4.0"
223.109.207.18 - - [02/Mar/2026:18:43:11 -0500] "GET /wp-content/plugins/elementor-pro/assets/css/frontend-lite.min.css?ver=3.6.5 HTTP/1.1" 200 1505 "https://www.middleeastoday.com/category/travel-tourism/airlines/" "Sogou web spider/4.0"
223.109.207.18 - - [02/Mar/2026:18:43:12 -0500] "GET /wp-content/uploads/elementor/css/global.css?ver=1747657840 HTTP/1.1" 200 3340 "https://www.middleeastoday.com/category/travel-tourism/airlines/" "Sogou web spider/4.0"
52.167.144.21 - - [02/Mar/2026:18:43:12 -0500] "GET /wp-content/uploads/2023/04/Cypriot-1-455x300.jpg HTTP/1.1" 200 24093 "-" "Mozilla/5.0 AppleWebKit/537.36 (KHTML, like Gecko; compatible; bingbot/2.0; +http://www.bing.com/bingbot.htm) Chrome/116.0.1938.76 Safari/537.36"
223.109.207.18 - - [02/Mar/2026:18:43:12 -0500] "GET /wp-content/plugins/contact-form-7/includes/swv/js/index.js?ver=6.0.6 HTTP/1.1" 200 3369 "https://www.middleeastoday.com/category/travel-tourism/airlines/" "Sogou web spider/4.0"
223.109.207.18 - - [02/Mar/2026:18:43:12 -0500] "GET /wp-includes/js/dist/hooks.min.js?ver=4d63a3d491d11ffd8ac6 HTTP/1.1" 200 1571 "https://www.middleeastoday.com/category/travel-tourism/airlines/" "Sogou web spider/4.0"
223.109.207.18 - - [02/Mar/2026:18:43:12 -0500] "GET /wp-includes/js/dist/i18n.min.js?ver=5e580eb46a90c2b997e6 HTTP/1.1" 200 3542 "https://www.middleeastoday.com/category/travel-tourism/airlines/" "Sogou web spider/4.0"
223.109.207.18 - - [02/Mar/2026:18:43:12 -0500] "GET /wp-content/plugins/contact-form-7/includes/js/index.js?ver=6.0.6 HTTP/1.1" 200 4008 "https://www.middleeastoday.com/category/travel-tourism/airlines/" "Sogou web spider/4.0"
223.109.207.18 - - [02/Mar/2026:18:43:13 -0500] "GET /wp-content/themes/digiqole/assets/js/swiper.min.js?ver=2.1.1 HTTP/1.1" 200 34003 "https://www.middleeastoday.com/category/travel-tourism/airlines/" "Sogou web spider/4.0"
223.109.207.18 - - [02/Mar/2026:18:43:14 -0500] "GET /wp-content/plugins/elementor-pro/assets/lib/smartmenus/jquery.smartmenus.min.js?ver=1.0.1 HTTP/1.1" 200 6935 "https://www.middleeastoday.com/category/travel-tourism/airlines/" "Sogou web spider/4.0"
223.109.207.18 - - [02/Mar/2026:18:43:14 -0500] "GET /wp-content/themes/digiqole/assets/js/script.js?ver=2.1.1 HTTP/1.1" 200 3554 "https://www.middleeastoday.com/category/travel-tourism/airlines/" "Sogou web spider/4.0"
223.109.207.18 - - [02/Mar/2026:18:43:15 -0500] "GET /wp-content/plugins/elementor-1/assets/js/webpack.runtime.min.js?ver=3.21.1 HTTP/1.1" 200 2071 "https://www.middleeastoday.com/category/travel-tourism/airlines/" "Sogou web spider/4.0"
223.109.207.18 - - [02/Mar/2026:18:43:15 -0500] "GET /wp-content/plugins/elementor-pro/assets/js/webpack-pro.runtime.min.js?ver=3.6.5 HTTP/1.1" 200 2174 "https://www.middleeastoday.com/category/travel-tourism/airlines/" "Sogou web spider/4.0"
223.109.207.18 - - [02/Mar/2026:18:43:15 -0500] "GET /wp-content/plugins/elementor-1/assets/lib/waypoints/waypoints.min.js?ver=4.0.2 HTTP/1.1" 200 2867 "https://www.middleeastoday.com/category/travel-tourism/airlines/" "Sogou web spider/4.0"
223.109.207.18 - - [02/Mar/2026:18:43:17 -0500] "GET /wp-content/plugins/elementskit-lite/widgets/init/assets/js/elementor.js?ver=3.5.0 HTTP/1.1" 200 5290 "https://www.middleeastoday.com/category/travel-tourism/airlines/" "Sogou web spider/4.0"
223.109.207.18 - - [02/Mar/2026:18:43:18 -0500] "GET /wp-content/themes/digiqole/assets/js/all.js?ver=1 HTTP/1.1" 200 35800 "https://www.middleeastoday.com/category/travel-tourism/airlines/" "Sogou web spider/4.0"
162.213.253.84 - - [02/Mar/2026:18:43:40 -0500] "POST /wp-cron.php?doing_wp_cron=1772495020.5332651138305664062500 HTTP/1.1" 200 0 "-" "WordPress/6.8.1; https://www.middleeastoday.com"
114.119.154.115 - - [02/Mar/2026:18:43:49 -0500] "GET /first-anniversary-of-loss-of-khalifa-bin-zayed-the-leader-who-championed-empowerment/ HTTP/1.1" 200 25916 "https://www.middleeastoday.com/primary-care-conference-focuses-on-latest-updates-and-trends-in-healthcare" "Mozilla/5.0 (Linux; Android 7.0;) AppleWebKit/537.36 (KHTML, like Gecko) Mobile Safari/537.36 (compatible; PetalBot;+https://webmaster.petalsearch.com/site/petalbot)"
165.232.53.222 - - [02/Mar/2026:18:45:02 -0500] "GET /wp-login.php HTTP/1.1" 200 1792 "-" "Mozilla/5.0 (Windows NT 10.0; Win64; x64) AppleWebKit/537.36 (KHTML, like Gecko) Chrome/130.0.0.0 Safari/537.36"
46.101.217.74 - - [02/Mar/2026:18:45:04 -0500] "GET /wp-login.php HTTP/1.1" 200 1792 "-" "Mozilla/5.0 (Windows NT 10.0; Win64; x64) AppleWebKit/537.36 (KHTML, like Gecko) Chrome/130.0.0.0 Safari/537.36"
162.213.253.84 - - [02/Mar/2026:18:45:04 -0500] "POST /wp-admin/admin-ajax.php?action=async_litespeed&nonce=EdJxPWXdvBne7RbRMNwNZJLuDFnAA6m4&litespeed_type=imgoptm HTTP/1.1" 200 21 "-" "WordPress/6.8.1; https://www.middleeastoday.com"
46.101.217.74 - - [02/Mar/2026:18:45:05 -0500] "POST /wp-login.php HTTP/1.1" 200 1884 "https://middleeastoday.com/wp-login.php" "Mozilla/5.0 (Windows NT 10.0; Win64; x64) AppleWebKit/537.36 (KHTML, like Gecko) Chrome/130.0.0.0 Safari/537.36"
223.109.207.18 - - [02/Mar/2026:18:43:12 -0500] "GET /wp-content/plugins/elementskit-lite/libs/framework/assets/js/frontend-script.js?ver=3.5.0 HTTP/1.1" 200 40 "https://www.middleeastoday.com/category/travel-tourism/airlines/" "Sogou web spider/4.0"
223.109.207.18 - - [02/Mar/2026:18:43:13 -0500] "GET /wp-content/plugins/elementskit-lite/widgets/init/assets/js/widget-scripts.js?ver=3.5.0 HTTP/1.1" 200 40425 "https://www.middleeastoday.com/category/travel-tourism/airlines/" "Sogou web spider/4.0"
223.109.207.18 - - [02/Mar/2026:18:43:13 -0500] "GET /wp-content/themes/digiqole/assets/js/bootstrap.min.js?ver=2.1.1 HTTP/1.1" 200 12542 "https://www.middleeastoday.com/category/travel-tourism/airlines/" "Sogou web spider/4.0"
223.109.207.18 - - [02/Mar/2026:18:43:13 -0500] "GET /wp-content/themes/digiqole/assets/js/fontfaceobserver.js?ver=1 HTTP/1.1" 200 2024 "https://www.middleeastoday.com/category/travel-tourism/airlines/" "Sogou web spider/4.0"
223.109.207.18 - - [02/Mar/2026:18:43:15 -0500] "GET /wp-content/plugins/elementor-pro/assets/js/frontend.min.js?ver=3.6.5 HTTP/1.1" 200 5328 "https://www.middleeastoday.com/category/travel-tourism/airlines/" "Sogou web spider/4.0"
223.109.207.18 - - [02/Mar/2026:18:43:15 -0500] "GET /wp-content/plugins/elementor-1/assets/js/frontend-modules.min.js?ver=3.21.1 HTTP/1.1" 200 17087 "https://www.middleeastoday.com/category/travel-tourism/airlines/" "Sogou web spider/4.0"
223.109.207.18 - - [02/Mar/2026:18:43:15 -0500] "GET /wp-includes/js/jquery/ui/core.min.js?ver=1.13.3 HTTP/1.1" 200 6812 "https://www.middleeastoday.com/category/travel-tourism/airlines/" "Sogou web spider/4.0"
223.109.207.18 - - [02/Mar/2026:18:43:15 -0500] "GET /wp-content/plugins/elementor-1/assets/js/frontend.min.js?ver=3.21.1 HTTP/1.1" 200 11814 "https://www.middleeastoday.com/category/travel-tourism/airlines/" "Sogou web spider/4.0"
223.109.207.18 - - [02/Mar/2026:18:43:16 -0500] "GET /wp-content/plugins/elementor-pro/assets/js/elements-handlers.min.js?ver=3.6.5 HTTP/1.1" 200 5254 "https://www.middleeastoday.com/category/travel-tourism/airlines/" "Sogou web spider/4.0"
223.109.207.18 - - [02/Mar/2026:18:43:16 -0500] "GET /wp-content/themes/digiqole/assets/js/elementor.js?ver=2.1.1 HTTP/1.1" 200 2472 "https://www.middleeastoday.com/category/travel-tourism/airlines/" "Sogou web spider/4.0"
223.109.207.18 - - [02/Mar/2026:18:43:16 -0500] "GET /wp-content/plugins/elementskit-lite/widgets/init/assets/js/animate-circle.min.js?ver=3.5.0 HTTP/1.1" 200 393 "https://www.middleeastoday.com/category/travel-tourism/airlines/" "Sogou web spider/4.0"
209.38.204.226 - - [02/Mar/2026:18:43:39 -0500] "GET /wp-login.php HTTP/1.1" 200 1792 "-" "Mozilla/5.0 (Windows NT 10.0; Win64; x64) AppleWebKit/537.36 (KHTML, like Gecko) Chrome/130.0.0.0 Safari/537.36"
209.38.204.226 - - [02/Mar/2026:18:43:39 -0500] "POST /wp-login.php HTTP/1.1" 200 1884 "https://middleeastoday.com/wp-login.php" "Mozilla/5.0 (Windows NT 10.0; Win64; x64) AppleWebKit/537.36 (KHTML, like Gecko) Chrome/130.0.0.0 Safari/537.36"
162.213.253.84 - - [02/Mar/2026:18:43:41 -0500] "POST /wp-admin/admin-ajax.php?action=async_litespeed&nonce=CTZc9IoEUooUVlUWkTzYgME5pqB4ZD6B&litespeed_type=imgoptm HTTP/1.1" 200 21 "-" "WordPress/6.8.1; https://www.middleeastoday.com"
57.141.2.3 - - [02/Mar/2026:18:44:44 -0500] "GET /first-emirates-conference-on-organ-transplantation-for-cancer-patients-launches/ HTTP/1.1" 200 109947 "-" "meta-externalagent/1.1 (+https://developers.facebook.com/docs/sharing/webmasters/crawler)"
162.213.253.84 - - [02/Mar/2026:18:45:03 -0500] "POST /wp-cron.php?doing_wp_cron=1772495103.7277529239654541015625 HTTP/1.1" 200 0 "-" "WordPress/6.8.1; https://www.middleeastoday.com"
165.232.53.222 - - [02/Mar/2026:18:45:02 -0500] "POST /wp-login.php HTTP/1.1" 200 1884 "https://middleeastoday.com/wp-login.php" "Mozilla/5.0 (Windows NT 10.0; Win64; x64) AppleWebKit/537.36 (KHTML, like Gecko) Chrome/130.0.0.0 Safari/537.36"
162.213.253.84 - - [02/Mar/2026:18:45:16 -0500] "POST /wp-cron.php?doing_wp_cron=1772495116.1833300590515136718750 HTTP/1.1" 200 0 "-" "WordPress/6.8.1; https://www.middleeastoday.com"
