162.213.253.84 - - [02/Mar/2026:19:15:30 -0500] "POST /wp-admin/admin-ajax.php?action=async_litespeed&nonce=M2uiPmWckLPl7k3DRmhZ26CJJ6dQIT6s&litespeed_type=imgoptm HTTP/1.1" 200 21 "-" "WordPress/6.8.1; https://www.middleeastoday.com"
101.68.50.174 - - [02/Mar/2026:19:16:22 -0500] "GET /favicon.ico HTTP/1.1" 404 1251 "-" "Mozilla/5.066704189 Mozilla/5.0 (Windows NT 6.1; Win64; x64) AppleWebKit/537.36 (KHTML, like Gecko) Chrome/69.0.3497.81 Safari/537.36"
60.16.199.18 - - [02/Mar/2026:19:16:23 -0500] "GET /favicon.ico?v=2.0 HTTP/1.1" 404 1251 "-" "Mozilla/4.074482891 Mozilla/4.0 (compatible; MSIE 8.0; Windows NT 6.1; Trident/4.0"
162.213.253.84 - - [02/Mar/2026:19:16:31 -0500] "POST /wp-cron.php?doing_wp_cron=1772496991.0146000385284423828125 HTTP/1.1" 200 0 "-" "WordPress/6.8.1; https://www.middleeastoday.com"
5.101.50.197 - - [02/Mar/2026:19:20:08 -0500] "POST /wp-login.php HTTP/1.1" 200 2132 "-" "Mozilla/5.0 (Windows NT 10.0) AppleWebKit/537.36 (KHTML, like Gecko) Chrome/137.0.0.0 Safari/537.36"
162.213.253.84 - - [02/Mar/2026:19:20:10 -0500] "POST /wp-admin/admin-ajax.php?action=async_litespeed&nonce=ygqzTqAhR7iOl6BKoMgbkcaXFJ8ZvwSs&litespeed_type=imgoptm HTTP/1.1" 200 21 "-" "WordPress/6.8.1; https://www.middleeastoday.com"
142.44.233.236 - - [02/Mar/2026:19:20:34 -0500] "GET /mohammed-bin-rashid-directs-accommodation-of-all-families-affected-by-rain-floods-in-eastern-region-to-temporarily-shelter-sites/ HTTP/1.1" 200 20119 "-" "Mozilla/5.0 (compatible; AhrefsBot/7.0; +http://ahrefs.com/robot/)"
47.128.125.38 - - [02/Mar/2026:19:22:37 -0500] "GET /robots.txt HTTP/1.1" 200 117 "-" "Mozilla/5.0 (Linux; Android 5.0) AppleWebKit/537.36 (KHTML, like Gecko) Mobile Safari/537.36 (compatible; Bytespider; [email protected])"
162.213.253.84 - - [02/Mar/2026:19:22:40 -0500] "POST /wp-cron.php?doing_wp_cron=1772497360.5260889530181884765625 HTTP/1.1" 200 0 "-" "WordPress/6.8.1; https://www.middleeastoday.com"
162.213.253.84 - - [02/Mar/2026:19:22:41 -0500] "POST /wp-admin/admin-ajax.php?action=async_litespeed&nonce=I9WzklfEAL6itaGBNjSdQylO7F1xc599&litespeed_type=imgoptm HTTP/1.1" 200 21 "-" "WordPress/6.8.1; https://www.middleeastoday.com"
54.39.89.209 - - [02/Mar/2026:19:23:27 -0500] "GET /dubai-airport-on-right-track-retains-position-as-worlds-busiest-international-airport-deputy-ceo-of-dubai-airports-2/ HTTP/1.1" 200 22104 "-" "Mozilla/5.0 (compatible; AhrefsBot/7.0; +http://ahrefs.com/robot/)"
57.141.2.15 - - [02/Mar/2026:19:24:25 -0500] "GET /uae-cabinet-approves-national-energy-and-hydrogen-strategies-establishes-uae-ministry-of-investment/ HTTP/1.1" 200 115119 "-" "meta-externalagent/1.1 (+https://developers.facebook.com/docs/sharing/webmasters/crawler)"
85.208.96.199 - - [02/Mar/2026:19:24:44 -0500] "GET /sharjah-heritage-days-kicks-off-in-al-hamriyah/ HTTP/1.1" 200 25890 "-" "Mozilla/5.0 (compatible; SemrushBot/7~bl; +http://www.semrush.com/bot.html)"
57.141.2.64 - - [02/Mar/2026:19:24:57 -0500] "GET /gulfood-manufacturing-2022-set-to-tackle-global-food-system-challenges/ HTTP/1.1" 200 106519 "-" "meta-externalagent/1.1 (+https://developers.facebook.com/docs/sharing/webmasters/crawler)"
3.90.73.206 - - [02/Mar/2026:19:25:45 -0500] "GET /wp-json/oembed/1.0/embed?url=https://www.middleeastoday.com/dubai-based-fashion-label-fajr-al-sabah-sells-49-stake-for-e100-million-following-jewelry-fashion-week-showcase/ HTTP/1.1" 200 2831 "-" "Mozilla/5.0 AppleWebKit/537.36 (KHTML, like Gecko; compatible; Amazonbot/0.1; +https://developer.amazon.com/support/amazonbot) Chrome/119.0.6045.214 Safari/537.36"
162.213.253.84 - - [02/Mar/2026:19:25:47 -0500] "POST /wp-admin/admin-ajax.php?action=async_litespeed&nonce=KpdmRKiEq1YSKTCWwcsLidvbc6DXriRk&litespeed_type=imgoptm HTTP/1.1" 200 21 "-" "WordPress/6.8.1; https://www.middleeastoday.com"
14.191.223.48 - - [02/Mar/2026:19:27:10 -0500] "GET /category/travel-tourism/page/2/ HTTP/1.1" 200 24479 "-" "Mozilla/5.0 (Macintosh; Intel Mac OS X 10_14_5) AppleWebKit/537.36 (KHTML, like Gecko) Chrome/101.0.4951.54 Safari/537.36"
138.68.183.21 - - [02/Mar/2026:19:28:33 -0500] "GET /wp-login.php HTTP/1.1" 200 1792 "-" "Mozilla/5.0 (Windows NT 10.0; Win64; x64) AppleWebKit/537.36 (KHTML, like Gecko) Chrome/130.0.0.0 Safari/537.36"
162.213.253.84 - - [02/Mar/2026:19:28:34 -0500] "POST /wp-cron.php?doing_wp_cron=1772497714.6829819679260253906250 HTTP/1.1" 200 0 "-" "WordPress/6.8.1; https://www.middleeastoday.com"
162.213.253.84 - - [02/Mar/2026:19:28:35 -0500] "POST /wp-admin/admin-ajax.php?action=async_litespeed&nonce=iE349lO3nceG83O8k2F3afJbDKut4nEx&litespeed_type=imgoptm HTTP/1.1" 200 21 "-" "WordPress/6.8.1; https://www.middleeastoday.com"
115.231.71.25 - - [02/Mar/2026:19:28:49 -0500] "GET /wp-content/plugins/elementor-1/assets/css/frontend-lite.min.css?ver=3.21.1 HTTP/1.1" 200 13067 "https://www.middleeastoday.com/uae-president-receives-prime-minister-of-kurdistan-region-of-iraq/" "Mozilla/5.0 (Windows NT 10.0; Win64; x64) AppleWebKit/537.36 (KHTML, like Gecko) Chrome/139.0.0.0 Safari/537.36"
115.231.71.25 - - [02/Mar/2026:19:28:49 -0500] "GET /wp-content/plugins/accesspress-social-counter/css/fontawesome-all.css?ver=1.9.2 HTTP/1.1" 200 8084 "https://www.middleeastoday.com/uae-president-receives-prime-minister-of-kurdistan-region-of-iraq/" "Mozilla/5.0 (Windows NT 10.0; Win64; x64) AppleWebKit/537.36 (KHTML, like Gecko) Chrome/139.0.0.0 Safari/537.36"
107.161.24.151 - - [02/Mar/2026:19:22:39 -0500] "GET /wp-login.php HTTP/1.1" 200 1792 "-" "Mozilla/5.0 (Windows NT 10.0; Win64; x64) AppleWebKit/537.36 (KHTML, like Gecko) Chrome/130.0.0.0 Safari/537.36"
107.161.24.151 - - [02/Mar/2026:19:22:39 -0500] "POST /wp-login.php HTTP/1.1" 200 1884 "https://middleeastoday.com/wp-login.php" "Mozilla/5.0 (Windows NT 10.0; Win64; x64) AppleWebKit/537.36 (KHTML, like Gecko) Chrome/130.0.0.0 Safari/537.36"
162.213.253.84 - - [02/Mar/2026:19:25:46 -0500] "POST /wp-cron.php?doing_wp_cron=1772497546.6349749565124511718750 HTTP/1.1" 200 0 "-" "WordPress/6.8.1; https://www.middleeastoday.com"
138.68.183.21 - - [02/Mar/2026:19:28:33 -0500] "POST /wp-login.php HTTP/1.1" 200 1884 "https://middleeastoday.com/wp-login.php" "Mozilla/5.0 (Windows NT 10.0; Win64; x64) AppleWebKit/537.36 (KHTML, like Gecko) Chrome/130.0.0.0 Safari/537.36"
115.231.71.25 - - [02/Mar/2026:19:28:48 -0500] "GET /uae-president-receives-prime-minister-of-kurdistan-region-of-iraq/ HTTP/1.1" 200 20196 "-" "Mozilla/5.0 (Windows NT 10.0; Win64; x64) AppleWebKit/537.36 (KHTML, like Gecko) Chrome/139.0.0.0 Safari/537.36"
115.231.71.25 - - [02/Mar/2026:19:28:49 -0500] "GET /wp-includes/css/dist/block-library/style.min.css?ver=6.8.1 HTTP/1.1" 200 14358 "https://www.middleeastoday.com/uae-president-receives-prime-minister-of-kurdistan-region-of-iraq/" "Mozilla/5.0 (Windows NT 10.0; Win64; x64) AppleWebKit/537.36 (KHTML, like Gecko) Chrome/139.0.0.0 Safari/537.36"
115.231.71.25 - - [02/Mar/2026:19:28:49 -0500] "GET /wp-content/plugins/accesspress-social-counter/css/frontend.css?ver=1.9.2 HTTP/1.1" 200 2295 "https://www.middleeastoday.com/uae-president-receives-prime-minister-of-kurdistan-region-of-iraq/" "Mozilla/5.0 (Windows NT 10.0; Win64; x64) AppleWebKit/537.36 (KHTML, like Gecko) Chrome/139.0.0.0 Safari/537.36"
115.231.71.25 - - [02/Mar/2026:19:28:49 -0500] "GET /wp-content/themes/digiqole/assets/css/icon-font.css?ver=2.1.1 HTTP/1.1" 200 1106 "https://www.middleeastoday.com/uae-president-receives-prime-minister-of-kurdistan-region-of-iraq/" "Mozilla/5.0 (Windows NT 10.0; Win64; x64) AppleWebKit/537.36 (KHTML, like Gecko) Chrome/139.0.0.0 Safari/537.36"
115.231.71.25 - - [02/Mar/2026:19:28:49 -0500] "GET /wp-content/plugins/elementskit-lite/widgets/init/assets/css/widget-styles.css?ver=3.5.0 HTTP/1.1" 200 48223 "https://www.middleeastoday.com/uae-president-receives-prime-minister-of-kurdistan-region-of-iraq/" "Mozilla/5.0 (Windows NT 10.0; Win64; x64) AppleWebKit/537.36 (KHTML, like Gecko) Chrome/139.0.0.0 Safari/537.36"
115.231.71.25 - - [02/Mar/2026:19:28:49 -0500] "GET /wp-content/themes/digiqole/assets/css/master.css?ver=2.1.1 HTTP/1.1" 200 43295 "https://www.middleeastoday.com/uae-president-receives-prime-minister-of-kurdistan-region-of-iraq/" "Mozilla/5.0 (Windows NT 10.0; Win64; x64) AppleWebKit/537.36 (KHTML, like Gecko) Chrome/139.0.0.0 Safari/537.36"
115.231.71.25 - - [02/Mar/2026:19:28:49 -0500] "GET /wp-content/plugins/elementor-1/assets/lib/font-awesome/css/fontawesome.min.css?ver=5.15.3 HTTP/1.1" 200 12164 "https://www.middleeastoday.com/uae-president-receives-prime-minister-of-kurdistan-region-of-iraq/" "Mozilla/5.0 (Windows NT 10.0; Win64; x64) AppleWebKit/537.36 (KHTML, like Gecko) Chrome/139.0.0.0 Safari/537.36"
115.231.71.25 - - [02/Mar/2026:19:28:49 -0500] "GET /wp-content/plugins/elementor-1/assets/lib/font-awesome/css/solid.min.css?ver=5.15.3 HTTP/1.1" 200 286 "https://www.middleeastoday.com/uae-president-receives-prime-minister-of-kurdistan-region-of-iraq/" "Mozilla/5.0 (Windows NT 10.0; Win64; x64) AppleWebKit/537.36 (KHTML, like Gecko) Chrome/139.0.0.0 Safari/537.36"
115.231.71.25 - - [02/Mar/2026:19:28:49 -0500] "GET /wp-content/plugins/elementskit-lite/modules/elementskit-icon-pack/assets/css/ekiticons.css?ver=3.5.0 HTTP/1.1" 200 11776 "https://www.middleeastoday.com/uae-president-receives-prime-minister-of-kurdistan-region-of-iraq/" "Mozilla/5.0 (Windows NT 10.0; Win64; x64) AppleWebKit/537.36 (KHTML, like Gecko) Chrome/139.0.0.0 Safari/537.36"
115.231.71.25 - - [02/Mar/2026:19:28:49 -0500] "GET /wp-content/uploads/elementor/css/post-3932.css?ver=1762520240 HTTP/1.1" 200 1066 "https://www.middleeastoday.com/uae-president-receives-prime-minister-of-kurdistan-region-of-iraq/" "Mozilla/5.0 (Windows NT 10.0; Win64; x64) AppleWebKit/537.36 (KHTML, like Gecko) Chrome/139.0.0.0 Safari/537.36"
115.231.71.25 - - [02/Mar/2026:19:28:49 -0500] "GET /wp-content/themes/digiqole/assets/css/all.css?ver=2.1.1 HTTP/1.1" 200 7048 "https://www.middleeastoday.com/uae-president-receives-prime-minister-of-kurdistan-region-of-iraq/" "Mozilla/5.0 (Windows NT 10.0; Win64; x64) AppleWebKit/537.36 (KHTML, like Gecko) Chrome/139.0.0.0 Safari/537.36"
115.231.71.25 - - [02/Mar/2026:19:28:49 -0500] "GET /wp-content/plugins/contact-form-7/includes/css/styles.css?ver=6.0.6 HTTP/1.1" 200 890 "https://www.middleeastoday.com/uae-president-receives-prime-minister-of-kurdistan-region-of-iraq/" "Mozilla/5.0 (Windows NT 10.0; Win64; x64) AppleWebKit/537.36 (KHTML, like Gecko) Chrome/139.0.0.0 Safari/537.36"
115.231.71.25 - - [02/Mar/2026:19:28:49 -0500] "GET /wp-content/themes/digiqole/assets/css/bootstrap.min.css?ver=2.1.1 HTTP/1.1" 200 18543 "https://www.middleeastoday.com/uae-president-receives-prime-minister-of-kurdistan-region-of-iraq/" "Mozilla/5.0 (Windows NT 10.0; Win64; x64) AppleWebKit/537.36 (KHTML, like Gecko) Chrome/139.0.0.0 Safari/537.36"
115.231.71.25 - - [02/Mar/2026:19:28:49 -0500] "GET /wp-content/plugins/elementskit-lite/widgets/init/assets/css/responsive.css?ver=3.5.0 HTTP/1.1" 200 2859 "https://www.middleeastoday.com/uae-president-receives-prime-minister-of-kurdistan-region-of-iraq/" "Mozilla/5.0 (Windows NT 10.0; Win64; x64) AppleWebKit/537.36 (KHTML, like Gecko) Chrome/139.0.0.0 Safari/537.36"
115.231.71.25 - - [02/Mar/2026:19:28:49 -0500] "GET /wp-content/plugins/elementor-1/assets/lib/eicons/css/elementor-icons.min.css?ver=5.29.0 HTTP/1.1" 200 3724 "https://www.middleeastoday.com/uae-president-receives-prime-minister-of-kurdistan-region-of-iraq/" "Mozilla/5.0 (Windows NT 10.0; Win64; x64) AppleWebKit/537.36 (KHTML, like Gecko) Chrome/139.0.0.0 Safari/537.36"
115.231.71.25 - - [02/Mar/2026:19:28:49 -0500] "GET /wp-content/uploads/elementor/css/post-9.css?ver=1747657839 HTTP/1.1" 200 334 "https://www.middleeastoday.com/uae-president-receives-prime-minister-of-kurdistan-region-of-iraq/" "Mozilla/5.0 (Windows NT 10.0; Win64; x64) AppleWebKit/537.36 (KHTML, like Gecko) Chrome/139.0.0.0 Safari/537.36"
115.231.71.25 - - [02/Mar/2026:19:28:50 -0500] "GET /wp-content/uploads/elementor/css/global.css?ver=1747657840 HTTP/1.1" 200 3340 "https://www.middleeastoday.com/uae-president-receives-prime-minister-of-kurdistan-region-of-iraq/" "Mozilla/5.0 (Windows NT 10.0; Win64; x64) AppleWebKit/537.36 (KHTML, like Gecko) Chrome/139.0.0.0 Safari/537.36"
115.231.71.25 - - [02/Mar/2026:19:28:50 -0500] "GET /wp-content/plugins/elementor-pro/assets/css/frontend-lite.min.css?ver=3.6.5 HTTP/1.1" 200 1505 "https://www.middleeastoday.com/uae-president-receives-prime-minister-of-kurdistan-region-of-iraq/" "Mozilla/5.0 (Windows NT 10.0; Win64; x64) AppleWebKit/537.36 (KHTML, like Gecko) Chrome/139.0.0.0 Safari/537.36"
115.231.71.25 - - [02/Mar/2026:19:28:50 -0500] "GET /wp-includes/js/dist/i18n.min.js?ver=5e580eb46a90c2b997e6 HTTP/1.1" 200 3542 "https://www.middleeastoday.com/uae-president-receives-prime-minister-of-kurdistan-region-of-iraq/" "Mozilla/5.0 (Windows NT 10.0; Win64; x64) AppleWebKit/537.36 (KHTML, like Gecko) Chrome/139.0.0.0 Safari/537.36"
115.231.71.25 - - [02/Mar/2026:19:28:50 -0500] "GET /wp-content/plugins/contact-form-7/includes/js/index.js?ver=6.0.6 HTTP/1.1" 200 4008 "https://www.middleeastoday.com/uae-president-receives-prime-minister-of-kurdistan-region-of-iraq/" "Mozilla/5.0 (Windows NT 10.0; Win64; x64) AppleWebKit/537.36 (KHTML, like Gecko) Chrome/139.0.0.0 Safari/537.36"
115.231.71.25 - - [02/Mar/2026:19:28:49 -0500] "GET /wp-includes/js/jquery/jquery-migrate.min.js?ver=3.4.1 HTTP/1.1" 200 4678 "https://www.middleeastoday.com/uae-president-receives-prime-minister-of-kurdistan-region-of-iraq/" "Mozilla/5.0 (Windows NT 10.0; Win64; x64) AppleWebKit/537.36 (KHTML, like Gecko) Chrome/139.0.0.0 Safari/537.36"
115.231.71.25 - - [02/Mar/2026:19:28:49 -0500] "GET /wp-includes/js/jquery/jquery.min.js?ver=3.7.1 HTTP/1.1" 200 29744 "https://www.middleeastoday.com/uae-president-receives-prime-minister-of-kurdistan-region-of-iraq/" "Mozilla/5.0 (Windows NT 10.0; Win64; x64) AppleWebKit/537.36 (KHTML, like Gecko) Chrome/139.0.0.0 Safari/537.36"
115.231.71.25 - - [02/Mar/2026:19:28:49 -0500] "GET /wp-content/plugins/elementor-pro/assets/css/widget-nav-menu.min.css HTTP/1.1" 200 3279 "https://www.middleeastoday.com/uae-president-receives-prime-minister-of-kurdistan-region-of-iraq/" "Mozilla/5.0 (Windows NT 10.0; Win64; x64) AppleWebKit/537.36 (KHTML, like Gecko) Chrome/139.0.0.0 Safari/537.36"
115.231.71.25 - - [02/Mar/2026:19:28:49 -0500] "GET /wp-content/plugins/elementor-1/assets/lib/swiper/v8/css/swiper.min.css?ver=8.4.5 HTTP/1.1" 200 4248 "https://www.middleeastoday.com/uae-president-receives-prime-minister-of-kurdistan-region-of-iraq/" "Mozilla/5.0 (Windows NT 10.0; Win64; x64) AppleWebKit/537.36 (KHTML, like Gecko) Chrome/139.0.0.0 Safari/537.36"
115.231.71.25 - - [02/Mar/2026:19:28:50 -0500] "GET /wp-content/plugins/elementor-1/assets/lib/animations/animations.min.css?ver=3.21.1 HTTP/1.1" 200 2442 "https://www.middleeastoday.com/uae-president-receives-prime-minister-of-kurdistan-region-of-iraq/" "Mozilla/5.0 (Windows NT 10.0; Win64; x64) AppleWebKit/537.36 (KHTML, like Gecko) Chrome/139.0.0.0 Safari/537.36"
115.231.71.25 - - [02/Mar/2026:19:28:50 -0500] "GET /wp-includes/js/dist/hooks.min.js?ver=4d63a3d491d11ffd8ac6 HTTP/1.1" 200 1571 "https://www.middleeastoday.com/uae-president-receives-prime-minister-of-kurdistan-region-of-iraq/" "Mozilla/5.0 (Windows NT 10.0; Win64; x64) AppleWebKit/537.36 (KHTML, like Gecko) Chrome/139.0.0.0 Safari/537.36"
115.231.71.25 - - [02/Mar/2026:19:28:50 -0500] "GET /wp-content/plugins/contact-form-7/includes/swv/js/index.js?ver=6.0.6 HTTP/1.1" 200 3369 "https://www.middleeastoday.com/uae-president-receives-prime-minister-of-kurdistan-region-of-iraq/" "Mozilla/5.0 (Windows NT 10.0; Win64; x64) AppleWebKit/537.36 (KHTML, like Gecko) Chrome/139.0.0.0 Safari/537.36"
115.231.71.25 - - [02/Mar/2026:19:28:50 -0500] "GET /wp-content/plugins/elementskit-lite/widgets/init/assets/js/widget-scripts.js?ver=3.5.0 HTTP/1.1" 200 40425 "https://www.middleeastoday.com/uae-president-receives-prime-minister-of-kurdistan-region-of-iraq/" "Mozilla/5.0 (Windows NT 10.0; Win64; x64) AppleWebKit/537.36 (KHTML, like Gecko) Chrome/139.0.0.0 Safari/537.36"
115.231.71.25 - - [02/Mar/2026:19:28:50 -0500] "GET /wp-content/themes/digiqole/assets/js/bootstrap.min.js?ver=2.1.1 HTTP/1.1" 200 12542 "https://www.middleeastoday.com/uae-president-receives-prime-minister-of-kurdistan-region-of-iraq/" "Mozilla/5.0 (Windows NT 10.0; Win64; x64) AppleWebKit/537.36 (KHTML, like Gecko) Chrome/139.0.0.0 Safari/537.36"
115.231.71.25 - - [02/Mar/2026:19:28:51 -0500] "GET /wp-content/themes/digiqole/assets/js/script.js?ver=2.1.1 HTTP/1.1" 200 3554 "https://www.middleeastoday.com/uae-president-receives-prime-minister-of-kurdistan-region-of-iraq/" "Mozilla/5.0 (Windows NT 10.0; Win64; x64) AppleWebKit/537.36 (KHTML, like Gecko) Chrome/139.0.0.0 Safari/537.36"
115.231.71.25 - - [02/Mar/2026:19:28:51 -0500] "GET /wp-content/plugins/elementor-pro/assets/lib/smartmenus/jquery.smartmenus.min.js?ver=1.0.1 HTTP/1.1" 200 6935 "https://www.middleeastoday.com/uae-president-receives-prime-minister-of-kurdistan-region-of-iraq/" "Mozilla/5.0 (Windows NT 10.0; Win64; x64) AppleWebKit/537.36 (KHTML, like Gecko) Chrome/139.0.0.0 Safari/537.36"
115.231.71.25 - - [02/Mar/2026:19:28:50 -0500] "GET /wp-content/plugins/elementskit-lite/libs/framework/assets/js/frontend-script.js?ver=3.5.0 HTTP/1.1" 200 40 "https://www.middleeastoday.com/uae-president-receives-prime-minister-of-kurdistan-region-of-iraq/" "Mozilla/5.0 (Windows NT 10.0; Win64; x64) AppleWebKit/537.36 (KHTML, like Gecko) Chrome/139.0.0.0 Safari/537.36"
115.231.71.25 - - [02/Mar/2026:19:28:50 -0500] "GET /wp-content/themes/digiqole/assets/js/swiper.min.js?ver=2.1.1 HTTP/1.1" 200 34003 "https://www.middleeastoday.com/uae-president-receives-prime-minister-of-kurdistan-region-of-iraq/" "Mozilla/5.0 (Windows NT 10.0; Win64; x64) AppleWebKit/537.36 (KHTML, like Gecko) Chrome/139.0.0.0 Safari/537.36"
115.231.71.25 - - [02/Mar/2026:19:28:50 -0500] "GET /wp-content/themes/digiqole/assets/js/fontfaceobserver.js?ver=1 HTTP/1.1" 200 2024 "https://www.middleeastoday.com/uae-president-receives-prime-minister-of-kurdistan-region-of-iraq/" "Mozilla/5.0 (Windows NT 10.0; Win64; x64) AppleWebKit/537.36 (KHTML, like Gecko) Chrome/139.0.0.0 Safari/537.36"
115.231.71.25 - - [02/Mar/2026:19:28:51 -0500] "GET /wp-content/plugins/elementor-1/assets/js/webpack.runtime.min.js?ver=3.21.1 HTTP/1.1" 200 2071 "https://www.middleeastoday.com/uae-president-receives-prime-minister-of-kurdistan-region-of-iraq/" "Mozilla/5.0 (Windows NT 10.0; Win64; x64) AppleWebKit/537.36 (KHTML, like Gecko) Chrome/139.0.0.0 Safari/537.36"
115.231.71.25 - - [02/Mar/2026:19:28:51 -0500] "GET /wp-content/plugins/elementor-1/assets/lib/waypoints/waypoints.min.js?ver=4.0.2 HTTP/1.1" 200 2867 "https://www.middleeastoday.com/uae-president-receives-prime-minister-of-kurdistan-region-of-iraq/" "Mozilla/5.0 (Windows NT 10.0; Win64; x64) AppleWebKit/537.36 (KHTML, like Gecko) Chrome/139.0.0.0 Safari/537.36"
115.231.71.25 - - [02/Mar/2026:19:28:52 -0500] "GET /wp-content/plugins/elementor-pro/assets/js/elements-handlers.min.js?ver=3.6.5 HTTP/1.1" 200 5254 "https://www.middleeastoday.com/uae-president-receives-prime-minister-of-kurdistan-region-of-iraq/" "Mozilla/5.0 (Windows NT 10.0; Win64; x64) AppleWebKit/537.36 (KHTML, like Gecko) Chrome/139.0.0.0 Safari/537.36"
115.231.71.25 - - [02/Mar/2026:19:28:52 -0500] "GET /wp-content/plugins/elementskit-lite/widgets/init/assets/js/animate-circle.min.js?ver=3.5.0 HTTP/1.1" 200 393 "https://www.middleeastoday.com/uae-president-receives-prime-minister-of-kurdistan-region-of-iraq/" "Mozilla/5.0 (Windows NT 10.0; Win64; x64) AppleWebKit/537.36 (KHTML, like Gecko) Chrome/139.0.0.0 Safari/537.36"
115.231.71.25 - - [02/Mar/2026:19:28:52 -0500] "GET /wp-content/plugins/elementskit-lite/widgets/init/assets/js/elementor.js?ver=3.5.0 HTTP/1.1" 200 5290 "https://www.middleeastoday.com/uae-president-receives-prime-minister-of-kurdistan-region-of-iraq/" "Mozilla/5.0 (Windows NT 10.0; Win64; x64) AppleWebKit/537.36 (KHTML, like Gecko) Chrome/139.0.0.0 Safari/537.36"
115.231.71.25 - - [02/Mar/2026:19:28:52 -0500] "GET /wp-content/themes/digiqole/assets/js/all.js?ver=1 HTTP/1.1" 200 35800 "https://www.middleeastoday.com/uae-president-receives-prime-minister-of-kurdistan-region-of-iraq/" "Mozilla/5.0 (Windows NT 10.0; Win64; x64) AppleWebKit/537.36 (KHTML, like Gecko) Chrome/139.0.0.0 Safari/537.36"
162.213.253.84 - - [02/Mar/2026:19:29:51 -0500] "POST /wp-admin/admin-ajax.php?action=async_litespeed&nonce=30JbncjHReQxsLwmn61opBGSoZ7cFdc6&litespeed_type=imgoptm HTTP/1.1" 200 21 "-" "WordPress/6.8.1; https://www.middleeastoday.com"
162.213.253.84 - - [02/Mar/2026:19:30:39 -0500] "POST /wp-cron.php?doing_wp_cron=1772497839.9360089302062988281250 HTTP/1.1" 200 0 "-" "WordPress/6.8.1; https://www.middleeastoday.com"
109.123.233.42 - - [02/Mar/2026:19:30:39 -0500] "POST /wp-login.php HTTP/1.1" 200 1884 "https://middleeastoday.com/wp-login.php" "Mozilla/5.0 (Windows NT 10.0; Win64; x64) AppleWebKit/537.36 (KHTML, like Gecko) Chrome/130.0.0.0 Safari/537.36"
115.231.71.25 - - [02/Mar/2026:19:28:51 -0500] "GET /wp-content/plugins/elementor-pro/assets/js/webpack-pro.runtime.min.js?ver=3.6.5 HTTP/1.1" 200 2174 "https://www.middleeastoday.com/uae-president-receives-prime-minister-of-kurdistan-region-of-iraq/" "Mozilla/5.0 (Windows NT 10.0; Win64; x64) AppleWebKit/537.36 (KHTML, like Gecko) Chrome/139.0.0.0 Safari/537.36"
115.231.71.25 - - [02/Mar/2026:19:28:51 -0500] "GET /wp-content/plugins/elementor-1/assets/js/frontend-modules.min.js?ver=3.21.1 HTTP/1.1" 200 17087 "https://www.middleeastoday.com/uae-president-receives-prime-minister-of-kurdistan-region-of-iraq/" "Mozilla/5.0 (Windows NT 10.0; Win64; x64) AppleWebKit/537.36 (KHTML, like Gecko) Chrome/139.0.0.0 Safari/537.36"
115.231.71.25 - - [02/Mar/2026:19:28:51 -0500] "GET /wp-content/plugins/elementor-pro/assets/js/frontend.min.js?ver=3.6.5 HTTP/1.1" 200 5328 "https://www.middleeastoday.com/uae-president-receives-prime-minister-of-kurdistan-region-of-iraq/" "Mozilla/5.0 (Windows NT 10.0; Win64; x64) AppleWebKit/537.36 (KHTML, like Gecko) Chrome/139.0.0.0 Safari/537.36"
115.231.71.25 - - [02/Mar/2026:19:28:51 -0500] "GET /wp-includes/js/jquery/ui/core.min.js?ver=1.13.3 HTTP/1.1" 200 6812 "https://www.middleeastoday.com/uae-president-receives-prime-minister-of-kurdistan-region-of-iraq/" "Mozilla/5.0 (Windows NT 10.0; Win64; x64) AppleWebKit/537.36 (KHTML, like Gecko) Chrome/139.0.0.0 Safari/537.36"
115.231.71.25 - - [02/Mar/2026:19:28:51 -0500] "GET /wp-content/plugins/elementor-1/assets/js/frontend.min.js?ver=3.21.1 HTTP/1.1" 200 11814 "https://www.middleeastoday.com/uae-president-receives-prime-minister-of-kurdistan-region-of-iraq/" "Mozilla/5.0 (Windows NT 10.0; Win64; x64) AppleWebKit/537.36 (KHTML, like Gecko) Chrome/139.0.0.0 Safari/537.36"
115.231.71.25 - - [02/Mar/2026:19:28:52 -0500] "GET /wp-content/themes/digiqole/assets/js/elementor.js?ver=2.1.1 HTTP/1.1" 200 2472 "https://www.middleeastoday.com/uae-president-receives-prime-minister-of-kurdistan-region-of-iraq/" "Mozilla/5.0 (Windows NT 10.0; Win64; x64) AppleWebKit/537.36 (KHTML, like Gecko) Chrome/139.0.0.0 Safari/537.36"
54.39.6.223 - - [02/Mar/2026:19:28:59 -0500] "GET /category/national-news/page/13/ HTTP/1.1" 200 21033 "-" "Mozilla/5.0 (compatible; AhrefsBot/7.0; +http://ahrefs.com/robot/)"
103.153.100.172 - - [02/Mar/2026:19:29:43 -0500] "GET /wp-login.php HTTP/1.1" 200 1792 "-" "Mozilla/5.0 (Windows NT 10.0; Win64; x64) AppleWebKit/537.36 (KHTML, like Gecko) Chrome/130.0.0.0 Safari/537.36"
162.213.253.84 - - [02/Mar/2026:19:29:50 -0500] "POST /wp-cron.php?doing_wp_cron=1772497790.8882009983062744140625 HTTP/1.1" 200 0 "-" "WordPress/6.8.1; https://www.middleeastoday.com"
103.153.100.172 - - [02/Mar/2026:19:29:50 -0500] "POST /wp-login.php HTTP/1.1" 200 1884 "https://middleeastoday.com/wp-login.php" "Mozilla/5.0 (Windows NT 10.0; Win64; x64) AppleWebKit/537.36 (KHTML, like Gecko) Chrome/130.0.0.0 Safari/537.36"
177.74.206.12 - - [02/Mar/2026:19:29:55 -0500] "GET /wp-json/wp/v2/posts/7154 HTTP/1.1" 200 3517 "-" "Mozilla/5.0 (Macintosh; Intel Mac OS X 10_10_3) AppleWebKit/537.36 (KHTML, like Gecko) Chrome/65.0.3325.44 Safari/537.36"
109.123.233.42 - - [02/Mar/2026:19:30:38 -0500] "GET /wp-login.php HTTP/1.1" 200 1792 "-" "Mozilla/5.0 (Windows NT 10.0; Win64; x64) AppleWebKit/537.36 (KHTML, like Gecko) Chrome/130.0.0.0 Safari/537.36"
20.227.140.41 - - [02/Mar/2026:19:32:19 -0500] "GET / HTTP/1.1" 200 32212 "-" "Mozilla/5.0 AppleWebKit/537.36 (KHTML, like Gecko); compatible; ChatGPT-User/1.0; +https://openai.com/bot"
114.119.137.153 - - [02/Mar/2026:19:34:49 -0500] "GET /dubais-international-property-show-concludes-on-high-note/ HTTP/1.1" 200 24505 "https://www.middleeastoday.com/uae-minister-hails-advanced-tech-adoption-at-sharjahs-veggitech/" "Mozilla/5.0 (Linux; Android 7.0;) AppleWebKit/537.36 (KHTML, like Gecko) Mobile Safari/537.36 (compatible; PetalBot;+https://webmaster.petalsearch.com/site/petalbot)"
162.213.253.84 - - [02/Mar/2026:19:30:40 -0500] "POST /wp-admin/admin-ajax.php?action=async_litespeed&nonce=VY7sHklyFkIcJmt5inmUYxQc8QGIbFeX&litespeed_type=imgoptm HTTP/1.1" 200 21 "-" "WordPress/6.8.1; https://www.middleeastoday.com"
20.227.140.44 - - [02/Mar/2026:19:32:18 -0500] "GET / HTTP/1.1" 301 0 "-" "Mozilla/5.0 AppleWebKit/537.36 (KHTML, like Gecko); compatible; ChatGPT-User/1.0; +https://openai.com/bot"
114.119.137.153 - - [02/Mar/2026:19:33:26 -0500] "GET /uae-and-brics-partnership-seeking-to-enhance-global-development-prosperity/ HTTP/1.1" 200 25168 "https://www.middleeastoday.com/category/business/page/2/" "Mozilla/5.0 (Linux; Android 7.0;) AppleWebKit/537.36 (KHTML, like Gecko) Mobile Safari/537.36 (compatible; PetalBot;+https://webmaster.petalsearch.com/site/petalbot)"
14.244.66.73 - - [02/Mar/2026:19:35:23 -0500] "GET /author/admin/page/100/ HTTP/1.1" 200 23900 "-" "Mozilla/5.0 (Windows NT 10.0; Win64; x64) AppleWebKit/537.36 (KHTML, like Gecko) Chrome/77.0.3865.120 Safari/537.36"
185.191.171.7 - - [02/Mar/2026:19:36:49 -0500] "GET /mohammed-bin-rashid-attends-graduation-ceremony-of-706-police-cadets-at-expo-2020-dubai/ HTTP/1.1" 200 24452 "-" "Mozilla/5.0 (compatible; SemrushBot/7~bl; +http://www.semrush.com/bot.html)"
114.119.132.207 - - [02/Mar/2026:19:37:38 -0500] "GET /category/lifestyle/sports HTTP/1.1" 301 0 "https://www.middleeastoday.com/category/business/page/6" "Mozilla/5.0 (Linux; Android 7.0;) AppleWebKit/537.36 (KHTML, like Gecko) Mobile Safari/537.36 (compatible; PetalBot;+https://webmaster.petalsearch.com/site/petalbot)"
43.173.173.221 - - [02/Mar/2026:19:38:34 -0500] "GET /uae-leaders-congratulate-president-of-singapore-on-election-win/ HTTP/1.1" 200 23324 "-" "Mozilla/5.0 (Windows NT 10.0; Win64; x64) AppleWebKit/537.36 (KHTML, like Gecko) Chrome/133.0.0.0 Safari/537.36"
162.213.253.84 - - [02/Mar/2026:19:38:36 -0500] "POST /wp-admin/admin-ajax.php?action=async_litespeed&nonce=qEinXXFvHT2reoQSboWXhs0FZgud9PZl&litespeed_type=imgoptm HTTP/1.1" 200 21 "-" "WordPress/6.8.1; https://www.middleeastoday.com"
91.109.163.158 - - [02/Mar/2026:19:38:50 -0500] "GET /khawla-art-and-culture-hosts-a-vibrant-land-exhibition/ HTTP/1.1" 200 23389 "-" "Mozilla/5.0 (Macintosh; Intel Mac OS X 10_7_3) AppleWebKit/537.36 (KHTML, like Gecko, Mediapartners-Google) Chrome/85.0.4183.122 Safari/537.36"
162.213.253.84 - - [02/Mar/2026:19:39:03 -0500] "POST /wp-cron.php?doing_wp_cron=1772498343.6781139373779296875000 HTTP/1.1" 200 0 "-" "WordPress/6.8.1; https://www.middleeastoday.com"
114.119.148.161 - - [02/Mar/2026:19:39:02 -0500] "GET /category/beauty-fashion/page/5 HTTP/1.1" 301 0 "https://www.middleeastoday.com/?cat=52&paged=3" "Mozilla/5.0 (Linux; Android 7.0;) AppleWebKit/537.36 (KHTML, like Gecko) Mobile Safari/537.36 (compatible; PetalBot;+https://webmaster.petalsearch.com/site/petalbot)"
114.119.137.98 - - [02/Mar/2026:19:36:14 -0500] "GET /category/national-news/page/22/ HTTP/1.1" 200 23819 "https://www.middleeastoday.com/category/national-news/page/24" "Mozilla/5.0 (Linux; Android 7.0;) AppleWebKit/537.36 (KHTML, like Gecko) Mobile Safari/537.36 (compatible; PetalBot;+https://webmaster.petalsearch.com/site/petalbot)"
40.77.167.49 - - [02/Mar/2026:19:36:59 -0500] "GET /wp-content/uploads/2022/10/President-of-Ukraine-455x300.jpg HTTP/1.1" 200 25546 "-" "Mozilla/5.0 AppleWebKit/537.36 (KHTML, like Gecko; compatible; bingbot/2.0; +http://www.bing.com/bingbot.htm) Chrome/116.0.1938.76 Safari/537.36"
51.222.95.110 - - [02/Mar/2026:19:37:27 -0500] "GET /beeah-group-green-planet-sign-10-year-contract-to-advance-sustainable-waste-management-in-egypt-2/ HTTP/1.1" 200 22042 "-" "Mozilla/5.0 (compatible; AhrefsBot/7.0; +http://ahrefs.com/robot/)"
114.119.132.207 - - [02/Mar/2026:19:37:40 -0500] "GET /category/lifestyle/sports/ HTTP/1.1" 200 22265 "https://www.middleeastoday.com/category/business/page/6" "Mozilla/5.0 (Linux; Android 7.0;) AppleWebKit/537.36 (KHTML, like Gecko) Mobile Safari/537.36 (compatible; PetalBot;+https://webmaster.petalsearch.com/site/petalbot)"
162.213.253.84 - - [02/Mar/2026:19:38:35 -0500] "POST /wp-cron.php?doing_wp_cron=1772498315.5077030658721923828125 HTTP/1.1" 200 0 "-" "WordPress/6.8.1; https://www.middleeastoday.com"
114.119.148.161 - - [02/Mar/2026:19:39:04 -0500] "GET /category/beauty-fashion/page/5/ HTTP/1.1" 200 24339 "https://www.middleeastoday.com/?cat=52&paged=3" "Mozilla/5.0 (Linux; Android 7.0;) AppleWebKit/537.36 (KHTML, like Gecko) Mobile Safari/537.36 (compatible; PetalBot;+https://webmaster.petalsearch.com/site/petalbot)"
114.119.148.161 - - [02/Mar/2026:19:40:25 -0500] "GET /category/beauty-fashion/page/3/ HTTP/1.1" 200 24134 "https://www.middleeastoday.com/category/beauty-fashion" "Mozilla/5.0 (Linux; Android 7.0;) AppleWebKit/537.36 (KHTML, like Gecko) Mobile Safari/537.36 (compatible; PetalBot;+https://webmaster.petalsearch.com/site/petalbot)"
57.141.2.34 - - [02/Mar/2026:19:40:26 -0500] "GET /dnata-invests-100-million-in-green-operations/ HTTP/1.1" 200 106098 "-" "meta-externalagent/1.1 (+https://developers.facebook.com/docs/sharing/webmasters/crawler)"
162.213.253.84 - - [02/Mar/2026:19:40:39 -0500] "POST /wp-cron.php?doing_wp_cron=1772498439.2946639060974121093750 HTTP/1.1" 200 0 "-" "WordPress/6.8.1; https://www.middleeastoday.com"
57.141.2.60 - - [02/Mar/2026:19:40:53 -0500] "GET /abdullah-bin-zayed-barbados-prime-minister-discuss-joint-cooperation-climate-action/ HTTP/1.1" 200 112664 "-" "meta-externalagent/1.1 (+https://developers.facebook.com/docs/sharing/webmasters/crawler)"
114.119.130.67 - - [02/Mar/2026:19:41:48 -0500] "GET /uae-president-receives-french-defence-minister/ HTTP/1.1" 200 23994 "https://www.middleeastoday.com/uae-president-receives-french-defence-minister" "Mozilla/5.0 (Linux; Android 7.0;) AppleWebKit/537.36 (KHTML, like Gecko) Mobile Safari/537.36 (compatible; PetalBot;+https://webmaster.petalsearch.com/site/petalbot)"
51.103.25.59 - - [02/Mar/2026:19:43:47 -0500] "GET /wp-login.php HTTP/1.1" 200 1792 "-" "Mozilla/5.0 (Windows NT 10.0; Win64; x64) AppleWebKit/537.36 (KHTML, like Gecko) Chrome/130.0.0.0 Safari/537.36"
162.213.253.84 - - [02/Mar/2026:19:43:48 -0500] "POST /wp-cron.php?doing_wp_cron=1772498628.5588591098785400390625 HTTP/1.1" 200 0 "-" "WordPress/6.8.1; https://www.middleeastoday.com"
162.213.253.84 - - [02/Mar/2026:19:43:49 -0500] "POST /wp-admin/admin-ajax.php?action=async_litespeed&nonce=Ck4UpmTxrmS1XlZkD9diV54VUrYGKFmw&litespeed_type=imgoptm HTTP/1.1" 200 21 "-" "WordPress/6.8.1; https://www.middleeastoday.com"
114.119.138.37 - - [02/Mar/2026:19:44:35 -0500] "GET /fourth-edition-of-jewels-of-emirates-show-kicks-off-in-sharjah/ HTTP/1.1" 200 27489 "https://www.middleeastoday.com/category/lifestyle/fashion/" "Mozilla/5.0 (Linux; Android 7.0;) AppleWebKit/537.36 (KHTML, like Gecko) Mobile Safari/537.36 (compatible; PetalBot;+https://webmaster.petalsearch.com/site/petalbot)"
114.119.148.161 - - [02/Mar/2026:19:45:59 -0500] "GET /author/admin/page/9/ HTTP/1.1" 200 24150 "https://www.middleeastoday.com/author/admin/page/7/" "Mozilla/5.0 (Linux; Android 7.0;) AppleWebKit/537.36 (KHTML, like Gecko) Mobile Safari/537.36 (compatible; PetalBot;+https://webmaster.petalsearch.com/site/petalbot)"
162.213.253.84 - - [02/Mar/2026:19:46:01 -0500] "POST /wp-admin/admin-ajax.php?action=async_litespeed&nonce=Ew0qiHq68QEQo2MOyaMR8fDCGQ3ee30g&litespeed_type=imgoptm HTTP/1.1" 200 21 "-" "WordPress/6.8.1; https://www.middleeastoday.com"
157.230.226.169 - - [02/Mar/2026:19:46:16 -0500] "POST /wp-login.php HTTP/1.1" 200 1884 "https://middleeastoday.com/wp-login.php" "Mozilla/5.0 (Windows NT 10.0; Win64; x64) AppleWebKit/537.36 (KHTML, like Gecko) Chrome/130.0.0.0 Safari/537.36"
57.141.2.47 - - [02/Mar/2026:19:47:30 -0500] "GET /emirates-sees-record-booking-levels-from-uae-in-summer/ HTTP/1.1" 200 105486 "-" "meta-externalagent/1.1 (+https://developers.facebook.com/docs/sharing/webmasters/crawler)"
14.191.147.28 - - [02/Mar/2026:19:48:09 -0500] "GET /author/admin/page/103/ HTTP/1.1" 200 23157 "-" "Mozilla/5.0 (Windows NT 6.3; Win64; x64) AppleWebKit/537.36 (KHTML, like Gecko) Chrome/108.0.0.0 Safari/537.36"
51.222.158.107 - - [02/Mar/2026:19:48:09 -0500] "GET /wp-login.php HTTP/1.1" 200 1792 "-" "Mozilla/5.0 (Windows NT 10.0; Win64; x64) AppleWebKit/537.36 (KHTML, like Gecko) Chrome/130.0.0.0 Safari/537.36"
51.222.158.107 - - [02/Mar/2026:19:48:10 -0500] "POST /wp-login.php HTTP/1.1" 200 1884 "https://middleeastoday.com/wp-login.php" "Mozilla/5.0 (Windows NT 10.0; Win64; x64) AppleWebKit/537.36 (KHTML, like Gecko) Chrome/130.0.0.0 Safari/537.36"
162.213.253.84 - - [02/Mar/2026:19:40:24 -0500] "POST /wp-cron.php?doing_wp_cron=1772498424.6767001152038574218750 HTTP/1.1" 200 0 "-" "WordPress/6.8.1; https://www.middleeastoday.com"
114.119.148.161 - - [02/Mar/2026:19:40:24 -0500] "GET /category/beauty-fashion/page/3 HTTP/1.1" 301 0 "https://www.middleeastoday.com/category/beauty-fashion" "Mozilla/5.0 (Linux; Android 7.0;) AppleWebKit/537.36 (KHTML, like Gecko) Mobile Safari/537.36 (compatible; PetalBot;+https://webmaster.petalsearch.com/site/petalbot)"
162.213.253.84 - - [02/Mar/2026:19:40:25 -0500] "POST /wp-admin/admin-ajax.php?action=async_litespeed&nonce=8GCaEcqHasUA1OIaAVL3xv8KuGxuXqgV&litespeed_type=imgoptm HTTP/1.1" 200 21 "-" "WordPress/6.8.1; https://www.middleeastoday.com"
69.49.112.62 - - [02/Mar/2026:19:40:38 -0500] "GET /wp-login.php HTTP/1.1" 200 1792 "-" "Mozilla/5.0 (Windows NT 10.0; Win64; x64) AppleWebKit/537.36 (KHTML, like Gecko) Chrome/130.0.0.0 Safari/537.36"
69.49.112.62 - - [02/Mar/2026:19:40:38 -0500] "POST /wp-login.php HTTP/1.1" 200 1884 "https://middleeastoday.com/wp-login.php" "Mozilla/5.0 (Windows NT 10.0; Win64; x64) AppleWebKit/537.36 (KHTML, like Gecko) Chrome/130.0.0.0 Safari/537.36"
114.119.137.98 - - [02/Mar/2026:19:43:13 -0500] "GET /sewa-wins-gold-level-of-harvard-international-business-award/ HTTP/1.1" 200 23178 "https://www.middleeastoday.com/category/business/page/8" "Mozilla/5.0 (Linux; Android 7.0;) AppleWebKit/537.36 (KHTML, like Gecko) Mobile Safari/537.36 (compatible; PetalBot;+https://webmaster.petalsearch.com/site/petalbot)"
57.141.2.36 - - [02/Mar/2026:19:43:14 -0500] "GET /mohammed-bin-rashid-receives-scholars-guests-of-uae-president-dubai-international-quran-award-delegation/ HTTP/1.1" 200 105238 "-" "meta-externalagent/1.1 (+https://developers.facebook.com/docs/sharing/webmasters/crawler)"
51.103.25.59 - - [02/Mar/2026:19:43:47 -0500] "POST /wp-login.php HTTP/1.1" 200 1884 "https://middleeastoday.com/wp-login.php" "Mozilla/5.0 (Windows NT 10.0; Win64; x64) AppleWebKit/537.36 (KHTML, like Gecko) Chrome/130.0.0.0 Safari/537.36"
15.235.27.195 - - [02/Mar/2026:19:46:00 -0500] "GET /uae-president-receives-german-chancellor/ HTTP/1.1" 200 20890 "-" "Mozilla/5.0 (compatible; AhrefsBot/7.0; +http://ahrefs.com/robot/)"
162.213.253.84 - - [02/Mar/2026:19:46:00 -0500] "POST /wp-cron.php?doing_wp_cron=1772498760.5474379062652587890625 HTTP/1.1" 200 0 "-" "WordPress/6.8.1; https://www.middleeastoday.com"
157.230.226.169 - - [02/Mar/2026:19:46:16 -0500] "GET /wp-login.php HTTP/1.1" 200 1792 "-" "Mozilla/5.0 (Windows NT 10.0; Win64; x64) AppleWebKit/537.36 (KHTML, like Gecko) Chrome/130.0.0.0 Safari/537.36"
114.119.137.153 - - [02/Mar/2026:19:47:22 -0500] "GET /mohammed-bin-rashid-visits-dubai-health-forum-2022/ HTTP/1.1" 200 24211 "https://www.middleeastoday.com/mohammed-bin-rashid-visits-dubai-health-forum-2022" "Mozilla/5.0 (Linux; Android 7.0;) AppleWebKit/537.36 (KHTML, like Gecko) Mobile Safari/537.36 (compatible; PetalBot;+https://webmaster.petalsearch.com/site/petalbot)"
51.11.244.179 - - [02/Mar/2026:19:47:26 -0500] "GET /wp-content/uploads/2022/03/Al-Hamra.jpg HTTP/1.1" 200 138433 "-" "Mozilla/5.0 (compatible; BingIndexCrawler/1.0)"
162.213.253.84 - - [02/Mar/2026:19:48:10 -0500] "POST /wp-cron.php?doing_wp_cron=1772498890.8746719360351562500000 HTTP/1.1" 200 0 "-" "WordPress/6.8.1; https://www.middleeastoday.com"
162.213.253.84 - - [02/Mar/2026:19:48:11 -0500] "POST /wp-admin/admin-ajax.php?action=async_litespeed&nonce=PSaocgK5m4eylKHF2u1IBD9QKge85YkP&litespeed_type=imgoptm HTTP/1.1" 200 21 "-" "WordPress/6.8.1; https://www.middleeastoday.com"
142.44.225.94 - - [02/Mar/2026:19:48:44 -0500] "GET /khair-al-emarat-launched-to-promote-uae-agricultural-produce/ HTTP/1.1" 200 22296 "-" "Mozilla/5.0 (compatible; AhrefsBot/7.0; +http://ahrefs.com/robot/)"
162.213.253.84 - - [02/Mar/2026:19:50:14 -0500] "POST /wp-cron.php?doing_wp_cron=1772499014.8755700588226318359375 HTTP/1.1" 200 0 "-" "WordPress/6.8.1; https://www.middleeastoday.com"
114.119.138.37 - - [02/Mar/2026:19:48:46 -0500] "GET /author/admin/page/9 HTTP/1.1" 301 0 "https://www.middleeastoday.com/author/admin/page/7" "Mozilla/5.0 (Linux; Android 7.0;) AppleWebKit/537.36 (KHTML, like Gecko) Mobile Safari/537.36 (compatible; PetalBot;+https://webmaster.petalsearch.com/site/petalbot)"
114.119.138.37 - - [02/Mar/2026:19:48:48 -0500] "GET /author/admin/page/9/ HTTP/1.1" 200 24150 "https://www.middleeastoday.com/author/admin/page/7" "Mozilla/5.0 (Linux; Android 7.0;) AppleWebKit/537.36 (KHTML, like Gecko) Mobile Safari/537.36 (compatible; PetalBot;+https://webmaster.petalsearch.com/site/petalbot)"
38.25.53.37 - - [02/Mar/2026:19:48:49 -0500] "GET /category/real-estate/page/4/ HTTP/1.1" 200 23568 "-" "Mozilla/5.0 (Windows NT 10.0; Win64; x64) AppleWebKit/537.36 (KHTML, like Gecko) Chrome/90.0.4430.212 Safari/537.36"
114.119.138.37 - - [02/Mar/2026:19:50:14 -0500] "GET /asas-real-estate-launches-second-phase-sales-of-al-rahmaniyah-commercial-lands HTTP/1.1" 301 0 "https://www.middleeastoday.com/asas-real-estate-launches-second-phase-sales-of-al-rahmaniyah-commercial-lands" "Mozilla/5.0 (Linux; Android 7.0;) AppleWebKit/537.36 (KHTML, like Gecko) Mobile Safari/537.36 (compatible; PetalBot;+https://webmaster.petalsearch.com/site/petalbot)"
162.213.253.84 - - [02/Mar/2026:19:50:15 -0500] "POST /wp-admin/admin-ajax.php?action=async_litespeed&nonce=MYH2iHytrn26tyMfcuuvRFxVMS8Z6FgY&litespeed_type=imgoptm HTTP/1.1" 200 21 "-" "WordPress/6.8.1; https://www.middleeastoday.com"
114.119.138.37 - - [02/Mar/2026:19:50:18 -0500] "GET /asas-real-estate-launches-second-phase-sales-of-al-rahmaniyah-commercial-lands/ HTTP/1.1" 200 23296 "https://www.middleeastoday.com/asas-real-estate-launches-second-phase-sales-of-al-rahmaniyah-commercial-lands" "Mozilla/5.0 (Linux; Android 7.0;) AppleWebKit/537.36 (KHTML, like Gecko) Mobile Safari/537.36 (compatible; PetalBot;+https://webmaster.petalsearch.com/site/petalbot)"
162.213.253.84 - - [02/Mar/2026:19:51:39 -0500] "POST /wp-admin/admin-ajax.php?action=async_litespeed&nonce=0Ia400o2s3SJ8p4c4a6cNmB5jAtL7dbW&litespeed_type=imgoptm HTTP/1.1" 200 21 "-" "WordPress/6.8.1; https://www.middleeastoday.com"
114.119.130.67 - - [02/Mar/2026:19:51:40 -0500] "GET /uae-president-us-president-discuss-bilateral-relations-on-sidelines-of-jeddah-security-and-development-summit/ HTTP/1.1" 200 24044 "https://www.middleeastoday.com/?author=1&paged=25" "Mozilla/5.0 (Linux; Android 7.0;) AppleWebKit/537.36 (KHTML, like Gecko) Mobile Safari/537.36 (compatible; PetalBot;+https://webmaster.petalsearch.com/site/petalbot)"
57.141.2.14 - - [02/Mar/2026:19:52:42 -0500] "GET /salute-bella-ladies-night/ HTTP/1.1" 200 104277 "-" "meta-externalagent/1.1 (+https://developers.facebook.com/docs/sharing/webmasters/crawler)"
162.213.253.84 - - [02/Mar/2026:19:53:05 -0500] "POST /wp-cron.php?doing_wp_cron=1772499185.7816720008850097656250 HTTP/1.1" 200 0 "-" "WordPress/6.8.1; https://www.middleeastoday.com"
114.119.154.115 - - [02/Mar/2026:19:53:05 -0500] "GET /page/50 HTTP/1.1" 301 0 "https://www.middleeastoday.com/?author=1&paged=50" "Mozilla/5.0 (Linux; Android 7.0;) AppleWebKit/537.36 (KHTML, like Gecko) Mobile Safari/537.36 (compatible; PetalBot;+https://webmaster.petalsearch.com/site/petalbot)"
162.213.253.84 - - [02/Mar/2026:19:53:06 -0500] "POST /wp-admin/admin-ajax.php?action=async_litespeed&nonce=9tfk2gGW1zJvrTO64GrSOEdz4yhCgqJw&litespeed_type=imgoptm HTTP/1.1" 200 21 "-" "WordPress/6.8.1; https://www.middleeastoday.com"
114.119.154.115 - - [02/Mar/2026:19:53:08 -0500] "GET /page/50/ HTTP/1.1" 200 38713 "https://www.middleeastoday.com/?author=1&paged=50" "Mozilla/5.0 (Linux; Android 7.0;) AppleWebKit/537.36 (KHTML, like Gecko) Mobile Safari/537.36 (compatible; PetalBot;+https://webmaster.petalsearch.com/site/petalbot)"
85.208.96.207 - - [02/Mar/2026:19:53:40 -0500] "GET /uae-leaders-congratulate-kuwaiti-emir-on-national-day-liberation-day/ HTTP/1.1" 200 22812 "-" "Mozilla/5.0 (compatible; SemrushBot/7~bl; +http://www.semrush.com/bot.html)"
162.213.253.84 - - [02/Mar/2026:19:51:38 -0500] "POST /wp-cron.php?doing_wp_cron=1772499098.8791270256042480468750 HTTP/1.1" 200 0 "-" "WordPress/6.8.1; https://www.middleeastoday.com"
114.119.130.67 - - [02/Mar/2026:19:51:38 -0500] "GET /?p=8873 HTTP/1.1" 301 0 "https://www.middleeastoday.com/?author=1&paged=25" "Mozilla/5.0 (Linux; Android 7.0;) AppleWebKit/537.36 (KHTML, like Gecko) Mobile Safari/537.36 (compatible; PetalBot;+https://webmaster.petalsearch.com/site/petalbot)"
157.230.226.169 - - [02/Mar/2026:19:54:12 -0500] "GET /wp-login.php HTTP/1.1" 200 1792 "-" "Mozilla/5.0 (Windows NT 10.0; Win64; x64) AppleWebKit/537.36 (KHTML, like Gecko) Chrome/130.0.0.0 Safari/537.36"
162.213.253.84 - - [02/Mar/2026:19:54:13 -0500] "POST /wp-cron.php?doing_wp_cron=1772499253.7370159626007080078125 HTTP/1.1" 200 0 "-" "WordPress/6.8.1; https://www.middleeastoday.com"
162.213.253.84 - - [02/Mar/2026:19:54:22 -0500] "POST /wp-admin/admin-ajax.php?action=async_litespeed&nonce=bwh6xCow0Z2KmYTOcEjEPsmvd5L4sXkl&litespeed_type=imgoptm HTTP/1.1" 200 21 "-" "WordPress/6.8.1; https://www.middleeastoday.com"
40.77.167.61 - - [02/Mar/2026:19:54:51 -0500] "GET /wp-content/uploads/2022/12/Sultan-Al-Qasimi-300x200.jpg HTTP/1.1" 200 16310 "-" "Mozilla/5.0 AppleWebKit/537.36 (KHTML, like Gecko; compatible; bingbot/2.0; +http://www.bing.com/bingbot.htm) Chrome/116.0.1938.76 Safari/537.36"
114.119.132.207 - - [02/Mar/2026:19:55:46 -0500] "GET /emirates-resumes-flights-to-bali HTTP/1.1" 301 0 "https://www.middleeastoday.com/emirates-resumes-flights-to-bali" "Mozilla/5.0 (Linux; Android 7.0;) AppleWebKit/537.36 (KHTML, like Gecko) Mobile Safari/537.36 (compatible; PetalBot;+https://webmaster.petalsearch.com/site/petalbot)"
114.119.132.207 - - [02/Mar/2026:19:55:48 -0500] "GET /emirates-resumes-flights-to-bali/ HTTP/1.1" 200 23002 "https://www.middleeastoday.com/emirates-resumes-flights-to-bali" "Mozilla/5.0 (Linux; Android 7.0;) AppleWebKit/537.36 (KHTML, like Gecko) Mobile Safari/537.36 (compatible; PetalBot;+https://webmaster.petalsearch.com/site/petalbot)"
157.230.226.169 - - [02/Mar/2026:19:54:13 -0500] "POST /wp-login.php HTTP/1.1" 200 1874 "https://middleeastoday.com/wp-login.php" "Mozilla/5.0 (Windows NT 10.0; Win64; x64) AppleWebKit/537.36 (KHTML, like Gecko) Chrome/130.0.0.0 Safari/537.36"
162.213.253.84 - - [02/Mar/2026:19:54:14 -0500] "POST /wp-admin/admin-ajax.php?action=async_litespeed&nonce=i4rBL0kRlVohFgYuFrrkVLta3SvvvuDz&litespeed_type=imgoptm HTTP/1.1" 200 0 "-" "WordPress/6.8.1; https://www.middleeastoday.com"
162.213.253.84 - - [02/Mar/2026:19:54:22 -0500] "POST /wp-cron.php?doing_wp_cron=1772499262.1437621116638183593750 HTTP/1.1" 200 0 "-" "WordPress/6.8.1; https://www.middleeastoday.com"
114.119.154.115 - - [02/Mar/2026:19:54:21 -0500] "GET /?p=8569 HTTP/1.1" 301 0 "https://www.middleeastoday.com/?cat=63&paged=11" "Mozilla/5.0 (Linux; Android 7.0;) AppleWebKit/537.36 (KHTML, like Gecko) Mobile Safari/537.36 (compatible; PetalBot;+https://webmaster.petalsearch.com/site/petalbot)"
114.119.154.115 - - [02/Mar/2026:19:54:24 -0500] "GET /uae-leaders-congratulate-italian-president-on-republic-day/ HTTP/1.1" 200 22730 "https://www.middleeastoday.com/?cat=63&paged=11" "Mozilla/5.0 (Linux; Android 7.0;) AppleWebKit/537.36 (KHTML, like Gecko) Mobile Safari/537.36 (compatible; PetalBot;+https://webmaster.petalsearch.com/site/petalbot)"
162.213.253.84 - - [02/Mar/2026:19:55:47 -0500] "POST /wp-cron.php?doing_wp_cron=1772499347.5273609161376953125000 HTTP/1.1" 200 0 "-" "WordPress/6.8.1; https://www.middleeastoday.com"
162.213.253.84 - - [02/Mar/2026:19:55:48 -0500] "POST /wp-admin/admin-ajax.php?action=async_litespeed&nonce=zetBsQ90SSHNaC3f0Q0MjLMNJHymd3pf&litespeed_type=imgoptm HTTP/1.1" 200 21 "-" "WordPress/6.8.1; https://www.middleeastoday.com"
157.230.226.169 - - [02/Mar/2026:19:56:30 -0500] "GET /wp-login.php HTTP/1.1" 200 1792 "-" "Mozilla/5.0 (Windows NT 10.0; Win64; x64) AppleWebKit/537.36 (KHTML, like Gecko) Chrome/130.0.0.0 Safari/537.36"
162.213.253.84 - - [02/Mar/2026:19:56:31 -0500] "POST /wp-cron.php?doing_wp_cron=1772499391.5752990245819091796875 HTTP/1.1" 200 0 "-" "WordPress/6.8.1; https://www.middleeastoday.com"
114.119.132.207 - - [02/Mar/2026:19:57:12 -0500] "GET /rak-ruler-receives-japanese-consul-general/ HTTP/1.1" 200 22838 "https://www.middleeastoday.com/?author=1&paged=24" "Mozilla/5.0 (Linux; Android 7.0;) AppleWebKit/537.36 (KHTML, like Gecko) Mobile Safari/537.36 (compatible; PetalBot;+https://webmaster.petalsearch.com/site/petalbot)"
142.44.228.236 - - [02/Mar/2026:19:57:45 -0500] "GET /category/entertainment/ HTTP/1.1" 200 18965 "-" "Mozilla/5.0 (compatible; AhrefsBot/7.0; +http://ahrefs.com/robot/)"
162.213.253.84 - - [02/Mar/2026:19:57:51 -0500] "POST /wp-cron.php?doing_wp_cron=1772499471.7343029975891113281250 HTTP/1.1" 200 0 "-" "WordPress/6.8.1; https://www.middleeastoday.com"
162.213.253.84 - - [02/Mar/2026:19:57:52 -0500] "POST /wp-admin/admin-ajax.php?action=async_litespeed&nonce=r3TYTLpocGy08CEqRtukeuy8bfs4MGJv&litespeed_type=imgoptm HTTP/1.1" 200 21 "-" "WordPress/6.8.1; https://www.middleeastoday.com"
69.49.112.67 - - [02/Mar/2026:19:58:22 -0500] "GET /wp-login.php HTTP/1.1" 200 1792 "-" "Mozilla/5.0 (Windows NT 10.0; Win64; x64) AppleWebKit/537.36 (KHTML, like Gecko) Chrome/130.0.0.0 Safari/537.36"
69.49.112.67 - - [02/Mar/2026:19:58:23 -0500] "POST /wp-login.php HTTP/1.1" 200 1884 "https://middleeastoday.com/wp-login.php" "Mozilla/5.0 (Windows NT 10.0; Win64; x64) AppleWebKit/537.36 (KHTML, like Gecko) Chrome/130.0.0.0 Safari/537.36"
162.213.253.84 - - [02/Mar/2026:19:58:24 -0500] "POST /wp-admin/admin-ajax.php?action=async_litespeed&nonce=VbW5YL0AiihtodxzeiCc7yEhXnp7Wuw8&litespeed_type=imgoptm HTTP/1.1" 200 21 "-" "WordPress/6.8.1; https://www.middleeastoday.com"
114.119.130.67 - - [02/Mar/2026:19:58:34 -0500] "GET /page/42/ HTTP/1.1" 200 38708 "https://www.middleeastoday.com/page/42" "Mozilla/5.0 (Linux; Android 7.0;) AppleWebKit/537.36 (KHTML, like Gecko) Mobile Safari/537.36 (compatible; PetalBot;+https://webmaster.petalsearch.com/site/petalbot)"
162.213.253.84 - - [02/Mar/2026:19:59:55 -0500] "POST /wp-cron.php?doing_wp_cron=1772499595.5847001075744628906250 HTTP/1.1" 200 0 "-" "WordPress/6.8.1; https://www.middleeastoday.com"
114.119.132.207 - - [02/Mar/2026:19:59:54 -0500] "GET /?p=7172 HTTP/1.1" 301 0 "-" "Mozilla/5.0 (Linux; Android 7.0;) AppleWebKit/537.36 (KHTML, like Gecko) Mobile Safari/537.36 (compatible; PetalBot;+https://webmaster.petalsearch.com/site/petalbot)"
114.119.132.207 - - [02/Mar/2026:19:59:56 -0500] "GET /al-bandar-rotana-to-serve-iftar-with-a-unique-iftar-dining-experience/ HTTP/1.1" 200 23627 "-" "Mozilla/5.0 (Linux; Android 7.0;) AppleWebKit/537.36 (KHTML, like Gecko) Mobile Safari/537.36 (compatible; PetalBot;+https://webmaster.petalsearch.com/site/petalbot)"
114.119.154.115 - - [02/Mar/2026:20:01:19 -0500] "GET /page/9 HTTP/1.1" 301 0 "https://www.middleeastoday.com/page/9" "Mozilla/5.0 (Linux; Android 7.0;) AppleWebKit/537.36 (KHTML, like Gecko) Mobile Safari/537.36 (compatible; PetalBot;+https://webmaster.petalsearch.com/site/petalbot)"
162.213.253.84 - - [02/Mar/2026:20:01:20 -0500] "POST /wp-admin/admin-ajax.php?action=async_litespeed&nonce=ret3u68csMFww1aaxgNobk9GBDJn0yYQ&litespeed_type=imgoptm HTTP/1.1" 200 21 "-" "WordPress/6.8.1; https://www.middleeastoday.com"
162.213.253.84 - - [02/Mar/2026:20:02:44 -0500] "POST /wp-cron.php?doing_wp_cron=1772499764.9612200260162353515625 HTTP/1.1" 200 0 "-" "WordPress/6.8.1; https://www.middleeastoday.com"
157.230.226.169 - - [02/Mar/2026:19:56:31 -0500] "POST /wp-login.php HTTP/1.1" 200 1874 "https://middleeastoday.com/wp-login.php" "Mozilla/5.0 (Windows NT 10.0; Win64; x64) AppleWebKit/537.36 (KHTML, like Gecko) Chrome/130.0.0.0 Safari/537.36"
162.213.253.84 - - [02/Mar/2026:19:56:32 -0500] "POST /wp-admin/admin-ajax.php?action=async_litespeed&nonce=r14jIXn6xlLqi2iAhObZLTU4KVOW2fjC&litespeed_type=imgoptm HTTP/1.1" 200 21 "-" "WordPress/6.8.1; https://www.middleeastoday.com"
