114.119.132.207 - - [02/Mar/2026:18:45:17 -0500] "GET /dubai-wins-bids-for-99-events-in-h1-2022/ HTTP/1.1" 200 25081 "https://www.middleeastoday.com/author/admin/page/52" "Mozilla/5.0 (Linux; Android 7.0;) AppleWebKit/537.36 (KHTML, like Gecko) Mobile Safari/537.36 (compatible; PetalBot;+https://webmaster.petalsearch.com/site/petalbot)"
139.59.3.17 - - [02/Mar/2026:18:46:18 -0500] "GET /wp-login.php HTTP/1.1" 200 1792 "-" "Mozilla/5.0 (Windows NT 10.0; Win64; x64) AppleWebKit/537.36 (KHTML, like Gecko) Chrome/130.0.0.0 Safari/537.36"
162.213.253.84 - - [02/Mar/2026:18:46:20 -0500] "POST /wp-admin/admin-ajax.php?action=async_litespeed&nonce=RXyxCndItJjWw5YUxFkHgM6CMUTcAUFb&litespeed_type=imgoptm HTTP/1.1" 200 21 "-" "WordPress/6.8.1; https://www.middleeastoday.com"
114.119.138.37 - - [02/Mar/2026:18:46:36 -0500] "GET /alef-group-announces-launch-of-samr-2-in-hayyan/ HTTP/1.1" 200 23275 "https://www.middleeastoday.com/sheikh-zayed-festival-announces-new-years-eve-2025-celebrations/" "Mozilla/5.0 (Linux; Android 7.0;) AppleWebKit/537.36 (KHTML, like Gecko) Mobile Safari/537.36 (compatible; PetalBot;+https://webmaster.petalsearch.com/site/petalbot)"
162.213.253.84 - - [02/Mar/2026:18:46:48 -0500] "POST /wp-cron.php?doing_wp_cron=1772495208.4771931171417236328125 HTTP/1.1" 200 0 "-" "WordPress/6.8.1; https://www.middleeastoday.com"
139.59.3.17 - - [02/Mar/2026:18:46:47 -0500] "POST /wp-login.php HTTP/1.1" 200 1884 "https://middleeastoday.com/wp-login.php" "Mozilla/5.0 (Windows NT 10.0; Win64; x64) AppleWebKit/537.36 (KHTML, like Gecko) Chrome/130.0.0.0 Safari/537.36"
162.213.253.84 - - [02/Mar/2026:18:48:03 -0500] "POST /wp-cron.php?doing_wp_cron=1772495283.5876259803771972656250 HTTP/1.1" 200 0 "-" "WordPress/6.8.1; https://www.middleeastoday.com"
162.213.253.84 - - [02/Mar/2026:18:48:04 -0500] "POST /wp-admin/admin-ajax.php?action=async_litespeed&nonce=QxGnCjktaf8uGtkrGnQm9yyaRZSsConp&litespeed_type=imgoptm HTTP/1.1" 200 21 "-" "WordPress/6.8.1; https://www.middleeastoday.com"
114.119.132.207 - - [02/Mar/2026:18:45:15 -0500] "GET /dubai-wins-bids-for-99-events-in-h1-2022 HTTP/1.1" 301 0 "https://www.middleeastoday.com/author/admin/page/52" "Mozilla/5.0 (Linux; Android 7.0;) AppleWebKit/537.36 (KHTML, like Gecko) Mobile Safari/537.36 (compatible; PetalBot;+https://webmaster.petalsearch.com/site/petalbot)"
162.213.253.84 - - [02/Mar/2026:18:46:19 -0500] "POST /wp-cron.php?doing_wp_cron=1772495179.6728010177612304687500 HTTP/1.1" 200 0 "-" "WordPress/6.8.1; https://www.middleeastoday.com"
139.59.3.17 - - [02/Mar/2026:18:46:18 -0500] "POST /wp-login.php HTTP/1.1" 200 1884 "https://middleeastoday.com/wp-login.php" "Mozilla/5.0 (Windows NT 10.0; Win64; x64) AppleWebKit/537.36 (KHTML, like Gecko) Chrome/130.0.0.0 Safari/537.36"
139.59.3.17 - - [02/Mar/2026:18:46:47 -0500] "GET /wp-login.php HTTP/1.1" 200 1792 "-" "Mozilla/5.0 (Windows NT 10.0; Win64; x64) AppleWebKit/537.36 (KHTML, like Gecko) Chrome/130.0.0.0 Safari/537.36"
162.213.253.84 - - [02/Mar/2026:18:46:49 -0500] "POST /wp-admin/admin-ajax.php?action=async_litespeed&nonce=QeUBoyMjwkeEpFcI6a7ZrW70hgk5lJkk&litespeed_type=imgoptm HTTP/1.1" 200 21 "-" "WordPress/6.8.1; https://www.middleeastoday.com"
63.143.44.106 - - [02/Mar/2026:18:48:01 -0500] "GET /wp-login.php HTTP/1.1" 200 1792 "-" "Mozilla/5.0 (Windows NT 10.0; Win64; x64) AppleWebKit/537.36 (KHTML, like Gecko) Chrome/130.0.0.0 Safari/537.36"
63.143.44.106 - - [02/Mar/2026:18:48:02 -0500] "POST /wp-login.php HTTP/1.1" 200 1884 "https://middleeastoday.com/wp-login.php" "Mozilla/5.0 (Windows NT 10.0; Win64; x64) AppleWebKit/537.36 (KHTML, like Gecko) Chrome/130.0.0.0 Safari/537.36"
17.241.219.169 - - [02/Mar/2026:18:50:13 -0500] "GET /robots.txt HTTP/1.1" 200 117 "-" "Mozilla/5.0 (Macintosh; Intel Mac OS X 10_15_7) AppleWebKit/605.1.15 (KHTML, like Gecko) Version/17.4 Safari/605.1.15 (Applebot/0.1; +http://www.apple.com/go/applebot)"
17.241.219.169 - - [02/Mar/2026:18:50:13 -0500] "GET /wp-content/uploads/2022/10/Aerospace-Exhibition-1-850x560.jpg HTTP/1.1" 200 104668 "-" "Mozilla/5.0 (Macintosh; Intel Mac OS X 10_15_7) AppleWebKit/605.1.15 (KHTML, like Gecko) Version/17.4 Safari/605.1.15 (Applebot/0.1; +http://www.apple.com/go/applebot)"
66.249.72.194 - - [02/Mar/2026:18:50:35 -0500] "GET /dubai-electricity-and-water-authority-starts-trading-on-dubai-financial-market/ HTTP/1.1" 200 21808 "-" "Mozilla/5.0 (Linux; Android 6.0.1; Nexus 5X Build/MMB29P) AppleWebKit/537.36 (KHTML, like Gecko) Chrome/144.0.7559.132 Mobile Safari/537.36 (compatible; Googlebot/2.1; +http://www.google.com/bot.html)"
66.249.72.192 - - [02/Mar/2026:18:50:37 -0500] "GET /wp-includes/js/dist/hooks.min.js?ver=4d63a3d491d11ffd8ac6 HTTP/1.1" 200 1571 "https://www.middleeastoday.com/dubai-electricity-and-water-authority-starts-trading-on-dubai-financial-market/" "Mozilla/5.0 (Linux; Android 6.0.1; Nexus 5X Build/MMB29P) AppleWebKit/537.36 (KHTML, like Gecko) Chrome/144.0.7559.132 Mobile Safari/537.36 (compatible; Googlebot/2.1; +http://www.google.com/bot.html)"
66.249.72.192 - - [02/Mar/2026:18:50:37 -0500] "GET /wp-content/plugins/elementor-1/assets/js/frontend.min.js?ver=3.21.1 HTTP/1.1" 200 11814 "https://www.middleeastoday.com/dubai-electricity-and-water-authority-starts-trading-on-dubai-financial-market/" "Mozilla/5.0 (Linux; Android 6.0.1; Nexus 5X Build/MMB29P) AppleWebKit/537.36 (KHTML, like Gecko) Chrome/144.0.7559.132 Mobile Safari/537.36 (compatible; Googlebot/2.1; +http://www.google.com/bot.html)"
57.141.2.57 - - [02/Mar/2026:18:50:42 -0500] "GET /emirates-to-introduce-premium-economy-to-five-more-cities-starting-from-december/ HTTP/1.1" 200 105321 "-" "meta-externalagent/1.1 (+https://developers.facebook.com/docs/sharing/webmasters/crawler)"
162.213.253.84 - - [02/Mar/2026:18:51:42 -0500] "POST /wp-admin/admin-ajax.php?action=async_litespeed&nonce=ZLoDEHteX2j2tfyhal46FeP9qwhteW2L&litespeed_type=imgoptm HTTP/1.1" 200 21 "-" "WordPress/6.8.1; https://www.middleeastoday.com"
185.191.171.16 - - [02/Mar/2026:18:52:48 -0500] "GET /author/admin/page/65/ HTTP/1.1" 200 23976 "-" "Mozilla/5.0 (compatible; SemrushBot/7~bl; +http://www.semrush.com/bot.html)"
3.85.204.193 - - [02/Mar/2026:18:55:49 -0500] "GET /category/travel-tourism/destinations/ HTTP/1.1" 200 123182 "-" "Mozilla/4.0 (compatible; MSIE 7.0; Windows NT 6.0) Mozilla/5.0 (Windows NT 10.0; Win64; x64) AppleWebKit/537.36 (KHTML, like Gecko) Chrome/91.0.4472.124 Safari/537.36"
3.85.204.193 - - [02/Mar/2026:18:55:50 -0500] "GET /category/exhibitions/ HTTP/1.1" 200 122723 "-" "Mozilla/4.0 (compatible; MSIE 7.0; Windows NT 6.0) Mozilla/5.0 (Windows NT 10.0; Win64; x64) AppleWebKit/537.36 (KHTML, like Gecko) Chrome/91.0.4472.124 Safari/537.36"
3.85.204.193 - - [02/Mar/2026:18:55:59 -0500] "GET /category/entertainment/ HTTP/1.1" 200 99105 "-" "Mozilla/4.0 (compatible; MSIE 7.0; Windows NT 6.0) Mozilla/5.0 (Windows NT 10.0; Win64; x64) AppleWebKit/537.36 (KHTML, like Gecko) Chrome/91.0.4472.124 Safari/537.36"
3.85.204.193 - - [02/Mar/2026:18:56:24 -0500] "GET /category/press-releases/ HTTP/1.1" 200 99009 "-" "Mozilla/4.0 (compatible; MSIE 7.0; Windows NT 6.0) Mozilla/5.0 (Windows NT 10.0; Win64; x64) AppleWebKit/537.36 (KHTML, like Gecko) Chrome/91.0.4472.124 Safari/537.36"
3.85.204.193 - - [02/Mar/2026:18:56:28 -0500] "GET /category/conferences/ HTTP/1.1" 200 111702 "-" "Mozilla/4.0 (compatible; MSIE 7.0; Windows NT 6.0) Mozilla/5.0 (Windows NT 10.0; Win64; x64) AppleWebKit/537.36 (KHTML, like Gecko) Chrome/91.0.4472.124 Safari/537.36"
57.141.2.16 - - [02/Mar/2026:18:50:07 -0500] "GET /back-to-back-wins-celebrity-media-strategist-vasu-jit-kalia-dominates-fashion-factor/ HTTP/1.1" 200 105934 "-" "meta-externalagent/1.1 (+https://developers.facebook.com/docs/sharing/webmasters/crawler)"
66.249.72.194 - - [02/Mar/2026:18:50:36 -0500] "GET /wp-content/plugins/elementskit-lite/widgets/init/assets/css/widget-styles.css?ver=3.5.0 HTTP/1.1" 200 48223 "https://www.middleeastoday.com/dubai-electricity-and-water-authority-starts-trading-on-dubai-financial-market/" "Mozilla/5.0 (Linux; Android 6.0.1; Nexus 5X Build/MMB29P) AppleWebKit/537.36 (KHTML, like Gecko) Chrome/144.0.7559.132 Mobile Safari/537.36 (compatible; Googlebot/2.1; +http://www.google.com/bot.html)"
162.213.253.84 - - [02/Mar/2026:18:51:41 -0500] "POST /wp-cron.php?doing_wp_cron=1772495501.9507908821105957031250 HTTP/1.1" 200 0 "-" "WordPress/6.8.1; https://www.middleeastoday.com"
113.186.83.125 - - [02/Mar/2026:18:51:41 -0500] "GET /wp-json/oembed/1.0/embed?url=https%3A%2F%2Fwww.middleeastoday.com%2Fabu-dhabi-international-airport-welcomes-first-sf-express-flight%2F HTTP/1.1" 200 2589 "-" "Mozilla/5.0 (Macintosh; Intel Mac OS X 11_2_3) AppleWebKit/537.36 (KHTML, like Gecko) Chrome/88.0.4324.152 Safari/537.36"
45.161.97.39 - - [02/Mar/2026:18:51:55 -0500] "GET /wp-json/oembed/1.0/embed?format=xml&url=https%3A%2F%2Fwww.middleeastoday.com%2Fdubai-multi-commodities-centre-reports-its-best-ever-h1-performance-registering-1469-new-companies%2F HTTP/1.1" 200 1320 "-" "Mozilla/5.0 (Windows NT 11.0; WOW64) AppleWebKit/537.36 (KHTML, like Gecko) Chrome/99.0.4868.173 Safari/537.36"
57.141.2.38 - - [02/Mar/2026:18:52:41 -0500] "GET /amis-awards-construction-contract-for-its-aed-425-million-the-woodland-residences-project-to-dar-al-aayan-contracting/ HTTP/1.1" 200 106432 "-" "meta-externalagent/1.1 (+https://developers.facebook.com/docs/sharing/webmasters/crawler)"
40.77.167.26 - - [02/Mar/2026:18:54:55 -0500] "GET /wp-content/uploads/2023/04/FBP-Logo-1024x1024.jpeg HTTP/1.1" 200 80688 "-" "Mozilla/5.0 AppleWebKit/537.36 (KHTML, like Gecko; compatible; bingbot/2.0; +http://www.bing.com/bingbot.htm) Chrome/116.0.1938.76 Safari/537.36"
142.44.225.62 - - [02/Mar/2026:18:55:34 -0500] "GET /worlds-largest-youth-climate-conference-coy18-concludes-in-dubai/ HTTP/1.1" 200 21903 "-" "Mozilla/5.0 (compatible; AhrefsBot/7.0; +http://ahrefs.com/robot/)"
3.85.204.193 - - [02/Mar/2026:18:55:44 -0500] "GET /category/music-concerts/ HTTP/1.1" 200 101699 "-" "Mozilla/4.0 (compatible; MSIE 7.0; Windows NT 6.0) Mozilla/5.0 (Windows NT 10.0; Win64; x64) AppleWebKit/537.36 (KHTML, like Gecko) Chrome/91.0.4472.124 Safari/537.36"
3.85.204.193 - - [02/Mar/2026:18:55:45 -0500] "GET /category/uncategorized/ HTTP/1.1" 200 121982 "-" "Mozilla/4.0 (compatible; MSIE 7.0; Windows NT 6.0) Mozilla/5.0 (Windows NT 10.0; Win64; x64) AppleWebKit/537.36 (KHTML, like Gecko) Chrome/91.0.4472.124 Safari/537.36"
3.85.204.193 - - [02/Mar/2026:18:55:46 -0500] "GET /category/home_side/ HTTP/1.1" 200 121861 "-" "Mozilla/4.0 (compatible; MSIE 7.0; Windows NT 6.0) Mozilla/5.0 (Windows NT 10.0; Win64; x64) AppleWebKit/537.36 (KHTML, like Gecko) Chrome/91.0.4472.124 Safari/537.36"
3.85.204.193 - - [02/Mar/2026:18:55:54 -0500] "GET /category/news/ HTTP/1.1" 200 101420 "-" "Mozilla/4.0 (compatible; MSIE 7.0; Windows NT 6.0) Mozilla/5.0 (Windows NT 10.0; Win64; x64) AppleWebKit/537.36 (KHTML, like Gecko) Chrome/91.0.4472.124 Safari/537.36"
3.85.204.193 - - [02/Mar/2026:18:56:14 -0500] "GET /category/travel-tourism/ HTTP/1.1" 200 123600 "-" "Mozilla/4.0 (compatible; MSIE 7.0; Windows NT 6.0) Mozilla/5.0 (Windows NT 10.0; Win64; x64) AppleWebKit/537.36 (KHTML, like Gecko) Chrome/91.0.4472.124 Safari/537.36"
3.85.204.193 - - [02/Mar/2026:18:56:36 -0500] "GET /category/international-news/ HTTP/1.1" 200 122934 "-" "Mozilla/4.0 (compatible; MSIE 7.0; Windows NT 6.0) Mozilla/5.0 (Windows NT 10.0; Win64; x64) AppleWebKit/537.36 (KHTML, like Gecko) Chrome/91.0.4472.124 Safari/537.36"
3.85.204.193 - - [02/Mar/2026:18:57:01 -0500] "GET /category/real-estate/ HTTP/1.1" 200 121395 "-" "Mozilla/4.0 (compatible; MSIE 7.0; Windows NT 6.0) Mozilla/5.0 (Windows NT 10.0; Win64; x64) AppleWebKit/537.36 (KHTML, like Gecko) Chrome/91.0.4472.124 Safari/537.36"
3.85.204.193 - - [02/Mar/2026:18:57:20 -0500] "GET /category/articles/ HTTP/1.1" 200 101387 "-" "Mozilla/4.0 (compatible; MSIE 7.0; Windows NT 6.0) Mozilla/5.0 (Windows NT 10.0; Win64; x64) AppleWebKit/537.36 (KHTML, like Gecko) Chrome/91.0.4472.124 Safari/537.36"
3.85.204.193 - - [02/Mar/2026:18:57:27 -0500] "GET /category/products/ HTTP/1.1" 200 121541 "-" "Mozilla/4.0 (compatible; MSIE 7.0; Windows NT 6.0) Mozilla/5.0 (Windows NT 10.0; Win64; x64) AppleWebKit/537.36 (KHTML, like Gecko) Chrome/91.0.4472.124 Safari/537.36"
3.85.204.193 - - [02/Mar/2026:18:57:36 -0500] "GET /category/national-news/ HTTP/1.1" 200 122061 "-" "Mozilla/4.0 (compatible; MSIE 7.0; Windows NT 6.0) Mozilla/5.0 (Windows NT 10.0; Win64; x64) AppleWebKit/537.36 (KHTML, like Gecko) Chrome/91.0.4472.124 Safari/537.36"
3.85.204.193 - - [02/Mar/2026:18:57:41 -0500] "GET /category/health-2/ HTTP/1.1" 200 121833 "-" "Mozilla/4.0 (compatible; MSIE 7.0; Windows NT 6.0) Mozilla/5.0 (Windows NT 10.0; Win64; x64) AppleWebKit/537.36 (KHTML, like Gecko) Chrome/91.0.4472.124 Safari/537.36"
3.85.204.193 - - [02/Mar/2026:18:57:52 -0500] "GET /category/art/ HTTP/1.1" 200 121534 "-" "Mozilla/4.0 (compatible; MSIE 7.0; Windows NT 6.0) Mozilla/5.0 (Windows NT 10.0; Win64; x64) AppleWebKit/537.36 (KHTML, like Gecko) Chrome/91.0.4472.124 Safari/537.36"
3.85.204.193 - - [02/Mar/2026:18:58:01 -0500] "GET /category/travel-tourism/airlines/ HTTP/1.1" 200 122842 "-" "Mozilla/4.0 (compatible; MSIE 7.0; Windows NT 6.0) Mozilla/5.0 (Windows NT 10.0; Win64; x64) AppleWebKit/537.36 (KHTML, like Gecko) Chrome/91.0.4472.124 Safari/537.36"
3.85.204.193 - - [02/Mar/2026:18:58:07 -0500] "GET /category/beauty-fashion/ HTTP/1.1" 200 122556 "-" "Mozilla/4.0 (compatible; MSIE 7.0; Windows NT 6.0) Mozilla/5.0 (Windows NT 10.0; Win64; x64) AppleWebKit/537.36 (KHTML, like Gecko) Chrome/91.0.4472.124 Safari/537.36"
3.85.204.193 - - [02/Mar/2026:18:58:13 -0500] "GET /category/awards/ HTTP/1.1" 200 116205 "-" "Mozilla/4.0 (compatible; MSIE 7.0; Windows NT 6.0) Mozilla/5.0 (Windows NT 10.0; Win64; x64) AppleWebKit/537.36 (KHTML, like Gecko) Chrome/91.0.4472.124 Safari/537.36"
3.85.204.193 - - [02/Mar/2026:18:58:19 -0500] "GET /category/travel-tourism/hotels/ HTTP/1.1" 200 108475 "-" "Mozilla/4.0 (compatible; MSIE 7.0; Windows NT 6.0) Mozilla/5.0 (Windows NT 10.0; Win64; x64) AppleWebKit/537.36 (KHTML, like Gecko) Chrome/91.0.4472.124 Safari/537.36"
3.85.204.193 - - [02/Mar/2026:18:58:56 -0500] "GET /category/events/ HTTP/1.1" 200 101891 "-" "Mozilla/4.0 (compatible; MSIE 7.0; Windows NT 6.0) Mozilla/5.0 (Windows NT 10.0; Win64; x64) AppleWebKit/537.36 (KHTML, like Gecko) Chrome/91.0.4472.124 Safari/537.36"
162.213.253.84 - - [02/Mar/2026:18:59:25 -0500] "POST /wp-cron.php?doing_wp_cron=1772495965.4097039699554443359375 HTTP/1.1" 200 0 "-" "WordPress/6.8.1; https://www.middleeastoday.com"
162.213.253.84 - - [02/Mar/2026:18:59:26 -0500] "POST /wp-admin/admin-ajax.php?action=async_litespeed&nonce=1voqnhRGExt7jLb0ATbp7ZMlOi984rMK&litespeed_type=imgoptm HTTP/1.1" 200 21 "-" "WordPress/6.8.1; https://www.middleeastoday.com"
52.167.144.212 - - [02/Mar/2026:19:01:05 -0500] "GET /wp-content/uploads/2022/03/Sharm-El-Sheikh-455x300.jpg HTTP/1.1" 200 26647 "-" "Mozilla/5.0 AppleWebKit/537.36 (KHTML, like Gecko; compatible; bingbot/2.0; +http://www.bing.com/bingbot.htm) Chrome/116.0.1938.76 Safari/537.36"
114.119.141.228 - - [02/Mar/2026:19:02:57 -0500] "GET /page/35/ HTTP/1.1" 200 38685 "https://www.middleeastoday.com/page/35" "Mozilla/5.0 (Linux; Android 7.0;) AppleWebKit/537.36 (KHTML, like Gecko) Mobile Safari/537.36 (compatible; PetalBot;+https://webmaster.petalsearch.com/site/petalbot)"
3.85.204.193 - - [02/Mar/2026:18:56:53 -0500] "GET /category/business/ HTTP/1.1" 200 121700 "-" "Mozilla/4.0 (compatible; MSIE 7.0; Windows NT 6.0) Mozilla/5.0 (Windows NT 10.0; Win64; x64) AppleWebKit/537.36 (KHTML, like Gecko) Chrome/91.0.4472.124 Safari/537.36"
57.129.81.226 - - [02/Mar/2026:18:57:59 -0500] "GET /dubai-health-authority-visa-sign-mou/ HTTP/1.1" 200 21094 "-" "Mozilla/5.0 (Windows NT 10.0; Win64; x64) AppleWebKit/537.36 (KHTML, like Gecko) Chrome/139.0.0.0 Safari/537.36"
51.75.23.120 - - [02/Mar/2026:18:58:00 -0500] "GET /wp-content/uploads/2022/07/Higher-Committee-for-Development-850x560.jpg HTTP/1.1" 200 52198 "-" "Mozilla/5.0 (Windows NT 10.0; Win64; x64) AppleWebKit/537.36 (KHTML, like Gecko) Chrome/139.0.0.0 Safari/537.36"
3.85.204.193 - - [02/Mar/2026:18:58:09 -0500] "GET /category/education/ HTTP/1.1" 200 121918 "-" "Mozilla/4.0 (compatible; MSIE 7.0; Windows NT 6.0) Mozilla/5.0 (Windows NT 10.0; Win64; x64) AppleWebKit/537.36 (KHTML, like Gecko) Chrome/91.0.4472.124 Safari/537.36"
141.94.79.3 - - [02/Mar/2026:18:58:18 -0500] "GET /abu-dhabi-public-health-centre-launches-ifhas-programme/ HTTP/1.1" 200 22156 "-" "Mozilla/5.0 (Windows NT 10.0; Win64; x64) AppleWebKit/537.36 (KHTML, like Gecko) Chrome/139.0.0.0 Safari/537.36"
3.85.204.193 - - [02/Mar/2026:18:58:40 -0500] "GET /category/travel-tourism/eating-out/ HTTP/1.1" 200 108596 "-" "Mozilla/4.0 (compatible; MSIE 7.0; Windows NT 6.0) Mozilla/5.0 (Windows NT 10.0; Win64; x64) AppleWebKit/537.36 (KHTML, like Gecko) Chrome/91.0.4472.124 Safari/537.36"
3.85.204.193 - - [02/Mar/2026:18:58:44 -0500] "GET /category/lifestyle/tech/ HTTP/1.1" 200 101315 "-" "Mozilla/4.0 (compatible; MSIE 7.0; Windows NT 6.0) Mozilla/5.0 (Windows NT 10.0; Win64; x64) AppleWebKit/537.36 (KHTML, like Gecko) Chrome/91.0.4472.124 Safari/537.36"
123.17.48.57 - - [02/Mar/2026:18:58:52 -0500] "GET /dha-opens-pfizer-biontech-vaccine-booking-slots-for-children-aged-5-11/ HTTP/1.1" 200 23199 "-" "Mozilla/5.0 (Macintosh; Intel Mac OS X 10_15_7) AppleWebKit/537.36 (KHTML, like Gecko) Brave Chrome/88.0.4324.182 Safari/537.36"
51.178.41.153 - - [02/Mar/2026:18:59:19 -0500] "GET /wp-login.php HTTP/1.1" 200 1792 "-" "Mozilla/5.0 (Windows NT 10.0; Win64; x64) AppleWebKit/537.36 (KHTML, like Gecko) Chrome/130.0.0.0 Safari/537.36"
51.178.41.153 - - [02/Mar/2026:18:59:24 -0500] "POST /wp-login.php HTTP/1.1" 200 1884 "https://middleeastoday.com/wp-login.php" "Mozilla/5.0 (Windows NT 10.0; Win64; x64) AppleWebKit/537.36 (KHTML, like Gecko) Chrome/130.0.0.0 Safari/537.36"
114.119.148.161 - - [02/Mar/2026:19:00:10 -0500] "GET /uae-president-uk-prime-minister-discuss-bilateral-relations/ HTTP/1.1" 200 23511 "https://www.middleeastoday.com/category/national-news/page/4/" "Mozilla/5.0 (Linux; Android 7.0;) AppleWebKit/537.36 (KHTML, like Gecko) Mobile Safari/537.36 (compatible; PetalBot;+https://webmaster.petalsearch.com/site/petalbot)"
162.213.253.84 - - [02/Mar/2026:19:01:32 -0500] "POST /wp-cron.php?doing_wp_cron=1772496092.8007640838623046875000 HTTP/1.1" 200 0 "-" "WordPress/6.8.1; https://www.middleeastoday.com"
114.119.138.37 - - [02/Mar/2026:19:01:32 -0500] "GET /uae-leaders-offer-condolences-to-bahraini-king HTTP/1.1" 301 0 "https://www.middleeastoday.com/category/national-news/page/25" "Mozilla/5.0 (Linux; Android 7.0;) AppleWebKit/537.36 (KHTML, like Gecko) Mobile Safari/537.36 (compatible; PetalBot;+https://webmaster.petalsearch.com/site/petalbot)"
114.119.138.37 - - [02/Mar/2026:19:01:33 -0500] "GET /uae-leaders-offer-condolences-to-bahraini-king/ HTTP/1.1" 200 22748 "https://www.middleeastoday.com/category/national-news/page/25" "Mozilla/5.0 (Linux; Android 7.0;) AppleWebKit/537.36 (KHTML, like Gecko) Mobile Safari/537.36 (compatible; PetalBot;+https://webmaster.petalsearch.com/site/petalbot)"
162.213.253.84 - - [02/Mar/2026:19:01:33 -0500] "POST /wp-admin/admin-ajax.php?action=async_litespeed&nonce=AygWu4sY7qV9ui9FxJSWudtp7fQiAj78&litespeed_type=imgoptm HTTP/1.1" 200 21 "-" "WordPress/6.8.1; https://www.middleeastoday.com"
47.128.117.233 - - [02/Mar/2026:19:03:12 -0500] "GET /wp-content/plugins/elementor-1/assets/css/frontend-lite.min.css?ver=3.21.1 HTTP/1.1" 200 13067 "https://www.middleeastoday.com/author/admin/page/93/" "Mozilla/5.0 (Linux; Android 5.0) AppleWebKit/537.36 (KHTML, like Gecko) Mobile Safari/537.36 (compatible; TikTokSpider; [email protected])"
47.128.117.233 - - [02/Mar/2026:19:03:12 -0500] "GET /wp-content/plugins/accesspress-social-counter/css/fontawesome-all.css?ver=1.9.2 HTTP/1.1" 200 8084 "https://www.middleeastoday.com/author/admin/page/93/" "Mozilla/5.0 (Linux; Android 5.0) AppleWebKit/537.36 (KHTML, like Gecko) Mobile Safari/537.36 (compatible; TikTokSpider; [email protected])"
47.128.117.233 - - [02/Mar/2026:19:03:13 -0500] "GET /wp-content/plugins/contact-form-7/includes/css/styles.css?ver=6.0.6 HTTP/1.1" 200 890 "https://www.middleeastoday.com/author/admin/page/93/" "Mozilla/5.0 (Linux; Android 5.0) AppleWebKit/537.36 (KHTML, like Gecko) Mobile Safari/537.36 (compatible; TikTokSpider; [email protected])"
47.128.117.233 - - [02/Mar/2026:19:03:13 -0500] "GET /wp-content/plugins/accesspress-social-counter/css/frontend.css?ver=1.9.2 HTTP/1.1" 200 2295 "https://www.middleeastoday.com/author/admin/page/93/" "Mozilla/5.0 (Linux; Android 5.0) AppleWebKit/537.36 (KHTML, like Gecko) Mobile Safari/537.36 (compatible; TikTokSpider; [email protected])"
47.128.117.233 - - [02/Mar/2026:19:03:14 -0500] "GET /wp-content/themes/digiqole/assets/css/bootstrap.min.css?ver=2.1.1 HTTP/1.1" 200 18543 "https://www.middleeastoday.com/author/admin/page/93/" "Mozilla/5.0 (Linux; Android 5.0) AppleWebKit/537.36 (KHTML, like Gecko) Mobile Safari/537.36 (compatible; TikTokSpider; [email protected])"
47.128.117.233 - - [02/Mar/2026:19:03:14 -0500] "GET /wp-content/themes/digiqole/assets/css/all.css?ver=2.1.1 HTTP/1.1" 200 7048 "https://www.middleeastoday.com/author/admin/page/93/" "Mozilla/5.0 (Linux; Android 5.0) AppleWebKit/537.36 (KHTML, like Gecko) Mobile Safari/537.36 (compatible; TikTokSpider; [email protected])"
47.128.117.233 - - [02/Mar/2026:19:03:14 -0500] "GET /wp-content/uploads/2022/04/64c2ad33-5b41-4d59-be1b-293b254ded91-768x119.jpeg HTTP/1.1" 206 500 "https://www.middleeastoday.com/author/admin/page/93/" "Mozilla/5.0 (Linux; Android 5.0) AppleWebKit/537.36 (KHTML, like Gecko) Mobile Safari/537.36 (compatible; TikTokSpider; [email protected])"
47.128.117.233 - - [02/Mar/2026:19:03:14 -0500] "GET /wp-content/plugins/elementskit-lite/modules/elementskit-icon-pack/assets/css/ekiticons.css?ver=3.5.0 HTTP/1.1" 200 11776 "https://www.middleeastoday.com/author/admin/page/93/" "Mozilla/5.0 (Linux; Android 5.0) AppleWebKit/537.36 (KHTML, like Gecko) Mobile Safari/537.36 (compatible; TikTokSpider; [email protected])"
47.128.117.233 - - [02/Mar/2026:19:03:14 -0500] "GET /wp-content/plugins/elementskit-lite/widgets/init/assets/css/responsive.css?ver=3.5.0 HTTP/1.1" 200 2859 "https://www.middleeastoday.com/author/admin/page/93/" "Mozilla/5.0 (Linux; Android 5.0) AppleWebKit/537.36 (KHTML, like Gecko) Mobile Safari/537.36 (compatible; TikTokSpider; [email protected])"
47.128.117.233 - - [02/Mar/2026:19:03:14 -0500] "GET /wp-content/themes/digiqole/assets/css/master.css?ver=2.1.1 HTTP/1.1" 200 43295 "https://www.middleeastoday.com/author/admin/page/93/" "Mozilla/5.0 (Linux; Android 5.0) AppleWebKit/537.36 (KHTML, like Gecko) Mobile Safari/537.36 (compatible; TikTokSpider; [email protected])"
47.128.117.233 - - [02/Mar/2026:19:03:15 -0500] "GET /wp-content/uploads/2022/04/middle-east-today-logo-1-768x272.jpg HTTP/1.1" 206 500 "https://www.middleeastoday.com/author/admin/page/93/" "Mozilla/5.0 (Linux; Android 5.0) AppleWebKit/537.36 (KHTML, like Gecko) Mobile Safari/537.36 (compatible; TikTokSpider; [email protected])"
162.213.253.84 - - [02/Mar/2026:19:03:11 -0500] "POST /wp-cron.php?doing_wp_cron=1772496191.6528010368347167968750 HTTP/1.1" 200 0 "-" "WordPress/6.8.1; https://www.middleeastoday.com"
47.128.117.233 - - [02/Mar/2026:19:03:10 -0500] "GET /author/admin/page/93/ HTTP/1.1" 200 21076 "-" "Mozilla/5.0 (Linux; Android 5.0) AppleWebKit/537.36 (KHTML, like Gecko) Mobile Safari/537.36 (compatible; TikTokSpider; [email protected])"
162.213.253.84 - - [02/Mar/2026:19:03:12 -0500] "POST /wp-admin/admin-ajax.php?action=async_litespeed&nonce=4onjmwJDzqLmgsmVOQIycrPHQEMPhqTn&litespeed_type=imgoptm HTTP/1.1" 200 21 "-" "WordPress/6.8.1; https://www.middleeastoday.com"
47.128.117.233 - - [02/Mar/2026:19:03:12 -0500] "GET /wp-content/uploads/elementor/css/post-3932.css?ver=1762520240 HTTP/1.1" 200 1066 "https://www.middleeastoday.com/author/admin/page/93/" "Mozilla/5.0 (Linux; Android 5.0) AppleWebKit/537.36 (KHTML, like Gecko) Mobile Safari/537.36 (compatible; TikTokSpider; [email protected])"
47.128.117.233 - - [02/Mar/2026:19:03:12 -0500] "GET /wp-includes/css/dist/block-library/style.min.css?ver=6.8.1 HTTP/1.1" 200 14358 "https://www.middleeastoday.com/author/admin/page/93/" "Mozilla/5.0 (Linux; Android 5.0) AppleWebKit/537.36 (KHTML, like Gecko) Mobile Safari/537.36 (compatible; TikTokSpider; [email protected])"
47.128.117.233 - - [02/Mar/2026:19:03:14 -0500] "GET /wp-content/themes/digiqole/assets/css/icon-font.css?ver=2.1.1 HTTP/1.1" 200 1106 "https://www.middleeastoday.com/author/admin/page/93/" "Mozilla/5.0 (Linux; Android 5.0) AppleWebKit/537.36 (KHTML, like Gecko) Mobile Safari/537.36 (compatible; TikTokSpider; [email protected])"
47.128.117.233 - - [02/Mar/2026:19:03:14 -0500] "GET /wp-content/plugins/elementor-1/assets/lib/font-awesome/css/fontawesome.min.css?ver=5.15.3 HTTP/1.1" 200 12164 "https://www.middleeastoday.com/author/admin/page/93/" "Mozilla/5.0 (Linux; Android 5.0) AppleWebKit/537.36 (KHTML, like Gecko) Mobile Safari/537.36 (compatible; TikTokSpider; [email protected])"
47.128.117.233 - - [02/Mar/2026:19:03:14 -0500] "GET /wp-content/plugins/elementskit-lite/widgets/init/assets/css/widget-styles.css?ver=3.5.0 HTTP/1.1" 200 48223 "https://www.middleeastoday.com/author/admin/page/93/" "Mozilla/5.0 (Linux; Android 5.0) AppleWebKit/537.36 (KHTML, like Gecko) Mobile Safari/537.36 (compatible; TikTokSpider; [email protected])"
47.128.117.233 - - [02/Mar/2026:19:03:14 -0500] "GET /wp-content/plugins/elementor-1/assets/lib/font-awesome/css/solid.min.css?ver=5.15.3 HTTP/1.1" 200 286 "https://www.middleeastoday.com/author/admin/page/93/" "Mozilla/5.0 (Linux; Android 5.0) AppleWebKit/537.36 (KHTML, like Gecko) Mobile Safari/537.36 (compatible; TikTokSpider; [email protected])"
47.128.117.233 - - [02/Mar/2026:19:03:15 -0500] "GET /wp-content/plugins/elementor-pro/assets/css/widget-nav-menu.min.css HTTP/1.1" 200 3279 "https://www.middleeastoday.com/author/admin/page/93/" "Mozilla/5.0 (Linux; Android 5.0) AppleWebKit/537.36 (KHTML, like Gecko) Mobile Safari/537.36 (compatible; TikTokSpider; [email protected])"
47.128.117.233 - - [02/Mar/2026:19:03:15 -0500] "GET /wp-content/uploads/2022/02/Dubai-Culture-850x560.jpg HTTP/1.1" 206 500 "https://www.middleeastoday.com/author/admin/page/93/" "Mozilla/5.0 (Linux; Android 5.0) AppleWebKit/537.36 (KHTML, like Gecko) Mobile Safari/537.36 (compatible; TikTokSpider; [email protected])"
47.128.117.233 - - [02/Mar/2026:19:03:15 -0500] "GET /wp-content/uploads/2022/02/Speakers-of-Arab-Parliaments-850x560.jpg HTTP/1.1" 206 500 "https://www.middleeastoday.com/author/admin/page/93/" "Mozilla/5.0 (Linux; Android 5.0) AppleWebKit/537.36 (KHTML, like Gecko) Mobile Safari/537.36 (compatible; TikTokSpider; [email protected])"
47.128.117.233 - - [02/Mar/2026:19:03:15 -0500] "GET /wp-content/uploads/2022/02/AED6.6-billion-scaled-1-850x560.jpg HTTP/1.1" 206 500 "https://www.middleeastoday.com/author/admin/page/93/" "Mozilla/5.0 (Linux; Android 5.0) AppleWebKit/537.36 (KHTML, like Gecko) Mobile Safari/537.36 (compatible; TikTokSpider; [email protected])"
47.128.117.233 - - [02/Mar/2026:19:03:15 -0500] "GET /wp-content/uploads/elementor/css/global.css?ver=1747657840 HTTP/1.1" 200 3340 "https://www.middleeastoday.com/author/admin/page/93/" "Mozilla/5.0 (Linux; Android 5.0) AppleWebKit/537.36 (KHTML, like Gecko) Mobile Safari/537.36 (compatible; TikTokSpider; [email protected])"
47.128.117.233 - - [02/Mar/2026:19:03:15 -0500] "GET /wp-content/uploads/2022/02/red-tag-850x560.jpg HTTP/1.1" 206 500 "https://www.middleeastoday.com/author/admin/page/93/" "Mozilla/5.0 (Linux; Android 5.0) AppleWebKit/537.36 (KHTML, like Gecko) Mobile Safari/537.36 (compatible; TikTokSpider; [email protected])"
47.128.117.233 - - [02/Mar/2026:19:03:15 -0500] "GET /wp-content/plugins/elementor-1/assets/lib/swiper/v8/css/swiper.min.css?ver=8.4.5 HTTP/1.1" 200 4248 "https://www.middleeastoday.com/author/admin/page/93/" "Mozilla/5.0 (Linux; Android 5.0) AppleWebKit/537.36 (KHTML, like Gecko) Mobile Safari/537.36 (compatible; TikTokSpider; [email protected])"
47.128.117.233 - - [02/Mar/2026:19:03:16 -0500] "GET /wp-content/uploads/2022/02/San-Marino-850x560.jpg HTTP/1.1" 206 500 "https://www.middleeastoday.com/author/admin/page/93/" "Mozilla/5.0 (Linux; Android 5.0) AppleWebKit/537.36 (KHTML, like Gecko) Mobile Safari/537.36 (compatible; TikTokSpider; [email protected])"
47.128.117.233 - - [02/Mar/2026:19:03:16 -0500] "GET /wp-content/uploads/2022/02/resident-of-Turkey-850x560.jpg HTTP/1.1" 206 500 "https://www.middleeastoday.com/author/admin/page/93/" "Mozilla/5.0 (Linux; Android 5.0) AppleWebKit/537.36 (KHTML, like Gecko) Mobile Safari/537.36 (compatible; TikTokSpider; [email protected])"
47.128.117.233 - - [02/Mar/2026:19:03:16 -0500] "GET /wp-content/uploads/2022/04/3438d600-470e-479e-b3da-282bf8dab043.jpg HTTP/1.1" 206 500 "https://www.middleeastoday.com/author/admin/page/93/" "Mozilla/5.0 (Linux; Android 5.0) AppleWebKit/537.36 (KHTML, like Gecko) Mobile Safari/537.36 (compatible; TikTokSpider; [email protected])"
114.119.137.153 - - [02/Mar/2026:19:04:21 -0500] "GET /bodour-al-qasimi-honours-dedication-of-aus-staff-at-annual-staff-appreciation-dinner/ HTTP/1.1" 200 25772 "https://www.middleeastoday.com/24-dubai-companies-join-dubai-international-chambers-new-horizons-trade-mission-to-kazakhstan" "Mozilla/5.0 (Linux; Android 7.0;) AppleWebKit/537.36 (KHTML, like Gecko) Mobile Safari/537.36 (compatible; PetalBot;+https://webmaster.petalsearch.com/site/petalbot)"
162.213.253.84 - - [02/Mar/2026:19:05:02 -0500] "POST /wp-cron.php?doing_wp_cron=1772496302.1028571128845214843750 HTTP/1.1" 200 0 "-" "WordPress/6.8.1; https://www.middleeastoday.com"
51.222.158.107 - - [02/Mar/2026:19:05:01 -0500] "POST /wp-login.php HTTP/1.1" 200 1884 "https://middleeastoday.com/wp-login.php" "Mozilla/5.0 (Windows NT 10.0; Win64; x64) AppleWebKit/537.36 (KHTML, like Gecko) Chrome/130.0.0.0 Safari/537.36"
57.141.2.56 - - [02/Mar/2026:19:05:31 -0500] "GET /uae-set-to-remain-russian-tourists-preferred-gcc-destination/ HTTP/1.1" 200 106816 "-" "meta-externalagent/1.1 (+https://developers.facebook.com/docs/sharing/webmasters/crawler)"
162.213.253.84 - - [02/Mar/2026:19:05:43 -0500] "POST /wp-cron.php?doing_wp_cron=1772496343.7434389591217041015625 HTTP/1.1" 200 0 "-" "WordPress/6.8.1; https://www.middleeastoday.com"
114.119.132.207 - - [02/Mar/2026:19:05:43 -0500] "GET /abu-dhabi-to-host-worlds-largest-autonomous-racing-league HTTP/1.1" 301 0 "https://www.middleeastoday.com/romanias-president-arrives-in-uae" "Mozilla/5.0 (Linux; Android 7.0;) AppleWebKit/537.36 (KHTML, like Gecko) Mobile Safari/537.36 (compatible; PetalBot;+https://webmaster.petalsearch.com/site/petalbot)"
47.128.117.233 - - [02/Mar/2026:19:03:15 -0500] "GET /wp-content/plugins/elementor-1/assets/lib/eicons/css/elementor-icons.min.css?ver=5.29.0 HTTP/1.1" 200 3724 "https://www.middleeastoday.com/author/admin/page/93/" "Mozilla/5.0 (Linux; Android 5.0) AppleWebKit/537.36 (KHTML, like Gecko) Mobile Safari/537.36 (compatible; TikTokSpider; [email protected])"
47.128.117.233 - - [02/Mar/2026:19:03:15 -0500] "GET /wp-content/uploads/2022/02/cv-1-1-850x560.jpeg HTTP/1.1" 206 500 "https://www.middleeastoday.com/author/admin/page/93/" "Mozilla/5.0 (Linux; Android 5.0) AppleWebKit/537.36 (KHTML, like Gecko) Mobile Safari/537.36 (compatible; TikTokSpider; [email protected])"
47.128.117.233 - - [02/Mar/2026:19:03:15 -0500] "GET /wp-content/uploads/elementor/css/post-9.css?ver=1747657839 HTTP/1.1" 200 334 "https://www.middleeastoday.com/author/admin/page/93/" "Mozilla/5.0 (Linux; Android 5.0) AppleWebKit/537.36 (KHTML, like Gecko) Mobile Safari/537.36 (compatible; TikTokSpider; [email protected])"
47.128.117.233 - - [02/Mar/2026:19:03:15 -0500] "GET /wp-content/plugins/elementor-pro/assets/css/frontend-lite.min.css?ver=3.6.5 HTTP/1.1" 200 1505 "https://www.middleeastoday.com/author/admin/page/93/" "Mozilla/5.0 (Linux; Android 5.0) AppleWebKit/537.36 (KHTML, like Gecko) Mobile Safari/537.36 (compatible; TikTokSpider; [email protected])"
47.128.117.233 - - [02/Mar/2026:19:03:15 -0500] "GET /wp-content/plugins/elementor-1/assets/lib/animations/animations.min.css?ver=3.21.1 HTTP/1.1" 200 2442 "https://www.middleeastoday.com/author/admin/page/93/" "Mozilla/5.0 (Linux; Android 5.0) AppleWebKit/537.36 (KHTML, like Gecko) Mobile Safari/537.36 (compatible; TikTokSpider; [email protected])"
47.128.117.233 - - [02/Mar/2026:19:03:16 -0500] "GET /wp-content/uploads/2022/02/Sharjah-Heritage-Days-850x560.jpg HTTP/1.1" 206 500 "https://www.middleeastoday.com/author/admin/page/93/" "Mozilla/5.0 (Linux; Android 5.0) AppleWebKit/537.36 (KHTML, like Gecko) Mobile Safari/537.36 (compatible; TikTokSpider; [email protected])"
162.213.253.84 - - [02/Mar/2026:19:04:20 -0500] "POST /wp-cron.php?doing_wp_cron=1772496260.7244079113006591796875 HTTP/1.1" 200 0 "-" "WordPress/6.8.1; https://www.middleeastoday.com"
114.119.137.153 - - [02/Mar/2026:19:04:20 -0500] "GET /bodour-al-qasimi-honours-dedication-of-aus-staff-at-annual-staff-appreciation-dinner HTTP/1.1" 301 0 "https://www.middleeastoday.com/24-dubai-companies-join-dubai-international-chambers-new-horizons-trade-mission-to-kazakhstan" "Mozilla/5.0 (Linux; Android 7.0;) AppleWebKit/537.36 (KHTML, like Gecko) Mobile Safari/537.36 (compatible; PetalBot;+https://webmaster.petalsearch.com/site/petalbot)"
162.213.253.84 - - [02/Mar/2026:19:04:21 -0500] "POST /wp-admin/admin-ajax.php?action=async_litespeed&nonce=CD35lKS9oCsCNE8TCIFfynjKKFLWKrQf&litespeed_type=imgoptm HTTP/1.1" 200 21 "-" "WordPress/6.8.1; https://www.middleeastoday.com"
51.222.158.107 - - [02/Mar/2026:19:05:01 -0500] "GET /wp-login.php HTTP/1.1" 200 1792 "-" "Mozilla/5.0 (Windows NT 10.0; Win64; x64) AppleWebKit/537.36 (KHTML, like Gecko) Chrome/130.0.0.0 Safari/537.36"
162.213.253.84 - - [02/Mar/2026:19:05:02 -0500] "POST /wp-admin/admin-ajax.php?action=async_litespeed&nonce=3HiWUJLLxYljlNjrQ7I4Bw6tFUMjRjyJ&litespeed_type=imgoptm HTTP/1.1" 200 21 "-" "WordPress/6.8.1; https://www.middleeastoday.com"
162.213.253.84 - - [02/Mar/2026:19:05:44 -0500] "POST /wp-admin/admin-ajax.php?action=async_litespeed&nonce=l4cO0wLJBmliZ86GzfuE3iF4eV5A1jrt&litespeed_type=imgoptm HTTP/1.1" 200 21 "-" "WordPress/6.8.1; https://www.middleeastoday.com"
114.119.132.207 - - [02/Mar/2026:19:05:45 -0500] "GET /abu-dhabi-to-host-worlds-largest-autonomous-racing-league/ HTTP/1.1" 200 24160 "https://www.middleeastoday.com/romanias-president-arrives-in-uae" "Mozilla/5.0 (Linux; Android 7.0;) AppleWebKit/537.36 (KHTML, like Gecko) Mobile Safari/537.36 (compatible; PetalBot;+https://webmaster.petalsearch.com/site/petalbot)"
57.141.2.8 - - [02/Mar/2026:19:06:12 -0500] "GET /mansour-bin-zayed-meets-prime-minister-of-kazakhstan/ HTTP/1.1" 200 106711 "-" "meta-externalagent/1.1 (+https://developers.facebook.com/docs/sharing/webmasters/crawler)"
14.232.144.192 - - [02/Mar/2026:19:06:30 -0500] "GET /category/articles/ HTTP/1.1" 200 21841 "-" "Mozilla/5.0 (Windows NT 6.1; Win64; x64) AppleWebKit/537.36 (KHTML, like Gecko) Chrome/62.0.3202.94 Safari/537.36"
162.213.253.84 - - [02/Mar/2026:19:07:07 -0500] "POST /wp-cron.php?doing_wp_cron=1772496427.8294639587402343750000 HTTP/1.1" 200 0 "-" "WordPress/6.8.1; https://www.middleeastoday.com"
57.141.2.34 - - [02/Mar/2026:19:08:59 -0500] "GET /category/travel-tourism/destinations/ HTTP/1.1" 200 123182 "-" "meta-externalagent/1.1 (+https://developers.facebook.com/docs/sharing/webmasters/crawler)"
54.39.210.2 - - [02/Mar/2026:19:09:10 -0500] "GET /author/admin/page/33/ HTTP/1.1" 200 21000 "-" "Mozilla/5.0 (compatible; AhrefsBot/7.0; +http://ahrefs.com/robot/)"
114.119.154.115 - - [02/Mar/2026:19:09:54 -0500] "GET /?p=8961 HTTP/1.1" 301 0 "https://www.middleeastoday.com/?cat=63&paged=7" "Mozilla/5.0 (Linux; Android 7.0;) AppleWebKit/537.36 (KHTML, like Gecko) Mobile Safari/537.36 (compatible; PetalBot;+https://webmaster.petalsearch.com/site/petalbot)"
114.119.154.115 - - [02/Mar/2026:19:09:55 -0500] "GET /mohammed-bin-rashid-congratulates-new-kuwaiti-pm-on-his-appointment/ HTTP/1.1" 200 22696 "https://www.middleeastoday.com/?cat=63&paged=7" "Mozilla/5.0 (Linux; Android 7.0;) AppleWebKit/537.36 (KHTML, like Gecko) Mobile Safari/537.36 (compatible; PetalBot;+https://webmaster.petalsearch.com/site/petalbot)"
43.173.177.71 - - [02/Mar/2026:19:10:14 -0500] "GET /etihad-airways-honoured-at-business-traveller-awards-2022/ HTTP/1.1" 200 23378 "-" "Mozilla/5.0 (Windows NT 10.0; Win64; x64) AppleWebKit/537.36 (KHTML, like Gecko) Chrome/131.0.0.0 Safari/537.36"
162.213.253.84 - - [02/Mar/2026:19:10:58 -0500] "POST /wp-cron.php?doing_wp_cron=1772496658.8958539962768554687500 HTTP/1.1" 200 0 "-" "WordPress/6.8.1; https://www.middleeastoday.com"
107.161.24.151 - - [02/Mar/2026:19:10:58 -0500] "POST /wp-login.php HTTP/1.1" 200 1884 "https://middleeastoday.com/wp-login.php" "Mozilla/5.0 (Windows NT 10.0; Win64; x64) AppleWebKit/537.36 (KHTML, like Gecko) Chrome/130.0.0.0 Safari/537.36"
162.213.253.84 - - [02/Mar/2026:19:11:18 -0500] "POST /wp-cron.php?doing_wp_cron=1772496678.7267849445343017578125 HTTP/1.1" 200 0 "-" "WordPress/6.8.1; https://www.middleeastoday.com"
114.119.137.98 - - [02/Mar/2026:19:11:18 -0500] "GET /?p=8638 HTTP/1.1" 301 0 "https://www.middleeastoday.com/?p=8635" "Mozilla/5.0 (Linux; Android 7.0;) AppleWebKit/537.36 (KHTML, like Gecko) Mobile Safari/537.36 (compatible; PetalBot;+https://webmaster.petalsearch.com/site/petalbot)"
103.56.161.126 - - [02/Mar/2026:19:11:42 -0500] "GET /wp-login.php HTTP/1.1" 200 1792 "-" "Mozilla/5.0 (Windows NT 10.0; Win64; x64) AppleWebKit/537.36 (KHTML, like Gecko) Chrome/130.0.0.0 Safari/537.36"
103.56.161.126 - - [02/Mar/2026:19:11:43 -0500] "POST /wp-login.php HTTP/1.1" 200 1884 "https://middleeastoday.com/wp-login.php" "Mozilla/5.0 (Windows NT 10.0; Win64; x64) AppleWebKit/537.36 (KHTML, like Gecko) Chrome/130.0.0.0 Safari/537.36"
162.213.253.84 - - [02/Mar/2026:19:11:44 -0500] "POST /wp-admin/admin-ajax.php?action=async_litespeed&nonce=mfQTEtkV5PV8DthRtKF2CegIHQN3vimz&litespeed_type=imgoptm HTTP/1.1" 200 21 "-" "WordPress/6.8.1; https://www.middleeastoday.com"
162.213.253.84 - - [02/Mar/2026:19:12:42 -0500] "POST /wp-cron.php?doing_wp_cron=1772496762.0977499485015869140625 HTTP/1.1" 200 0 "-" "WordPress/6.8.1; https://www.middleeastoday.com"
114.119.137.153 - - [02/Mar/2026:19:12:41 -0500] "GET /?p=6752 HTTP/1.1" 301 0 "https://www.middleeastoday.com/?cat=68&paged=3" "Mozilla/5.0 (Linux; Android 7.0;) AppleWebKit/537.36 (KHTML, like Gecko) Mobile Safari/537.36 (compatible; PetalBot;+https://webmaster.petalsearch.com/site/petalbot)"
162.213.253.84 - - [02/Mar/2026:19:06:02 -0500] "POST /wp-cron.php?doing_wp_cron=1772496362.7277109622955322265625 HTTP/1.1" 200 0 "-" "WordPress/6.8.1; https://www.middleeastoday.com"
34.234.200.207 - - [02/Mar/2026:19:06:02 -0500] "GET /wp-json/oembed/1.0/embed?url=https://www.middleeastoday.com/mansour-bin-zayed-meets-emir-of-qatar-in-sharm-el-sheikh/ HTTP/1.1" 200 2539 "-" "Mozilla/5.0 AppleWebKit/537.36 (KHTML, like Gecko; compatible; Amazonbot/0.1; +https://developer.amazon.com/support/amazonbot) Chrome/119.0.6045.214 Safari/537.36"
114.119.132.207 - - [02/Mar/2026:19:07:07 -0500] "GET /?p=8780 HTTP/1.1" 301 0 "-" "Mozilla/5.0 (Linux; Android 7.0;) AppleWebKit/537.36 (KHTML, like Gecko) Mobile Safari/537.36 (compatible; PetalBot;+https://webmaster.petalsearch.com/site/petalbot)"
114.119.132.207 - - [02/Mar/2026:19:07:08 -0500] "GET /uae-foreign-minister-cypriot-counterpart-discuss-developing-ties/ HTTP/1.1" 200 23011 "-" "Mozilla/5.0 (Linux; Android 7.0;) AppleWebKit/537.36 (KHTML, like Gecko) Mobile Safari/537.36 (compatible; PetalBot;+https://webmaster.petalsearch.com/site/petalbot)"
162.213.253.84 - - [02/Mar/2026:19:07:08 -0500] "POST /wp-admin/admin-ajax.php?action=async_litespeed&nonce=UduWX90N4zcSUo4LOPrQWKBnklR2GMh7&litespeed_type=imgoptm HTTP/1.1" 200 21 "-" "WordPress/6.8.1; https://www.middleeastoday.com"
57.141.2.50 - - [02/Mar/2026:19:07:14 -0500] "GET /mohammed-bin-rashid-issues-decree-forming-supreme-committee-to-supervise-expo-2020-dubai-district/ HTTP/1.1" 200 107364 "-" "meta-externalagent/1.1 (+https://developers.facebook.com/docs/sharing/webmasters/crawler)"
114.119.137.153 - - [02/Mar/2026:19:08:30 -0500] "GET /uae-president-receives-condolences-from-emir-of-qatar-for-emirati-martyrs/ HTTP/1.1" 200 23169 "https://www.middleeastoday.com/?cat=63&paged=5" "Mozilla/5.0 (Linux; Android 7.0;) AppleWebKit/537.36 (KHTML, like Gecko) Mobile Safari/537.36 (compatible; PetalBot;+https://webmaster.petalsearch.com/site/petalbot)"
162.213.253.84 - - [02/Mar/2026:19:09:54 -0500] "POST /wp-cron.php?doing_wp_cron=1772496594.6737010478973388671875 HTTP/1.1" 200 0 "-" "WordPress/6.8.1; https://www.middleeastoday.com"
162.213.253.84 - - [02/Mar/2026:19:09:55 -0500] "POST /wp-admin/admin-ajax.php?action=async_litespeed&nonce=tTCroFrIKMUyM7pvcChZDtKL36Dmmz9n&litespeed_type=imgoptm HTTP/1.1" 200 21 "-" "WordPress/6.8.1; https://www.middleeastoday.com"
43.163.22.234 - - [02/Mar/2026:19:10:13 -0500] "GET /etihad-airways-honoured-at-business-traveller-awards-2022 HTTP/1.1" 301 0 "-" "Mozilla/5.0 (Windows NT 10.0; Win64; x64) AppleWebKit/537.36 (KHTML, like Gecko) Chrome/131.0.0.0 Safari/537.36"
57.141.2.37 - - [02/Mar/2026:19:10:18 -0500] "GET /uae-leaders-congratulate-greek-president-on-independence-day/ HTTP/1.1" 200 103904 "-" "meta-externalagent/1.1 (+https://developers.facebook.com/docs/sharing/webmasters/crawler)"
107.161.24.151 - - [02/Mar/2026:19:10:58 -0500] "GET /wp-login.php HTTP/1.1" 200 1792 "-" "Mozilla/5.0 (Windows NT 10.0; Win64; x64) AppleWebKit/537.36 (KHTML, like Gecko) Chrome/130.0.0.0 Safari/537.36"
162.213.253.84 - - [02/Mar/2026:19:10:59 -0500] "POST /wp-admin/admin-ajax.php?action=async_litespeed&nonce=Q1BbAUpkaGWiT3GRpvMY35VSq2hc52W0&litespeed_type=imgoptm HTTP/1.1" 200 21 "-" "WordPress/6.8.1; https://www.middleeastoday.com"
114.119.137.98 - - [02/Mar/2026:19:11:19 -0500] "GET /uae-uzbekistan-governments-expand-strategic-partnership-for-three-years/ HTTP/1.1" 200 23614 "https://www.middleeastoday.com/?p=8635" "Mozilla/5.0 (Linux; Android 7.0;) AppleWebKit/537.36 (KHTML, like Gecko) Mobile Safari/537.36 (compatible; PetalBot;+https://webmaster.petalsearch.com/site/petalbot)"
162.213.253.84 - - [02/Mar/2026:19:11:43 -0500] "POST /wp-cron.php?doing_wp_cron=1772496703.9322669506072998046875 HTTP/1.1" 200 0 "-" "WordPress/6.8.1; https://www.middleeastoday.com"
162.213.253.84 - - [02/Mar/2026:19:12:42 -0500] "POST /wp-admin/admin-ajax.php?action=async_litespeed&nonce=zxgk6sGlro0KHcAGWv1MxM3ZIDzKZPe8&litespeed_type=imgoptm HTTP/1.1" 200 21 "-" "WordPress/6.8.1; https://www.middleeastoday.com"
69.49.112.72 - - [02/Mar/2026:19:12:47 -0500] "GET /wp-login.php HTTP/1.1" 200 1792 "-" "Mozilla/5.0 (Windows NT 10.0; Win64; x64) AppleWebKit/537.36 (KHTML, like Gecko) Chrome/130.0.0.0 Safari/537.36"
103.56.161.126 - - [02/Mar/2026:19:12:49 -0500] "GET /wp-login.php HTTP/1.1" 200 1792 "-" "Mozilla/5.0 (Windows NT 10.0; Win64; x64) AppleWebKit/537.36 (KHTML, like Gecko) Chrome/130.0.0.0 Safari/537.36"
103.56.161.126 - - [02/Mar/2026:19:12:50 -0500] "POST /wp-login.php HTTP/1.1" 200 1884 "https://middleeastoday.com/wp-login.php" "Mozilla/5.0 (Windows NT 10.0; Win64; x64) AppleWebKit/537.36 (KHTML, like Gecko) Chrome/130.0.0.0 Safari/537.36"
162.213.253.84 - - [02/Mar/2026:19:13:24 -0500] "POST /wp-admin/admin-ajax.php?action=async_litespeed&nonce=jUXCaEsy1Rlkbi3e4w5MGxuEK3FoB4jL&litespeed_type=imgoptm HTTP/1.1" 200 21 "-" "WordPress/6.8.1; https://www.middleeastoday.com"
162.213.253.84 - - [02/Mar/2026:19:14:06 -0500] "POST /wp-cron.php?doing_wp_cron=1772496846.6706919670104980468750 HTTP/1.1" 200 0 "-" "WordPress/6.8.1; https://www.middleeastoday.com"
114.119.132.207 - - [02/Mar/2026:19:14:06 -0500] "GET /?cat=75 HTTP/1.1" 301 0 "-" "Mozilla/5.0 (Linux; Android 7.0;) AppleWebKit/537.36 (KHTML, like Gecko) Mobile Safari/537.36 (compatible; PetalBot;+https://webmaster.petalsearch.com/site/petalbot)"
114.119.132.207 - - [02/Mar/2026:19:14:07 -0500] "GET /category/food/ HTTP/1.1" 200 21942 "-" "Mozilla/5.0 (Linux; Android 7.0;) AppleWebKit/537.36 (KHTML, like Gecko) Mobile Safari/537.36 (compatible; PetalBot;+https://webmaster.petalsearch.com/site/petalbot)"
162.213.253.84 - - [02/Mar/2026:19:14:46 -0500] "POST /wp-cron.php?doing_wp_cron=1772496886.8138380050659179687500 HTTP/1.1" 200 0 "-" "WordPress/6.8.1; https://www.middleeastoday.com"
188.130.27.116 - - [02/Mar/2026:19:14:46 -0500] "POST /wp-login.php HTTP/1.1" 200 1884 "https://middleeastoday.com/wp-login.php" "Mozilla/5.0 (Windows NT 10.0; Win64; x64) AppleWebKit/537.36 (KHTML, like Gecko) Chrome/130.0.0.0 Safari/537.36"
162.213.253.84 - - [02/Mar/2026:19:14:47 -0500] "POST /wp-admin/admin-ajax.php?action=async_litespeed&nonce=HNZfOOxWquFaUeBCfz87X6TDUR51JuO5&litespeed_type=imgoptm HTTP/1.1" 200 21 "-" "WordPress/6.8.1; https://www.middleeastoday.com"
114.119.137.98 - - [02/Mar/2026:19:15:29 -0500] "GET /?cat=52&paged=5 HTTP/1.1" 301 0 "https://www.middleeastoday.com/?cat=52&paged=6" "Mozilla/5.0 (Linux; Android 7.0;) AppleWebKit/537.36 (KHTML, like Gecko) Mobile Safari/537.36 (compatible; PetalBot;+https://webmaster.petalsearch.com/site/petalbot)"
114.119.137.98 - - [02/Mar/2026:19:15:31 -0500] "GET /category/beauty-fashion/page/5/ HTTP/1.1" 200 24339 "https://www.middleeastoday.com/?cat=52&paged=6" "Mozilla/5.0 (Linux; Android 7.0;) AppleWebKit/537.36 (KHTML, like Gecko) Mobile Safari/537.36 (compatible; PetalBot;+https://webmaster.petalsearch.com/site/petalbot)"
153.0.43.71 - - [02/Mar/2026:19:16:24 -0500] "GET / HTTP/1.1" 200 38646 "-" "Mozilla/5.0 (Linux; Android 6.0; Nexus 5 Build/MRA58N) AppleWebKit/537.36 (KHTML, like Gecko) Chrome/55.0.2883.87 Mobile Safari/537.36"
45.76.153.200 - - [02/Mar/2026:19:16:29 -0500] "GET /wp-login.php HTTP/1.1" 200 1792 "-" "Mozilla/5.0 (Windows NT 10.0; Win64; x64) AppleWebKit/537.36 (KHTML, like Gecko) Chrome/130.0.0.0 Safari/537.36"
45.76.153.200 - - [02/Mar/2026:19:16:30 -0500] "POST /wp-login.php HTTP/1.1" 200 1884 "https://middleeastoday.com/wp-login.php" "Mozilla/5.0 (Windows NT 10.0; Win64; x64) AppleWebKit/537.36 (KHTML, like Gecko) Chrome/130.0.0.0 Safari/537.36"
162.213.253.84 - - [02/Mar/2026:19:16:31 -0500] "POST /wp-admin/admin-ajax.php?action=async_litespeed&nonce=HbP1QDtOHkPdcuXj7OAjvJAMkWqF1y61&litespeed_type=imgoptm HTTP/1.1" 200 21 "-" "WordPress/6.8.1; https://www.middleeastoday.com"
45.183.63.10 - - [02/Mar/2026:19:16:47 -0500] "GET /author/admin/page/91/ HTTP/1.1" 200 24095 "-" "Mozilla/5.0 (Macintosh; Intel Mac OS X 10_11_6) AppleWebKit/537.36 (KHTML, like Gecko) Chrome/93.0.4577.82 Safari/537.36"
40.77.167.149 - - [02/Mar/2026:19:19:48 -0500] "GET /wp-content/uploads/2022/09/Premium-Economy-scaled-455x300.jpg HTTP/1.1" 200 18174 "-" "Mozilla/5.0 AppleWebKit/537.36 (KHTML, like Gecko; compatible; bingbot/2.0; +http://www.bing.com/bingbot.htm) Chrome/116.0.1938.76 Safari/537.36"
40.77.167.149 - - [02/Mar/2026:19:19:48 -0500] "GET /sheikh-zayed-festival-planning-to-host-one-of-the-largest-new-years-eve-celebrations-in-the-uae/ HTTP/1.1" 200 21093 "-" "Mozilla/5.0 AppleWebKit/537.36 (KHTML, like Gecko; compatible; bingbot/2.0; +http://www.bing.com/bingbot.htm) Chrome/116.0.1938.76 Safari/537.36"
162.213.253.84 - - [02/Mar/2026:19:20:09 -0500] "POST /wp-cron.php?doing_wp_cron=1772497209.6197230815887451171875 HTTP/1.1" 200 0 "-" "WordPress/6.8.1; https://www.middleeastoday.com"
114.119.137.153 - - [02/Mar/2026:19:12:43 -0500] "GET /emirates-signs-mou-to-promote-tourism-to-the-bahamas/ HTTP/1.1" 200 23808 "https://www.middleeastoday.com/?cat=68&paged=3" "Mozilla/5.0 (Linux; Android 7.0;) AppleWebKit/537.36 (KHTML, like Gecko) Mobile Safari/537.36 (compatible; PetalBot;+https://webmaster.petalsearch.com/site/petalbot)"
69.49.112.72 - - [02/Mar/2026:19:12:47 -0500] "POST /wp-login.php HTTP/1.1" 200 1884 "https://middleeastoday.com/wp-login.php" "Mozilla/5.0 (Windows NT 10.0; Win64; x64) AppleWebKit/537.36 (KHTML, like Gecko) Chrome/130.0.0.0 Safari/537.36"
57.129.81.226 - - [02/Mar/2026:19:13:10 -0500] "GET /graduating-class-of-2022-at-mbru-to-be-named-class-of-khalifa-in-memory-of-late-uae-president/ HTTP/1.1" 200 21473 "-" "Mozilla/5.0 (Windows NT 10.0; Win64; x64) AppleWebKit/537.36 (KHTML, like Gecko) Chrome/139.0.0.0 Safari/537.36"
51.103.25.59 - - [02/Mar/2026:19:13:22 -0500] "GET /wp-login.php HTTP/1.1" 200 1792 "-" "Mozilla/5.0 (Windows NT 10.0; Win64; x64) AppleWebKit/537.36 (KHTML, like Gecko) Chrome/130.0.0.0 Safari/537.36"
162.213.253.84 - - [02/Mar/2026:19:13:23 -0500] "POST /wp-cron.php?doing_wp_cron=1772496803.5684430599212646484375 HTTP/1.1" 200 0 "-" "WordPress/6.8.1; https://www.middleeastoday.com"
51.103.25.59 - - [02/Mar/2026:19:13:22 -0500] "POST /wp-login.php HTTP/1.1" 200 1884 "https://middleeastoday.com/wp-login.php" "Mozilla/5.0 (Windows NT 10.0; Win64; x64) AppleWebKit/537.36 (KHTML, like Gecko) Chrome/130.0.0.0 Safari/537.36"
57.129.139.60 - - [02/Mar/2026:19:14:06 -0500] "GET /erc-implements-8th-phase-of-campaign-against-eye-disease-in-morocco/ HTTP/1.1" 200 20596 "-" "Mozilla/5.0 (Windows NT 10.0; Win64; x64) AppleWebKit/537.36 (KHTML, like Gecko) Chrome/139.0.0.0 Safari/537.36"
188.130.27.116 - - [02/Mar/2026:19:14:45 -0500] "GET /wp-login.php HTTP/1.1" 200 1792 "-" "Mozilla/5.0 (Windows NT 10.0; Win64; x64) AppleWebKit/537.36 (KHTML, like Gecko) Chrome/130.0.0.0 Safari/537.36"
162.213.253.84 - - [02/Mar/2026:19:15:29 -0500] "POST /wp-cron.php?doing_wp_cron=1772496929.8350269794464111328125 HTTP/1.1" 200 0 "-" "WordPress/6.8.1; https://www.middleeastoday.com"
