162.213.253.84 - - [08/Jun/2026:18:34:26 -0400] "POST /wp-cron.php?doing_wp_cron=1780958066.9045979976654052734375 HTTP/1.1" 200 0 "-" "WordPress/7.0; https://www.bagpackvacation.com"
162.213.253.84 - - [08/Jun/2026:18:47:32 -0400] "POST /wp-cron.php?doing_wp_cron=1780958852.2072689533233642578125 HTTP/1.1" 200 0 "-" "WordPress/7.0; https://www.bagpackvacation.com"
162.213.253.84 - - [08/Jun/2026:18:49:34 -0400] "POST /wp-cron.php?doing_wp_cron=1780958974.7628610134124755859375 HTTP/1.1" 200 0 "-" "WordPress/7.0; https://www.bagpackvacation.com"
191.232.234.48 - - [08/Jun/2026:18:49:33 -0400] "GET /wp-content/plugins/hellopress/wp_filemanager.php HTTP/1.1" 404 106590 "-" "-"
162.213.253.84 - - [08/Jun/2026:18:49:35 -0400] "POST /wp-admin/admin-ajax.php?action=async_litespeed&nonce=b2eDLNsRpk4ozh60F7ivZY2iuhhQS5F9&litespeed_type=imgoptm HTTP/1.1" 200 21 "-" "WordPress/7.0; https://www.bagpackvacation.com"
191.232.234.48 - - [08/Jun/2026:18:49:38 -0400] "GET /x.php HTTP/1.1" 404 106504 "-" "-"
191.232.234.48 - - [08/Jun/2026:18:49:40 -0400] "GET /virus.php HTTP/1.1" 404 106512 "-" "-"
191.232.234.48 - - [08/Jun/2026:18:49:42 -0400] "GET /15ef5.php HTTP/1.1" 404 106512 "-" "-"
191.232.234.48 - - [08/Jun/2026:18:49:46 -0400] "GET /biufile.php HTTP/1.1" 404 106516 "-" "-"
191.232.234.48 - - [08/Jun/2026:18:49:54 -0400] "GET /novax.php HTTP/1.1" 404 106512 "-" "-"
191.232.234.48 - - [08/Jun/2026:18:49:58 -0400] "GET /007.php HTTP/1.1" 404 106508 "-" "-"
191.232.234.48 - - [08/Jun/2026:18:50:07 -0400] "GET /wander.php HTTP/1.1" 404 106514 "-" "-"
191.232.234.48 - - [08/Jun/2026:18:50:11 -0400] "GET /hur.php HTTP/1.1" 404 106508 "-" "-"
191.232.234.48 - - [08/Jun/2026:18:50:13 -0400] "GET /2222.php HTTP/1.1" 404 106510 "-" "-"
191.232.234.48 - - [08/Jun/2026:18:50:19 -0400] "GET /13134.php HTTP/1.1" 404 106512 "-" "-"
191.232.234.48 - - [08/Jun/2026:18:50:23 -0400] "GET /155.php HTTP/1.1" 404 106508 "-" "-"
191.232.234.48 - - [08/Jun/2026:18:50:26 -0400] "GET /201.php HTTP/1.1" 404 106508 "-" "-"
162.213.253.84 - - [08/Jun/2026:18:50:30 -0400] "POST /wp-cron.php?doing_wp_cron=1780959030.2783679962158203125000 HTTP/1.1" 200 0 "-" "WordPress/7.0; https://www.bagpackvacation.com"
191.232.234.48 - - [08/Jun/2026:18:50:28 -0400] "GET /ops.php HTTP/1.1" 404 106508 "-" "-"
162.213.253.84 - - [08/Jun/2026:18:50:31 -0400] "POST /wp-admin/admin-ajax.php?action=async_litespeed&nonce=LMgO63pnlmv1KDBj6lXf76vU0XdkNwVd&litespeed_type=imgoptm HTTP/1.1" 200 21 "-" "WordPress/7.0; https://www.bagpackvacation.com"
191.232.234.48 - - [08/Jun/2026:18:50:31 -0400] "GET /samll.php HTTP/1.1" 404 106512 "-" "-"
191.232.234.48 - - [08/Jun/2026:18:50:42 -0400] "GET /koala.php HTTP/1.1" 404 106512 "-" "-"
191.232.234.48 - - [08/Jun/2026:18:50:44 -0400] "GET /mac.php HTTP/1.1" 404 106508 "-" "-"
191.232.234.48 - - [08/Jun/2026:18:50:46 -0400] "GET /25d653587fdfd1.php HTTP/1.1" 404 106530 "-" "-"
191.232.234.48 - - [08/Jun/2026:18:50:50 -0400] "GET /modules/mod_simplefileuploadv1.3/elements/filemanager.php?p= HTTP/1.1" 301 0 "-" "-"
191.232.234.48 - - [08/Jun/2026:18:50:53 -0400] "GET /wp-includes/blocks/post-comments-form/ HTTP/1.1" 403 1242 "-" "-"
191.232.234.48 - - [08/Jun/2026:18:50:54 -0400] "GET /wp-admin/css/colour.php HTTP/1.1" 404 106540 "-" "-"
191.232.234.48 - - [08/Jun/2026:18:51:00 -0400] "GET /tires.php HTTP/1.1" 404 106512 "-" "-"
191.232.234.48 - - [08/Jun/2026:18:51:02 -0400] "GET /wordpress/wp-admin/maint/ HTTP/1.1" 404 106544 "-" "-"
191.232.234.48 - - [08/Jun/2026:18:51:03 -0400] "GET /like.php HTTP/1.1" 404 106510 "-" "-"
191.232.234.48 - - [08/Jun/2026:18:51:07 -0400] "GET /wp-includes/ID3/about.php HTTP/1.1" 404 106544 "-" "-"
191.232.234.48 - - [08/Jun/2026:18:51:09 -0400] "GET /bob.php HTTP/1.1" 404 106508 "-" "-"
191.232.234.48 - - [08/Jun/2026:18:51:13 -0400] "GET /wp-admin/css/ HTTP/1.1" 403 1242 "-" "-"
191.232.234.48 - - [08/Jun/2026:18:51:15 -0400] "GET /uwa.php HTTP/1.1" 404 106508 "-" "-"
191.232.234.48 - - [08/Jun/2026:18:51:17 -0400] "GET /crgio.php HTTP/1.1" 404 106512 "-" "-"
191.232.234.48 - - [08/Jun/2026:18:51:23 -0400] "GET /wp-includes/blocks/details/ HTTP/1.1" 403 1242 "-" "-"
191.232.234.48 - - [08/Jun/2026:18:51:24 -0400] "GET /one.php HTTP/1.1" 404 106508 "-" "-"
191.232.234.48 - - [08/Jun/2026:18:51:28 -0400] "GET /wp-includes/blocks/buttons/ HTTP/1.1" 403 1242 "-" "-"
191.232.234.48 - - [08/Jun/2026:18:49:36 -0400] "GET /this_is_a_new_hello_world.php HTTP/1.1" 404 106552 "-" "-"
191.232.234.48 - - [08/Jun/2026:18:49:44 -0400] "GET /xb.php HTTP/1.1" 404 106506 "-" "-"
191.232.234.48 - - [08/Jun/2026:18:49:48 -0400] "GET /Charles.php HTTP/1.1" 404 106516 "-" "-"
162.213.253.84 - - [08/Jun/2026:18:49:51 -0400] "POST /wp-cron.php?doing_wp_cron=1780958991.6508460044860839843750 HTTP/1.1" 200 0 "-" "WordPress/7.0; https://www.bagpackvacation.com"
191.232.234.48 - - [08/Jun/2026:18:49:50 -0400] "GET /wpconf.php HTTP/1.1" 404 106514 "-" "-"
191.232.234.48 - - [08/Jun/2026:18:49:52 -0400] "GET /ultradybbuks.php HTTP/1.1" 404 106526 "-" "-"
162.213.253.84 - - [08/Jun/2026:18:49:55 -0400] "POST /wp-cron.php?doing_wp_cron=1780958995.3425309658050537109375 HTTP/1.1" 200 0 "-" "WordPress/7.0; https://www.bagpackvacation.com"
191.232.234.48 - - [08/Jun/2026:18:49:56 -0400] "GET /mosty.php HTTP/1.1" 404 106512 "-" "-"
191.232.234.48 - - [08/Jun/2026:18:49:59 -0400] "GET /dejavu.php HTTP/1.1" 404 106514 "-" "-"
191.232.234.48 - - [08/Jun/2026:18:50:01 -0400] "GET /aaf.php HTTP/1.1" 404 106508 "-" "-"
191.232.234.48 - - [08/Jun/2026:18:50:03 -0400] "GET /b00869ae6e.php HTTP/1.1" 404 106522 "-" "-"
191.232.234.48 - - [08/Jun/2026:18:50:05 -0400] "GET /hellcut.php HTTP/1.1" 404 106516 "-" "-"
191.232.234.48 - - [08/Jun/2026:18:50:09 -0400] "GET /ha.php HTTP/1.1" 404 106506 "-" "-"
191.232.234.48 - - [08/Jun/2026:18:50:15 -0400] "GET /h02ugyh.php HTTP/1.1" 404 106516 "-" "-"
191.232.234.48 - - [08/Jun/2026:18:50:17 -0400] "GET /mariju.php HTTP/1.1" 404 106514 "-" "-"
191.232.234.48 - - [08/Jun/2026:18:50:20 -0400] "GET /seiso.php HTTP/1.1" 404 106512 "-" "-"
191.232.234.48 - - [08/Jun/2026:18:50:25 -0400] "GET /ppp.php HTTP/1.1" 404 106508 "-" "-"
191.232.234.48 - - [08/Jun/2026:18:50:33 -0400] "GET /ingfo.php HTTP/1.1" 404 106512 "-" "-"
191.232.234.48 - - [08/Jun/2026:18:50:35 -0400] "GET /009.php HTTP/1.1" 404 106508 "-" "-"
191.232.234.48 - - [08/Jun/2026:18:50:36 -0400] "GET /error_log.php HTTP/1.1" 404 106520 "-" "-"
191.232.234.48 - - [08/Jun/2026:18:50:38 -0400] "GET /xenon1337.php HTTP/1.1" 404 106520 "-" "-"
191.232.234.48 - - [08/Jun/2026:18:50:40 -0400] "GET /test11.php HTTP/1.1" 404 106514 "-" "-"
191.232.234.48 - - [08/Jun/2026:18:50:48 -0400] "GET /wefile.php HTTP/1.1" 404 106514 "-" "-"
162.213.253.84 - - [08/Jun/2026:18:50:51 -0400] "POST /wp-cron.php?doing_wp_cron=1780959051.5393130779266357421875 HTTP/1.1" 200 0 "-" "WordPress/7.0; https://www.bagpackvacation.com"
191.232.234.48 - - [08/Jun/2026:18:50:51 -0400] "GET /modules/mod_simplefileuploadv1.3/elements/filemanager.php HTTP/1.1" 404 106608 "-" "-"
191.232.234.48 - - [08/Jun/2026:18:50:54 -0400] "GET /wp-admin/js/ HTTP/1.1" 403 1242 "-" "-"
162.213.253.84 - - [08/Jun/2026:18:50:55 -0400] "POST /wp-cron.php?doing_wp_cron=1780959055.5908670425415039062500 HTTP/1.1" 200 0 "-" "WordPress/7.0; https://www.bagpackvacation.com"
191.232.234.48 - - [08/Jun/2026:18:50:56 -0400] "GET /half.php HTTP/1.1" 404 106510 "-" "-"
191.232.234.48 - - [08/Jun/2026:18:50:58 -0400] "GET /2P.php HTTP/1.1" 404 106506 "-" "-"
191.232.234.48 - - [08/Jun/2026:18:51:05 -0400] "GET /.well-known/about.php HTTP/1.1" 404 106536 "-" "-"
191.232.234.48 - - [08/Jun/2026:18:51:11 -0400] "GET /t3s.php HTTP/1.1" 404 106508 "-" "-"
191.232.234.48 - - [08/Jun/2026:18:51:13 -0400] "GET /wp-admin/css/colors/modern/ HTTP/1.1" 403 1242 "-" "-"
191.232.234.48 - - [08/Jun/2026:18:51:14 -0400] "GET /uwu.php HTTP/1.1" 404 106508 "-" "-"
191.232.234.48 - - [08/Jun/2026:18:51:19 -0400] "GET /geforce.php HTTP/1.1" 404 106516 "-" "-"
191.232.234.48 - - [08/Jun/2026:18:51:21 -0400] "GET /pucci.php HTTP/1.1" 404 106512 "-" "-"
191.232.234.48 - - [08/Jun/2026:18:51:23 -0400] "GET /wp-includes/blocks/audio/ HTTP/1.1" 403 1242 "-" "-"
191.232.234.48 - - [08/Jun/2026:18:51:26 -0400] "GET /wp-temp.php HTTP/1.1" 404 106516 "-" "-"
191.232.234.48 - - [08/Jun/2026:18:51:33 -0400] "GET /wp-admin/js/ HTTP/1.1" 403 1242 "-" "-"
191.232.234.48 - - [08/Jun/2026:18:51:33 -0400] "GET /dx.php HTTP/1.1" 404 106506 "-" "-"
191.232.234.48 - - [08/Jun/2026:18:51:35 -0400] "GET /puc.php HTTP/1.1" 404 106508 "-" "-"
191.232.234.48 - - [08/Jun/2026:18:51:37 -0400] "GET /themes.php HTTP/1.1" 404 106514 "-" "-"
191.232.234.48 - - [08/Jun/2026:18:51:39 -0400] "GET /dx.php HTTP/1.1" 404 106506 "-" "-"
191.232.234.48 - - [08/Jun/2026:18:51:39 -0400] "GET /11.php HTTP/1.1" 404 106506 "-" "-"
191.232.234.48 - - [08/Jun/2026:18:51:41 -0400] "GET /p.php HTTP/1.1" 404 106504 "-" "-"
191.232.234.48 - - [08/Jun/2026:18:51:43 -0400] "GET /wp-includes/Requests/ HTTP/1.1" 403 1242 "-" "-"
191.232.234.48 - - [08/Jun/2026:18:51:46 -0400] "GET /7.php HTTP/1.1" 404 106504 "-" "-"
191.232.234.48 - - [08/Jun/2026:18:51:48 -0400] "GET /8.php HTTP/1.1" 404 106504 "-" "-"
162.213.253.84 - - [08/Jun/2026:18:51:56 -0400] "POST /wp-cron.php?doing_wp_cron=1780959116.9498119354248046875000 HTTP/1.1" 200 0 "-" "WordPress/7.0; https://www.bagpackvacation.com"
191.232.234.48 - - [08/Jun/2026:18:51:57 -0400] "GET /edit.php HTTP/1.1" 404 106510 "-" "-"
191.232.234.48 - - [08/Jun/2026:18:51:59 -0400] "GET /wp-content/admin.php HTTP/1.1" 404 106534 "-" "-"
191.232.234.48 - - [08/Jun/2026:18:52:01 -0400] "GET /f6.php HTTP/1.1" 404 106506 "-" "-"
191.232.234.48 - - [08/Jun/2026:18:52:03 -0400] "GET /inputs.php HTTP/1.1" 404 106514 "-" "-"
191.232.234.48 - - [08/Jun/2026:18:52:05 -0400] "GET /av.php HTTP/1.1" 404 106506 "-" "-"
191.232.234.48 - - [08/Jun/2026:18:52:10 -0400] "GET /wp-content/themes/index.php HTTP/1.1" 200 0 "-" "-"
191.232.234.48 - - [08/Jun/2026:18:52:10 -0400] "GET /wp-blog.php HTTP/1.1" 404 106516 "-" "-"
191.232.234.48 - - [08/Jun/2026:18:52:15 -0400] "GET /goods.php HTTP/1.1" 404 106512 "-" "-"
191.232.234.48 - - [08/Jun/2026:18:52:17 -0400] "GET /ms-edit.php HTTP/1.1" 404 106516 "-" "-"
191.232.234.48 - - [08/Jun/2026:18:52:21 -0400] "GET /index.php HTTP/1.1" 301 0 "-" "-"
191.232.234.48 - - [08/Jun/2026:18:52:23 -0400] "GET /wp-includes/css/dist/ HTTP/1.1" 403 1242 "-" "-"
191.232.234.48 - - [08/Jun/2026:18:52:23 -0400] "GET /BDKR28WP.php HTTP/1.1" 404 106518 "-" "-"
191.232.234.48 - - [08/Jun/2026:18:52:26 -0400] "GET /wp.php HTTP/1.1" 404 106506 "-" "-"
162.213.253.84 - - [08/Jun/2026:18:52:30 -0400] "POST /wp-cron.php?doing_wp_cron=1780959150.2701740264892578125000 HTTP/1.1" 200 0 "-" "WordPress/7.0; https://www.bagpackvacation.com"
191.232.234.48 - - [08/Jun/2026:18:52:31 -0400] "GET /a1.php HTTP/1.1" 404 106506 "-" "-"
191.232.234.48 - - [08/Jun/2026:18:52:33 -0400] "GET /wp-includes/Text/Diff/Engine/about.php HTTP/1.1" 404 106570 "-" "-"
191.232.234.48 - - [08/Jun/2026:18:52:37 -0400] "GET /admin.php HTTP/1.1" 404 106512 "-" "-"
191.232.234.48 - - [08/Jun/2026:18:52:37 -0400] "GET /gettest.php HTTP/1.1" 404 106516 "-" "-"
191.232.234.48 - - [08/Jun/2026:18:52:42 -0400] "GET /simple.php HTTP/1.1" 404 106514 "-" "-"
191.232.234.48 - - [08/Jun/2026:18:52:44 -0400] "GET /kj.php HTTP/1.1" 404 106506 "-" "-"
191.232.234.48 - - [08/Jun/2026:18:52:46 -0400] "GET /xxx.php HTTP/1.1" 404 106508 "-" "-"
191.232.234.48 - - [08/Jun/2026:18:52:48 -0400] "GET /hypo.php HTTP/1.1" 404 106510 "-" "-"
162.213.253.84 - - [08/Jun/2026:18:52:52 -0400] "POST /wp-cron.php?doing_wp_cron=1780959172.4255139827728271484375 HTTP/1.1" 200 0 "-" "WordPress/7.0; https://www.bagpackvacation.com"
191.232.234.48 - - [08/Jun/2026:18:52:51 -0400] "GET /chosen.php HTTP/1.1" 404 106514 "-" "-"
191.232.234.48 - - [08/Jun/2026:18:52:53 -0400] "GET /wp-includes/block-bindings/ HTTP/1.1" 403 1242 "-" "-"
191.232.234.48 - - [08/Jun/2026:18:52:53 -0400] "GET /gg.php HTTP/1.1" 404 106506 "-" "-"
162.213.253.84 - - [08/Jun/2026:18:52:56 -0400] "POST /wp-cron.php?doing_wp_cron=1780959176.8635261058807373046875 HTTP/1.1" 200 0 "-" "WordPress/7.0; https://www.bagpackvacation.com"
191.232.234.48 - - [08/Jun/2026:18:52:57 -0400] "GET /pol.php HTTP/1.1" 404 106508 "-" "-"
191.232.234.48 - - [08/Jun/2026:18:53:04 -0400] "GET /file5.php HTTP/1.1" 404 106512 "-" "-"
162.213.253.84 - - [08/Jun/2026:18:51:29 -0400] "POST /wp-cron.php?doing_wp_cron=1780959089.5674219131469726562500 HTTP/1.1" 200 0 "-" "WordPress/7.0; https://www.bagpackvacation.com"
191.232.234.48 - - [08/Jun/2026:18:51:28 -0400] "GET /xmu.php HTTP/1.1" 404 106508 "-" "-"
162.213.253.84 - - [08/Jun/2026:18:51:30 -0400] "POST /wp-admin/admin-ajax.php?action=async_litespeed&nonce=zY42OTa4s505xU5CLK9Zz5o3w2ikbhoY&litespeed_type=imgoptm HTTP/1.1" 200 21 "-" "WordPress/7.0; https://www.bagpackvacation.com"
191.232.234.48 - - [08/Jun/2026:18:51:30 -0400] "GET /mode.php HTTP/1.1" 404 106510 "-" "-"
191.232.234.48 - - [08/Jun/2026:18:51:32 -0400] "GET /wp-admin/js/index.php HTTP/1.1" 301 0 "-" "-"
191.232.234.48 - - [08/Jun/2026:18:51:44 -0400] "GET /bthil.php HTTP/1.1" 404 106512 "-" "-"
162.213.253.84 - - [08/Jun/2026:18:51:51 -0400] "POST /wp-cron.php?doing_wp_cron=1780959111.2555000782012939453125 HTTP/1.1" 200 0 "-" "WordPress/7.0; https://www.bagpackvacation.com"
191.232.234.48 - - [08/Jun/2026:18:51:50 -0400] "GET /1.php HTTP/1.1" 404 106504 "-" "-"
191.232.234.48 - - [08/Jun/2026:18:51:52 -0400] "GET /100.php HTTP/1.1" 404 106508 "-" "-"
191.232.234.48 - - [08/Jun/2026:18:51:53 -0400] "GET /about.php HTTP/1.1" 404 106512 "-" "-"
191.232.234.48 - - [08/Jun/2026:18:51:55 -0400] "GET /admin.php HTTP/1.1" 404 106512 "-" "-"
191.232.234.48 - - [08/Jun/2026:18:52:07 -0400] "GET /classwithtostring.php?p= HTTP/1.1" 301 0 "-" "-"
191.232.234.48 - - [08/Jun/2026:18:52:08 -0400] "GET /classwithtostring.php HTTP/1.1" 404 106536 "-" "-"
191.232.234.48 - - [08/Jun/2026:18:52:12 -0400] "GET /wp-includes/js/jquery/ HTTP/1.1" 403 1242 "-" "-"
191.232.234.48 - - [08/Jun/2026:18:52:13 -0400] "GET /wp-content/admin.php HTTP/1.1" 404 106534 "-" "-"
191.232.234.48 - - [08/Jun/2026:18:52:13 -0400] "GET /adminfuns.php HTTP/1.1" 404 106520 "-" "-"
191.232.234.48 - - [08/Jun/2026:18:52:19 -0400] "GET /222.php HTTP/1.1" 404 106508 "-" "-"
191.232.234.48 - - [08/Jun/2026:18:52:22 -0400] "GET / HTTP/1.1" 200 254301 "-" "-"
191.232.234.48 - - [08/Jun/2026:18:52:25 -0400] "GET /wp-includes/l10n/ HTTP/1.1" 403 1242 "-" "-"
191.232.234.48 - - [08/Jun/2026:18:52:26 -0400] "GET /wp-content/uploads/ HTTP/1.1" 403 1242 "-" "-"
191.232.234.48 - - [08/Jun/2026:18:52:29 -0400] "GET /abcd.php HTTP/1.1" 404 106510 "-" "-"
162.213.253.84 - - [08/Jun/2026:18:52:31 -0400] "POST /wp-admin/admin-ajax.php?action=async_litespeed&nonce=G01saeoNuMafzUQFFYk9eUuIGGdgfdMl&litespeed_type=imgoptm HTTP/1.1" 200 21 "-" "WordPress/7.0; https://www.bagpackvacation.com"
191.232.234.48 - - [08/Jun/2026:18:52:35 -0400] "GET /bal.php HTTP/1.1" 404 106508 "-" "-"
191.232.234.48 - - [08/Jun/2026:18:52:39 -0400] "GET /wp-content/BypassBest.php HTTP/1.1" 404 106544 "-" "-"
191.232.234.48 - - [08/Jun/2026:18:52:41 -0400] "GET /wp-content/ HTTP/1.1" 200 0 "-" "-"
191.232.234.48 - - [08/Jun/2026:18:52:50 -0400] "GET /wp-admin/css/colors/blue/ HTTP/1.1" 403 1242 "-" "-"
191.232.234.48 - - [08/Jun/2026:18:52:55 -0400] "GET /als.php HTTP/1.1" 404 106508 "-" "-"
191.232.234.48 - - [08/Jun/2026:18:52:59 -0400] "GET /ll.php HTTP/1.1" 404 106506 "-" "-"
191.232.234.48 - - [08/Jun/2026:18:53:01 -0400] "GET /006.php HTTP/1.1" 404 106508 "-" "-"
191.232.234.48 - - [08/Jun/2026:18:53:07 -0400] "GET /file.php HTTP/1.1" 404 106510 "-" "-"
191.232.234.48 - - [08/Jun/2026:18:53:09 -0400] "GET /cfile.php HTTP/1.1" 404 106512 "-" "-"
191.232.234.48 - - [08/Jun/2026:18:53:11 -0400] "GET /class-wp.php HTTP/1.1" 404 106518 "-" "-"
191.232.234.48 - - [08/Jun/2026:18:53:13 -0400] "GET /ahax.php HTTP/1.1" 404 106510 "-" "-"
191.232.234.48 - - [08/Jun/2026:18:53:15 -0400] "GET /aa2.php HTTP/1.1" 404 106508 "-" "-"
191.232.234.48 - - [08/Jun/2026:18:53:23 -0400] "GET /xamp.php HTTP/1.1" 404 106510 "-" "-"
191.232.234.48 - - [08/Jun/2026:18:53:25 -0400] "GET /cA3bHIkVhgP.php HTTP/1.1" 404 106524 "-" "-"
191.232.234.48 - - [08/Jun/2026:18:53:27 -0400] "GET /bless.php HTTP/1.1" 404 106512 "-" "-"
191.232.234.48 - - [08/Jun/2026:18:53:05 -0400] "GET /4PJcpMFsD8B.php HTTP/1.1" 404 106524 "-" "-"
191.232.234.48 - - [08/Jun/2026:18:53:17 -0400] "GET /ccou.php HTTP/1.1" 404 106510 "-" "-"
191.232.234.48 - - [08/Jun/2026:18:53:19 -0400] "GET /about2.php HTTP/1.1" 404 106514 "-" "-"
191.232.234.48 - - [08/Jun/2026:18:53:21 -0400] "GET /dr.php HTTP/1.1" 404 106506 "-" "-"
191.232.234.48 - - [08/Jun/2026:18:53:29 -0400] "GET /file60.php HTTP/1.1" 404 106514 "-" "-"
162.213.253.84 - - [08/Jun/2026:18:53:31 -0400] "POST /wp-admin/admin-ajax.php?action=async_litespeed&nonce=kAiDE4cMqeLwrKmFb4EgULcIeP4njJRY&litespeed_type=imgoptm HTTP/1.1" 200 21 "-" "WordPress/7.0; https://www.bagpackvacation.com"
191.232.234.48 - - [08/Jun/2026:18:53:35 -0400] "GET /5BltUjE9CrY.php HTTP/1.1" 404 106524 "-" "-"
191.232.234.48 - - [08/Jun/2026:18:53:41 -0400] "GET /file48.php HTTP/1.1" 404 106514 "-" "-"
191.232.234.48 - - [08/Jun/2026:18:53:45 -0400] "GET /ff.php HTTP/1.1" 404 106506 "-" "-"
162.213.253.84 - - [08/Jun/2026:18:53:52 -0400] "POST /wp-cron.php?doing_wp_cron=1780959232.1277549266815185546875 HTTP/1.1" 200 0 "-" "WordPress/7.0; https://www.bagpackvacation.com"
191.232.234.48 - - [08/Jun/2026:18:53:52 -0400] "GET /file15.php HTTP/1.1" 404 106514 "-" "-"
191.232.234.48 - - [08/Jun/2026:18:53:54 -0400] "GET /file81.php HTTP/1.1" 404 106514 "-" "-"
191.232.234.48 - - [08/Jun/2026:18:53:56 -0400] "GET /no1.php HTTP/1.1" 404 106508 "-" "-"
191.232.234.48 - - [08/Jun/2026:18:53:58 -0400] "GET /jp.php HTTP/1.1" 404 106506 "-" "-"
191.232.234.48 - - [08/Jun/2026:18:54:00 -0400] "GET /f35.php HTTP/1.1" 404 106508 "-" "-"
191.232.234.48 - - [08/Jun/2026:18:54:09 -0400] "GET /wp-includes/assets/ HTTP/1.1" 403 1242 "-" "-"
191.232.234.48 - - [08/Jun/2026:18:54:10 -0400] "GET /ddd.php HTTP/1.1" 404 106508 "-" "-"
191.232.234.48 - - [08/Jun/2026:18:54:11 -0400] "GET /wp-admin/css/colors/sunrise/ HTTP/1.1" 403 1242 "-" "-"
191.232.234.48 - - [08/Jun/2026:18:54:14 -0400] "GET /waf.php HTTP/1.1" 404 106508 "-" "-"
191.232.234.48 - - [08/Jun/2026:18:54:20 -0400] "GET /bel.php HTTP/1.1" 404 106508 "-" "-"
191.232.234.48 - - [08/Jun/2026:18:54:21 -0400] "GET /file58.php HTTP/1.1" 404 106514 "-" "-"
191.232.234.48 - - [08/Jun/2026:18:54:23 -0400] "GET /wp-links.php HTTP/1.1" 404 106518 "-" "-"
191.232.234.48 - - [08/Jun/2026:18:54:25 -0400] "GET /wp-admin/network/plugins.php HTTP/1.1" 302 0 "-" "-"
191.232.234.48 - - [08/Jun/2026:18:54:26 -0400] "GET /wp-login.php?redirect_to=https%3A%2F%2Fwww.bagpackvacation.com%2Fwp-admin%2Fnetwork%2Fplugins.php&reauth=1 HTTP/1.1" 200 5954 "-" "-"
162.213.253.84 - - [08/Jun/2026:18:54:29 -0400] "POST /wp-admin/admin-ajax.php?action=async_litespeed&nonce=oGuTSxlx8PjicD3Hs4UpJC1EgvISiSEI&litespeed_type=imgoptm HTTP/1.1" 200 21 "-" "WordPress/7.0; https://www.bagpackvacation.com"
162.213.253.84 - - [08/Jun/2026:18:53:30 -0400] "POST /wp-cron.php?doing_wp_cron=1780959210.5247900485992431640625 HTTP/1.1" 200 0 "-" "WordPress/7.0; https://www.bagpackvacation.com"
191.232.234.48 - - [08/Jun/2026:18:53:31 -0400] "GET /bb.php HTTP/1.1" 404 106506 "-" "-"
191.232.234.48 - - [08/Jun/2026:18:53:33 -0400] "GET /eee.php HTTP/1.1" 404 106508 "-" "-"
191.232.234.48 - - [08/Jun/2026:18:53:37 -0400] "GET /file25.php HTTP/1.1" 404 106514 "-" "-"
191.232.234.48 - - [08/Jun/2026:18:53:39 -0400] "GET /hg.php HTTP/1.1" 404 106506 "-" "-"
191.232.234.48 - - [08/Jun/2026:18:53:43 -0400] "GET /file59.php HTTP/1.1" 404 106514 "-" "-"
191.232.234.48 - - [08/Jun/2026:18:53:47 -0400] "GET /file31.php HTTP/1.1" 404 106514 "-" "-"
191.232.234.48 - - [08/Jun/2026:18:53:49 -0400] "GET /file6.php HTTP/1.1" 404 106512 "-" "-"
191.232.234.48 - - [08/Jun/2026:18:53:51 -0400] "GET /a2.php HTTP/1.1" 404 106506 "-" "-"
162.213.253.84 - - [08/Jun/2026:18:53:55 -0400] "POST /wp-cron.php?doing_wp_cron=1780959235.9758539199829101562500 HTTP/1.1" 200 0 "-" "WordPress/7.0; https://www.bagpackvacation.com"
69.171.234.29 - - [08/Jun/2026:18:54:00 -0400] "GET /wp-content/uploads/2023/02/31904.jpeg HTTP/1.1" 200 147354 "-" "facebookexternalhit/1.1 (+http://www.facebook.com/externalhit_uatext.php)"
191.232.234.48 - - [08/Jun/2026:18:54:02 -0400] "GET /xa.php HTTP/1.1" 404 106506 "-" "-"
191.232.234.48 - - [08/Jun/2026:18:54:04 -0400] "GET /wp-load.php HTTP/1.1" 200 0 "-" "-"
191.232.234.48 - - [08/Jun/2026:18:54:05 -0400] "GET /xwpg.php HTTP/1.1" 404 106510 "-" "-"
191.232.234.48 - - [08/Jun/2026:18:54:07 -0400] "GET /ab5.php HTTP/1.1" 404 106508 "-" "-"
191.232.234.48 - - [08/Jun/2026:18:54:12 -0400] "GET /jj.php HTTP/1.1" 404 106506 "-" "-"
191.232.234.48 - - [08/Jun/2026:18:54:16 -0400] "GET /xstelth.php HTTP/1.1" 404 106516 "-" "-"
191.232.234.48 - - [08/Jun/2026:18:54:18 -0400] "GET /wp-admin/css/colors/midnight/about.php HTTP/1.1" 404 106570 "-" "-"
162.213.253.84 - - [08/Jun/2026:18:54:29 -0400] "POST /wp-cron.php?doing_wp_cron=1780959269.1126279830932617187500 HTTP/1.1" 200 0 "-" "WordPress/7.0; https://www.bagpackvacation.com"
191.232.234.48 - - [08/Jun/2026:18:54:27 -0400] "GET /berlin.php HTTP/1.1" 404 106514 "-" "-"
191.232.234.48 - - [08/Jun/2026:18:54:29 -0400] "GET /wp-7xm8hz.php HTTP/1.1" 404 106520 "-" "-"
136.116.198.170 - - [08/Jun/2026:19:08:10 -0400] "GET / HTTP/1.1" 200 34008 "https://bagpackvacation.com/" "Mozilla/5.0 (Windows NT 10.0; Win64; x64) AppleWebKit/537.36 (KHTML, like Gecko) Chrome/144.0.0.0 Safari/537.36"
13.66.174.80 - - [08/Jun/2026:19:10:23 -0400] "GET /wp/xmlrpc.php HTTP/1.1" 404 22163 "https://bagpackvacation.com/wp/xmlrpc.php" "Mozilla/5.0 (Windows NT 10.0; Win64; x64) AppleWebKit/537.36 (KHTML, like Gecko) Chrome/124.0.0.0 Safari/537.36"
178.104.164.71 - - [08/Jun/2026:19:14:01 -0400] "GET /wp-login.php HTTP/1.1" 200 1807 "-" "Mozilla/5.0 (Windows NT 10.0; Win64; x64) AppleWebKit/537.36 (KHTML, like Gecko) Chrome/120.0.0.0 Safari/537.36"
162.213.253.84 - - [08/Jun/2026:19:14:02 -0400] "POST /wp-cron.php?doing_wp_cron=1780960442.5979449748992919921875 HTTP/1.1" 200 0 "-" "WordPress/7.0; https://www.bagpackvacation.com"
136.116.198.170 - - [08/Jun/2026:19:08:10 -0400] "POST / HTTP/1.1" 301 795 "https://bagpackvacation.com/" "Mozilla/5.0 (Windows NT 10.0; Win64; x64) AppleWebKit/537.36 (KHTML, like Gecko) Chrome/144.0.0.0 Safari/537.36"
13.66.174.80 - - [08/Jun/2026:19:10:22 -0400] "POST /wp/xmlrpc.php HTTP/1.1" 301 795 "-" "Mozilla/5.0 (Windows NT 10.0; Win64; x64) AppleWebKit/537.36 (KHTML, like Gecko) Chrome/124.0.0.0 Safari/537.36"
162.213.253.84 - - [08/Jun/2026:19:10:24 -0400] "POST /wp-cron.php?doing_wp_cron=1780960224.9049301147460937500000 HTTP/1.1" 200 0 "-" "WordPress/7.0; https://www.bagpackvacation.com"
162.213.253.84 - - [08/Jun/2026:19:10:25 -0400] "POST /wp-admin/admin-ajax.php?action=async_litespeed&nonce=PrOd0qr0ehKzOTlQ8QtmsxTDpwSLXtHM&litespeed_type=imgoptm HTTP/1.1" 200 0 "-" "WordPress/7.0; https://www.bagpackvacation.com"
178.104.164.71 - - [08/Jun/2026:19:14:00 -0400] "GET /wp-login.php HTTP/1.1" 301 795 "-" "Mozilla/5.0 (Windows NT 10.0; Win64; x64) AppleWebKit/537.36 (KHTML, like Gecko) Chrome/120.0.0.0 Safari/537.36"
178.104.164.71 - - [08/Jun/2026:19:14:00 -0400] "GET /wp-login.php HTTP/1.1" 200 1807 "https://bagpackvacation.com/wp-login.php" "Mozilla/5.0 (Windows NT 10.0; Win64; x64) AppleWebKit/537.36 (KHTML, like Gecko) Chrome/120.0.0.0 Safari/537.36"
178.104.164.71 - - [08/Jun/2026:19:14:01 -0400] "POST /wp-login.php HTTP/1.1" 200 1906 "https://www.bagpackvacation.com/wp-login.php" "Mozilla/5.0 (Windows NT 10.0; Win64; x64) AppleWebKit/537.36 (KHTML, like Gecko) Chrome/120.0.0.0 Safari/537.36"
162.213.253.84 - - [08/Jun/2026:19:14:03 -0400] "POST /wp-admin/admin-ajax.php?action=async_litespeed&nonce=Pg4gvvK678Wee0qb0kfq5aO1xudQHUWV&litespeed_type=imgoptm HTTP/1.1" 200 21 "-" "WordPress/7.0; https://www.bagpackvacation.com"
136.243.146.219 - - [08/Jun/2026:19:20:01 -0400] "GET /andaman/ HTTP/1.1" 200 27190 "-" "Mozilla/5.0 (compatible; SERankingBacklinksBot/1.0; +https://seranking.com/backlinks-crawler)"
136.243.146.219 - - [08/Jun/2026:19:20:06 -0400] "GET /kashmir/ HTTP/1.1" 200 27442 "-" "Mozilla/5.0 (compatible; SERankingBacklinksBot/1.0; +https://seranking.com/backlinks-crawler)"
136.243.146.219 - - [08/Jun/2026:19:20:09 -0400] "GET /about-us/ HTTP/1.1" 200 25326 "-" "Mozilla/5.0 (compatible; SERankingBacklinksBot/1.0; +https://seranking.com/backlinks-crawler)"
136.243.146.219 - - [08/Jun/2026:19:20:01 -0400] "GET /robots.txt HTTP/1.1" 200 129 "-" "Mozilla/5.0 (compatible; SERankingBacklinksBot/1.0; +https://seranking.com/backlinks-crawler)"
136.243.146.219 - - [08/Jun/2026:19:20:14 -0400] "GET /contact-us/ HTTP/1.1" 200 25630 "-" "Mozilla/5.0 (compatible; SERankingBacklinksBot/1.0; +https://seranking.com/backlinks-crawler)"
43.159.128.237 - - [08/Jun/2026:19:21:45 -0400] "GET / HTTP/1.1" 200 40166 "http://www.bagpackvacation.com" "Mozilla/5.0 (iPhone; CPU iPhone OS 13_2_3 like Mac OS X) AppleWebKit/605.1.15 (KHTML, like Gecko) Version/13.0.3 Mobile/15E148 Safari/604.1"
162.213.253.84 - - [08/Jun/2026:19:21:45 -0400] "POST /wp-admin/admin-ajax.php?action=async_litespeed&nonce=GjdcVnU1CpfwR4UKSqJEEv9uwuPotqv1&litespeed_type=imgoptm HTTP/1.1" 200 21 "-" "WordPress/7.0; https://www.bagpackvacation.com"
45.117.169.86 - - [08/Jun/2026:19:25:54 -0400] "GET /wp-login.php HTTP/1.1" 200 1807 "-" "Mozilla/5.0 (Macintosh; Intel Mac OS X 14_7_4) AppleWebKit/537.36 (KHTML, like Gecko) Chrome/133.0.0.0 Safari/537.36"
162.213.253.84 - - [08/Jun/2026:19:25:57 -0400] "POST /wp-cron.php?doing_wp_cron=1780961157.3813450336456298828125 HTTP/1.1" 200 0 "-" "WordPress/7.0; https://www.bagpackvacation.com"
45.117.169.86 - - [08/Jun/2026:19:25:56 -0400] "POST /wp-login.php HTTP/1.1" 200 1906 "https://www.bagpackvacation.com/wp-login.php" "Mozilla/5.0 (Macintosh; Intel Mac OS X 14_7_4) AppleWebKit/537.36 (KHTML, like Gecko) Chrome/133.0.0.0 Safari/537.36"
162.213.253.84 - - [08/Jun/2026:19:25:58 -0400] "POST /wp-admin/admin-ajax.php?action=async_litespeed&nonce=5ECBWhv7EYXJqt42D6bjWDhXnH55okz7&litespeed_type=imgoptm HTTP/1.1" 200 21 "-" "WordPress/7.0; https://www.bagpackvacation.com"
37.65.28.8 - - [08/Jun/2026:19:29:21 -0400] "GET /shimla-tour-packages/ HTTP/1.1" 200 27418 "-" "Mozilla/5.0 (Macintosh; Intel Mac OS X 15.1; rv:127.0) Gecko/20100101 Firefox/127.0"
202.172.25.51 - - [08/Jun/2026:19:24:51 -0400] "GET /wp-login.php HTTP/1.1" 301 795 "-" "Mozilla/5.0 (Macintosh; Intel Mac OS X 11_7_10) AppleWebKit/537.36 (KHTML, like Gecko) Chrome/133.0.0.0 Safari/537.36"
213.171.208.62 - - [08/Jun/2026:19:43:09 -0400] "GET /wp-login.php HTTP/1.1" 301 795 "-" "Mozilla/5.0 (Windows NT 10.0) AppleWebKit/537.36 (KHTML, like Gecko) Chrome/133.0.0.0 Safari/537.36"
213.171.208.62 - - [08/Jun/2026:19:43:13 -0400] "GET /wp-login.php HTTP/1.1" 200 1807 "https://mail.bagpackvacation.com/wp-login.php" "Mozilla/5.0 (Windows NT 10.0) AppleWebKit/537.36 (KHTML, like Gecko) Chrome/133.0.0.0 Safari/537.36"
205.185.116.237 - - [08/Jun/2026:19:54:06 -0400] "GET /wp-login.php HTTP/1.1" 301 795 "-" "Mozilla/5.0 (Macintosh; Intel Mac OS X 10_9_3) AppleWebKit/537.36 (KHTML, like Gecko) Chrome/36.0.1985.125 Safari/537.36"
114.119.150.6 - - [08/Jun/2026:19:54:26 -0400] "GET /wp-content/uploads/elementor/thumbs/izuddin-helmi-adnan-vTveTqbaTNM-unsplash-min-q347z7219k5my6i0ipvpu451egjquc6e9qccpv7fzs.jpg HTTP/1.1" 200 28406 "https://www.bagpackvacation.com/location/malaysia" "Mozilla/5.0 (Linux; Android 7.0;) AppleWebKit/537.36 (HTML, like Gecko) Mobile Safari/537.36 (compatible; PetalBot;+https://webmaster.petalsearch.com/site/petalbot)"
205.185.116.237 - - [08/Jun/2026:19:55:43 -0400] "POST /wp-login.php HTTP/1.1" 301 795 "-" "Mozilla/5.0 (Macintosh; Intel Mac OS X 10_9_3) AppleWebKit/537.36 (KHTML, like Gecko) Chrome/36.0.1985.125 Safari/537.36"
205.185.116.237 - - [08/Jun/2026:19:55:47 -0400] "GET /wp-admin/themes.php HTTP/1.1" 301 795 "-" "python-requests/2.34.2"
162.213.253.84 - - [08/Jun/2026:19:55:48 -0400] "POST /wp-cron.php?doing_wp_cron=1780962948.9457910060882568359375 HTTP/1.1" 200 0 "-" "WordPress/7.0; https://www.bagpackvacation.com"
205.185.116.237 - - [08/Jun/2026:19:55:49 -0400] "GET /wp-admin/plugin-install.php?tab=upload HTTP/1.1" 302 0 "-" "python-requests/2.34.2"
162.213.253.84 - - [08/Jun/2026:19:55:49 -0400] "POST /wp-admin/admin-ajax.php?action=async_litespeed&nonce=pJZzdYNnx9HmKh5AxyKwgk6r2uQFfm5x&litespeed_type=imgoptm HTTP/1.1" 200 0 "-" "WordPress/7.0; https://www.bagpackvacation.com"
162.213.253.84 - - [08/Jun/2026:19:55:51 -0400] "POST /wp-cron.php?doing_wp_cron=1780962951.7117350101470947265625 HTTP/1.1" 200 0 "-" "WordPress/7.0; https://www.bagpackvacation.com"
213.171.208.62 - - [08/Jun/2026:19:43:12 -0400] "GET /wp-login.php HTTP/1.1" 200 1807 "https://mail.bagpackvacation.com/wp-login.php" "Mozilla/5.0 (Windows NT 10.0) AppleWebKit/537.36 (KHTML, like Gecko) Chrome/133.0.0.0 Safari/537.36"
213.171.208.62 - - [08/Jun/2026:19:43:13 -0400] "POST /wp-login.php HTTP/1.1" 301 795 "https://mail.bagpackvacation.com/wp-login.php" "Mozilla/5.0 (Windows NT 10.0) AppleWebKit/537.36 (KHTML, like Gecko) Chrome/133.0.0.0 Safari/537.36"
205.185.116.237 - - [08/Jun/2026:19:54:06 -0400] "GET /wp-login.php HTTP/1.1" 200 5935 "-" "Mozilla/5.0 (Macintosh; Intel Mac OS X 10_9_3) AppleWebKit/537.36 (KHTML, like Gecko) Chrome/36.0.1985.125 Safari/537.36"
205.185.116.237 - - [08/Jun/2026:19:55:47 -0400] "GET /wp-login.php HTTP/1.1" 200 5935 "-" "Mozilla/5.0 (Macintosh; Intel Mac OS X 10_9_3) AppleWebKit/537.36 (KHTML, like Gecko) Chrome/36.0.1985.125 Safari/537.36"
205.185.116.237 - - [08/Jun/2026:19:55:47 -0400] "GET /wp-admin/themes.php HTTP/1.1" 302 0 "-" "python-requests/2.34.2"
205.185.116.237 - - [08/Jun/2026:19:55:49 -0400] "GET /wp-login.php?redirect_to=https%3A%2F%2Fwww.bagpackvacation.com%2Fwp-admin%2Fthemes.php&reauth=1 HTTP/1.1" 200 2047 "-" "python-requests/2.34.2"
205.185.116.237 - - [08/Jun/2026:19:55:49 -0400] "GET /wp-admin/plugin-install.php?tab=upload HTTP/1.1" 301 795 "-" "python-requests/2.34.2"
205.185.116.237 - - [08/Jun/2026:19:55:50 -0400] "GET /wp-login.php?redirect_to=https%3A%2F%2Fwww.bagpackvacation.com%2Fwp-admin%2Fplugin-install.php%3Ftab%3Dupload&reauth=1 HTTP/1.1" 200 2054 "-" "python-requests/2.34.2"
49.232.104.223 - - [08/Jun/2026:19:58:02 -0400] "GET / HTTP/1.1" 200 40166 "http://bagpackvacation.com" "Mozilla/5.0 (iPhone; CPU iPhone OS 13_2_3 like Mac OS X) AppleWebKit/605.1.15 (KHTML, like Gecko) Version/13.0.3 Mobile/15E148 Safari/604.1"
196.51.187.45 - - [08/Jun/2026:20:00:15 -0400] "GET /contact-us/ HTTP/1.1" 200 22351 "-" "Mozilla/5.0 (Windows NT 10.0; WOW64; x64) AppleWebKit/537.36 (KHTML, like Gecko) Chrome/114.0.0.0 Safari/537.36 OPR/89.0.4447.51"
162.213.253.84 - - [08/Jun/2026:20:00:18 -0400] "POST /wp-admin/admin-ajax.php?action=async_litespeed&nonce=te2uV4hKejQOp0OKrKtj9o6Q7FZmUbUO&litespeed_type=imgoptm HTTP/1.1" 200 0 "-" "WordPress/7.0; https://www.bagpackvacation.com"
4.230.28.141 - - [08/Jun/2026:20:01:55 -0400] "GET /a.php HTTP/1.1" 301 795 "-" "Mozilla/5.0 (Windows NT 10.0; Win64; x64) AppleWebKit/537.36 (KHTML, like Gecko) Chrome/120.0.0.0 Safari/537.36"
4.230.28.141 - - [08/Jun/2026:20:01:55 -0400] "GET /aaa.php HTTP/1.1" 301 795 "-" "Mozilla/5.0 (Windows NT 10.0; Win64; x64) AppleWebKit/537.36 (KHTML, like Gecko) Chrome/120.0.0.0 Safari/537.36"
4.230.28.141 - - [08/Jun/2026:20:01:55 -0400] "GET /ab.php HTTP/1.1" 301 795 "-" "Mozilla/5.0 (Windows NT 10.0; Win64; x64) AppleWebKit/537.36 (KHTML, like Gecko) Chrome/120.0.0.0 Safari/537.36"
4.230.28.141 - - [08/Jun/2026:20:01:56 -0400] "GET /ioxi-o.php HTTP/1.1" 301 795 "-" "Mozilla/5.0 (Windows NT 10.0; Win64; x64) AppleWebKit/537.36 (KHTML, like Gecko) Chrome/120.0.0.0 Safari/537.36"
4.230.28.141 - - [08/Jun/2026:20:01:56 -0400] "GET /k.php HTTP/1.1" 301 795 "-" "Mozilla/5.0 (Windows NT 10.0; Win64; x64) AppleWebKit/537.36 (KHTML, like Gecko) Chrome/120.0.0.0 Safari/537.36"
4.230.28.141 - - [08/Jun/2026:20:01:56 -0400] "GET /post.php HTTP/1.1" 301 795 "-" "Mozilla/5.0 (Windows NT 10.0; Win64; x64) AppleWebKit/537.36 (KHTML, like Gecko) Chrome/120.0.0.0 Safari/537.36"
4.230.28.141 - - [08/Jun/2026:20:01:56 -0400] "GET /1.php HTTP/1.1" 301 795 "-" "Mozilla/5.0 (Windows NT 10.0; Win64; x64) AppleWebKit/537.36 (KHTML, like Gecko) Chrome/120.0.0.0 Safari/537.36"
4.230.28.141 - - [08/Jun/2026:20:01:57 -0400] "GET /flower.php HTTP/1.1" 301 795 "-" "Mozilla/5.0 (Windows NT 10.0; Win64; x64) AppleWebKit/537.36 (KHTML, like Gecko) Chrome/120.0.0.0 Safari/537.36"
4.230.28.141 - - [08/Jun/2026:20:01:57 -0400] "GET /default.php HTTP/1.1" 301 795 "-" "Mozilla/5.0 (Windows NT 10.0; Win64; x64) AppleWebKit/537.36 (KHTML, like Gecko) Chrome/120.0.0.0 Safari/537.36"
4.230.28.141 - - [08/Jun/2026:20:01:57 -0400] "GET /defaults.php HTTP/1.1" 301 795 "-" "Mozilla/5.0 (Windows NT 10.0; Win64; x64) AppleWebKit/537.36 (KHTML, like Gecko) Chrome/120.0.0.0 Safari/537.36"
4.230.28.141 - - [08/Jun/2026:20:01:58 -0400] "GET /goods.php HTTP/1.1" 301 795 "-" "Mozilla/5.0 (Windows NT 10.0; Win64; x64) AppleWebKit/537.36 (KHTML, like Gecko) Chrome/120.0.0.0 Safari/537.36"
4.230.28.141 - - [08/Jun/2026:20:01:58 -0400] "GET /hehe.php HTTP/1.1" 301 795 "-" "Mozilla/5.0 (Windows NT 10.0; Win64; x64) AppleWebKit/537.36 (KHTML, like Gecko) Chrome/120.0.0.0 Safari/537.36"
4.230.28.141 - - [08/Jun/2026:20:01:58 -0400] "GET /wp-2019.php HTTP/1.1" 301 795 "-" "Mozilla/5.0 (Windows NT 10.0; Win64; x64) AppleWebKit/537.36 (KHTML, like Gecko) Chrome/120.0.0.0 Safari/537.36"
4.230.28.141 - - [08/Jun/2026:20:01:59 -0400] "GET /functions.php HTTP/1.1" 301 795 "-" "Mozilla/5.0 (Windows NT 10.0; Win64; x64) AppleWebKit/537.36 (KHTML, like Gecko) Chrome/120.0.0.0 Safari/537.36"
4.230.28.141 - - [08/Jun/2026:20:01:59 -0400] "GET /edit.php HTTP/1.1" 301 795 "-" "Mozilla/5.0 (Windows NT 10.0; Win64; x64) AppleWebKit/537.36 (KHTML, like Gecko) Chrome/120.0.0.0 Safari/537.36"
4.230.28.141 - - [08/Jun/2026:20:01:59 -0400] "GET /gecko-new.php HTTP/1.1" 301 795 "-" "Mozilla/5.0 (Windows NT 10.0; Win64; x64) AppleWebKit/537.36 (KHTML, like Gecko) Chrome/120.0.0.0 Safari/537.36"
4.230.28.141 - - [08/Jun/2026:20:01:59 -0400] "GET /cookie.php HTTP/1.1" 301 795 "-" "Mozilla/5.0 (Windows NT 10.0; Win64; x64) AppleWebKit/537.36 (KHTML, like Gecko) Chrome/120.0.0.0 Safari/537.36"
162.213.253.84 - - [08/Jun/2026:20:00:17 -0400] "POST /wp-cron.php?doing_wp_cron=1780963217.8886229991912841796875 HTTP/1.1" 200 0 "-" "WordPress/7.0; https://www.bagpackvacation.com"
196.51.187.45 - - [08/Jun/2026:20:00:16 -0400] "POST /wp-admin/admin-ajax.php HTTP/1.1" 200 17 "https://www.bagpackvacation.com/contact-us/" "Mozilla/5.0 (Windows NT 10.0; WOW64; x64) AppleWebKit/537.36 (KHTML, like Gecko) Chrome/114.0.0.0 Safari/537.36 OPR/89.0.4447.51"
4.230.28.141 - - [08/Jun/2026:20:01:55 -0400] "GET /aa.php HTTP/1.1" 301 795 "-" "Mozilla/5.0 (Windows NT 10.0; Win64; x64) AppleWebKit/537.36 (KHTML, like Gecko) Chrome/120.0.0.0 Safari/537.36"
4.230.28.141 - - [08/Jun/2026:20:01:55 -0400] "GET /lock360.php HTTP/1.1" 301 795 "-" "Mozilla/5.0 (Windows NT 10.0; Win64; x64) AppleWebKit/537.36 (KHTML, like Gecko) Chrome/120.0.0.0 Safari/537.36"
4.230.28.141 - - [08/Jun/2026:20:01:55 -0400] "GET /anonse/lock360.php HTTP/1.1" 301 795 "-" "Mozilla/5.0 (Windows NT 10.0; Win64; x64) AppleWebKit/537.36 (KHTML, like Gecko) Chrome/120.0.0.0 Safari/537.36"
4.230.28.141 - - [08/Jun/2026:20:01:55 -0400] "GET /file5.php HTTP/1.1" 301 795 "-" "Mozilla/5.0 (Windows NT 10.0; Win64; x64) AppleWebKit/537.36 (KHTML, like Gecko) Chrome/120.0.0.0 Safari/537.36"
4.230.28.141 - - [08/Jun/2026:20:01:56 -0400] "GET /sitemaps.php HTTP/1.1" 301 795 "-" "Mozilla/5.0 (Windows NT 10.0; Win64; x64) AppleWebKit/537.36 (KHTML, like Gecko) Chrome/120.0.0.0 Safari/537.36"
4.230.28.141 - - [08/Jun/2026:20:01:56 -0400] "GET /load.php HTTP/1.1" 301 795 "-" "Mozilla/5.0 (Windows NT 10.0; Win64; x64) AppleWebKit/537.36 (KHTML, like Gecko) Chrome/120.0.0.0 Safari/537.36"
4.230.28.141 - - [08/Jun/2026:20:01:56 -0400] "GET /autoload_classmap.php HTTP/1.1" 301 795 "-" "Mozilla/5.0 (Windows NT 10.0; Win64; x64) AppleWebKit/537.36 (KHTML, like Gecko) Chrome/120.0.0.0 Safari/537.36"
4.230.28.141 - - [08/Jun/2026:20:01:57 -0400] "GET /admin.php HTTP/1.1" 301 795 "-" "Mozilla/5.0 (Windows NT 10.0; Win64; x64) AppleWebKit/537.36 (KHTML, like Gecko) Chrome/120.0.0.0 Safari/537.36"
4.230.28.141 - - [08/Jun/2026:20:01:57 -0400] "GET /file.php HTTP/1.1" 301 795 "-" "Mozilla/5.0 (Windows NT 10.0; Win64; x64) AppleWebKit/537.36 (KHTML, like Gecko) Chrome/120.0.0.0 Safari/537.36"
4.230.28.141 - - [08/Jun/2026:20:01:57 -0400] "GET /meta.php HTTP/1.1" 301 795 "-" "Mozilla/5.0 (Windows NT 10.0; Win64; x64) AppleWebKit/537.36 (KHTML, like Gecko) Chrome/120.0.0.0 Safari/537.36"
4.230.28.141 - - [08/Jun/2026:20:01:57 -0400] "GET /index.php HTTP/1.1" 301 795 "-" "Mozilla/5.0 (Windows NT 10.0; Win64; x64) AppleWebKit/537.36 (KHTML, like Gecko) Chrome/120.0.0.0 Safari/537.36"
4.230.28.141 - - [08/Jun/2026:20:01:58 -0400] "GET /about.php HTTP/1.1" 301 795 "-" "Mozilla/5.0 (Windows NT 10.0; Win64; x64) AppleWebKit/537.36 (KHTML, like Gecko) Chrome/120.0.0.0 Safari/537.36"
4.230.28.141 - - [08/Jun/2026:20:01:58 -0400] "GET /randkeyword.php HTTP/1.1" 301 795 "-" "Mozilla/5.0 (Windows NT 10.0; Win64; x64) AppleWebKit/537.36 (KHTML, like Gecko) Chrome/120.0.0.0 Safari/537.36"
4.230.28.141 - - [08/Jun/2026:20:01:58 -0400] "GET /user.php HTTP/1.1" 301 795 "-" "Mozilla/5.0 (Windows NT 10.0; Win64; x64) AppleWebKit/537.36 (KHTML, like Gecko) Chrome/120.0.0.0 Safari/537.36"
4.230.28.141 - - [08/Jun/2026:20:01:58 -0400] "GET /chosen.php HTTP/1.1" 301 795 "-" "Mozilla/5.0 (Windows NT 10.0; Win64; x64) AppleWebKit/537.36 (KHTML, like Gecko) Chrome/120.0.0.0 Safari/537.36"
4.230.28.141 - - [08/Jun/2026:20:01:59 -0400] "GET /cron.php HTTP/1.1" 301 795 "-" "Mozilla/5.0 (Windows NT 10.0; Win64; x64) AppleWebKit/537.36 (KHTML, like Gecko) Chrome/120.0.0.0 Safari/537.36"
4.230.28.141 - - [08/Jun/2026:20:02:00 -0400] "GET /plugin.php HTTP/1.1" 301 795 "-" "Mozilla/5.0 (Windows NT 10.0; Win64; x64) AppleWebKit/537.36 (KHTML, like Gecko) Chrome/120.0.0.0 Safari/537.36"
4.230.28.141 - - [08/Jun/2026:20:02:00 -0400] "GET /configs.php HTTP/1.1" 301 795 "-" "Mozilla/5.0 (Windows NT 10.0; Win64; x64) AppleWebKit/537.36 (KHTML, like Gecko) Chrome/120.0.0.0 Safari/537.36"
4.230.28.141 - - [08/Jun/2026:20:02:01 -0400] "GET /input.php HTTP/1.1" 301 795 "-" "Mozilla/5.0 (Windows NT 10.0; Win64; x64) AppleWebKit/537.36 (KHTML, like Gecko) Chrome/120.0.0.0 Safari/537.36"
4.230.28.141 - - [08/Jun/2026:20:02:01 -0400] "GET /aaa.php HTTP/1.1" 301 795 "-" "Mozilla/5.0 (Windows NT 10.0; Win64; x64) AppleWebKit/537.36 (KHTML, like Gecko) Chrome/120.0.0.0 Safari/537.36"
173.252.70.57 - - [08/Jun/2026:20:02:42 -0400] "GET /robots.txt HTTP/1.1" 200 216 "-" "facebookexternalhit/1.1 (+http://www.facebook.com/externalhit_uatext.php)"
4.230.28.141 - - [08/Jun/2026:20:01:59 -0400] "GET /xleet.php HTTP/1.1" 301 795 "-" "Mozilla/5.0 (Windows NT 10.0; Win64; x64) AppleWebKit/537.36 (KHTML, like Gecko) Chrome/120.0.0.0 Safari/537.36"
4.230.28.141 - - [08/Jun/2026:20:01:59 -0400] "GET /root.php HTTP/1.1" 301 795 "-" "Mozilla/5.0 (Windows NT 10.0; Win64; x64) AppleWebKit/537.36 (KHTML, like Gecko) Chrome/120.0.0.0 Safari/537.36"
4.230.28.141 - - [08/Jun/2026:20:02:00 -0400] "GET /menu.php HTTP/1.1" 301 795 "-" "Mozilla/5.0 (Windows NT 10.0; Win64; x64) AppleWebKit/537.36 (KHTML, like Gecko) Chrome/120.0.0.0 Safari/537.36"
4.230.28.141 - - [08/Jun/2026:20:02:00 -0400] "GET /cloud.php HTTP/1.1" 301 795 "-" "Mozilla/5.0 (Windows NT 10.0; Win64; x64) AppleWebKit/537.36 (KHTML, like Gecko) Chrome/120.0.0.0 Safari/537.36"
4.230.28.141 - - [08/Jun/2026:20:02:00 -0400] "GET /wp-configs.php HTTP/1.1" 301 795 "-" "Mozilla/5.0 (Windows NT 10.0; Win64; x64) AppleWebKit/537.36 (KHTML, like Gecko) Chrome/120.0.0.0 Safari/537.36"
4.230.28.141 - - [08/Jun/2026:20:02:00 -0400] "GET /update.php HTTP/1.1" 301 795 "-" "Mozilla/5.0 (Windows NT 10.0; Win64; x64) AppleWebKit/537.36 (KHTML, like Gecko) Chrome/120.0.0.0 Safari/537.36"
4.230.28.141 - - [08/Jun/2026:20:02:00 -0400] "GET /2.php HTTP/1.1" 301 795 "-" "Mozilla/5.0 (Windows NT 10.0; Win64; x64) AppleWebKit/537.36 (KHTML, like Gecko) Chrome/120.0.0.0 Safari/537.36"
103.124.92.234 - - [08/Jun/2026:20:20:32 -0400] "GET /wp-login.php HTTP/1.1" 301 795 "-" "Mozilla/5.0 (Macintosh; Intel Mac OS X 10_15_7) AppleWebKit/537.36 (KHTML, like Gecko) Chrome/133.0.0.0 Safari/537.36"
103.124.92.234 - admin [08/Jun/2026:20:20:51 -0400] "GET /wp-json/wp/v2/users/me HTTP/1.1" 301 795 "-" "Mozilla/5.0 (Macintosh; Intel Mac OS X 10_15_7) AppleWebKit/537.36 (KHTML, like Gecko) Chrome/133.0.0.0 Safari/537.36"
162.213.253.84 - - [08/Jun/2026:20:21:01 -0400] "POST /wp-cron.php?doing_wp_cron=1780964461.4156110286712646484375 HTTP/1.1" 200 0 "-" "WordPress/7.0; https://www.bagpackvacation.com"
162.213.253.84 - - [08/Jun/2026:20:21:02 -0400] "POST /wp-admin/admin-ajax.php?action=async_litespeed&nonce=Eo455gbX3Ib5PBWUv0i8bR2RJ44SFDmS&litespeed_type=imgoptm HTTP/1.1" 200 21 "-" "WordPress/7.0; https://www.bagpackvacation.com"
209.74.88.30 - - [08/Jun/2026:20:22:07 -0400] "GET /wp-login.php HTTP/1.1" 301 795 "-" "Mozilla/5.0 (X11; Linux x86_64) AppleWebKit/537.36 (KHTML, like Gecko) Chrome/133.0.0.0 Safari/537.36 Edg/133.0.0.0"
209.74.88.30 - - [08/Jun/2026:20:22:24 -0400] "GET /wp-json/wp/v2/users/me HTTP/1.1" 401 96 "https://mail.bagpackvacation.com/wp-json/wp/v2/users/me" "Mozilla/5.0 (X11; Linux x86_64) AppleWebKit/537.36 (KHTML, like Gecko) Chrome/133.0.0.0 Safari/537.36 Edg/133.0.0.0"
103.124.92.234 - - [08/Jun/2026:20:21:00 -0400] "GET /wp-json/wp/v2/users/me HTTP/1.1" 401 96 "https://bagpackvacation.com/wp-json/wp/v2/users/me" "Mozilla/5.0 (Macintosh; Intel Mac OS X 10_15_7) AppleWebKit/537.36 (KHTML, like Gecko) Chrome/133.0.0.0 Safari/537.36"
209.74.88.30 - admin [08/Jun/2026:20:22:23 -0400] "GET /wp-json/wp/v2/users/me HTTP/1.1" 301 795 "-" "Mozilla/5.0 (X11; Linux x86_64) AppleWebKit/537.36 (KHTML, like Gecko) Chrome/133.0.0.0 Safari/537.36 Edg/133.0.0.0"
162.213.253.84 - - [08/Jun/2026:20:22:25 -0400] "POST /wp-cron.php?doing_wp_cron=1780964545.5604219436645507812500 HTTP/1.1" 200 0 "-" "WordPress/7.0; https://www.bagpackvacation.com"
162.213.253.84 - - [08/Jun/2026:20:22:26 -0400] "POST /wp-admin/admin-ajax.php?action=async_litespeed&nonce=lsDJ7teWfwWYULm3xEY470etfAY5buxF&litespeed_type=imgoptm HTTP/1.1" 200 21 "-" "WordPress/7.0; https://www.bagpackvacation.com"
35.252.141.163 - - [08/Jun/2026:20:38:29 -0400] "GET /wp-content/uploads/2023/03/europe.jpg HTTP/1.1" 200 101836 "-" "Mozilla/5.0 (X11; Linux x86_64) AppleWebKit/537.36 (KHTML, like Gecko) Chrome/91.0.4472.114 Safari/537.36"
136.243.146.219 - - [08/Jun/2026:20:39:31 -0400] "GET /robots.txt HTTP/1.1" 200 129 "-" "Mozilla/5.0 (compatible; SERankingBacklinksBot/1.0; +https://seranking.com/backlinks-crawler)"
20.153.140.50 - - [08/Jun/2026:20:39:31 -0400] "POST /wp-login.php HTTP/1.1" 200 1905 "https://www.bagpackvacation.com/wp-login.php" "Mozilla/5.0 (Macintosh; Intel Mac OS X 10_15_7) AppleWebKit/537.36 (KHTML, like Gecko) Chrome/133.0.0.0 Safari/537.36"
162.213.253.84 - - [08/Jun/2026:20:39:33 -0400] "POST /wp-admin/admin-ajax.php?action=async_litespeed&nonce=7ssjqyw7Y1bd2zwwgM3SHyLdaHs71qAx&litespeed_type=imgoptm HTTP/1.1" 200 21 "-" "WordPress/7.0; https://www.bagpackvacation.com"
136.243.146.219 - - [08/Jun/2026:20:39:36 -0400] "GET /bali-tour-packages/ HTTP/1.1" 200 27238 "-" "Mozilla/5.0 (compatible; SERankingBacklinksBot/1.0; +https://seranking.com/backlinks-crawler)"
136.243.146.219 - - [08/Jun/2026:20:39:40 -0400] "GET /ooty-tour-packages/ HTTP/1.1" 200 27231 "-" "Mozilla/5.0 (compatible; SERankingBacklinksBot/1.0; +https://seranking.com/backlinks-crawler)"
136.243.146.219 - - [08/Jun/2026:20:39:44 -0400] "GET /dubai-tour-packages/ HTTP/1.1" 200 28086 "-" "Mozilla/5.0 (compatible; SERankingBacklinksBot/1.0; +https://seranking.com/backlinks-crawler)"
136.243.146.219 - - [08/Jun/2026:20:39:48 -0400] "GET /kerala-tour-packages/ HTTP/1.1" 200 27280 "-" "Mozilla/5.0 (compatible; SERankingBacklinksBot/1.0; +https://seranking.com/backlinks-crawler)"
136.243.146.219 - - [08/Jun/2026:20:39:58 -0400] "GET /shimla-tour-packages/ HTTP/1.1" 200 27418 "-" "Mozilla/5.0 (compatible; SERankingBacklinksBot/1.0; +https://seranking.com/backlinks-crawler)"
136.243.146.219 - - [08/Jun/2026:20:40:10 -0400] "GET /thailand-tour-packages/ HTTP/1.1" 200 28953 "-" "Mozilla/5.0 (compatible; SERankingBacklinksBot/1.0; +https://seranking.com/backlinks-crawler)"
136.243.146.219 - - [08/Jun/2026:20:40:13 -0400] "GET /beauty-of-nature-kerala/ HTTP/1.1" 200 29062 "-" "Mozilla/5.0 (compatible; SERankingBacklinksBot/1.0; +https://seranking.com/backlinks-crawler)"
136.243.146.219 - - [08/Jun/2026:20:40:36 -0400] "GET /jim-corbett-tour-packages/ HTTP/1.1" 200 27464 "-" "Mozilla/5.0 (compatible; SERankingBacklinksBot/1.0; +https://seranking.com/backlinks-crawler)"
136.243.146.219 - - [08/Jun/2026:20:40:40 -0400] "GET /beautiful-shimla-2-night-3-days/ HTTP/1.1" 200 29054 "-" "Mozilla/5.0 (compatible; SERankingBacklinksBot/1.0; +https://seranking.com/backlinks-crawler)"
162.213.253.84 - - [08/Jun/2026:20:40:43 -0400] "POST /wp-admin/admin-ajax.php?action=async_litespeed&nonce=ZXj627aULDsOSZ6PamUrG84APogq4xpY&litespeed_type=imgoptm HTTP/1.1" 200 0 "-" "WordPress/7.0; https://www.bagpackvacation.com"
136.243.146.219 - - [08/Jun/2026:20:40:49 -0400] "GET /nainital-corbett-special-3-night-4-days/ HTTP/1.1" 200 29039 "-" "Mozilla/5.0 (compatible; SERankingBacklinksBot/1.0; +https://seranking.com/backlinks-crawler)"
136.243.146.219 - - [08/Jun/2026:20:40:53 -0400] "GET /explore-kullu-with-manali-4-nights-5-days/ HTTP/1.1" 200 29227 "-" "Mozilla/5.0 (compatible; SERankingBacklinksBot/1.0; +https://seranking.com/backlinks-crawler)"
136.243.146.219 - - [08/Jun/2026:20:41:00 -0400] "GET /fun-with-family-in-kashmir-5-night-6-days/ HTTP/1.1" 200 30170 "-" "Mozilla/5.0 (compatible; SERankingBacklinksBot/1.0; +https://seranking.com/backlinks-crawler)"
136.243.146.219 - - [08/Jun/2026:20:41:08 -0400] "GET /relaxing-shimla-with-narkanda-3-night-4-days/ HTTP/1.1" 200 29397 "-" "Mozilla/5.0 (compatible; SERankingBacklinksBot/1.0; +https://seranking.com/backlinks-crawler)"
136.243.146.219 - - [08/Jun/2026:20:41:17 -0400] "GET /romantic-sikkim-delight-with-gangtok-darjeeling-pelling/ HTTP/1.1" 200 29761 "-" "Mozilla/5.0 (compatible; SERankingBacklinksBot/1.0; +https://seranking.com/backlinks-crawler)"
20.153.140.50 - - [08/Jun/2026:20:39:31 -0400] "GET /wp-login.php HTTP/1.1" 200 1807 "-" "Mozilla/5.0 (Macintosh; Intel Mac OS X 10_15_7) AppleWebKit/537.36 (KHTML, like Gecko) Chrome/133.0.0.0 Safari/537.36"
136.243.146.219 - - [08/Jun/2026:20:39:31 -0400] "GET /goa-tour-packages/ HTTP/1.1" 200 26570 "-" "Mozilla/5.0 (compatible; SERankingBacklinksBot/1.0; +https://seranking.com/backlinks-crawler)"
162.213.253.84 - - [08/Jun/2026:20:39:32 -0400] "POST /wp-cron.php?doing_wp_cron=1780965572.9480190277099609375000 HTTP/1.1" 200 0 "-" "WordPress/7.0; https://www.bagpackvacation.com"
136.243.146.219 - - [08/Jun/2026:20:39:53 -0400] "GET /manali-tour-packages/ HTTP/1.1" 200 27331 "-" "Mozilla/5.0 (compatible; SERankingBacklinksBot/1.0; +https://seranking.com/backlinks-crawler)"
136.243.146.219 - - [08/Jun/2026:20:40:03 -0400] "GET /malaysia-tour-packages/ HTTP/1.1" 200 28828 "-" "Mozilla/5.0 (compatible; SERankingBacklinksBot/1.0; +https://seranking.com/backlinks-crawler)"
136.243.146.219 - - [08/Jun/2026:20:40:06 -0400] "GET /maldives-tour-packages/ HTTP/1.1" 200 28694 "-" "Mozilla/5.0 (compatible; SERankingBacklinksBot/1.0; +https://seranking.com/backlinks-crawler)"
162.213.253.84 - - [08/Jun/2026:20:40:19 -0400] "POST /wp-cron.php?doing_wp_cron=1780965619.7997028827667236328125 HTTP/1.1" 200 0 "-" "WordPress/7.0; https://www.bagpackvacation.com"
136.243.146.219 - - [08/Jun/2026:20:40:18 -0400] "GET /mauritius-tour-packages/ HTTP/1.1" 200 27260 "-" "Mozilla/5.0 (compatible; SERankingBacklinksBot/1.0; +https://seranking.com/backlinks-crawler)"
136.243.146.219 - - [08/Jun/2026:20:40:25 -0400] "GET /singapore-tour-packages/ HTTP/1.1" 200 28776 "-" "Mozilla/5.0 (compatible; SERankingBacklinksBot/1.0; +https://seranking.com/backlinks-crawler)"
136.243.146.219 - - [08/Jun/2026:20:40:28 -0400] "GET /sri-lanka-tour-packages/ HTTP/1.1" 200 27317 "-" "Mozilla/5.0 (compatible; SERankingBacklinksBot/1.0; +https://seranking.com/backlinks-crawler)"
136.243.146.219 - - [08/Jun/2026:20:40:33 -0400] "GET /north-east-tour-packages/ HTTP/1.1" 200 27308 "-" "Mozilla/5.0 (compatible; SERankingBacklinksBot/1.0; +https://seranking.com/backlinks-crawler)"
162.213.253.84 - - [08/Jun/2026:20:40:42 -0400] "POST /wp-cron.php?doing_wp_cron=1780965642.4146471023559570312500 HTTP/1.1" 200 0 "-" "WordPress/7.0; https://www.bagpackvacation.com"
136.243.146.219 - - [08/Jun/2026:20:40:46 -0400] "GET /honeymoon-wow-andaman-5-nights-6-days/ HTTP/1.1" 200 29520 "-" "Mozilla/5.0 (compatible; SERankingBacklinksBot/1.0; +https://seranking.com/backlinks-crawler)"
162.213.253.84 - - [08/Jun/2026:20:40:55 -0400] "POST /wp-cron.php?doing_wp_cron=1780965655.1815969944000244140625 HTTP/1.1" 200 0 "-" "WordPress/7.0; https://www.bagpackvacation.com"
136.243.146.219 - - [08/Jun/2026:20:41:05 -0400] "GET /terms-conditions-with-cancellation-policy/ HTTP/1.1" 200 28126 "-" "Mozilla/5.0 (compatible; SERankingBacklinksBot/1.0; +https://seranking.com/backlinks-crawler)"
