195.178.110.31 - - [08/Jun/2026:14:11:55 -0400] "GET /.env HTTP/1.1" 404 106502 "-" "Mozilla/5.0 (Windows NT 10.0; Win64; x64) AppleWebKit/537.36"
195.178.110.31 - - [08/Jun/2026:14:11:58 -0400] "GET /.git/config HTTP/1.1" 403 1242 "-" "Mozilla/5.0 (Windows NT 10.0; Win64; x64) AppleWebKit/537.36"
195.178.110.31 - - [08/Jun/2026:14:12:10 -0400] "GET /.env.test HTTP/1.1" 404 106512 "-" "Mozilla/5.0 (Windows NT 10.0; Win64; x64) AppleWebKit/537.36"
195.178.110.31 - - [08/Jun/2026:14:12:12 -0400] "GET /env HTTP/1.1" 404 106500 "-" "Mozilla/5.0 (Windows NT 10.0; Win64; x64) AppleWebKit/537.36"
195.178.110.31 - - [08/Jun/2026:14:12:14 -0400] "GET /.env.example HTTP/1.1" 404 106518 "-" "Mozilla/5.0 (Windows NT 10.0; Win64; x64) AppleWebKit/537.36"
195.178.110.31 - - [08/Jun/2026:14:12:23 -0400] "GET /.env.old HTTP/1.1" 404 106510 "-" "Mozilla/5.0 (Windows NT 10.0; Win64; x64) AppleWebKit/537.36"
195.178.110.31 - - [08/Jun/2026:14:12:28 -0400] "GET /wp-json/gravitysmtp/v1/tests/mock-data?page=gravitysmtp-settings HTTP/1.1" 404 114 "-" "Mozilla/5.0 (Windows NT 10.0; Win64; x64) AppleWebKit/537.36"
195.178.110.31 - - [08/Jun/2026:14:12:30 -0400] "GET /config/.env HTTP/1.1" 404 106516 "-" "Mozilla/5.0 (Windows NT 10.0; Win64; x64) AppleWebKit/537.36"
195.178.110.31 - - [08/Jun/2026:14:12:32 -0400] "GET /app/.env HTTP/1.1" 404 106510 "-" "Mozilla/5.0 (Windows NT 10.0; Win64; x64) AppleWebKit/537.36"
195.178.110.31 - - [08/Jun/2026:14:12:39 -0400] "GET /api/.env HTTP/1.1" 404 106510 "-" "Mozilla/5.0 (Windows NT 10.0; Win64; x64) AppleWebKit/537.36"
195.178.110.31 - - [08/Jun/2026:14:12:44 -0400] "GET /settings.php HTTP/1.1" 404 106518 "-" "Mozilla/5.0 (Windows NT 10.0; Win64; x64) AppleWebKit/537.36"
162.213.253.84 - - [08/Jun/2026:14:12:52 -0400] "POST /wp-cron.php?doing_wp_cron=1780942372.4250259399414062500000 HTTP/1.1" 200 0 "-" "WordPress/7.0; https://www.bagpackvacation.com"
195.178.110.31 - - [08/Jun/2026:14:12:51 -0400] "GET /wp-config.php.backup HTTP/1.1" 404 106534 "-" "Mozilla/5.0 (Windows NT 10.0; Win64; x64) AppleWebKit/537.36"
195.178.110.31 - - [08/Jun/2026:14:12:53 -0400] "GET /wp-config.php.bak HTTP/1.1" 404 106528 "-" "Mozilla/5.0 (Windows NT 10.0; Win64; x64) AppleWebKit/537.36"
195.178.110.31 - - [08/Jun/2026:14:12:55 -0400] "GET /wp-config.php.old HTTP/1.1" 404 106528 "-" "Mozilla/5.0 (Windows NT 10.0; Win64; x64) AppleWebKit/537.36"
195.178.110.31 - - [08/Jun/2026:14:13:00 -0400] "GET /wp-config.php.swp HTTP/1.1" 404 106528 "-" "Mozilla/5.0 (Windows NT 10.0; Win64; x64) AppleWebKit/537.36"
195.178.110.31 - - [08/Jun/2026:14:13:02 -0400] "GET /wp-config.php.txt HTTP/1.1" 404 106528 "-" "Mozilla/5.0 (Windows NT 10.0; Win64; x64) AppleWebKit/537.36"
195.178.110.31 - - [08/Jun/2026:14:13:09 -0400] "GET /application.yml HTTP/1.1" 404 106524 "-" "Mozilla/5.0 (Windows NT 10.0; Win64; x64) AppleWebKit/537.36"
195.178.110.31 - - [08/Jun/2026:14:13:14 -0400] "GET /application.properties HTTP/1.1" 404 106538 "-" "Mozilla/5.0 (Windows NT 10.0; Win64; x64) AppleWebKit/537.36"
195.178.110.31 - - [08/Jun/2026:14:13:27 -0400] "GET /appsettings.json HTTP/1.1" 404 106526 "-" "Mozilla/5.0 (Windows NT 10.0; Win64; x64) AppleWebKit/537.36"
162.213.253.84 - - [08/Jun/2026:14:13:31 -0400] "POST /wp-cron.php?doing_wp_cron=1780942411.3371629714965820312500 HTTP/1.1" 200 0 "-" "WordPress/7.0; https://www.bagpackvacation.com"
195.178.110.31 - - [08/Jun/2026:14:13:30 -0400] "GET /appsettings.Development.json HTTP/1.1" 404 106550 "-" "Mozilla/5.0 (Windows NT 10.0; Win64; x64) AppleWebKit/537.36"
195.178.110.31 - - [08/Jun/2026:14:13:34 -0400] "GET /local.settings.json HTTP/1.1" 404 106532 "-" "Mozilla/5.0 (Windows NT 10.0; Win64; x64) AppleWebKit/537.36"
195.178.110.31 - - [08/Jun/2026:14:13:36 -0400] "GET /web.config HTTP/1.1" 404 106514 "-" "Mozilla/5.0 (Windows NT 10.0; Win64; x64) AppleWebKit/537.36"
195.178.110.31 - - [08/Jun/2026:14:13:38 -0400] "GET /settings.py HTTP/1.1" 404 106516 "-" "Mozilla/5.0 (Windows NT 10.0; Win64; x64) AppleWebKit/537.36"
195.178.110.31 - - [08/Jun/2026:14:13:40 -0400] "GET /local_settings.py HTTP/1.1" 404 106528 "-" "Mozilla/5.0 (Windows NT 10.0; Win64; x64) AppleWebKit/537.36"
195.178.110.31 - - [08/Jun/2026:14:13:43 -0400] "GET /settings/production.py HTTP/1.1" 404 106538 "-" "Mozilla/5.0 (Windows NT 10.0; Win64; x64) AppleWebKit/537.36"
195.178.110.31 - - [08/Jun/2026:14:13:47 -0400] "GET /config/secrets.yml HTTP/1.1" 404 106530 "-" "Mozilla/5.0 (Windows NT 10.0; Win64; x64) AppleWebKit/537.36"
195.178.110.31 - - [08/Jun/2026:14:13:49 -0400] "GET /config/application.yml HTTP/1.1" 404 106538 "-" "Mozilla/5.0 (Windows NT 10.0; Win64; x64) AppleWebKit/537.36"
195.178.110.31 - - [08/Jun/2026:14:13:51 -0400] "GET /config.json HTTP/1.1" 404 106516 "-" "Mozilla/5.0 (Windows NT 10.0; Win64; x64) AppleWebKit/537.36"
162.213.253.84 - - [08/Jun/2026:14:13:55 -0400] "POST /wp-cron.php?doing_wp_cron=1780942435.2346909046173095703125 HTTP/1.1" 200 0 "-" "WordPress/7.0; https://www.bagpackvacation.com"
195.178.110.31 - - [08/Jun/2026:14:13:54 -0400] "GET /config/production.json HTTP/1.1" 404 106538 "-" "Mozilla/5.0 (Windows NT 10.0; Win64; x64) AppleWebKit/537.36"
195.178.110.31 - - [08/Jun/2026:14:13:58 -0400] "GET /logs/error.log HTTP/1.1" 404 106522 "-" "Mozilla/5.0 (Windows NT 10.0; Win64; x64) AppleWebKit/537.36"
195.178.110.31 - - [08/Jun/2026:14:14:00 -0400] "GET /logs/application.log HTTP/1.1" 404 106534 "-" "Mozilla/5.0 (Windows NT 10.0; Win64; x64) AppleWebKit/537.36"
195.178.110.31 - - [08/Jun/2026:14:14:03 -0400] "GET /storage/logs/laravel.log HTTP/1.1" 404 106542 "-" "Mozilla/5.0 (Windows NT 10.0; Win64; x64) AppleWebKit/537.36"
195.178.110.31 - - [08/Jun/2026:14:14:05 -0400] "GET /var/log/app.log HTTP/1.1" 404 106524 "-" "Mozilla/5.0 (Windows NT 10.0; Win64; x64) AppleWebKit/537.36"
195.178.110.31 - - [08/Jun/2026:14:14:08 -0400] "GET /database.sql HTTP/1.1" 404 106518 "-" "Mozilla/5.0 (Windows NT 10.0; Win64; x64) AppleWebKit/537.36"
195.178.110.31 - - [08/Jun/2026:14:14:10 -0400] "GET /dump.sql HTTP/1.1" 404 106510 "-" "Mozilla/5.0 (Windows NT 10.0; Win64; x64) AppleWebKit/537.36"
195.178.110.31 - - [08/Jun/2026:14:14:15 -0400] "GET /db.sql HTTP/1.1" 404 106506 "-" "Mozilla/5.0 (Windows NT 10.0; Win64; x64) AppleWebKit/537.36"
195.178.110.31 - - [08/Jun/2026:14:14:20 -0400] "GET /.npmrc HTTP/1.1" 404 106506 "-" "Mozilla/5.0 (Windows NT 10.0; Win64; x64) AppleWebKit/537.36"
195.178.110.31 - - [08/Jun/2026:14:14:22 -0400] "GET /.yarnrc.yml HTTP/1.1" 404 106516 "-" "Mozilla/5.0 (Windows NT 10.0; Win64; x64) AppleWebKit/537.36"
162.213.253.84 - - [08/Jun/2026:14:14:30 -0400] "POST /wp-cron.php?doing_wp_cron=1780942470.4257690906524658203125 HTTP/1.1" 200 0 "-" "WordPress/7.0; https://www.bagpackvacation.com"
162.213.253.84 - - [08/Jun/2026:14:14:31 -0400] "POST /wp-admin/admin-ajax.php?action=async_litespeed&nonce=d2VAHjUtxWsSfMsLZNbTiqUmH24fsUjD&litespeed_type=imgoptm HTTP/1.1" 200 0 "-" "WordPress/7.0; https://www.bagpackvacation.com"
195.178.110.31 - - [08/Jun/2026:14:12:58 -0400] "GET /wp-config.php.save HTTP/1.1" 404 106530 "-" "Mozilla/5.0 (Windows NT 10.0; Win64; x64) AppleWebKit/537.36"
195.178.110.31 - - [08/Jun/2026:14:13:04 -0400] "GET /config.yml HTTP/1.1" 404 106514 "-" "Mozilla/5.0 (Windows NT 10.0; Win64; x64) AppleWebKit/537.36"
195.178.110.31 - - [08/Jun/2026:14:13:07 -0400] "GET /config.yaml HTTP/1.1" 404 106516 "-" "Mozilla/5.0 (Windows NT 10.0; Win64; x64) AppleWebKit/537.36"
195.178.110.31 - - [08/Jun/2026:14:13:12 -0400] "GET /application.yaml HTTP/1.1" 404 106526 "-" "Mozilla/5.0 (Windows NT 10.0; Win64; x64) AppleWebKit/537.36"
195.178.110.31 - - [08/Jun/2026:14:13:16 -0400] "GET /application-production.properties HTTP/1.1" 404 106560 "-" "Mozilla/5.0 (Windows NT 10.0; Win64; x64) AppleWebKit/537.36"
195.178.110.31 - - [08/Jun/2026:14:13:18 -0400] "GET /docker-compose.yml HTTP/1.1" 404 106530 "-" "Mozilla/5.0 (Windows NT 10.0; Win64; x64) AppleWebKit/537.36"
195.178.110.31 - - [08/Jun/2026:14:13:21 -0400] "GET /docker-compose.yaml HTTP/1.1" 404 106532 "-" "Mozilla/5.0 (Windows NT 10.0; Win64; x64) AppleWebKit/537.36"
195.178.110.31 - - [08/Jun/2026:14:13:23 -0400] "GET /.docker.env HTTP/1.1" 404 106516 "-" "Mozilla/5.0 (Windows NT 10.0; Win64; x64) AppleWebKit/537.36"
195.178.110.31 - - [08/Jun/2026:14:13:25 -0400] "GET /Dockerfile HTTP/1.1" 404 106514 "-" "Mozilla/5.0 (Windows NT 10.0; Win64; x64) AppleWebKit/537.36"
162.213.253.84 - - [08/Jun/2026:14:13:32 -0400] "POST /wp-admin/admin-ajax.php?action=async_litespeed&nonce=pzHPRAou0AdDpWk1XKHYbPfr9aRpk72h&litespeed_type=imgoptm HTTP/1.1" 200 0 "-" "WordPress/7.0; https://www.bagpackvacation.com"
195.178.110.31 - - [08/Jun/2026:14:13:32 -0400] "GET /appsettings.Production.json HTTP/1.1" 404 106548 "-" "Mozilla/5.0 (Windows NT 10.0; Win64; x64) AppleWebKit/537.36"
195.178.110.31 - - [08/Jun/2026:14:13:45 -0400] "GET /config/database.yml HTTP/1.1" 404 106532 "-" "Mozilla/5.0 (Windows NT 10.0; Win64; x64) AppleWebKit/537.36"
162.213.253.84 - - [08/Jun/2026:14:13:52 -0400] "POST /wp-cron.php?doing_wp_cron=1780942432.9000859260559082031250 HTTP/1.1" 200 0 "-" "WordPress/7.0; https://www.bagpackvacation.com"
195.178.110.31 - - [08/Jun/2026:14:13:56 -0400] "GET /config/development.json HTTP/1.1" 404 106540 "-" "Mozilla/5.0 (Windows NT 10.0; Win64; x64) AppleWebKit/537.36"
195.178.110.31 - - [08/Jun/2026:14:14:12 -0400] "GET /backup.sql HTTP/1.1" 404 106514 "-" "Mozilla/5.0 (Windows NT 10.0; Win64; x64) AppleWebKit/537.36"
195.178.110.31 - - [08/Jun/2026:14:14:17 -0400] "GET /.git-credentials HTTP/1.1" 404 106526 "-" "Mozilla/5.0 (Windows NT 10.0; Win64; x64) AppleWebKit/537.36"
195.178.110.31 - - [08/Jun/2026:14:14:24 -0400] "GET /.yarnrc HTTP/1.1" 404 106508 "-" "Mozilla/5.0 (Windows NT 10.0; Win64; x64) AppleWebKit/537.36"
195.178.110.31 - - [08/Jun/2026:14:14:27 -0400] "GET /composer.json HTTP/1.1" 404 106520 "-" "Mozilla/5.0 (Windows NT 10.0; Win64; x64) AppleWebKit/537.36"
195.178.110.31 - - [08/Jun/2026:14:14:29 -0400] "GET /.pypirc HTTP/1.1" 404 106508 "-" "Mozilla/5.0 (Windows NT 10.0; Win64; x64) AppleWebKit/537.36"
195.178.110.31 - - [08/Jun/2026:14:14:38 -0400] "GET /Jenkinsfile HTTP/1.1" 404 106516 "-" "Mozilla/5.0 (Windows NT 10.0; Win64; x64) AppleWebKit/537.36"
195.178.110.31 - - [08/Jun/2026:14:14:40 -0400] "GET /.gitlab-ci.yml HTTP/1.1" 404 106522 "-" "Mozilla/5.0 (Windows NT 10.0; Win64; x64) AppleWebKit/537.36"
162.213.253.84 - - [08/Jun/2026:14:14:51 -0400] "POST /wp-cron.php?doing_wp_cron=1780942491.0443880558013916015625 HTTP/1.1" 200 0 "-" "WordPress/7.0; https://www.bagpackvacation.com"
195.178.110.31 - - [08/Jun/2026:14:14:49 -0400] "GET /firebase.json HTTP/1.1" 404 106520 "-" "Mozilla/5.0 (Windows NT 10.0; Win64; x64) AppleWebKit/537.36"
195.178.110.31 - - [08/Jun/2026:14:14:54 -0400] "GET /.firebase/hosting.json HTTP/1.1" 404 106538 "-" "Mozilla/5.0 (Windows NT 10.0; Win64; x64) AppleWebKit/537.36"
195.178.110.31 - - [08/Jun/2026:14:14:31 -0400] "GET /.vscode/settings.json HTTP/1.1" 404 106536 "-" "Mozilla/5.0 (Windows NT 10.0; Win64; x64) AppleWebKit/537.36"
195.178.110.31 - - [08/Jun/2026:14:14:33 -0400] "GET /.idea/workspace.xml HTTP/1.1" 404 106532 "-" "Mozilla/5.0 (Windows NT 10.0; Win64; x64) AppleWebKit/537.36"
195.178.110.31 - - [08/Jun/2026:14:14:36 -0400] "GET /.github/workflows/main.yml HTTP/1.1" 404 106546 "-" "Mozilla/5.0 (Windows NT 10.0; Win64; x64) AppleWebKit/537.36"
195.178.110.31 - - [08/Jun/2026:14:14:42 -0400] "GET /next.config.js HTTP/1.1" 404 106522 "-" "Mozilla/5.0 (Windows NT 10.0; Win64; x64) AppleWebKit/537.36"
195.178.110.31 - - [08/Jun/2026:14:14:45 -0400] "GET /nuxt.config.js HTTP/1.1" 404 106522 "-" "Mozilla/5.0 (Windows NT 10.0; Win64; x64) AppleWebKit/537.36"
195.178.110.31 - - [08/Jun/2026:14:14:47 -0400] "GET /vite.config.js HTTP/1.1" 404 106522 "-" "Mozilla/5.0 (Windows NT 10.0; Win64; x64) AppleWebKit/537.36"
195.178.110.31 - - [08/Jun/2026:14:14:52 -0400] "GET /amplify.yml HTTP/1.1" 404 106516 "-" "Mozilla/5.0 (Windows NT 10.0; Win64; x64) AppleWebKit/537.36"
162.213.253.84 - - [08/Jun/2026:14:14:56 -0400] "POST /wp-cron.php?doing_wp_cron=1780942496.2525069713592529296875 HTTP/1.1" 200 0 "-" "WordPress/7.0; https://www.bagpackvacation.com"
162.213.253.84 - - [08/Jun/2026:14:17:48 -0400] "POST /wp-admin/admin-ajax.php?action=async_litespeed&nonce=rWiND7PMrZeoQf0B1Jciq3JZ1day5pRc&litespeed_type=imgoptm HTTP/1.1" 200 21 "-" "WordPress/7.0; https://www.bagpackvacation.com"
43.163.85.226 - - [08/Jun/2026:14:17:48 -0400] "GET / HTTP/1.1" 200 40166 "http://www.bagpackvacation.com" "Mozilla/5.0 (iPhone; CPU iPhone OS 13_2_3 like Mac OS X) AppleWebKit/605.1.15 (KHTML, like Gecko) Version/13.0.3 Mobile/15E148 Safari/604.1"
209.42.19.17 - - [08/Jun/2026:14:23:50 -0400] "GET /wp-login.php HTTP/1.1" 301 795 "-" "Mozilla/5.0 (X11; Fedora; Linux x86_64) AppleWebKit/537.36 (KHTML, like Gecko) Chrome/133.0.0.0 Safari/537.36"
209.42.19.17 - - [08/Jun/2026:14:24:00 -0400] "POST /wp-login.php HTTP/1.1" 301 795 "https://bagpackvacation.com/wp-login.php" "Mozilla/5.0 (X11; Fedora; Linux x86_64) AppleWebKit/537.36 (KHTML, like Gecko) Chrome/133.0.0.0 Safari/537.36"
209.42.19.17 - - [08/Jun/2026:14:24:02 -0400] "GET /wp-login.php HTTP/1.1" 200 1807 "https://bagpackvacation.com/wp-login.php" "Mozilla/5.0 (X11; Fedora; Linux x86_64) AppleWebKit/537.36 (KHTML, like Gecko) Chrome/133.0.0.0 Safari/537.36"
45.117.169.86 - admin [08/Jun/2026:14:25:31 -0400] "GET /wp-json/wp/v2/users/me HTTP/1.1" 301 795 "-" "Mozilla/5.0 (X11; Ubuntu; Linux x86_64; rv:133.0) Gecko/20100101 Firefox/133.0"
162.213.253.84 - - [08/Jun/2026:14:25:37 -0400] "POST /wp-admin/admin-ajax.php?action=async_litespeed&nonce=myjphXAWRM6DlW9ZTxA7Q2vqhDBaRm9N&litespeed_type=imgoptm HTTP/1.1" 200 21 "-" "WordPress/7.0; https://www.bagpackvacation.com"
136.243.146.219 - - [08/Jun/2026:14:27:35 -0400] "GET /robots.txt HTTP/1.1" 200 129 "-" "Mozilla/5.0 (compatible; SERankingBacklinksBot/1.0; +https://seranking.com/backlinks-crawler)"
136.243.146.219 - - [08/Jun/2026:14:27:38 -0400] "GET /sitemap.xml HTTP/1.1" 301 0 "-" "Mozilla/5.0 (compatible; SERankingBacklinksBot/1.0; +https://seranking.com/backlinks-crawler)"
162.213.253.84 - - [08/Jun/2026:14:27:40 -0400] "POST /wp-cron.php?doing_wp_cron=1780943260.8070569038391113281250 HTTP/1.1" 200 0 "-" "WordPress/7.0; https://www.bagpackvacation.com"
136.243.146.219 - - [08/Jun/2026:14:27:39 -0400] "GET /wp-sitemap.xml HTTP/1.1" 404 22150 "-" "Mozilla/5.0 (compatible; SERankingBacklinksBot/1.0; +https://seranking.com/backlinks-crawler)"
209.42.19.17 - - [08/Jun/2026:14:23:57 -0400] "GET /wp-login.php HTTP/1.1" 200 1807 "https://bagpackvacation.com/wp-login.php" "Mozilla/5.0 (X11; Fedora; Linux x86_64) AppleWebKit/537.36 (KHTML, like Gecko) Chrome/133.0.0.0 Safari/537.36"
45.117.169.86 - - [08/Jun/2026:14:25:17 -0400] "GET /wp-login.php HTTP/1.1" 301 795 "-" "Mozilla/5.0 (X11; Ubuntu; Linux x86_64; rv:133.0) Gecko/20100101 Firefox/133.0"
162.213.253.84 - - [08/Jun/2026:14:25:36 -0400] "POST /wp-cron.php?doing_wp_cron=1780943136.1859760284423828125000 HTTP/1.1" 200 0 "-" "WordPress/7.0; https://www.bagpackvacation.com"
45.117.169.86 - - [08/Jun/2026:14:25:35 -0400] "GET /wp-json/wp/v2/users/me HTTP/1.1" 401 96 "https://mail.bagpackvacation.com/wp-json/wp/v2/users/me" "Mozilla/5.0 (X11; Ubuntu; Linux x86_64; rv:133.0) Gecko/20100101 Firefox/133.0"
136.243.146.219 - - [08/Jun/2026:14:27:37 -0400] "GET /robots.txt HTTP/1.1" 200 129 "-" "Mozilla/5.0 (compatible; SERankingBacklinksBot/1.0; +https://seranking.com/backlinks-crawler)"
162.213.253.84 - - [08/Jun/2026:14:27:41 -0400] "POST /wp-admin/admin-ajax.php?action=async_litespeed&nonce=rEW7GcXgqhtZtkBedqDNnsXK0bp7HrQn&litespeed_type=imgoptm HTTP/1.1" 200 21 "-" "WordPress/7.0; https://www.bagpackvacation.com"
34.42.34.237 - - [08/Jun/2026:14:28:26 -0400] "POST / HTTP/1.1" 301 795 "https://bagpackvacation.com/" "Mozilla/5.0 (Windows NT 10.0; Win64; x64) AppleWebKit/537.36 (KHTML, like Gecko) Chrome/145.0.0.0 Safari/537.36"
34.42.34.237 - - [08/Jun/2026:14:28:26 -0400] "GET / HTTP/1.1" 200 34008 "https://bagpackvacation.com/" "Mozilla/5.0 (Windows NT 10.0; Win64; x64) AppleWebKit/537.36 (KHTML, like Gecko) Chrome/145.0.0.0 Safari/537.36"
162.213.253.84 - - [08/Jun/2026:14:31:41 -0400] "POST /wp-admin/admin-ajax.php?action=async_litespeed&nonce=aBmgA1luRek7JQFkZflwSjhlNXQjhJEZ&litespeed_type=imgoptm HTTP/1.1" 200 21 "-" "WordPress/7.0; https://www.bagpackvacation.com"
192.34.63.46 - - [08/Jun/2026:14:34:47 -0400] "GET /.env HTTP/1.1" 404 19515 "-" "Mozilla/5.0 (Macintosh; Intel Mac OS X 10_15_7) AppleWebKit/605.1.15 (KHTML, like Gecko) Version/18.0 Safari/605.1.15"
205.185.122.174 - - [08/Jun/2026:14:36:38 -0400] "GET /wp-login.php HTTP/1.1" 200 5935 "-" "Mozilla/5.0 (X11; Ubuntu; Linux x86_64; rv:31.0) Gecko/20100101 Firefox/31.0"
205.185.122.174 - - [08/Jun/2026:14:36:39 -0400] "POST /wp-login.php HTTP/1.1" 301 795 "-" "Mozilla/5.0 (X11; Ubuntu; Linux x86_64; rv:31.0) Gecko/20100101 Firefox/31.0"
205.185.122.174 - - [08/Jun/2026:14:36:39 -0400] "GET /wp-login.php HTTP/1.1" 200 5935 "-" "Mozilla/5.0 (X11; Ubuntu; Linux x86_64; rv:31.0) Gecko/20100101 Firefox/31.0"
162.213.253.84 - - [08/Jun/2026:14:36:40 -0400] "POST /wp-cron.php?doing_wp_cron=1780943800.6914219856262207031250 HTTP/1.1" 200 0 "-" "WordPress/7.0; https://www.bagpackvacation.com"
205.185.122.174 - - [08/Jun/2026:14:36:40 -0400] "GET /wp-login.php?redirect_to=https%3A%2F%2Fwww.bagpackvacation.com%2Fwp-admin%2Fthemes.php&reauth=1 HTTP/1.1" 200 2047 "-" "python-requests/2.34.2"
192.34.63.46 - - [08/Jun/2026:14:34:47 -0400] "GET /.env HTTP/1.1" 301 795 "-" "Mozilla/5.0 (Macintosh; Intel Mac OS X 10_15_7) AppleWebKit/605.1.15 (KHTML, like Gecko) Version/18.0 Safari/605.1.15"
205.185.122.174 - - [08/Jun/2026:14:36:33 -0400] "GET /wp-login.php HTTP/1.1" 301 795 "-" "Mozilla/5.0 (X11; Ubuntu; Linux x86_64; rv:31.0) Gecko/20100101 Firefox/31.0"
205.185.122.174 - - [08/Jun/2026:14:36:39 -0400] "GET /wp-admin/themes.php HTTP/1.1" 301 795 "-" "python-requests/2.34.2"
205.185.122.174 - - [08/Jun/2026:14:36:39 -0400] "GET /wp-admin/themes.php HTTP/1.1" 302 0 "-" "python-requests/2.34.2"
205.185.122.174 - - [08/Jun/2026:14:36:41 -0400] "GET /wp-admin/plugin-install.php?tab=upload HTTP/1.1" 301 795 "-" "python-requests/2.34.2"
162.213.253.84 - - [08/Jun/2026:14:36:41 -0400] "POST /wp-admin/admin-ajax.php?action=async_litespeed&nonce=M1uHZONMFvzjK3QaInvqPzyZpld6J9Z9&litespeed_type=imgoptm HTTP/1.1" 200 21 "-" "WordPress/7.0; https://www.bagpackvacation.com"
205.185.122.174 - - [08/Jun/2026:14:36:41 -0400] "GET /wp-admin/plugin-install.php?tab=upload HTTP/1.1" 302 0 "-" "python-requests/2.34.2"
205.185.122.174 - - [08/Jun/2026:14:36:42 -0400] "GET /wp-login.php?redirect_to=https%3A%2F%2Fwww.bagpackvacation.com%2Fwp-admin%2Fplugin-install.php%3Ftab%3Dupload&reauth=1 HTTP/1.1" 200 2054 "-" "python-requests/2.34.2"
176.65.148.139 - - [08/Jun/2026:14:44:42 -0400] "GET /wp-json/gravitysmtp/v1/tests/mock-data?page=gravitysmtp-settings HTTP/1.1" 404 114 "-" "Mozilla/5.0 (compatible; SecurityResearch/1.0; )"
176.65.148.139 - - [08/Jun/2026:14:44:42 -0400] "GET /wp-json/ HTTP/1.1" 200 1535292 "-" "Mozilla/5.0 (compatible; SecurityResearch/1.0; )"
162.213.253.84 - - [08/Jun/2026:14:44:46 -0400] "POST /wp-admin/admin-ajax.php?action=async_litespeed&nonce=6om9kv7Cc6aFzRcmFBQPNeuxxTdwOkC8&litespeed_type=imgoptm HTTP/1.1" 200 21 "-" "WordPress/7.0; https://www.bagpackvacation.com"
2.56.111.20 - - [08/Jun/2026:14:52:27 -0400] "GET /wp-login.php HTTP/1.1" 301 795 "-" "Mozilla/5.0 (Windows NT 10.0; Win64; x64) AppleWebKit/537.36 (KHTML, like Gecko) Chrome/120.0.0.0 Safari/537.36"
2.56.111.20 - - [08/Jun/2026:14:52:28 -0400] "GET /wp-login.php HTTP/1.1" 200 1807 "-" "Mozilla/5.0 (Windows NT 10.0; Win64; x64) AppleWebKit/537.36 (KHTML, like Gecko) Chrome/120.0.0.0 Safari/537.36"
114.119.152.5 - - [08/Jun/2026:14:54:55 -0400] "GET /kashmir HTTP/1.1" 301 0 "https://www.bagpackvacation.com/fun-with-family-in-goa" "Mozilla/5.0 (Linux; Android 7.0;) AppleWebKit/537.36 (HTML, like Gecko) Mobile Safari/537.36 (compatible; PetalBot;+https://webmaster.petalsearch.com/site/petalbot)"
54.195.171.216 - - [08/Jun/2026:14:57:07 -0400] "GET / HTTP/1.0" 200 254301 "-" "Mozilla/5.0 (compatible; NetcraftSurveyAgent/1.0; [email protected])"
2.56.111.20 - - [08/Jun/2026:14:52:27 -0400] "GET /wp-login.php HTTP/1.1" 200 1807 "https://bagpackvacation.com/wp-login.php" "Mozilla/5.0 (Windows NT 10.0; Win64; x64) AppleWebKit/537.36 (KHTML, like Gecko) Chrome/120.0.0.0 Safari/537.36"
162.213.253.84 - - [08/Jun/2026:14:52:29 -0400] "POST /wp-cron.php?doing_wp_cron=1780944749.6583540439605712890625 HTTP/1.1" 200 0 "-" "WordPress/7.0; https://www.bagpackvacation.com"
2.56.111.20 - - [08/Jun/2026:14:52:28 -0400] "POST /wp-login.php HTTP/1.1" 200 1905 "https://www.bagpackvacation.com/wp-login.php" "Mozilla/5.0 (Windows NT 10.0; Win64; x64) AppleWebKit/537.36 (KHTML, like Gecko) Chrome/120.0.0.0 Safari/537.36"
162.213.253.84 - - [08/Jun/2026:14:52:30 -0400] "POST /wp-admin/admin-ajax.php?action=async_litespeed&nonce=PJoa2pifYe0SLs1Ist9IDiGMl7RtnQcv&litespeed_type=imgoptm HTTP/1.1" 200 0 "-" "WordPress/7.0; https://www.bagpackvacation.com"
162.213.253.84 - - [08/Jun/2026:14:54:56 -0400] "POST /wp-cron.php?doing_wp_cron=1780944896.9057691097259521484375 HTTP/1.1" 200 0 "-" "WordPress/7.0; https://www.bagpackvacation.com"
114.119.152.5 - - [08/Jun/2026:14:54:57 -0400] "GET /kashmir/ HTTP/1.1" 200 24012 "https://www.bagpackvacation.com/fun-with-family-in-goa" "Mozilla/5.0 (Linux; Android 7.0;) AppleWebKit/537.36 (HTML, like Gecko) Mobile Safari/537.36 (compatible; PetalBot;+https://webmaster.petalsearch.com/site/petalbot)"
162.213.253.84 - - [08/Jun/2026:14:54:57 -0400] "POST /wp-admin/admin-ajax.php?action=async_litespeed&nonce=QHG2S67oRsJzsaR0syuNGLU8Y8dF6QFy&litespeed_type=imgoptm HTTP/1.1" 200 0 "-" "WordPress/7.0; https://www.bagpackvacation.com"
162.213.253.84 - - [08/Jun/2026:15:12:43 -0400] "POST /wp-cron.php?doing_wp_cron=1780945963.7291610240936279296875 HTTP/1.1" 200 0 "-" "WordPress/7.0; https://www.bagpackvacation.com"
64.89.161.160 - - [08/Jun/2026:15:12:42 -0400] "GET /bitrix/js/main/jquery/jquery-1.12.4.min.js.php HTTP/1.1" 404 106586 "-" "ALittle Client"
176.65.139.235 - - [08/Jun/2026:15:15:35 -0400] "GET / HTTP/1.1" 301 795 "-" "Mozilla/5.0 (Windows NT 10.0; Win64; x64) AppleWebKit/537.36 (KHTML, like Gecko) Chrome/147.0.0.0 Safari/537.36"
176.65.139.233 - - [08/Jun/2026:15:15:36 -0400] "GET / HTTP/1.1" 200 254301 "-" "Mozilla/5.0 (Windows NT 10.0; Win64; x64) AppleWebKit/537.36 (KHTML, like Gecko) Chrome/147.0.0.0 Safari/537.36"
162.213.253.84 - - [08/Jun/2026:15:12:44 -0400] "POST /wp-admin/admin-ajax.php?action=async_litespeed&nonce=D6A2sIWwZuq2oFN78DhT4A0cWLa0Ouqh&litespeed_type=imgoptm HTTP/1.1" 200 21 "-" "WordPress/7.0; https://www.bagpackvacation.com"
111.225.148.238 - - [08/Jun/2026:15:23:08 -0400] "GET /robots.txt HTTP/1.1" 200 129 "-" "Mozilla/5.0 (Linux; Android 5.0) AppleWebKit/537.36 (KHTML, like Gecko) Mobile Safari/537.36 (compatible; Bytespider; https://zhanzhang.toutiao.com/)"
35.252.214.71 - - [08/Jun/2026:15:18:36 -0400] "GET /wp-content/uploads/2023/02/IMG_5816.jpg HTTP/1.1" 200 117929 "-" "Mozilla/5.0 (X11; Linux x86_64) AppleWebKit/537.36 (KHTML, like Gecko) Chrome/91.0.4472.114 Safari/537.36"
192.34.63.46 - - [08/Jun/2026:15:36:41 -0400] "GET /.env HTTP/1.1" 301 795 "-" "Mozilla/5.0 (Macintosh; Intel Mac OS X 10.15; rv:135.0) Gecko/20100101 Firefox/144.0"
192.34.63.46 - - [08/Jun/2026:15:36:41 -0400] "GET /.env HTTP/1.1" 404 19522 "-" "Mozilla/5.0 (Macintosh; Intel Mac OS X 10.15; rv:135.0) Gecko/20100101 Firefox/144.0"
162.213.253.84 - - [08/Jun/2026:15:36:43 -0400] "POST /wp-admin/admin-ajax.php?action=async_litespeed&nonce=Zq6hxl5dbAQ5lYnLKaA2aVg9RUohq9Z6&litespeed_type=imgoptm HTTP/1.1" 200 21 "-" "WordPress/7.0; https://www.bagpackvacation.com"
162.213.253.84 - - [08/Jun/2026:15:36:42 -0400] "POST /wp-cron.php?doing_wp_cron=1780947402.6956310272216796875000 HTTP/1.1" 200 0 "-" "WordPress/7.0; https://www.bagpackvacation.com"
162.213.253.84 - - [08/Jun/2026:15:38:42 -0400] "POST /wp-admin/admin-ajax.php?action=async_litespeed&nonce=aN76ZQoufPvi2UdO8VhuM2f7eH50PYQP&litespeed_type=imgoptm HTTP/1.1" 200 21 "-" "WordPress/7.0; https://www.bagpackvacation.com"
3.255.215.148 - - [08/Jun/2026:15:38:43 -0400] "GET / HTTP/1.0" 200 254301 "-" "Mozilla/5.0 (compatible; NetcraftSurveyAgent/1.0; [email protected])"
51.89.39.36 - - [08/Jun/2026:15:48:50 -0400] "GET /wp-content/plugins/hippoo/assets/css/owl.theme.default.min.css HTTP/1.1" 301 795 "-" "Mozilla/5.0 (Macintosh; Intel Mac OS X 10_15_7) AppleWebKit/537.36 (KHTML, like Gecko) Chrome/148.0.0.0 Safari/537.36"
162.213.253.84 - - [08/Jun/2026:15:48:52 -0400] "POST /wp-cron.php?doing_wp_cron=1780948132.1100339889526367187500 HTTP/1.1" 200 0 "-" "WordPress/7.0; https://www.bagpackvacation.com"
162.213.253.84 - - [08/Jun/2026:15:48:52 -0400] "POST /wp-admin/admin-ajax.php?action=async_litespeed&nonce=ANd3Vu9HPiqRE5gyoseaHay8uZGV21PK&litespeed_type=imgoptm HTTP/1.1" 200 21 "-" "WordPress/7.0; https://www.bagpackvacation.com"
51.89.39.36 - - [08/Jun/2026:15:48:59 -0400] "GET /?wmo_hc=k7Hx9mQp2wRt HTTP/1.1" 301 795 "-" "Mozilla/5.0 (Windows NT 10.0; Win64; x64) AppleWebKit/537.36 (KHTML, like Gecko) Chrome/148.0.0.0 Safari/537.36"
51.89.39.36 - - [08/Jun/2026:15:49:00 -0400] "GET /blog-verify HTTP/1.1" 301 795 "-" "Mozilla/5.0 (Windows NT 10.0; Win64; x64; rv:150.0) Gecko/20100101 Firefox/150.0"
2.57.122.173 - - [08/Jun/2026:15:56:44 -0400] "GET /js/bundle.js.map HTTP/1.1" 301 795 "-" "Mozilla/5.0 (Windows NT 10.0; Win64; x64) AppleWebKit/537.36 (KHTML, like Gecko) Chrome/129.0.0.0 Safari/537.36"
2.57.122.173 - - [08/Jun/2026:15:56:44 -0400] "GET /js/main.js.map HTTP/1.1" 301 795 "https://github.com/" "Mozilla/5.0 (Windows NT 10.0; Win64; x64) AppleWebKit/537.36 (KHTML, like Gecko) Chrome/130.0.0.0 Safari/537.36"
2.57.122.173 - - [08/Jun/2026:15:56:46 -0400] "GET /main.js.map HTTP/1.1" 301 795 "-" "Mozilla/5.0 (Macintosh; Intel Mac OS X 10_15_7) AppleWebKit/605.1.15 (KHTML, like Gecko) Version/18.2 Safari/605.1.15"
2.57.122.173 - - [08/Jun/2026:15:56:48 -0400] "GET /static/js/bundle.js.map HTTP/1.1" 301 795 "-" "Mozilla/5.0 (Linux; Android 15; Pixel 9) AppleWebKit/537.36 (KHTML, like Gecko) Chrome/132.0.0.0 Mobile Safari/537.36"
2.57.122.173 - - [08/Jun/2026:15:56:51 -0400] "GET /static/js/main.chunk.js.map HTTP/1.1" 301 795 "https://www.bing.com/" "Mozilla/5.0 (Macintosh; Intel Mac OS X 10_15_7) AppleWebKit/537.36 (KHTML, like Gecko) Chrome/132.0.0.0 Safari/537.36"
136.117.10.41 - - [08/Jun/2026:15:56:58 -0400] "GET /wp-content/uploads/2023/01/backpacker-couple-travel-adventure-happiness-conce-2022-09-16-07-18-27-utc.jpg HTTP/1.1" 200 188571 "-" "Mozilla/5.0 (X11; Linux x86_64) AppleWebKit/537.36 (KHTML, like Gecko) Chrome/91.0.4472.114 Safari/537.36"
136.243.146.219 - - [08/Jun/2026:15:59:06 -0400] "GET /robots.txt HTTP/1.1" 200 129 "-" "Mozilla/5.0 (compatible; SERankingBacklinksBot/1.0; +https://seranking.com/backlinks-crawler)"
136.243.146.219 - - [08/Jun/2026:15:59:06 -0400] "GET /sitemap.xml HTTP/1.1" 301 795 "-" "Mozilla/5.0 (compatible; SERankingBacklinksBot/1.0; +https://seranking.com/backlinks-crawler)"
136.243.146.219 - - [08/Jun/2026:15:59:07 -0400] "GET /sitemap.xml HTTP/1.1" 301 0 "-" "Mozilla/5.0 (compatible; SERankingBacklinksBot/1.0; +https://seranking.com/backlinks-crawler)"
136.243.146.219 - - [08/Jun/2026:15:59:08 -0400] "GET /wp-sitemap.xml HTTP/1.1" 404 22152 "-" "Mozilla/5.0 (compatible; SERankingBacklinksBot/1.0; +https://seranking.com/backlinks-crawler)"
51.89.39.36 - - [08/Jun/2026:15:48:50 -0400] "GET /wp-content/plugins/hippoo/assets/css/owl.theme.default.min.css HTTP/1.1" 404 106618 "-" "Mozilla/5.0 (Macintosh; Intel Mac OS X 10_15_7) AppleWebKit/537.36 (KHTML, like Gecko) Chrome/148.0.0.0 Safari/537.36"
51.89.39.36 - - [08/Jun/2026:15:48:59 -0400] "GET /?wmo_hc=k7Hx9mQp2wRt HTTP/1.1" 200 254321 "-" "Mozilla/5.0 (Windows NT 10.0; Win64; x64) AppleWebKit/537.36 (KHTML, like Gecko) Chrome/148.0.0.0 Safari/537.36"
162.213.253.84 - - [08/Jun/2026:15:49:02 -0400] "POST /wp-cron.php?doing_wp_cron=1780948142.4647018909454345703125 HTTP/1.1" 200 0 "-" "WordPress/7.0; https://www.bagpackvacation.com"
51.89.39.36 - - [08/Jun/2026:15:49:01 -0400] "GET /blog-verify HTTP/1.1" 404 106516 "-" "Mozilla/5.0 (Windows NT 10.0; Win64; x64; rv:150.0) Gecko/20100101 Firefox/150.0"
136.243.146.219 - - [08/Jun/2026:15:59:05 -0400] "GET /robots.txt HTTP/1.1" 301 795 "-" "Mozilla/5.0 (compatible; SERankingBacklinksBot/1.0; +https://seranking.com/backlinks-crawler)"
136.243.146.219 - - [08/Jun/2026:15:59:07 -0400] "GET /robots.txt HTTP/1.1" 200 129 "-" "Mozilla/5.0 (compatible; SERankingBacklinksBot/1.0; +https://seranking.com/backlinks-crawler)"
162.213.253.84 - - [08/Jun/2026:15:59:09 -0400] "POST /wp-cron.php?doing_wp_cron=1780948749.4241249561309814453125 HTTP/1.1" 200 0 "-" "WordPress/7.0; https://www.bagpackvacation.com"
162.213.253.84 - - [08/Jun/2026:15:59:10 -0400] "POST /wp-admin/admin-ajax.php?action=async_litespeed&nonce=sfOA3kWZ2kqgWSHni9ZAVuFLc4wdHbei&litespeed_type=imgoptm HTTP/1.1" 200 21 "-" "WordPress/7.0; https://www.bagpackvacation.com"
162.213.253.84 - - [08/Jun/2026:16:01:50 -0400] "POST /wp-cron.php?doing_wp_cron=1780948910.9839460849761962890625 HTTP/1.1" 200 0 "-" "WordPress/7.0; https://www.bagpackvacation.com"
47.251.53.97 - - [08/Jun/2026:16:05:46 -0400] "GET /wp-login.php HTTP/1.1" 301 795 "-" "Mozilla/5.0 (Macintosh; Intel Mac OS X 10_15_7) AppleWebKit/605.1.15 (KHTML, like Gecko) Version/18.3 Safari/605.1.15"
162.213.253.84 - - [08/Jun/2026:16:12:06 -0400] "POST /wp-cron.php?doing_wp_cron=1780949526.3809099197387695312500 HTTP/1.1" 200 0 "-" "WordPress/7.0; https://www.bagpackvacation.com"
109.163.130.176 - - [08/Jun/2026:16:12:04 -0400] "GET /4-night-5-days-dubai-super-saver-holiday/tel:9211684078 HTTP/1.1" 404 22181 "-" "Mozilla/5.0 (Macintosh; Intel Mac OS X 11_2_1) AppleWebKit/537.36 (KHTML, like Gecko) Brave Chrome/87.0.4280.101 Safari/537.36"
207.46.13.230 - - [08/Jun/2026:16:12:45 -0400] "GET /robots.txt HTTP/1.1" 200 108 "-" "Mozilla/5.0 AppleWebKit/537.36 (KHTML, like Gecko; compatible; bingbot/2.0; +http://www.bing.com/bingbot.htm) Chrome/116.0.1938.76 Safari/537.36"
162.213.253.84 - - [08/Jun/2026:16:13:09 -0400] "POST /wp-cron.php?doing_wp_cron=1780949589.1061139106750488281250 HTTP/1.1" 200 0 "-" "WordPress/7.0; https://www.bagpackvacation.com"
40.77.167.123 - - [08/Jun/2026:16:13:08 -0400] "GET /dubai-tour-packages HTTP/1.1" 301 0 "-" "Mozilla/5.0 AppleWebKit/537.36 (KHTML, like Gecko; compatible; bingbot/2.0; +http://www.bing.com/bingbot.htm) Chrome/116.0.1938.76 Safari/537.36"
40.77.167.123 - - [08/Jun/2026:16:13:09 -0400] "GET /dubai-tour-packages/ HTTP/1.1" 200 24691 "-" "Mozilla/5.0 AppleWebKit/537.36 (KHTML, like Gecko; compatible; bingbot/2.0; +http://www.bing.com/bingbot.htm) Chrome/116.0.1938.76 Safari/537.36"
162.213.253.84 - - [08/Jun/2026:16:15:46 -0400] "POST /wp-admin/admin-ajax.php?action=async_litespeed&nonce=3P34Ij6hrelq5sQdeYhwEZzeXcMtLF6Q&litespeed_type=imgoptm HTTP/1.1" 200 21 "-" "WordPress/7.0; https://www.bagpackvacation.com"
97.74.87.194 - - [08/Jun/2026:16:01:48 -0400] "GET /wp-login.php HTTP/1.1" 301 795 "-" "Mozilla/5.0 (Windows NT 10.0; Win64; x64) AppleWebKit/537.36 (KHTML, like Gecko) Chrome/120.0.0.0 Safari/537.36"
97.74.87.194 - - [08/Jun/2026:16:01:48 -0400] "GET /wp-login.php HTTP/1.1" 200 1807 "https://bagpackvacation.com/wp-login.php" "Mozilla/5.0 (Windows NT 10.0; Win64; x64) AppleWebKit/537.36 (KHTML, like Gecko) Chrome/120.0.0.0 Safari/537.36"
97.74.87.194 - - [08/Jun/2026:16:01:49 -0400] "GET /wp-login.php HTTP/1.1" 200 1807 "-" "Mozilla/5.0 (Windows NT 10.0; Win64; x64) AppleWebKit/537.36 (KHTML, like Gecko) Chrome/120.0.0.0 Safari/537.36"
97.74.87.194 - - [08/Jun/2026:16:01:50 -0400] "POST /wp-login.php HTTP/1.1" 200 1906 "https://www.bagpackvacation.com/wp-login.php" "Mozilla/5.0 (Windows NT 10.0; Win64; x64) AppleWebKit/537.36 (KHTML, like Gecko) Chrome/120.0.0.0 Safari/537.36"
162.213.253.84 - - [08/Jun/2026:16:01:51 -0400] "POST /wp-admin/admin-ajax.php?action=async_litespeed&nonce=oE7bOSFjFWneQ9VPQBB3rERcv3ttjsjT&litespeed_type=imgoptm HTTP/1.1" 200 21 "-" "WordPress/7.0; https://www.bagpackvacation.com"
47.251.53.97 - - [08/Jun/2026:16:05:47 -0400] "GET /wp-login.php HTTP/1.1" 200 1807 "https://mail.bagpackvacation.com/wp-login.php" "Mozilla/5.0 (Macintosh; Intel Mac OS X 10_15_7) AppleWebKit/605.1.15 (KHTML, like Gecko) Version/18.3 Safari/605.1.15"
47.251.53.97 - - [08/Jun/2026:16:05:47 -0400] "POST /wp-login.php HTTP/1.1" 301 795 "https://mail.bagpackvacation.com/wp-login.php" "Mozilla/5.0 (Macintosh; Intel Mac OS X 10_15_7) AppleWebKit/605.1.15 (KHTML, like Gecko) Version/18.3 Safari/605.1.15"
47.251.53.97 - - [08/Jun/2026:16:05:47 -0400] "GET /wp-login.php HTTP/1.1" 200 1807 "https://mail.bagpackvacation.com/wp-login.php" "Mozilla/5.0 (Macintosh; Intel Mac OS X 10_15_7) AppleWebKit/605.1.15 (KHTML, like Gecko) Version/18.3 Safari/605.1.15"
34.177.115.51 - - [08/Jun/2026:16:07:44 -0400] "GET /wp-content/uploads/2023/03/europe.jpg HTTP/1.1" 200 101836 "-" "Mozilla/5.0 (X11; Linux x86_64) AppleWebKit/537.36 (KHTML, like Gecko) Chrome/91.0.4472.114 Safari/537.36"
162.213.253.84 - - [08/Jun/2026:16:12:07 -0400] "POST /wp-admin/admin-ajax.php?action=async_litespeed&nonce=C3Jko4DDqO6l9qihGTx0zXSdOi1J7xPR&litespeed_type=imgoptm HTTP/1.1" 200 0 "-" "WordPress/7.0; https://www.bagpackvacation.com"
207.46.13.230 - - [08/Jun/2026:16:12:44 -0400] "GET /robots.txt HTTP/1.1" 301 795 "-" "Mozilla/5.0 AppleWebKit/537.36 (KHTML, like Gecko; compatible; bingbot/2.0; +http://www.bing.com/bingbot.htm) Chrome/116.0.1938.76 Safari/537.36"
52.167.144.187 - - [08/Jun/2026:16:12:57 -0400] "GET /dubai-tour-packages HTTP/1.1" 301 795 "-" "Mozilla/5.0 AppleWebKit/537.36 (KHTML, like Gecko; compatible; bingbot/2.0; +http://www.bing.com/bingbot.htm) Chrome/116.0.1938.76 Safari/537.36"
207.46.13.230 - - [08/Jun/2026:16:13:02 -0400] "GET /robots.txt HTTP/1.1" 200 108 "-" "Mozilla/5.0 AppleWebKit/537.36 (KHTML, like Gecko; compatible; bingbot/2.0; +http://www.bing.com/bingbot.htm) Chrome/116.0.1938.76 Safari/537.36"
162.213.253.84 - - [08/Jun/2026:16:13:10 -0400] "POST /wp-admin/admin-ajax.php?action=async_litespeed&nonce=XT0gKvr4mgDIiFffPYVLvlHqq7CTTpcL&litespeed_type=imgoptm HTTP/1.1" 200 21 "-" "WordPress/7.0; https://www.bagpackvacation.com"
162.213.253.84 - - [08/Jun/2026:16:15:45 -0400] "POST /wp-cron.php?doing_wp_cron=1780949745.3276700973510742187500 HTTP/1.1" 200 0 "-" "WordPress/7.0; https://www.bagpackvacation.com"
181.176.97.206 - - [08/Jun/2026:16:15:43 -0400] "GET /fun-with-family-in-kashmir-5-night-6-days/tel:9211684078 HTTP/1.1" 404 22179 "-" "Mozilla/5.0 (Windows NT 10.0; Win64; x64) AppleWebKit/537.36 (KHTML, like Gecko) Chrome/77.0.3835.0 Safari/537.36"
14.187.167.40 - - [08/Jun/2026:16:18:41 -0400] "GET /3-night-4-days-exotic-maldives/ HTTP/1.1" 200 27696 "-" "Mozilla/5.0 (Windows NT 10.0; Win64; x64) AppleWebKit/537.36 (KHTML, like Gecko) Chrome/78.0.3904.63 Safari/537.36"
162.213.253.84 - - [08/Jun/2026:16:24:26 -0400] "POST /wp-cron.php?doing_wp_cron=1780950266.6975300312042236328125 HTTP/1.1" 200 0 "-" "WordPress/7.0; https://www.bagpackvacation.com"
102.67.205.196 - - [08/Jun/2026:16:24:25 -0400] "GET /sikkim-delight-with-gangtok-darjeeling/tel:9211684078 HTTP/1.1" 404 22183 "-" "Mozilla/5.0 (Macintosh; Intel Mac OS X 10_13_6) AppleWebKit/537.36 (KHTML, like Gecko) Brave Chrome/87.0.4280.141 Safari/537.36"
162.213.253.84 - - [08/Jun/2026:16:24:27 -0400] "POST /wp-admin/admin-ajax.php?action=async_litespeed&nonce=RJ8CJn52DpA81Kl4IXIc7h1pwQHhGofQ&litespeed_type=imgoptm HTTP/1.1" 200 21 "-" "WordPress/7.0; https://www.bagpackvacation.com"
109.18.227.243 - - [08/Jun/2026:16:26:05 -0400] "GET /manali-tour-packages/ HTTP/1.1" 200 27331 "-" "Mozilla/5.0 (Windows NT 10.0; WOW64; rv:135.0) Gecko/20100101 Firefox/135.0"
162.213.253.84 - - [08/Jun/2026:16:50:38 -0400] "POST /wp-admin/admin-ajax.php?action=async_litespeed&nonce=xjzu2MbZQM69MHa7i4MrUVGIoBb08Yoy&litespeed_type=imgoptm HTTP/1.1" 200 21 "-" "WordPress/7.0; https://www.bagpackvacation.com"
52.53.0.92 - - [08/Jun/2026:16:54:52 -0400] "GET / HTTP/1.1" 200 254301 "-" "orgiojob-website-health-check/1.0"
209.141.44.113 - - [08/Jun/2026:16:59:33 -0400] "GET /wp-login.php HTTP/1.1" 301 795 "-" "Mozilla/5.0 (Windows NT 6.1; WOW64; Trident/7.0; rv:11.0) like Gecko"
209.141.44.113 - - [08/Jun/2026:16:59:33 -0400] "GET /wp-login.php HTTP/1.1" 200 5935 "-" "Mozilla/5.0 (Windows NT 6.1; WOW64; Trident/7.0; rv:11.0) like Gecko"
167.71.136.93 - admin [08/Jun/2026:16:59:42 -0400] "GET /wp-json/wp/v2/users/me HTTP/1.1" 301 795 "-" "Mozilla/5.0 (Windows NT 10.0) AppleWebKit/537.36 (KHTML, like Gecko) Chrome/133.0.0.0 Safari/537.36"
209.141.44.113 - - [08/Jun/2026:17:00:11 -0400] "GET /wp-login.php HTTP/1.1" 200 5935 "-" "Mozilla/5.0 (Windows NT 6.1; WOW64; Trident/7.0; rv:11.0) like Gecko"
209.141.44.113 - - [08/Jun/2026:17:00:11 -0400] "GET /wp-admin/themes.php HTTP/1.1" 301 795 "-" "python-requests/2.34.2"
162.213.253.84 - - [08/Jun/2026:17:00:12 -0400] "POST /wp-cron.php?doing_wp_cron=1780952412.9158630371093750000000 HTTP/1.1" 200 0 "-" "WordPress/7.0; https://www.bagpackvacation.com"
209.141.44.113 - - [08/Jun/2026:17:00:12 -0400] "GET /wp-login.php?redirect_to=https%3A%2F%2Fwww.bagpackvacation.com%2Fwp-admin%2Fthemes.php&reauth=1 HTTP/1.1" 200 2047 "-" "python-requests/2.34.2"
209.141.44.113 - - [08/Jun/2026:17:00:14 -0400] "GET /wp-admin/plugin-install.php?tab=upload HTTP/1.1" 301 795 "-" "python-requests/2.34.2"
162.213.253.84 - - [08/Jun/2026:17:00:14 -0400] "POST /wp-admin/admin-ajax.php?action=async_litespeed&nonce=dARBc8mLknejHUlzYJnaw0LZA7xFURz6&litespeed_type=imgoptm HTTP/1.1" 200 0 "-" "WordPress/7.0; https://www.bagpackvacation.com"
205.185.119.54 - - [08/Jun/2026:17:01:01 -0400] "GET /wp-login.php HTTP/1.1" 200 5935 "-" "Mozilla/5.0 (Macintosh; Intel Mac OS X 10_10) AppleWebKit/600.1.3 (KHTML, like Gecko) Version/8.0 Safari/600.1.3"
205.185.119.54 - - [08/Jun/2026:17:03:32 -0400] "GET /wp-login.php HTTP/1.1" 200 5935 "-" "Mozilla/5.0 (Macintosh; Intel Mac OS X 10_10) AppleWebKit/600.1.3 (KHTML, like Gecko) Version/8.0 Safari/600.1.3"
162.213.253.84 - - [08/Jun/2026:17:03:33 -0400] "POST /wp-cron.php?doing_wp_cron=1780952613.0987861156463623046875 HTTP/1.1" 200 0 "-" "WordPress/7.0; https://www.bagpackvacation.com"
205.185.119.54 - - [08/Jun/2026:17:03:33 -0400] "GET /wp-login.php?redirect_to=https%3A%2F%2Fwww.bagpackvacation.com%2Fwp-admin%2Fthemes.php&reauth=1 HTTP/1.1" 200 2047 "-" "python-requests/2.34.2"
162.213.253.84 - - [08/Jun/2026:17:03:34 -0400] "POST /wp-admin/admin-ajax.php?action=async_litespeed&nonce=vSFZMJobTwMYxQbglA4ZVgKtRcWnzYKu&litespeed_type=imgoptm HTTP/1.1" 200 0 "-" "WordPress/7.0; https://www.bagpackvacation.com"
205.185.119.54 - - [08/Jun/2026:17:03:34 -0400] "GET /wp-admin/plugin-install.php?tab=upload HTTP/1.1" 302 0 "-" "python-requests/2.34.2"
116.179.32.153 - - [08/Jun/2026:16:50:37 -0400] "GET /contact-us/ HTTP/1.1" 200 25630 "-" "Mozilla/5.0 (compatible; Baiduspider/2.0; +http://www.baidu.com/search/spider.html)"
90.59.32.9 - - [08/Jun/2026:16:56:04 -0400] "GET /singapore-tour-packages/ HTTP/1.1" 200 28776 "-" "Mozilla/5.0 (Macintosh; Intel Mac OS X 14_4_1) AppleWebKit/537.36 (KHTML, like Gecko) Chrome/134.0.6998.45 Safari/537.36"
167.71.136.93 - - [08/Jun/2026:16:59:21 -0400] "GET /wp-login.php HTTP/1.1" 301 795 "-" "Mozilla/5.0 (Windows NT 10.0) AppleWebKit/537.36 (KHTML, like Gecko) Chrome/133.0.0.0 Safari/537.36"
209.141.44.113 - - [08/Jun/2026:17:00:11 -0400] "POST /wp-login.php HTTP/1.1" 301 795 "-" "Mozilla/5.0 (Windows NT 6.1; WOW64; Trident/7.0; rv:11.0) like Gecko"
209.141.44.113 - - [08/Jun/2026:17:00:11 -0400] "GET /wp-admin/themes.php HTTP/1.1" 302 0 "-" "python-requests/2.34.2"
209.141.44.113 - - [08/Jun/2026:17:00:14 -0400] "GET /wp-admin/plugin-install.php?tab=upload HTTP/1.1" 302 0 "-" "python-requests/2.34.2"
209.141.44.113 - - [08/Jun/2026:17:00:15 -0400] "GET /wp-login.php?redirect_to=https%3A%2F%2Fwww.bagpackvacation.com%2Fwp-admin%2Fplugin-install.php%3Ftab%3Dupload&reauth=1 HTTP/1.1" 200 2054 "-" "python-requests/2.34.2"
205.185.119.54 - - [08/Jun/2026:17:01:01 -0400] "GET /wp-login.php HTTP/1.1" 301 795 "-" "Mozilla/5.0 (Macintosh; Intel Mac OS X 10_10) AppleWebKit/600.1.3 (KHTML, like Gecko) Version/8.0 Safari/600.1.3"
205.185.119.54 - - [08/Jun/2026:17:03:31 -0400] "POST /wp-login.php HTTP/1.1" 301 795 "-" "Mozilla/5.0 (Macintosh; Intel Mac OS X 10_10) AppleWebKit/600.1.3 (KHTML, like Gecko) Version/8.0 Safari/600.1.3"
205.185.119.54 - - [08/Jun/2026:17:03:32 -0400] "GET /wp-admin/themes.php HTTP/1.1" 301 795 "-" "python-requests/2.34.2"
205.185.119.54 - - [08/Jun/2026:17:03:32 -0400] "GET /wp-admin/themes.php HTTP/1.1" 302 0 "-" "python-requests/2.34.2"
205.185.119.54 - - [08/Jun/2026:17:03:34 -0400] "GET /wp-admin/plugin-install.php?tab=upload HTTP/1.1" 301 795 "-" "python-requests/2.34.2"
205.185.119.54 - - [08/Jun/2026:17:03:35 -0400] "GET /wp-login.php?redirect_to=https%3A%2F%2Fwww.bagpackvacation.com%2Fwp-admin%2Fplugin-install.php%3Ftab%3Dupload&reauth=1 HTTP/1.1" 200 2054 "-" "python-requests/2.34.2"
187.204.68.7 - - [08/Jun/2026:17:13:03 -0400] "HEAD / HTTP/1.1" 200 0 "-" "-"
185.61.154.57 - - [08/Jun/2026:17:14:36 -0400] "GET /wp-login.php HTTP/1.1" 200 1807 "-" "Mozilla/5.0 (Windows NT 10.0; Win64; x64) AppleWebKit/537.36 (KHTML, like Gecko) Chrome/120.0.0.0 Safari/537.36"
162.213.253.84 - - [08/Jun/2026:17:14:39 -0400] "POST /wp-admin/admin-ajax.php?action=async_litespeed&nonce=wCVdmjIioqZ5lbnEvp966DpcQMcim2pp&litespeed_type=imgoptm HTTP/1.1" 200 0 "-" "WordPress/7.0; https://www.bagpackvacation.com"
162.213.253.84 - - [08/Jun/2026:17:14:38 -0400] "POST /wp-cron.php?doing_wp_cron=1780953278.0834989547729492187500 HTTP/1.1" 200 0 "-" "WordPress/7.0; https://www.bagpackvacation.com"
185.61.154.57 - - [08/Jun/2026:17:14:37 -0400] "POST /wp-login.php HTTP/1.1" 200 1906 "https://www.bagpackvacation.com/wp-login.php" "Mozilla/5.0 (Windows NT 10.0; Win64; x64) AppleWebKit/537.36 (KHTML, like Gecko) Chrome/120.0.0.0 Safari/537.36"
31.24.155.180 - - [08/Jun/2026:17:16:29 -0400] "GET /wp-login.php HTTP/1.1" 301 795 "-" "Mozilla/5.0 (Macintosh; Intel Mac OS X 14_7_4) AppleWebKit/537.36 (KHTML, like Gecko) Chrome/133.0.0.0 Safari/537.36"
31.24.155.180 - admin [08/Jun/2026:17:16:46 -0400] "GET /wp-json/wp/v2/users/me HTTP/1.1" 301 795 "-" "Mozilla/5.0 (Macintosh; Intel Mac OS X 14_7_4) AppleWebKit/537.36 (KHTML, like Gecko) Chrome/133.0.0.0 Safari/537.36"
162.213.253.84 - - [08/Jun/2026:17:16:59 -0400] "POST /wp-admin/admin-ajax.php?action=async_litespeed&nonce=J7kdv6ikJQvu0b6VAUjl6LydUmzfimCq&litespeed_type=imgoptm HTTP/1.1" 200 21 "-" "WordPress/7.0; https://www.bagpackvacation.com"
31.24.155.180 - - [08/Jun/2026:17:16:40 -0400] "GET /wp-login.php HTTP/1.1" 200 1807 "https://mail.bagpackvacation.com/wp-login.php" "Mozilla/5.0 (Macintosh; Intel Mac OS X 14_7_4) AppleWebKit/537.36 (KHTML, like Gecko) Chrome/133.0.0.0 Safari/537.36"
162.213.253.84 - - [08/Jun/2026:17:16:58 -0400] "POST /wp-cron.php?doing_wp_cron=1780953418.2010059356689453125000 HTTP/1.1" 200 0 "-" "WordPress/7.0; https://www.bagpackvacation.com"
31.24.155.180 - - [08/Jun/2026:17:16:57 -0400] "GET /wp-json/wp/v2/users/me HTTP/1.1" 401 96 "https://mail.bagpackvacation.com/wp-json/wp/v2/users/me" "Mozilla/5.0 (Macintosh; Intel Mac OS X 14_7_4) AppleWebKit/537.36 (KHTML, like Gecko) Chrome/133.0.0.0 Safari/537.36"
194.163.139.224 - - [08/Jun/2026:17:32:43 -0400] "GET /wp-login.php HTTP/1.1" 200 1807 "https://bagpackvacation.com/wp-login.php" "Mozilla/5.0 (X11; Fedora; Linux x86_64) AppleWebKit/537.36 (KHTML, like Gecko) Chrome/133.0.0.0 Safari/537.36"
194.163.139.224 - - [08/Jun/2026:17:32:43 -0400] "GET /wp-login.php HTTP/1.1" 200 1807 "https://bagpackvacation.com/wp-login.php" "Mozilla/5.0 (X11; Fedora; Linux x86_64) AppleWebKit/537.36 (KHTML, like Gecko) Chrome/133.0.0.0 Safari/537.36"
162.213.253.84 - - [08/Jun/2026:17:35:18 -0400] "POST /wp-cron.php?doing_wp_cron=1780954517.9901490211486816406250 HTTP/1.1" 200 0 "-" "WordPress/7.0; https://www.bagpackvacation.com"
103.127.30.137 - - [08/Jun/2026:17:35:17 -0400] "POST /wp-login.php HTTP/1.1" 200 1906 "https://www.bagpackvacation.com/wp-login.php" "Mozilla/5.0 (Windows NT 10.0; Win64; x64) AppleWebKit/537.36 (KHTML, like Gecko) Chrome/133.0.0.0 Safari/537.36 Edg/133.0.0.0"
194.163.139.224 - - [08/Jun/2026:17:32:41 -0400] "GET /wp-login.php HTTP/1.1" 301 795 "-" "Mozilla/5.0 (X11; Fedora; Linux x86_64) AppleWebKit/537.36 (KHTML, like Gecko) Chrome/133.0.0.0 Safari/537.36"
194.163.139.224 - - [08/Jun/2026:17:32:43 -0400] "POST /wp-login.php HTTP/1.1" 301 795 "https://bagpackvacation.com/wp-login.php" "Mozilla/5.0 (X11; Fedora; Linux x86_64) AppleWebKit/537.36 (KHTML, like Gecko) Chrome/133.0.0.0 Safari/537.36"
103.127.30.137 - - [08/Jun/2026:17:35:14 -0400] "GET /wp-login.php HTTP/1.1" 200 1807 "-" "Mozilla/5.0 (Windows NT 10.0; Win64; x64) AppleWebKit/537.36 (KHTML, like Gecko) Chrome/133.0.0.0 Safari/537.36 Edg/133.0.0.0"
162.213.253.84 - - [08/Jun/2026:17:35:18 -0400] "POST /wp-admin/admin-ajax.php?action=async_litespeed&nonce=Efaxb1MmBDY6dR1Hc6maEyLmzvNprjec&litespeed_type=imgoptm HTTP/1.1" 200 21 "-" "WordPress/7.0; https://www.bagpackvacation.com"
136.243.146.219 - - [08/Jun/2026:17:44:49 -0400] "GET /robots.txt HTTP/1.1" 200 129 "-" "Mozilla/5.0 (compatible; SERankingBacklinksBot/1.0; +https://seranking.com/backlinks-crawler)"
136.243.146.219 - - [08/Jun/2026:17:44:49 -0400] "GET /sitemap.xml HTTP/1.1" 301 0 "-" "Mozilla/5.0 (compatible; SERankingBacklinksBot/1.0; +https://seranking.com/backlinks-crawler)"
162.213.253.84 - - [08/Jun/2026:17:51:39 -0400] "POST /wp-cron.php?doing_wp_cron=1780955499.6823360919952392578125 HTTP/1.1" 200 0 "-" "WordPress/7.0; https://www.bagpackvacation.com"
192.34.63.46 - - [08/Jun/2026:17:51:38 -0400] "GET /.env HTTP/1.1" 404 19517 "-" "Mozilla/5.0 (Macintosh; Intel Mac OS X 10.15; rv:133.0) Gecko/20100101 Firefox/133.0"
162.213.253.84 - - [08/Jun/2026:17:51:40 -0400] "POST /wp-admin/admin-ajax.php?action=async_litespeed&nonce=peMrInIyv07OCzGA93YysexQ9Sa1xxst&litespeed_type=imgoptm HTTP/1.1" 200 21 "-" "WordPress/7.0; https://www.bagpackvacation.com"
162.213.253.84 - - [08/Jun/2026:17:44:51 -0400] "POST /wp-cron.php?doing_wp_cron=1780955091.2990899085998535156250 HTTP/1.1" 200 0 "-" "WordPress/7.0; https://www.bagpackvacation.com"
136.243.146.219 - - [08/Jun/2026:17:44:49 -0400] "GET /wp-sitemap.xml HTTP/1.1" 404 22150 "-" "Mozilla/5.0 (compatible; SERankingBacklinksBot/1.0; +https://seranking.com/backlinks-crawler)"
162.213.253.84 - - [08/Jun/2026:17:44:52 -0400] "POST /wp-admin/admin-ajax.php?action=async_litespeed&nonce=spJX8283GtM0onGWnfmB3ymaT40uRcui&litespeed_type=imgoptm HTTP/1.1" 200 21 "-" "WordPress/7.0; https://www.bagpackvacation.com"
20.89.43.232 - - [08/Jun/2026:17:59:33 -0400] "GET /a.php HTTP/1.1" 301 795 "-" "Mozilla/5.0 (Windows NT 10.0; Win64; x64) AppleWebKit/537.36 (KHTML, like Gecko) Chrome/120.0.0.0 Safari/537.36"
20.89.43.232 - - [08/Jun/2026:17:59:34 -0400] "GET /aa.php HTTP/1.1" 301 795 "-" "Mozilla/5.0 (Windows NT 10.0; Win64; x64) AppleWebKit/537.36 (KHTML, like Gecko) Chrome/120.0.0.0 Safari/537.36"
20.89.43.232 - - [08/Jun/2026:17:59:34 -0400] "GET /aaa.php HTTP/1.1" 301 795 "-" "Mozilla/5.0 (Windows NT 10.0; Win64; x64) AppleWebKit/537.36 (KHTML, like Gecko) Chrome/120.0.0.0 Safari/537.36"
20.89.43.232 - - [08/Jun/2026:17:59:34 -0400] "GET /ab.php HTTP/1.1" 301 795 "-" "Mozilla/5.0 (Windows NT 10.0; Win64; x64) AppleWebKit/537.36 (KHTML, like Gecko) Chrome/120.0.0.0 Safari/537.36"
20.89.43.232 - - [08/Jun/2026:17:59:34 -0400] "GET /file5.php HTTP/1.1" 301 795 "-" "Mozilla/5.0 (Windows NT 10.0; Win64; x64) AppleWebKit/537.36 (KHTML, like Gecko) Chrome/120.0.0.0 Safari/537.36"
20.89.43.232 - - [08/Jun/2026:17:59:34 -0400] "GET /sitemaps.php HTTP/1.1" 301 795 "-" "Mozilla/5.0 (Windows NT 10.0; Win64; x64) AppleWebKit/537.36 (KHTML, like Gecko) Chrome/120.0.0.0 Safari/537.36"
20.89.43.232 - - [08/Jun/2026:17:59:35 -0400] "GET /load.php HTTP/1.1" 301 795 "-" "Mozilla/5.0 (Windows NT 10.0; Win64; x64) AppleWebKit/537.36 (KHTML, like Gecko) Chrome/120.0.0.0 Safari/537.36"
20.89.43.232 - - [08/Jun/2026:17:59:35 -0400] "GET /k.php HTTP/1.1" 301 795 "-" "Mozilla/5.0 (Windows NT 10.0; Win64; x64) AppleWebKit/537.36 (KHTML, like Gecko) Chrome/120.0.0.0 Safari/537.36"
20.89.43.232 - - [08/Jun/2026:17:59:35 -0400] "GET /autoload_classmap.php HTTP/1.1" 301 795 "-" "Mozilla/5.0 (Windows NT 10.0; Win64; x64) AppleWebKit/537.36 (KHTML, like Gecko) Chrome/120.0.0.0 Safari/537.36"
20.89.43.232 - - [08/Jun/2026:17:59:36 -0400] "GET /admin.php HTTP/1.1" 301 795 "-" "Mozilla/5.0 (Windows NT 10.0; Win64; x64) AppleWebKit/537.36 (KHTML, like Gecko) Chrome/120.0.0.0 Safari/537.36"
20.89.43.232 - - [08/Jun/2026:17:59:36 -0400] "GET /defaults.php HTTP/1.1" 301 795 "-" "Mozilla/5.0 (Windows NT 10.0; Win64; x64) AppleWebKit/537.36 (KHTML, like Gecko) Chrome/120.0.0.0 Safari/537.36"
20.89.43.232 - - [08/Jun/2026:17:59:36 -0400] "GET /meta.php HTTP/1.1" 301 795 "-" "Mozilla/5.0 (Windows NT 10.0; Win64; x64) AppleWebKit/537.36 (KHTML, like Gecko) Chrome/120.0.0.0 Safari/537.36"
20.89.43.232 - - [08/Jun/2026:17:59:37 -0400] "GET /about.php HTTP/1.1" 301 795 "-" "Mozilla/5.0 (Windows NT 10.0; Win64; x64) AppleWebKit/537.36 (KHTML, like Gecko) Chrome/120.0.0.0 Safari/537.36"
20.89.43.232 - - [08/Jun/2026:17:59:37 -0400] "GET /user.php HTTP/1.1" 301 795 "-" "Mozilla/5.0 (Windows NT 10.0; Win64; x64) AppleWebKit/537.36 (KHTML, like Gecko) Chrome/120.0.0.0 Safari/537.36"
