20.63.210.169 - - [02/Mar/2026:08:26:03 -0500] "GET /rip.php HTTP/1.1" 301 795 "-" "Mozilla/5.0 (Windows NT 10.0; Win64; x64) AppleWebKit/537.36 (KHTML, like Gecko) Chrome/120.0.0.0 Safari/537.36"
162.213.253.84 - - [02/Mar/2026:08:26:43 -0500] "POST /wp-cron.php?doing_wp_cron=1772458003.1603319644927978515625 HTTP/1.1" 200 0 "-" "WordPress/6.9.1; https://www.bagpackvacation.com"
162.213.253.84 - - [02/Mar/2026:08:26:44 -0500] "POST /wp-admin/admin-ajax.php?action=async_litespeed&nonce=OLWL9xPz5JSX7q6wpQwjO10SqZ1oIG2k&litespeed_type=imgoptm HTTP/1.1" 200 0 "-" "WordPress/6.9.1; https://www.bagpackvacation.com"
45.148.10.23 - - [02/Mar/2026:08:30:47 -0500] "GET / HTTP/1.1" 301 795 "-" "Mozilla/5.0 (Macintosh, Intel Mac OS X 10_15_7) AppleWebKit/605.1.15 (KHTML, like Gecko) Version/19.0 Safari/605.1.15"
14.235.107.24 - - [02/Mar/2026:08:39:39 -0500] "GET /romantic-goa-with-dudh-sagar-waterfall-4-night-5-days/ HTTP/1.1" 200 29026 "-" "Mozilla/5.0 (Macintosh; Intel Mac OS X 10_9_5) AppleWebKit/537.36 (KHTML, like Gecko) Chrome/66.0.3359.181 Safari/537.36"
92.222.108.96 - - [02/Mar/2026:08:52:15 -0500] "GET /robots.txt HTTP/1.1" 200 108 "-" "Mozilla/5.0 (compatible; AhrefsBot/7.0; +http://ahrefs.com/robot/)"
15.235.96.21 - - [02/Mar/2026:08:52:19 -0500] "GET / HTTP/1.1" 200 34037 "-" "Mozilla/5.0 (compatible; AhrefsBot/7.0; +http://ahrefs.com/robot/)"
20.63.102.54 - - [02/Mar/2026:09:10:37 -0500] "GET /f.php HTTP/1.1" 301 795 "-" "Mozilla/5.0 (Windows NT 10.0; Win64; x64) AppleWebKit/537.36 (KHTML, like Gecko) Chrome/120.0.0.0 Safari/537.36"
20.63.102.54 - - [02/Mar/2026:09:10:37 -0500] "GET /admin.php HTTP/1.1" 301 795 "-" "Mozilla/5.0 (Windows NT 10.0; Win64; x64) AppleWebKit/537.36 (KHTML, like Gecko) Chrome/120.0.0.0 Safari/537.36"
20.63.102.54 - - [02/Mar/2026:09:10:37 -0500] "GET /wp-content/wp-conflg.php HTTP/1.1" 301 795 "-" "Mozilla/5.0 (Windows NT 10.0; Win64; x64) AppleWebKit/537.36 (KHTML, like Gecko) Chrome/120.0.0.0 Safari/537.36"
20.63.102.54 - - [02/Mar/2026:09:10:38 -0500] "GET /.well-known/acme-challenge/index.php HTTP/1.1" 301 795 "-" "Mozilla/5.0 (Windows NT 10.0; Win64; x64) AppleWebKit/537.36 (KHTML, like Gecko) Chrome/120.0.0.0 Safari/537.36"
20.63.102.54 - - [02/Mar/2026:09:10:38 -0500] "GET /wp-admin/css/colors/modern/ HTTP/1.1" 301 795 "-" "Mozilla/5.0 (Windows NT 10.0; Win64; x64) AppleWebKit/537.36 (KHTML, like Gecko) Chrome/120.0.0.0 Safari/537.36"
20.63.102.54 - - [02/Mar/2026:09:10:38 -0500] "GET /xmlrpc.php HTTP/1.1" 301 795 "-" "Mozilla/5.0 (Windows NT 10.0; Win64; x64) AppleWebKit/537.36 (KHTML, like Gecko) Chrome/120.0.0.0 Safari/537.36"
20.63.102.54 - - [02/Mar/2026:09:10:38 -0500] "GET /wp-content/uploads/index.php HTTP/1.1" 301 795 "-" "Mozilla/5.0 (Windows NT 10.0; Win64; x64) AppleWebKit/537.36 (KHTML, like Gecko) Chrome/120.0.0.0 Safari/537.36"
20.63.102.54 - - [02/Mar/2026:09:10:38 -0500] "GET /wp-content/themes/admin.php HTTP/1.1" 301 795 "-" "Mozilla/5.0 (Windows NT 10.0; Win64; x64) AppleWebKit/537.36 (KHTML, like Gecko) Chrome/120.0.0.0 Safari/537.36"
20.63.102.54 - - [02/Mar/2026:09:10:38 -0500] "GET /wp-includes/js/jcrop/Jcrop.php HTTP/1.1" 301 795 "-" "Mozilla/5.0 (Windows NT 10.0; Win64; x64) AppleWebKit/537.36 (KHTML, like Gecko) Chrome/120.0.0.0 Safari/537.36"
20.63.102.54 - - [02/Mar/2026:09:10:38 -0500] "GET /images/index.php HTTP/1.1" 301 795 "-" "Mozilla/5.0 (Windows NT 10.0; Win64; x64) AppleWebKit/537.36 (KHTML, like Gecko) Chrome/120.0.0.0 Safari/537.36"
20.63.102.54 - - [02/Mar/2026:09:10:38 -0500] "GET /wp-content/admin.php HTTP/1.1" 301 795 "-" "Mozilla/5.0 (Windows NT 10.0; Win64; x64) AppleWebKit/537.36 (KHTML, like Gecko) Chrome/120.0.0.0 Safari/537.36"
20.63.102.54 - - [02/Mar/2026:09:10:39 -0500] "GET /wp-file.php HTTP/1.1" 301 795 "-" "Mozilla/5.0 (Windows NT 10.0; Win64; x64) AppleWebKit/537.36 (KHTML, like Gecko) Chrome/120.0.0.0 Safari/537.36"
20.63.102.54 - - [02/Mar/2026:09:10:39 -0500] "GET /as.php HTTP/1.1" 301 795 "-" "Mozilla/5.0 (Windows NT 10.0; Win64; x64) AppleWebKit/537.36 (KHTML, like Gecko) Chrome/120.0.0.0 Safari/537.36"
20.63.102.54 - - [02/Mar/2026:09:10:39 -0500] "GET /wp-includes/images/crystal/ HTTP/1.1" 301 795 "-" "Mozilla/5.0 (Windows NT 10.0; Win64; x64) AppleWebKit/537.36 (KHTML, like Gecko) Chrome/120.0.0.0 Safari/537.36"
20.63.102.54 - - [02/Mar/2026:09:10:39 -0500] "GET /class-t.api.php HTTP/1.1" 301 795 "-" "Mozilla/5.0 (Windows NT 10.0; Win64; x64) AppleWebKit/537.36 (KHTML, like Gecko) Chrome/120.0.0.0 Safari/537.36"
20.63.102.54 - - [02/Mar/2026:09:10:39 -0500] "GET /wp-includes/ HTTP/1.1" 301 795 "-" "Mozilla/5.0 (Windows NT 10.0; Win64; x64) AppleWebKit/537.36 (KHTML, like Gecko) Chrome/120.0.0.0 Safari/537.36"
20.63.102.54 - - [02/Mar/2026:09:10:39 -0500] "GET /wp-admin/css/colors/about.php HTTP/1.1" 301 795 "-" "Mozilla/5.0 (Windows NT 10.0; Win64; x64) AppleWebKit/537.36 (KHTML, like Gecko) Chrome/120.0.0.0 Safari/537.36"
20.63.102.54 - - [02/Mar/2026:09:10:39 -0500] "GET /ioxi-o.php HTTP/1.1" 301 795 "-" "Mozilla/5.0 (Windows NT 10.0; Win64; x64) AppleWebKit/537.36 (KHTML, like Gecko) Chrome/120.0.0.0 Safari/537.36"
20.63.102.54 - - [02/Mar/2026:09:10:40 -0500] "GET /file.php HTTP/1.1" 301 795 "-" "Mozilla/5.0 (Windows NT 10.0; Win64; x64) AppleWebKit/537.36 (KHTML, like Gecko) Chrome/120.0.0.0 Safari/537.36"
20.63.102.54 - - [02/Mar/2026:09:10:37 -0500] "GET /wk/index.php HTTP/1.1" 301 795 "-" "Mozilla/5.0 (Windows NT 10.0; Win64; x64) AppleWebKit/537.36 (KHTML, like Gecko) Chrome/120.0.0.0 Safari/537.36"
20.63.102.54 - - [02/Mar/2026:09:10:37 -0500] "GET /wp-includes/Text/Diff/Engine/index.php HTTP/1.1" 301 795 "-" "Mozilla/5.0 (Windows NT 10.0; Win64; x64) AppleWebKit/537.36 (KHTML, like Gecko) Chrome/120.0.0.0 Safari/537.36"
20.63.102.54 - - [02/Mar/2026:09:10:37 -0500] "GET /css/autoload_classmap.php HTTP/1.1" 301 795 "-" "Mozilla/5.0 (Windows NT 10.0; Win64; x64) AppleWebKit/537.36 (KHTML, like Gecko) Chrome/120.0.0.0 Safari/537.36"
20.63.102.54 - - [02/Mar/2026:09:10:38 -0500] "GET /cgi-bin/ HTTP/1.1" 301 795 "-" "Mozilla/5.0 (Windows NT 10.0; Win64; x64) AppleWebKit/537.36 (KHTML, like Gecko) Chrome/120.0.0.0 Safari/537.36"
20.63.102.54 - - [02/Mar/2026:09:10:38 -0500] "GET /adminfuns.php HTTP/1.1" 301 795 "-" "Mozilla/5.0 (Windows NT 10.0; Win64; x64) AppleWebKit/537.36 (KHTML, like Gecko) Chrome/120.0.0.0 Safari/537.36"
20.63.102.54 - - [02/Mar/2026:09:10:38 -0500] "GET /wp-admin/js/ HTTP/1.1" 301 795 "-" "Mozilla/5.0 (Windows NT 10.0; Win64; x64) AppleWebKit/537.36 (KHTML, like Gecko) Chrome/120.0.0.0 Safari/537.36"
20.63.102.54 - - [02/Mar/2026:09:10:38 -0500] "GET /wp-includes/Requests/library/ HTTP/1.1" 301 795 "-" "Mozilla/5.0 (Windows NT 10.0; Win64; x64) AppleWebKit/537.36 (KHTML, like Gecko) Chrome/120.0.0.0 Safari/537.36"
20.63.102.54 - - [02/Mar/2026:09:10:38 -0500] "GET /classwithtostring.php HTTP/1.1" 301 795 "-" "Mozilla/5.0 (Windows NT 10.0; Win64; x64) AppleWebKit/537.36 (KHTML, like Gecko) Chrome/120.0.0.0 Safari/537.36"
20.63.102.54 - - [02/Mar/2026:09:10:38 -0500] "GET /wp-includes/images/ HTTP/1.1" 301 795 "-" "Mozilla/5.0 (Windows NT 10.0; Win64; x64) AppleWebKit/537.36 (KHTML, like Gecko) Chrome/120.0.0.0 Safari/537.36"
20.63.102.54 - - [02/Mar/2026:09:10:38 -0500] "GET /wp-includes/IXR/index.php HTTP/1.1" 301 795 "-" "Mozilla/5.0 (Windows NT 10.0; Win64; x64) AppleWebKit/537.36 (KHTML, like Gecko) Chrome/120.0.0.0 Safari/537.36"
20.63.102.54 - - [02/Mar/2026:09:10:39 -0500] "GET /wp-cron.php HTTP/1.1" 301 795 "-" "Mozilla/5.0 (Windows NT 10.0; Win64; x64) AppleWebKit/537.36 (KHTML, like Gecko) Chrome/120.0.0.0 Safari/537.36"
20.63.102.54 - - [02/Mar/2026:09:10:39 -0500] "GET /.well-known/ HTTP/1.1" 301 795 "-" "Mozilla/5.0 (Windows NT 10.0; Win64; x64) AppleWebKit/537.36 (KHTML, like Gecko) Chrome/120.0.0.0 Safari/537.36"
20.63.102.54 - - [02/Mar/2026:09:10:39 -0500] "GET /wp-includes/Text/lv.php HTTP/1.1" 301 795 "-" "Mozilla/5.0 (Windows NT 10.0; Win64; x64) AppleWebKit/537.36 (KHTML, like Gecko) Chrome/120.0.0.0 Safari/537.36"
20.63.102.54 - - [02/Mar/2026:09:10:39 -0500] "GET /wp-admin/js/admiin.php HTTP/1.1" 301 795 "-" "Mozilla/5.0 (Windows NT 10.0; Win64; x64) AppleWebKit/537.36 (KHTML, like Gecko) Chrome/120.0.0.0 Safari/537.36"
20.63.102.54 - - [02/Mar/2026:09:10:39 -0500] "GET /about.php HTTP/1.1" 301 795 "-" "Mozilla/5.0 (Windows NT 10.0; Win64; x64) AppleWebKit/537.36 (KHTML, like Gecko) Chrome/120.0.0.0 Safari/537.36"
20.63.102.54 - - [02/Mar/2026:09:10:39 -0500] "GET /about.PHP HTTP/1.1" 301 795 "-" "Mozilla/5.0 (Windows NT 10.0; Win64; x64) AppleWebKit/537.36 (KHTML, like Gecko) Chrome/120.0.0.0 Safari/537.36"
20.63.102.54 - - [02/Mar/2026:09:10:39 -0500] "GET /function/function.php HTTP/1.1" 301 795 "-" "Mozilla/5.0 (Windows NT 10.0; Win64; x64) AppleWebKit/537.36 (KHTML, like Gecko) Chrome/120.0.0.0 Safari/537.36"
20.63.102.54 - - [02/Mar/2026:09:10:39 -0500] "GET /wp-content/edit.php HTTP/1.1" 301 795 "-" "Mozilla/5.0 (Windows NT 10.0; Win64; x64) AppleWebKit/537.36 (KHTML, like Gecko) Chrome/120.0.0.0 Safari/537.36"
20.63.102.54 - - [02/Mar/2026:09:10:39 -0500] "GET /index/function.php HTTP/1.1" 301 795 "-" "Mozilla/5.0 (Windows NT 10.0; Win64; x64) AppleWebKit/537.36 (KHTML, like Gecko) Chrome/120.0.0.0 Safari/537.36"
20.63.102.54 - - [02/Mar/2026:09:10:40 -0500] "GET /wp-content/1.php HTTP/1.1" 301 795 "-" "Mozilla/5.0 (Windows NT 10.0; Win64; x64) AppleWebKit/537.36 (KHTML, like Gecko) Chrome/120.0.0.0 Safari/537.36"
20.63.102.54 - - [02/Mar/2026:09:10:40 -0500] "GET /inputs.php HTTP/1.1" 301 795 "-" "Mozilla/5.0 (Windows NT 10.0; Win64; x64) AppleWebKit/537.36 (KHTML, like Gecko) Chrome/120.0.0.0 Safari/537.36"
20.63.102.54 - - [02/Mar/2026:09:10:40 -0500] "GET /man.php HTTP/1.1" 301 795 "-" "Mozilla/5.0 (Windows NT 10.0; Win64; x64) AppleWebKit/537.36 (KHTML, like Gecko) Chrome/120.0.0.0 Safari/537.36"
20.63.102.54 - - [02/Mar/2026:09:10:40 -0500] "GET /wp-includes/fonts/wp-login.php HTTP/1.1" 301 795 "-" "Mozilla/5.0 (Windows NT 10.0; Win64; x64) AppleWebKit/537.36 (KHTML, like Gecko) Chrome/120.0.0.0 Safari/537.36"
20.63.102.54 - - [02/Mar/2026:09:10:40 -0500] "GET /wp-includes/css/index.php HTTP/1.1" 301 795 "-" "Mozilla/5.0 (Windows NT 10.0; Win64; x64) AppleWebKit/537.36 (KHTML, like Gecko) Chrome/120.0.0.0 Safari/537.36"
20.63.102.54 - - [02/Mar/2026:09:10:40 -0500] "GET /plugins.php HTTP/1.1" 301 795 "-" "Mozilla/5.0 (Windows NT 10.0; Win64; x64) AppleWebKit/537.36 (KHTML, like Gecko) Chrome/120.0.0.0 Safari/537.36"
20.63.102.54 - - [02/Mar/2026:09:10:40 -0500] "GET /wp-content/uploads/2025/ HTTP/1.1" 301 795 "-" "Mozilla/5.0 (Windows NT 10.0; Win64; x64) AppleWebKit/537.36 (KHTML, like Gecko) Chrome/120.0.0.0 Safari/537.36"
20.63.102.54 - - [02/Mar/2026:09:10:40 -0500] "GET /themes.php HTTP/1.1" 301 795 "-" "Mozilla/5.0 (Windows NT 10.0; Win64; x64) AppleWebKit/537.36 (KHTML, like Gecko) Chrome/120.0.0.0 Safari/537.36"
20.63.102.54 - - [02/Mar/2026:09:10:40 -0500] "GET /wp-content/themes/index.php HTTP/1.1" 301 795 "-" "Mozilla/5.0 (Windows NT 10.0; Win64; x64) AppleWebKit/537.36 (KHTML, like Gecko) Chrome/120.0.0.0 Safari/537.36"
20.63.102.54 - - [02/Mar/2026:09:10:40 -0500] "GET /sf.php HTTP/1.1" 301 795 "-" "Mozilla/5.0 (Windows NT 10.0; Win64; x64) AppleWebKit/537.36 (KHTML, like Gecko) Chrome/120.0.0.0 Safari/537.36"
20.63.102.54 - - [02/Mar/2026:09:10:40 -0500] "GET /404.php HTTP/1.1" 301 795 "-" "Mozilla/5.0 (Windows NT 10.0; Win64; x64) AppleWebKit/537.36 (KHTML, like Gecko) Chrome/120.0.0.0 Safari/537.36"
20.63.102.54 - - [02/Mar/2026:09:10:40 -0500] "GET /depotcv.php HTTP/1.1" 301 795 "-" "Mozilla/5.0 (Windows NT 10.0; Win64; x64) AppleWebKit/537.36 (KHTML, like Gecko) Chrome/120.0.0.0 Safari/537.36"
20.63.102.54 - - [02/Mar/2026:09:10:40 -0500] "GET /sidwsi.php HTTP/1.1" 301 795 "-" "Mozilla/5.0 (Windows NT 10.0; Win64; x64) AppleWebKit/537.36 (KHTML, like Gecko) Chrome/120.0.0.0 Safari/537.36"
20.78.169.245 - - [02/Mar/2026:09:34:14 -0500] "GET /wk/index.php HTTP/1.1" 301 795 "-" "Mozilla/5.0 (Windows NT 10.0; Win64; x64) AppleWebKit/537.36 (KHTML, like Gecko) Chrome/120.0.0.0 Safari/537.36"
20.78.169.245 - - [02/Mar/2026:09:34:15 -0500] "GET /ioxi-o.php HTTP/1.1" 301 795 "-" "Mozilla/5.0 (Windows NT 10.0; Win64; x64) AppleWebKit/537.36 (KHTML, like Gecko) Chrome/120.0.0.0 Safari/537.36"
20.78.169.245 - - [02/Mar/2026:09:34:15 -0500] "GET /wp-content/uploads/index.php HTTP/1.1" 301 795 "-" "Mozilla/5.0 (Windows NT 10.0; Win64; x64) AppleWebKit/537.36 (KHTML, like Gecko) Chrome/120.0.0.0 Safari/537.36"
20.78.169.245 - - [02/Mar/2026:09:34:15 -0500] "GET /cache.php HTTP/1.1" 301 795 "-" "Mozilla/5.0 (Windows NT 10.0; Win64; x64) AppleWebKit/537.36 (KHTML, like Gecko) Chrome/120.0.0.0 Safari/537.36"
20.78.169.245 - - [02/Mar/2026:09:34:15 -0500] "GET /themes.php HTTP/1.1" 301 795 "-" "Mozilla/5.0 (Windows NT 10.0; Win64; x64) AppleWebKit/537.36 (KHTML, like Gecko) Chrome/120.0.0.0 Safari/537.36"
20.78.169.245 - - [02/Mar/2026:09:34:16 -0500] "GET /index/function.php HTTP/1.1" 301 795 "-" "Mozilla/5.0 (Windows NT 10.0; Win64; x64) AppleWebKit/537.36 (KHTML, like Gecko) Chrome/120.0.0.0 Safari/537.36"
20.78.169.245 - - [02/Mar/2026:09:34:16 -0500] "GET /ws.php HTTP/1.1" 301 795 "-" "Mozilla/5.0 (Windows NT 10.0; Win64; x64) AppleWebKit/537.36 (KHTML, like Gecko) Chrome/120.0.0.0 Safari/537.36"
20.78.169.245 - - [02/Mar/2026:09:34:17 -0500] "GET /wp-content/themes/hideo/network.php HTTP/1.1" 301 795 "-" "Mozilla/5.0 (Windows NT 10.0; Win64; x64) AppleWebKit/537.36 (KHTML, like Gecko) Chrome/120.0.0.0 Safari/537.36"
20.78.169.245 - - [02/Mar/2026:09:34:17 -0500] "GET /abcd.php HTTP/1.1" 301 795 "-" "Mozilla/5.0 (Windows NT 10.0; Win64; x64) AppleWebKit/537.36 (KHTML, like Gecko) Chrome/120.0.0.0 Safari/537.36"
20.78.169.245 - - [02/Mar/2026:09:34:17 -0500] "GET /about.php HTTP/1.1" 301 795 "-" "Mozilla/5.0 (Windows NT 10.0; Win64; x64) AppleWebKit/537.36 (KHTML, like Gecko) Chrome/120.0.0.0 Safari/537.36"
20.78.169.245 - - [02/Mar/2026:09:34:18 -0500] "GET /file.php HTTP/1.1" 301 795 "-" "Mozilla/5.0 (Windows NT 10.0; Win64; x64) AppleWebKit/537.36 (KHTML, like Gecko) Chrome/120.0.0.0 Safari/537.36"
20.78.169.245 - - [02/Mar/2026:09:34:18 -0500] "GET /adminfuns.php HTTP/1.1" 301 795 "-" "Mozilla/5.0 (Windows NT 10.0; Win64; x64) AppleWebKit/537.36 (KHTML, like Gecko) Chrome/120.0.0.0 Safari/537.36"
20.78.169.245 - - [02/Mar/2026:09:34:18 -0500] "GET /xmlrpc.php HTTP/1.1" 301 795 "-" "Mozilla/5.0 (Windows NT 10.0; Win64; x64) AppleWebKit/537.36 (KHTML, like Gecko) Chrome/120.0.0.0 Safari/537.36"
20.78.169.245 - - [02/Mar/2026:09:34:19 -0500] "GET /autoload_classmap.php HTTP/1.1" 301 795 "-" "Mozilla/5.0 (Windows NT 10.0; Win64; x64) AppleWebKit/537.36 (KHTML, like Gecko) Chrome/120.0.0.0 Safari/537.36"
20.78.169.245 - - [02/Mar/2026:09:34:19 -0500] "GET /chosen.php?p= HTTP/1.1" 301 795 "-" "Mozilla/5.0 (Windows NT 10.0; Win64; x64) AppleWebKit/537.36 (KHTML, like Gecko) Chrome/120.0.0.0 Safari/537.36"
20.78.169.245 - - [02/Mar/2026:09:34:19 -0500] "GET /classwithtostring.php HTTP/1.1" 301 795 "-" "Mozilla/5.0 (Windows NT 10.0; Win64; x64) AppleWebKit/537.36 (KHTML, like Gecko) Chrome/120.0.0.0 Safari/537.36"
20.78.169.245 - - [02/Mar/2026:09:34:19 -0500] "GET /defaults.php HTTP/1.1" 301 795 "-" "Mozilla/5.0 (Windows NT 10.0; Win64; x64) AppleWebKit/537.36 (KHTML, like Gecko) Chrome/120.0.0.0 Safari/537.36"
20.78.169.245 - - [02/Mar/2026:09:34:19 -0500] "GET /wp-includes/ HTTP/1.1" 301 795 "-" "Mozilla/5.0 (Windows NT 10.0; Win64; x64) AppleWebKit/537.36 (KHTML, like Gecko) Chrome/120.0.0.0 Safari/537.36"
20.78.169.245 - - [02/Mar/2026:09:34:19 -0500] "GET /.well-known/ HTTP/1.1" 301 795 "-" "Mozilla/5.0 (Windows NT 10.0; Win64; x64) AppleWebKit/537.36 (KHTML, like Gecko) Chrome/120.0.0.0 Safari/537.36"
20.78.169.245 - - [02/Mar/2026:09:34:20 -0500] "GET /info.php HTTP/1.1" 301 795 "-" "Mozilla/5.0 (Windows NT 10.0; Win64; x64) AppleWebKit/537.36 (KHTML, like Gecko) Chrome/120.0.0.0 Safari/537.36"
20.78.169.245 - - [02/Mar/2026:09:34:14 -0500] "GET /inputs.php HTTP/1.1" 301 795 "-" "Mozilla/5.0 (Windows NT 10.0; Win64; x64) AppleWebKit/537.36 (KHTML, like Gecko) Chrome/120.0.0.0 Safari/537.36"
20.78.169.245 - - [02/Mar/2026:09:34:15 -0500] "GET /function/function.php HTTP/1.1" 301 795 "-" "Mozilla/5.0 (Windows NT 10.0; Win64; x64) AppleWebKit/537.36 (KHTML, like Gecko) Chrome/120.0.0.0 Safari/537.36"
20.78.169.245 - - [02/Mar/2026:09:34:15 -0500] "GET /rip.php HTTP/1.1" 301 795 "-" "Mozilla/5.0 (Windows NT 10.0; Win64; x64) AppleWebKit/537.36 (KHTML, like Gecko) Chrome/120.0.0.0 Safari/537.36"
20.78.169.245 - - [02/Mar/2026:09:34:15 -0500] "GET /admin.php HTTP/1.1" 301 795 "-" "Mozilla/5.0 (Windows NT 10.0; Win64; x64) AppleWebKit/537.36 (KHTML, like Gecko) Chrome/120.0.0.0 Safari/537.36"
20.78.169.245 - - [02/Mar/2026:09:34:16 -0500] "GET /an.php HTTP/1.1" 301 795 "-" "Mozilla/5.0 (Windows NT 10.0; Win64; x64) AppleWebKit/537.36 (KHTML, like Gecko) Chrome/120.0.0.0 Safari/537.36"
20.78.169.245 - - [02/Mar/2026:09:34:16 -0500] "GET /randkeyword.PhP7 HTTP/1.1" 301 795 "-" "Mozilla/5.0 (Windows NT 10.0; Win64; x64) AppleWebKit/537.36 (KHTML, like Gecko) Chrome/120.0.0.0 Safari/537.36"
20.78.169.245 - - [02/Mar/2026:09:34:16 -0500] "GET /404.php HTTP/1.1" 301 795 "-" "Mozilla/5.0 (Windows NT 10.0; Win64; x64) AppleWebKit/537.36 (KHTML, like Gecko) Chrome/120.0.0.0 Safari/537.36"
20.78.169.245 - - [02/Mar/2026:09:34:16 -0500] "GET /wp-admin/user/index.php HTTP/1.1" 301 795 "-" "Mozilla/5.0 (Windows NT 10.0; Win64; x64) AppleWebKit/537.36 (KHTML, like Gecko) Chrome/120.0.0.0 Safari/537.36"
20.78.169.245 - - [02/Mar/2026:09:34:16 -0500] "GET /wp-conf.php HTTP/1.1" 301 795 "-" "Mozilla/5.0 (Windows NT 10.0; Win64; x64) AppleWebKit/537.36 (KHTML, like Gecko) Chrome/120.0.0.0 Safari/537.36"
20.78.169.245 - - [02/Mar/2026:09:34:17 -0500] "GET /wp-login.php HTTP/1.1" 301 795 "-" "Mozilla/5.0 (Windows NT 10.0; Win64; x64) AppleWebKit/537.36 (KHTML, like Gecko) Chrome/120.0.0.0 Safari/537.36"
20.78.169.245 - - [02/Mar/2026:09:34:17 -0500] "GET /abc.php HTTP/1.1" 301 795 "-" "Mozilla/5.0 (Windows NT 10.0; Win64; x64) AppleWebKit/537.36 (KHTML, like Gecko) Chrome/120.0.0.0 Safari/537.36"
20.78.169.245 - - [02/Mar/2026:09:34:17 -0500] "GET /as.php HTTP/1.1" 301 795 "-" "Mozilla/5.0 (Windows NT 10.0; Win64; x64) AppleWebKit/537.36 (KHTML, like Gecko) Chrome/120.0.0.0 Safari/537.36"
20.78.169.245 - - [02/Mar/2026:09:34:17 -0500] "GET /wp-trackback.php HTTP/1.1" 301 795 "-" "Mozilla/5.0 (Windows NT 10.0; Win64; x64) AppleWebKit/537.36 (KHTML, like Gecko) Chrome/120.0.0.0 Safari/537.36"
20.78.169.245 - - [02/Mar/2026:09:34:18 -0500] "GET /wp-good.php HTTP/1.1" 301 795 "-" "Mozilla/5.0 (Windows NT 10.0; Win64; x64) AppleWebKit/537.36 (KHTML, like Gecko) Chrome/120.0.0.0 Safari/537.36"
20.78.169.245 - - [02/Mar/2026:09:34:18 -0500] "GET /goods.php HTTP/1.1" 301 795 "-" "Mozilla/5.0 (Windows NT 10.0; Win64; x64) AppleWebKit/537.36 (KHTML, like Gecko) Chrome/120.0.0.0 Safari/537.36"
20.78.169.245 - - [02/Mar/2026:09:34:18 -0500] "GET /class-t.api.php HTTP/1.1" 301 795 "-" "Mozilla/5.0 (Windows NT 10.0; Win64; x64) AppleWebKit/537.36 (KHTML, like Gecko) Chrome/120.0.0.0 Safari/537.36"
20.78.169.245 - - [02/Mar/2026:09:34:18 -0500] "GET /sf.php HTTP/1.1" 301 795 "-" "Mozilla/5.0 (Windows NT 10.0; Win64; x64) AppleWebKit/537.36 (KHTML, like Gecko) Chrome/120.0.0.0 Safari/537.36"
20.78.169.245 - - [02/Mar/2026:09:34:19 -0500] "GET /kbfr.php HTTP/1.1" 301 795 "-" "Mozilla/5.0 (Windows NT 10.0; Win64; x64) AppleWebKit/537.36 (KHTML, like Gecko) Chrome/120.0.0.0 Safari/537.36"
20.78.169.245 - - [02/Mar/2026:09:34:20 -0500] "GET /uploads/ HTTP/1.1" 301 795 "-" "Mozilla/5.0 (Windows NT 10.0; Win64; x64) AppleWebKit/537.36 (KHTML, like Gecko) Chrome/120.0.0.0 Safari/537.36"
20.78.169.245 - - [02/Mar/2026:09:34:20 -0500] "GET /wp-includes/Requests/src/Response/about.php HTTP/1.1" 301 795 "-" "Mozilla/5.0 (Windows NT 10.0; Win64; x64) AppleWebKit/537.36 (KHTML, like Gecko) Chrome/120.0.0.0 Safari/537.36"
20.78.169.245 - - [02/Mar/2026:09:34:20 -0500] "GET /cgi-bin/ HTTP/1.1" 301 795 "-" "Mozilla/5.0 (Windows NT 10.0; Win64; x64) AppleWebKit/537.36 (KHTML, like Gecko) Chrome/120.0.0.0 Safari/537.36"
20.78.169.245 - - [02/Mar/2026:09:34:20 -0500] "GET /wp-admin/images/ HTTP/1.1" 301 795 "-" "Mozilla/5.0 (Windows NT 10.0; Win64; x64) AppleWebKit/537.36 (KHTML, like Gecko) Chrome/120.0.0.0 Safari/537.36"
20.78.169.245 - - [02/Mar/2026:09:34:20 -0500] "GET /wp-content/admin.php HTTP/1.1" 301 795 "-" "Mozilla/5.0 (Windows NT 10.0; Win64; x64) AppleWebKit/537.36 (KHTML, like Gecko) Chrome/120.0.0.0 Safari/537.36"
20.78.169.245 - - [02/Mar/2026:09:34:20 -0500] "GET /wp-admin/css/colors/ectoplasm/ HTTP/1.1" 301 795 "-" "Mozilla/5.0 (Windows NT 10.0; Win64; x64) AppleWebKit/537.36 (KHTML, like Gecko) Chrome/120.0.0.0 Safari/537.36"
20.78.169.245 - - [02/Mar/2026:09:34:21 -0500] "GET /wp-content/themes/admin.php HTTP/1.1" 301 795 "-" "Mozilla/5.0 (Windows NT 10.0; Win64; x64) AppleWebKit/537.36 (KHTML, like Gecko) Chrome/120.0.0.0 Safari/537.36"
20.78.169.245 - - [02/Mar/2026:09:34:21 -0500] "GET /wp-includes/PHPMailer/ HTTP/1.1" 301 795 "-" "Mozilla/5.0 (Windows NT 10.0; Win64; x64) AppleWebKit/537.36 (KHTML, like Gecko) Chrome/120.0.0.0 Safari/537.36"
20.78.169.245 - - [02/Mar/2026:09:34:21 -0500] "GET /wp-includes/images/ HTTP/1.1" 301 795 "-" "Mozilla/5.0 (Windows NT 10.0; Win64; x64) AppleWebKit/537.36 (KHTML, like Gecko) Chrome/120.0.0.0 Safari/537.36"
20.78.169.245 - - [02/Mar/2026:09:34:21 -0500] "GET /wp-content/plugins/WordPressCore/ HTTP/1.1" 301 795 "-" "Mozilla/5.0 (Windows NT 10.0; Win64; x64) AppleWebKit/537.36 (KHTML, like Gecko) Chrome/120.0.0.0 Safari/537.36"
20.78.169.245 - - [02/Mar/2026:09:34:20 -0500] "GET /wp-includes/html-api/ HTTP/1.1" 301 795 "-" "Mozilla/5.0 (Windows NT 10.0; Win64; x64) AppleWebKit/537.36 (KHTML, like Gecko) Chrome/120.0.0.0 Safari/537.36"
20.78.169.245 - - [02/Mar/2026:09:34:21 -0500] "GET /wp-content/uploads/ HTTP/1.1" 301 795 "-" "Mozilla/5.0 (Windows NT 10.0; Win64; x64) AppleWebKit/537.36 (KHTML, like Gecko) Chrome/120.0.0.0 Safari/537.36"
20.78.169.245 - - [02/Mar/2026:09:34:21 -0500] "GET /wp-content/themes/index.php HTTP/1.1" 301 795 "-" "Mozilla/5.0 (Windows NT 10.0; Win64; x64) AppleWebKit/537.36 (KHTML, like Gecko) Chrome/120.0.0.0 Safari/537.36"
20.78.169.245 - - [02/Mar/2026:09:34:21 -0500] "GET /wp-content/plugins/index.php HTTP/1.1" 301 795 "-" "Mozilla/5.0 (Windows NT 10.0; Win64; x64) AppleWebKit/537.36 (KHTML, like Gecko) Chrome/120.0.0.0 Safari/537.36"
46.8.156.164 - - [02/Mar/2026:09:40:25 -0500] "GET /contact-us/ HTTP/1.0" 200 128240 "https://www.bagpackvacation.com/contact-us/" "Mozilla/5.0 (Windows NT 10.0; Win64; x64) AppleWebKit/537.36 (KHTML, like Gecko) Chrome/131.0.0.0 Safari/537.36"
162.213.253.84 - - [02/Mar/2026:09:40:33 -0500] "POST /wp-admin/admin-ajax.php?action=wp_1_wc_privacy_cleanup&nonce=eb28bdd3cd HTTP/1.1" 200 0 "-" "WordPress/6.9.1; https://www.bagpackvacation.com"
162.213.253.84 - - [02/Mar/2026:09:41:21 -0500] "POST /wp-cron.php?doing_wp_cron=1772462481.9407720565795898437500 HTTP/1.1" 200 0 "-" "WordPress/6.9.1; https://www.bagpackvacation.com"
114.119.137.238 - - [02/Mar/2026:09:41:20 -0500] "GET /relaxing-shimla-with-narkanda-3-night-4-days HTTP/1.1" 301 0 "https://www.bagpackvacation.com/relaxing-shimla-with-narkanda-3-night-4-days" "Mozilla/5.0 (Linux; Android 7.0;) AppleWebKit/537.36 (KHTML, like Gecko) Mobile Safari/537.36 (compatible; PetalBot;+https://webmaster.petalsearch.com/site/petalbot)"
114.119.137.238 - - [02/Mar/2026:09:41:22 -0500] "GET /relaxing-shimla-with-narkanda-3-night-4-days/ HTTP/1.1" 200 29452 "https://www.bagpackvacation.com/relaxing-shimla-with-narkanda-3-night-4-days" "Mozilla/5.0 (Linux; Android 7.0;) AppleWebKit/537.36 (KHTML, like Gecko) Mobile Safari/537.36 (compatible; PetalBot;+https://webmaster.petalsearch.com/site/petalbot)"
114.119.156.124 - - [02/Mar/2026:09:44:12 -0500] "GET /explore-manali-3-night-4-days HTTP/1.1" 301 0 "https://www.bagpackvacation.com/explore-manali-3-night-4-days" "Mozilla/5.0 (Linux; Android 7.0;) AppleWebKit/537.36 (KHTML, like Gecko) Mobile Safari/537.36 (compatible; PetalBot;+https://webmaster.petalsearch.com/site/petalbot)"
162.213.253.84 - - [02/Mar/2026:09:44:16 -0500] "POST /wp-admin/admin-ajax.php?action=async_litespeed&nonce=adLkTrHIdZ4Eaby8yOVmvRDACwG6HTRd&litespeed_type=imgoptm HTTP/1.1" 200 0 "-" "WordPress/6.9.1; https://www.bagpackvacation.com"
162.213.253.84 - - [02/Mar/2026:09:40:30 -0500] "POST /wp-cron.php?doing_wp_cron=1772462430.4344370365142822265625 HTTP/1.1" 200 0 "-" "WordPress/6.9.1; https://www.bagpackvacation.com"
46.8.156.164 - - [02/Mar/2026:09:40:27 -0500] "POST /wp-admin/admin-ajax.php HTTP/1.0" 200 111 "https://www.bagpackvacation.com/contact-us/" "Mozilla/5.0 (Windows NT 10.0; Win64; x64) AppleWebKit/537.36 (KHTML, like Gecko) Chrome/131.0.0.0 Safari/537.36"
162.213.253.84 - - [02/Mar/2026:09:40:32 -0500] "POST /wp-admin/admin-ajax.php?action=async_litespeed&nonce=GScmppDPxqtIrhxKx8rPBWkmkJaXxNZG&litespeed_type=imgoptm HTTP/1.1" 200 0 "-" "WordPress/6.9.1; https://www.bagpackvacation.com"
114.119.136.251 - - [02/Mar/2026:09:42:43 -0500] "GET /nainital-corbett-special-3-night-4-days/ HTTP/1.1" 200 29100 "https://www.bagpackvacation.com/jim-corbett-tour-packages/" "Mozilla/5.0 (Linux; Android 7.0;) AppleWebKit/537.36 (KHTML, like Gecko) Mobile Safari/537.36 (compatible; PetalBot;+https://webmaster.petalsearch.com/site/petalbot)"
162.213.253.84 - - [02/Mar/2026:09:44:14 -0500] "POST /wp-cron.php?doing_wp_cron=1772462654.9009020328521728515625 HTTP/1.1" 200 0 "-" "WordPress/6.9.1; https://www.bagpackvacation.com"
114.119.156.124 - - [02/Mar/2026:09:44:16 -0500] "GET /explore-manali-3-night-4-days/ HTTP/1.1" 200 28944 "https://www.bagpackvacation.com/explore-manali-3-night-4-days" "Mozilla/5.0 (Linux; Android 7.0;) AppleWebKit/537.36 (KHTML, like Gecko) Mobile Safari/537.36 (compatible; PetalBot;+https://webmaster.petalsearch.com/site/petalbot)"
114.119.157.36 - - [02/Mar/2026:09:57:53 -0500] "GET /sikkim-delight-with-gangtok-darjeeling/ HTTP/1.1" 200 29369 "https://www.bagpackvacation.com/sikkim-delight-with-gangtok-darjeeling" "Mozilla/5.0 (Linux; Android 7.0;) AppleWebKit/537.36 (KHTML, like Gecko) Mobile Safari/537.36 (compatible; PetalBot;+https://webmaster.petalsearch.com/site/petalbot)"
114.119.150.6 - - [02/Mar/2026:10:00:35 -0500] "GET /4-nights-05-days-idyllic-malaysia-tour-package HTTP/1.1" 301 0 "https://www.bagpackvacation.com/malaysia-tour-packages" "Mozilla/5.0 (Linux; Android 7.0;) AppleWebKit/537.36 (KHTML, like Gecko) Mobile Safari/537.36 (compatible; PetalBot;+https://webmaster.petalsearch.com/site/petalbot)"
114.119.150.6 - - [02/Mar/2026:10:00:37 -0500] "GET /4-nights-05-days-idyllic-malaysia-tour-package/ HTTP/1.1" 200 29907 "https://www.bagpackvacation.com/malaysia-tour-packages" "Mozilla/5.0 (Linux; Android 7.0;) AppleWebKit/537.36 (KHTML, like Gecko) Mobile Safari/537.36 (compatible; PetalBot;+https://webmaster.petalsearch.com/site/petalbot)"
162.213.253.84 - - [02/Mar/2026:10:02:01 -0500] "POST /wp-cron.php?doing_wp_cron=1772463720.9942660331726074218750 HTTP/1.1" 200 0 "-" "WordPress/6.9.1; https://www.bagpackvacation.com"
114.119.152.5 - - [02/Mar/2026:10:02:01 -0500] "GET /beautiful-shimla-2-night-3-days/ HTTP/1.1" 200 29058 "-" "Mozilla/5.0 (Linux; Android 7.0;) AppleWebKit/537.36 (KHTML, like Gecko) Mobile Safari/537.36 (compatible; PetalBot;+https://webmaster.petalsearch.com/site/petalbot)"
162.213.253.84 - - [02/Mar/2026:10:02:02 -0500] "POST /wp-admin/admin-ajax.php?action=async_litespeed&nonce=CCX5dvoYw9tTzNhxL7TIaFWE3No8NVSP&litespeed_type=imgoptm HTTP/1.1" 200 0 "-" "WordPress/6.9.1; https://www.bagpackvacation.com"
162.213.253.84 - - [02/Mar/2026:09:57:52 -0500] "POST /wp-cron.php?doing_wp_cron=1772463472.1126110553741455078125 HTTP/1.1" 200 0 "-" "WordPress/6.9.1; https://www.bagpackvacation.com"
114.119.157.36 - - [02/Mar/2026:09:57:50 -0500] "GET /sikkim-delight-with-gangtok-darjeeling HTTP/1.1" 301 0 "https://www.bagpackvacation.com/sikkim-delight-with-gangtok-darjeeling" "Mozilla/5.0 (Linux; Android 7.0;) AppleWebKit/537.36 (KHTML, like Gecko) Mobile Safari/537.36 (compatible; PetalBot;+https://webmaster.petalsearch.com/site/petalbot)"
162.213.253.84 - - [02/Mar/2026:09:57:53 -0500] "POST /wp-admin/admin-ajax.php?action=async_litespeed&nonce=vCpBQvHujfyDwHIc1l4ZSRqSIYH6SXvc&litespeed_type=imgoptm HTTP/1.1" 200 0 "-" "WordPress/6.9.1; https://www.bagpackvacation.com"
114.119.137.238 - - [02/Mar/2026:09:59:14 -0500] "GET /category/uncategorized/ HTTP/1.1" 200 20506 "https://www.bagpackvacation.com/5-night-6-days-malaysia-family-tour" "Mozilla/5.0 (Linux; Android 7.0;) AppleWebKit/537.36 (KHTML, like Gecko) Mobile Safari/537.36 (compatible; PetalBot;+https://webmaster.petalsearch.com/site/petalbot)"
114.119.152.5 - - [02/Mar/2026:10:01:59 -0500] "GET /beautiful-shimla-2-night-3-days HTTP/1.1" 301 0 "-" "Mozilla/5.0 (Linux; Android 7.0;) AppleWebKit/537.36 (KHTML, like Gecko) Mobile Safari/537.36 (compatible; PetalBot;+https://webmaster.petalsearch.com/site/petalbot)"
162.213.253.84 - - [02/Mar/2026:10:37:51 -0500] "POST /wp-admin/admin-ajax.php?action=async_litespeed&nonce=bnhDuKR0g2LsfoLlLeBhAKKjwdVPxViP&litespeed_type=imgoptm HTTP/1.1" 200 0 "-" "WordPress/6.9.1; https://www.bagpackvacation.com"
170.106.72.178 - - [02/Mar/2026:10:37:50 -0500] "GET / HTTP/1.1" 200 40195 "http://www.bagpackvacation.com" "Mozilla/5.0 (iPhone; CPU iPhone OS 13_2_3 like Mac OS X) AppleWebKit/605.1.15 (KHTML, like Gecko) Version/13.0.3 Mobile/15E148 Safari/604.1"
111.225.149.70 - - [02/Mar/2026:10:55:37 -0500] "GET /robots.txt HTTP/1.1" 200 129 "-" "Mozilla/5.0 (Linux; Android 5.0) AppleWebKit/537.36 (KHTML, like Gecko) Mobile Safari/537.36 (compatible; Bytespider; https://zhanzhang.toutiao.com/)"
110.249.201.121 - - [02/Mar/2026:10:55:39 -0500] "GET /robots.txt HTTP/1.1" 200 129 "-" "Mozilla/5.0 (Linux; Android 5.0) AppleWebKit/537.36 (KHTML, like Gecko) Mobile Safari/537.36 (compatible; Bytespider; https://zhanzhang.toutiao.com/)"
110.249.201.230 - - [02/Mar/2026:10:55:37 -0500] "GET /robots.txt HTTP/1.1" 301 795 "-" "Mozilla/5.0 (Linux; Android 5.0) AppleWebKit/537.36 (KHTML, like Gecko) Mobile Safari/537.36 (compatible; Bytespider; https://zhanzhang.toutiao.com/)"
14.162.103.245 - - [02/Mar/2026:11:20:48 -0500] "GET /4-night-5-days-best-of-bali-package/ HTTP/1.1" 200 30012 "-" "Mozilla/5.0 (Windows NT 6.3; WOW64) AppleWebKit/537.36 (KHTML, like Gecko) Chrome/88.0.4324.190 Safari/537.36"
74.7.230.52 - - [02/Mar/2026:11:23:48 -0500] "GET /robots.txt HTTP/1.1" 200 108 "-" "Mozilla/5.0 (Macintosh; Intel Mac OS X 10_15_7) AppleWebKit/537.36 (KHTML, like Gecko) Chrome/131.0.0.0 Safari/537.36; compatible; OAI-SearchBot/1.3; robots.txt; +https://openai.com/searchbot"
162.213.253.84 - - [02/Mar/2026:11:24:11 -0500] "POST /wp-cron.php?doing_wp_cron=1772468650.9878039360046386718750 HTTP/1.1" 200 0 "-" "WordPress/6.9.1; https://www.bagpackvacation.com"
74.7.241.57 - - [02/Mar/2026:11:24:09 -0500] "GET /?p=196 HTTP/1.1" 301 0 "http://www.bagpackvacation.com" "Mozilla/5.0 AppleWebKit/537.36 (KHTML, like Gecko; compatible; GPTBot/1.3; +https://openai.com/gptbot)"
74.7.241.57 - - [02/Mar/2026:11:24:11 -0500] "GET /contact-us/ HTTP/1.1" 200 22376 "https://www.bagpackvacation.com/?p=196" "Mozilla/5.0 AppleWebKit/537.36 (KHTML, like Gecko; compatible; GPTBot/1.3; +https://openai.com/gptbot)"
162.213.253.84 - - [02/Mar/2026:11:24:12 -0500] "POST /wp-admin/admin-ajax.php?action=async_litespeed&nonce=uxbFrkd64fZGM9f9xvqMQYagFuihwZ1a&litespeed_type=imgoptm HTTP/1.1" 200 0 "-" "WordPress/6.9.1; https://www.bagpackvacation.com"
74.7.241.57 - - [02/Mar/2026:11:24:14 -0500] "GET / HTTP/1.1" 200 34037 "http://www.bagpackvacation.com" "Mozilla/5.0 AppleWebKit/537.36 (KHTML, like Gecko; compatible; GPTBot/1.3; +https://openai.com/gptbot)"
162.213.253.84 - - [02/Mar/2026:11:24:49 -0500] "POST /wp-admin/admin-ajax.php?action=async_litespeed&nonce=xOWoTihEn2hMa4S2a3aAAN6dssiMXuk1&litespeed_type=imgoptm HTTP/1.1" 200 0 "-" "WordPress/6.9.1; https://www.bagpackvacation.com"
74.7.241.57 - - [02/Mar/2026:11:26:04 -0500] "GET /wp-content/plugins/elementor/assets/css/widget-google_maps.min.css?ver=3.28.4 HTTP/1.1" 200 117 "https://www.bagpackvacation.com/?p=196" "Mozilla/5.0 AppleWebKit/537.36 (KHTML, like Gecko; compatible; GPTBot/1.3; +https://openai.com/gptbot)"
168.121.202.30 - - [02/Mar/2026:11:26:08 -0500] "GET /romantic-goa-with-dudh-sagar-waterfall-4-night-5-days/ HTTP/1.1" 200 29026 "-" "Mozilla/5.0 (Windows NT 6.1; Win64; x64) AppleWebKit/537.36 (KHTML, like Gecko) Chrome/85.0.4183.121 Safari/537.36"
162.213.253.84 - - [02/Mar/2026:11:26:44 -0500] "POST /wp-admin/admin-ajax.php?action=async_litespeed&nonce=SxrZcKEISoezS3FkdX0SU8XnE38NuF2U&litespeed_type=imgoptm HTTP/1.1" 200 0 "-" "WordPress/6.9.1; https://www.bagpackvacation.com"
162.213.253.84 - - [02/Mar/2026:11:30:45 -0500] "POST /wp-cron.php?doing_wp_cron=1772469045.7456290721893310546875 HTTP/1.1" 200 0 "-" "WordPress/6.9.1; https://www.bagpackvacation.com"
114.119.137.238 - - [02/Mar/2026:11:30:43 -0500] "GET /product-category/uncategorized/ HTTP/1.1" 200 21529 "https://www.bagpackvacation.com/kashmir-weekend-getaway/" "Mozilla/5.0 (Linux; Android 7.0;) AppleWebKit/537.36 (KHTML, like Gecko) Mobile Safari/537.36 (compatible; PetalBot;+https://webmaster.petalsearch.com/site/petalbot)"
74.7.241.57 - - [02/Mar/2026:11:31:03 -0500] "GET /wp-content/uploads/elementor/css/post-196.css?ver=1714780207 HTTP/1.1" 200 1876 "https://www.bagpackvacation.com/?p=196" "Mozilla/5.0 AppleWebKit/537.36 (KHTML, like Gecko; compatible; GPTBot/1.3; +https://openai.com/gptbot)"
162.213.253.84 - - [02/Mar/2026:11:31:49 -0500] "POST /wp-admin/admin-ajax.php?action=async_litespeed&nonce=sOtIH7u0O6YFBZs6P23OJQzns5vGjBP0&litespeed_type=imgoptm HTTP/1.1" 200 0 "-" "WordPress/6.9.1; https://www.bagpackvacation.com"
114.119.150.6 - - [02/Mar/2026:11:32:07 -0500] "GET /honeymoon-wow-andaman-5-nights-6-days/ HTTP/1.1" 200 29555 "https://www.bagpackvacation.com/honeymoon-wow-andaman-5-nights-6-days" "Mozilla/5.0 (Linux; Android 7.0;) AppleWebKit/537.36 (KHTML, like Gecko) Mobile Safari/537.36 (compatible; PetalBot;+https://webmaster.petalsearch.com/site/petalbot)"
37.139.53.147 - - [02/Mar/2026:11:29:31 -0500] "GET /contact-us/ HTTP/1.0" 200 128240 "https://www.bagpackvacation.com/contact-us/" "Mozilla/5.0 (Windows NT 10.0; Win64; x64) AppleWebKit/537.36 (KHTML, like Gecko) Chrome/131.0.0.0 Safari/537.36 Avast/131.0.0.0"
162.213.253.84 - - [02/Mar/2026:11:29:39 -0500] "POST /wp-cron.php?doing_wp_cron=1772468979.6459140777587890625000 HTTP/1.1" 200 0 "-" "WordPress/6.9.1; https://www.bagpackvacation.com"
37.139.53.147 - - [02/Mar/2026:11:29:35 -0500] "POST /wp-admin/admin-ajax.php HTTP/1.0" 200 111 "https://www.bagpackvacation.com/contact-us/" "Mozilla/5.0 (Windows NT 10.0; Win64; x64) AppleWebKit/537.36 (KHTML, like Gecko) Chrome/131.0.0.0 Safari/537.36 Avast/131.0.0.0"
162.213.253.84 - - [02/Mar/2026:11:29:40 -0500] "POST /wp-admin/admin-ajax.php?action=async_litespeed&nonce=X1gzRJsBq67dAg2vdj5rjfFZe5DWHbKJ&litespeed_type=imgoptm HTTP/1.1" 200 0 "-" "WordPress/6.9.1; https://www.bagpackvacation.com"
162.213.253.84 - - [02/Mar/2026:11:30:47 -0500] "POST /wp-admin/admin-ajax.php?action=async_litespeed&nonce=wFfAM1GfY7uxSFeixq59XpLV8U4KH9ry&litespeed_type=imgoptm HTTP/1.1" 200 0 "-" "WordPress/6.9.1; https://www.bagpackvacation.com"
54.85.7.119 - - [02/Mar/2026:11:41:16 -0500] "GET /explore-kullu-with-manali-4-nights-5-days/ HTTP/1.1" 200 29265 "-" "Mozilla/5.0 AppleWebKit/537.36 (KHTML, like Gecko; compatible; Amazonbot/0.1; +https://developer.amazon.com/support/amazonbot) Chrome/119.0.6045.214 Safari/537.36"
52.231.70.237 - - [02/Mar/2026:11:43:06 -0500] "GET /admin.php HTTP/1.1" 301 795 "-" "Mozilla/5.0 (Windows NT 10.0; Win64; x64) AppleWebKit/537.36 (KHTML, like Gecko) Chrome/120.0.0.0 Safari/537.36"
52.231.70.237 - - [02/Mar/2026:11:43:06 -0500] "GET /wk/index.php HTTP/1.1" 301 795 "-" "Mozilla/5.0 (Windows NT 10.0; Win64; x64) AppleWebKit/537.36 (KHTML, like Gecko) Chrome/120.0.0.0 Safari/537.36"
52.231.70.237 - - [02/Mar/2026:11:43:06 -0500] "GET /adminfuns.php HTTP/1.1" 301 795 "-" "Mozilla/5.0 (Windows NT 10.0; Win64; x64) AppleWebKit/537.36 (KHTML, like Gecko) Chrome/120.0.0.0 Safari/537.36"
52.231.70.237 - - [02/Mar/2026:11:43:07 -0500] "GET /wp-content/themes/admin.php HTTP/1.1" 301 795 "-" "Mozilla/5.0 (Windows NT 10.0; Win64; x64) AppleWebKit/537.36 (KHTML, like Gecko) Chrome/120.0.0.0 Safari/537.36"
52.231.70.237 - - [02/Mar/2026:11:43:07 -0500] "GET /wp-includes/Requests/library/ HTTP/1.1" 301 795 "-" "Mozilla/5.0 (Windows NT 10.0; Win64; x64) AppleWebKit/537.36 (KHTML, like Gecko) Chrome/120.0.0.0 Safari/537.36"
52.231.70.237 - - [02/Mar/2026:11:43:07 -0500] "GET /classwithtostring.php HTTP/1.1" 301 795 "-" "Mozilla/5.0 (Windows NT 10.0; Win64; x64) AppleWebKit/537.36 (KHTML, like Gecko) Chrome/120.0.0.0 Safari/537.36"
52.231.70.237 - - [02/Mar/2026:11:43:07 -0500] "GET /wp-includes/Text/Diff/Engine/index.php HTTP/1.1" 301 795 "-" "Mozilla/5.0 (Windows NT 10.0; Win64; x64) AppleWebKit/537.36 (KHTML, like Gecko) Chrome/120.0.0.0 Safari/537.36"
52.231.70.237 - - [02/Mar/2026:11:43:08 -0500] "GET /wp-includes HTTP/1.1" 301 795 "-" "Mozilla/5.0 (Windows NT 10.0; Win64; x64) AppleWebKit/537.36 (KHTML, like Gecko) Chrome/120.0.0.0 Safari/537.36"
52.231.70.237 - - [02/Mar/2026:11:43:08 -0500] "GET /ms-edit.php HTTP/1.1" 301 795 "-" "Mozilla/5.0 (Windows NT 10.0; Win64; x64) AppleWebKit/537.36 (KHTML, like Gecko) Chrome/120.0.0.0 Safari/537.36"
52.231.70.237 - - [02/Mar/2026:11:43:09 -0500] "GET /wp-admin/js/index.php HTTP/1.1" 301 795 "-" "Mozilla/5.0 (Windows NT 10.0; Win64; x64) AppleWebKit/537.36 (KHTML, like Gecko) Chrome/120.0.0.0 Safari/537.36"
52.231.70.237 - - [02/Mar/2026:11:43:09 -0500] "GET /abcd.php HTTP/1.1" 301 795 "-" "Mozilla/5.0 (Windows NT 10.0; Win64; x64) AppleWebKit/537.36 (KHTML, like Gecko) Chrome/120.0.0.0 Safari/537.36"
52.231.70.237 - - [02/Mar/2026:11:43:09 -0500] "GET /cgi-bin HTTP/1.1" 301 795 "-" "Mozilla/5.0 (Windows NT 10.0; Win64; x64) AppleWebKit/537.36 (KHTML, like Gecko) Chrome/120.0.0.0 Safari/537.36"
52.231.70.237 - - [02/Mar/2026:11:43:10 -0500] "GET /jga.php HTTP/1.1" 301 795 "-" "Mozilla/5.0 (Windows NT 10.0; Win64; x64) AppleWebKit/537.36 (KHTML, like Gecko) Chrome/120.0.0.0 Safari/537.36"
52.231.70.237 - - [02/Mar/2026:11:43:10 -0500] "GET /wp-includes/IXR/index.php HTTP/1.1" 301 795 "-" "Mozilla/5.0 (Windows NT 10.0; Win64; x64) AppleWebKit/537.36 (KHTML, like Gecko) Chrome/120.0.0.0 Safari/537.36"
52.231.70.237 - - [02/Mar/2026:11:43:10 -0500] "GET /wp-admin.php HTTP/1.1" 301 795 "-" "Mozilla/5.0 (Windows NT 10.0; Win64; x64) AppleWebKit/537.36 (KHTML, like Gecko) Chrome/120.0.0.0 Safari/537.36"
52.231.70.237 - - [02/Mar/2026:11:43:11 -0500] "GET /wp-content/uploads/ HTTP/1.1" 301 795 "-" "Mozilla/5.0 (Windows NT 10.0; Win64; x64) AppleWebKit/537.36 (KHTML, like Gecko) Chrome/120.0.0.0 Safari/537.36"
52.231.70.237 - - [02/Mar/2026:11:43:11 -0500] "GET /wp-content/uploads/admin.php HTTP/1.1" 301 795 "-" "Mozilla/5.0 (Windows NT 10.0; Win64; x64) AppleWebKit/537.36 (KHTML, like Gecko) Chrome/120.0.0.0 Safari/537.36"
52.231.70.237 - - [02/Mar/2026:11:43:11 -0500] "GET /166.php HTTP/1.1" 301 795 "-" "Mozilla/5.0 (Windows NT 10.0; Win64; x64) AppleWebKit/537.36 (KHTML, like Gecko) Chrome/120.0.0.0 Safari/537.36"
52.231.70.237 - - [02/Mar/2026:11:43:11 -0500] "GET /wp-content/edit.php HTTP/1.1" 301 795 "-" "Mozilla/5.0 (Windows NT 10.0; Win64; x64) AppleWebKit/537.36 (KHTML, like Gecko) Chrome/120.0.0.0 Safari/537.36"
52.231.70.237 - - [02/Mar/2026:11:43:06 -0500] "GET /wp-admin/js/ HTTP/1.1" 301 795 "-" "Mozilla/5.0 (Windows NT 10.0; Win64; x64) AppleWebKit/537.36 (KHTML, like Gecko) Chrome/120.0.0.0 Safari/537.36"
52.231.70.237 - - [02/Mar/2026:11:43:06 -0500] "GET /f.php HTTP/1.1" 301 795 "-" "Mozilla/5.0 (Windows NT 10.0; Win64; x64) AppleWebKit/537.36 (KHTML, like Gecko) Chrome/120.0.0.0 Safari/537.36"
52.231.70.237 - - [02/Mar/2026:11:43:07 -0500] "GET /sf.php HTTP/1.1" 301 795 "-" "Mozilla/5.0 (Windows NT 10.0; Win64; x64) AppleWebKit/537.36 (KHTML, like Gecko) Chrome/120.0.0.0 Safari/537.36"
52.231.70.237 - - [02/Mar/2026:11:43:07 -0500] "GET /bgymj.php HTTP/1.1" 301 795 "-" "Mozilla/5.0 (Windows NT 10.0; Win64; x64) AppleWebKit/537.36 (KHTML, like Gecko) Chrome/120.0.0.0 Safari/537.36"
52.231.70.237 - - [02/Mar/2026:11:43:07 -0500] "GET /wp.php HTTP/1.1" 301 795 "-" "Mozilla/5.0 (Windows NT 10.0; Win64; x64) AppleWebKit/537.36 (KHTML, like Gecko) Chrome/120.0.0.0 Safari/537.36"
52.231.70.237 - - [02/Mar/2026:11:43:08 -0500] "GET /wp-content/admin.php HTTP/1.1" 301 795 "-" "Mozilla/5.0 (Windows NT 10.0; Win64; x64) AppleWebKit/537.36 (KHTML, like Gecko) Chrome/120.0.0.0 Safari/537.36"
52.231.70.237 - - [02/Mar/2026:11:43:08 -0500] "GET /wp-file.php HTTP/1.1" 301 795 "-" "Mozilla/5.0 (Windows NT 10.0; Win64; x64) AppleWebKit/537.36 (KHTML, like Gecko) Chrome/120.0.0.0 Safari/537.36"
52.231.70.237 - - [02/Mar/2026:11:43:08 -0500] "GET /about.php HTTP/1.1" 301 795 "-" "Mozilla/5.0 (Windows NT 10.0; Win64; x64) AppleWebKit/537.36 (KHTML, like Gecko) Chrome/120.0.0.0 Safari/537.36"
52.231.70.237 - - [02/Mar/2026:11:43:08 -0500] "GET /as.php HTTP/1.1" 301 795 "-" "Mozilla/5.0 (Windows NT 10.0; Win64; x64) AppleWebKit/537.36 (KHTML, like Gecko) Chrome/120.0.0.0 Safari/537.36"
52.231.70.237 - - [02/Mar/2026:11:43:09 -0500] "GET /bolt.php HTTP/1.1" 301 795 "-" "Mozilla/5.0 (Windows NT 10.0; Win64; x64) AppleWebKit/537.36 (KHTML, like Gecko) Chrome/120.0.0.0 Safari/537.36"
52.231.70.237 - - [02/Mar/2026:11:43:09 -0500] "GET /class-t.api.php HTTP/1.1" 301 795 "-" "Mozilla/5.0 (Windows NT 10.0; Win64; x64) AppleWebKit/537.36 (KHTML, like Gecko) Chrome/120.0.0.0 Safari/537.36"
52.231.70.237 - - [02/Mar/2026:11:43:09 -0500] "GET /wp-content/themes/index.php HTTP/1.1" 301 795 "-" "Mozilla/5.0 (Windows NT 10.0; Win64; x64) AppleWebKit/537.36 (KHTML, like Gecko) Chrome/120.0.0.0 Safari/537.36"
52.231.70.237 - - [02/Mar/2026:11:43:09 -0500] "GET /wp-content/uploads/index.php HTTP/1.1" 301 795 "-" "Mozilla/5.0 (Windows NT 10.0; Win64; x64) AppleWebKit/537.36 (KHTML, like Gecko) Chrome/120.0.0.0 Safari/537.36"
52.231.70.237 - - [02/Mar/2026:11:43:10 -0500] "GET /ioxi-o.php HTTP/1.1" 301 795 "-" "Mozilla/5.0 (Windows NT 10.0; Win64; x64) AppleWebKit/537.36 (KHTML, like Gecko) Chrome/120.0.0.0 Safari/537.36"
52.231.70.237 - - [02/Mar/2026:11:43:10 -0500] "GET /wp-cron.php HTTP/1.1" 301 795 "-" "Mozilla/5.0 (Windows NT 10.0; Win64; x64) AppleWebKit/537.36 (KHTML, like Gecko) Chrome/120.0.0.0 Safari/537.36"
52.231.70.237 - - [02/Mar/2026:11:43:10 -0500] "GET /.well-known/ HTTP/1.1" 301 795 "-" "Mozilla/5.0 (Windows NT 10.0; Win64; x64) AppleWebKit/537.36 (KHTML, like Gecko) Chrome/120.0.0.0 Safari/537.36"
52.231.70.237 - - [02/Mar/2026:11:43:10 -0500] "GET /file.php HTTP/1.1" 301 795 "-" "Mozilla/5.0 (Windows NT 10.0; Win64; x64) AppleWebKit/537.36 (KHTML, like Gecko) Chrome/120.0.0.0 Safari/537.36"
52.231.70.237 - - [02/Mar/2026:11:43:11 -0500] "GET /dropdown.php HTTP/1.1" 301 795 "-" "Mozilla/5.0 (Windows NT 10.0; Win64; x64) AppleWebKit/537.36 (KHTML, like Gecko) Chrome/120.0.0.0 Safari/537.36"
52.231.70.237 - - [02/Mar/2026:11:43:11 -0500] "GET /wp-includes/js/jcrop/Jcrop.php HTTP/1.1" 301 795 "-" "Mozilla/5.0 (Windows NT 10.0; Win64; x64) AppleWebKit/537.36 (KHTML, like Gecko) Chrome/120.0.0.0 Safari/537.36"
52.231.70.237 - - [02/Mar/2026:11:43:12 -0500] "GET /x.php HTTP/1.1" 301 795 "-" "Mozilla/5.0 (Windows NT 10.0; Win64; x64) AppleWebKit/537.36 (KHTML, like Gecko) Chrome/120.0.0.0 Safari/537.36"