116.204.40.131 - - [08/Jun/2026:13:01:54 -0400] "GET /wp-content/plugins/primary-addon-for-elementor/assets/js/Chart.min.js?ver=2.9.3 HTTP/1.1" 200 55517 "https://www.bagpackvacation.com/5-night-6-days-spectacular-mauritius-with-casela-bird-park/" "Mozilla/5.0 (Windows NT 10.0; Win64; x64) AppleWebKit/537.36 (KHTML, like Gecko) Chrome/147.0.0.0 Safari/537.36"
116.204.40.131 - - [08/Jun/2026:13:01:54 -0400] "GET /wp-includes/js/dist/i18n.min.js?ver=781d11515ad3d91786ec HTTP/1.1" 200 2330 "https://www.bagpackvacation.com/5-night-6-days-spectacular-mauritius-with-casela-bird-park/" "Mozilla/5.0 (Windows NT 10.0; Win64; x64) AppleWebKit/537.36 (KHTML, like Gecko) Chrome/147.0.0.0 Safari/537.36"
116.204.40.131 - - [08/Jun/2026:13:01:54 -0400] "GET /wp-content/plugins/elementor-pro/assets/js/frontend.min.js?ver=3.7.3 HTTP/1.1" 200 5506 "https://www.bagpackvacation.com/5-night-6-days-spectacular-mauritius-with-casela-bird-park/" "Mozilla/5.0 (Windows NT 10.0; Win64; x64) AppleWebKit/537.36 (KHTML, like Gecko) Chrome/147.0.0.0 Safari/537.36"
116.204.40.131 - - [08/Jun/2026:13:01:54 -0400] "GET /wp-content/themes/hello-elementor/assets/js/hello-frontend.min.js?ver=3.3.0 HTTP/1.1" 200 548 "https://www.bagpackvacation.com/5-night-6-days-spectacular-mauritius-with-casela-bird-park/" "Mozilla/5.0 (Windows NT 10.0; Win64; x64) AppleWebKit/537.36 (KHTML, like Gecko) Chrome/147.0.0.0 Safari/537.36"
116.204.40.131 - - [08/Jun/2026:13:01:54 -0400] "GET /wp-includes/js/dist/hooks.min.js?ver=7496969728ca0f95732d HTTP/1.1" 200 1712 "https://www.bagpackvacation.com/5-night-6-days-spectacular-mauritius-with-casela-bird-park/" "Mozilla/5.0 (Windows NT 10.0; Win64; x64) AppleWebKit/537.36 (KHTML, like Gecko) Chrome/147.0.0.0 Safari/537.36"
116.204.40.131 - - [08/Jun/2026:13:01:54 -0400] "GET /wp-includes/js/underscore.min.js?ver=1.13.8 HTTP/1.1" 200 7228 "https://www.bagpackvacation.com/5-night-6-days-spectacular-mauritius-with-casela-bird-park/" "Mozilla/5.0 (Windows NT 10.0; Win64; x64) AppleWebKit/537.36 (KHTML, like Gecko) Chrome/147.0.0.0 Safari/537.36"
116.204.40.131 - - [08/Jun/2026:13:01:54 -0400] "GET /wp-content/plugins/wpforms-lite/assets/lib/jquery.validate.min.js?ver=1.21.0 HTTP/1.1" 200 7806 "https://www.bagpackvacation.com/5-night-6-days-spectacular-mauritius-with-casela-bird-park/" "Mozilla/5.0 (Windows NT 10.0; Win64; x64) AppleWebKit/537.36 (KHTML, like Gecko) Chrome/147.0.0.0 Safari/537.36"
104.210.140.131 - - [08/Jun/2026:13:06:19 -0400] "GET /robots.txt HTTP/1.1" 301 795 "-" "Mozilla/5.0 (Macintosh; Intel Mac OS X 10_15_7) AppleWebKit/537.36 (KHTML, like Gecko) Chrome/131.0.0.0 Safari/537.36; compatible; OAI-SearchBot/1.0; +https://openai.com/searchbot"
104.210.140.128 - - [08/Jun/2026:13:06:19 -0400] "GET /robots.txt HTTP/1.1" 200 108 "-" "Mozilla/5.0 (Macintosh; Intel Mac OS X 10_15_7) AppleWebKit/537.36 (KHTML, like Gecko) Chrome/131.0.0.0 Safari/537.36; compatible; OAI-SearchBot/1.0; +https://openai.com/searchbot"
162.213.253.84 - - [08/Jun/2026:13:11:25 -0400] "POST /wp-cron.php?doing_wp_cron=1780938685.9125049114227294921875 HTTP/1.1" 200 0 "-" "WordPress/7.0; https://www.bagpackvacation.com"
162.213.253.84 - - [08/Jun/2026:13:11:27 -0400] "POST /wp-admin/admin-ajax.php?action=async_litespeed&nonce=cKi19uMaDqdF6xT2RCen4hDvKnM9Ec5W&litespeed_type=imgoptm HTTP/1.1" 200 0 "-" "WordPress/7.0; https://www.bagpackvacation.com"
34.101.40.17 - - [08/Jun/2026:13:11:46 -0400] "GET /.git/config HTTP/1.1" 403 1242 "-" "Mozilla/5.0 (Macintosh; Intel Mac OS X 10_13_4) AppleWebKit/537.36 (KHTML, like Gecko) Chrome/76.0.3809.100 Safari/537.36"
113.44.110.223 - - [08/Jun/2026:13:12:12 -0400] "GET /wp-content/plugins/primary-addon-for-elementor/assets/css/juxtapose.css?ver=1.2.1 HTTP/1.1" 200 1256 "https://www.bagpackvacation.com/terms-conditions-with-cancellation-policy/" "Mozilla/5.0 (Macintosh; Intel Mac OS X 10_15_7) AppleWebKit/537.36 (KHTML, like Gecko) Chrome/147.0.0.0 Safari/537.36"
113.44.110.223 - - [08/Jun/2026:13:12:12 -0400] "GET /wp-content/plugins/primary-addon-for-elementor/assets/css/icofont.min.css?ver=1.0.1 HTTP/1.1" 200 1600 "https://www.bagpackvacation.com/terms-conditions-with-cancellation-policy/" "Mozilla/5.0 (Macintosh; Intel Mac OS X 10_15_7) AppleWebKit/537.36 (KHTML, like Gecko) Chrome/147.0.0.0 Safari/537.36"
113.44.110.223 - - [08/Jun/2026:13:12:12 -0400] "GET /wp-content/plugins/primary-addon-for-elementor/assets/css/linea.min.css?ver=1.0.0 HTTP/1.1" 200 5115 "https://www.bagpackvacation.com/terms-conditions-with-cancellation-policy/" "Mozilla/5.0 (Macintosh; Intel Mac OS X 10_15_7) AppleWebKit/537.36 (KHTML, like Gecko) Chrome/147.0.0.0 Safari/537.36"
113.44.110.223 - - [08/Jun/2026:13:12:12 -0400] "GET /wp-content/plugins/primary-addon-for-elementor/assets/css/themify-icons.min.css?ver=1.0.0 HTTP/1.1" 200 2620 "https://www.bagpackvacation.com/terms-conditions-with-cancellation-policy/" "Mozilla/5.0 (Macintosh; Intel Mac OS X 10_15_7) AppleWebKit/537.36 (KHTML, like Gecko) Chrome/147.0.0.0 Safari/537.36"
113.44.110.223 - - [08/Jun/2026:13:12:12 -0400] "GET /wp-content/plugins/primary-addon-for-elementor/assets/css/magnific-popup.min.css?ver=1.0 HTTP/1.1" 200 1432 "https://www.bagpackvacation.com/terms-conditions-with-cancellation-policy/" "Mozilla/5.0 (Macintosh; Intel Mac OS X 10_15_7) AppleWebKit/537.36 (KHTML, like Gecko) Chrome/147.0.0.0 Safari/537.36"
113.44.110.223 - - [08/Jun/2026:13:12:12 -0400] "GET /wp-content/plugins/primary-addon-for-elementor/assets/css/responsive.css?ver=1.2 HTTP/1.1" 200 1433 "https://www.bagpackvacation.com/terms-conditions-with-cancellation-policy/" "Mozilla/5.0 (Macintosh; Intel Mac OS X 10_15_7) AppleWebKit/537.36 (KHTML, like Gecko) Chrome/147.0.0.0 Safari/537.36"
113.44.110.223 - - [08/Jun/2026:13:12:12 -0400] "GET /wp-content/plugins/woocommerce/assets/css/woocommerce-layout.css?ver=9.8.7 HTTP/1.1" 200 3160 "https://www.bagpackvacation.com/terms-conditions-with-cancellation-policy/" "Mozilla/5.0 (Macintosh; Intel Mac OS X 10_15_7) AppleWebKit/537.36 (KHTML, like Gecko) Chrome/147.0.0.0 Safari/537.36"
113.44.110.223 - - [08/Jun/2026:13:12:12 -0400] "GET /wp-content/plugins/woocommerce/assets/css/woocommerce.css?ver=9.8.7 HTTP/1.1" 200 10163 "https://www.bagpackvacation.com/terms-conditions-with-cancellation-policy/" "Mozilla/5.0 (Macintosh; Intel Mac OS X 10_15_7) AppleWebKit/537.36 (KHTML, like Gecko) Chrome/147.0.0.0 Safari/537.36"
113.44.110.223 - - [08/Jun/2026:13:12:12 -0400] "GET /wp-content/plugins/elementor/assets/lib/eicons/css/elementor-icons.min.css?ver=5.36.0 HTTP/1.1" 200 3845 "https://www.bagpackvacation.com/terms-conditions-with-cancellation-policy/" "Mozilla/5.0 (Macintosh; Intel Mac OS X 10_15_7) AppleWebKit/537.36 (KHTML, like Gecko) Chrome/147.0.0.0 Safari/537.36"
5.252.118.167 - - [08/Jun/2026:13:11:24 -0400] "GET /wp-content/plugins/wpclean/wpclean.php?k=woo2025 HTTP/1.1" 404 106590 "-" "Mozilla/5.0 (compatible; Googlebot/2.1 +http://www.googlebot.com/bot.html)"
113.44.110.223 - - [08/Jun/2026:13:12:11 -0400] "GET /terms-conditions-with-cancellation-policy/ HTTP/1.1" 200 24610 "-" "Mozilla/5.0 (Macintosh; Intel Mac OS X 10_15_7) AppleWebKit/537.36 (KHTML, like Gecko) Chrome/147.0.0.0 Safari/537.36"
113.44.110.223 - - [08/Jun/2026:13:12:12 -0400] "GET /wp-content/plugins/wp-whatsapp/assets/dist/css/style.css?ver=7.0 HTTP/1.1" 200 4704 "https://www.bagpackvacation.com/terms-conditions-with-cancellation-policy/" "Mozilla/5.0 (Macintosh; Intel Mac OS X 10_15_7) AppleWebKit/537.36 (KHTML, like Gecko) Chrome/147.0.0.0 Safari/537.36"
113.44.110.223 - - [08/Jun/2026:13:12:12 -0400] "GET /wp-content/plugins/elementor/assets/lib/font-awesome/css/font-awesome.min.css?ver=4.7.0 HTTP/1.1" 200 6657 "https://www.bagpackvacation.com/terms-conditions-with-cancellation-policy/" "Mozilla/5.0 (Macintosh; Intel Mac OS X 10_15_7) AppleWebKit/537.36 (KHTML, like Gecko) Chrome/147.0.0.0 Safari/537.36"
113.44.110.223 - - [08/Jun/2026:13:12:12 -0400] "GET /wp-content/plugins/primary-addon-for-elementor/assets/css/animate.min.css?ver=3.7.2 HTTP/1.1" 200 4011 "https://www.bagpackvacation.com/terms-conditions-with-cancellation-policy/" "Mozilla/5.0 (Macintosh; Intel Mac OS X 10_15_7) AppleWebKit/537.36 (KHTML, like Gecko) Chrome/147.0.0.0 Safari/537.36"
113.44.110.223 - - [08/Jun/2026:13:12:12 -0400] "GET /wp-content/plugins/primary-addon-for-elementor/assets/css/hover-min.css?ver=2.3.2 HTTP/1.1" 200 6307 "https://www.bagpackvacation.com/terms-conditions-with-cancellation-policy/" "Mozilla/5.0 (Macintosh; Intel Mac OS X 10_15_7) AppleWebKit/537.36 (KHTML, like Gecko) Chrome/147.0.0.0 Safari/537.36"
113.44.110.223 - - [08/Jun/2026:13:12:12 -0400] "GET /wp-content/plugins/primary-addon-for-elementor/assets/css/niche-frame.css?ver=1.2 HTTP/1.1" 200 1009 "https://www.bagpackvacation.com/terms-conditions-with-cancellation-policy/" "Mozilla/5.0 (Macintosh; Intel Mac OS X 10_15_7) AppleWebKit/537.36 (KHTML, like Gecko) Chrome/147.0.0.0 Safari/537.36"
113.44.110.223 - - [08/Jun/2026:13:12:12 -0400] "GET /wp-content/plugins/woocommerce/assets/client/blocks/wc-blocks.css?ver=wc-9.8.7 HTTP/1.1" 200 2282 "https://www.bagpackvacation.com/terms-conditions-with-cancellation-policy/" "Mozilla/5.0 (Macintosh; Intel Mac OS X 10_15_7) AppleWebKit/537.36 (KHTML, like Gecko) Chrome/147.0.0.0 Safari/537.36"
113.44.110.223 - - [08/Jun/2026:13:12:12 -0400] "GET /wp-content/plugins/primary-addon-for-elementor/assets/css/styles.css?ver=1.2 HTTP/1.1" 200 13347 "https://www.bagpackvacation.com/terms-conditions-with-cancellation-policy/" "Mozilla/5.0 (Macintosh; Intel Mac OS X 10_15_7) AppleWebKit/537.36 (KHTML, like Gecko) Chrome/147.0.0.0 Safari/537.36"
113.44.110.223 - - [08/Jun/2026:13:12:12 -0400] "GET /wp-content/plugins/woocommerce/assets/css/brands.css?ver=9.8.7 HTTP/1.1" 200 579 "https://www.bagpackvacation.com/terms-conditions-with-cancellation-policy/" "Mozilla/5.0 (Macintosh; Intel Mac OS X 10_15_7) AppleWebKit/537.36 (KHTML, like Gecko) Chrome/147.0.0.0 Safari/537.36"
113.44.110.223 - - [08/Jun/2026:13:12:12 -0400] "GET /wp-content/themes/hello-elementor/header-footer.min.css?ver=3.3.0 HTTP/1.1" 200 1292 "https://www.bagpackvacation.com/terms-conditions-with-cancellation-policy/" "Mozilla/5.0 (Macintosh; Intel Mac OS X 10_15_7) AppleWebKit/537.36 (KHTML, like Gecko) Chrome/147.0.0.0 Safari/537.36"
113.44.110.223 - - [08/Jun/2026:13:12:12 -0400] "GET /wp-content/plugins/primary-addon-for-elementor/assets/css/owl.carousel.min.css?ver=2.3.4 HTTP/1.1" 200 915 "https://www.bagpackvacation.com/terms-conditions-with-cancellation-policy/" "Mozilla/5.0 (Macintosh; Intel Mac OS X 10_15_7) AppleWebKit/537.36 (KHTML, like Gecko) Chrome/147.0.0.0 Safari/537.36"
113.44.110.223 - - [08/Jun/2026:13:12:12 -0400] "GET /wp-content/themes/hello-elementor/theme.min.css?ver=3.3.0 HTTP/1.1" 200 1131 "https://www.bagpackvacation.com/terms-conditions-with-cancellation-policy/" "Mozilla/5.0 (Macintosh; Intel Mac OS X 10_15_7) AppleWebKit/537.36 (KHTML, like Gecko) Chrome/147.0.0.0 Safari/537.36"
113.44.110.223 - - [08/Jun/2026:13:12:12 -0400] "GET /wp-content/themes/hello-elementor/style.min.css?ver=3.3.0 HTTP/1.1" 200 1591 "https://www.bagpackvacation.com/terms-conditions-with-cancellation-policy/" "Mozilla/5.0 (Macintosh; Intel Mac OS X 10_15_7) AppleWebKit/537.36 (KHTML, like Gecko) Chrome/147.0.0.0 Safari/537.36"
113.44.110.223 - - [08/Jun/2026:13:12:12 -0400] "GET /wp-content/plugins/elementor/assets/css/frontend.min.css?ver=3.28.4 HTTP/1.1" 200 6453 "https://www.bagpackvacation.com/terms-conditions-with-cancellation-policy/" "Mozilla/5.0 (Macintosh; Intel Mac OS X 10_15_7) AppleWebKit/537.36 (KHTML, like Gecko) Chrome/147.0.0.0 Safari/537.36"
113.44.110.223 - - [08/Jun/2026:13:12:12 -0400] "GET /wp-content/plugins/elementor-pro/assets/css/frontend.min.css?ver=3.7.3 HTTP/1.1" 200 39924 "https://www.bagpackvacation.com/terms-conditions-with-cancellation-policy/" "Mozilla/5.0 (Macintosh; Intel Mac OS X 10_15_7) AppleWebKit/537.36 (KHTML, like Gecko) Chrome/147.0.0.0 Safari/537.36"
113.44.110.223 - - [08/Jun/2026:13:12:12 -0400] "GET /wp-content/plugins/elementskit-lite/widgets/init/assets/css/responsive.css?ver=3.5.0 HTTP/1.1" 200 2859 "https://www.bagpackvacation.com/terms-conditions-with-cancellation-policy/" "Mozilla/5.0 (Macintosh; Intel Mac OS X 10_15_7) AppleWebKit/537.36 (KHTML, like Gecko) Chrome/147.0.0.0 Safari/537.36"
113.44.110.223 - - [08/Jun/2026:13:12:12 -0400] "GET /wp-content/uploads/elementor/css/post-25.css?ver=1714710805 HTTP/1.1" 200 1774 "https://www.bagpackvacation.com/terms-conditions-with-cancellation-policy/" "Mozilla/5.0 (Macintosh; Intel Mac OS X 10_15_7) AppleWebKit/537.36 (KHTML, like Gecko) Chrome/147.0.0.0 Safari/537.36"
113.44.110.223 - - [08/Jun/2026:13:12:12 -0400] "GET /wp-content/plugins/elementor/assets/lib/font-awesome/css/regular.min.css?ver=5.15.3 HTTP/1.1" 200 283 "https://www.bagpackvacation.com/terms-conditions-with-cancellation-policy/" "Mozilla/5.0 (Macintosh; Intel Mac OS X 10_15_7) AppleWebKit/537.36 (KHTML, like Gecko) Chrome/147.0.0.0 Safari/537.36"
113.44.110.223 - - [08/Jun/2026:13:12:12 -0400] "GET /wp-content/uploads/elementor/google-fonts/css/opensans.css?ver=1742228203 HTTP/1.1" 200 1828 "https://www.bagpackvacation.com/terms-conditions-with-cancellation-policy/" "Mozilla/5.0 (Macintosh; Intel Mac OS X 10_15_7) AppleWebKit/537.36 (KHTML, like Gecko) Chrome/147.0.0.0 Safari/537.36"
113.44.110.223 - - [08/Jun/2026:13:12:12 -0400] "GET /wp-content/plugins/elementor/assets/css/widget-icon-list.min.css?ver=3.28.4 HTTP/1.1" 200 957 "https://www.bagpackvacation.com/terms-conditions-with-cancellation-policy/" "Mozilla/5.0 (Macintosh; Intel Mac OS X 10_15_7) AppleWebKit/537.36 (KHTML, like Gecko) Chrome/147.0.0.0 Safari/537.36"
113.44.110.223 - - [08/Jun/2026:13:12:12 -0400] "GET /wp-content/uploads/elementor/google-fonts/css/orienta.css?ver=1742228155 HTTP/1.1" 200 347 "https://www.bagpackvacation.com/terms-conditions-with-cancellation-policy/" "Mozilla/5.0 (Macintosh; Intel Mac OS X 10_15_7) AppleWebKit/537.36 (KHTML, like Gecko) Chrome/147.0.0.0 Safari/537.36"
113.44.110.223 - - [08/Jun/2026:13:12:12 -0400] "GET /wp-content/plugins/elementskit-lite/widgets/init/assets/css/widget-styles.css?ver=3.5.0 HTTP/1.1" 200 48223 "https://www.bagpackvacation.com/terms-conditions-with-cancellation-policy/" "Mozilla/5.0 (Macintosh; Intel Mac OS X 10_15_7) AppleWebKit/537.36 (KHTML, like Gecko) Chrome/147.0.0.0 Safari/537.36"
113.44.110.223 - - [08/Jun/2026:13:12:12 -0400] "GET /wp-content/plugins/elementor/assets/lib/swiper/v8/css/swiper.min.css?ver=8.4.5 HTTP/1.1" 200 4248 "https://www.bagpackvacation.com/terms-conditions-with-cancellation-policy/" "Mozilla/5.0 (Macintosh; Intel Mac OS X 10_15_7) AppleWebKit/537.36 (KHTML, like Gecko) Chrome/147.0.0.0 Safari/537.36"
113.44.110.223 - - [08/Jun/2026:13:12:12 -0400] "GET /wp-content/uploads/elementor/css/post-76.css?ver=1714710805 HTTP/1.1" 200 2495 "https://www.bagpackvacation.com/terms-conditions-with-cancellation-policy/" "Mozilla/5.0 (Macintosh; Intel Mac OS X 10_15_7) AppleWebKit/537.36 (KHTML, like Gecko) Chrome/147.0.0.0 Safari/537.36"
113.44.110.223 - - [08/Jun/2026:13:12:12 -0400] "GET /wp-content/plugins/elementor/assets/lib/font-awesome/css/solid.min.css?ver=5.15.3 HTTP/1.1" 200 286 "https://www.bagpackvacation.com/terms-conditions-with-cancellation-policy/" "Mozilla/5.0 (Macintosh; Intel Mac OS X 10_15_7) AppleWebKit/537.36 (KHTML, like Gecko) Chrome/147.0.0.0 Safari/537.36"
113.44.110.223 - - [08/Jun/2026:13:12:12 -0400] "GET /wp-content/plugins/elementor/assets/css/widget-image-carousel.min.css?ver=3.28.4 HTTP/1.1" 200 163 "https://www.bagpackvacation.com/terms-conditions-with-cancellation-policy/" "Mozilla/5.0 (Macintosh; Intel Mac OS X 10_15_7) AppleWebKit/537.36 (KHTML, like Gecko) Chrome/147.0.0.0 Safari/537.36"
113.44.110.223 - - [08/Jun/2026:13:12:12 -0400] "GET /wp-content/plugins/wpforms-lite/assets/css/frontend/classic/wpforms-full.min.css?ver=1.9.5.1 HTTP/1.1" 200 8483 "https://www.bagpackvacation.com/terms-conditions-with-cancellation-policy/" "Mozilla/5.0 (Macintosh; Intel Mac OS X 10_15_7) AppleWebKit/537.36 (KHTML, like Gecko) Chrome/147.0.0.0 Safari/537.36"
113.44.110.223 - - [08/Jun/2026:13:12:12 -0400] "GET /wp-content/plugins/elementor/assets/css/widget-divider.min.css?ver=3.28.4 HTTP/1.1" 200 707 "https://www.bagpackvacation.com/terms-conditions-with-cancellation-policy/" "Mozilla/5.0 (Macintosh; Intel Mac OS X 10_15_7) AppleWebKit/537.36 (KHTML, like Gecko) Chrome/147.0.0.0 Safari/537.36"
113.44.110.223 - - [08/Jun/2026:13:12:12 -0400] "GET /wp-includes/js/jquery/jquery.min.js?ver=3.7.1 HTTP/1.1" 200 29744 "https://www.bagpackvacation.com/terms-conditions-with-cancellation-policy/" "Mozilla/5.0 (Macintosh; Intel Mac OS X 10_15_7) AppleWebKit/537.36 (KHTML, like Gecko) Chrome/147.0.0.0 Safari/537.36"
113.44.110.223 - - [08/Jun/2026:13:12:12 -0400] "GET /wp-content/plugins/elementor/assets/css/widget-heading.min.css?ver=3.28.4 HTTP/1.1" 200 154 "https://www.bagpackvacation.com/terms-conditions-with-cancellation-policy/" "Mozilla/5.0 (Macintosh; Intel Mac OS X 10_15_7) AppleWebKit/537.36 (KHTML, like Gecko) Chrome/147.0.0.0 Safari/537.36"
113.44.110.223 - - [08/Jun/2026:13:12:12 -0400] "GET /wp-includes/js/jquery/jquery-migrate.min.js?ver=3.4.1 HTTP/1.1" 200 4678 "https://www.bagpackvacation.com/terms-conditions-with-cancellation-policy/" "Mozilla/5.0 (Macintosh; Intel Mac OS X 10_15_7) AppleWebKit/537.36 (KHTML, like Gecko) Chrome/147.0.0.0 Safari/537.36"
113.44.110.223 - - [08/Jun/2026:13:12:12 -0400] "GET /wp-content/plugins/elementor/assets/css/conditionals/e-swiper.min.css?ver=3.28.4 HTTP/1.1" 200 699 "https://www.bagpackvacation.com/terms-conditions-with-cancellation-policy/" "Mozilla/5.0 (Macintosh; Intel Mac OS X 10_15_7) AppleWebKit/537.36 (KHTML, like Gecko) Chrome/147.0.0.0 Safari/537.36"
113.44.110.223 - - [08/Jun/2026:13:12:14 -0400] "GET /wp-content/plugins/primary-addon-for-elementor/assets/js/jquery.waypoints.js?ver=2.0.3 HTTP/1.1" 200 3505 "https://www.bagpackvacation.com/terms-conditions-with-cancellation-policy/" "Mozilla/5.0 (Macintosh; Intel Mac OS X 10_15_7) AppleWebKit/537.36 (KHTML, like Gecko) Chrome/147.0.0.0 Safari/537.36"
113.44.110.223 - - [08/Jun/2026:13:12:12 -0400] "GET /wp-content/plugins/primary-addon-for-elementor/assets/css/flickity.min.css?ver=2.2.1 HTTP/1.1" 200 553 "https://www.bagpackvacation.com/terms-conditions-with-cancellation-policy/" "Mozilla/5.0 (Macintosh; Intel Mac OS X 10_15_7) AppleWebKit/537.36 (KHTML, like Gecko) Chrome/147.0.0.0 Safari/537.36"
113.44.110.223 - - [08/Jun/2026:13:12:12 -0400] "GET /wp-content/uploads/elementor/css/post-2357.css?ver=1714828926 HTTP/1.1" 200 488 "https://www.bagpackvacation.com/terms-conditions-with-cancellation-policy/" "Mozilla/5.0 (Macintosh; Intel Mac OS X 10_15_7) AppleWebKit/537.36 (KHTML, like Gecko) Chrome/147.0.0.0 Safari/537.36"
113.44.110.223 - - [08/Jun/2026:13:12:12 -0400] "GET /wp-content/uploads/elementor/css/post-133.css?ver=1714710804 HTTP/1.1" 200 1536 "https://www.bagpackvacation.com/terms-conditions-with-cancellation-policy/" "Mozilla/5.0 (Macintosh; Intel Mac OS X 10_15_7) AppleWebKit/537.36 (KHTML, like Gecko) Chrome/147.0.0.0 Safari/537.36"
113.44.110.223 - - [08/Jun/2026:13:12:12 -0400] "GET /wp-content/plugins/popup-maker/assets/css/pum-site.min.css?ver=1.20.4 HTTP/1.1" 200 1710 "https://www.bagpackvacation.com/terms-conditions-with-cancellation-policy/" "Mozilla/5.0 (Macintosh; Intel Mac OS X 10_15_7) AppleWebKit/537.36 (KHTML, like Gecko) Chrome/147.0.0.0 Safari/537.36"
113.44.110.223 - - [08/Jun/2026:13:12:12 -0400] "GET /wp-content/plugins/elementor/assets/lib/font-awesome/css/fontawesome.min.css?ver=5.15.3 HTTP/1.1" 200 12164 "https://www.bagpackvacation.com/terms-conditions-with-cancellation-policy/" "Mozilla/5.0 (Macintosh; Intel Mac OS X 10_15_7) AppleWebKit/537.36 (KHTML, like Gecko) Chrome/147.0.0.0 Safari/537.36"
113.44.110.223 - - [08/Jun/2026:13:12:12 -0400] "GET /wp-content/plugins/elementskit-lite/modules/elementskit-icon-pack/assets/css/ekiticons.css?ver=3.5.0 HTTP/1.1" 200 11776 "https://www.bagpackvacation.com/terms-conditions-with-cancellation-policy/" "Mozilla/5.0 (Macintosh; Intel Mac OS X 10_15_7) AppleWebKit/537.36 (KHTML, like Gecko) Chrome/147.0.0.0 Safari/537.36"
113.44.110.223 - - [08/Jun/2026:13:12:12 -0400] "GET /wp-content/plugins/elementor/assets/css/widget-image.min.css?ver=3.28.4 HTTP/1.1" 200 254 "https://www.bagpackvacation.com/terms-conditions-with-cancellation-policy/" "Mozilla/5.0 (Macintosh; Intel Mac OS X 10_15_7) AppleWebKit/537.36 (KHTML, like Gecko) Chrome/147.0.0.0 Safari/537.36"
113.44.110.223 - - [08/Jun/2026:13:12:12 -0400] "GET /wp-content/uploads/elementor/css/post-1641.css?ver=1714710806 HTTP/1.1" 200 416 "https://www.bagpackvacation.com/terms-conditions-with-cancellation-policy/" "Mozilla/5.0 (Macintosh; Intel Mac OS X 10_15_7) AppleWebKit/537.36 (KHTML, like Gecko) Chrome/147.0.0.0 Safari/537.36"
113.44.110.223 - - [08/Jun/2026:13:12:12 -0400] "GET /wp-content/plugins/elementor/assets/lib/font-awesome/css/brands.min.css?ver=5.15.3 HTTP/1.1" 200 284 "https://www.bagpackvacation.com/terms-conditions-with-cancellation-policy/" "Mozilla/5.0 (Macintosh; Intel Mac OS X 10_15_7) AppleWebKit/537.36 (KHTML, like Gecko) Chrome/147.0.0.0 Safari/537.36"
113.44.110.223 - - [08/Jun/2026:13:12:14 -0400] "GET /wp-content/plugins/primary-addon-for-elementor/assets/js/juxtapose.js?ver=1.2.1 HTTP/1.1" 200 5679 "https://www.bagpackvacation.com/terms-conditions-with-cancellation-policy/" "Mozilla/5.0 (Macintosh; Intel Mac OS X 10_15_7) AppleWebKit/537.36 (KHTML, like Gecko) Chrome/147.0.0.0 Safari/537.36"
113.44.110.223 - - [08/Jun/2026:13:12:14 -0400] "GET /wp-content/plugins/primary-addon-for-elementor/assets/js/isotope.min.js?ver=3.0.6 HTTP/1.1" 200 9601 "https://www.bagpackvacation.com/terms-conditions-with-cancellation-policy/" "Mozilla/5.0 (Macintosh; Intel Mac OS X 10_15_7) AppleWebKit/537.36 (KHTML, like Gecko) Chrome/147.0.0.0 Safari/537.36"
113.44.110.223 - - [08/Jun/2026:13:12:14 -0400] "GET /wp-content/plugins/primary-addon-for-elementor/assets/js/jquery.magnific-popup.min.js?ver=1.1.0 HTTP/1.1" 200 7045 "https://www.bagpackvacation.com/terms-conditions-with-cancellation-policy/" "Mozilla/5.0 (Macintosh; Intel Mac OS X 10_15_7) AppleWebKit/537.36 (KHTML, like Gecko) Chrome/147.0.0.0 Safari/537.36"
113.44.110.223 - - [08/Jun/2026:13:12:14 -0400] "GET /wp-includes/js/imagesloaded.min.js?ver=5.0.0 HTTP/1.1" 200 1687 "https://www.bagpackvacation.com/terms-conditions-with-cancellation-policy/" "Mozilla/5.0 (Macintosh; Intel Mac OS X 10_15_7) AppleWebKit/537.36 (KHTML, like Gecko) Chrome/147.0.0.0 Safari/537.36"
113.44.110.223 - - [08/Jun/2026:13:12:14 -0400] "GET /wp-content/plugins/elementskit-lite/libs/framework/assets/js/frontend-script.js?ver=3.5.0 HTTP/1.1" 200 40 "https://www.bagpackvacation.com/terms-conditions-with-cancellation-policy/" "Mozilla/5.0 (Macintosh; Intel Mac OS X 10_15_7) AppleWebKit/537.36 (KHTML, like Gecko) Chrome/147.0.0.0 Safari/537.36"
113.44.110.223 - - [08/Jun/2026:13:12:14 -0400] "GET /wp-content/plugins/primary-addon-for-elementor/assets/js/scripts.js?ver=1.2 HTTP/1.1" 200 1876 "https://www.bagpackvacation.com/terms-conditions-with-cancellation-policy/" "Mozilla/5.0 (Macintosh; Intel Mac OS X 10_15_7) AppleWebKit/537.36 (KHTML, like Gecko) Chrome/147.0.0.0 Safari/537.36"
113.44.110.223 - - [08/Jun/2026:13:12:14 -0400] "GET /wp-content/plugins/primary-addon-for-elementor/assets/js/flickity.pkgd.min.js?ver=2.2.1 HTTP/1.1" 200 13241 "https://www.bagpackvacation.com/terms-conditions-with-cancellation-policy/" "Mozilla/5.0 (Macintosh; Intel Mac OS X 10_15_7) AppleWebKit/537.36 (KHTML, like Gecko) Chrome/147.0.0.0 Safari/537.36"
113.44.110.223 - - [08/Jun/2026:13:12:14 -0400] "GET /wp-content/plugins/primary-addon-for-elementor/assets/js/jquery.matchHeight.min.js?ver=0.7.2 HTTP/1.1" 200 1257 "https://www.bagpackvacation.com/terms-conditions-with-cancellation-policy/" "Mozilla/5.0 (Macintosh; Intel Mac OS X 10_15_7) AppleWebKit/537.36 (KHTML, like Gecko) Chrome/147.0.0.0 Safari/537.36"
113.44.110.223 - - [08/Jun/2026:13:12:14 -0400] "GET /wp-content/plugins/woocommerce/assets/js/frontend/order-attribution.min.js?ver=9.8.7 HTTP/1.1" 200 1006 "https://www.bagpackvacation.com/terms-conditions-with-cancellation-policy/" "Mozilla/5.0 (Macintosh; Intel Mac OS X 10_15_7) AppleWebKit/537.36 (KHTML, like Gecko) Chrome/147.0.0.0 Safari/537.36"
113.44.110.223 - - [08/Jun/2026:13:12:14 -0400] "GET /wp-content/themes/hello-elementor/assets/js/hello-frontend.min.js?ver=3.3.0 HTTP/1.1" 200 548 "https://www.bagpackvacation.com/terms-conditions-with-cancellation-policy/" "Mozilla/5.0 (Macintosh; Intel Mac OS X 10_15_7) AppleWebKit/537.36 (KHTML, like Gecko) Chrome/147.0.0.0 Safari/537.36"
113.44.110.223 - - [08/Jun/2026:13:12:14 -0400] "GET /wp-content/plugins/wp-whatsapp/assets/dist/js/njt-whatsapp.js?ver=3.7.2 HTTP/1.1" 200 17990 "https://www.bagpackvacation.com/terms-conditions-with-cancellation-policy/" "Mozilla/5.0 (Macintosh; Intel Mac OS X 10_15_7) AppleWebKit/537.36 (KHTML, like Gecko) Chrome/147.0.0.0 Safari/537.36"
113.44.110.223 - - [08/Jun/2026:13:12:14 -0400] "GET /wp-content/plugins/wp-whatsapp/assets/js/whatsapp-popup.js?ver=3.7.2 HTTP/1.1" 200 328 "https://www.bagpackvacation.com/terms-conditions-with-cancellation-policy/" "Mozilla/5.0 (Macintosh; Intel Mac OS X 10_15_7) AppleWebKit/537.36 (KHTML, like Gecko) Chrome/147.0.0.0 Safari/537.36"
113.44.110.223 - - [08/Jun/2026:13:12:14 -0400] "GET /wp-content/plugins/elementor-pro/assets/js/webpack-pro.runtime.min.js?ver=3.7.3 HTTP/1.1" 200 2190 "https://www.bagpackvacation.com/terms-conditions-with-cancellation-policy/" "Mozilla/5.0 (Macintosh; Intel Mac OS X 10_15_7) AppleWebKit/537.36 (KHTML, like Gecko) Chrome/147.0.0.0 Safari/537.36"
113.44.110.223 - - [08/Jun/2026:13:12:14 -0400] "GET /wp-content/plugins/primary-addon-for-elementor/assets/js/InstagramFeed.min.js?ver=1.3.8 HTTP/1.1" 200 1983 "https://www.bagpackvacation.com/terms-conditions-with-cancellation-policy/" "Mozilla/5.0 (Macintosh; Intel Mac OS X 10_15_7) AppleWebKit/537.36 (KHTML, like Gecko) Chrome/147.0.0.0 Safari/537.36"
113.44.110.223 - - [08/Jun/2026:13:12:14 -0400] "GET /wp-content/plugins/primary-addon-for-elementor/assets/js/owl.carousel.min.js?ver=2.3.4 HTTP/1.1" 200 11140 "https://www.bagpackvacation.com/terms-conditions-with-cancellation-policy/" "Mozilla/5.0 (Macintosh; Intel Mac OS X 10_15_7) AppleWebKit/537.36 (KHTML, like Gecko) Chrome/147.0.0.0 Safari/537.36"
113.44.110.223 - - [08/Jun/2026:13:12:14 -0400] "GET /wp-content/plugins/primary-addon-for-elementor/assets/js/typed.min.js?ver=2.0.11 HTTP/1.1" 200 3320 "https://www.bagpackvacation.com/terms-conditions-with-cancellation-policy/" "Mozilla/5.0 (Macintosh; Intel Mac OS X 10_15_7) AppleWebKit/537.36 (KHTML, like Gecko) Chrome/147.0.0.0 Safari/537.36"
113.44.110.223 - - [08/Jun/2026:13:12:14 -0400] "GET /wp-content/plugins/primary-addon-for-elementor/assets/js/packery-mode.pkgd.min.js?ver=2.1.2 HTTP/1.1" 200 9510 "https://www.bagpackvacation.com/terms-conditions-with-cancellation-policy/" "Mozilla/5.0 (Macintosh; Intel Mac OS X 10_15_7) AppleWebKit/537.36 (KHTML, like Gecko) Chrome/147.0.0.0 Safari/537.36"
113.44.110.223 - - [08/Jun/2026:13:12:14 -0400] "GET /wp-content/plugins/primary-addon-for-elementor/assets/js/jquery.counterup.min.js?ver=1.0 HTTP/1.1" 200 497 "https://www.bagpackvacation.com/terms-conditions-with-cancellation-policy/" "Mozilla/5.0 (Macintosh; Intel Mac OS X 10_15_7) AppleWebKit/537.36 (KHTML, like Gecko) Chrome/147.0.0.0 Safari/537.36"
113.44.110.223 - - [08/Jun/2026:13:12:14 -0400] "GET /wp-content/plugins/elementor/assets/js/webpack.runtime.min.js?ver=3.28.4 HTTP/1.1" 200 2228 "https://www.bagpackvacation.com/terms-conditions-with-cancellation-policy/" "Mozilla/5.0 (Macintosh; Intel Mac OS X 10_15_7) AppleWebKit/537.36 (KHTML, like Gecko) Chrome/147.0.0.0 Safari/537.36"
113.44.110.223 - - [08/Jun/2026:13:12:14 -0400] "GET /wp-includes/js/jquery/ui/core.min.js?ver=1.13.3 HTTP/1.1" 200 6812 "https://www.bagpackvacation.com/terms-conditions-with-cancellation-policy/" "Mozilla/5.0 (Macintosh; Intel Mac OS X 10_15_7) AppleWebKit/537.36 (KHTML, like Gecko) Chrome/147.0.0.0 Safari/537.36"
113.44.110.223 - - [08/Jun/2026:13:12:14 -0400] "GET /wp-content/plugins/elementor-pro/assets/js/frontend.min.js?ver=3.7.3 HTTP/1.1" 200 5506 "https://www.bagpackvacation.com/terms-conditions-with-cancellation-policy/" "Mozilla/5.0 (Macintosh; Intel Mac OS X 10_15_7) AppleWebKit/537.36 (KHTML, like Gecko) Chrome/147.0.0.0 Safari/537.36"
113.44.110.223 - - [08/Jun/2026:13:12:14 -0400] "GET /wp-content/plugins/elementskit-lite/widgets/init/assets/js/widget-scripts.js?ver=3.5.0 HTTP/1.1" 200 40425 "https://www.bagpackvacation.com/terms-conditions-with-cancellation-policy/" "Mozilla/5.0 (Macintosh; Intel Mac OS X 10_15_7) AppleWebKit/537.36 (KHTML, like Gecko) Chrome/147.0.0.0 Safari/537.36"
113.44.110.223 - - [08/Jun/2026:13:12:14 -0400] "GET /wp-content/plugins/woocommerce/assets/js/sourcebuster/sourcebuster.min.js?ver=9.8.7 HTTP/1.1" 200 4609 "https://www.bagpackvacation.com/terms-conditions-with-cancellation-policy/" "Mozilla/5.0 (Macintosh; Intel Mac OS X 10_15_7) AppleWebKit/537.36 (KHTML, like Gecko) Chrome/147.0.0.0 Safari/537.36"
113.44.110.223 - - [08/Jun/2026:13:12:14 -0400] "GET /wp-content/plugins/wpforms-lite/assets/lib/punycode.min.js?ver=1.0.0 HTTP/1.1" 200 833 "https://www.bagpackvacation.com/terms-conditions-with-cancellation-policy/" "Mozilla/5.0 (Macintosh; Intel Mac OS X 10_15_7) AppleWebKit/537.36 (KHTML, like Gecko) Chrome/147.0.0.0 Safari/537.36"
113.44.110.223 - - [08/Jun/2026:13:12:14 -0400] "GET /wp-includes/js/dist/hooks.min.js?ver=7496969728ca0f95732d HTTP/1.1" 200 1712 "https://www.bagpackvacation.com/terms-conditions-with-cancellation-policy/" "Mozilla/5.0 (Macintosh; Intel Mac OS X 10_15_7) AppleWebKit/537.36 (KHTML, like Gecko) Chrome/147.0.0.0 Safari/537.36"
113.44.110.223 - - [08/Jun/2026:13:12:14 -0400] "GET /wp-content/plugins/elementor-pro/assets/js/preloaded-elements-handlers.min.js?ver=3.7.3 HTTP/1.1" 200 30189 "https://www.bagpackvacation.com/terms-conditions-with-cancellation-policy/" "Mozilla/5.0 (Macintosh; Intel Mac OS X 10_15_7) AppleWebKit/537.36 (KHTML, like Gecko) Chrome/147.0.0.0 Safari/537.36"
113.44.110.223 - - [08/Jun/2026:13:12:14 -0400] "GET /wp-includes/js/wp-util.min.js?ver=7.0 HTTP/1.1" 200 693 "https://www.bagpackvacation.com/terms-conditions-with-cancellation-policy/" "Mozilla/5.0 (Macintosh; Intel Mac OS X 10_15_7) AppleWebKit/537.36 (KHTML, like Gecko) Chrome/147.0.0.0 Safari/537.36"
113.44.110.223 - - [08/Jun/2026:13:12:14 -0400] "GET /wp-content/plugins/elementskit-lite/widgets/init/assets/js/animate-circle.min.js?ver=3.5.0 HTTP/1.1" 200 393 "https://www.bagpackvacation.com/terms-conditions-with-cancellation-policy/" "Mozilla/5.0 (Macintosh; Intel Mac OS X 10_15_7) AppleWebKit/537.36 (KHTML, like Gecko) Chrome/147.0.0.0 Safari/537.36"
113.44.110.223 - - [08/Jun/2026:13:12:14 -0400] "GET /wp-content/plugins/elementor/assets/lib/swiper/v8/swiper.min.js?ver=8.4.5 HTTP/1.1" 200 38152 "https://www.bagpackvacation.com/terms-conditions-with-cancellation-policy/" "Mozilla/5.0 (Macintosh; Intel Mac OS X 10_15_7) AppleWebKit/537.36 (KHTML, like Gecko) Chrome/147.0.0.0 Safari/537.36"
113.44.110.223 - - [08/Jun/2026:13:12:14 -0400] "GET /wp-includes/js/underscore.min.js?ver=1.13.8 HTTP/1.1" 200 7228 "https://www.bagpackvacation.com/terms-conditions-with-cancellation-policy/" "Mozilla/5.0 (Macintosh; Intel Mac OS X 10_15_7) AppleWebKit/537.36 (KHTML, like Gecko) Chrome/147.0.0.0 Safari/537.36"
113.44.110.223 - - [08/Jun/2026:13:12:14 -0400] "GET /wp-content/plugins/elementor/assets/js/frontend-modules.min.js?ver=3.28.4 HTTP/1.1" 200 14421 "https://www.bagpackvacation.com/terms-conditions-with-cancellation-policy/" "Mozilla/5.0 (Macintosh; Intel Mac OS X 10_15_7) AppleWebKit/537.36 (KHTML, like Gecko) Chrome/147.0.0.0 Safari/537.36"
113.44.110.223 - - [08/Jun/2026:13:12:14 -0400] "GET /wp-content/plugins/wpforms-lite/assets/js/share/utils.min.js?ver=1.9.5.1 HTTP/1.1" 200 733 "https://www.bagpackvacation.com/terms-conditions-with-cancellation-policy/" "Mozilla/5.0 (Macintosh; Intel Mac OS X 10_15_7) AppleWebKit/537.36 (KHTML, like Gecko) Chrome/147.0.0.0 Safari/537.36"
113.44.110.223 - - [08/Jun/2026:13:12:14 -0400] "GET /wp-content/plugins/elementor/assets/js/frontend.min.js?ver=3.28.4 HTTP/1.1" 200 13099 "https://www.bagpackvacation.com/terms-conditions-with-cancellation-policy/" "Mozilla/5.0 (Macintosh; Intel Mac OS X 10_15_7) AppleWebKit/537.36 (KHTML, like Gecko) Chrome/147.0.0.0 Safari/537.36"
113.44.110.223 - - [08/Jun/2026:13:12:14 -0400] "GET /wp-content/plugins/elementor-pro/assets/lib/smartmenus/jquery.smartmenus.min.js?ver=1.0.1 HTTP/1.1" 200 6935 "https://www.bagpackvacation.com/terms-conditions-with-cancellation-policy/" "Mozilla/5.0 (Macintosh; Intel Mac OS X 10_15_7) AppleWebKit/537.36 (KHTML, like Gecko) Chrome/147.0.0.0 Safari/537.36"
113.44.110.223 - - [08/Jun/2026:13:12:14 -0400] "GET /wp-content/plugins/wpforms-lite/assets/js/frontend/fields/address.min.js?ver=1.9.5.1 HTTP/1.1" 200 420 "https://www.bagpackvacation.com/terms-conditions-with-cancellation-policy/" "Mozilla/5.0 (Macintosh; Intel Mac OS X 10_15_7) AppleWebKit/537.36 (KHTML, like Gecko) Chrome/147.0.0.0 Safari/537.36"
113.44.110.223 - - [08/Jun/2026:13:12:14 -0400] "GET /wp-content/plugins/primary-addon-for-elementor/assets/js/Chart.min.js?ver=2.9.3 HTTP/1.1" 200 55517 "https://www.bagpackvacation.com/terms-conditions-with-cancellation-policy/" "Mozilla/5.0 (Macintosh; Intel Mac OS X 10_15_7) AppleWebKit/537.36 (KHTML, like Gecko) Chrome/147.0.0.0 Safari/537.36"
113.44.110.223 - - [08/Jun/2026:13:12:14 -0400] "GET /wp-content/plugins/primary-addon-for-elementor/elementor//js/prim-elementor.js?ver=7.0 HTTP/1.1" 200 3039 "https://www.bagpackvacation.com/terms-conditions-with-cancellation-policy/" "Mozilla/5.0 (Macintosh; Intel Mac OS X 10_15_7) AppleWebKit/537.36 (KHTML, like Gecko) Chrome/147.0.0.0 Safari/537.36"
113.44.110.223 - - [08/Jun/2026:13:12:14 -0400] "GET /wp-content/plugins/wpforms-lite/assets/lib/mailcheck.min.js?ver=1.1.2 HTTP/1.1" 200 1615 "https://www.bagpackvacation.com/terms-conditions-with-cancellation-policy/" "Mozilla/5.0 (Macintosh; Intel Mac OS X 10_15_7) AppleWebKit/537.36 (KHTML, like Gecko) Chrome/147.0.0.0 Safari/537.36"
113.44.110.223 - - [08/Jun/2026:13:12:14 -0400] "GET /wp-includes/js/dist/i18n.min.js?ver=781d11515ad3d91786ec HTTP/1.1" 200 2330 "https://www.bagpackvacation.com/terms-conditions-with-cancellation-policy/" "Mozilla/5.0 (Macintosh; Intel Mac OS X 10_15_7) AppleWebKit/537.36 (KHTML, like Gecko) Chrome/147.0.0.0 Safari/537.36"
113.44.110.223 - - [08/Jun/2026:13:12:14 -0400] "GET /wp-content/plugins/wpforms-lite/assets/lib/jquery.validate.min.js?ver=1.21.0 HTTP/1.1" 200 7806 "https://www.bagpackvacation.com/terms-conditions-with-cancellation-policy/" "Mozilla/5.0 (Macintosh; Intel Mac OS X 10_15_7) AppleWebKit/537.36 (KHTML, like Gecko) Chrome/147.0.0.0 Safari/537.36"
113.44.110.223 - - [08/Jun/2026:13:12:14 -0400] "GET /wp-content/plugins/wpforms-lite/assets/js/integrations/elementor/frontend.min.js?ver=1.9.5.1 HTTP/1.1" 200 548 "https://www.bagpackvacation.com/terms-conditions-with-cancellation-policy/" "Mozilla/5.0 (Macintosh; Intel Mac OS X 10_15_7) AppleWebKit/537.36 (KHTML, like Gecko) Chrome/147.0.0.0 Safari/537.36"
113.44.110.223 - - [08/Jun/2026:13:12:14 -0400] "GET /wp-content/plugins/wpforms-lite/assets/js/frontend/wpforms.min.js?ver=1.9.5.1 HTTP/1.1" 200 13241 "https://www.bagpackvacation.com/terms-conditions-with-cancellation-policy/" "Mozilla/5.0 (Macintosh; Intel Mac OS X 10_15_7) AppleWebKit/537.36 (KHTML, like Gecko) Chrome/147.0.0.0 Safari/537.36"
113.44.110.223 - - [08/Jun/2026:13:12:25 -0400] "GET /wp-content/plugins/woocommerce/assets/js/jquery-blockui/jquery.blockUI.min.js?ver=2.7.0-wc.9.8.7 HTTP/1.1" 200 3277 "https://www.bagpackvacation.com/terms-conditions-with-cancellation-policy/" "Mozilla/5.0 (Macintosh; Intel Mac OS X 10_15_7) AppleWebKit/537.36 (KHTML, like Gecko) Chrome/147.0.0.0 Safari/537.36"
113.44.110.223 - - [08/Jun/2026:13:12:25 -0400] "GET /wp-content/plugins/woocommerce/assets/js/frontend/add-to-cart.min.js?ver=9.8.7 HTTP/1.1" 200 1225 "https://www.bagpackvacation.com/terms-conditions-with-cancellation-policy/" "Mozilla/5.0 (Macintosh; Intel Mac OS X 10_15_7) AppleWebKit/537.36 (KHTML, like Gecko) Chrome/147.0.0.0 Safari/537.36"
113.44.110.223 - - [08/Jun/2026:13:12:27 -0400] "GET /wp-content/plugins/woocommerce/assets/js/frontend/woocommerce.min.js?ver=9.8.7 HTTP/1.1" 200 1241 "https://www.bagpackvacation.com/terms-conditions-with-cancellation-policy/" "Mozilla/5.0 (Macintosh; Intel Mac OS X 10_15_7) AppleWebKit/537.36 (KHTML, like Gecko) Chrome/147.0.0.0 Safari/537.36"
113.44.110.223 - - [08/Jun/2026:13:12:28 -0400] "GET /wp-content/plugins/elementor/assets/lib/dialog/dialog.min.js?ver=4.9.3 HTTP/1.1" 200 3487 "https://www.bagpackvacation.com/terms-conditions-with-cancellation-policy/" "Mozilla/5.0 (Macintosh; Intel Mac OS X 10_15_7) AppleWebKit/537.36 (KHTML, like Gecko) Chrome/147.0.0.0 Safari/537.36"
113.44.110.223 - - [08/Jun/2026:13:12:14 -0400] "GET /wp-content/plugins/elementskit-lite/widgets/init/assets/js/elementor.js?ver=3.5.0 HTTP/1.1" 200 5290 "https://www.bagpackvacation.com/terms-conditions-with-cancellation-policy/" "Mozilla/5.0 (Macintosh; Intel Mac OS X 10_15_7) AppleWebKit/537.36 (KHTML, like Gecko) Chrome/147.0.0.0 Safari/537.36"
113.44.110.223 - - [08/Jun/2026:13:12:27 -0400] "GET /wp-content/plugins/woocommerce/assets/js/js-cookie/js.cookie.min.js?ver=2.1.4-wc.9.8.7 HTTP/1.1" 200 760 "https://www.bagpackvacation.com/terms-conditions-with-cancellation-policy/" "Mozilla/5.0 (Macintosh; Intel Mac OS X 10_15_7) AppleWebKit/537.36 (KHTML, like Gecko) Chrome/147.0.0.0 Safari/537.36"
113.44.110.223 - - [08/Jun/2026:13:12:27 -0400] "GET /wp-content/plugins/woocommerce/assets/css/woocommerce-smallscreen.css?ver=9.8.7 HTTP/1.1" 200 1165 "https://www.bagpackvacation.com/terms-conditions-with-cancellation-policy/" "Mozilla/5.0 (Macintosh; Intel Mac OS X 10_15_7) AppleWebKit/537.36 (KHTML, like Gecko) Chrome/147.0.0.0 Safari/537.36"
85.11.167.19 - - [08/Jun/2026:13:20:06 -0400] "POST / HTTP/1.1" 301 795 "https://mail.bagpackvacation.com" "Mozilla/5.0 (Windows NT 10.0; Win64; x64) AppleWebKit/537.36 (KHTML, like Gecko) Chrome/131.0.0.0 Safari/537.36"
85.11.167.19 - - [08/Jun/2026:13:20:06 -0400] "POST / HTTP/1.1" 301 795 "https://mail.bagpackvacation.com" "Mozilla/5.0 (Windows NT 10.0; Win64; x64) AppleWebKit/537.36 (KHTML, like Gecko) Chrome/131.0.0.0 Safari/537.36"
49.51.253.26 - - [08/Jun/2026:13:20:33 -0400] "GET / HTTP/1.1" 200 40141 "http://bagpackvacation.com" "Mozilla/5.0 (iPhone; CPU iPhone OS 13_2_3 like Mac OS X) AppleWebKit/605.1.15 (KHTML, like Gecko) Version/13.0.3 Mobile/15E148 Safari/604.1"
114.119.156.124 - - [08/Jun/2026:13:20:45 -0400] "GET /nainital-corbett-special-3-night-4-days/ HTTP/1.1" 200 24757 "https://www.bagpackvacation.com/jim-corbett-tour-packages" "Mozilla/5.0 (Linux; Android 7.0;) AppleWebKit/537.36 (HTML, like Gecko) Mobile Safari/537.36 (compatible; PetalBot;+https://webmaster.petalsearch.com/site/petalbot)"
198.38.95.2 - - [08/Jun/2026:13:27:17 -0400] "GET /wp-login.php HTTP/1.1" 200 1807 "-" "Mozilla/5.0 (Windows NT 10.0; Win64; x64) AppleWebKit/537.36 (KHTML, like Gecko) Chrome/120.0.0.0 Safari/537.36"
198.38.95.2 - - [08/Jun/2026:13:27:18 -0400] "POST /wp-login.php HTTP/1.1" 200 1906 "https://www.bagpackvacation.com/wp-login.php" "Mozilla/5.0 (Windows NT 10.0; Win64; x64) AppleWebKit/537.36 (KHTML, like Gecko) Chrome/120.0.0.0 Safari/537.36"
162.213.253.84 - - [08/Jun/2026:13:27:20 -0400] "POST /wp-admin/admin-ajax.php?action=async_litespeed&nonce=E9vId9kXNCaegaIpKCCXRgAdy5R3Z4fg&litespeed_type=imgoptm HTTP/1.1" 200 0 "-" "WordPress/7.0; https://www.bagpackvacation.com"
113.44.110.223 - - [08/Jun/2026:13:12:28 -0400] "GET /wp-content/plugins/elementor/assets/js/text-editor.c084ef86600b6f11690d.bundle.min.js HTTP/1.1" 200 621 "https://www.bagpackvacation.com/terms-conditions-with-cancellation-policy/" "Mozilla/5.0 (Macintosh; Intel Mac OS X 10_15_7) AppleWebKit/537.36 (KHTML, like Gecko) Chrome/147.0.0.0 Safari/537.36"
113.44.110.223 - - [08/Jun/2026:13:12:28 -0400] "GET /wp-content/plugins/elementor/assets/js/image-carousel.6167d20b95b33386757b.bundle.min.js HTTP/1.1" 200 256 "https://www.bagpackvacation.com/terms-conditions-with-cancellation-policy/" "Mozilla/5.0 (Macintosh; Intel Mac OS X 10_15_7) AppleWebKit/537.36 (KHTML, like Gecko) Chrome/147.0.0.0 Safari/537.36"
162.213.253.84 - - [08/Jun/2026:13:27:19 -0400] "POST /wp-cron.php?doing_wp_cron=1780939639.9371089935302734375000 HTTP/1.1" 200 0 "-" "WordPress/7.0; https://www.bagpackvacation.com"
103.255.134.61 - - [08/Jun/2026:13:28:21 -0400] "GET /wp-login.php HTTP/1.1" 200 1807 "https://mail.bagpackvacation.com/wp-login.php" "Mozilla/5.0 (Macintosh; Intel Mac OS X 14_7_4) AppleWebKit/537.36 (KHTML, like Gecko) Chrome/133.0.0.0 Safari/537.36"
103.255.134.61 - - [08/Jun/2026:13:28:23 -0400] "POST /wp-login.php HTTP/1.1" 301 795 "https://mail.bagpackvacation.com/wp-login.php" "Mozilla/5.0 (Macintosh; Intel Mac OS X 14_7_4) AppleWebKit/537.36 (KHTML, like Gecko) Chrome/133.0.0.0 Safari/537.36"
34.101.101.253 - admin [08/Jun/2026:13:28:08 -0400] "GET /wp-json/wp/v2/users/me HTTP/1.1" 301 795 "-" "Mozilla/5.0 (X11; Ubuntu; Linux x86_64; rv:133.0) Gecko/20100101 Firefox/133.0"
103.255.134.61 - - [08/Jun/2026:13:28:18 -0400] "GET /wp-login.php HTTP/1.1" 301 795 "-" "Mozilla/5.0 (Macintosh; Intel Mac OS X 14_7_4) AppleWebKit/537.36 (KHTML, like Gecko) Chrome/133.0.0.0 Safari/537.36"
103.255.134.61 - - [08/Jun/2026:13:28:24 -0400] "GET /wp-login.php HTTP/1.1" 200 1807 "https://mail.bagpackvacation.com/wp-login.php" "Mozilla/5.0 (Macintosh; Intel Mac OS X 14_7_4) AppleWebKit/537.36 (KHTML, like Gecko) Chrome/133.0.0.0 Safari/537.36"
209.235.136.135 - - [08/Jun/2026:13:44:45 -0400] "GET /wp-login.php HTTP/1.1" 301 795 "-" "Mozilla/5.0 (X11; Linux x86_64; rv:133.0) Gecko/20100101 Firefox/133.0"
159.203.57.110 - - [08/Jun/2026:13:46:31 -0400] "GET /wp-login.php HTTP/1.1" 301 795 "-" "Mozilla/5.0 (Macintosh; Intel Mac OS X 10_15_7) AppleWebKit/605.1.15 (KHTML, like Gecko) Version/18.3 Safari/605.1.15"
159.203.57.110 - - [08/Jun/2026:13:46:32 -0400] "GET /wp-login.php HTTP/1.1" 200 1807 "https://mail.bagpackvacation.com/wp-login.php" "Mozilla/5.0 (Macintosh; Intel Mac OS X 10_15_7) AppleWebKit/605.1.15 (KHTML, like Gecko) Version/18.3 Safari/605.1.15"
162.213.253.84 - - [08/Jun/2026:13:53:35 -0400] "POST /wp-cron.php?doing_wp_cron=1780941215.6195569038391113281250 HTTP/1.1" 200 0 "-" "WordPress/7.0; https://www.bagpackvacation.com"
196.196.53.60 - - [08/Jun/2026:13:53:34 -0400] "POST /wp-admin/admin-ajax.php HTTP/1.0" 200 111 "https://www.bagpackvacation.com/contact-us/" "Mozilla/5.0 (Windows NT 10.0; Win64; x64) AppleWebKit/537.36 (KHTML, like Gecko) Chrome/103.0.5060.114 Safari/537.36"
34.105.42.207 - - [08/Jun/2026:13:58:06 -0400] "GET /wp-content/uploads/2023/01/bagpack-vacation-logo.png HTTP/1.1" 200 49743 "-" "Mozilla/5.0 (X11; Linux x86_64) AppleWebKit/537.36 (KHTML, like Gecko) Chrome/91.0.4472.114 Safari/537.36"
209.235.136.135 - - [08/Jun/2026:13:44:55 -0400] "GET /wp-login.php HTTP/1.1" 200 1807 "https://bagpackvacation.com/wp-login.php" "Mozilla/5.0 (X11; Linux x86_64; rv:133.0) Gecko/20100101 Firefox/133.0"
159.203.57.110 - - [08/Jun/2026:13:46:32 -0400] "POST /wp-login.php HTTP/1.1" 301 795 "https://mail.bagpackvacation.com/wp-login.php" "Mozilla/5.0 (Macintosh; Intel Mac OS X 10_15_7) AppleWebKit/605.1.15 (KHTML, like Gecko) Version/18.3 Safari/605.1.15"
159.203.57.110 - - [08/Jun/2026:13:46:32 -0400] "GET /wp-login.php HTTP/1.1" 200 1807 "https://mail.bagpackvacation.com/wp-login.php" "Mozilla/5.0 (Macintosh; Intel Mac OS X 10_15_7) AppleWebKit/605.1.15 (KHTML, like Gecko) Version/18.3 Safari/605.1.15"
34.53.45.158 - - [08/Jun/2026:13:49:14 -0400] "GET /wp-content/uploads/2023/01/007-hiking-1.png HTTP/1.1" 200 3031 "-" "Mozilla/5.0 (X11; Linux x86_64) AppleWebKit/537.36 (KHTML, like Gecko) Chrome/91.0.4472.114 Safari/537.36"
196.196.53.59 - - [08/Jun/2026:13:53:33 -0400] "GET /contact-us/ HTTP/1.0" 200 128170 "https://www.bagpackvacation.com/contact-us/" "Mozilla/5.0 (Windows NT 10.0; Win64; x64) AppleWebKit/537.36 (KHTML, like Gecko) Chrome/103.0.5060.114 Safari/537.36"
162.213.253.84 - - [08/Jun/2026:13:53:36 -0400] "POST /wp-admin/admin-ajax.php?action=async_litespeed&nonce=v6TI1qnVYjn1w0CqiY0g5OMrszcu0cIA&litespeed_type=imgoptm HTTP/1.1" 200 21 "-" "WordPress/7.0; https://www.bagpackvacation.com"
216.55.146.49 - - [08/Jun/2026:14:02:21 -0400] "GET /wp-login.php HTTP/1.1" 200 1807 "-" "Mozilla/5.0 (Windows NT 10.0; Win64; x64) AppleWebKit/537.36 (KHTML, like Gecko) Chrome/120.0.0.0 Safari/537.36"
162.213.253.84 - - [08/Jun/2026:14:02:23 -0400] "POST /wp-cron.php?doing_wp_cron=1780941743.3619089126586914062500 HTTP/1.1" 200 0 "-" "WordPress/7.0; https://www.bagpackvacation.com"
216.55.146.49 - - [08/Jun/2026:14:02:22 -0400] "POST /wp-login.php HTTP/1.1" 200 1906 "https://www.bagpackvacation.com/wp-login.php" "Mozilla/5.0 (Windows NT 10.0; Win64; x64) AppleWebKit/537.36 (KHTML, like Gecko) Chrome/120.0.0.0 Safari/537.36"
162.213.253.84 - - [08/Jun/2026:14:10:24 -0400] "POST /wp-cron.php?doing_wp_cron=1780942224.7024650573730468750000 HTTP/1.1" 200 0 "-" "WordPress/7.0; https://www.bagpackvacation.com"
162.213.253.84 - - [08/Jun/2026:14:11:54 -0400] "POST /wp-cron.php?doing_wp_cron=1780942314.5775229930877685546875 HTTP/1.1" 200 0 "-" "WordPress/7.0; https://www.bagpackvacation.com"
195.178.110.31 - - [08/Jun/2026:14:11:52 -0400] "GET /asdkjh2k3h4_nonexistent_path HTTP/1.1" 404 106550 "-" "Mozilla/5.0 (Windows NT 10.0; Win64; x64) AppleWebKit/537.36"
162.213.253.84 - - [08/Jun/2026:14:11:55 -0400] "POST /wp-admin/admin-ajax.php?action=async_litespeed&nonce=Ina8NYUIStipfCHpe2QQuV3MfgT0vSyl&litespeed_type=imgoptm HTTP/1.1" 200 0 "-" "WordPress/7.0; https://www.bagpackvacation.com"
195.178.110.31 - - [08/Jun/2026:14:11:59 -0400] "GET /.env.local HTTP/1.1" 404 106514 "-" "Mozilla/5.0 (Windows NT 10.0; Win64; x64) AppleWebKit/537.36"
195.178.110.31 - - [08/Jun/2026:14:12:01 -0400] "GET /.env.production HTTP/1.1" 404 106524 "-" "Mozilla/5.0 (Windows NT 10.0; Win64; x64) AppleWebKit/537.36"
195.178.110.31 - - [08/Jun/2026:14:12:04 -0400] "GET /.env.development HTTP/1.1" 404 106526 "-" "Mozilla/5.0 (Windows NT 10.0; Win64; x64) AppleWebKit/537.36"
195.178.110.31 - - [08/Jun/2026:14:12:06 -0400] "GET /.env.staging HTTP/1.1" 404 106518 "-" "Mozilla/5.0 (Windows NT 10.0; Win64; x64) AppleWebKit/537.36"
195.178.110.31 - - [08/Jun/2026:14:12:16 -0400] "GET /.env.prod HTTP/1.1" 404 106512 "-" "Mozilla/5.0 (Windows NT 10.0; Win64; x64) AppleWebKit/537.36"
195.178.110.31 - - [08/Jun/2026:14:12:19 -0400] "GET /.env.dev HTTP/1.1" 404 106510 "-" "Mozilla/5.0 (Windows NT 10.0; Win64; x64) AppleWebKit/537.36"
195.178.110.31 - - [08/Jun/2026:14:12:21 -0400] "GET /.env.backup HTTP/1.1" 404 106516 "-" "Mozilla/5.0 (Windows NT 10.0; Win64; x64) AppleWebKit/537.36"
195.178.110.31 - - [08/Jun/2026:14:12:26 -0400] "GET /.env.bak HTTP/1.1" 404 106510 "-" "Mozilla/5.0 (Windows NT 10.0; Win64; x64) AppleWebKit/537.36"
162.213.253.84 - - [08/Jun/2026:14:12:29 -0400] "POST /wp-cron.php?doing_wp_cron=1780942349.5685319900512695312500 HTTP/1.1" 200 0 "-" "WordPress/7.0; https://www.bagpackvacation.com"
162.213.253.84 - - [08/Jun/2026:14:12:30 -0400] "POST /wp-admin/admin-ajax.php?action=async_litespeed&nonce=JL7bpB30T2aDPEhlZkzde6ymZUHz9YaC&litespeed_type=imgoptm HTTP/1.1" 200 0 "-" "WordPress/7.0; https://www.bagpackvacation.com"
195.178.110.31 - - [08/Jun/2026:14:12:34 -0400] "GET /src/.env HTTP/1.1" 404 106510 "-" "Mozilla/5.0 (Windows NT 10.0; Win64; x64) AppleWebKit/537.36"
195.178.110.31 - - [08/Jun/2026:14:12:37 -0400] "GET /backend/.env HTTP/1.1" 404 106518 "-" "Mozilla/5.0 (Windows NT 10.0; Win64; x64) AppleWebKit/537.36"
195.178.110.31 - - [08/Jun/2026:14:12:41 -0400] "GET /config.php HTTP/1.1" 404 106514 "-" "Mozilla/5.0 (Windows NT 10.0; Win64; x64) AppleWebKit/537.36"
195.178.110.31 - - [08/Jun/2026:14:12:46 -0400] "GET /wp-config.php HTTP/1.1" 200 0 "-" "Mozilla/5.0 (Windows NT 10.0; Win64; x64) AppleWebKit/537.36"
195.178.110.31 - - [08/Jun/2026:14:12:48 -0400] "GET /config.php.bak HTTP/1.1" 404 106522 "-" "Mozilla/5.0 (Windows NT 10.0; Win64; x64) AppleWebKit/537.36"
162.213.253.84 - - [08/Jun/2026:14:12:57 -0400] "POST /wp-cron.php?doing_wp_cron=1780942377.0754899978637695312500 HTTP/1.1" 200 0 "-" "WordPress/7.0; https://www.bagpackvacation.com"
162.213.253.84 - - [08/Jun/2026:14:02:24 -0400] "POST /wp-admin/admin-ajax.php?action=async_litespeed&nonce=btfoKSZoOMNBaareNTxJJL9LLqGXEzaF&litespeed_type=imgoptm HTTP/1.1" 200 0 "-" "WordPress/7.0; https://www.bagpackvacation.com"
104.155.29.73 - - [08/Jun/2026:14:10:23 -0400] "GET /wp-login.php HTTP/1.1" 200 1807 "-" "Mozilla/5.0 (X11; Linux x86_64) AppleWebKit/537.36 (KHTML, like Gecko) Chrome/133.0.0.0 Safari/537.36 Edg/133.0.0.0"
104.155.29.73 - - [08/Jun/2026:14:10:23 -0400] "POST /wp-login.php HTTP/1.1" 200 1905 "https://www.bagpackvacation.com/wp-login.php" "Mozilla/5.0 (X11; Linux x86_64) AppleWebKit/537.36 (KHTML, like Gecko) Chrome/133.0.0.0 Safari/537.36 Edg/133.0.0.0"
162.213.253.84 - - [08/Jun/2026:14:10:25 -0400] "POST /wp-admin/admin-ajax.php?action=async_litespeed&nonce=5WVu6ZLcp6l9JhtRdbANPcpQOOzx4aYK&litespeed_type=imgoptm HTTP/1.1" 200 0 "-" "WordPress/7.0; https://www.bagpackvacation.com"
195.178.110.31 - - [08/Jun/2026:14:11:51 -0400] "GET / HTTP/1.1" 200 254241 "-" "Mozilla/5.0 (Windows NT 10.0; Win64; x64) AppleWebKit/537.36"
