136.243.146.219 - - [08/Jun/2026:20:41:12 -0400] "GET /romantic-goa-with-dudh-sagar-waterfall-4-night-5-days/ HTTP/1.1" 200 28995 "-" "Mozilla/5.0 (compatible; SERankingBacklinksBot/1.0; +https://seranking.com/backlinks-crawler)"
173.236.215.92 - - [08/Jun/2026:20:42:02 -0400] "POST /wp-login.php HTTP/1.1" 301 795 "https://mail.bagpackvacation.com/wp-login.php" "Mozilla/5.0 (X11; CrOS x86_64 14541.0.0) AppleWebKit/537.36 (KHTML, like Gecko) Chrome/133.0.0.0 Safari/537.36"
136.118.233.210 - - [08/Jun/2026:20:42:09 -0400] "GET /wp-content/uploads/2023/01/backpacker-couple-travel-adventure-happiness-conce-2022-09-16-07-18-27-utc.jpg HTTP/1.1" 200 188571 "-" "Mozilla/5.0 (X11; Linux x86_64) AppleWebKit/537.36 (KHTML, like Gecko) Chrome/91.0.4472.114 Safari/537.36"
173.236.215.92 - - [08/Jun/2026:20:42:00 -0400] "GET /wp-login.php HTTP/1.1" 301 795 "-" "Mozilla/5.0 (X11; CrOS x86_64 14541.0.0) AppleWebKit/537.36 (KHTML, like Gecko) Chrome/133.0.0.0 Safari/537.36"
173.236.215.92 - - [08/Jun/2026:20:42:01 -0400] "GET /wp-login.php HTTP/1.1" 200 1807 "https://mail.bagpackvacation.com/wp-login.php" "Mozilla/5.0 (X11; CrOS x86_64 14541.0.0) AppleWebKit/537.36 (KHTML, like Gecko) Chrome/133.0.0.0 Safari/537.36"
173.236.215.92 - - [08/Jun/2026:20:42:02 -0400] "GET /wp-login.php HTTP/1.1" 200 1807 "https://mail.bagpackvacation.com/wp-login.php" "Mozilla/5.0 (X11; CrOS x86_64 14541.0.0) AppleWebKit/537.36 (KHTML, like Gecko) Chrome/133.0.0.0 Safari/537.36"
162.213.253.84 - - [08/Jun/2026:20:59:52 -0400] "POST /wp-admin/admin-ajax.php?action=async_litespeed&nonce=gLEYqvUQdvbArigBseKADJHNlSriubL4&litespeed_type=imgoptm HTTP/1.1" 200 21 "-" "WordPress/7.0; https://www.bagpackvacation.com"
119.195.102.159 - - [08/Jun/2026:20:59:48 -0400] "GET /wp-login.php HTTP/1.1" 200 1807 "-" "Mozilla/5.0 (Windows NT 10.0; Win64; x64) AppleWebKit/537.36 (KHTML, like Gecko) Chrome/133.0.0.0 Safari/537.36"
162.213.253.84 - - [08/Jun/2026:20:59:51 -0400] "POST /wp-cron.php?doing_wp_cron=1780966791.8770370483398437500000 HTTP/1.1" 200 0 "-" "WordPress/7.0; https://www.bagpackvacation.com"
119.195.102.159 - - [08/Jun/2026:20:59:50 -0400] "POST /wp-login.php HTTP/1.1" 200 1905 "https://www.bagpackvacation.com/wp-login.php" "Mozilla/5.0 (Windows NT 10.0; Win64; x64) AppleWebKit/537.36 (KHTML, like Gecko) Chrome/133.0.0.0 Safari/537.36"
162.213.253.84 - - [08/Jun/2026:21:18:53 -0400] "POST /wp-admin/admin-ajax.php?action=async_litespeed&nonce=kerJ7mgQqDaDUfzEG9IvG3Gbu0uTaQem&litespeed_type=imgoptm HTTP/1.1" 200 0 "-" "WordPress/7.0; https://www.bagpackvacation.com"
162.213.253.84 - - [08/Jun/2026:21:18:55 -0400] "POST /wp-cron.php?doing_wp_cron=1780967935.3910660743713378906250 HTTP/1.1" 200 0 "-" "WordPress/7.0; https://www.bagpackvacation.com"
82.221.129.39 - - [08/Jun/2026:21:19:18 -0400] "GET /wp-login.php HTTP/1.1" 200 1807 "-" "Mozilla/5.0 (X11; Ubuntu; Linux x86_64) AppleWebKit/537.36 (KHTML, like Gecko) Chrome/133.0.0.0 Safari/537.36"
103.255.134.61 - - [08/Jun/2026:21:20:10 -0400] "GET /wp-login.php HTTP/1.1" 200 1807 "https://bagpackvacation.com/wp-login.php" "Mozilla/5.0 (Windows NT 10.0; WOW64) AppleWebKit/537.36 (KHTML, like Gecko) Chrome/133.0.0.0 Safari/537.36"
103.255.134.61 - - [08/Jun/2026:21:20:12 -0400] "POST /wp-login.php HTTP/1.1" 301 795 "https://bagpackvacation.com/wp-login.php" "Mozilla/5.0 (Windows NT 10.0; WOW64) AppleWebKit/537.36 (KHTML, like Gecko) Chrome/133.0.0.0 Safari/537.36"
103.255.134.61 - - [08/Jun/2026:21:20:13 -0400] "GET /wp-login.php HTTP/1.1" 200 1807 "https://bagpackvacation.com/wp-login.php" "Mozilla/5.0 (Windows NT 10.0; WOW64) AppleWebKit/537.36 (KHTML, like Gecko) Chrome/133.0.0.0 Safari/537.36"
147.53.114.7 - - [08/Jun/2026:21:18:54 -0400] "POST /wp-admin/admin-ajax.php HTTP/1.1" 200 17 "http://www.bagpackvacation.com/contact-us/" "Mozilla/5.0 (Windows NT 10.0; WOW64; x64) AppleWebKit/537.36 (KHTML, like Gecko) Chrome/114.0.0.0 Safari/537.36 OPR/89.0.4447.51"
82.221.129.39 - - [08/Jun/2026:21:19:18 -0400] "POST /wp-login.php HTTP/1.1" 200 1905 "https://www.bagpackvacation.com/wp-login.php" "Mozilla/5.0 (X11; Ubuntu; Linux x86_64) AppleWebKit/537.36 (KHTML, like Gecko) Chrome/133.0.0.0 Safari/537.36"
103.255.134.61 - - [08/Jun/2026:21:20:03 -0400] "GET /wp-login.php HTTP/1.1" 301 795 "-" "Mozilla/5.0 (Windows NT 10.0; WOW64) AppleWebKit/537.36 (KHTML, like Gecko) Chrome/133.0.0.0 Safari/537.36"
110.249.202.47 - - [08/Jun/2026:21:25:27 -0400] "GET /robots.txt HTTP/1.1" 200 129 "-" "Mozilla/5.0 (Linux; Android 5.0) AppleWebKit/537.36 (KHTML, like Gecko) Mobile Safari/537.36 (compatible; Bytespider; https://zhanzhang.toutiao.com/)"
77.94.108.149 - - [08/Jun/2026:21:28:56 -0400] "GET /goa-tour-packages/ HTTP/1.1" 200 26570 "-" "Mozilla/5.0 (Macintosh; Intel Mac OS X 11_7_0) AppleWebKit/537.36 (KHTML, like Gecko) Chrome/129.0.6668.29 Safari/537.36"
82.165.2.98 - - [08/Jun/2026:21:55:56 -0400] "POST /wp-login.php HTTP/1.1" 200 1905 "https://www.bagpackvacation.com/wp-login.php" "Mozilla/5.0 (X11; Linux x86_64) AppleWebKit/537.36 (KHTML, like Gecko) Chrome/133.0.0.0 Safari/537.36"
82.165.2.98 - - [08/Jun/2026:21:55:54 -0400] "GET /wp-login.php HTTP/1.1" 200 1807 "-" "Mozilla/5.0 (X11; Linux x86_64) AppleWebKit/537.36 (KHTML, like Gecko) Chrome/133.0.0.0 Safari/537.36"
162.213.253.84 - - [08/Jun/2026:21:55:57 -0400] "POST /wp-cron.php?doing_wp_cron=1780970157.9354701042175292968750 HTTP/1.1" 200 0 "-" "WordPress/7.0; https://www.bagpackvacation.com"
162.213.253.84 - - [08/Jun/2026:21:55:59 -0400] "POST /wp-admin/admin-ajax.php?action=async_litespeed&nonce=lUZNzhSNQUbaYBZoE5DfywWIKwYeb1FC&litespeed_type=imgoptm HTTP/1.1" 200 0 "-" "WordPress/7.0; https://www.bagpackvacation.com"
162.213.253.84 - - [08/Jun/2026:21:51:21 -0400] "POST /wp-cron.php?doing_wp_cron=1780969881.1444239616394042968750 HTTP/1.1" 200 0 "-" "WordPress/7.0; https://www.bagpackvacation.com"
114.119.153.104 - - [08/Jun/2026:21:51:23 -0400] "GET /3-night-4-days-thailand-pattaya-weekend-getaway/ HTTP/1.1" 200 24829 "https://www.bagpackvacation.com/thailand-tour-packages" "Mozilla/5.0 (Linux; Android 7.0;) AppleWebKit/537.36 (HTML, like Gecko) Mobile Safari/537.36 (compatible; PetalBot;+https://webmaster.petalsearch.com/site/petalbot)"
162.213.253.84 - - [08/Jun/2026:21:51:22 -0400] "POST /wp-admin/admin-ajax.php?action=async_litespeed&nonce=uuylRAIV13xmVCdY8qoLGUYyEr72Yu7C&litespeed_type=imgoptm HTTP/1.1" 200 0 "-" "WordPress/7.0; https://www.bagpackvacation.com"
114.119.153.104 - - [08/Jun/2026:21:51:19 -0400] "GET /3-night-4-days-thailand-pattaya-weekend-getaway HTTP/1.1" 301 0 "https://www.bagpackvacation.com/thailand-tour-packages" "Mozilla/5.0 (Linux; Android 7.0;) AppleWebKit/537.36 (HTML, like Gecko) Mobile Safari/537.36 (compatible; PetalBot;+https://webmaster.petalsearch.com/site/petalbot)"
136.118.146.94 - - [08/Jun/2026:22:10:44 -0400] "GET /wp-content/uploads/2023/01/007-hiking-1.png HTTP/1.1" 200 3031 "-" "Mozilla/5.0 (X11; Linux x86_64) AppleWebKit/537.36 (KHTML, like Gecko) Chrome/91.0.4472.114 Safari/537.36"
93.39.85.202 - admin [08/Jun/2026:22:12:34 -0400] "GET /wp-json/wp/v2/users/me HTTP/1.1" 401 96 "-" "Mozilla/5.0 (Macintosh; Intel Mac OS X 10_15_7) AppleWebKit/537.36 (KHTML, like Gecko) Chrome/133.0.0.0 Safari/537.36"
92.56.159.118 - - [08/Jun/2026:22:11:42 -0400] "GET /robots.txt HTTP/1.1" 200 129 "-" "Mozilla/5.0 (Macintosh; Intel Mac OS X 11_7_0) AppleWebKit/537.36 (KHTML, like Gecko) Chrome/129.0.6668.29 Safari/537.36"
162.213.253.84 - - [08/Jun/2026:22:12:35 -0400] "POST /wp-cron.php?doing_wp_cron=1780971155.9684259891510009765625 HTTP/1.1" 200 0 "-" "WordPress/7.0; https://www.bagpackvacation.com"
162.213.253.84 - - [08/Jun/2026:22:12:36 -0400] "POST /wp-admin/admin-ajax.php?action=async_litespeed&nonce=9ilebQ7z8JCHyUI20TnxkbHIMhwoataE&litespeed_type=imgoptm HTTP/1.1" 200 21 "-" "WordPress/7.0; https://www.bagpackvacation.com"
216.251.35.204 - - [08/Jun/2026:22:19:17 -0400] "GET /wp-login.php HTTP/1.1" 301 795 "-" "Mozilla/5.0 (X11; Ubuntu; Linux x86_64; rv:133.0) Gecko/20100101 Firefox/133.0"
216.251.35.204 - - [08/Jun/2026:22:19:27 -0400] "GET /wp-login.php HTTP/1.1" 200 1807 "https://bagpackvacation.com/wp-login.php" "Mozilla/5.0 (X11; Ubuntu; Linux x86_64; rv:133.0) Gecko/20100101 Firefox/133.0"
216.251.35.204 - - [08/Jun/2026:22:19:41 -0400] "GET /wp-json/wp/v2/users/me HTTP/1.1" 401 96 "https://bagpackvacation.com/wp-json/wp/v2/users/me" "Mozilla/5.0 (X11; Ubuntu; Linux x86_64; rv:133.0) Gecko/20100101 Firefox/133.0"
162.213.253.84 - - [08/Jun/2026:22:19:44 -0400] "POST /wp-admin/admin-ajax.php?action=async_litespeed&nonce=TMR9n5e5WYRrxB3XSfKUX7P6aDfnL6dY&litespeed_type=imgoptm HTTP/1.1" 200 21 "-" "WordPress/7.0; https://www.bagpackvacation.com"
216.251.35.204 - admin [08/Jun/2026:22:19:32 -0400] "GET /wp-json/wp/v2/users/me HTTP/1.1" 301 795 "-" "Mozilla/5.0 (X11; Ubuntu; Linux x86_64; rv:133.0) Gecko/20100101 Firefox/133.0"
162.213.253.84 - - [08/Jun/2026:22:19:43 -0400] "POST /wp-cron.php?doing_wp_cron=1780971583.1127080917358398437500 HTTP/1.1" 200 0 "-" "WordPress/7.0; https://www.bagpackvacation.com"
162.213.253.84 - - [08/Jun/2026:22:30:21 -0400] "POST /wp-cron.php?doing_wp_cron=1780972221.8581941127777099609375 HTTP/1.1" 200 0 "-" "WordPress/7.0; https://www.bagpackvacation.com"
162.213.253.84 - - [08/Jun/2026:22:30:22 -0400] "POST /wp-admin/admin-ajax.php?action=async_litespeed&nonce=jw89YIRPVxKNVrdhqCYkxDDmscrYh0Sf&litespeed_type=imgoptm HTTP/1.1" 200 0 "-" "WordPress/7.0; https://www.bagpackvacation.com"
34.142.188.42 - - [08/Jun/2026:22:31:14 -0400] "GET / HTTP/1.1" 200 40166 "http://mail.bagpackvacation.com/" "curl/7.83.1"
45.61.187.176 - - [08/Jun/2026:22:32:28 -0400] "GET /wp-login.php HTTP/1.1" 200 5935 "-" "Mozilla/5.0 (Macintosh; Intel Mac OS X 10_9_2) AppleWebKit/537.36 (KHTML, like Gecko) Chrome/36.0.1985.125 Safari/537.36"
45.61.187.176 - - [08/Jun/2026:22:32:32 -0400] "GET /wp-admin/plugin-install.php?tab=upload HTTP/1.1" 301 795 "-" "python-requests/2.34.2"
162.213.253.84 - - [08/Jun/2026:22:32:31 -0400] "POST /wp-admin/admin-ajax.php?action=async_litespeed&nonce=VgHjcUkrKDNdBGZXRHGooB7T0JQHo4B9&litespeed_type=imgoptm HTTP/1.1" 200 21 "-" "WordPress/7.0; https://www.bagpackvacation.com"
162.213.253.84 - - [08/Jun/2026:22:36:14 -0400] "POST /wp-cron.php?doing_wp_cron=1780972574.7336089611053466796875 HTTP/1.1" 200 0 "-" "WordPress/7.0; https://www.bagpackvacation.com"
114.119.153.104 - - [08/Jun/2026:22:36:13 -0400] "GET /relaxing-shimla-with-narkanda-3-night-4-days HTTP/1.1" 301 0 "https://www.bagpackvacation.com/relaxing-shimla-with-narkanda-3-night-4-days" "Mozilla/5.0 (Linux; Android 7.0;) AppleWebKit/537.36 (HTML, like Gecko) Mobile Safari/537.36 (compatible; PetalBot;+https://webmaster.petalsearch.com/site/petalbot)"
114.119.153.104 - - [08/Jun/2026:22:36:18 -0400] "GET /relaxing-shimla-with-narkanda-3-night-4-days/ HTTP/1.1" 200 25096 "https://www.bagpackvacation.com/relaxing-shimla-with-narkanda-3-night-4-days" "Mozilla/5.0 (Linux; Android 7.0;) AppleWebKit/537.36 (HTML, like Gecko) Mobile Safari/537.36 (compatible; PetalBot;+https://webmaster.petalsearch.com/site/petalbot)"
195.178.110.159 - - [08/Jun/2026:22:39:29 -0400] "GET /.git/config HTTP/1.1" 403 1242 "-" "Mozilla/5.0 (Windows; U; Windows NT 6.1; ko-KR) AppleWebKit/533.20.25 (KHTML, like Gecko) Version/5.0.4 Safari/533.20.27"
57.128.95.87 - - [08/Jun/2026:22:39:40 -0400] "GET /wp-login.php HTTP/1.1" 200 1807 "-" "Mozilla/5.0 (Windows NT 10.0; Win64; x64) AppleWebKit/537.36 (KHTML, like Gecko) Chrome/120.0.0.0 Safari/537.36"
162.213.253.84 - - [08/Jun/2026:22:39:41 -0400] "POST /wp-cron.php?doing_wp_cron=1780972781.7241830825805664062500 HTTP/1.1" 200 0 "-" "WordPress/7.0; https://www.bagpackvacation.com"
57.128.95.87 - - [08/Jun/2026:22:39:40 -0400] "POST /wp-login.php HTTP/1.1" 200 1905 "https://www.bagpackvacation.com/wp-login.php" "Mozilla/5.0 (Windows NT 10.0; Win64; x64) AppleWebKit/537.36 (KHTML, like Gecko) Chrome/120.0.0.0 Safari/537.36"
103.255.134.61 - - [08/Jun/2026:22:30:19 -0400] "GET /wp-login.php HTTP/1.1" 200 1807 "-" "Mozilla/5.0 (Windows NT 10.0; Win64; x64) AppleWebKit/537.36 (KHTML, like Gecko) Chrome/133.0.0.0 Safari/537.36"
103.255.134.61 - - [08/Jun/2026:22:30:20 -0400] "POST /wp-login.php HTTP/1.1" 200 1905 "https://www.bagpackvacation.com/wp-login.php" "Mozilla/5.0 (Windows NT 10.0; Win64; x64) AppleWebKit/537.36 (KHTML, like Gecko) Chrome/133.0.0.0 Safari/537.36"
45.61.187.176 - - [08/Jun/2026:22:32:27 -0400] "GET /wp-login.php HTTP/1.1" 301 795 "-" "Mozilla/5.0 (Macintosh; Intel Mac OS X 10_9_2) AppleWebKit/537.36 (KHTML, like Gecko) Chrome/36.0.1985.125 Safari/537.36"
45.61.187.176 - - [08/Jun/2026:22:32:29 -0400] "POST /wp-login.php HTTP/1.1" 301 795 "-" "Mozilla/5.0 (Macintosh; Intel Mac OS X 10_9_2) AppleWebKit/537.36 (KHTML, like Gecko) Chrome/36.0.1985.125 Safari/537.36"
45.61.187.176 - - [08/Jun/2026:22:32:29 -0400] "GET /wp-login.php HTTP/1.1" 200 5935 "-" "Mozilla/5.0 (Macintosh; Intel Mac OS X 10_9_2) AppleWebKit/537.36 (KHTML, like Gecko) Chrome/36.0.1985.125 Safari/537.36"
45.61.187.176 - - [08/Jun/2026:22:32:29 -0400] "GET /wp-admin/themes.php HTTP/1.1" 301 795 "-" "python-requests/2.34.2"
162.213.253.84 - - [08/Jun/2026:22:32:30 -0400] "POST /wp-cron.php?doing_wp_cron=1780972350.8191480636596679687500 HTTP/1.1" 200 0 "-" "WordPress/7.0; https://www.bagpackvacation.com"
45.61.187.176 - - [08/Jun/2026:22:32:29 -0400] "GET /wp-admin/themes.php HTTP/1.1" 302 0 "-" "python-requests/2.34.2"
45.61.187.176 - - [08/Jun/2026:22:32:31 -0400] "GET /wp-login.php?redirect_to=https%3A%2F%2Fwww.bagpackvacation.com%2Fwp-admin%2Fthemes.php&reauth=1 HTTP/1.1" 200 2047 "-" "python-requests/2.34.2"
45.61.187.176 - - [08/Jun/2026:22:32:32 -0400] "GET /wp-admin/plugin-install.php?tab=upload HTTP/1.1" 302 0 "-" "python-requests/2.34.2"
45.61.187.176 - - [08/Jun/2026:22:32:33 -0400] "GET /wp-login.php?redirect_to=https%3A%2F%2Fwww.bagpackvacation.com%2Fwp-admin%2Fplugin-install.php%3Ftab%3Dupload&reauth=1 HTTP/1.1" 200 2054 "-" "python-requests/2.34.2"
114.119.156.124 - - [08/Jun/2026:22:32:42 -0400] "GET /wp-content/uploads/2023/02/Best-Of-Dubai-With-Museum-Of-Future.jpg HTTP/1.1" 200 126534 "https://www.bagpackvacation.com/dubai-tour-packages/" "Mozilla/5.0 (Linux; Android 7.0;) AppleWebKit/537.36 (HTML, like Gecko) Mobile Safari/537.36 (compatible; PetalBot;+https://webmaster.petalsearch.com/site/petalbot)"
162.213.253.84 - - [08/Jun/2026:22:36:15 -0400] "POST /wp-admin/admin-ajax.php?action=async_litespeed&nonce=1AqphGN7zR2ZpvTBUeu9etVnyjjsdGhs&litespeed_type=imgoptm HTTP/1.1" 200 21 "-" "WordPress/7.0; https://www.bagpackvacation.com"
57.128.95.87 - - [08/Jun/2026:22:39:34 -0400] "GET /wp-login.php HTTP/1.1" 301 795 "-" "Mozilla/5.0 (Windows NT 10.0; Win64; x64) AppleWebKit/537.36 (KHTML, like Gecko) Chrome/120.0.0.0 Safari/537.36"
57.128.95.87 - - [08/Jun/2026:22:39:34 -0400] "GET /wp-login.php HTTP/1.1" 200 1807 "https://mail.bagpackvacation.com/wp-login.php" "Mozilla/5.0 (Windows NT 10.0; Win64; x64) AppleWebKit/537.36 (KHTML, like Gecko) Chrome/120.0.0.0 Safari/537.36"
162.213.253.84 - - [08/Jun/2026:22:39:42 -0400] "POST /wp-admin/admin-ajax.php?action=async_litespeed&nonce=bdvvdN2G08OHOxwtpcL7umrJZ9IaJvBa&litespeed_type=imgoptm HTTP/1.1" 200 21 "-" "WordPress/7.0; https://www.bagpackvacation.com"
67.205.20.116 - - [08/Jun/2026:23:00:38 -0400] "GET /wp-login.php HTTP/1.1" 301 795 "-" "Mozilla/5.0 (X11; CrOS x86_64 14541.0.0) AppleWebKit/537.36 (KHTML, like Gecko) Chrome/133.0.0.0 Safari/537.36"
67.205.20.116 - - [08/Jun/2026:23:00:43 -0400] "GET /wp-login.php HTTP/1.1" 200 1807 "https://bagpackvacation.com/wp-login.php" "Mozilla/5.0 (X11; CrOS x86_64 14541.0.0) AppleWebKit/537.36 (KHTML, like Gecko) Chrome/133.0.0.0 Safari/537.36"
67.205.20.116 - - [08/Jun/2026:23:00:44 -0400] "POST /wp-login.php HTTP/1.1" 301 795 "https://bagpackvacation.com/wp-login.php" "Mozilla/5.0 (X11; CrOS x86_64 14541.0.0) AppleWebKit/537.36 (KHTML, like Gecko) Chrome/133.0.0.0 Safari/537.36"
67.205.20.116 - - [08/Jun/2026:23:00:46 -0400] "GET /wp-login.php HTTP/1.1" 200 1807 "https://bagpackvacation.com/wp-login.php" "Mozilla/5.0 (X11; CrOS x86_64 14541.0.0) AppleWebKit/537.36 (KHTML, like Gecko) Chrome/133.0.0.0 Safari/537.36"
162.213.253.84 - - [08/Jun/2026:22:51:56 -0400] "POST /wp-cron.php?doing_wp_cron=1780973516.7487030029296875000000 HTTP/1.1" 200 0 "-" "WordPress/7.0; https://www.bagpackvacation.com"
47.128.21.115 - - [08/Jun/2026:22:51:54 -0400] "GET /4-night-5-days-maldives/ HTTP/1.1" 200 23617 "-" "Mozilla/5.0 (Linux; Android 5.0) AppleWebKit/537.36 (KHTML, like Gecko) Mobile Safari/537.36 (compatible; Bytespider; [email protected])"
47.128.21.115 - - [08/Jun/2026:22:51:57 -0400] "GET /wp-content/uploads/elementor/css/post-1669.css?ver=1714970368 HTTP/1.1" 200 2063 "https://www.bagpackvacation.com/4-night-5-days-maldives/" "Mozilla/5.0 (Linux; Android 5.0) AppleWebKit/537.36 (KHTML, like Gecko) Mobile Safari/537.36 (compatible; Bytespider; [email protected])"
47.128.21.115 - - [08/Jun/2026:22:51:58 -0400] "GET /wp-content/uploads/2023/03/beach-g44f670fd9_640.jpg HTTP/1.1" 206 500 "https://www.bagpackvacation.com/4-night-5-days-maldives/" "Mozilla/5.0 (Linux; Android 5.0) AppleWebKit/537.36 (KHTML, like Gecko) Mobile Safari/537.36 (compatible; Bytespider; [email protected])"
162.213.253.84 - - [08/Jun/2026:22:51:57 -0400] "POST /wp-admin/admin-ajax.php?action=async_litespeed&nonce=LJAmF7NzZDf1SLZduuUsqfiHibTHQbUD&litespeed_type=imgoptm HTTP/1.1" 200 21 "-" "WordPress/7.0; https://www.bagpackvacation.com"
100.55.27.202 - - [08/Jun/2026:22:58:45 -0400] "GET /robots.txt HTTP/1.1" 200 129 "-" "Mozilla/5.0 (Macintosh; Intel Mac OS X 10_15_7) AppleWebKit/537.36 (KHTML, like Gecko) Chrome/108.0.0.0 Safari/537.36"
201.76.149.85 - - [08/Jun/2026:23:03:50 -0400] "GET /wp-login.php HTTP/1.1" 301 795 "-" "Mozilla/5.0 (Windows NT 10.0) AppleWebKit/537.36 (KHTML, like Gecko) Chrome/133.0.0.0 Safari/537.36"
201.76.149.85 - - [08/Jun/2026:23:04:02 -0400] "GET /wp-login.php HTTP/1.1" 200 1807 "https://mail.bagpackvacation.com/wp-login.php" "Mozilla/5.0 (Windows NT 10.0) AppleWebKit/537.36 (KHTML, like Gecko) Chrome/133.0.0.0 Safari/537.36"
201.76.149.85 - - [08/Jun/2026:23:04:30 -0400] "POST /wp-login.php HTTP/1.1" 301 795 "https://mail.bagpackvacation.com/wp-login.php" "Mozilla/5.0 (Windows NT 10.0) AppleWebKit/537.36 (KHTML, like Gecko) Chrome/133.0.0.0 Safari/537.36"
100.55.27.202 - - [08/Jun/2026:23:06:30 -0400] "GET / HTTP/1.1" 200 40166 "-" "Mozilla/5.0 (Macintosh; Intel Mac OS X 10_15_7) AppleWebKit/537.36 (KHTML, like Gecko) Chrome/108.0.0.0 Safari/537.36"
34.182.123.159 - - [08/Jun/2026:23:04:35 -0400] "GET /wp-content/uploads/2023/01/bagpack-vacation-logo.png HTTP/1.1" 200 49743 "-" "Mozilla/5.0 (X11; Linux x86_64) AppleWebKit/537.36 (KHTML, like Gecko) Chrome/91.0.4472.114 Safari/537.36"
136.116.198.170 - - [08/Jun/2026:23:11:33 -0400] "POST / HTTP/1.1" 301 795 "https://bagpackvacation.com/" "Mozilla/5.0 (Macintosh; Intel Mac OS X 10_15_7) AppleWebKit/537.36 (KHTML, like Gecko) Chrome/146.0.0.0 Safari/537.36"
136.116.198.170 - - [08/Jun/2026:23:11:33 -0400] "GET / HTTP/1.1" 200 34008 "https://bagpackvacation.com/" "Mozilla/5.0 (Macintosh; Intel Mac OS X 10_15_7) AppleWebKit/537.36 (KHTML, like Gecko) Chrome/146.0.0.0 Safari/537.36"
162.213.253.84 - - [08/Jun/2026:23:12:16 -0400] "POST /wp-cron.php?doing_wp_cron=1780974736.7875499725341796875000 HTTP/1.1" 200 0 "-" "WordPress/7.0; https://www.bagpackvacation.com"
162.213.253.84 - - [08/Jun/2026:23:12:17 -0400] "POST /wp-admin/admin-ajax.php?action=async_litespeed&nonce=Jqfsmg949AvIc6A0PHWEQrPALjKr8WUT&litespeed_type=imgoptm HTTP/1.1" 200 21 "-" "WordPress/7.0; https://www.bagpackvacation.com"
92.218.157.160 - - [08/Jun/2026:23:12:48 -0400] "GET /robots.txt HTTP/1.1" 200 129 "-" "Mozilla/5.0 (Macintosh; Intel Mac OS X 13.6; rv:134.0) Gecko/20100101 Firefox/134.0"
162.213.253.84 - - [08/Jun/2026:23:18:01 -0400] "POST /wp-cron.php?doing_wp_cron=1780975081.4982879161834716796875 HTTP/1.1" 200 0 "-" "WordPress/7.0; https://www.bagpackvacation.com"
162.213.253.84 - - [08/Jun/2026:23:18:02 -0400] "POST /wp-admin/admin-ajax.php?action=async_litespeed&nonce=PgyWd3LuBlrkvHGX8awriCZfJrNL1MXD&litespeed_type=imgoptm HTTP/1.1" 200 0 "-" "WordPress/7.0; https://www.bagpackvacation.com"
167.71.175.236 - - [08/Jun/2026:23:18:02 -0400] "GET /server HTTP/1.1" 404 22147 "-" "Mozilla/5.0 (l9scan/2.0.4383e2335323e2331323e2236313; +https://leakix.net)"
167.71.175.236 - - [08/Jun/2026:23:18:10 -0400] "GET / HTTP/1.1" 200 40166 "-" "Mozilla/5.0 (l9scan/2.0.4383e2335323e2331323e2236313; +https://leakix.net)"
167.71.175.236 - - [08/Jun/2026:23:18:12 -0400] "GET /___proxy_subdomain_cpanel HTTP/1.1" 404 22162 "-" "Mozilla/5.0 (l9scan/2.0.4383e2335323e2331323e2236313; +https://leakix.net)"
167.71.175.236 - - [08/Jun/2026:23:18:15 -0400] "GET /v2/_catalog HTTP/1.1" 404 22154 "-" "Mozilla/5.0 (l9scan/2.0.4383e2335323e2331323e2236313; +https://leakix.net)"
167.71.175.236 - - [08/Jun/2026:23:18:22 -0400] "GET /ecp/Current/exporttool/microsoft.exchange.ediscovery.exporttool.application HTTP/1.1" 404 22188 "-" "Mozilla/5.0 (l9scan/2.0.4383e2335323e2331323e2236313; +https://leakix.net)"
167.71.175.236 - - [08/Jun/2026:23:18:28 -0400] "POST /api HTTP/1.1" 404 22097 "-" "Mozilla/5.0 (l9scan/2.0.4383e2335323e2331323e2236313; +https://leakix.net)"
162.213.253.84 - - [08/Jun/2026:23:18:30 -0400] "POST /wp-admin/admin-ajax.php?action=async_litespeed&nonce=mOXjF6xijI71guplaI1E0xBVQX465ENL&litespeed_type=imgoptm HTTP/1.1" 200 21 "-" "WordPress/7.0; https://www.bagpackvacation.com"
167.71.175.236 - - [08/Jun/2026:23:18:30 -0400] "POST /api/graphql HTTP/1.1" 404 22106 "-" "Mozilla/5.0 (l9scan/2.0.4383e2335323e2331323e2236313; +https://leakix.net)"
167.71.175.236 - - [08/Jun/2026:23:18:32 -0400] "POST /graphql/api HTTP/1.1" 404 22106 "-" "Mozilla/5.0 (l9scan/2.0.4383e2335323e2331323e2236313; +https://leakix.net)"
167.71.175.236 - - [08/Jun/2026:23:18:42 -0400] "GET /info.php HTTP/1.1" 404 22150 "-" "Mozilla/5.0 (l9scan/2.0.4383e2335323e2331323e2236313; +https://leakix.net)"
167.71.175.236 - - [08/Jun/2026:23:18:44 -0400] "GET /.well-known/security.txt HTTP/1.1" 404 22166 "-" "Mozilla/5.0 (l9scan/2.0.4383e2335323e2331323e2236313; +https://leakix.net)"
167.71.175.236 - - [08/Jun/2026:23:18:49 -0400] "GET /trace.axd HTTP/1.1" 404 22148 "-" "Mozilla/5.0 (l9scan/2.0.4383e2335323e2331323e2236313; +https://leakix.net)"
167.71.175.236 - - [08/Jun/2026:23:18:51 -0400] "GET /@vite/env HTTP/1.1" 404 22149 "-" "Mozilla/5.0 (l9scan/2.0.4383e2335323e2331323e2236313; +https://leakix.net)"
167.71.175.236 - - [08/Jun/2026:23:18:55 -0400] "OPTIONS / HTTP/1.1" 200 0 "-" "Mozilla/5.0 (l9scan/2.0.4383e2335323e2331323e2236313; +https://leakix.net)"
162.213.253.84 - - [08/Jun/2026:23:18:57 -0400] "POST /wp-cron.php?doing_wp_cron=1780975137.9124679565429687500000 HTTP/1.1" 200 0 "-" "WordPress/7.0; https://www.bagpackvacation.com"
167.71.175.236 - - [08/Jun/2026:23:18:56 -0400] "GET /?rest_route=/wp/v2/users/ HTTP/1.1" 200 1036 "-" "Mozilla/5.0 (l9scan/2.0.4383e2335323e2331323e2236313; +https://leakix.net)"
167.71.175.236 - - [08/Jun/2026:23:19:00 -0400] "GET /debug/default/view?panel=config HTTP/1.1" 404 22164 "-" "Mozilla/5.0 (l9scan/2.0.4383e2335323e2331323e2236313; +https://leakix.net)"
3.108.242.223 - - [08/Jun/2026:23:20:45 -0400] "GET /wp-login.php HTTP/1.1" 200 1807 "https://bagpackvacation.com/wp-login.php" "Mozilla/5.0 (X11; Fedora; Linux x86_64) AppleWebKit/537.36 (KHTML, like Gecko) Chrome/133.0.0.0 Safari/537.36"
3.108.242.223 - - [08/Jun/2026:23:20:46 -0400] "POST /wp-login.php HTTP/1.1" 301 795 "https://bagpackvacation.com/wp-login.php" "Mozilla/5.0 (X11; Fedora; Linux x86_64) AppleWebKit/537.36 (KHTML, like Gecko) Chrome/133.0.0.0 Safari/537.36"
3.108.242.223 - - [08/Jun/2026:23:20:46 -0400] "GET /wp-login.php HTTP/1.1" 200 1807 "https://bagpackvacation.com/wp-login.php" "Mozilla/5.0 (X11; Fedora; Linux x86_64) AppleWebKit/537.36 (KHTML, like Gecko) Chrome/133.0.0.0 Safari/537.36"
181.209.71.44 - - [08/Jun/2026:23:12:15 -0400] "GET /nainital-corbett-special-3-night-4-days/tel:9211684078 HTTP/1.1" 404 22179 "-" "Mozilla/5.0 (Windows NT 5.1) AppleWebKit/537.36 (KHTML, like Gecko) Chrome/35.0.3319.102 Safari/537.36"
167.71.175.236 - - [08/Jun/2026:23:17:58 -0400] "GET / HTTP/1.1" 200 254301 "-" "Mozilla/5.0 (l9scan/2.0.4383e2335323e2331323e2236313; +https://leakix.net)"
167.71.175.236 - - [08/Jun/2026:23:18:00 -0400] "GET /console/ HTTP/1.1" 404 22147 "-" "Mozilla/5.0 (l9scan/2.0.4383e2335323e2331323e2236313; +https://leakix.net)"
167.71.175.236 - - [08/Jun/2026:23:18:05 -0400] "GET /about HTTP/1.1" 301 0 "-" "Mozilla/5.0 (l9scan/2.0.4383e2335323e2331323e2236313; +https://leakix.net)"
167.71.175.236 - - [08/Jun/2026:23:18:07 -0400] "GET /login.action HTTP/1.1" 404 22150 "-" "Mozilla/5.0 (l9scan/2.0.4383e2335323e2331323e2236313; +https://leakix.net)"
167.71.175.236 - - [08/Jun/2026:23:18:10 -0400] "GET /___proxy_subdomain_whm/login HTTP/1.1" 404 22162 "-" "Mozilla/5.0 (l9scan/2.0.4383e2335323e2331323e2236313; +https://leakix.net)"
167.71.175.236 - - [08/Jun/2026:23:18:17 -0400] "GET /.DS_Store HTTP/1.1" 404 22151 "-" "Mozilla/5.0 (l9scan/2.0.4383e2335323e2331323e2236313; +https://leakix.net)"
167.71.175.236 - - [08/Jun/2026:23:18:19 -0400] "GET /.env HTTP/1.1" 404 22145 "-" "Mozilla/5.0 (l9scan/2.0.4383e2335323e2331323e2236313; +https://leakix.net)"
167.71.175.236 - - [08/Jun/2026:23:18:25 -0400] "GET /.git/config HTTP/1.1" 403 1242 "-" "Mozilla/5.0 (l9scan/2.0.4383e2335323e2331323e2236313; +https://leakix.net)"
167.71.175.236 - - [08/Jun/2026:23:18:26 -0400] "POST /graphql HTTP/1.1" 404 22104 "-" "Mozilla/5.0 (l9scan/2.0.4383e2335323e2331323e2236313; +https://leakix.net)"
162.213.253.84 - - [08/Jun/2026:23:18:29 -0400] "POST /wp-cron.php?doing_wp_cron=1780975109.4808421134948730468750 HTTP/1.1" 200 0 "-" "WordPress/7.0; https://www.bagpackvacation.com"
167.71.175.236 - - [08/Jun/2026:23:18:34 -0400] "POST /api/gql HTTP/1.1" 404 22104 "-" "Mozilla/5.0 (l9scan/2.0.4383e2335323e2331323e2236313; +https://leakix.net)"
167.71.175.236 - - [08/Jun/2026:23:18:36 -0400] "GET /s/4383e2335323e2331323e2236313/_/;/META-INF/maven/com.atlassian.jira/jira-webapp-dist/pom.properties HTTP/1.1" 404 22218 "-" "Mozilla/5.0 (l9scan/2.0.4383e2335323e2331323e2236313; +https://leakix.net)"
167.71.175.236 - - [08/Jun/2026:23:18:38 -0400] "GET /config.json HTTP/1.1" 404 22150 "-" "Mozilla/5.0 (l9scan/2.0.4383e2335323e2331323e2236313; +https://leakix.net)"
167.71.175.236 - - [08/Jun/2026:23:18:40 -0400] "GET /telescope/requests HTTP/1.1" 404 22152 "-" "Mozilla/5.0 (l9scan/2.0.4383e2335323e2331323e2236313; +https://leakix.net)"
167.71.175.236 - - [08/Jun/2026:23:18:47 -0400] "GET /actuator/env HTTP/1.1" 404 22154 "-" "Mozilla/5.0 (l9scan/2.0.4383e2335323e2331323e2236313; +https://leakix.net)"
162.213.253.84 - - [08/Jun/2026:23:18:52 -0400] "POST /wp-cron.php?doing_wp_cron=1780975132.7845280170440673828125 HTTP/1.1" 200 0 "-" "WordPress/7.0; https://www.bagpackvacation.com"
167.71.175.236 - - [08/Jun/2026:23:18:53 -0400] "GET /.vscode/sftp.json HTTP/1.1" 404 22154 "-" "Mozilla/5.0 (l9scan/2.0.4383e2335323e2331323e2236313; +https://leakix.net)"
3.108.242.223 - - [08/Jun/2026:23:20:41 -0400] "GET /wp-login.php HTTP/1.1" 301 795 "-" "Mozilla/5.0 (X11; Fedora; Linux x86_64) AppleWebKit/537.36 (KHTML, like Gecko) Chrome/133.0.0.0 Safari/537.36"
209.141.33.219 - - [08/Jun/2026:23:23:27 -0400] "GET /wp-login.php HTTP/1.1" 200 5935 "-" "Mozilla/5.0 (Macintosh; Intel Mac OS X 10_15_7) AppleWebKit/537.36 (KHTML, like Gecko) Chrome/119.0.0.0 Safari/537.36"
209.141.33.219 - - [08/Jun/2026:23:23:27 -0400] "GET /wp-admin/themes.php HTTP/1.1" 302 0 "-" "python-requests/2.34.2"
209.141.33.219 - - [08/Jun/2026:23:23:29 -0400] "GET /wp-admin/plugin-install.php?tab=upload HTTP/1.1" 302 0 "-" "python-requests/2.34.2"
162.213.253.84 - - [08/Jun/2026:23:25:50 -0400] "POST /wp-cron.php?doing_wp_cron=1780975550.5316920280456542968750 HTTP/1.1" 200 0 "-" "WordPress/7.0; https://www.bagpackvacation.com"
43.165.167.72 - - [08/Jun/2026:23:26:35 -0400] "GET / HTTP/1.1" 200 40166 "http://bagpackvacation.com" "Mozilla/5.0 (iPhone; CPU iPhone OS 13_2_3 like Mac OS X) AppleWebKit/605.1.15 (KHTML, like Gecko) Version/13.0.3 Mobile/15E148 Safari/604.1"
209.141.33.219 - - [08/Jun/2026:23:23:25 -0400] "GET /wp-login.php HTTP/1.1" 301 795 "-" "Mozilla/5.0 (Macintosh; Intel Mac OS X 10_15_7) AppleWebKit/537.36 (KHTML, like Gecko) Chrome/119.0.0.0 Safari/537.36"
209.141.33.219 - - [08/Jun/2026:23:23:25 -0400] "GET /wp-login.php HTTP/1.1" 200 5935 "-" "Mozilla/5.0 (Macintosh; Intel Mac OS X 10_15_7) AppleWebKit/537.36 (KHTML, like Gecko) Chrome/119.0.0.0 Safari/537.36"
209.141.33.219 - - [08/Jun/2026:23:23:27 -0400] "POST /wp-login.php HTTP/1.1" 301 795 "-" "Mozilla/5.0 (Macintosh; Intel Mac OS X 10_15_7) AppleWebKit/537.36 (KHTML, like Gecko) Chrome/119.0.0.0 Safari/537.36"
209.141.33.219 - - [08/Jun/2026:23:23:27 -0400] "GET /wp-admin/themes.php HTTP/1.1" 301 795 "-" "python-requests/2.34.2"
162.213.253.84 - - [08/Jun/2026:23:23:28 -0400] "POST /wp-cron.php?doing_wp_cron=1780975408.7199769020080566406250 HTTP/1.1" 200 0 "-" "WordPress/7.0; https://www.bagpackvacation.com"
209.141.33.219 - - [08/Jun/2026:23:23:28 -0400] "GET /wp-login.php?redirect_to=https%3A%2F%2Fwww.bagpackvacation.com%2Fwp-admin%2Fthemes.php&reauth=1 HTTP/1.1" 200 2047 "-" "python-requests/2.34.2"
209.141.33.219 - - [08/Jun/2026:23:23:29 -0400] "GET /wp-admin/plugin-install.php?tab=upload HTTP/1.1" 301 795 "-" "python-requests/2.34.2"
162.213.253.84 - - [08/Jun/2026:23:23:29 -0400] "POST /wp-admin/admin-ajax.php?action=async_litespeed&nonce=jDGlGJnPRNlra3w7n4rzahv7S2wXTulj&litespeed_type=imgoptm HTTP/1.1" 200 0 "-" "WordPress/7.0; https://www.bagpackvacation.com"
209.141.33.219 - - [08/Jun/2026:23:23:30 -0400] "GET /wp-login.php?redirect_to=https%3A%2F%2Fwww.bagpackvacation.com%2Fwp-admin%2Fplugin-install.php%3Ftab%3Dupload&reauth=1 HTTP/1.1" 200 2054 "-" "python-requests/2.34.2"
84.43.216.144 - - [08/Jun/2026:23:25:49 -0400] "GET /5-night-6-days-bali-fully-loaded-with-split-stay/tel:9211684078 HTTP/1.1" 404 22174 "-" "Mozilla/5.0 (Windows NT 10.0) AppleWebKit/537.36 (KHTML, like Gecko) Chrome/66.0.3359.2 Safari/537.36"
162.213.253.84 - - [08/Jun/2026:23:25:51 -0400] "POST /wp-admin/admin-ajax.php?action=async_litespeed&nonce=OHsLmEz4emQPQ9KmMJ88sa1VSXKcojIO&litespeed_type=imgoptm HTTP/1.1" 200 21 "-" "WordPress/7.0; https://www.bagpackvacation.com"
74.7.244.30 - - [08/Jun/2026:23:41:04 -0400] "GET /robots.txt HTTP/1.1" 200 108 "http://bagpackvacation.com/robots.txt" "Mozilla/5.0 (Macintosh; Intel Mac OS X 10_15_7) AppleWebKit/537.36 (KHTML, like Gecko) Chrome/131.0.0.0 Safari/537.36; compatible; OAI-SearchBot/1.4; robots.txt; +https://openai.com/searchbot"
110.249.201.64 - - [08/Jun/2026:23:43:15 -0400] "GET /robots.txt HTTP/1.1" 301 795 "-" "Mozilla/5.0 (Linux; Android 5.0) AppleWebKit/537.36 (KHTML, like Gecko) Mobile Safari/537.36 (compatible; Bytespider; https://zhanzhang.toutiao.com/)"
110.249.201.103 - - [08/Jun/2026:23:43:18 -0400] "GET /robots.txt HTTP/1.1" 200 129 "-" "Mozilla/5.0 (Linux; Android 5.0) AppleWebKit/537.36 (KHTML, like Gecko) Mobile Safari/537.36 (compatible; Bytespider; https://zhanzhang.toutiao.com/)"
167.71.136.93 - - [08/Jun/2026:23:43:51 -0400] "GET /wp-login.php HTTP/1.1" 200 1807 "-" "Mozilla/5.0 (X11; Linux x86_64) AppleWebKit/537.36 (KHTML, like Gecko) Chrome/133.0.0.0 Safari/537.36 Edg/133.0.0.0"
162.213.253.84 - - [08/Jun/2026:23:43:56 -0400] "POST /wp-cron.php?doing_wp_cron=1780976636.6316359043121337890625 HTTP/1.1" 200 0 "-" "WordPress/7.0; https://www.bagpackvacation.com"
167.71.136.93 - - [08/Jun/2026:23:43:55 -0400] "POST /wp-login.php HTTP/1.1" 200 1905 "https://www.bagpackvacation.com/wp-login.php" "Mozilla/5.0 (X11; Linux x86_64) AppleWebKit/537.36 (KHTML, like Gecko) Chrome/133.0.0.0 Safari/537.36 Edg/133.0.0.0"
162.213.253.84 - - [08/Jun/2026:23:43:57 -0400] "POST /wp-admin/admin-ajax.php?action=async_litespeed&nonce=48ESJx5StqlHGaN5hyYoLafGAWe7vqXn&litespeed_type=imgoptm HTTP/1.1" 200 21 "-" "WordPress/7.0; https://www.bagpackvacation.com"
178.159.37.78 - - [08/Jun/2026:23:59:39 -0400] "GET /contact-us/ HTTP/1.0" 200 128170 "https://www.bagpackvacation.com/contact-us/" "Mozilla/5.0 (Windows NT 10.0; Win64; x64) AppleWebKit/537.36 (KHTML, like Gecko) Chrome/130.0.0.0 Safari/537.36"
162.213.253.84 - - [08/Jun/2026:23:59:41 -0400] "POST /wp-cron.php?doing_wp_cron=1780977581.6661920547485351562500 HTTP/1.1" 200 0 "-" "WordPress/7.0; https://www.bagpackvacation.com"
162.213.253.84 - - [08/Jun/2026:23:59:42 -0400] "POST /wp-admin/admin-ajax.php?action=async_litespeed&nonce=qcMIRInJNWVnLnENFOpYulpiKiX5J0pL&litespeed_type=imgoptm HTTP/1.1" 200 21 "-" "WordPress/7.0; https://www.bagpackvacation.com"
178.159.37.78 - - [08/Jun/2026:23:59:40 -0400] "POST /wp-admin/admin-ajax.php HTTP/1.0" 200 111 "https://www.bagpackvacation.com/contact-us/" "Mozilla/5.0 (Windows NT 10.0; Win64; x64) AppleWebKit/537.36 (KHTML, like Gecko) Chrome/130.0.0.0 Safari/537.36"
38.248.160.194 - - [09/Jun/2026:00:05:12 -0400] "GET /beauty-of-nature-kerala/ HTTP/1.1" 200 29062 "-" "Mozilla/5.0 (Macintosh; Intel Mac OS X 15.3; rv:134.0) Gecko/20100101 Firefox/134.0"
34.96.138.174 - - [09/Jun/2026:00:03:12 -0400] "GET /.git/config HTTP/1.1" 403 1242 "-" "Mozilla/5.0 (X11; Linux x86_64) AppleWebKit/537.36 (KHTML, like Gecko) Ubuntu Chromium/73.0.3683.86 Chrome/73.0.3683.86 Safari/537.36"
162.213.253.84 - - [09/Jun/2026:00:16:31 -0400] "POST /wp-cron.php?doing_wp_cron=1780978591.4839990139007568359375 HTTP/1.1" 200 0 "-" "WordPress/7.0; https://www.bagpackvacation.com"
14.161.173.116 - - [09/Jun/2026:00:16:29 -0400] "GET /romantic-nainital-corbett-special-2-night-3-days/tel:9211684078 HTTP/1.1" 404 22183 "-" "Mozilla/5.0 (Macintosh; Intel Mac OS X 10_14_6) AppleWebKit/537.36 (KHTML, like Gecko) Chrome/96.0.4664.55 Safari/537.36"
44.202.6.29 - - [09/Jun/2026:00:14:58 -0400] "GET / HTTP/1.1" 200 40166 "-" "Mozilla/5.0 (Windows NT 10.0; Win64; x64) AppleWebKit/537.36 (KHTML, like Gecko) Chrome/86.0.4240.75 Safari/537.36"
162.213.253.84 - - [09/Jun/2026:00:16:32 -0400] "POST /wp-admin/admin-ajax.php?action=async_litespeed&nonce=Zc16MMvbXRMblCZ3MQHA9fJNeInlprIP&litespeed_type=imgoptm HTTP/1.1" 200 21 "-" "WordPress/7.0; https://www.bagpackvacation.com"
43.130.100.35 - - [09/Jun/2026:00:20:26 -0400] "GET / HTTP/1.1" 200 40166 "http://www.bagpackvacation.com" "Mozilla/5.0 (iPhone; CPU iPhone OS 13_2_3 like Mac OS X) AppleWebKit/605.1.15 (KHTML, like Gecko) Version/13.0.3 Mobile/15E148 Safari/604.1"
162.213.253.84 - - [09/Jun/2026:00:20:26 -0400] "POST /wp-admin/admin-ajax.php?action=async_litespeed&nonce=UprTnosAldVkmZBRMOuKrlO1l1SS92Xb&litespeed_type=imgoptm HTTP/1.1" 200 21 "-" "WordPress/7.0; https://www.bagpackvacation.com"
34.126.68.126 - - [09/Jun/2026:00:32:24 -0400] "GET /wordpress/ HTTP/1.1" 404 22165 "http://bagpackvacation.com/wordpress/" "Mozilla/5.0 (compatible; Googlebot/2.1; +http://www.google.com/bot.html)"
35.230.112.202 - - [09/Jun/2026:00:42:25 -0400] "GET /wp-content/uploads/2023/02/IMG_5816.jpg HTTP/1.1" 200 117929 "-" "Mozilla/5.0 (X11; Linux x86_64) AppleWebKit/537.36 (KHTML, like Gecko) Chrome/91.0.4472.114 Safari/537.36"
162.213.253.84 - - [09/Jun/2026:00:32:25 -0400] "POST /wp-cron.php?doing_wp_cron=1780979545.7675371170043945312500 HTTP/1.1" 200 0 "-" "WordPress/7.0; https://www.bagpackvacation.com"
162.213.253.84 - - [09/Jun/2026:00:32:26 -0400] "POST /wp-admin/admin-ajax.php?action=async_litespeed&nonce=A2K8CYJweRaAW2Qr2WC8HtEfoRSNwcXf&litespeed_type=imgoptm HTTP/1.1" 200 21 "-" "WordPress/7.0; https://www.bagpackvacation.com"
45.61.185.32 - - [09/Jun/2026:00:51:02 -0400] "GET /wp-login.php HTTP/1.1" 301 795 "-" "Mozilla/5.0 (Windows NT 10.0; Win64; x64) AppleWebKit/537.36 (KHTML, like Gecko) Chrome/120.0.0.0 Safari/537.36"
45.61.185.32 - - [09/Jun/2026:00:51:03 -0400] "GET /wp-login.php HTTP/1.1" 200 5935 "-" "Mozilla/5.0 (Windows NT 10.0; Win64; x64) AppleWebKit/537.36 (KHTML, like Gecko) Chrome/120.0.0.0 Safari/537.36"
20.153.140.50 - - [09/Jun/2026:00:53:01 -0400] "GET /wp-login.php HTTP/1.1" 301 795 "-" "Mozilla/5.0 (Macintosh; Intel Mac OS X 10_15_7) AppleWebKit/605.1.15 (KHTML, like Gecko) Version/18.3 Safari/605.1.15"
20.153.140.50 - - [09/Jun/2026:00:53:02 -0400] "GET /wp-login.php HTTP/1.1" 200 1807 "https://bagpackvacation.com/wp-login.php" "Mozilla/5.0 (Macintosh; Intel Mac OS X 10_15_7) AppleWebKit/605.1.15 (KHTML, like Gecko) Version/18.3 Safari/605.1.15"
20.153.140.50 - - [09/Jun/2026:00:53:03 -0400] "POST /wp-login.php HTTP/1.1" 301 795 "https://bagpackvacation.com/wp-login.php" "Mozilla/5.0 (Macintosh; Intel Mac OS X 10_15_7) AppleWebKit/605.1.15 (KHTML, like Gecko) Version/18.3 Safari/605.1.15"
45.61.185.32 - - [09/Jun/2026:00:56:19 -0400] "GET /wp-login.php HTTP/1.1" 200 5935 "-" "Mozilla/5.0 (Windows NT 10.0; Win64; x64) AppleWebKit/537.36 (KHTML, like Gecko) Chrome/120.0.0.0 Safari/537.36"
45.61.185.32 - - [09/Jun/2026:00:56:19 -0400] "GET /wp-admin/themes.php HTTP/1.1" 301 795 "-" "python-requests/2.34.2"
45.61.185.32 - - [09/Jun/2026:00:56:21 -0400] "GET /wp-login.php?redirect_to=https%3A%2F%2Fwww.bagpackvacation.com%2Fwp-admin%2Fthemes.php&reauth=1 HTTP/1.1" 200 2047 "-" "python-requests/2.34.2"
45.61.185.32 - - [09/Jun/2026:00:56:22 -0400] "GET /wp-admin/plugin-install.php?tab=upload HTTP/1.1" 301 795 "-" "python-requests/2.34.2"
162.213.253.84 - - [09/Jun/2026:00:56:22 -0400] "POST /wp-admin/admin-ajax.php?action=async_litespeed&nonce=CzcpkipseziaYB1RBC67Zm28Lb1RnTb3&litespeed_type=imgoptm HTTP/1.1" 200 21 "-" "WordPress/7.0; https://www.bagpackvacation.com"
45.61.185.32 - - [09/Jun/2026:00:56:22 -0400] "GET /wp-admin/plugin-install.php?tab=upload HTTP/1.1" 302 0 "-" "python-requests/2.34.2"
45.61.185.32 - - [09/Jun/2026:00:56:23 -0400] "GET /wp-login.php?redirect_to=https%3A%2F%2Fwww.bagpackvacation.com%2Fwp-admin%2Fplugin-install.php%3Ftab%3Dupload&reauth=1 HTTP/1.1" 200 2054 "-" "python-requests/2.34.2"
82.165.2.98 - - [09/Jun/2026:00:56:51 -0400] "GET /wp-login.php HTTP/1.1" 200 1807 "-" "Mozilla/5.0 (Macintosh; Intel Mac OS X 10_15_7) AppleWebKit/605.1.15 (KHTML, like Gecko) Version/18.3 Safari/605.1.15"
162.213.253.84 - - [09/Jun/2026:00:56:52 -0400] "POST /wp-cron.php?doing_wp_cron=1780981012.5086588859558105468750 HTTP/1.1" 200 0 "-" "WordPress/7.0; https://www.bagpackvacation.com"
162.213.253.84 - - [09/Jun/2026:00:57:13 -0400] "POST /wp-cron.php?doing_wp_cron=1780981033.9393599033355712890625 HTTP/1.1" 200 0 "-" "WordPress/7.0; https://www.bagpackvacation.com"
82.165.2.98 - admin [09/Jun/2026:00:57:12 -0400] "GET /wp-json/wp/v2/users/me HTTP/1.1" 401 96 "-" "Mozilla/5.0 (Macintosh; Intel Mac OS X 10_15_7) AppleWebKit/605.1.15 (KHTML, like Gecko) Version/18.3 Safari/605.1.15"
51.68.107.159 - - [09/Jun/2026:01:00:07 -0400] "GET /robots.txt HTTP/1.1" 301 795 "-" "Mozilla/5.0 (compatible; MJ12bot/v2.0.5; http://mj12bot.com/)"
51.68.107.159 - - [09/Jun/2026:01:00:07 -0400] "GET / HTTP/1.1" 301 795 "-" "Mozilla/5.0 (compatible; MJ12bot/v2.0.5; http://mj12bot.com/)"
20.153.140.50 - - [09/Jun/2026:00:53:03 -0400] "GET /wp-login.php HTTP/1.1" 200 1807 "https://bagpackvacation.com/wp-login.php" "Mozilla/5.0 (Macintosh; Intel Mac OS X 10_15_7) AppleWebKit/605.1.15 (KHTML, like Gecko) Version/18.3 Safari/605.1.15"
45.61.185.32 - - [09/Jun/2026:00:56:19 -0400] "POST /wp-login.php HTTP/1.1" 301 795 "-" "Mozilla/5.0 (Windows NT 10.0; Win64; x64) AppleWebKit/537.36 (KHTML, like Gecko) Chrome/120.0.0.0 Safari/537.36"
162.213.253.84 - - [09/Jun/2026:00:56:21 -0400] "POST /wp-cron.php?doing_wp_cron=1780980981.1856889724731445312500 HTTP/1.1" 200 0 "-" "WordPress/7.0; https://www.bagpackvacation.com"
45.61.185.32 - - [09/Jun/2026:00:56:20 -0400] "GET /wp-admin/themes.php HTTP/1.1" 302 0 "-" "python-requests/2.34.2"
82.165.2.98 - - [09/Jun/2026:00:56:51 -0400] "POST /wp-login.php HTTP/1.1" 200 1905 "https://www.bagpackvacation.com/wp-login.php" "Mozilla/5.0 (Macintosh; Intel Mac OS X 10_15_7) AppleWebKit/605.1.15 (KHTML, like Gecko) Version/18.3 Safari/605.1.15"
162.213.253.84 - - [09/Jun/2026:00:56:53 -0400] "POST /wp-admin/admin-ajax.php?action=async_litespeed&nonce=7wRGX05iV4zcrBtKv4BxKUMXkorYRMOa&litespeed_type=imgoptm HTTP/1.1" 200 21 "-" "WordPress/7.0; https://www.bagpackvacation.com"
51.68.107.159 - - [09/Jun/2026:01:00:07 -0400] "GET /robots.txt HTTP/1.1" 200 108 "-" "Mozilla/5.0 (compatible; MJ12bot/v2.0.5; http://mj12bot.com/)"
51.68.107.159 - - [09/Jun/2026:01:00:08 -0400] "GET / HTTP/1.1" 200 34008 "-" "Mozilla/5.0 (compatible; MJ12bot/v2.0.5; http://mj12bot.com/)"
223.233.75.197 - - [09/Jun/2026:01:06:52 -0400] "GET /wp-json/pum/v1/analytics/?event=open&pid=1580&_cache=1780981602369 HTTP/1.1" 204 0 "https://www.bagpackvacation.com/" "Mozilla/5.0 (Linux; Android 10; K) AppleWebKit/537.36 (KHTML, like Gecko) Chrome/148.0.0.0 Mobile Safari/537.36"
162.213.253.84 - - [09/Jun/2026:01:06:55 -0400] "POST /wp-admin/admin-ajax.php?action=as_async_request_queue_runner&nonce=5c7238040a HTTP/1.1" 200 0 "-" "WordPress/7.0; https://www.bagpackvacation.com"
223.233.75.197 - - [09/Jun/2026:01:06:38 -0400] "GET / HTTP/1.1" 200 34008 "-" "Mozilla/5.0 (Linux; Android 10; K) AppleWebKit/537.36 (KHTML, like Gecko) Chrome/148.0.0.0 Mobile Safari/537.36"
223.233.75.197 - - [09/Jun/2026:01:06:52 -0400] "GET /favicon.ico HTTP/1.1" 404 1251 "https://www.bagpackvacation.com/" "Mozilla/5.0 (Linux; Android 10; K) AppleWebKit/537.36 (KHTML, like Gecko) Chrome/148.0.0.0 Mobile Safari/537.36"
162.213.253.84 - - [09/Jun/2026:01:06:53 -0400] "POST /wp-cron.php?doing_wp_cron=1780981613.7035069465637207031250 HTTP/1.1" 200 0 "-" "WordPress/7.0; https://www.bagpackvacation.com"
162.213.253.84 - - [09/Jun/2026:01:06:54 -0400] "POST /wp-admin/admin-ajax.php?action=async_litespeed&nonce=l94uzaV8ZgsDFJLRFqb0BCXjQ4SFGXpk&litespeed_type=imgoptm HTTP/1.1" 200 0 "-" "WordPress/7.0; https://www.bagpackvacation.com"
86.128.241.94 - - [09/Jun/2026:01:19:37 -0400] "GET /travel-insurance/ HTTP/1.1" 200 24945 "-" "Mozilla/5.0 (Macintosh; Intel Mac OS X 11_5_1) AppleWebKit/537.36 (KHTML, like Gecko) Chrome/124.0.6367.155 Safari/537.36"
79.137.87.90 - - [09/Jun/2026:01:36:52 -0400] "GET /wp-login.php HTTP/1.1" 200 1807 "-" "Mozilla/5.0 (X11; Ubuntu; Linux x86_64; rv:133.0) Gecko/20100101 Firefox/133.0"
162.213.253.84 - - [09/Jun/2026:01:36:54 -0400] "POST /wp-cron.php?doing_wp_cron=1780983414.2304749488830566406250 HTTP/1.1" 200 0 "-" "WordPress/7.0; https://www.bagpackvacation.com"
162.213.253.84 - - [09/Jun/2026:01:36:55 -0400] "POST /wp-admin/admin-ajax.php?action=async_litespeed&nonce=3BWHMzkz2r6Ufn2mYjnL5ZjUHsWteyoB&litespeed_type=imgoptm HTTP/1.1" 200 0 "-" "WordPress/7.0; https://www.bagpackvacation.com"
178.62.87.212 - - [09/Jun/2026:01:30:53 -0400] "GET /wp-login.php HTTP/1.1" 301 795 "-" "Mozilla/5.0 (Macintosh; Intel Mac OS X 14_7_4) AppleWebKit/537.36 (KHTML, like Gecko) Chrome/133.0.0.0 Safari/537.36"
178.62.87.212 - admin [09/Jun/2026:01:31:14 -0400] "GET /wp-json/wp/v2/users/me HTTP/1.1" 301 795 "-" "Mozilla/5.0 (Macintosh; Intel Mac OS X 14_7_4) AppleWebKit/537.36 (KHTML, like Gecko) Chrome/133.0.0.0 Safari/537.36"
79.137.87.90 - - [09/Jun/2026:01:36:53 -0400] "POST /wp-login.php HTTP/1.1" 200 1905 "https://www.bagpackvacation.com/wp-login.php" "Mozilla/5.0 (X11; Ubuntu; Linux x86_64; rv:133.0) Gecko/20100101 Firefox/133.0"
114.119.152.5 - - [09/Jun/2026:01:38:51 -0400] "GET /wp-content/uploads/2023/09/arnav-singhal-8xOQa06q90Q-unsplash.jpg HTTP/1.1" 200 96638 "https://www.bagpackvacation.com/jim-corbett-tour-packages" "Mozilla/5.0 (Linux; Android 7.0;) AppleWebKit/537.36 (HTML, like Gecko) Mobile Safari/537.36 (compatible; PetalBot;+https://webmaster.petalsearch.com/site/petalbot)"
162.213.253.84 - - [09/Jun/2026:01:40:00 -0400] "POST /wp-admin/admin-ajax.php?action=async_litespeed&nonce=P7KE6qPcvwOJhbC30dkOTsFm5SfyiImB&litespeed_type=imgoptm HTTP/1.1" 200 21 "-" "WordPress/7.0; https://www.bagpackvacation.com"
195.178.110.159 - - [09/Jun/2026:01:40:08 -0400] "GET /.git/config HTTP/1.1" 403 1242 "-" "Mozilla/5.0 (Windows NT 10.0; Win64; x64; rv:90.0) Gecko/20100101 Firefox/90.0"
114.119.152.5 - - [09/Jun/2026:01:40:14 -0400] "GET /location/singapore HTTP/1.1" 301 0 "https://www.bagpackvacation.com/location/maharashtra" "Mozilla/5.0 (Linux; Android 7.0;) AppleWebKit/537.36 (HTML, like Gecko) Mobile Safari/537.36 (compatible; PetalBot;+https://webmaster.petalsearch.com/site/petalbot)"
114.119.149.92 - - [09/Jun/2026:01:41:41 -0400] "GET /3-night-4-days-spectacular-maldives-tour-package/ HTTP/1.1" 200 23640 "https://www.bagpackvacation.com/3-night-4-days-spectacular-maldives-tour-package" "Mozilla/5.0 (Linux; Android 7.0;) AppleWebKit/537.36 (HTML, like Gecko) Mobile Safari/537.36 (compatible; PetalBot;+https://webmaster.petalsearch.com/site/petalbot)"
162.213.253.84 - - [09/Jun/2026:01:41:40 -0400] "POST /wp-admin/admin-ajax.php?action=async_litespeed&nonce=U1iAZDScqveJb5ha06yqB5O8Kk7OvnFA&litespeed_type=imgoptm HTTP/1.1" 200 21 "-" "WordPress/7.0; https://www.bagpackvacation.com"
31.24.44.107 - - [09/Jun/2026:01:49:23 -0400] "GET /wp-login.php HTTP/1.1" 301 795 "-" "Mozilla/5.0 (Macintosh; Intel Mac OS X 10_15_7) AppleWebKit/537.36 (KHTML, like Gecko) Chrome/133.0.0.0 Safari/537.36 Edg/133.0.0.0"
114.119.152.5 - - [09/Jun/2026:01:40:17 -0400] "GET /singapore-tour-packages/ HTTP/1.1" 200 25287 "https://www.bagpackvacation.com/location/maharashtra" "Mozilla/5.0 (Linux; Android 7.0;) AppleWebKit/537.36 (HTML, like Gecko) Mobile Safari/537.36 (compatible; PetalBot;+https://webmaster.petalsearch.com/site/petalbot)"
162.213.253.84 - - [09/Jun/2026:01:41:39 -0400] "POST /wp-cron.php?doing_wp_cron=1780983699.7643859386444091796875 HTTP/1.1" 200 0 "-" "WordPress/7.0; https://www.bagpackvacation.com"
114.119.149.92 - - [09/Jun/2026:01:41:38 -0400] "GET /3-night-4-days-spectacular-maldives-tour-package HTTP/1.1" 301 0 "https://www.bagpackvacation.com/3-night-4-days-spectacular-maldives-tour-package" "Mozilla/5.0 (Linux; Android 7.0;) AppleWebKit/537.36 (HTML, like Gecko) Mobile Safari/537.36 (compatible; PetalBot;+https://webmaster.petalsearch.com/site/petalbot)"
31.24.44.107 - - [09/Jun/2026:01:49:33 -0400] "GET /wp-login.php HTTP/1.1" 200 1807 "https://bagpackvacation.com/wp-login.php" "Mozilla/5.0 (Macintosh; Intel Mac OS X 10_15_7) AppleWebKit/537.36 (KHTML, like Gecko) Chrome/133.0.0.0 Safari/537.36 Edg/133.0.0.0"
31.24.44.107 - - [09/Jun/2026:01:49:36 -0400] "POST /wp-login.php HTTP/1.1" 301 795 "https://bagpackvacation.com/wp-login.php" "Mozilla/5.0 (Macintosh; Intel Mac OS X 10_15_7) AppleWebKit/537.36 (KHTML, like Gecko) Chrome/133.0.0.0 Safari/537.36 Edg/133.0.0.0"
191.99.10.253 - - [09/Jun/2026:01:49:37 -0400] "GET /4-night-5-days-maldives/ HTTP/1.1" 200 27555 "-" "Mozilla/5.0 (Macintosh; Intel Mac OS X 11_6_8) AppleWebKit/537.36 (KHTML, like Gecko) Chrome/126.0.6478.55 Safari/537.36"
31.24.44.107 - - [09/Jun/2026:01:49:38 -0400] "GET /wp-login.php HTTP/1.1" 200 1807 "https://bagpackvacation.com/wp-login.php" "Mozilla/5.0 (Macintosh; Intel Mac OS X 10_15_7) AppleWebKit/537.36 (KHTML, like Gecko) Chrome/133.0.0.0 Safari/537.36 Edg/133.0.0.0"
168.144.30.105 - - [09/Jun/2026:01:55:16 -0400] "GET /wp-login.php HTTP/1.1" 200 1807 "-" "Mozilla/5.0 (X11; Linux i686) AppleWebKit/537.36 (KHTML, like Gecko) Chrome/133.0.0.0 Safari/537.36"
162.213.253.84 - - [09/Jun/2026:01:55:18 -0400] "POST /wp-cron.php?doing_wp_cron=1780984518.4007170200347900390625 HTTP/1.1" 200 0 "-" "WordPress/7.0; https://www.bagpackvacation.com"
168.144.30.105 - - [09/Jun/2026:01:55:17 -0400] "POST /wp-login.php HTTP/1.1" 200 1905 "https://www.bagpackvacation.com/wp-login.php" "Mozilla/5.0 (X11; Linux i686) AppleWebKit/537.36 (KHTML, like Gecko) Chrome/133.0.0.0 Safari/537.36"
162.213.253.84 - - [09/Jun/2026:01:55:19 -0400] "POST /wp-admin/admin-ajax.php?action=async_litespeed&nonce=Oq7JxyKpXU0yf8CuO3j6THgn6g9pqhC4&litespeed_type=imgoptm HTTP/1.1" 200 21 "-" "WordPress/7.0; https://www.bagpackvacation.com"