162.213.253.84 - - [08/Jun/2026:08:03:59 -0400] "POST /wp-cron.php?doing_wp_cron=1780920239.4338428974151611328125 HTTP/1.1" 200 0 "-" "WordPress/7.0; https://www.bagpackvacation.com"
162.213.253.84 - - [08/Jun/2026:08:04:00 -0400] "POST /wp-admin/admin-ajax.php?action=async_litespeed&nonce=SCD1Mothx9Q8Smhvf83t0TekaaVijmXE&litespeed_type=imgoptm HTTP/1.1" 200 21 "-" "WordPress/7.0; https://www.bagpackvacation.com"
35.188.194.220 - - [08/Jun/2026:08:06:10 -0400] "GET /wp-json/gravitysmtp/v1/settings HTTP/1.1" 301 795 "-" "MOTORIZR-Z8/46.00.00 Mozilla/4.0 (compatible; MSIE 6.0; Symbian OS; 356) Opera 8.65 [it] UP.Link/6.3.0.0.0"
162.213.253.84 - - [08/Jun/2026:08:06:13 -0400] "POST /wp-cron.php?doing_wp_cron=1780920373.9546670913696289062500 HTTP/1.1" 200 0 "-" "WordPress/7.0; https://www.bagpackvacation.com"
35.188.194.220 - - [08/Jun/2026:08:06:10 -0400] "GET /wp-json/gravitysmtp/v1/config HTTP/1.1" 404 114 "https://bagpackvacation.com/wp-json/gravitysmtp/v1/config" "Mozilla/5.0 (Linux; U; Android 1.5; de-ch; HTC Hero Build/CUPCAKE) AppleWebKit/528.5 (KHTML, like Gecko) Version/3.1.2 Mobile Safari/525.20.1"
35.188.194.220 - - [08/Jun/2026:08:06:10 -0400] "GET /wp-json/gravitysmtp/v1/tests/mock-data HTTP/1.1" 404 114 "https://bagpackvacation.com/wp-json/gravitysmtp/v1/tests/mock-data" "Mozilla/5.0 (X11; Linux x86_64) AppleWebKit/538.1 (KHTML, like Gecko) QupZilla/1.9.0 Safari/538.1"
35.188.194.220 - - [08/Jun/2026:08:06:10 -0400] "GET /wp-json/wp/v2/settings HTTP/1.1" 401 98 "https://bagpackvacation.com/wp-json/wp/v2/settings" "MobileSafari/600.1.4 CFNetwork/711.1.12 Darwin/14.0.0"
162.213.253.84 - - [08/Jun/2026:08:06:15 -0400] "POST /wp-admin/admin-ajax.php?action=async_litespeed&nonce=8nAkL0NVuiObZD1Ivu7bD3OJ4fonI7b1&litespeed_type=imgoptm HTTP/1.1" 200 21 "-" "WordPress/7.0; https://www.bagpackvacation.com"
45.61.185.32 - - [08/Jun/2026:08:08:27 -0400] "GET /wp-login.php HTTP/1.1" 200 5935 "-" "Mozilla/5.0 (X11; Linux x86_64) AppleWebKit/537.36 (KHTML, like Gecko) Chrome/147.0.0.0 Safari/537.36"
38.147.105.21 - - [08/Jun/2026:08:09:50 -0400] "GET /wp-login.php HTTP/1.1" 200 1807 "-" "Mozilla/5.0 (Windows NT 10.0; Win64; x64) AppleWebKit/537.36 (KHTML, like Gecko) Chrome/120.0.0.0 Safari/537.36"
38.147.105.21 - - [08/Jun/2026:08:09:50 -0400] "POST /wp-login.php HTTP/1.1" 200 1906 "https://www.bagpackvacation.com/wp-login.php" "Mozilla/5.0 (Windows NT 10.0; Win64; x64) AppleWebKit/537.36 (KHTML, like Gecko) Chrome/120.0.0.0 Safari/537.36"
162.213.253.84 - - [08/Jun/2026:08:09:52 -0400] "POST /wp-admin/admin-ajax.php?action=async_litespeed&nonce=Z302knEyQZu2udSGSGoqi2A0tj4sVZgO&litespeed_type=imgoptm HTTP/1.1" 200 21 "-" "WordPress/7.0; https://www.bagpackvacation.com"
45.61.185.32 - - [08/Jun/2026:08:11:18 -0400] "POST /wp-login.php HTTP/1.1" 301 795 "-" "Mozilla/5.0 (X11; Linux x86_64) AppleWebKit/537.36 (KHTML, like Gecko) Chrome/147.0.0.0 Safari/537.36"
45.61.185.32 - - [08/Jun/2026:08:11:19 -0400] "GET /wp-login.php HTTP/1.1" 200 5935 "-" "Mozilla/5.0 (X11; Linux x86_64) AppleWebKit/537.36 (KHTML, like Gecko) Chrome/147.0.0.0 Safari/537.36"
45.61.185.32 - - [08/Jun/2026:08:11:19 -0400] "GET /wp-admin/themes.php HTTP/1.1" 301 795 "-" "python-requests/2.34.2"
45.61.185.32 - - [08/Jun/2026:08:11:19 -0400] "GET /wp-admin/themes.php HTTP/1.1" 302 0 "-" "python-requests/2.34.2"
45.61.185.32 - - [08/Jun/2026:08:11:22 -0400] "GET /wp-admin/plugin-install.php?tab=upload HTTP/1.1" 302 0 "-" "python-requests/2.34.2"
45.61.185.32 - - [08/Jun/2026:08:11:23 -0400] "GET /wp-login.php?redirect_to=https%3A%2F%2Fwww.bagpackvacation.com%2Fwp-admin%2Fplugin-install.php%3Ftab%3Dupload&reauth=1 HTTP/1.1" 200 2054 "-" "python-requests/2.34.2"
162.213.253.84 - - [08/Jun/2026:08:12:15 -0400] "POST /wp-cron.php?doing_wp_cron=1780920735.1986560821533203125000 HTTP/1.1" 200 0 "-" "WordPress/7.0; https://www.bagpackvacation.com"
190.130.138.195 - - [08/Jun/2026:08:03:58 -0400] "GET /3-night-4-days-thailand-pattaya-weekend-getaway/tel:9211684078 HTTP/1.1" 404 22183 "-" "Mozilla/5.0 (Macintosh; Intel Mac OS X 10_16_0) AppleWebKit/537.36 (KHTML, like Gecko) Chrome/84.0.4147.89 Safari/537.36"
35.188.194.220 - - [08/Jun/2026:08:06:10 -0400] "GET /wp-json/gravitysmtp/v1/tests/mock-data?page=gravitysmtp-settings HTTP/1.1" 301 795 "-" "Mozilla/5.0 (Windows NT 10.0; Win64; x64) AppleWebKit/537.36 (KHTML, like Gecko) Chrome/68.0.3440.106 Safari/537.36"
35.188.194.220 - - [08/Jun/2026:08:06:10 -0400] "GET /wp-json/wp/v2/settings HTTP/1.1" 301 795 "-" "MobileSafari/600.1.4 CFNetwork/711.1.12 Darwin/14.0.0"
35.188.194.220 - - [08/Jun/2026:08:06:10 -0400] "GET /wp-json/gravitysmtp/v1/config HTTP/1.1" 301 795 "-" "Mozilla/5.0 (Linux; U; Android 1.5; de-ch; HTC Hero Build/CUPCAKE) AppleWebKit/528.5 (KHTML, like Gecko) Version/3.1.2 Mobile Safari/525.20.1"
35.188.194.220 - - [08/Jun/2026:08:06:10 -0400] "GET /wp-json/gravitysmtp/v1/tests/mock-data HTTP/1.1" 301 795 "-" "Mozilla/5.0 (X11; Linux x86_64) AppleWebKit/538.1 (KHTML, like Gecko) QupZilla/1.9.0 Safari/538.1"
35.188.194.220 - - [08/Jun/2026:08:06:10 -0400] "GET /wp-json/gravitysmtp/v1/settings HTTP/1.1" 404 114 "https://bagpackvacation.com/wp-json/gravitysmtp/v1/settings" "MOTORIZR-Z8/46.00.00 Mozilla/4.0 (compatible; MSIE 6.0; Symbian OS; 356) Opera 8.65 [it] UP.Link/6.3.0.0.0"
35.188.194.220 - - [08/Jun/2026:08:06:10 -0400] "GET /wp-json/gravitysmtp/v1/tests/mock-data?page=gravitysmtp-settings HTTP/1.1" 404 114 "https://bagpackvacation.com/wp-json/gravitysmtp/v1/tests/mock-data?page=gravitysmtp-settings" "Mozilla/5.0 (Windows NT 10.0; Win64; x64) AppleWebKit/537.36 (KHTML, like Gecko) Chrome/68.0.3440.106 Safari/537.36"
45.61.185.32 - - [08/Jun/2026:08:08:26 -0400] "GET /wp-login.php HTTP/1.1" 301 795 "-" "Mozilla/5.0 (X11; Linux x86_64) AppleWebKit/537.36 (KHTML, like Gecko) Chrome/147.0.0.0 Safari/537.36"
38.147.105.21 - - [08/Jun/2026:08:09:49 -0400] "GET /wp-login.php HTTP/1.1" 301 795 "-" "Mozilla/5.0 (Windows NT 10.0; Win64; x64) AppleWebKit/537.36 (KHTML, like Gecko) Chrome/120.0.0.0 Safari/537.36"
38.147.105.21 - - [08/Jun/2026:08:09:50 -0400] "GET /wp-login.php HTTP/1.1" 200 1807 "https://mail.bagpackvacation.com/wp-login.php" "Mozilla/5.0 (Windows NT 10.0; Win64; x64) AppleWebKit/537.36 (KHTML, like Gecko) Chrome/120.0.0.0 Safari/537.36"
162.213.253.84 - - [08/Jun/2026:08:09:52 -0400] "POST /wp-cron.php?doing_wp_cron=1780920592.0320470333099365234375 HTTP/1.1" 200 0 "-" "WordPress/7.0; https://www.bagpackvacation.com"
162.213.253.84 - - [08/Jun/2026:08:11:20 -0400] "POST /wp-cron.php?doing_wp_cron=1780920680.7430150508880615234375 HTTP/1.1" 200 0 "-" "WordPress/7.0; https://www.bagpackvacation.com"
45.61.185.32 - - [08/Jun/2026:08:11:21 -0400] "GET /wp-login.php?redirect_to=https%3A%2F%2Fwww.bagpackvacation.com%2Fwp-admin%2Fthemes.php&reauth=1 HTTP/1.1" 200 2047 "-" "python-requests/2.34.2"
45.61.185.32 - - [08/Jun/2026:08:11:22 -0400] "GET /wp-admin/plugin-install.php?tab=upload HTTP/1.1" 301 795 "-" "python-requests/2.34.2"
162.213.253.84 - - [08/Jun/2026:08:11:21 -0400] "POST /wp-admin/admin-ajax.php?action=async_litespeed&nonce=mwHVTGsBHWgryclzcRUCegdqiwYagCfH&litespeed_type=imgoptm HTTP/1.1" 200 0 "-" "WordPress/7.0; https://www.bagpackvacation.com"
162.241.203.222 - - [08/Jun/2026:08:12:13 -0400] "GET /wp-login.php HTTP/1.1" 200 1807 "-" "Mozilla/5.0 (Windows NT 10.0; Win64; x64) AppleWebKit/537.36 (KHTML, like Gecko) Chrome/120.0.0.0 Safari/537.36"
162.213.253.84 - - [08/Jun/2026:08:12:16 -0400] "POST /wp-admin/admin-ajax.php?action=async_litespeed&nonce=fDPxHzJThCeSH15HBGVEHvSEcD1gAhAJ&litespeed_type=imgoptm HTTP/1.1" 200 21 "-" "WordPress/7.0; https://www.bagpackvacation.com"
136.243.146.219 - - [08/Jun/2026:08:19:34 -0400] "GET /robots.txt HTTP/1.1" 301 795 "-" "Mozilla/5.0 (compatible; SERankingBacklinksBot/1.0; +https://seranking.com/backlinks-crawler)"
136.243.146.219 - - [08/Jun/2026:08:19:35 -0400] "GET / HTTP/1.1" 301 795 "-" "Mozilla/5.0 (compatible; SERankingBacklinksBot/1.0; +https://seranking.com/backlinks-crawler)"
195.178.110.241 - - [08/Jun/2026:08:19:43 -0400] "GET /.git/config HTTP/1.1" 403 1242 "-" "Mozilla/5.0 (X11; Linux x86_64; rv:1.9.7.20) Gecko/ Firefox/3.6.7"
34.173.195.32 - - [08/Jun/2026:08:48:26 -0400] "GET / HTTP/1.1" 200 40141 "http://mail.bagpackvacation.com" "Mozilla/5.0 (compatible; CMS-Checker/1.0; +https://example.com)"
162.241.203.222 - - [08/Jun/2026:08:12:14 -0400] "POST /wp-login.php HTTP/1.1" 200 1906 "https://www.bagpackvacation.com/wp-login.php" "Mozilla/5.0 (Windows NT 10.0; Win64; x64) AppleWebKit/537.36 (KHTML, like Gecko) Chrome/120.0.0.0 Safari/537.36"
136.243.146.219 - - [08/Jun/2026:08:19:34 -0400] "GET /robots.txt HTTP/1.1" 200 129 "-" "Mozilla/5.0 (compatible; SERankingBacklinksBot/1.0; +https://seranking.com/backlinks-crawler)"
136.243.146.219 - - [08/Jun/2026:08:19:35 -0400] "GET /robots.txt HTTP/1.1" 200 129 "-" "Mozilla/5.0 (compatible; SERankingBacklinksBot/1.0; +https://seranking.com/backlinks-crawler)"
136.243.146.219 - - [08/Jun/2026:08:19:36 -0400] "GET / HTTP/1.1" 200 40141 "-" "Mozilla/5.0 (compatible; SERankingBacklinksBot/1.0; +https://seranking.com/backlinks-crawler)"
136.243.146.219 - - [08/Jun/2026:08:19:40 -0400] "GET /robots.txt HTTP/1.1" 200 129 "-" "Mozilla/5.0 (compatible; SERankingBacklinksBot/1.0; +https://seranking.com/backlinks-crawler)"
136.243.146.219 - - [08/Jun/2026:08:19:42 -0400] "GET / HTTP/1.1" 200 40141 "-" "Mozilla/5.0 (compatible; SERankingBacklinksBot/1.0; +https://seranking.com/backlinks-crawler)"
195.178.110.241 - - [08/Jun/2026:08:33:39 -0400] "GET /.git/config HTTP/1.1" 403 1242 "-" "Mozilla/5.0 (Macintosh; Intel Mac OS X 10_8_2 rv:2.0; mai-IN) AppleWebKit/533.27.1 (KHTML, like Gecko) Version/5.0 Safari/533.27.1"
122.51.236.174 - - [08/Jun/2026:08:38:20 -0400] "GET / HTTP/1.1" 200 40141 "http://bagpackvacation.com" "Mozilla/5.0 (iPhone; CPU iPhone OS 13_2_3 like Mac OS X) AppleWebKit/605.1.15 (KHTML, like Gecko) Version/13.0.3 Mobile/15E148 Safari/604.1"
34.77.223.109 - - [08/Jun/2026:08:43:02 -0400] "GET /wp-login.php HTTP/1.1" 301 795 "-" "Mozilla/5.0 (Windows NT 10.0; Win64; x64) AppleWebKit/537.36 (KHTML, like Gecko) Chrome/120.0.0.0 Safari/537.36"
181.85.208.40 - - [08/Jun/2026:08:43:35 -0400] "GET /?utm_campaign=domain_click&utm_medium=company_profile&utm_source=trustpilot HTTP/1.1" 200 40141 "-" "Mozilla/5.0 (Windows NT 6.1; Win64; x64) AppleWebKit/537.36 (KHTML, like Gecko) Chrome/83.0.4103.106 Safari/537.36"
34.27.174.248 - - [08/Jun/2026:08:51:33 -0400] "GET / HTTP/1.1" 200 40141 "http://www.bagpackvacation.com" "Mozilla/5.0 (compatible; CMS-Checker/1.0; +https://example.com)"
162.213.253.84 - - [08/Jun/2026:08:51:34 -0400] "POST /wp-admin/admin-ajax.php?action=async_litespeed&nonce=8WmpDBWcXNe2rqemVP3PC23UxuoWCd3u&litespeed_type=imgoptm HTTP/1.1" 200 21 "-" "WordPress/7.0; https://www.bagpackvacation.com"
176.65.139.231 - - [08/Jun/2026:09:01:37 -0400] "GET / HTTP/1.1" 200 254241 "-" "Mozilla/5.0 (Windows NT 10.0; Win64; x64) AppleWebKit/537.36 (KHTML, like Gecko) Chrome/147.0.0.0 Safari/537.36"
179.6.19.162 - - [08/Jun/2026:08:59:28 -0400] "GET /robots.txt HTTP/1.1" 301 795 "-" "Mozilla/5.0 (Windows NT 10.0; Win64; x64) AppleWebKit/537.36 (KHTML, like Gecko) Chrome/114.0.0.0 Safari/537.36 Edg/114.0.1823.43"
38.25.28.131 - - [08/Jun/2026:08:59:30 -0400] "GET /robots.txt HTTP/1.1" 200 129 "-" "Mozilla/5.0 (Windows NT 10.0; Win64; x64) AppleWebKit/537.36 (KHTML, like Gecko) Chrome/114.0.0.0 Safari/537.36 Edg/114.0.1823.43"
176.65.139.235 - - [08/Jun/2026:09:01:06 -0400] "GET / HTTP/1.1" 301 795 "-" "Mozilla/5.0 (Windows NT 10.0; Win64; x64) AppleWebKit/537.36 (KHTML, like Gecko) Chrome/147.0.0.0 Safari/537.36"
66.249.79.229 - - [08/Jun/2026:09:04:59 -0400] "GET /robots.txt HTTP/1.1" 200 108 "-" "Mozilla/5.0 (compatible; Googlebot/2.1; +http://www.google.com/bot.html)"
43.130.78.203 - - [08/Jun/2026:09:17:07 -0400] "GET / HTTP/1.1" 200 40141 "http://bagpackvacation.com" "Mozilla/5.0 (iPhone; CPU iPhone OS 13_2_3 like Mac OS X) AppleWebKit/605.1.15 (KHTML, like Gecko) Version/13.0.3 Mobile/15E148 Safari/604.1"
111.225.148.219 - - [08/Jun/2026:09:18:38 -0400] "GET /robots.txt HTTP/1.1" 200 129 "-" "Mozilla/5.0 (Linux; Android 5.0) AppleWebKit/537.36 (KHTML, like Gecko) Mobile Safari/537.36 (compatible; Bytespider; https://zhanzhang.toutiao.com/)"
34.58.94.153 - - [08/Jun/2026:09:15:55 -0400] "GET / HTTP/1.1" 200 40141 "http://bagpackvacation.com" "Mozilla/5.0 (compatible; CMS-Checker/1.0; +https://example.com)"
195.178.110.31 - - [08/Jun/2026:09:33:02 -0400] "GET / HTTP/1.1" 301 795 "-" "Mozilla/5.0 (Windows NT 10.0; Win64; x64) AppleWebKit/537.36"
50.87.144.153 - - [08/Jun/2026:09:40:30 -0400] "GET /wp-login.php HTTP/1.1" 301 795 "-" "Mozilla/5.0 (Windows NT 10.0; Win64; x64) AppleWebKit/537.36 (KHTML, like Gecko) Chrome/120.0.0.0 Safari/537.36"
50.87.144.153 - - [08/Jun/2026:09:40:32 -0400] "GET /wp-login.php HTTP/1.1" 200 1807 "https://mail.bagpackvacation.com/wp-login.php" "Mozilla/5.0 (Windows NT 10.0; Win64; x64) AppleWebKit/537.36 (KHTML, like Gecko) Chrome/120.0.0.0 Safari/537.36"
50.87.144.153 - - [08/Jun/2026:09:40:34 -0400] "GET /wp-login.php HTTP/1.1" 200 1807 "-" "Mozilla/5.0 (Windows NT 10.0; Win64; x64) AppleWebKit/537.36 (KHTML, like Gecko) Chrome/120.0.0.0 Safari/537.36"
50.87.144.153 - - [08/Jun/2026:09:40:34 -0400] "POST /wp-login.php HTTP/1.1" 200 1906 "https://www.bagpackvacation.com/wp-login.php" "Mozilla/5.0 (Windows NT 10.0; Win64; x64) AppleWebKit/537.36 (KHTML, like Gecko) Chrome/120.0.0.0 Safari/537.36"
34.173.195.32 - - [08/Jun/2026:09:41:09 -0400] "GET //wp-includes/wlwmanifest.xml HTTP/1.1" 301 0 "-" "Mozilla/5.0 (Windows NT 10.0; Win64; x64) AppleWebKit/537.36 (KHTML, like Gecko) Chrome/78.0.3904.108 Safari/537.36"
34.173.195.32 - - [08/Jun/2026:09:41:10 -0400] "GET //?author=1 HTTP/1.1" 301 0 "-" "Mozilla/5.0 (Windows NT 10.0; Win64; x64) AppleWebKit/537.36 (KHTML, like Gecko) Chrome/78.0.3904.108 Safari/537.36"
34.173.195.32 - - [08/Jun/2026:09:41:10 -0400] "GET //?author=2 HTTP/1.1" 301 0 "-" "Mozilla/5.0 (Windows NT 10.0; Win64; x64) AppleWebKit/537.36 (KHTML, like Gecko) Chrome/78.0.3904.108 Safari/537.36"
34.173.195.32 - - [08/Jun/2026:09:41:11 -0400] "GET //wp-json/wp/v2/users/ HTTP/1.1" 200 1681 "-" "Mozilla/5.0 (Windows NT 10.0; Win64; x64) AppleWebKit/537.36 (KHTML, like Gecko) Chrome/78.0.3904.108 Safari/537.36"
162.213.253.84 - - [08/Jun/2026:09:43:09 -0400] "POST /wp-cron.php?doing_wp_cron=1780926189.1256499290466308593750 HTTP/1.1" 200 0 "-" "WordPress/7.0; https://www.bagpackvacation.com"
34.27.174.248 - - [08/Jun/2026:09:43:07 -0400] "GET //wp-includes/wlwmanifest.xml HTTP/1.1" 301 0 "-" "Mozilla/5.0 (Windows NT 10.0; Win64; x64) AppleWebKit/537.36 (KHTML, like Gecko) Chrome/78.0.3904.108 Safari/537.36"
34.27.174.248 - - [08/Jun/2026:09:43:09 -0400] "GET //?author=1 HTTP/1.1" 301 0 "-" "Mozilla/5.0 (Windows NT 10.0; Win64; x64) AppleWebKit/537.36 (KHTML, like Gecko) Chrome/78.0.3904.108 Safari/537.36"
34.27.174.248 - - [08/Jun/2026:09:43:10 -0400] "GET //wp-json/wp/v2/users/ HTTP/1.1" 200 1681 "-" "Mozilla/5.0 (Windows NT 10.0; Win64; x64) AppleWebKit/537.36 (KHTML, like Gecko) Chrome/78.0.3904.108 Safari/537.36"
162.213.253.84 - - [08/Jun/2026:09:43:10 -0400] "POST /wp-admin/admin-ajax.php?action=async_litespeed&nonce=riPpzvQZjl03VcBj6L2vOk01yXSEp349&litespeed_type=imgoptm HTTP/1.1" 200 0 "-" "WordPress/7.0; https://www.bagpackvacation.com"
34.58.94.153 - - [08/Jun/2026:09:45:41 -0400] "GET / HTTP/1.1" 200 254241 "-" "Mozilla/5.0 (Windows NT 10.0; Win64; x64) AppleWebKit/537.36 (KHTML, like Gecko) Chrome/78.0.3904.108 Safari/537.36"
162.213.253.84 - - [08/Jun/2026:09:45:42 -0400] "POST /wp-cron.php?doing_wp_cron=1780926342.4623329639434814453125 HTTP/1.1" 200 0 "-" "WordPress/7.0; https://www.bagpackvacation.com"
34.58.94.153 - - [08/Jun/2026:09:45:41 -0400] "GET //wp-includes/wlwmanifest.xml HTTP/1.1" 301 0 "-" "Mozilla/5.0 (Windows NT 10.0; Win64; x64) AppleWebKit/537.36 (KHTML, like Gecko) Chrome/78.0.3904.108 Safari/537.36"
34.58.94.153 - - [08/Jun/2026:09:45:42 -0400] "GET //?author=1 HTTP/1.1" 301 0 "-" "Mozilla/5.0 (Windows NT 10.0; Win64; x64) AppleWebKit/537.36 (KHTML, like Gecko) Chrome/78.0.3904.108 Safari/537.36"
34.58.94.153 - - [08/Jun/2026:09:45:42 -0400] "GET //?author=2 HTTP/1.1" 301 0 "-" "Mozilla/5.0 (Windows NT 10.0; Win64; x64) AppleWebKit/537.36 (KHTML, like Gecko) Chrome/78.0.3904.108 Safari/537.36"
162.213.253.84 - - [08/Jun/2026:09:45:43 -0400] "POST /wp-admin/admin-ajax.php?action=async_litespeed&nonce=cOgypcptQw4ECz3CzCTjE49egPtSHE3y&litespeed_type=imgoptm HTTP/1.1" 200 0 "-" "WordPress/7.0; https://www.bagpackvacation.com"
162.213.253.84 - - [08/Jun/2026:09:40:35 -0400] "POST /wp-cron.php?doing_wp_cron=1780926035.5292830467224121093750 HTTP/1.1" 200 0 "-" "WordPress/7.0; https://www.bagpackvacation.com"
162.213.253.84 - - [08/Jun/2026:09:40:36 -0400] "POST /wp-admin/admin-ajax.php?action=async_litespeed&nonce=NbTq720hhJolWS5xnYpikSE6yvcas5Uw&litespeed_type=imgoptm HTTP/1.1" 200 0 "-" "WordPress/7.0; https://www.bagpackvacation.com"
34.173.195.32 - - [08/Jun/2026:09:41:08 -0400] "GET / HTTP/1.1" 200 254241 "-" "Mozilla/5.0 (Windows NT 10.0; Win64; x64) AppleWebKit/537.36 (KHTML, like Gecko) Chrome/78.0.3904.108 Safari/537.36"
162.213.253.84 - - [08/Jun/2026:09:41:10 -0400] "POST /wp-cron.php?doing_wp_cron=1780926070.0626070499420166015625 HTTP/1.1" 200 0 "-" "WordPress/7.0; https://www.bagpackvacation.com"
34.173.195.32 - - [08/Jun/2026:09:41:10 -0400] "GET / HTTP/1.1" 200 254241 "-" "Mozilla/5.0 (Windows NT 10.0; Win64; x64) AppleWebKit/537.36 (KHTML, like Gecko) Chrome/78.0.3904.108 Safari/537.36"
34.27.174.248 - - [08/Jun/2026:09:43:07 -0400] "GET / HTTP/1.1" 200 254241 "-" "Mozilla/5.0 (Windows NT 10.0; Win64; x64) AppleWebKit/537.36 (KHTML, like Gecko) Chrome/78.0.3904.108 Safari/537.36"
34.27.174.248 - - [08/Jun/2026:09:43:09 -0400] "GET / HTTP/1.1" 200 254241 "-" "Mozilla/5.0 (Windows NT 10.0; Win64; x64) AppleWebKit/537.36 (KHTML, like Gecko) Chrome/78.0.3904.108 Safari/537.36"
34.27.174.248 - - [08/Jun/2026:09:43:09 -0400] "GET //?author=2 HTTP/1.1" 301 0 "-" "Mozilla/5.0 (Windows NT 10.0; Win64; x64) AppleWebKit/537.36 (KHTML, like Gecko) Chrome/78.0.3904.108 Safari/537.36"
34.58.94.153 - - [08/Jun/2026:09:45:42 -0400] "GET / HTTP/1.1" 200 254241 "-" "Mozilla/5.0 (Windows NT 10.0; Win64; x64) AppleWebKit/537.36 (KHTML, like Gecko) Chrome/78.0.3904.108 Safari/537.36"
34.58.94.153 - - [08/Jun/2026:09:45:43 -0400] "GET //wp-json/wp/v2/users/ HTTP/1.1" 200 1681 "-" "Mozilla/5.0 (Windows NT 10.0; Win64; x64) AppleWebKit/537.36 (KHTML, like Gecko) Chrome/78.0.3904.108 Safari/537.36"
162.213.253.84 - - [08/Jun/2026:09:47:55 -0400] "POST /wp-cron.php?doing_wp_cron=1780926475.0505690574645996093750 HTTP/1.1" 200 0 "-" "WordPress/7.0; https://www.bagpackvacation.com"
80.77.146.194 - - [08/Jun/2026:09:47:54 -0400] "POST /wp-login.php HTTP/1.1" 200 1906 "https://www.bagpackvacation.com/wp-login.php" "Mozilla/5.0 (Windows NT 10.0; Win64; x64) AppleWebKit/537.36 (KHTML, like Gecko) Chrome/120.0.0.0 Safari/537.36"
162.213.253.84 - - [08/Jun/2026:09:47:55 -0400] "POST /wp-admin/admin-ajax.php?action=async_litespeed&nonce=zAFtSJndH7HdPFKvT25qqnhXyL4eFspv&litespeed_type=imgoptm HTTP/1.1" 200 21 "-" "WordPress/7.0; https://www.bagpackvacation.com"
162.213.253.84 - - [08/Jun/2026:09:47:56 -0400] "POST /wp-admin/admin-ajax.php?action=wp_1_wc_privacy_cleanup&nonce=613fce52a2 HTTP/1.1" 200 0 "-" "WordPress/7.0; https://www.bagpackvacation.com"
31.24.155.180 - - [08/Jun/2026:10:03:01 -0400] "GET /wp-login.php HTTP/1.1" 200 1807 "https://mail.bagpackvacation.com/wp-login.php" "Mozilla/5.0 (Windows NT 10.0; WOW64) AppleWebKit/537.36 (KHTML, like Gecko) Chrome/133.0.0.0 Safari/537.36"
80.77.146.194 - - [08/Jun/2026:09:47:53 -0400] "GET /wp-login.php HTTP/1.1" 200 1807 "-" "Mozilla/5.0 (Windows NT 10.0; Win64; x64) AppleWebKit/537.36 (KHTML, like Gecko) Chrome/120.0.0.0 Safari/537.36"
46.252.102.150 - - [08/Jun/2026:09:52:21 -0400] "GET /romantic-nainital-corbett-special-2-night-3-days/ HTTP/1.1" 200 28852 "-" "Mozilla/5.0 (Macintosh; Intel Mac OS X 10_12_6) AppleWebKit/537.36 (KHTML, like Gecko) Chrome/79.0.3945.130 Safari/537.36"
31.24.155.180 - - [08/Jun/2026:10:02:58 -0400] "GET /wp-login.php HTTP/1.1" 301 795 "-" "Mozilla/5.0 (Windows NT 10.0; WOW64) AppleWebKit/537.36 (KHTML, like Gecko) Chrome/133.0.0.0 Safari/537.36"
84.17.36.51 - - [08/Jun/2026:10:16:09 -0400] "GET / HTTP/1.1" 200 40141 "-" "python-requests/2.33.1"
162.213.253.84 - - [08/Jun/2026:10:16:15 -0400] "POST /wp-cron.php?doing_wp_cron=1780928175.5910439491271972656250 HTTP/1.1" 200 0 "-" "WordPress/7.0; https://www.bagpackvacation.com"
84.17.36.51 - - [08/Jun/2026:10:16:14 -0400] "GET /%5C/%5C/www.bagpackvacation.com%5C/wp-content%5C/plugins%5C/elementor-pro%5C/modules%5C/lottie%5C/assets%5C/animations%5C/default.json HTTP/1.1" 404 22210 "-" "python-requests/2.33.1"
162.213.253.84 - - [08/Jun/2026:10:16:16 -0400] "POST /wp-admin/admin-ajax.php?action=async_litespeed&nonce=3eQHi3ErnebTXE8JoOkyJkEtC4iFmU3d&litespeed_type=imgoptm HTTP/1.1" 200 21 "-" "WordPress/7.0; https://www.bagpackvacation.com"
205.185.121.3 - - [08/Jun/2026:10:16:24 -0400] "GET /wp-login.php HTTP/1.1" 301 795 "-" "Mozilla/5.0 (Linux; Android 14; SM-G998B) AppleWebKit/537.36 (KHTML, like Gecko) Chrome/121.0.0.0 Mobile Safari/537.36"
205.185.121.3 - - [08/Jun/2026:10:18:26 -0400] "POST /wp-login.php HTTP/1.1" 301 795 "-" "Mozilla/5.0 (Linux; Android 14; SM-G998B) AppleWebKit/537.36 (KHTML, like Gecko) Chrome/121.0.0.0 Mobile Safari/537.36"
205.185.121.3 - - [08/Jun/2026:10:18:28 -0400] "GET /wp-login.php?redirect_to=https%3A%2F%2Fwww.bagpackvacation.com%2Fwp-admin%2Fthemes.php&reauth=1 HTTP/1.1" 200 2047 "-" "python-requests/2.34.2"
34.140.237.195 - - [08/Jun/2026:10:19:28 -0400] "GET / HTTP/1.1" 200 40141 "http://mail.bagpackvacation.com" "Mozilla/5.0 (compatible; CMS-Checker/1.0; +https://example.com)"
31.24.155.180 - - [08/Jun/2026:10:03:03 -0400] "POST /wp-login.php HTTP/1.1" 301 795 "https://mail.bagpackvacation.com/wp-login.php" "Mozilla/5.0 (Windows NT 10.0; WOW64) AppleWebKit/537.36 (KHTML, like Gecko) Chrome/133.0.0.0 Safari/537.36"
31.24.155.180 - - [08/Jun/2026:10:03:04 -0400] "GET /wp-login.php HTTP/1.1" 200 1807 "https://mail.bagpackvacation.com/wp-login.php" "Mozilla/5.0 (Windows NT 10.0; WOW64) AppleWebKit/537.36 (KHTML, like Gecko) Chrome/133.0.0.0 Safari/537.36"
43.163.206.70 - - [08/Jun/2026:10:05:51 -0400] "GET / HTTP/1.1" 200 40141 "http://www.bagpackvacation.com" "Mozilla/5.0 (iPhone; CPU iPhone OS 13_2_3 like Mac OS X) AppleWebKit/605.1.15 (KHTML, like Gecko) Version/13.0.3 Mobile/15E148 Safari/604.1"
84.17.36.51 - - [08/Jun/2026:10:16:06 -0400] "GET / HTTP/1.1" 301 795 "-" "python-requests/2.33.1"
84.17.36.51 - - [08/Jun/2026:10:16:11 -0400] "GET /%5C/%5C/www.bagpackvacation.com%5C/wp-content%5C/plugins%5C/elementor-pro%5C/modules%5C/lottie%5C/assets%5C/animations%5C/default.json HTTP/1.1" 301 795 "-" "python-requests/2.33.1"
205.185.121.3 - - [08/Jun/2026:10:16:26 -0400] "GET /wp-login.php HTTP/1.1" 200 5935 "-" "Mozilla/5.0 (Linux; Android 14; SM-G998B) AppleWebKit/537.36 (KHTML, like Gecko) Chrome/121.0.0.0 Mobile Safari/537.36"
205.185.121.3 - - [08/Jun/2026:10:18:26 -0400] "GET /wp-login.php HTTP/1.1" 200 5935 "-" "Mozilla/5.0 (Linux; Android 14; SM-G998B) AppleWebKit/537.36 (KHTML, like Gecko) Chrome/121.0.0.0 Mobile Safari/537.36"
205.185.121.3 - - [08/Jun/2026:10:18:26 -0400] "GET /wp-admin/themes.php HTTP/1.1" 301 795 "-" "python-requests/2.34.2"
162.213.253.84 - - [08/Jun/2026:10:18:27 -0400] "POST /wp-cron.php?doing_wp_cron=1780928307.9227468967437744140625 HTTP/1.1" 200 0 "-" "WordPress/7.0; https://www.bagpackvacation.com"
205.185.121.3 - - [08/Jun/2026:10:18:26 -0400] "GET /wp-admin/themes.php HTTP/1.1" 302 0 "-" "python-requests/2.34.2"
205.185.121.3 - - [08/Jun/2026:10:18:29 -0400] "GET /wp-admin/plugin-install.php?tab=upload HTTP/1.1" 301 795 "-" "python-requests/2.34.2"
162.213.253.84 - - [08/Jun/2026:10:18:29 -0400] "POST /wp-admin/admin-ajax.php?action=async_litespeed&nonce=63bbzXwhUPj10TDtNPL5DfpICo8d4wRm&litespeed_type=imgoptm HTTP/1.1" 200 0 "-" "WordPress/7.0; https://www.bagpackvacation.com"
205.185.121.3 - - [08/Jun/2026:10:18:29 -0400] "GET /wp-admin/plugin-install.php?tab=upload HTTP/1.1" 302 0 "-" "python-requests/2.34.2"
205.185.121.3 - - [08/Jun/2026:10:18:30 -0400] "GET /wp-login.php?redirect_to=https%3A%2F%2Fwww.bagpackvacation.com%2Fwp-admin%2Fplugin-install.php%3Ftab%3Dupload&reauth=1 HTTP/1.1" 200 2054 "-" "python-requests/2.34.2"
162.213.253.84 - - [08/Jun/2026:10:22:21 -0400] "POST /wp-cron.php?doing_wp_cron=1780928541.5403230190277099609375 HTTP/1.1" 200 0 "-" "WordPress/7.0; https://www.bagpackvacation.com"
104.210.140.128 - - [08/Jun/2026:10:35:23 -0400] "GET /robots.txt HTTP/1.1" 200 108 "-" "Mozilla/5.0 (Macintosh; Intel Mac OS X 10_15_7) AppleWebKit/537.36 (KHTML, like Gecko) Chrome/131.0.0.0 Safari/537.36; compatible; OAI-SearchBot/1.0; +https://openai.com/searchbot"
5.255.231.24 - - [08/Jun/2026:10:35:27 -0400] "GET /robots.txt HTTP/1.1" 200 216 "-" "Mozilla/5.0 (compatible; YandexBot/3.0; +http://yandex.com/bots)"
41.111.171.131 - - [08/Jun/2026:10:35:42 -0400] "GET /wp-login.php HTTP/1.1" 301 795 "-" "Mozilla/5.0 (Macintosh; Intel Mac OS X 11_7_10) AppleWebKit/537.36 (KHTML, like Gecko) Chrome/133.0.0.0 Safari/537.36"
41.111.171.131 - - [08/Jun/2026:10:35:45 -0400] "GET /wp-login.php HTTP/1.1" 200 1807 "https://mail.bagpackvacation.com/wp-login.php" "Mozilla/5.0 (Macintosh; Intel Mac OS X 11_7_10) AppleWebKit/537.36 (KHTML, like Gecko) Chrome/133.0.0.0 Safari/537.36"
67.205.20.116 - - [08/Jun/2026:10:22:16 -0400] "GET /wp-login.php HTTP/1.1" 200 1807 "-" "Mozilla/5.0 (X11; Linux x86_64) AppleWebKit/537.36 (KHTML, like Gecko) Chrome/133.0.0.0 Safari/537.36 Edg/133.0.0.0"
67.205.20.116 - - [08/Jun/2026:10:22:20 -0400] "POST /wp-login.php HTTP/1.1" 200 1906 "https://www.bagpackvacation.com/wp-login.php" "Mozilla/5.0 (X11; Linux x86_64) AppleWebKit/537.36 (KHTML, like Gecko) Chrome/133.0.0.0 Safari/537.36 Edg/133.0.0.0"
162.213.253.84 - - [08/Jun/2026:10:22:22 -0400] "POST /wp-admin/admin-ajax.php?action=async_litespeed&nonce=iSFnrQ2lfzEEWCLFggOEqOxVrHWVbLuQ&litespeed_type=imgoptm HTTP/1.1" 200 21 "-" "WordPress/7.0; https://www.bagpackvacation.com"
95.108.213.187 - - [08/Jun/2026:10:35:29 -0400] "GET /robots.txt HTTP/1.1" 200 216 "-" "Mozilla/5.0 (compatible; YandexBot/3.0; +http://yandex.com/bots)"
162.213.253.84 - - [08/Jun/2026:10:35:31 -0400] "POST /wp-cron.php?doing_wp_cron=1780929331.8886749744415283203125 HTTP/1.1" 200 0 "-" "WordPress/7.0; https://www.bagpackvacation.com"
5.255.231.34 - - [08/Jun/2026:10:35:30 -0400] "GET /images/favicon.png HTTP/1.1" 404 22154 "-" "Mozilla/5.0 (compatible; YandexFavicons/1.0; +http://yandex.com/bots)"
162.213.253.84 - - [08/Jun/2026:10:35:33 -0400] "POST /wp-admin/admin-ajax.php?action=async_litespeed&nonce=4ohQVnG04huOGB6oVLjUcLvJaz6SB7GI&litespeed_type=imgoptm HTTP/1.1" 200 0 "-" "WordPress/7.0; https://www.bagpackvacation.com"
41.111.171.131 - - [08/Jun/2026:10:35:44 -0400] "GET /wp-login.php HTTP/1.1" 200 1807 "https://mail.bagpackvacation.com/wp-login.php" "Mozilla/5.0 (Macintosh; Intel Mac OS X 11_7_10) AppleWebKit/537.36 (KHTML, like Gecko) Chrome/133.0.0.0 Safari/537.36"
41.111.171.131 - - [08/Jun/2026:10:35:44 -0400] "POST /wp-login.php HTTP/1.1" 301 795 "https://mail.bagpackvacation.com/wp-login.php" "Mozilla/5.0 (Macintosh; Intel Mac OS X 11_7_10) AppleWebKit/537.36 (KHTML, like Gecko) Chrome/133.0.0.0 Safari/537.36"
52.31.99.165 - - [08/Jun/2026:10:54:07 -0400] "GET /wp-login.php HTTP/1.1" 301 795 "-" "Mozilla/5.0 (Windows NT 10.0; Win64; x64) AppleWebKit/537.36 (KHTML, like Gecko) Chrome/120.0.0.0 Safari/537.36"
52.31.99.165 - - [08/Jun/2026:10:54:08 -0400] "GET /wp-login.php HTTP/1.1" 200 1807 "https://mail.bagpackvacation.com/wp-login.php" "Mozilla/5.0 (Windows NT 10.0; Win64; x64) AppleWebKit/537.36 (KHTML, like Gecko) Chrome/120.0.0.0 Safari/537.36"
52.31.99.165 - - [08/Jun/2026:10:54:09 -0400] "POST /wp-login.php HTTP/1.1" 200 1906 "https://www.bagpackvacation.com/wp-login.php" "Mozilla/5.0 (Windows NT 10.0; Win64; x64) AppleWebKit/537.36 (KHTML, like Gecko) Chrome/120.0.0.0 Safari/537.36"
162.213.253.84 - - [08/Jun/2026:10:54:11 -0400] "POST /wp-admin/admin-ajax.php?action=async_litespeed&nonce=3OdDYwtdBrE3UuhTxJaDwlLLDG4PnWVt&litespeed_type=imgoptm HTTP/1.1" 200 0 "-" "WordPress/7.0; https://www.bagpackvacation.com"
103.166.184.148 - - [08/Jun/2026:10:55:22 -0400] "GET /wp-login.php HTTP/1.1" 301 795 "-" "Mozilla/5.0 (X11; Linux x86_64) AppleWebKit/537.36 (KHTML, like Gecko) Chrome/133.0.0.0 Safari/537.36"
103.166.184.148 - - [08/Jun/2026:10:55:27 -0400] "GET /wp-login.php HTTP/1.1" 200 1807 "https://bagpackvacation.com/wp-login.php" "Mozilla/5.0 (X11; Linux x86_64) AppleWebKit/537.36 (KHTML, like Gecko) Chrome/133.0.0.0 Safari/537.36"
103.166.184.148 - - [08/Jun/2026:10:55:28 -0400] "POST /wp-login.php HTTP/1.1" 301 795 "https://bagpackvacation.com/wp-login.php" "Mozilla/5.0 (X11; Linux x86_64) AppleWebKit/537.36 (KHTML, like Gecko) Chrome/133.0.0.0 Safari/537.36"
103.166.184.148 - - [08/Jun/2026:10:55:30 -0400] "GET /wp-login.php HTTP/1.1" 200 1807 "https://bagpackvacation.com/wp-login.php" "Mozilla/5.0 (X11; Linux x86_64) AppleWebKit/537.36 (KHTML, like Gecko) Chrome/133.0.0.0 Safari/537.36"
162.241.203.222 - - [08/Jun/2026:10:55:52 -0400] "GET /wp-login.php HTTP/1.1" 200 1807 "-" "Mozilla/5.0 (Windows NT 10.0; Win64; x64) AppleWebKit/537.36 (KHTML, like Gecko) Chrome/120.0.0.0 Safari/537.36"
162.213.253.84 - - [08/Jun/2026:10:55:54 -0400] "POST /wp-cron.php?doing_wp_cron=1780930554.8189010620117187500000 HTTP/1.1" 200 0 "-" "WordPress/7.0; https://www.bagpackvacation.com"
162.241.203.222 - - [08/Jun/2026:10:55:53 -0400] "POST /wp-login.php HTTP/1.1" 200 1905 "https://www.bagpackvacation.com/wp-login.php" "Mozilla/5.0 (Windows NT 10.0; Win64; x64) AppleWebKit/537.36 (KHTML, like Gecko) Chrome/120.0.0.0 Safari/537.36"
162.213.253.84 - - [08/Jun/2026:10:55:55 -0400] "POST /wp-admin/admin-ajax.php?action=async_litespeed&nonce=n45FmPIdtFobkuStGaEe74CyMYSycU2Y&litespeed_type=imgoptm HTTP/1.1" 200 21 "-" "WordPress/7.0; https://www.bagpackvacation.com"
103.221.220.62 - - [08/Jun/2026:10:56:04 -0400] "GET /backend/.env HTTP/1.1" 301 795 "-" "Mozilla/5.0 (Macintosh; Intel Mac OS X 10_15_7) AppleWebKit/537.36 (KHTML, like Gecko) Chrome/91.0.4472.124 Safari/537.36"
103.221.220.62 - - [08/Jun/2026:10:56:04 -0400] "GET /.env HTTP/1.1" 301 795 "-" "Mozilla/5.0 (Macintosh; Intel Mac OS X 10_15_7) AppleWebKit/537.36 (KHTML, like Gecko) Chrome/91.0.4472.124 Safari/537.36"
103.221.220.62 - - [08/Jun/2026:10:56:04 -0400] "GET /admin/.env HTTP/1.1" 301 795 "-" "Mozilla/5.0 (Macintosh; Intel Mac OS X 10_15_7) AppleWebKit/537.36 (KHTML, like Gecko) Chrome/91.0.4472.124 Safari/537.36"
103.221.220.62 - - [08/Jun/2026:10:56:05 -0400] "GET /member/.env HTTP/1.1" 301 795 "-" "Mozilla/5.0 (Macintosh; Intel Mac OS X 10_15_7) AppleWebKit/537.36 (KHTML, like Gecko) Chrome/91.0.4472.124 Safari/537.36"
103.221.220.62 - - [08/Jun/2026:10:56:06 -0400] "GET /backend/.env HTTP/1.1" 200 0 "https://bagpackvacation.com/backend/.env" "Mozilla/5.0 (Macintosh; Intel Mac OS X 10_15_7) AppleWebKit/537.36 (KHTML, like Gecko) Chrome/91.0.4472.124 Safari/537.36"
103.221.220.62 - - [08/Jun/2026:10:56:06 -0400] "GET /.env HTTP/1.1" 200 0 "https://bagpackvacation.com/.env" "Mozilla/5.0 (Macintosh; Intel Mac OS X 10_15_7) AppleWebKit/537.36 (KHTML, like Gecko) Chrome/91.0.4472.124 Safari/537.36"
103.221.220.62 - - [08/Jun/2026:10:56:07 -0400] "GET /bank/.env HTTP/1.1" 200 0 "https://bagpackvacation.com/bank/.env" "Mozilla/5.0 (Macintosh; Intel Mac OS X 10_15_7) AppleWebKit/537.36 (KHTML, like Gecko) Chrome/91.0.4472.124 Safari/537.36"
103.221.220.62 - - [08/Jun/2026:10:56:07 -0400] "GET /admin/.env HTTP/1.1" 200 0 "https://bagpackvacation.com/admin/.env" "Mozilla/5.0 (Macintosh; Intel Mac OS X 10_15_7) AppleWebKit/537.36 (KHTML, like Gecko) Chrome/91.0.4472.124 Safari/537.36"
34.140.237.195 - - [08/Jun/2026:11:00:41 -0400] "GET / HTTP/1.1" 200 254241 "-" "Mozilla/5.0 (Windows NT 10.0; Win64; x64) AppleWebKit/537.36 (KHTML, like Gecko) Chrome/78.0.3904.108 Safari/537.36"
162.213.253.84 - - [08/Jun/2026:11:00:43 -0400] "POST /wp-cron.php?doing_wp_cron=1780930843.1033000946044921875000 HTTP/1.1" 200 0 "-" "WordPress/7.0; https://www.bagpackvacation.com"
34.140.237.195 - - [08/Jun/2026:11:00:42 -0400] "GET //wp-includes/wlwmanifest.xml HTTP/1.1" 301 0 "-" "Mozilla/5.0 (Windows NT 10.0; Win64; x64) AppleWebKit/537.36 (KHTML, like Gecko) Chrome/78.0.3904.108 Safari/537.36"
52.31.99.165 - - [08/Jun/2026:10:54:09 -0400] "GET /wp-login.php HTTP/1.1" 200 1807 "-" "Mozilla/5.0 (Windows NT 10.0; Win64; x64) AppleWebKit/537.36 (KHTML, like Gecko) Chrome/120.0.0.0 Safari/537.36"
162.213.253.84 - - [08/Jun/2026:10:54:10 -0400] "POST /wp-cron.php?doing_wp_cron=1780930450.6069099903106689453125 HTTP/1.1" 200 0 "-" "WordPress/7.0; https://www.bagpackvacation.com"
103.221.220.62 - - [08/Jun/2026:10:56:04 -0400] "GET /api/.env HTTP/1.1" 301 795 "-" "Mozilla/5.0 (Macintosh; Intel Mac OS X 10_15_7) AppleWebKit/537.36 (KHTML, like Gecko) Chrome/91.0.4472.124 Safari/537.36"
103.221.220.62 - - [08/Jun/2026:10:56:04 -0400] "GET /new/.env HTTP/1.1" 301 795 "-" "Mozilla/5.0 (Macintosh; Intel Mac OS X 10_15_7) AppleWebKit/537.36 (KHTML, like Gecko) Chrome/91.0.4472.124 Safari/537.36"
103.221.220.62 - - [08/Jun/2026:10:56:05 -0400] "GET /bank/.env HTTP/1.1" 301 795 "-" "Mozilla/5.0 (Macintosh; Intel Mac OS X 10_15_7) AppleWebKit/537.36 (KHTML, like Gecko) Chrome/91.0.4472.124 Safari/537.36"
103.221.220.62 - - [08/Jun/2026:10:56:05 -0400] "GET /app/.env HTTP/1.1" 301 795 "-" "Mozilla/5.0 (Macintosh; Intel Mac OS X 10_15_7) AppleWebKit/537.36 (KHTML, like Gecko) Chrome/91.0.4472.124 Safari/537.36"
103.221.220.62 - - [08/Jun/2026:10:56:05 -0400] "GET /core/.env HTTP/1.1" 301 795 "-" "Mozilla/5.0 (Macintosh; Intel Mac OS X 10_15_7) AppleWebKit/537.36 (KHTML, like Gecko) Chrome/91.0.4472.124 Safari/537.36"
103.221.220.62 - - [08/Jun/2026:10:56:07 -0400] "GET /member/.env HTTP/1.1" 200 0 "https://bagpackvacation.com/member/.env" "Mozilla/5.0 (Macintosh; Intel Mac OS X 10_15_7) AppleWebKit/537.36 (KHTML, like Gecko) Chrome/91.0.4472.124 Safari/537.36"
103.221.220.62 - - [08/Jun/2026:10:56:06 -0400] "GET /new/.env HTTP/1.1" 200 0 "https://bagpackvacation.com/new/.env" "Mozilla/5.0 (Macintosh; Intel Mac OS X 10_15_7) AppleWebKit/537.36 (KHTML, like Gecko) Chrome/91.0.4472.124 Safari/537.36"
103.221.220.62 - - [08/Jun/2026:10:56:07 -0400] "GET /app/.env HTTP/1.1" 200 0 "https://bagpackvacation.com/app/.env" "Mozilla/5.0 (Macintosh; Intel Mac OS X 10_15_7) AppleWebKit/537.36 (KHTML, like Gecko) Chrome/91.0.4472.124 Safari/537.36"
103.221.220.62 - - [08/Jun/2026:10:56:08 -0400] "GET /core/.env HTTP/1.1" 200 0 "https://bagpackvacation.com/core/.env" "Mozilla/5.0 (Macintosh; Intel Mac OS X 10_15_7) AppleWebKit/537.36 (KHTML, like Gecko) Chrome/91.0.4472.124 Safari/537.36"
103.221.220.62 - - [08/Jun/2026:10:56:06 -0400] "GET /api/.env HTTP/1.1" 200 0 "https://bagpackvacation.com/api/.env" "Mozilla/5.0 (Macintosh; Intel Mac OS X 10_15_7) AppleWebKit/537.36 (KHTML, like Gecko) Chrome/91.0.4472.124 Safari/537.36"
34.140.237.195 - - [08/Jun/2026:11:00:43 -0400] "GET / HTTP/1.1" 200 254241 "-" "Mozilla/5.0 (Windows NT 10.0; Win64; x64) AppleWebKit/537.36 (KHTML, like Gecko) Chrome/78.0.3904.108 Safari/537.36"
34.140.237.195 - - [08/Jun/2026:11:00:44 -0400] "GET //?author=1 HTTP/1.1" 301 0 "-" "Mozilla/5.0 (Windows NT 10.0; Win64; x64) AppleWebKit/537.36 (KHTML, like Gecko) Chrome/78.0.3904.108 Safari/537.36"
162.213.253.84 - - [08/Jun/2026:11:00:44 -0400] "POST /wp-admin/admin-ajax.php?action=async_litespeed&nonce=kMTeZrwPNJmGPLhdguZ8J3rhnG16ZMWd&litespeed_type=imgoptm HTTP/1.1" 200 0 "-" "WordPress/7.0; https://www.bagpackvacation.com"
34.140.237.195 - - [08/Jun/2026:11:00:44 -0400] "GET //?author=2 HTTP/1.1" 301 0 "-" "Mozilla/5.0 (Windows NT 10.0; Win64; x64) AppleWebKit/537.36 (KHTML, like Gecko) Chrome/78.0.3904.108 Safari/537.36"
34.140.237.195 - - [08/Jun/2026:11:00:45 -0400] "GET //wp-json/wp/v2/users/ HTTP/1.1" 200 1681 "-" "Mozilla/5.0 (Windows NT 10.0; Win64; x64) AppleWebKit/537.36 (KHTML, like Gecko) Chrome/78.0.3904.108 Safari/537.36"
162.213.253.84 - - [08/Jun/2026:11:19:48 -0400] "POST /wp-cron.php?doing_wp_cron=1780931988.3885619640350341796875 HTTP/1.1" 200 0 "-" "WordPress/7.0; https://www.bagpackvacation.com"
162.213.253.84 - - [08/Jun/2026:11:19:49 -0400] "POST /wp-admin/admin-ajax.php?action=async_litespeed&nonce=XQ4vrWJMQ4jEoZN20hzBXAYNhnbGAkyw&litespeed_type=imgoptm HTTP/1.1" 200 21 "-" "WordPress/7.0; https://www.bagpackvacation.com"
20.153.140.50 - - [08/Jun/2026:11:24:03 -0400] "POST /wp-login.php HTTP/1.1" 200 1906 "https://www.bagpackvacation.com/wp-login.php" "Mozilla/5.0 (Macintosh; Intel Mac OS X 10_15_7) AppleWebKit/537.36 (KHTML, like Gecko) Chrome/133.0.0.0 Safari/537.36 Edg/133.0.0.0"
209.42.20.53 - - [08/Jun/2026:11:18:46 -0400] "GET /wp-login.php HTTP/1.1" 301 795 "-" "Mozilla/5.0 (Windows NT 10.0; Win64; x64; rv:133.0) Gecko/20100101 Firefox/133.0"
91.98.176.10 - - [08/Jun/2026:11:19:46 -0400] "GET /about-us/ HTTP/1.1" 200 22208 "-" "Mozilla/5.0 (Windows NT 10.0; Win64; x64) AppleWebKit/537.36 (KHTML, like Gecko) Chrome/116.0.0.0 Safari/537.36"
20.153.140.50 - - [08/Jun/2026:11:24:01 -0400] "GET /wp-login.php HTTP/1.1" 200 1807 "-" "Mozilla/5.0 (Macintosh; Intel Mac OS X 10_15_7) AppleWebKit/537.36 (KHTML, like Gecko) Chrome/133.0.0.0 Safari/537.36 Edg/133.0.0.0"
162.213.253.84 - - [08/Jun/2026:11:24:04 -0400] "POST /wp-cron.php?doing_wp_cron=1780932244.2074959278106689453125 HTTP/1.1" 200 0 "-" "WordPress/7.0; https://www.bagpackvacation.com"
162.213.253.84 - - [08/Jun/2026:11:24:05 -0400] "POST /wp-admin/admin-ajax.php?action=async_litespeed&nonce=OsS89ZrprQoogaNFeE5FOgoA5cGbnWTG&litespeed_type=imgoptm HTTP/1.1" 200 0 "-" "WordPress/7.0; https://www.bagpackvacation.com"
104.155.29.73 - - [08/Jun/2026:11:38:03 -0400] "GET /wp-login.php HTTP/1.1" 200 1807 "-" "Mozilla/5.0 (X11; Ubuntu; Linux x86_64; rv:133.0) Gecko/20100101 Firefox/133.0"
34.42.113.115 - - [08/Jun/2026:11:39:56 -0400] "GET / HTTP/1.1" 200 40141 "http://www.bagpackvacation.com" "Mozilla/5.0 (compatible; CMS-Checker/1.0; +https://example.com)"
103.119.139.118 - admin [08/Jun/2026:11:44:15 -0400] "GET /wp-json/wp/v2/users/me HTTP/1.1" 301 795 "-" "Mozilla/5.0 (Macintosh; Intel Mac OS X 14_7_4) AppleWebKit/537.36 (KHTML, like Gecko) Chrome/133.0.0.0 Safari/537.36"
162.213.253.84 - - [08/Jun/2026:11:38:08 -0400] "POST /wp-cron.php?doing_wp_cron=1780933088.6326510906219482421875 HTTP/1.1" 200 0 "-" "WordPress/7.0; https://www.bagpackvacation.com"
104.155.29.73 - - [08/Jun/2026:11:38:07 -0400] "POST /wp-login.php HTTP/1.1" 200 1906 "https://www.bagpackvacation.com/wp-login.php" "Mozilla/5.0 (X11; Ubuntu; Linux x86_64; rv:133.0) Gecko/20100101 Firefox/133.0"
162.213.253.84 - - [08/Jun/2026:11:38:09 -0400] "POST /wp-admin/admin-ajax.php?action=async_litespeed&nonce=sVUgxAgzMpD7iGLrmSH81CZDXdZGkD4Q&litespeed_type=imgoptm HTTP/1.1" 200 21 "-" "WordPress/7.0; https://www.bagpackvacation.com"
162.213.253.84 - - [08/Jun/2026:11:39:56 -0400] "POST /wp-admin/admin-ajax.php?action=async_litespeed&nonce=SrrDDnUBJC4qAhssDyX6pOznqLYm7CXb&litespeed_type=imgoptm HTTP/1.1" 200 21 "-" "WordPress/7.0; https://www.bagpackvacation.com"
162.213.253.84 - - [08/Jun/2026:11:49:53 -0400] "POST /wp-cron.php?doing_wp_cron=1780933793.3862819671630859375000 HTTP/1.1" 200 0 "-" "WordPress/7.0; https://www.bagpackvacation.com"
139.59.184.99 - - [08/Jun/2026:11:49:52 -0400] "POST /wp-login.php HTTP/1.1" 200 1906 "https://www.bagpackvacation.com/wp-login.php" "Mozilla/5.0 (X11; Linux i686) AppleWebKit/537.36 (KHTML, like Gecko) Chrome/133.0.0.0 Safari/537.36"
34.101.101.253 - - [08/Jun/2026:11:51:48 -0400] "GET /wp-login.php HTTP/1.1" 301 795 "-" "Mozilla/5.0 (Windows NT 10.0; Win64; x64) AppleWebKit/537.36 (KHTML, like Gecko) Chrome/120.0.0.0 Safari/537.36"
162.213.253.84 - - [08/Jun/2026:11:53:03 -0400] "POST /wp-admin/admin-ajax.php?action=async_litespeed&nonce=FNio3ubwkNsd4mjtrrOPypRJXQ0A5KER&litespeed_type=imgoptm HTTP/1.1" 200 21 "-" "WordPress/7.0; https://www.bagpackvacation.com"
139.59.184.99 - - [08/Jun/2026:11:49:51 -0400] "GET /wp-login.php HTTP/1.1" 200 1807 "-" "Mozilla/5.0 (X11; Linux i686) AppleWebKit/537.36 (KHTML, like Gecko) Chrome/133.0.0.0 Safari/537.36"
162.213.253.84 - - [08/Jun/2026:11:49:54 -0400] "POST /wp-admin/admin-ajax.php?action=async_litespeed&nonce=EMH4N3SjvgeQWeRsRJdv2ySiQD2FEWux&litespeed_type=imgoptm HTTP/1.1" 200 0 "-" "WordPress/7.0; https://www.bagpackvacation.com"
34.101.101.253 - - [08/Jun/2026:11:51:53 -0400] "GET /wp-login.php HTTP/1.1" 200 1807 "https://mail.bagpackvacation.com/wp-login.php" "Mozilla/5.0 (Windows NT 10.0; Win64; x64) AppleWebKit/537.36 (KHTML, like Gecko) Chrome/120.0.0.0 Safari/537.36"
162.213.253.84 - - [08/Jun/2026:11:53:02 -0400] "POST /wp-cron.php?doing_wp_cron=1780933982.0635929107666015625000 HTTP/1.1" 200 0 "-" "WordPress/7.0; https://www.bagpackvacation.com"
45.170.41.224 - - [08/Jun/2026:11:53:00 -0400] "GET /6-night-7-days-sri-lanka-package/tel:9211684078 HTTP/1.1" 404 22166 "-" "Mozilla/5.0 (Windows NT 6.3) AppleWebKit/537.36 (KHTML, like Gecko) Chrome/87.0.4280.88 Safari/537.36"
162.213.253.84 - - [08/Jun/2026:11:56:18 -0400] "POST /wp-cron.php?doing_wp_cron=1780934178.7191939353942871093750 HTTP/1.1" 200 0 "-" "WordPress/7.0; https://www.bagpackvacation.com"
45.184.217.255 - - [08/Jun/2026:11:56:17 -0400] "GET /3-night-4-days-malaysia-weekend-getaway/ HTTP/1.1" 200 29146 "-" "Mozilla/5.0 (Macintosh; Intel Mac OS X 10_15_7) AppleWebKit/537.36 (KHTML, like Gecko) Chrome/104.0.5112.102 Safari/537.36"
162.213.253.84 - - [08/Jun/2026:11:56:19 -0400] "POST /wp-admin/admin-ajax.php?action=async_litespeed&nonce=N01GiONttFc7k4fBevSSRT8x4nmbN49g&litespeed_type=imgoptm HTTP/1.1" 200 0 "-" "WordPress/7.0; https://www.bagpackvacation.com"
2.56.111.20 - - [08/Jun/2026:12:19:13 -0400] "GET /wp-login.php HTTP/1.1" 301 795 "-" "Mozilla/5.0 (Windows NT 10.0; Win64; x64) AppleWebKit/537.36 (KHTML, like Gecko) Chrome/120.0.0.0 Safari/537.36"
2.56.111.20 - - [08/Jun/2026:12:19:13 -0400] "GET /wp-login.php HTTP/1.1" 200 1807 "https://bagpackvacation.com/wp-login.php" "Mozilla/5.0 (Windows NT 10.0; Win64; x64) AppleWebKit/537.36 (KHTML, like Gecko) Chrome/120.0.0.0 Safari/537.36"
2.56.111.20 - - [08/Jun/2026:12:19:14 -0400] "GET /wp-login.php HTTP/1.1" 200 1807 "-" "Mozilla/5.0 (Windows NT 10.0; Win64; x64) AppleWebKit/537.36 (KHTML, like Gecko) Chrome/120.0.0.0 Safari/537.36"
156.231.90.57 - - [08/Jun/2026:12:19:34 -0400] "GET /wp-content/uploads/2023/01/004-camping-tent.png HTTP/1.1" 200 2963 "-" "Mozilla/5.0 (compatible; crawler)"
162.213.253.84 - - [08/Jun/2026:12:20:19 -0400] "POST /wp-cron.php?doing_wp_cron=1780935619.9556529521942138671875 HTTP/1.1" 200 0 "-" "WordPress/7.0; https://www.bagpackvacation.com"
34.42.113.115 - - [08/Jun/2026:12:20:20 -0400] "GET / HTTP/1.1" 200 254241 "-" "Mozilla/5.0 (Windows NT 10.0; Win64; x64) AppleWebKit/537.36 (KHTML, like Gecko) Chrome/78.0.3904.108 Safari/537.36"
162.213.253.84 - - [08/Jun/2026:12:20:20 -0400] "POST /wp-admin/admin-ajax.php?action=async_litespeed&nonce=YXae8oxIO2Q2yiRMrzuwhV8lkhVUScMz&litespeed_type=imgoptm HTTP/1.1" 200 0 "-" "WordPress/7.0; https://www.bagpackvacation.com"
114.119.152.5 - - [08/Jun/2026:12:32:51 -0400] "GET /4-night-5-days-dubai-super-saver-holiday/ HTTP/1.1" 200 25146 "https://www.bagpackvacation.com/location/dubai" "Mozilla/5.0 (Linux; Android 7.0;) AppleWebKit/537.36 (HTML, like Gecko) Mobile Safari/537.36 (compatible; PetalBot;+https://webmaster.petalsearch.com/site/petalbot)"
162.213.253.84 - - [08/Jun/2026:12:19:15 -0400] "POST /wp-cron.php?doing_wp_cron=1780935555.6310029029846191406250 HTTP/1.1" 200 0 "-" "WordPress/7.0; https://www.bagpackvacation.com"
2.56.111.20 - - [08/Jun/2026:12:19:14 -0400] "POST /wp-login.php HTTP/1.1" 200 1906 "https://www.bagpackvacation.com/wp-login.php" "Mozilla/5.0 (Windows NT 10.0; Win64; x64) AppleWebKit/537.36 (KHTML, like Gecko) Chrome/120.0.0.0 Safari/537.36"
162.213.253.84 - - [08/Jun/2026:12:19:16 -0400] "POST /wp-admin/admin-ajax.php?action=async_litespeed&nonce=QuafQ0J6VO59DAfNnoLfIZcgMiWZLwhE&litespeed_type=imgoptm HTTP/1.1" 200 21 "-" "WordPress/7.0; https://www.bagpackvacation.com"
34.42.113.115 - - [08/Jun/2026:12:20:18 -0400] "GET / HTTP/1.1" 200 254241 "-" "Mozilla/5.0 (Windows NT 10.0; Win64; x64) AppleWebKit/537.36 (KHTML, like Gecko) Chrome/78.0.3904.108 Safari/537.36"
34.42.113.115 - - [08/Jun/2026:12:20:19 -0400] "GET //wp-includes/wlwmanifest.xml HTTP/1.1" 301 0 "-" "Mozilla/5.0 (Windows NT 10.0; Win64; x64) AppleWebKit/537.36 (KHTML, like Gecko) Chrome/78.0.3904.108 Safari/537.36"
34.42.113.115 - - [08/Jun/2026:12:20:20 -0400] "GET //?author=1 HTTP/1.1" 301 0 "-" "Mozilla/5.0 (Windows NT 10.0; Win64; x64) AppleWebKit/537.36 (KHTML, like Gecko) Chrome/78.0.3904.108 Safari/537.36"
34.42.113.115 - - [08/Jun/2026:12:20:20 -0400] "GET //?author=2 HTTP/1.1" 301 0 "-" "Mozilla/5.0 (Windows NT 10.0; Win64; x64) AppleWebKit/537.36 (KHTML, like Gecko) Chrome/78.0.3904.108 Safari/537.36"
34.42.113.115 - - [08/Jun/2026:12:20:21 -0400] "GET //wp-json/wp/v2/users/ HTTP/1.1" 200 1681 "-" "Mozilla/5.0 (Windows NT 10.0; Win64; x64) AppleWebKit/537.36 (KHTML, like Gecko) Chrome/78.0.3904.108 Safari/537.36"
168.138.197.172 - admin [08/Jun/2026:12:37:28 -0400] "GET /wp-json/wp/v2/users/me HTTP/1.1" 301 795 "-" "Mozilla/5.0 (Macintosh; Intel Mac OS X 14_7_4) AppleWebKit/537.36 (KHTML, like Gecko) Chrome/133.0.0.0 Safari/537.36"
193.115.124.35 - - [08/Jun/2026:12:48:56 -0400] "GET /wp-login.php HTTP/1.1" 301 795 "-" "Mozilla/5.0 (Windows NT 10.0; Win64; x64) AppleWebKit/537.36 (KHTML, like Gecko) Chrome/133.0.0.0 Safari/537.36 Edg/133.0.0.0"
193.115.124.35 - - [08/Jun/2026:12:49:00 -0400] "POST /wp-login.php HTTP/1.1" 301 795 "https://bagpackvacation.com/wp-login.php" "Mozilla/5.0 (Windows NT 10.0; Win64; x64) AppleWebKit/537.36 (KHTML, like Gecko) Chrome/133.0.0.0 Safari/537.36 Edg/133.0.0.0"
193.115.124.35 - - [08/Jun/2026:12:49:00 -0400] "GET /wp-login.php HTTP/1.1" 200 1807 "https://bagpackvacation.com/wp-login.php" "Mozilla/5.0 (Windows NT 10.0; Win64; x64) AppleWebKit/537.36 (KHTML, like Gecko) Chrome/133.0.0.0 Safari/537.36 Edg/133.0.0.0"
193.115.124.35 - - [08/Jun/2026:12:49:01 -0400] "GET /wp-login.php HTTP/1.1" 200 1807 "https://bagpackvacation.com/wp-login.php" "Mozilla/5.0 (Windows NT 10.0; Win64; x64) AppleWebKit/537.36 (KHTML, like Gecko) Chrome/133.0.0.0 Safari/537.36 Edg/133.0.0.0"
205.185.122.41 - - [08/Jun/2026:12:53:56 -0400] "POST /wp-login.php HTTP/1.1" 301 795 "-" "Mozilla/5.0 (Windows NT 6.1) AppleWebKit/537.36 (KHTML, like Gecko) Chrome/35.0.1916.153 Safari/537.36"
205.185.122.41 - - [08/Jun/2026:12:54:14 -0400] "GET /wp-login.php HTTP/1.1" 200 5935 "-" "Mozilla/5.0 (Windows NT 6.1) AppleWebKit/537.36 (KHTML, like Gecko) Chrome/35.0.1916.153 Safari/537.36"
205.185.122.41 - - [08/Jun/2026:12:54:34 -0400] "GET /wp-admin/themes.php HTTP/1.1" 301 795 "-" "python-requests/2.32.5"
216.55.146.73 - - [08/Jun/2026:12:54:43 -0400] "GET /wp-login.php HTTP/1.1" 301 795 "-" "Mozilla/5.0 (Windows NT 10.0; Win64; x64) AppleWebKit/537.36 (KHTML, like Gecko) Chrome/120.0.0.0 Safari/537.36"
162.213.253.84 - - [08/Jun/2026:12:55:23 -0400] "POST /wp-cron.php?doing_wp_cron=1780937723.0557749271392822265625 HTTP/1.1" 200 0 "-" "WordPress/7.0; https://www.bagpackvacation.com"
162.213.253.84 - - [08/Jun/2026:12:55:24 -0400] "POST /wp-admin/admin-ajax.php?action=async_litespeed&nonce=6TQB6loiKrmhHmYDrtikDqDjVUKY7OtY&litespeed_type=imgoptm HTTP/1.1" 200 21 "-" "WordPress/7.0; https://www.bagpackvacation.com"
205.185.122.41 - - [08/Jun/2026:12:55:27 -0400] "GET /wp-login.php?redirect_to=https%3A%2F%2Fwww.bagpackvacation.com%2Fwp-admin%2Fthemes.php&reauth=1 HTTP/1.1" 200 2047 "-" "python-requests/2.32.5"
162.213.253.84 - - [08/Jun/2026:12:57:40 -0400] "POST /wp-cron.php?doing_wp_cron=1780937860.4627289772033691406250 HTTP/1.1" 200 0 "-" "WordPress/7.0; https://www.bagpackvacation.com"
205.185.122.41 - - [08/Jun/2026:12:53:02 -0400] "GET /wp-login.php HTTP/1.1" 301 795 "-" "Mozilla/5.0 (Windows NT 6.1) AppleWebKit/537.36 (KHTML, like Gecko) Chrome/35.0.1916.153 Safari/537.36"
205.185.122.41 - - [08/Jun/2026:12:53:32 -0400] "GET /wp-login.php HTTP/1.1" 200 5935 "-" "Mozilla/5.0 (Windows NT 6.1) AppleWebKit/537.36 (KHTML, like Gecko) Chrome/35.0.1916.153 Safari/537.36"
216.55.146.57 - - [08/Jun/2026:12:54:58 -0400] "GET /wp-login.php HTTP/1.1" 301 795 "-" "Mozilla/5.0 (Windows NT 10.0; Win64; x64) AppleWebKit/537.36 (KHTML, like Gecko) Chrome/120.0.0.0 Safari/537.36"
205.185.122.41 - - [08/Jun/2026:12:55:21 -0400] "GET /wp-admin/themes.php HTTP/1.1" 302 0 "-" "python-requests/2.32.5"
205.185.122.41 - - [08/Jun/2026:12:57:08 -0400] "GET /wp-admin/plugin-install.php?tab=upload HTTP/1.1" 301 795 "-" "python-requests/2.32.5"
205.185.122.41 - - [08/Jun/2026:12:57:39 -0400] "GET /wp-admin/plugin-install.php?tab=upload HTTP/1.1" 302 0 "-" "python-requests/2.32.5"
205.185.122.41 - - [08/Jun/2026:12:57:40 -0400] "GET /wp-login.php?redirect_to=https%3A%2F%2Fwww.bagpackvacation.com%2Fwp-admin%2Fplugin-install.php%3Ftab%3Dupload&reauth=1 HTTP/1.1" 200 2054 "-" "python-requests/2.32.5"
162.213.253.84 - - [08/Jun/2026:12:57:41 -0400] "POST /wp-admin/admin-ajax.php?action=async_litespeed&nonce=sAoMbrMBsGLCUS8jj2k1OhtlAuk70Jyx&litespeed_type=imgoptm HTTP/1.1" 200 0 "-" "WordPress/7.0; https://www.bagpackvacation.com"
