54.223.139.243 - - [02/Mar/2026:10:43:51 -0500] "GET /wp-json/contact-form-7/v1/contact-forms/130/feedback/schema HTTP/1.1" 200 549 "https://tejoversea.com/" "Mozilla/5.0 (Linux; Android 10; HD1900 Build/QKQ1.190716.003; wv) AppleWebKit/537.36 (KHTML, like Gecko) Version/4.0 Chrome/75.0.3770.156 Mobile Safari/537.36 aweme_230400 JsSdk/1.0 NetType/WIFI AppName/aweme app_version/23.4.0 ByteLocale/zh-CN Region/CN AppSkin/white AppTheme/light BytedanceWebview/d8a21c6 WebView/075113004008"
54.223.139.243 - - [02/Mar/2026:10:43:58 -0500] "GET /wp-content/themes/logistek/assets/fonts/webexflaticon/Flaticon.woff HTTP/1.1" 200 57864 "https://tejoversea.com/wp-content/themes/logistek/assets/fonts/webexflaticon/flaticon.css?ver=6.0.2" "Mozilla/5.0 (Linux; Android 10; HD1900 Build/QKQ1.190716.003; wv) AppleWebKit/537.36 (KHTML, like Gecko) Version/4.0 Chrome/75.0.3770.156 Mobile Safari/537.36 aweme_230400 JsSdk/1.0 NetType/WIFI AppName/aweme app_version/23.4.0 ByteLocale/zh-CN Region/CN AppSkin/white AppTheme/light BytedanceWebview/d8a21c6 WebView/075113004008"
162.213.253.84 - - [02/Mar/2026:12:13:55 -0500] "POST /wp-cron.php?doing_wp_cron=1772471634.9847691059112548828125 HTTP/1.1" 200 0 "https://tejoversea.com/wp-cron.php?doing_wp_cron=1772471634.9847691059112548828125" "WordPress/6.0.2; https://tejoversea.com"
20.193.68.41 - - [02/Mar/2026:12:13:54 -0500] "GET /admin.php HTTP/1.1" 404 6973 "-" "Mozilla/5.0 (Windows NT 10.0; Win64; x64) AppleWebKit/537.36 (KHTML, like Gecko) Chrome/120.0.0.0 Safari/537.36"
20.193.68.41 - - [02/Mar/2026:12:13:56 -0500] "GET /wp-admin/js/ HTTP/1.1" 403 1242 "-" "Mozilla/5.0 (Windows NT 10.0; Win64; x64) AppleWebKit/537.36 (KHTML, like Gecko) Chrome/120.0.0.0 Safari/537.36"
162.213.253.84 - - [02/Mar/2026:12:13:55 -0500] "POST /wp-admin/admin-ajax.php?action=async_litespeed&nonce=1e5eaeec6d&litespeed_type=imgoptm HTTP/1.1" 200 0 "https://tejoversea.com/wp-admin/admin-ajax.php?action=async_litespeed&nonce=1e5eaeec6d&litespeed_type=imgoptm" "WordPress/6.0.2; https://tejoversea.com"
20.193.68.41 - - [02/Mar/2026:12:14:00 -0500] "GET /classwithtostring.php HTTP/1.1" 404 6969 "-" "Mozilla/5.0 (Windows NT 10.0; Win64; x64) AppleWebKit/537.36 (KHTML, like Gecko) Chrome/120.0.0.0 Safari/537.36"
20.193.68.41 - - [02/Mar/2026:12:14:04 -0500] "GET /wp-includes HTTP/1.1" 301 795 "-" "Mozilla/5.0 (Windows NT 10.0; Win64; x64) AppleWebKit/537.36 (KHTML, like Gecko) Chrome/120.0.0.0 Safari/537.36"
20.193.68.41 - - [02/Mar/2026:12:14:04 -0500] "GET /ms-edit.php HTTP/1.1" 404 6974 "-" "Mozilla/5.0 (Windows NT 10.0; Win64; x64) AppleWebKit/537.36 (KHTML, like Gecko) Chrome/120.0.0.0 Safari/537.36"
20.193.68.41 - - [02/Mar/2026:12:14:05 -0500] "GET /wp-content/admin.php HTTP/1.1" 404 6968 "-" "Mozilla/5.0 (Windows NT 10.0; Win64; x64) AppleWebKit/537.36 (KHTML, like Gecko) Chrome/120.0.0.0 Safari/537.36"
20.193.68.41 - - [02/Mar/2026:12:14:07 -0500] "GET /as.php HTTP/1.1" 404 6969 "-" "Mozilla/5.0 (Windows NT 10.0; Win64; x64) AppleWebKit/537.36 (KHTML, like Gecko) Chrome/120.0.0.0 Safari/537.36"
20.193.68.41 - - [02/Mar/2026:12:14:08 -0500] "GET /bolt.php HTTP/1.1" 404 6965 "-" "Mozilla/5.0 (Windows NT 10.0; Win64; x64) AppleWebKit/537.36 (KHTML, like Gecko) Chrome/120.0.0.0 Safari/537.36"
20.193.68.41 - - [02/Mar/2026:12:14:09 -0500] "GET /class-t.api.php HTTP/1.1" 404 6971 "-" "Mozilla/5.0 (Windows NT 10.0; Win64; x64) AppleWebKit/537.36 (KHTML, like Gecko) Chrome/120.0.0.0 Safari/537.36"
162.213.253.84 - - [02/Mar/2026:12:14:11 -0500] "POST /wp-cron.php?doing_wp_cron=1772471651.6970329284667968750000 HTTP/1.1" 200 0 "https://tejoversea.com/wp-cron.php?doing_wp_cron=1772471651.6970329284667968750000" "WordPress/6.0.2; https://tejoversea.com"
20.193.68.41 - - [02/Mar/2026:12:14:11 -0500] "GET /wp-content/uploads/index.php HTTP/1.1" 301 0 "-" "Mozilla/5.0 (Windows NT 10.0; Win64; x64) AppleWebKit/537.36 (KHTML, like Gecko) Chrome/120.0.0.0 Safari/537.36"
20.193.68.41 - - [02/Mar/2026:12:14:13 -0500] "GET /cgi-bin HTTP/1.1" 301 795 "-" "Mozilla/5.0 (Windows NT 10.0; Win64; x64) AppleWebKit/537.36 (KHTML, like Gecko) Chrome/120.0.0.0 Safari/537.36"
20.193.68.41 - - [02/Mar/2026:12:14:14 -0500] "GET /jga.php HTTP/1.1" 404 6968 "-" "Mozilla/5.0 (Windows NT 10.0; Win64; x64) AppleWebKit/537.36 (KHTML, like Gecko) Chrome/120.0.0.0 Safari/537.36"
20.193.68.41 - - [02/Mar/2026:12:14:15 -0500] "GET /wp-cron.php HTTP/1.1" 200 0 "-" "Mozilla/5.0 (Windows NT 10.0; Win64; x64) AppleWebKit/537.36 (KHTML, like Gecko) Chrome/120.0.0.0 Safari/537.36"
162.213.253.84 - - [02/Mar/2026:12:14:18 -0500] "POST /wp-cron.php?doing_wp_cron=1772471658.0449581146240234375000 HTTP/1.1" 200 0 "https://tejoversea.com/wp-cron.php?doing_wp_cron=1772471658.0449581146240234375000" "WordPress/6.0.2; https://tejoversea.com"
20.193.68.41 - - [02/Mar/2026:12:14:19 -0500] "GET /wp-admin.php HTTP/1.1" 404 6976 "-" "Mozilla/5.0 (Windows NT 10.0; Win64; x64) AppleWebKit/537.36 (KHTML, like Gecko) Chrome/120.0.0.0 Safari/537.36"
20.193.68.41 - - [02/Mar/2026:12:13:56 -0500] "GET /f.php HTTP/1.1" 404 6980 "-" "Mozilla/5.0 (Windows NT 10.0; Win64; x64) AppleWebKit/537.36 (KHTML, like Gecko) Chrome/120.0.0.0 Safari/537.36"
20.193.68.41 - - [02/Mar/2026:12:13:57 -0500] "GET /wk/index.php HTTP/1.1" 301 0 "-" "Mozilla/5.0 (Windows NT 10.0; Win64; x64) AppleWebKit/537.36 (KHTML, like Gecko) Chrome/120.0.0.0 Safari/537.36"
20.193.68.41 - - [02/Mar/2026:12:13:58 -0500] "GET /adminfuns.php HTTP/1.1" 404 6980 "-" "Mozilla/5.0 (Windows NT 10.0; Win64; x64) AppleWebKit/537.36 (KHTML, like Gecko) Chrome/120.0.0.0 Safari/537.36"
20.193.68.41 - - [02/Mar/2026:12:13:59 -0500] "GET /wp-content/themes/admin.php HTTP/1.1" 404 6969 "-" "Mozilla/5.0 (Windows NT 10.0; Win64; x64) AppleWebKit/537.36 (KHTML, like Gecko) Chrome/120.0.0.0 Safari/537.36"
20.193.68.41 - - [02/Mar/2026:12:13:59 -0500] "GET /wp-includes/Requests/library/ HTTP/1.1" 404 6977 "-" "Mozilla/5.0 (Windows NT 10.0; Win64; x64) AppleWebKit/537.36 (KHTML, like Gecko) Chrome/120.0.0.0 Safari/537.36"
20.193.68.41 - - [02/Mar/2026:12:14:01 -0500] "GET /sf.php HTTP/1.1" 404 6969 "-" "Mozilla/5.0 (Windows NT 10.0; Win64; x64) AppleWebKit/537.36 (KHTML, like Gecko) Chrome/120.0.0.0 Safari/537.36"
20.193.68.41 - - [02/Mar/2026:12:14:02 -0500] "GET /bgymj.php HTTP/1.1" 404 6969 "-" "Mozilla/5.0 (Windows NT 10.0; Win64; x64) AppleWebKit/537.36 (KHTML, like Gecko) Chrome/120.0.0.0 Safari/537.36"
20.193.68.41 - - [02/Mar/2026:12:14:02 -0500] "GET /wp.php HTTP/1.1" 404 6977 "-" "Mozilla/5.0 (Windows NT 10.0; Win64; x64) AppleWebKit/537.36 (KHTML, like Gecko) Chrome/120.0.0.0 Safari/537.36"
20.193.68.41 - - [02/Mar/2026:12:14:03 -0500] "GET /wp-includes/Text/Diff/Engine/index.php HTTP/1.1" 301 0 "-" "Mozilla/5.0 (Windows NT 10.0; Win64; x64) AppleWebKit/537.36 (KHTML, like Gecko) Chrome/120.0.0.0 Safari/537.36"
20.193.68.41 - - [02/Mar/2026:12:14:06 -0500] "GET /wp-file.php HTTP/1.1" 404 6974 "-" "Mozilla/5.0 (Windows NT 10.0; Win64; x64) AppleWebKit/537.36 (KHTML, like Gecko) Chrome/120.0.0.0 Safari/537.36"
20.193.68.41 - - [02/Mar/2026:12:14:07 -0500] "GET /about.php HTTP/1.1" 404 6969 "-" "Mozilla/5.0 (Windows NT 10.0; Win64; x64) AppleWebKit/537.36 (KHTML, like Gecko) Chrome/120.0.0.0 Safari/537.36"
20.193.68.41 - - [02/Mar/2026:12:14:10 -0500] "GET /wp-admin/js/index.php HTTP/1.1" 301 0 "-" "Mozilla/5.0 (Windows NT 10.0; Win64; x64) AppleWebKit/537.36 (KHTML, like Gecko) Chrome/120.0.0.0 Safari/537.36"
20.193.68.41 - - [02/Mar/2026:12:14:10 -0500] "GET /wp-content/themes/index.php HTTP/1.1" 200 0 "-" "Mozilla/5.0 (Windows NT 10.0; Win64; x64) AppleWebKit/537.36 (KHTML, like Gecko) Chrome/120.0.0.0 Safari/537.36"
20.193.68.41 - - [02/Mar/2026:12:14:12 -0500] "GET /abcd.php HTTP/1.1" 404 6966 "-" "Mozilla/5.0 (Windows NT 10.0; Win64; x64) AppleWebKit/537.36 (KHTML, like Gecko) Chrome/120.0.0.0 Safari/537.36"
20.193.68.41 - - [02/Mar/2026:12:14:13 -0500] "GET /ioxi-o.php HTTP/1.1" 404 6961 "-" "Mozilla/5.0 (Windows NT 10.0; Win64; x64) AppleWebKit/537.36 (KHTML, like Gecko) Chrome/120.0.0.0 Safari/537.36"
20.193.68.41 - - [02/Mar/2026:12:14:15 -0500] "GET /wp-includes/IXR/index.php HTTP/1.1" 301 0 "-" "Mozilla/5.0 (Windows NT 10.0; Win64; x64) AppleWebKit/537.36 (KHTML, like Gecko) Chrome/120.0.0.0 Safari/537.36"
20.193.68.41 - - [02/Mar/2026:12:14:16 -0500] "GET /.well-known/ HTTP/1.1" 404 6975 "-" "Mozilla/5.0 (Windows NT 10.0; Win64; x64) AppleWebKit/537.36 (KHTML, like Gecko) Chrome/120.0.0.0 Safari/537.36"
20.193.68.41 - - [02/Mar/2026:12:14:17 -0500] "GET /file.php HTTP/1.1" 404 6967 "-" "Mozilla/5.0 (Windows NT 10.0; Win64; x64) AppleWebKit/537.36 (KHTML, like Gecko) Chrome/120.0.0.0 Safari/537.36"
162.213.253.84 - - [02/Mar/2026:12:14:18 -0500] "POST /wp-admin/admin-ajax.php?action=async_litespeed&nonce=1e5eaeec6d&litespeed_type=imgoptm HTTP/1.1" 200 0 "https://tejoversea.com/wp-admin/admin-ajax.php?action=async_litespeed&nonce=1e5eaeec6d&litespeed_type=imgoptm" "WordPress/6.0.2; https://tejoversea.com"
20.193.68.41 - - [02/Mar/2026:12:14:20 -0500] "GET /wp-content/uploads/ HTTP/1.1" 403 1242 "-" "Mozilla/5.0 (Windows NT 10.0; Win64; x64) AppleWebKit/537.36 (KHTML, like Gecko) Chrome/120.0.0.0 Safari/537.36"
20.193.68.41 - - [02/Mar/2026:12:14:21 -0500] "GET /166.php HTTP/1.1" 404 6969 "-" "Mozilla/5.0 (Windows NT 10.0; Win64; x64) AppleWebKit/537.36 (KHTML, like Gecko) Chrome/120.0.0.0 Safari/537.36"
20.193.68.41 - - [02/Mar/2026:12:14:22 -0500] "GET /dropdown.php HTTP/1.1" 404 6974 "-" "Mozilla/5.0 (Windows NT 10.0; Win64; x64) AppleWebKit/537.36 (KHTML, like Gecko) Chrome/120.0.0.0 Safari/537.36"
20.193.68.41 - - [02/Mar/2026:12:14:25 -0500] "GET /xmlrpc.php HTTP/1.1" 405 46 "-" "Mozilla/5.0 (Windows NT 10.0; Win64; x64) AppleWebKit/537.36 (KHTML, like Gecko) Chrome/120.0.0.0 Safari/537.36"
20.193.68.41 - - [02/Mar/2026:12:14:26 -0500] "GET /.well-known/acme-challenge/index.php HTTP/1.1" 301 0 "-" "Mozilla/5.0 (Windows NT 10.0; Win64; x64) AppleWebKit/537.36 (KHTML, like Gecko) Chrome/120.0.0.0 Safari/537.36"
20.193.68.41 - - [02/Mar/2026:12:14:27 -0500] "GET /24.php HTTP/1.1" 404 6968 "-" "Mozilla/5.0 (Windows NT 10.0; Win64; x64) AppleWebKit/537.36 (KHTML, like Gecko) Chrome/120.0.0.0 Safari/537.36"
20.193.68.41 - - [02/Mar/2026:12:14:31 -0500] "GET /wp-admin/includes/ HTTP/1.1" 403 1242 "-" "Mozilla/5.0 (Windows NT 10.0; Win64; x64) AppleWebKit/537.36 (KHTML, like Gecko) Chrome/120.0.0.0 Safari/537.36"
20.193.68.41 - - [02/Mar/2026:12:14:33 -0500] "GET /wp-content/wp-conflg.php HTTP/1.1" 404 6965 "-" "Mozilla/5.0 (Windows NT 10.0; Win64; x64) AppleWebKit/537.36 (KHTML, like Gecko) Chrome/120.0.0.0 Safari/537.36"
20.193.68.41 - - [02/Mar/2026:12:14:33 -0500] "GET /wp-includes/images/ HTTP/1.1" 403 1242 "-" "Mozilla/5.0 (Windows NT 10.0; Win64; x64) AppleWebKit/537.36 (KHTML, like Gecko) Chrome/120.0.0.0 Safari/537.36"
20.193.68.41 - - [02/Mar/2026:12:14:34 -0500] "GET /wp-includes/js/codemirror/about.php HTTP/1.1" 404 6976 "-" "Mozilla/5.0 (Windows NT 10.0; Win64; x64) AppleWebKit/537.36 (KHTML, like Gecko) Chrome/120.0.0.0 Safari/537.36"
20.193.68.41 - - [02/Mar/2026:12:14:34 -0500] "GET /aa.php HTTP/1.1" 404 6968 "-" "Mozilla/5.0 (Windows NT 10.0; Win64; x64) AppleWebKit/537.36 (KHTML, like Gecko) Chrome/120.0.0.0 Safari/537.36"
20.193.68.41 - - [02/Mar/2026:12:14:35 -0500] "GET /bless.php HTTP/1.1" 404 6970 "-" "Mozilla/5.0 (Windows NT 10.0; Win64; x64) AppleWebKit/537.36 (KHTML, like Gecko) Chrome/120.0.0.0 Safari/537.36"
20.193.68.41 - - [02/Mar/2026:12:14:37 -0500] "GET /css/autoload_classmap.php HTTP/1.1" 404 6970 "-" "Mozilla/5.0 (Windows NT 10.0; Win64; x64) AppleWebKit/537.36 (KHTML, like Gecko) Chrome/120.0.0.0 Safari/537.36"
20.193.68.41 - - [02/Mar/2026:12:14:38 -0500] "GET /index/function.php HTTP/1.1" 404 6973 "-" "Mozilla/5.0 (Windows NT 10.0; Win64; x64) AppleWebKit/537.36 (KHTML, like Gecko) Chrome/120.0.0.0 Safari/537.36"
20.193.68.41 - - [02/Mar/2026:12:14:40 -0500] "GET /themes.php HTTP/1.1" 404 6965 "-" "Mozilla/5.0 (Windows NT 10.0; Win64; x64) AppleWebKit/537.36 (KHTML, like Gecko) Chrome/120.0.0.0 Safari/537.36"
198.235.24.182 - - [02/Mar/2026:12:17:01 -0500] "GET / HTTP/1.1" 200 83595 "-" "Hello from Palo Alto Networks, find out more about our scans in https://docs-cortex.paloaltonetworks.com/r/1/Cortex-Xpanse/Scanning-activity"
20.193.68.41 - - [02/Mar/2026:12:14:20 -0500] "GET /wp-content/uploads/admin.php HTTP/1.1" 404 6974 "-" "Mozilla/5.0 (Windows NT 10.0; Win64; x64) AppleWebKit/537.36 (KHTML, like Gecko) Chrome/120.0.0.0 Safari/537.36"
20.193.68.41 - - [02/Mar/2026:12:14:23 -0500] "GET /wp-content/edit.php HTTP/1.1" 404 6962 "-" "Mozilla/5.0 (Windows NT 10.0; Win64; x64) AppleWebKit/537.36 (KHTML, like Gecko) Chrome/120.0.0.0 Safari/537.36"
20.193.68.41 - - [02/Mar/2026:12:14:23 -0500] "GET /wp-includes/images/crystal/ HTTP/1.1" 403 1242 "-" "Mozilla/5.0 (Windows NT 10.0; Win64; x64) AppleWebKit/537.36 (KHTML, like Gecko) Chrome/120.0.0.0 Safari/537.36"
20.193.68.41 - - [02/Mar/2026:12:14:24 -0500] "GET /wp-includes/js/jcrop/Jcrop.php HTTP/1.1" 404 6972 "-" "Mozilla/5.0 (Windows NT 10.0; Win64; x64) AppleWebKit/537.36 (KHTML, like Gecko) Chrome/120.0.0.0 Safari/537.36"
20.193.68.41 - - [02/Mar/2026:12:14:24 -0500] "GET /x.php HTTP/1.1" 404 6976 "-" "Mozilla/5.0 (Windows NT 10.0; Win64; x64) AppleWebKit/537.36 (KHTML, like Gecko) Chrome/120.0.0.0 Safari/537.36"
20.193.68.41 - - [02/Mar/2026:12:14:27 -0500] "GET /buy.php HTTP/1.1" 404 6967 "-" "Mozilla/5.0 (Windows NT 10.0; Win64; x64) AppleWebKit/537.36 (KHTML, like Gecko) Chrome/120.0.0.0 Safari/537.36"
20.193.68.41 - - [02/Mar/2026:12:14:28 -0500] "GET /test1.php HTTP/1.1" 404 6963 "-" "Mozilla/5.0 (Windows NT 10.0; Win64; x64) AppleWebKit/537.36 (KHTML, like Gecko) Chrome/120.0.0.0 Safari/537.36"
20.193.68.41 - - [02/Mar/2026:12:14:29 -0500] "GET /wp-admin/css/colors/about.php HTTP/1.1" 404 6979 "-" "Mozilla/5.0 (Windows NT 10.0; Win64; x64) AppleWebKit/537.36 (KHTML, like Gecko) Chrome/120.0.0.0 Safari/537.36"
20.193.68.41 - - [02/Mar/2026:12:14:30 -0500] "GET /wp-admin/css/colors/index.php HTTP/1.1" 301 0 "-" "Mozilla/5.0 (Windows NT 10.0; Win64; x64) AppleWebKit/537.36 (KHTML, like Gecko) Chrome/120.0.0.0 Safari/537.36"
20.193.68.41 - - [02/Mar/2026:12:14:31 -0500] "GET /wp-admin/maint/ HTTP/1.1" 403 1242 "-" "Mozilla/5.0 (Windows NT 10.0; Win64; x64) AppleWebKit/537.36 (KHTML, like Gecko) Chrome/120.0.0.0 Safari/537.36"
20.193.68.41 - - [02/Mar/2026:12:14:31 -0500] "GET /wp-admin/themes.php HTTP/1.1" 302 0 "-" "Mozilla/5.0 (Windows NT 10.0; Win64; x64) AppleWebKit/537.36 (KHTML, like Gecko) Chrome/120.0.0.0 Safari/537.36"
20.193.68.41 - - [02/Mar/2026:12:14:32 -0500] "GET /wp-content/admin-header.php HTTP/1.1" 404 6974 "-" "Mozilla/5.0 (Windows NT 10.0; Win64; x64) AppleWebKit/537.36 (KHTML, like Gecko) Chrome/120.0.0.0 Safari/537.36"
20.193.68.41 - - [02/Mar/2026:12:14:33 -0500] "GET /wp-content/uploads/2025/ HTTP/1.1" 403 1242 "-" "Mozilla/5.0 (Windows NT 10.0; Win64; x64) AppleWebKit/537.36 (KHTML, like Gecko) Chrome/120.0.0.0 Safari/537.36"
20.193.68.41 - - [02/Mar/2026:12:14:36 -0500] "GET /content.php HTTP/1.1" 404 6970 "-" "Mozilla/5.0 (Windows NT 10.0; Win64; x64) AppleWebKit/537.36 (KHTML, like Gecko) Chrome/120.0.0.0 Safari/537.36"
20.193.68.41 - - [02/Mar/2026:12:14:38 -0500] "GET /images/index.php HTTP/1.1" 301 0 "-" "Mozilla/5.0 (Windows NT 10.0; Win64; x64) AppleWebKit/537.36 (KHTML, like Gecko) Chrome/120.0.0.0 Safari/537.36"
20.193.68.41 - - [02/Mar/2026:12:14:39 -0500] "GET /rip.php HTTP/1.1" 404 6969 "-" "Mozilla/5.0 (Windows NT 10.0; Win64; x64) AppleWebKit/537.36 (KHTML, like Gecko) Chrome/120.0.0.0 Safari/537.36"
47.79.51.109 - - [02/Mar/2026:12:18:08 -0500] "GET /service/office-moving-shifting/ HTTP/1.1" 200 12583 "-" "Mozilla/5.0 (Macintosh; Intel Mac OS X 10_15_7) AppleWebKit/537.36 (KHTML, like Gecko) Chrome/141.0.0.0 Safari/537.36"
40.85.218.182 - - [02/Mar/2026:12:19:07 -0500] "GET /wk/index.php HTTP/1.1" 301 0 "-" "Mozilla/5.0 (Windows NT 10.0; Win64; x64) AppleWebKit/537.36 (KHTML, like Gecko) Chrome/120.0.0.0 Safari/537.36"
40.85.218.182 - - [02/Mar/2026:12:19:07 -0500] "GET /inputs.php HTTP/1.1" 404 6966 "-" "Mozilla/5.0 (Windows NT 10.0; Win64; x64) AppleWebKit/537.36 (KHTML, like Gecko) Chrome/120.0.0.0 Safari/537.36"
40.85.218.182 - - [02/Mar/2026:12:19:09 -0500] "GET /ioxi-o.php HTTP/1.1" 404 6961 "-" "Mozilla/5.0 (Windows NT 10.0; Win64; x64) AppleWebKit/537.36 (KHTML, like Gecko) Chrome/120.0.0.0 Safari/537.36"
162.213.253.84 - - [02/Mar/2026:12:19:09 -0500] "POST /wp-admin/admin-ajax.php?action=async_litespeed&nonce=1e5eaeec6d&litespeed_type=imgoptm HTTP/1.1" 200 0 "https://tejoversea.com/wp-admin/admin-ajax.php?action=async_litespeed&nonce=1e5eaeec6d&litespeed_type=imgoptm" "WordPress/6.0.2; https://tejoversea.com"
40.85.218.182 - - [02/Mar/2026:12:19:09 -0500] "GET /function/function.php HTTP/1.1" 404 6972 "-" "Mozilla/5.0 (Windows NT 10.0; Win64; x64) AppleWebKit/537.36 (KHTML, like Gecko) Chrome/120.0.0.0 Safari/537.36"
40.85.218.182 - - [02/Mar/2026:12:19:11 -0500] "GET /themes.php HTTP/1.1" 404 6965 "-" "Mozilla/5.0 (Windows NT 10.0; Win64; x64) AppleWebKit/537.36 (KHTML, like Gecko) Chrome/120.0.0.0 Safari/537.36"
40.85.218.182 - - [02/Mar/2026:12:19:11 -0500] "GET /an.php HTTP/1.1" 404 6968 "-" "Mozilla/5.0 (Windows NT 10.0; Win64; x64) AppleWebKit/537.36 (KHTML, like Gecko) Chrome/120.0.0.0 Safari/537.36"
40.85.218.182 - - [02/Mar/2026:12:19:12 -0500] "GET /index/function.php HTTP/1.1" 404 6973 "-" "Mozilla/5.0 (Windows NT 10.0; Win64; x64) AppleWebKit/537.36 (KHTML, like Gecko) Chrome/120.0.0.0 Safari/537.36"
40.85.218.182 - - [02/Mar/2026:12:19:13 -0500] "GET /ws.php HTTP/1.1" 404 6967 "-" "Mozilla/5.0 (Windows NT 10.0; Win64; x64) AppleWebKit/537.36 (KHTML, like Gecko) Chrome/120.0.0.0 Safari/537.36"
40.85.218.182 - - [02/Mar/2026:12:19:14 -0500] "GET /404.php HTTP/1.1" 404 6969 "-" "Mozilla/5.0 (Windows NT 10.0; Win64; x64) AppleWebKit/537.36 (KHTML, like Gecko) Chrome/120.0.0.0 Safari/537.36"
40.85.218.182 - - [02/Mar/2026:12:19:16 -0500] "GET /wp-conf.php HTTP/1.1" 404 6969 "-" "Mozilla/5.0 (Windows NT 10.0; Win64; x64) AppleWebKit/537.36 (KHTML, like Gecko) Chrome/120.0.0.0 Safari/537.36"
40.85.218.182 - - [02/Mar/2026:12:19:16 -0500] "GET /wp-content/themes/hideo/network.php HTTP/1.1" 404 6980 "-" "Mozilla/5.0 (Windows NT 10.0; Win64; x64) AppleWebKit/537.36 (KHTML, like Gecko) Chrome/120.0.0.0 Safari/537.36"
40.85.218.182 - - [02/Mar/2026:12:19:19 -0500] "GET /wp-trackback.php HTTP/1.1" 404 91 "-" "Mozilla/5.0 (Windows NT 10.0; Win64; x64) AppleWebKit/537.36 (KHTML, like Gecko) Chrome/120.0.0.0 Safari/537.36"
40.85.218.182 - - [02/Mar/2026:12:19:20 -0500] "GET /about.php HTTP/1.1" 404 6969 "-" "Mozilla/5.0 (Windows NT 10.0; Win64; x64) AppleWebKit/537.36 (KHTML, like Gecko) Chrome/120.0.0.0 Safari/537.36"
40.85.218.182 - - [02/Mar/2026:12:19:20 -0500] "GET /adminfuns.php HTTP/1.1" 404 6980 "-" "Mozilla/5.0 (Windows NT 10.0; Win64; x64) AppleWebKit/537.36 (KHTML, like Gecko) Chrome/120.0.0.0 Safari/537.36"
40.85.218.182 - - [02/Mar/2026:12:19:20 -0500] "GET /wp-good.php HTTP/1.1" 404 6974 "-" "Mozilla/5.0 (Windows NT 10.0; Win64; x64) AppleWebKit/537.36 (KHTML, like Gecko) Chrome/120.0.0.0 Safari/537.36"
40.85.218.182 - - [02/Mar/2026:12:19:21 -0500] "GET /goods.php HTTP/1.1" 404 6970 "-" "Mozilla/5.0 (Windows NT 10.0; Win64; x64) AppleWebKit/537.36 (KHTML, like Gecko) Chrome/120.0.0.0 Safari/537.36"
40.85.218.182 - - [02/Mar/2026:12:19:22 -0500] "GET /sf.php HTTP/1.1" 404 6969 "-" "Mozilla/5.0 (Windows NT 10.0; Win64; x64) AppleWebKit/537.36 (KHTML, like Gecko) Chrome/120.0.0.0 Safari/537.36"
162.213.253.84 - - [02/Mar/2026:12:19:07 -0500] "POST /wp-cron.php?doing_wp_cron=1772471947.9664249420166015625000 HTTP/1.1" 200 0 "https://tejoversea.com/wp-cron.php?doing_wp_cron=1772471947.9664249420166015625000" "WordPress/6.0.2; https://tejoversea.com"
40.85.218.182 - - [02/Mar/2026:12:19:10 -0500] "GET /rip.php HTTP/1.1" 404 6969 "-" "Mozilla/5.0 (Windows NT 10.0; Win64; x64) AppleWebKit/537.36 (KHTML, like Gecko) Chrome/120.0.0.0 Safari/537.36"
40.85.218.182 - - [02/Mar/2026:12:19:10 -0500] "GET /admin.php HTTP/1.1" 404 6973 "-" "Mozilla/5.0 (Windows NT 10.0; Win64; x64) AppleWebKit/537.36 (KHTML, like Gecko) Chrome/120.0.0.0 Safari/537.36"
40.85.218.182 - - [02/Mar/2026:12:19:10 -0500] "GET /wp-content/uploads/index.php HTTP/1.1" 301 0 "-" "Mozilla/5.0 (Windows NT 10.0; Win64; x64) AppleWebKit/537.36 (KHTML, like Gecko) Chrome/120.0.0.0 Safari/537.36"
162.213.253.84 - - [02/Mar/2026:12:19:11 -0500] "POST /wp-cron.php?doing_wp_cron=1772471951.0013849735260009765625 HTTP/1.1" 200 0 "https://tejoversea.com/wp-cron.php?doing_wp_cron=1772471951.0013849735260009765625" "WordPress/6.0.2; https://tejoversea.com"
40.85.218.182 - - [02/Mar/2026:12:19:10 -0500] "GET /cache.php HTTP/1.1" 404 6970 "-" "Mozilla/5.0 (Windows NT 10.0; Win64; x64) AppleWebKit/537.36 (KHTML, like Gecko) Chrome/120.0.0.0 Safari/537.36"
40.85.218.182 - - [02/Mar/2026:12:19:12 -0500] "GET /randkeyword.PhP7 HTTP/1.1" 404 6971 "-" "Mozilla/5.0 (Windows NT 10.0; Win64; x64) AppleWebKit/537.36 (KHTML, like Gecko) Chrome/120.0.0.0 Safari/537.36"
40.85.218.182 - - [02/Mar/2026:12:19:14 -0500] "GET /wp-admin/user/index.php HTTP/1.1" 302 0 "-" "Mozilla/5.0 (Windows NT 10.0; Win64; x64) AppleWebKit/537.36 (KHTML, like Gecko) Chrome/120.0.0.0 Safari/537.36"
40.85.218.182 - - [02/Mar/2026:12:19:17 -0500] "GET /wp-login.php HTTP/1.1" 200 2029 "-" "Mozilla/5.0 (Windows NT 10.0; Win64; x64) AppleWebKit/537.36 (KHTML, like Gecko) Chrome/120.0.0.0 Safari/537.36"
162.213.253.84 - - [02/Mar/2026:12:19:18 -0500] "POST /wp-cron.php?doing_wp_cron=1772471958.0573890209197998046875 HTTP/1.1" 200 0 "https://tejoversea.com/wp-cron.php?doing_wp_cron=1772471958.0573890209197998046875" "WordPress/6.0.2; https://tejoversea.com"
40.85.218.182 - - [02/Mar/2026:12:19:17 -0500] "GET /abc.php HTTP/1.1" 404 6976 "-" "Mozilla/5.0 (Windows NT 10.0; Win64; x64) AppleWebKit/537.36 (KHTML, like Gecko) Chrome/120.0.0.0 Safari/537.36"
40.85.218.182 - - [02/Mar/2026:12:19:19 -0500] "GET /abcd.php HTTP/1.1" 404 6966 "-" "Mozilla/5.0 (Windows NT 10.0; Win64; x64) AppleWebKit/537.36 (KHTML, like Gecko) Chrome/120.0.0.0 Safari/537.36"
40.85.218.182 - - [02/Mar/2026:12:19:19 -0500] "GET /as.php HTTP/1.1" 404 6969 "-" "Mozilla/5.0 (Windows NT 10.0; Win64; x64) AppleWebKit/537.36 (KHTML, like Gecko) Chrome/120.0.0.0 Safari/537.36"
162.213.253.84 - - [02/Mar/2026:12:19:18 -0500] "POST /wp-admin/admin-ajax.php?action=async_litespeed&nonce=1e5eaeec6d&litespeed_type=imgoptm HTTP/1.1" 200 0 "https://tejoversea.com/wp-admin/admin-ajax.php?action=async_litespeed&nonce=1e5eaeec6d&litespeed_type=imgoptm" "WordPress/6.0.2; https://tejoversea.com"
40.85.218.182 - - [02/Mar/2026:12:19:20 -0500] "GET /file.php HTTP/1.1" 404 6967 "-" "Mozilla/5.0 (Windows NT 10.0; Win64; x64) AppleWebKit/537.36 (KHTML, like Gecko) Chrome/120.0.0.0 Safari/537.36"
40.85.218.182 - - [02/Mar/2026:12:19:20 -0500] "GET /xmlrpc.php HTTP/1.1" 405 46 "-" "Mozilla/5.0 (Windows NT 10.0; Win64; x64) AppleWebKit/537.36 (KHTML, like Gecko) Chrome/120.0.0.0 Safari/537.36"
40.85.218.182 - - [02/Mar/2026:12:19:22 -0500] "GET /class-t.api.php HTTP/1.1" 404 6971 "-" "Mozilla/5.0 (Windows NT 10.0; Win64; x64) AppleWebKit/537.36 (KHTML, like Gecko) Chrome/120.0.0.0 Safari/537.36"
40.85.218.182 - - [02/Mar/2026:12:19:23 -0500] "GET /autoload_classmap.php HTTP/1.1" 404 6969 "-" "Mozilla/5.0 (Windows NT 10.0; Win64; x64) AppleWebKit/537.36 (KHTML, like Gecko) Chrome/120.0.0.0 Safari/537.36"
40.85.218.182 - - [02/Mar/2026:12:19:22 -0500] "GET /kbfr.php HTTP/1.1" 404 6966 "-" "Mozilla/5.0 (Windows NT 10.0; Win64; x64) AppleWebKit/537.36 (KHTML, like Gecko) Chrome/120.0.0.0 Safari/537.36"
40.85.218.182 - - [02/Mar/2026:12:19:24 -0500] "GET /chosen.php?p= HTTP/1.1" 301 0 "-" "Mozilla/5.0 (Windows NT 10.0; Win64; x64) AppleWebKit/537.36 (KHTML, like Gecko) Chrome/120.0.0.0 Safari/537.36"
40.85.218.182 - - [02/Mar/2026:12:19:26 -0500] "GET /.well-known/ HTTP/1.1" 404 6975 "-" "Mozilla/5.0 (Windows NT 10.0; Win64; x64) AppleWebKit/537.36 (KHTML, like Gecko) Chrome/120.0.0.0 Safari/537.36"
40.85.218.182 - - [02/Mar/2026:12:19:27 -0500] "GET /uploads/ HTTP/1.1" 404 6975 "-" "Mozilla/5.0 (Windows NT 10.0; Win64; x64) AppleWebKit/537.36 (KHTML, like Gecko) Chrome/120.0.0.0 Safari/537.36"
40.85.218.182 - - [02/Mar/2026:12:19:28 -0500] "GET /wp-includes/Requests/src/Response/about.php HTTP/1.1" 404 6985 "-" "Mozilla/5.0 (Windows NT 10.0; Win64; x64) AppleWebKit/537.36 (KHTML, like Gecko) Chrome/120.0.0.0 Safari/537.36"
40.85.218.182 - - [02/Mar/2026:12:19:29 -0500] "GET /wp-admin/css/colors/ectoplasm/ HTTP/1.1" 403 1242 "-" "Mozilla/5.0 (Windows NT 10.0; Win64; x64) AppleWebKit/537.36 (KHTML, like Gecko) Chrome/120.0.0.0 Safari/537.36"
40.85.218.182 - - [02/Mar/2026:12:19:29 -0500] "GET /wp-content/uploads/ HTTP/1.1" 403 1242 "-" "Mozilla/5.0 (Windows NT 10.0; Win64; x64) AppleWebKit/537.36 (KHTML, like Gecko) Chrome/120.0.0.0 Safari/537.36"
40.85.218.182 - - [02/Mar/2026:12:19:29 -0500] "GET /wp-content/themes/admin.php HTTP/1.1" 404 6969 "-" "Mozilla/5.0 (Windows NT 10.0; Win64; x64) AppleWebKit/537.36 (KHTML, like Gecko) Chrome/120.0.0.0 Safari/537.36"
40.85.218.182 - - [02/Mar/2026:12:19:29 -0500] "GET /wp-includes/PHPMailer/ HTTP/1.1" 403 1242 "-" "Mozilla/5.0 (Windows NT 10.0; Win64; x64) AppleWebKit/537.36 (KHTML, like Gecko) Chrome/120.0.0.0 Safari/537.36"
40.85.218.182 - - [02/Mar/2026:12:19:30 -0500] "GET /wp-includes/images/ HTTP/1.1" 403 1242 "-" "Mozilla/5.0 (Windows NT 10.0; Win64; x64) AppleWebKit/537.36 (KHTML, like Gecko) Chrome/120.0.0.0 Safari/537.36"
40.85.218.182 - - [02/Mar/2026:12:19:24 -0500] "GET /classwithtostring.php HTTP/1.1" 404 6969 "-" "Mozilla/5.0 (Windows NT 10.0; Win64; x64) AppleWebKit/537.36 (KHTML, like Gecko) Chrome/120.0.0.0 Safari/537.36"
40.85.218.182 - - [02/Mar/2026:12:19:25 -0500] "GET /defaults.php HTTP/1.1" 404 6972 "-" "Mozilla/5.0 (Windows NT 10.0; Win64; x64) AppleWebKit/537.36 (KHTML, like Gecko) Chrome/120.0.0.0 Safari/537.36"
40.85.218.182 - - [02/Mar/2026:12:19:26 -0500] "GET /wp-includes/ HTTP/1.1" 403 1242 "-" "Mozilla/5.0 (Windows NT 10.0; Win64; x64) AppleWebKit/537.36 (KHTML, like Gecko) Chrome/120.0.0.0 Safari/537.36"
40.85.218.182 - - [02/Mar/2026:12:19:26 -0500] "GET /info.php HTTP/1.1" 404 6966 "-" "Mozilla/5.0 (Windows NT 10.0; Win64; x64) AppleWebKit/537.36 (KHTML, like Gecko) Chrome/120.0.0.0 Safari/537.36"
40.85.218.182 - - [02/Mar/2026:12:19:27 -0500] "GET /cgi-bin/ HTTP/1.1" 403 1242 "-" "Mozilla/5.0 (Windows NT 10.0; Win64; x64) AppleWebKit/537.36 (KHTML, like Gecko) Chrome/120.0.0.0 Safari/537.36"
40.85.218.182 - - [02/Mar/2026:12:19:27 -0500] "GET /wp-admin/images/ HTTP/1.1" 403 1242 "-" "Mozilla/5.0 (Windows NT 10.0; Win64; x64) AppleWebKit/537.36 (KHTML, like Gecko) Chrome/120.0.0.0 Safari/537.36"
40.85.218.182 - - [02/Mar/2026:12:19:28 -0500] "GET /wp-includes/html-api/ HTTP/1.1" 404 6965 "-" "Mozilla/5.0 (Windows NT 10.0; Win64; x64) AppleWebKit/537.36 (KHTML, like Gecko) Chrome/120.0.0.0 Safari/537.36"
40.85.218.182 - - [02/Mar/2026:12:19:29 -0500] "GET /wp-content/admin.php HTTP/1.1" 404 6968 "-" "Mozilla/5.0 (Windows NT 10.0; Win64; x64) AppleWebKit/537.36 (KHTML, like Gecko) Chrome/120.0.0.0 Safari/537.36"
40.85.218.182 - - [02/Mar/2026:12:19:29 -0500] "GET /wp-content/themes/index.php HTTP/1.1" 200 0 "-" "Mozilla/5.0 (Windows NT 10.0; Win64; x64) AppleWebKit/537.36 (KHTML, like Gecko) Chrome/120.0.0.0 Safari/537.36"
40.85.218.182 - - [02/Mar/2026:12:19:29 -0500] "GET /wp-content/plugins/index.php HTTP/1.1" 200 0 "-" "Mozilla/5.0 (Windows NT 10.0; Win64; x64) AppleWebKit/537.36 (KHTML, like Gecko) Chrome/120.0.0.0 Safari/537.36"
40.85.218.182 - - [02/Mar/2026:12:19:30 -0500] "GET /wp-content/plugins/WordPressCore/ HTTP/1.1" 404 6976 "-" "Mozilla/5.0 (Windows NT 10.0; Win64; x64) AppleWebKit/537.36 (KHTML, like Gecko) Chrome/120.0.0.0 Safari/537.36"
43.173.178.94 - - [02/Mar/2026:13:09:49 -0500] "GET / HTTP/1.1" 200 19167 "-" "Mozilla/5.0 (Windows NT 10.0; Win64; x64) AppleWebKit/537.36 (KHTML, like Gecko) Chrome/131.0.0.0 Safari/537.36"
43.173.172.82 - - [02/Mar/2026:13:10:03 -0500] "GET /wp-json/contact-form-7/v1/contact-forms/130/feedback/schema HTTP/1.1" 200 549 "https://tejoversea.com/" "Mozilla/5.0 (Windows NT 10.0; Win64; x64) AppleWebKit/537.36 (KHTML, like Gecko) Chrome/131.0.0.0 Safari/537.36"
43.173.182.47 - - [02/Mar/2026:13:10:05 -0500] "GET /wp-json/contact-form-7/v1/contact-forms/130/refill HTTP/1.1" 200 2 "https://tejoversea.com/" "Mozilla/5.0 (Windows NT 10.0; Win64; x64) AppleWebKit/537.36 (KHTML, like Gecko) Chrome/131.0.0.0 Safari/537.36"
162.213.253.84 - - [02/Mar/2026:13:42:09 -0500] "POST /wp-cron.php?doing_wp_cron=1772476929.4957950115203857421875 HTTP/1.1" 200 0 "https://tejoversea.com/wp-cron.php?doing_wp_cron=1772476929.4957950115203857421875" "WordPress/6.0.2; https://tejoversea.com"
162.213.253.84 - - [02/Mar/2026:13:42:10 -0500] "POST /wp-admin/admin-ajax.php?action=async_litespeed&nonce=1e5eaeec6d&litespeed_type=imgoptm HTTP/1.1" 200 0 "https://tejoversea.com/wp-admin/admin-ajax.php?action=async_litespeed&nonce=1e5eaeec6d&litespeed_type=imgoptm" "WordPress/6.0.2; https://tejoversea.com"
162.213.253.84 - - [02/Mar/2026:13:42:11 -0500] "GET / HTTP/1.1" 200 19174 "https://tejoversea.com/" "WordPress/6.0.2; https://tejoversea.com"
40.80.89.74 - - [02/Mar/2026:13:42:10 -0500] "GET /inputs.php HTTP/1.1" 404 6967 "-" "Mozilla/5.0 (Windows NT 10.0; Win64; x64) AppleWebKit/537.36 (KHTML, like Gecko) Chrome/120.0.0.0 Safari/537.36"
40.80.89.74 - - [02/Mar/2026:13:42:11 -0500] "GET /ioxi-o.php HTTP/1.1" 404 6966 "-" "Mozilla/5.0 (Windows NT 10.0; Win64; x64) AppleWebKit/537.36 (KHTML, like Gecko) Chrome/120.0.0.0 Safari/537.36"
40.80.89.74 - - [02/Mar/2026:13:42:16 -0500] "GET /wp-content/uploads/index.php HTTP/1.1" 301 0 "-" "Mozilla/5.0 (Windows NT 10.0; Win64; x64) AppleWebKit/537.36 (KHTML, like Gecko) Chrome/120.0.0.0 Safari/537.36"
40.80.89.74 - - [02/Mar/2026:13:42:17 -0500] "GET /cache.php HTTP/1.1" 404 6968 "-" "Mozilla/5.0 (Windows NT 10.0; Win64; x64) AppleWebKit/537.36 (KHTML, like Gecko) Chrome/120.0.0.0 Safari/537.36"
162.213.253.84 - - [02/Mar/2026:13:42:19 -0500] "POST /wp-admin/admin-ajax.php?action=async_litespeed&nonce=1e5eaeec6d&litespeed_type=imgoptm HTTP/1.1" 200 0 "https://tejoversea.com/wp-admin/admin-ajax.php?action=async_litespeed&nonce=1e5eaeec6d&litespeed_type=imgoptm" "WordPress/6.0.2; https://tejoversea.com"
40.80.89.74 - - [02/Mar/2026:13:42:20 -0500] "GET /an.php HTTP/1.1" 404 6968 "-" "Mozilla/5.0 (Windows NT 10.0; Win64; x64) AppleWebKit/537.36 (KHTML, like Gecko) Chrome/120.0.0.0 Safari/537.36"
40.80.89.74 - - [02/Mar/2026:13:42:24 -0500] "GET /404.php HTTP/1.1" 404 6969 "-" "Mozilla/5.0 (Windows NT 10.0; Win64; x64) AppleWebKit/537.36 (KHTML, like Gecko) Chrome/120.0.0.0 Safari/537.36"
40.80.89.74 - - [02/Mar/2026:13:42:27 -0500] "GET /wp-content/themes/hideo/network.php HTTP/1.1" 404 6978 "-" "Mozilla/5.0 (Windows NT 10.0; Win64; x64) AppleWebKit/537.36 (KHTML, like Gecko) Chrome/120.0.0.0 Safari/537.36"
40.80.89.74 - - [02/Mar/2026:13:42:29 -0500] "GET /as.php HTTP/1.1" 404 6965 "-" "Mozilla/5.0 (Windows NT 10.0; Win64; x64) AppleWebKit/537.36 (KHTML, like Gecko) Chrome/120.0.0.0 Safari/537.36"
40.80.89.74 - - [02/Mar/2026:13:42:31 -0500] "GET /about.php HTTP/1.1" 404 6970 "-" "Mozilla/5.0 (Windows NT 10.0; Win64; x64) AppleWebKit/537.36 (KHTML, like Gecko) Chrome/120.0.0.0 Safari/537.36"
40.80.89.74 - - [02/Mar/2026:13:42:33 -0500] "GET /adminfuns.php HTTP/1.1" 404 6976 "-" "Mozilla/5.0 (Windows NT 10.0; Win64; x64) AppleWebKit/537.36 (KHTML, like Gecko) Chrome/120.0.0.0 Safari/537.36"
40.80.89.74 - - [02/Mar/2026:13:42:34 -0500] "GET /wp-good.php HTTP/1.1" 404 6966 "-" "Mozilla/5.0 (Windows NT 10.0; Win64; x64) AppleWebKit/537.36 (KHTML, like Gecko) Chrome/120.0.0.0 Safari/537.36"
40.80.89.74 - - [02/Mar/2026:13:42:35 -0500] "GET /goods.php HTTP/1.1" 404 6963 "-" "Mozilla/5.0 (Windows NT 10.0; Win64; x64) AppleWebKit/537.36 (KHTML, like Gecko) Chrome/120.0.0.0 Safari/537.36"
40.80.89.74 - - [02/Mar/2026:13:42:36 -0500] "GET /class-t.api.php HTTP/1.1" 404 6969 "-" "Mozilla/5.0 (Windows NT 10.0; Win64; x64) AppleWebKit/537.36 (KHTML, like Gecko) Chrome/120.0.0.0 Safari/537.36"
40.80.89.74 - - [02/Mar/2026:13:42:37 -0500] "GET /sf.php HTTP/1.1" 404 6966 "-" "Mozilla/5.0 (Windows NT 10.0; Win64; x64) AppleWebKit/537.36 (KHTML, like Gecko) Chrome/120.0.0.0 Safari/537.36"
40.80.89.74 - - [02/Mar/2026:13:42:38 -0500] "GET /kbfr.php HTTP/1.1" 404 6965 "-" "Mozilla/5.0 (Windows NT 10.0; Win64; x64) AppleWebKit/537.36 (KHTML, like Gecko) Chrome/120.0.0.0 Safari/537.36"
40.80.89.74 - - [02/Mar/2026:13:42:08 -0500] "GET /wk/index.php HTTP/1.1" 301 0 "-" "Mozilla/5.0 (Windows NT 10.0; Win64; x64) AppleWebKit/537.36 (KHTML, like Gecko) Chrome/120.0.0.0 Safari/537.36"
162.213.253.84 - - [02/Mar/2026:13:42:13 -0500] "POST /wp-cron.php?doing_wp_cron=1772476933.5170829296112060546875 HTTP/1.1" 200 0 "https://tejoversea.com/wp-cron.php?doing_wp_cron=1772476933.5170829296112060546875" "WordPress/6.0.2; https://tejoversea.com"
40.80.89.74 - - [02/Mar/2026:13:42:12 -0500] "GET /function/function.php HTTP/1.1" 404 6972 "-" "Mozilla/5.0 (Windows NT 10.0; Win64; x64) AppleWebKit/537.36 (KHTML, like Gecko) Chrome/120.0.0.0 Safari/537.36"
40.80.89.74 - - [02/Mar/2026:13:42:14 -0500] "GET /rip.php HTTP/1.1" 404 6969 "-" "Mozilla/5.0 (Windows NT 10.0; Win64; x64) AppleWebKit/537.36 (KHTML, like Gecko) Chrome/120.0.0.0 Safari/537.36"
40.80.89.74 - - [02/Mar/2026:13:42:15 -0500] "GET /admin.php HTTP/1.1" 404 6971 "-" "Mozilla/5.0 (Windows NT 10.0; Win64; x64) AppleWebKit/537.36 (KHTML, like Gecko) Chrome/120.0.0.0 Safari/537.36"
162.213.253.84 - - [02/Mar/2026:13:42:18 -0500] "POST /wp-cron.php?doing_wp_cron=1772476938.7690019607543945312500 HTTP/1.1" 200 0 "https://tejoversea.com/wp-cron.php?doing_wp_cron=1772476938.7690019607543945312500" "WordPress/6.0.2; https://tejoversea.com"
40.80.89.74 - - [02/Mar/2026:13:42:18 -0500] "GET /themes.php HTTP/1.1" 404 6965 "-" "Mozilla/5.0 (Windows NT 10.0; Win64; x64) AppleWebKit/537.36 (KHTML, like Gecko) Chrome/120.0.0.0 Safari/537.36"
40.80.89.74 - - [02/Mar/2026:13:42:21 -0500] "GET /index/function.php HTTP/1.1" 404 6972 "-" "Mozilla/5.0 (Windows NT 10.0; Win64; x64) AppleWebKit/537.36 (KHTML, like Gecko) Chrome/120.0.0.0 Safari/537.36"
40.80.89.74 - - [02/Mar/2026:13:42:22 -0500] "GET /randkeyword.PhP7 HTTP/1.1" 404 6968 "-" "Mozilla/5.0 (Windows NT 10.0; Win64; x64) AppleWebKit/537.36 (KHTML, like Gecko) Chrome/120.0.0.0 Safari/537.36"
40.80.89.74 - - [02/Mar/2026:13:42:23 -0500] "GET /ws.php HTTP/1.1" 404 6966 "-" "Mozilla/5.0 (Windows NT 10.0; Win64; x64) AppleWebKit/537.36 (KHTML, like Gecko) Chrome/120.0.0.0 Safari/537.36"
40.80.89.74 - - [02/Mar/2026:13:42:25 -0500] "GET /wp-admin/user/index.php HTTP/1.1" 302 0 "-" "Mozilla/5.0 (Windows NT 10.0; Win64; x64) AppleWebKit/537.36 (KHTML, like Gecko) Chrome/120.0.0.0 Safari/537.36"
40.80.89.74 - - [02/Mar/2026:13:42:26 -0500] "GET /wp-conf.php HTTP/1.1" 404 6969 "-" "Mozilla/5.0 (Windows NT 10.0; Win64; x64) AppleWebKit/537.36 (KHTML, like Gecko) Chrome/120.0.0.0 Safari/537.36"
40.80.89.74 - - [02/Mar/2026:13:42:27 -0500] "GET /wp-login.php HTTP/1.1" 200 2029 "-" "Mozilla/5.0 (Windows NT 10.0; Win64; x64) AppleWebKit/537.36 (KHTML, like Gecko) Chrome/120.0.0.0 Safari/537.36"
40.80.89.74 - - [02/Mar/2026:13:42:28 -0500] "GET /abc.php HTTP/1.1" 404 6976 "-" "Mozilla/5.0 (Windows NT 10.0; Win64; x64) AppleWebKit/537.36 (KHTML, like Gecko) Chrome/120.0.0.0 Safari/537.36"
40.80.89.74 - - [02/Mar/2026:13:42:29 -0500] "GET /abcd.php HTTP/1.1" 404 6966 "-" "Mozilla/5.0 (Windows NT 10.0; Win64; x64) AppleWebKit/537.36 (KHTML, like Gecko) Chrome/120.0.0.0 Safari/537.36"
40.80.89.74 - - [02/Mar/2026:13:42:30 -0500] "GET /wp-trackback.php HTTP/1.1" 404 91 "-" "Mozilla/5.0 (Windows NT 10.0; Win64; x64) AppleWebKit/537.36 (KHTML, like Gecko) Chrome/120.0.0.0 Safari/537.36"
40.80.89.74 - - [02/Mar/2026:13:42:32 -0500] "GET /file.php HTTP/1.1" 404 6964 "-" "Mozilla/5.0 (Windows NT 10.0; Win64; x64) AppleWebKit/537.36 (KHTML, like Gecko) Chrome/120.0.0.0 Safari/537.36"
40.80.89.74 - - [02/Mar/2026:13:42:35 -0500] "GET /xmlrpc.php HTTP/1.1" 405 46 "-" "Mozilla/5.0 (Windows NT 10.0; Win64; x64) AppleWebKit/537.36 (KHTML, like Gecko) Chrome/120.0.0.0 Safari/537.36"
40.80.89.74 - - [02/Mar/2026:13:42:41 -0500] "GET /classwithtostring.php HTTP/1.1" 404 6967 "-" "Mozilla/5.0 (Windows NT 10.0; Win64; x64) AppleWebKit/537.36 (KHTML, like Gecko) Chrome/120.0.0.0 Safari/537.36"
40.80.89.74 - - [02/Mar/2026:13:42:42 -0500] "GET /defaults.php HTTP/1.1" 404 6973 "-" "Mozilla/5.0 (Windows NT 10.0; Win64; x64) AppleWebKit/537.36 (KHTML, like Gecko) Chrome/120.0.0.0 Safari/537.36"
40.80.89.74 - - [02/Mar/2026:13:42:42 -0500] "GET /wp-includes/ HTTP/1.1" 403 1242 "-" "Mozilla/5.0 (Windows NT 10.0; Win64; x64) AppleWebKit/537.36 (KHTML, like Gecko) Chrome/120.0.0.0 Safari/537.36"
40.80.89.74 - - [02/Mar/2026:13:42:43 -0500] "GET /.well-known/ HTTP/1.1" 404 6969 "-" "Mozilla/5.0 (Windows NT 10.0; Win64; x64) AppleWebKit/537.36 (KHTML, like Gecko) Chrome/120.0.0.0 Safari/537.36"
40.80.89.74 - - [02/Mar/2026:13:42:44 -0500] "GET /info.php HTTP/1.1" 404 6964 "-" "Mozilla/5.0 (Windows NT 10.0; Win64; x64) AppleWebKit/537.36 (KHTML, like Gecko) Chrome/120.0.0.0 Safari/537.36"
40.80.89.74 - - [02/Mar/2026:13:42:44 -0500] "GET /cgi-bin/ HTTP/1.1" 403 1242 "-" "Mozilla/5.0 (Windows NT 10.0; Win64; x64) AppleWebKit/537.36 (KHTML, like Gecko) Chrome/120.0.0.0 Safari/537.36"
40.80.89.74 - - [02/Mar/2026:13:42:45 -0500] "GET /uploads/ HTTP/1.1" 404 6973 "-" "Mozilla/5.0 (Windows NT 10.0; Win64; x64) AppleWebKit/537.36 (KHTML, like Gecko) Chrome/120.0.0.0 Safari/537.36"
40.80.89.74 - - [02/Mar/2026:13:42:46 -0500] "GET /wp-admin/images/ HTTP/1.1" 403 1242 "-" "Mozilla/5.0 (Windows NT 10.0; Win64; x64) AppleWebKit/537.36 (KHTML, like Gecko) Chrome/120.0.0.0 Safari/537.36"
40.80.89.74 - - [02/Mar/2026:13:42:50 -0500] "GET /wp-content/themes/index.php HTTP/1.1" 200 0 "-" "Mozilla/5.0 (Windows NT 10.0; Win64; x64) AppleWebKit/537.36 (KHTML, like Gecko) Chrome/120.0.0.0 Safari/537.36"
40.80.89.74 - - [02/Mar/2026:13:42:50 -0500] "GET /wp-content/plugins/index.php HTTP/1.1" 200 0 "-" "Mozilla/5.0 (Windows NT 10.0; Win64; x64) AppleWebKit/537.36 (KHTML, like Gecko) Chrome/120.0.0.0 Safari/537.36"
40.80.89.74 - - [02/Mar/2026:13:42:50 -0500] "GET /wp-includes/PHPMailer/ HTTP/1.1" 403 1242 "-" "Mozilla/5.0 (Windows NT 10.0; Win64; x64) AppleWebKit/537.36 (KHTML, like Gecko) Chrome/120.0.0.0 Safari/537.36"
40.80.89.74 - - [02/Mar/2026:13:42:51 -0500] "GET /wp-includes/images/ HTTP/1.1" 403 1242 "-" "Mozilla/5.0 (Windows NT 10.0; Win64; x64) AppleWebKit/537.36 (KHTML, like Gecko) Chrome/120.0.0.0 Safari/537.36"
162.213.253.84 - - [02/Mar/2026:13:48:39 -0500] "POST /wp-cron.php?doing_wp_cron=1772477319.7764039039611816406250 HTTP/1.1" 200 0 "https://tejoversea.com/wp-cron.php?doing_wp_cron=1772477319.7764039039611816406250" "WordPress/6.0.2; https://tejoversea.com"
20.151.114.166 - - [02/Mar/2026:13:48:39 -0500] "GET /edit.php HTTP/1.1" 404 6966 "-" "Mozilla/5.0 (Windows NT 10.0; Win64; x64) AppleWebKit/537.36 (KHTML, like Gecko) Chrome/120.0.0.0 Safari/537.36"
20.151.114.166 - - [02/Mar/2026:13:48:41 -0500] "GET /aa.php HTTP/1.1" 404 6969 "-" "Mozilla/5.0 (Windows NT 10.0; Win64; x64) AppleWebKit/537.36 (KHTML, like Gecko) Chrome/120.0.0.0 Safari/537.36"
20.151.114.166 - - [02/Mar/2026:13:48:41 -0500] "GET /abcd.php HTTP/1.1" 404 6966 "-" "Mozilla/5.0 (Windows NT 10.0; Win64; x64) AppleWebKit/537.36 (KHTML, like Gecko) Chrome/120.0.0.0 Safari/537.36"
20.151.114.166 - - [02/Mar/2026:13:48:41 -0500] "GET /admin.php HTTP/1.1" 404 6971 "-" "Mozilla/5.0 (Windows NT 10.0; Win64; x64) AppleWebKit/537.36 (KHTML, like Gecko) Chrome/120.0.0.0 Safari/537.36"
20.151.114.166 - - [02/Mar/2026:13:48:42 -0500] "GET /buy.php HTTP/1.1" 404 6969 "-" "Mozilla/5.0 (Windows NT 10.0; Win64; x64) AppleWebKit/537.36 (KHTML, like Gecko) Chrome/120.0.0.0 Safari/537.36"
20.151.114.166 - - [02/Mar/2026:13:48:43 -0500] "GET /class_api.php HTTP/1.1" 404 6978 "-" "Mozilla/5.0 (Windows NT 10.0; Win64; x64) AppleWebKit/537.36 (KHTML, like Gecko) Chrome/120.0.0.0 Safari/537.36"
20.151.114.166 - - [02/Mar/2026:13:48:44 -0500] "GET /fff.php HTTP/1.1" 404 6969 "-" "Mozilla/5.0 (Windows NT 10.0; Win64; x64) AppleWebKit/537.36 (KHTML, like Gecko) Chrome/120.0.0.0 Safari/537.36"
40.80.89.74 - - [02/Mar/2026:13:42:39 -0500] "GET /autoload_classmap.php HTTP/1.1" 404 6971 "-" "Mozilla/5.0 (Windows NT 10.0; Win64; x64) AppleWebKit/537.36 (KHTML, like Gecko) Chrome/120.0.0.0 Safari/537.36"
40.80.89.74 - - [02/Mar/2026:13:42:40 -0500] "GET /chosen.php?p= HTTP/1.1" 301 0 "-" "Mozilla/5.0 (Windows NT 10.0; Win64; x64) AppleWebKit/537.36 (KHTML, like Gecko) Chrome/120.0.0.0 Safari/537.36"
40.80.89.74 - - [02/Mar/2026:13:42:46 -0500] "GET /wp-includes/Requests/src/Response/about.php HTTP/1.1" 404 6987 "-" "Mozilla/5.0 (Windows NT 10.0; Win64; x64) AppleWebKit/537.36 (KHTML, like Gecko) Chrome/120.0.0.0 Safari/537.36"
40.80.89.74 - - [02/Mar/2026:13:42:47 -0500] "GET /wp-includes/html-api/ HTTP/1.1" 404 6965 "-" "Mozilla/5.0 (Windows NT 10.0; Win64; x64) AppleWebKit/537.36 (KHTML, like Gecko) Chrome/120.0.0.0 Safari/537.36"
40.80.89.74 - - [02/Mar/2026:13:42:48 -0500] "GET /wp-content/admin.php HTTP/1.1" 404 6969 "-" "Mozilla/5.0 (Windows NT 10.0; Win64; x64) AppleWebKit/537.36 (KHTML, like Gecko) Chrome/120.0.0.0 Safari/537.36"
40.80.89.74 - - [02/Mar/2026:13:42:49 -0500] "GET /wp-admin/css/colors/ectoplasm/ HTTP/1.1" 403 1242 "-" "Mozilla/5.0 (Windows NT 10.0; Win64; x64) AppleWebKit/537.36 (KHTML, like Gecko) Chrome/120.0.0.0 Safari/537.36"
40.80.89.74 - - [02/Mar/2026:13:42:49 -0500] "GET /wp-content/uploads/ HTTP/1.1" 403 1242 "-" "Mozilla/5.0 (Windows NT 10.0; Win64; x64) AppleWebKit/537.36 (KHTML, like Gecko) Chrome/120.0.0.0 Safari/537.36"
40.80.89.74 - - [02/Mar/2026:13:42:49 -0500] "GET /wp-content/themes/admin.php HTTP/1.1" 404 6968 "-" "Mozilla/5.0 (Windows NT 10.0; Win64; x64) AppleWebKit/537.36 (KHTML, like Gecko) Chrome/120.0.0.0 Safari/537.36"
40.80.89.74 - - [02/Mar/2026:13:42:51 -0500] "GET /wp-content/plugins/WordPressCore/ HTTP/1.1" 404 6976 "-" "Mozilla/5.0 (Windows NT 10.0; Win64; x64) AppleWebKit/537.36 (KHTML, like Gecko) Chrome/120.0.0.0 Safari/537.36"
20.151.114.166 - - [02/Mar/2026:13:48:40 -0500] "GET /adminfuns.php HTTP/1.1" 404 6976 "-" "Mozilla/5.0 (Windows NT 10.0; Win64; x64) AppleWebKit/537.36 (KHTML, like Gecko) Chrome/120.0.0.0 Safari/537.36"
162.213.253.84 - - [02/Mar/2026:13:48:40 -0500] "POST /wp-admin/admin-ajax.php?action=async_litespeed&nonce=1e5eaeec6d&litespeed_type=imgoptm HTTP/1.1" 200 0 "https://tejoversea.com/wp-admin/admin-ajax.php?action=async_litespeed&nonce=1e5eaeec6d&litespeed_type=imgoptm" "WordPress/6.0.2; https://tejoversea.com"
20.151.114.166 - - [02/Mar/2026:13:48:42 -0500] "GET /file.php HTTP/1.1" 404 6964 "-" "Mozilla/5.0 (Windows NT 10.0; Win64; x64) AppleWebKit/537.36 (KHTML, like Gecko) Chrome/120.0.0.0 Safari/537.36"
20.151.114.166 - - [02/Mar/2026:13:48:42 -0500] "GET /flower.php HTTP/1.1" 404 6969 "-" "Mozilla/5.0 (Windows NT 10.0; Win64; x64) AppleWebKit/537.36 (KHTML, like Gecko) Chrome/120.0.0.0 Safari/537.36"
20.151.114.166 - - [02/Mar/2026:13:48:43 -0500] "GET /info.php HTTP/1.1" 404 6964 "-" "Mozilla/5.0 (Windows NT 10.0; Win64; x64) AppleWebKit/537.36 (KHTML, like Gecko) Chrome/120.0.0.0 Safari/537.36"
20.151.114.166 - - [02/Mar/2026:13:48:43 -0500] "GET /ioxi-o.php HTTP/1.1" 404 6966 "-" "Mozilla/5.0 (Windows NT 10.0; Win64; x64) AppleWebKit/537.36 (KHTML, like Gecko) Chrome/120.0.0.0 Safari/537.36"
20.151.114.166 - - [02/Mar/2026:13:48:43 -0500] "GET /rip.php HTTP/1.1" 404 6969 "-" "Mozilla/5.0 (Windows NT 10.0; Win64; x64) AppleWebKit/537.36 (KHTML, like Gecko) Chrome/120.0.0.0 Safari/537.36"
20.151.114.166 - - [02/Mar/2026:13:48:45 -0500] "GET /222.php HTTP/1.1" 404 6968 "-" "Mozilla/5.0 (Windows NT 10.0; Win64; x64) AppleWebKit/537.36 (KHTML, like Gecko) Chrome/120.0.0.0 Safari/537.36"
20.151.114.166 - - [02/Mar/2026:13:48:46 -0500] "GET /server.php HTTP/1.1" 404 6969 "-" "Mozilla/5.0 (Windows NT 10.0; Win64; x64) AppleWebKit/537.36 (KHTML, like Gecko) Chrome/120.0.0.0 Safari/537.36"
20.151.114.166 - - [02/Mar/2026:13:48:47 -0500] "GET /images/index.php HTTP/1.1" 301 0 "-" "Mozilla/5.0 (Windows NT 10.0; Win64; x64) AppleWebKit/537.36 (KHTML, like Gecko) Chrome/120.0.0.0 Safari/537.36"
20.151.114.166 - - [02/Mar/2026:13:48:44 -0500] "GET /bolt.php HTTP/1.1" 404 6967 "-" "Mozilla/5.0 (Windows NT 10.0; Win64; x64) AppleWebKit/537.36 (KHTML, like Gecko) Chrome/120.0.0.0 Safari/537.36"
20.151.114.166 - - [02/Mar/2026:13:48:46 -0500] "GET /bless.php HTTP/1.1" 404 6970 "-" "Mozilla/5.0 (Windows NT 10.0; Win64; x64) AppleWebKit/537.36 (KHTML, like Gecko) Chrome/120.0.0.0 Safari/537.36"
20.151.114.166 - - [02/Mar/2026:13:48:47 -0500] "GET /cgi-bin/ HTTP/1.1" 403 1242 "-" "Mozilla/5.0 (Windows NT 10.0; Win64; x64) AppleWebKit/537.36 (KHTML, like Gecko) Chrome/120.0.0.0 Safari/537.36"
20.151.114.166 - - [02/Mar/2026:13:48:48 -0500] "GET /wp-good.php HTTP/1.1" 404 6966 "-" "Mozilla/5.0 (Windows NT 10.0; Win64; x64) AppleWebKit/537.36 (KHTML, like Gecko) Chrome/120.0.0.0 Safari/537.36"
20.151.114.166 - - [02/Mar/2026:13:48:49 -0500] "GET /wp-admin/includes/ HTTP/1.1" 403 1242 "-" "Mozilla/5.0 (Windows NT 10.0; Win64; x64) AppleWebKit/537.36 (KHTML, like Gecko) Chrome/120.0.0.0 Safari/537.36"
20.151.114.166 - - [02/Mar/2026:13:48:49 -0500] "GET /wp-content/upgrade/index.php HTTP/1.1" 301 0 "-" "Mozilla/5.0 (Windows NT 10.0; Win64; x64) AppleWebKit/537.36 (KHTML, like Gecko) Chrome/120.0.0.0 Safari/537.36"
20.151.114.166 - - [02/Mar/2026:13:48:50 -0500] "GET /wp-content/uploads/admin.php HTTP/1.1" 404 6974 "-" "Mozilla/5.0 (Windows NT 10.0; Win64; x64) AppleWebKit/537.36 (KHTML, like Gecko) Chrome/120.0.0.0 Safari/537.36"
20.151.114.166 - - [02/Mar/2026:13:48:51 -0500] "GET /wp-includes/style-engine/ HTTP/1.1" 404 6974 "-" "Mozilla/5.0 (Windows NT 10.0; Win64; x64) AppleWebKit/537.36 (KHTML, like Gecko) Chrome/120.0.0.0 Safari/537.36"
20.151.114.166 - - [02/Mar/2026:13:48:53 -0500] "GET /autoload_classmap.php HTTP/1.1" 404 6971 "-" "Mozilla/5.0 (Windows NT 10.0; Win64; x64) AppleWebKit/537.36 (KHTML, like Gecko) Chrome/120.0.0.0 Safari/537.36"
20.151.114.166 - - [02/Mar/2026:13:48:53 -0500] "GET /classwithtostring.php HTTP/1.1" 404 6967 "-" "Mozilla/5.0 (Windows NT 10.0; Win64; x64) AppleWebKit/537.36 (KHTML, like Gecko) Chrome/120.0.0.0 Safari/537.36"
20.151.114.166 - - [02/Mar/2026:13:48:48 -0500] "GET /wp-editor.php HTTP/1.1" 404 6982 "-" "Mozilla/5.0 (Windows NT 10.0; Win64; x64) AppleWebKit/537.36 (KHTML, like Gecko) Chrome/120.0.0.0 Safari/537.36"
20.151.114.166 - - [02/Mar/2026:13:48:49 -0500] "GET /wp-blog.php HTTP/1.1" 404 6975 "-" "Mozilla/5.0 (Windows NT 10.0; Win64; x64) AppleWebKit/537.36 (KHTML, like Gecko) Chrome/120.0.0.0 Safari/537.36"
20.151.114.166 - - [02/Mar/2026:13:48:51 -0500] "GET /wp-includes/Text/Diff/Renderer/ HTTP/1.1" 403 1242 "-" "Mozilla/5.0 (Windows NT 10.0; Win64; x64) AppleWebKit/537.36 (KHTML, like Gecko) Chrome/120.0.0.0 Safari/537.36"
20.151.114.166 - - [02/Mar/2026:13:48:52 -0500] "GET /xmrlpc.php HTTP/1.1" 404 6963 "-" "Mozilla/5.0 (Windows NT 10.0; Win64; x64) AppleWebKit/537.36 (KHTML, like Gecko) Chrome/120.0.0.0 Safari/537.36"
20.151.114.166 - - [02/Mar/2026:13:48:52 -0500] "GET /about.php HTTP/1.1" 404 6970 "-" "Mozilla/5.0 (Windows NT 10.0; Win64; x64) AppleWebKit/537.36 (KHTML, like Gecko) Chrome/120.0.0.0 Safari/537.36"
20.151.114.166 - - [02/Mar/2026:13:48:52 -0500] "GET /asasx.php HTTP/1.1" 404 6970 "-" "Mozilla/5.0 (Windows NT 10.0; Win64; x64) AppleWebKit/537.36 (KHTML, like Gecko) Chrome/120.0.0.0 Safari/537.36"
3.212.205.90 - - [02/Mar/2026:14:44:18 -0500] "GET /service/car-shifting/ HTTP/1.1" 200 12738 "-" "Mozilla/5.0 AppleWebKit/537.36 (KHTML, like Gecko; compatible; Amazonbot/0.1; +https://developer.amazon.com/support/amazonbot) Chrome/119.0.6045.214 Safari/537.36"
52.44.148.203 - - [02/Mar/2026:14:44:22 -0500] "GET /service/packing/ HTTP/1.1" 200 12280 "-" "Mozilla/5.0 AppleWebKit/537.36 (KHTML, like Gecko; compatible; Amazonbot/0.1; +https://developer.amazon.com/support/amazonbot) Chrome/119.0.6045.214 Safari/537.36"
66.249.69.236 - - [02/Mar/2026:14:50:18 -0500] "GET /service/office-moving-shifting/ HTTP/1.1" 200 11056 "-" "Mozilla/5.0 (Linux; Android 6.0.1; Nexus 5X Build/MMB29P) AppleWebKit/537.36 (KHTML, like Gecko) Chrome/144.0.7559.132 Mobile Safari/537.36 (compatible; Googlebot/2.1; +http://www.google.com/bot.html)"
66.249.69.236 - - [02/Mar/2026:14:50:21 -0500] "GET /wp-content/plugins/order-tracking/css/pure-forms-nr.css?ver=2.11.9 HTTP/1.1" 200 1471 "https://tejoversea.com/service/office-moving-shifting/" "Mozilla/5.0 (Linux; Android 6.0.1; Nexus 5X Build/MMB29P) AppleWebKit/537.36 (KHTML, like Gecko) Chrome/144.0.7559.132 Mobile Safari/537.36 (compatible; Googlebot/2.1; +http://www.google.com/bot.html)"
66.249.69.235 - - [02/Mar/2026:14:50:23 -0500] "GET /wp-content/themes/logistek/assets/js/main.js?ver=6.0.2 HTTP/1.1" 200 2788 "https://tejoversea.com/service/office-moving-shifting/" "Mozilla/5.0 (Linux; Android 6.0.1; Nexus 5X Build/MMB29P) AppleWebKit/537.36 (KHTML, like Gecko) Chrome/144.0.7559.132 Mobile Safari/537.36 (compatible; Googlebot/2.1; +http://www.google.com/bot.html)"
66.249.69.237 - - [02/Mar/2026:14:50:20 -0500] "GET /wp-content/plugins/order-tracking/css/pure-forms.css?ver=2.11.9 HTTP/1.1" 200 1457 "https://tejoversea.com/service/office-moving-shifting/" "Mozilla/5.0 (Linux; Android 6.0.1; Nexus 5X Build/MMB29P) AppleWebKit/537.36 (KHTML, like Gecko) Chrome/144.0.7559.132 Mobile Safari/537.36 (compatible; Googlebot/2.1; +http://www.google.com/bot.html)"
