34.138.175.47 - - [02/Mar/2026:15:27:21 -0500] "HEAD /old/ HTTP/1.1" 301 0 "-" "Mozilla/5.0 (Linux; Android 14; Samsung SM-A546B) AppleWebKit/537.36 (KHTML, like Gecko) Chrome/126.0.6478.14 Mobile Safari/537.36"
34.138.175.47 - - [02/Mar/2026:15:27:22 -0500] "HEAD /old/ HTTP/1.1" 404 0 "http://thedubaitoday.com/old/" "Mozilla/5.0 (Linux; Android 14; Samsung SM-A546B) AppleWebKit/537.36 (KHTML, like Gecko) Chrome/126.0.6478.14 Mobile Safari/537.36"
34.138.175.47 - - [02/Mar/2026:15:27:23 -0500] "HEAD / HTTP/1.1" 301 0 "-" "Mozilla/5.0 (X11; Linux x86_64; rv:127.0) Gecko/20100101 Firefox/127.0"
216.244.66.227 - - [02/Mar/2026:15:35:59 -0500] "GET /robots.txt HTTP/1.1" 200 122 "-" "Mozilla/5.0 (compatible; DotBot/1.2; +https://opensiteexplorer.org/dotbot; [email protected])"
142.93.252.167 - - [02/Mar/2026:15:24:06 -0500] "GET /favicon.ico HTTP/1.1" 404 1251 "http://thedubaitoday.com/" "Mozilla/5.0 (X11; Linux x86_64; rv:142.0) Gecko/20100101 Firefox/142.0"
34.138.175.47 - - [02/Mar/2026:15:27:18 -0500] "HEAD /blog/ HTTP/1.1" 301 0 "-" "Mozilla/5.0 (Linux; Android 11; RMX2195) AppleWebKit/537.36 (KHTML, like Gecko) Chrome/120.0.6099.210 Mobile Safari/537.36 OPR/75.2.3995.72468"
34.138.175.47 - - [02/Mar/2026:15:27:18 -0500] "HEAD /blog/ HTTP/1.1" 404 0 "http://thedubaitoday.com/blog/" "Mozilla/5.0 (Linux; Android 11; RMX2195) AppleWebKit/537.36 (KHTML, like Gecko) Chrome/120.0.6099.210 Mobile Safari/537.36 OPR/75.2.3995.72468"
34.138.175.47 - - [02/Mar/2026:15:27:20 -0500] "HEAD /wp/ HTTP/1.1" 301 0 "-" "Mozilla/5.0 (Windows NT 10.0; WOW64) AppleWebKit/537.36 (KHTML, like Gecko) Chrome/118.0.5993.90 Safari/537.36"
34.138.175.47 - - [02/Mar/2026:15:27:20 -0500] "HEAD /wp/ HTTP/1.1" 404 0 "http://thedubaitoday.com/wp/" "Mozilla/5.0 (Windows NT 10.0; WOW64) AppleWebKit/537.36 (KHTML, like Gecko) Chrome/118.0.5993.90 Safari/537.36"
34.138.175.47 - - [02/Mar/2026:15:27:21 -0500] "HEAD /new/ HTTP/1.1" 301 0 "-" "Mozilla/5.0 (Linux; Android 14; OnePlus 12) AppleWebKit/537.36 (KHTML, like Gecko) Chrome/125.0.6422.102 Mobile Safari/537.36"
216.244.66.227 - - [02/Mar/2026:15:41:07 -0500] "GET /?feed=rss2&p=4036 HTTP/1.1" 301 0 "-" "Mozilla/5.0 (compatible; DotBot/1.2; +https://opensiteexplorer.org/dotbot; [email protected])"
216.244.66.227 - - [02/Mar/2026:15:41:25 -0500] "GET /page/126/ HTTP/1.1" 301 0 "-" "Mozilla/5.0 (compatible; DotBot/1.2; +https://opensiteexplorer.org/dotbot; [email protected])"
216.244.66.227 - - [02/Mar/2026:15:41:28 -0500] "GET /page/138/ HTTP/1.1" 301 0 "-" "Mozilla/5.0 (compatible; DotBot/1.2; +https://opensiteexplorer.org/dotbot; [email protected])"
216.244.66.227 - - [02/Mar/2026:15:41:32 -0500] "GET /page/145/ HTTP/1.1" 301 0 "-" "Mozilla/5.0 (compatible; DotBot/1.2; +https://opensiteexplorer.org/dotbot; [email protected])"
20.223.198.174 - - [02/Mar/2026:15:45:44 -0500] "GET /wp-content/plugins/hellopress/wp_filemanager.php HTTP/1.1" 301 0 "-" "-"
216.244.66.227 - - [02/Mar/2026:15:41:12 -0500] "GET /?feed=rss2&p=5589 HTTP/1.1" 301 0 "-" "Mozilla/5.0 (compatible; DotBot/1.2; +https://opensiteexplorer.org/dotbot; [email protected])"
216.244.66.227 - - [02/Mar/2026:15:41:34 -0500] "GET /page/76/ HTTP/1.1" 301 0 "-" "Mozilla/5.0 (compatible; DotBot/1.2; +https://opensiteexplorer.org/dotbot; [email protected])"
216.244.66.227 - - [02/Mar/2026:15:51:08 -0500] "GET /primary-care-conference-focuses-on-latest-updates-and-trends-in-healthcare/feed/ HTTP/1.1" 200 951 "-" "Mozilla/5.0 (compatible; DotBot/1.2; +https://opensiteexplorer.org/dotbot; [email protected])"
216.244.66.227 - - [02/Mar/2026:16:18:30 -0500] "GET /robots.txt HTTP/1.1" 200 122 "-" "Mozilla/5.0 (compatible; DotBot/1.2; +https://opensiteexplorer.org/dotbot; [email protected])"
216.244.66.227 - - [02/Mar/2026:16:23:33 -0500] "GET /?cat=75&paged=7 HTTP/1.1" 301 0 "-" "Mozilla/5.0 (compatible; DotBot/1.2; +https://opensiteexplorer.org/dotbot; [email protected])"
216.244.66.227 - - [02/Mar/2026:16:24:45 -0500] "GET /international-reports-real-estate-key-driver-of-uae-economic-growth/international-reports/ HTTP/1.1" 301 0 "-" "Mozilla/5.0 (compatible; DotBot/1.2; +https://opensiteexplorer.org/dotbot; [email protected])"
216.244.66.227 - - [02/Mar/2026:16:26:11 -0500] "GET /dubai-records-aed12-9-bn-in-weeklong-real-estate-transactions/ HTTP/1.1" 200 66972 "-" "Mozilla/5.0 (compatible; DotBot/1.2; +https://opensiteexplorer.org/dotbot; [email protected])"
216.244.66.227 - - [02/Mar/2026:16:24:10 -0500] "GET /page/55/ HTTP/1.1" 301 0 "-" "Mozilla/5.0 (compatible; DotBot/1.2; +https://opensiteexplorer.org/dotbot; [email protected])"
216.244.66.227 - - [02/Mar/2026:16:24:14 -0500] "GET /page/60/ HTTP/1.1" 301 0 "-" "Mozilla/5.0 (compatible; DotBot/1.2; +https://opensiteexplorer.org/dotbot; [email protected])"
43.155.140.157 - - [02/Mar/2026:16:29:21 -0500] "GET / HTTP/1.1" 301 0 "-" "Mozilla/5.0 (iPhone; CPU iPhone OS 13_2_3 like Mac OS X) AppleWebKit/605.1.15 (KHTML, like Gecko) Version/13.0.3 Mobile/15E148 Safari/604.1"
216.244.66.227 - - [02/Mar/2026:16:33:52 -0500] "GET /mohamed-bin-zayed-attends-graduation-of-zayed-bin-mohamed-other-emirati-cadets-at-sandhurst/feed/ HTTP/1.1" 200 1003 "-" "Mozilla/5.0 (compatible; DotBot/1.2; +https://opensiteexplorer.org/dotbot; [email protected])"
220.181.108.90 - - [02/Mar/2026:16:50:38 -0500] "GET /shurooqs-real-estate-projects-sales-cross-aed5-8-billion/ HTTP/1.1" 200 16431 "-" "Mozilla/5.0 (Linux;u;Android 4.2.2;zh-cn;) AppleWebKit/534.46 (KHTML,like Gecko) Version/5.1 Mobile Safari/10600.6.3 (compatible; Baiduspider/2.0; +http://www.baidu.com/search/spider.html)"
216.244.66.227 - - [02/Mar/2026:17:01:25 -0500] "GET /robots.txt HTTP/1.1" 200 122 "-" "Mozilla/5.0 (compatible; DotBot/1.2; +https://opensiteexplorer.org/dotbot; [email protected])"
216.244.66.227 - - [02/Mar/2026:17:06:44 -0500] "GET /?feed=rss2&p=4103 HTTP/1.1" 301 0 "-" "Mozilla/5.0 (compatible; DotBot/1.2; +https://opensiteexplorer.org/dotbot; [email protected])"
216.244.66.227 - - [02/Mar/2026:17:13:41 -0500] "GET /41st-gcc-summit-kicks-off-with-uae-participation/feed/ HTTP/1.1" 200 873 "-" "Mozilla/5.0 (compatible; DotBot/1.2; +https://opensiteexplorer.org/dotbot; [email protected])"
49.51.39.209 - - [02/Mar/2026:17:14:36 -0500] "GET / HTTP/1.1" 301 0 "-" "Mozilla/5.0 (iPhone; CPU iPhone OS 13_2_3 like Mac OS X) AppleWebKit/605.1.15 (KHTML, like Gecko) Version/13.0.3 Mobile/15E148 Safari/604.1"
216.244.66.227 - - [02/Mar/2026:17:07:07 -0500] "GET /page/152/ HTTP/1.1" 301 0 "-" "Mozilla/5.0 (compatible; DotBot/1.2; +https://opensiteexplorer.org/dotbot; [email protected])"
216.244.66.227 - - [02/Mar/2026:17:48:52 -0500] "GET /?feed=rss2&p=4268 HTTP/1.1" 301 0 "-" "Mozilla/5.0 (compatible; DotBot/1.2; +https://opensiteexplorer.org/dotbot; [email protected])"
216.244.66.227 - - [02/Mar/2026:17:48:56 -0500] "GET /?feed=rss2&p=5983 HTTP/1.1" 301 0 "-" "Mozilla/5.0 (compatible; DotBot/1.2; +https://opensiteexplorer.org/dotbot; [email protected])"
216.244.66.227 - - [02/Mar/2026:17:43:29 -0500] "GET /robots.txt HTTP/1.1" 200 122 "-" "Mozilla/5.0 (compatible; DotBot/1.2; +https://opensiteexplorer.org/dotbot; [email protected])"
216.244.66.227 - - [02/Mar/2026:17:47:19 -0500] "GET /?p=3966 HTTP/1.1" 301 0 "-" "Mozilla/5.0 (compatible; DotBot/1.2; +https://opensiteexplorer.org/dotbot; [email protected])"
216.244.66.227 - - [02/Mar/2026:17:47:25 -0500] "GET /?p=5358 HTTP/1.1" 301 0 "-" "Mozilla/5.0 (compatible; DotBot/1.2; +https://opensiteexplorer.org/dotbot; [email protected])"
216.244.66.227 - - [02/Mar/2026:17:49:19 -0500] "GET /page/24/ HTTP/1.1" 301 0 "-" "Mozilla/5.0 (compatible; DotBot/1.2; +https://opensiteexplorer.org/dotbot; [email protected])"
122.51.236.174 - - [02/Mar/2026:17:53:45 -0500] "GET / HTTP/1.1" 301 0 "-" "Mozilla/5.0 (iPhone; CPU iPhone OS 13_2_3 like Mac OS X) AppleWebKit/605.1.15 (KHTML, like Gecko) Version/13.0.3 Mobile/15E148 Safari/604.1"
66.249.75.167 - - [02/Mar/2026:18:01:18 -0500] "GET / HTTP/1.1" 301 0 "-" "Mozilla/5.0 (Linux; Android 6.0.1; Nexus 5X Build/MMB29P) AppleWebKit/537.36 (KHTML, like Gecko) Chrome/144.0.7559.132 Mobile Safari/537.36 (compatible; Googlebot/2.1; +http://www.google.com/bot.html)"
66.249.75.169 - - [02/Mar/2026:18:01:17 -0500] "GET /robots.txt HTTP/1.1" 200 103 "-" "Mozilla/5.0 (compatible; Googlebot/2.1; +http://www.google.com/bot.html)"
216.244.66.227 - - [02/Mar/2026:18:26:09 -0500] "GET /robots.txt HTTP/1.1" 200 122 "-" "Mozilla/5.0 (compatible; DotBot/1.2; +https://opensiteexplorer.org/dotbot; [email protected])"
216.244.66.227 - - [02/Mar/2026:18:31:31 -0500] "GET /?author=1&paged=166 HTTP/1.1" 301 0 "-" "Mozilla/5.0 (compatible; DotBot/1.2; +https://opensiteexplorer.org/dotbot; [email protected])"
216.244.66.227 - - [02/Mar/2026:18:38:42 -0500] "GET /dubai-sustainable-tourism-celebrates-sustainable-initiatives-on-world-environment-day/feed/ HTTP/1.1" 200 984 "-" "Mozilla/5.0 (compatible; DotBot/1.2; +https://opensiteexplorer.org/dotbot; [email protected])"
216.244.66.227 - - [02/Mar/2026:19:08:05 -0500] "GET /robots.txt HTTP/1.1" 200 122 "-" "Mozilla/5.0 (compatible; DotBot/1.2; +https://opensiteexplorer.org/dotbot; [email protected])"
216.244.66.227 - - [02/Mar/2026:19:13:11 -0500] "GET /?cat=75&paged=5 HTTP/1.1" 301 0 "-" "Mozilla/5.0 (compatible; DotBot/1.2; +https://opensiteexplorer.org/dotbot; [email protected])"
216.244.66.227 - - [02/Mar/2026:19:13:54 -0500] "GET /page/174/ HTTP/1.1" 301 0 "-" "Mozilla/5.0 (compatible; DotBot/1.2; +https://opensiteexplorer.org/dotbot; [email protected])"
216.244.66.227 - - [02/Mar/2026:19:16:03 -0500] "GET /dubai-autism-centre-launches-its-17th-annual-autism-awareness-campaign/ HTTP/1.1" 200 69833 "-" "Mozilla/5.0 (compatible; DotBot/1.2; +https://opensiteexplorer.org/dotbot; [email protected])"
216.244.66.227 - - [02/Mar/2026:19:21:13 -0500] "GET /adp-urges-public-to-adhere-to-precautionary-measures-avoid-gatherings-during-eid-al-fitr/feed/ HTTP/1.1" 200 994 "-" "Mozilla/5.0 (compatible; DotBot/1.2; +https://opensiteexplorer.org/dotbot; [email protected])"
216.244.66.227 - - [02/Mar/2026:19:13:36 -0500] "GET /?feed=rss2&p=6640 HTTP/1.1" 301 0 "-" "Mozilla/5.0 (compatible; DotBot/1.2; +https://opensiteexplorer.org/dotbot; [email protected])"
216.244.66.227 - - [02/Mar/2026:19:50:41 -0500] "GET /robots.txt HTTP/1.1" 200 122 "-" "Mozilla/5.0 (compatible; DotBot/1.2; +https://opensiteexplorer.org/dotbot; [email protected])"
216.244.66.227 - - [02/Mar/2026:19:55:54 -0500] "GET /?cat=45&paged=5 HTTP/1.1" 301 0 "-" "Mozilla/5.0 (compatible; DotBot/1.2; +https://opensiteexplorer.org/dotbot; [email protected])"
216.244.66.227 - - [02/Mar/2026:19:56:05 -0500] "GET /?author=1&paged=100 HTTP/1.1" 301 0 "-" "Mozilla/5.0 (compatible; DotBot/1.2; +https://opensiteexplorer.org/dotbot; [email protected])"
216.244.66.227 - - [02/Mar/2026:19:56:09 -0500] "GET /?feed=rss2&p=6111 HTTP/1.1" 301 0 "-" "Mozilla/5.0 (compatible; DotBot/1.2; +https://opensiteexplorer.org/dotbot; [email protected])"
162.213.253.84 - - [02/Mar/2026:19:56:29 -0500] "POST /wp-cron.php?doing_wp_cron=1772499389.3904299736022949218750 HTTP/1.1" 200 0 "http://www.thedubaitoday.com/wp-cron.php?doing_wp_cron=1772499389.3904299736022949218750" "WordPress/5.5.16; https://www.thedubaitoday.com"
216.244.66.227 - - [02/Mar/2026:19:56:32 -0500] "GET /page/86/ HTTP/1.1" 301 0 "-" "Mozilla/5.0 (compatible; DotBot/1.2; +https://opensiteexplorer.org/dotbot; [email protected])"
216.244.66.227 - - [02/Mar/2026:19:56:12 -0500] "GET /?feed=rss2&p=6857 HTTP/1.1" 301 0 "-" "Mozilla/5.0 (compatible; DotBot/1.2; +https://opensiteexplorer.org/dotbot; [email protected])"
216.244.66.227 - - [02/Mar/2026:19:56:29 -0500] "GET /page/58/ HTTP/1.1" 301 0 "-" "Mozilla/5.0 (compatible; DotBot/1.2; +https://opensiteexplorer.org/dotbot; [email protected])"
162.213.253.84 - - [02/Mar/2026:20:03:47 -0500] "POST /wp-cron.php?doing_wp_cron=1772499827.5075359344482421875000 HTTP/1.1" 200 0 "http://www.thedubaitoday.com/wp-cron.php?doing_wp_cron=1772499827.5075359344482421875000" "WordPress/5.5.16; https://www.thedubaitoday.com"
216.244.66.227 - - [02/Mar/2026:20:03:46 -0500] "GET /mariam-almheiri-attends-opening-of-jaleel-holdings-aed-90-million-distribution-facility-at-tecom-groups-dubai-industrial-city/feed/ HTTP/1.1" 200 1110 "-" "Mozilla/5.0 (compatible; DotBot/1.2; +https://opensiteexplorer.org/dotbot; [email protected])"
111.225.149.234 - - [02/Mar/2026:20:12:57 -0500] "GET /robots.txt HTTP/1.1" 200 117 "-" "Mozilla/5.0 (Linux; Android 5.0) AppleWebKit/537.36 (KHTML, like Gecko) Mobile Safari/537.36 (compatible; Bytespider; https://zhanzhang.toutiao.com/)"
107.172.180.205 - - [02/Mar/2026:20:09:34 -0500] "GET / HTTP/1.1" 301 0 "-" "Mozilla/5.0 (Macintosh; Intel Mac OS X 15_7_3) AppleWebKit/605.1.15 (KHTML, like Gecko) Version/26.0 Safari/605.1.15"
111.225.149.173 - - [02/Mar/2026:20:12:55 -0500] "GET /robots.txt HTTP/1.1" 301 0 "-" "Mozilla/5.0 (Linux; Android 5.0) AppleWebKit/537.36 (KHTML, like Gecko) Mobile Safari/537.36 (compatible; Bytespider; https://zhanzhang.toutiao.com/)"
216.244.66.227 - - [02/Mar/2026:20:40:00 -0500] "GET /?author=1&paged=165 HTTP/1.1" 301 0 "-" "Mozilla/5.0 (compatible; DotBot/1.2; +https://opensiteexplorer.org/dotbot; [email protected])"
216.244.66.227 - - [02/Mar/2026:20:40:26 -0500] "GET /page/23/ HTTP/1.1" 301 0 "-" "Mozilla/5.0 (compatible; DotBot/1.2; +https://opensiteexplorer.org/dotbot; [email protected])"
216.244.66.227 - - [02/Mar/2026:20:34:30 -0500] "GET /robots.txt HTTP/1.1" 200 122 "-" "Mozilla/5.0 (compatible; DotBot/1.2; +https://opensiteexplorer.org/dotbot; [email protected])"
216.244.66.227 - - [02/Mar/2026:20:40:05 -0500] "GET /?feed=rss2&p=8816 HTTP/1.1" 301 0 "-" "Mozilla/5.0 (compatible; DotBot/1.2; +https://opensiteexplorer.org/dotbot; [email protected])"
216.244.66.227 - - [02/Mar/2026:20:40:22 -0500] "GET /page/130/ HTTP/1.1" 301 0 "-" "Mozilla/5.0 (compatible; DotBot/1.2; +https://opensiteexplorer.org/dotbot; [email protected])"
162.213.253.84 - - [02/Mar/2026:21:12:24 -0500] "POST /wp-cron.php?doing_wp_cron=1772503944.7710669040679931640625 HTTP/1.1" 200 0 "http://www.thedubaitoday.com/wp-cron.php?doing_wp_cron=1772503944.7710669040679931640625" "WordPress/5.5.16; https://www.thedubaitoday.com"
20.220.227.4 - - [02/Mar/2026:21:12:24 -0500] "GET /wp-content/plugins/hellopress/wp_filemanager.php HTTP/1.1" 301 0 "-" "-"
20.220.227.4 - - [02/Mar/2026:21:12:25 -0500] "GET /wp-content/plugins/hellopress/wp_filemanager.php HTTP/1.1" 404 55220 "-" "-"
20.220.227.4 - - [02/Mar/2026:21:12:32 -0500] "GET /assets/plugins/elfinder/connectors/php/connector.php HTTP/1.1" 404 55220 "-" "-"
20.220.227.4 - - [02/Mar/2026:21:12:33 -0500] "GET /wp-content/upgrade/class_api.php HTTP/1.1" 301 0 "-" "-"
20.220.227.4 - - [02/Mar/2026:21:12:35 -0500] "GET /zwso.php HTTP/1.1" 301 0 "-" "-"
20.220.227.4 - - [02/Mar/2026:21:12:36 -0500] "GET /wp-admin/css/colors/blue/index.php HTTP/1.1" 301 0 "-" "-"
20.220.227.4 - - [02/Mar/2026:21:12:37 -0500] "GET /class19.php HTTP/1.1" 301 0 "-" "-"
20.220.227.4 - - [02/Mar/2026:21:12:39 -0500] "GET /class20.php HTTP/1.1" 404 55220 "-" "-"
20.220.227.4 - - [02/Mar/2026:21:12:41 -0500] "GET /admin.php HTTP/1.1" 404 55220 "-" "-"
20.220.227.4 - - [02/Mar/2026:21:12:43 -0500] "GET /fwe.php HTTP/1.1" 301 0 "-" "-"
20.220.227.4 - - [02/Mar/2026:21:12:45 -0500] "GET /images/m.php HTTP/1.1" 404 55220 "-" "-"
20.220.227.4 - - [02/Mar/2026:21:12:48 -0500] "GET /tx1.php HTTP/1.1" 301 0 "-" "-"
20.220.227.4 - - [02/Mar/2026:21:12:49 -0500] "GET /tx1.php HTTP/1.1" 404 55220 "-" "-"
20.220.227.4 - - [02/Mar/2026:21:12:50 -0500] "GET /xv.php HTTP/1.1" 301 0 "-" "-"
20.220.227.4 - - [02/Mar/2026:21:12:51 -0500] "GET /x56.php HTTP/1.1" 301 0 "-" "-"
20.220.227.4 - - [02/Mar/2026:21:12:52 -0500] "GET /x56.php HTTP/1.1" 404 55220 "-" "-"
20.220.227.4 - - [02/Mar/2026:21:12:53 -0500] "GET /htaccess.php HTTP/1.1" 301 0 "-" "-"
20.220.227.4 - - [02/Mar/2026:21:12:53 -0500] "GET /htaccess.php HTTP/1.1" 404 55220 "-" "-"
20.220.227.4 - - [02/Mar/2026:21:12:54 -0500] "GET /readme.php HTTP/1.1" 301 0 "-" "-"
20.220.227.4 - - [02/Mar/2026:21:12:55 -0500] "GET /readme.php HTTP/1.1" 404 55220 "-" "-"
20.220.227.4 - - [02/Mar/2026:21:12:57 -0500] "GET /x50.php HTTP/1.1" 404 55220 "-" "-"
20.220.227.4 - - [02/Mar/2026:21:12:59 -0500] "GET /fv.php HTTP/1.1" 404 55220 "-" "-"
20.220.227.4 - - [02/Mar/2026:21:12:59 -0500] "GET /file.php? HTTP/1.1" 301 0 "-" "-"
20.220.227.4 - - [02/Mar/2026:21:13:02 -0500] "GET /lsd.php HTTP/1.1" 404 55220 "-" "-"
20.220.227.4 - - [02/Mar/2026:21:13:03 -0500] "GET /as.php HTTP/1.1" 301 0 "-" "-"
20.220.227.4 - - [02/Mar/2026:21:13:06 -0500] "GET /gtc.php HTTP/1.1" 404 55220 "-" "-"
20.220.227.4 - - [02/Mar/2026:21:13:07 -0500] "GET /atx.php HTTP/1.1" 301 0 "-" "-"
20.220.227.4 - - [02/Mar/2026:21:13:12 -0500] "GET /wp-admin/maint/about.php HTTP/1.1" 301 0 "-" "-"
20.220.227.4 - - [02/Mar/2026:21:13:14 -0500] "GET /wp-admin/network/wp-conflg.php HTTP/1.1" 404 55220 "-" "-"
20.220.227.4 - - [02/Mar/2026:21:13:15 -0500] "GET /click.php HTTP/1.1" 404 55220 "-" "-"
20.220.227.4 - - [02/Mar/2026:21:13:19 -0500] "GET /simple.php HTTP/1.1" 404 55220 "-" "-"
20.220.227.4 - - [02/Mar/2026:21:13:21 -0500] "GET /wp-includes/certificates/chosen.php HTTP/1.1" 301 0 "-" "-"
20.220.227.4 - - [02/Mar/2026:21:13:22 -0500] "GET /plugins/admin.php HTTP/1.1" 301 0 "-" "-"
20.220.227.4 - - [02/Mar/2026:21:13:24 -0500] "GET /core3.php HTTP/1.1" 404 55220 "-" "-"
20.220.227.4 - - [02/Mar/2026:21:13:25 -0500] "GET /RxR.php HTTP/1.1" 301 0 "-" "-"
20.220.227.4 - - [02/Mar/2026:21:13:26 -0500] "GET /RxR.php HTTP/1.1" 404 55220 "-" "-"
20.220.227.4 - - [02/Mar/2026:21:13:27 -0500] "GET /cgi-etc/quti.php HTTP/1.1" 404 55220 "-" "-"
20.220.227.4 - - [02/Mar/2026:21:13:28 -0500] "GET /system/logs/skin.php HTTP/1.1" 301 0 "-" "-"
20.220.227.4 - - [02/Mar/2026:21:13:29 -0500] "GET /system/logs/skin.php HTTP/1.1" 404 55220 "-" "-"
20.220.227.4 - - [02/Mar/2026:21:13:30 -0500] "GET /Gel.php HTTP/1.1" 301 0 "-" "-"
20.220.227.4 - - [02/Mar/2026:21:12:32 -0500] "GET /assets/plugins/elfinder/connectors/php/connector.php HTTP/1.1" 301 0 "-" "-"
20.220.227.4 - - [02/Mar/2026:21:12:34 -0500] "GET /wp-content/upgrade/class_api.php HTTP/1.1" 404 55220 "-" "-"
20.220.227.4 - - [02/Mar/2026:21:12:36 -0500] "GET /zwso.php HTTP/1.1" 404 55220 "-" "-"
20.220.227.4 - - [02/Mar/2026:21:12:37 -0500] "GET /wp-admin/css/colors/blue/ HTTP/1.1" 200 2736 "-" "-"
20.220.227.4 - - [02/Mar/2026:21:12:38 -0500] "GET /class19.php HTTP/1.1" 404 55220 "-" "-"
20.220.227.4 - - [02/Mar/2026:21:12:39 -0500] "GET /class20.php HTTP/1.1" 301 0 "-" "-"
20.220.227.4 - - [02/Mar/2026:21:12:40 -0500] "GET /admin.php?p= HTTP/1.1" 301 0 "-" "-"
20.220.227.4 - - [02/Mar/2026:21:12:42 -0500] "GET /randkeyword.php HTTP/1.1" 301 0 "-" "-"
20.220.227.4 - - [02/Mar/2026:21:12:42 -0500] "GET /randkeyword.php HTTP/1.1" 404 55220 "-" "-"
20.220.227.4 - - [02/Mar/2026:21:12:44 -0500] "GET /fwe.php HTTP/1.1" 404 55220 "-" "-"
20.220.227.4 - - [02/Mar/2026:21:12:45 -0500] "GET /images/m.php HTTP/1.1" 301 0 "-" "-"
20.220.227.4 - - [02/Mar/2026:21:12:46 -0500] "GET /g.php HTTP/1.1" 301 0 "-" "-"
20.220.227.4 - - [02/Mar/2026:21:12:47 -0500] "GET /g.php HTTP/1.1" 404 55220 "-" "-"
20.220.227.4 - - [02/Mar/2026:21:12:50 -0500] "GET /xv.php HTTP/1.1" 404 55220 "-" "-"
20.220.227.4 - - [02/Mar/2026:21:12:56 -0500] "GET /x50.php HTTP/1.1" 301 0 "-" "-"
20.220.227.4 - - [02/Mar/2026:21:12:58 -0500] "GET /fv.php HTTP/1.1" 301 0 "-" "-"
20.220.227.4 - - [02/Mar/2026:21:13:00 -0500] "GET /file.php HTTP/1.1" 404 55220 "-" "-"
20.220.227.4 - - [02/Mar/2026:21:13:01 -0500] "GET /lsd.php HTTP/1.1" 301 0 "-" "-"
20.220.227.4 - - [02/Mar/2026:21:13:03 -0500] "GET /as.php HTTP/1.1" 404 55220 "-" "-"
20.220.227.4 - - [02/Mar/2026:21:13:04 -0500] "GET /wsd.php HTTP/1.1" 301 0 "-" "-"
20.220.227.4 - - [02/Mar/2026:21:13:05 -0500] "GET /wsd.php HTTP/1.1" 404 55220 "-" "-"
20.220.227.4 - - [02/Mar/2026:21:13:05 -0500] "GET /gtc.php HTTP/1.1" 301 0 "-" "-"
20.220.227.4 - - [02/Mar/2026:21:13:08 -0500] "GET /atx.php HTTP/1.1" 404 55220 "-" "-"
20.220.227.4 - - [02/Mar/2026:21:13:09 -0500] "GET /m.php HTTP/1.1" 301 0 "-" "-"
20.220.227.4 - - [02/Mar/2026:21:13:09 -0500] "GET /m.php HTTP/1.1" 404 55220 "-" "-"
20.220.227.4 - - [02/Mar/2026:21:13:10 -0500] "GET /themes.php HTTP/1.1" 301 0 "-" "-"
20.220.227.4 - - [02/Mar/2026:21:13:11 -0500] "GET /themes.php HTTP/1.1" 404 55220 "-" "-"
20.220.227.4 - - [02/Mar/2026:21:13:12 -0500] "GET /wp-admin/maint/about.php HTTP/1.1" 404 55220 "-" "-"
20.220.227.4 - - [02/Mar/2026:21:13:13 -0500] "GET /wp-admin/network/wp-conflg.php?p= HTTP/1.1" 301 0 "-" "-"
20.220.227.4 - - [02/Mar/2026:21:13:15 -0500] "GET /click.php HTTP/1.1" 301 0 "-" "-"
20.220.227.4 - - [02/Mar/2026:21:13:16 -0500] "GET /install.php HTTP/1.1" 301 0 "-" "-"
20.220.227.4 - - [02/Mar/2026:21:13:17 -0500] "GET /install.php HTTP/1.1" 404 55220 "-" "-"
20.220.227.4 - - [02/Mar/2026:21:13:17 -0500] "GET /lv.php HTTP/1.1" 301 0 "-" "-"
20.220.227.4 - - [02/Mar/2026:21:13:18 -0500] "GET /lv.php HTTP/1.1" 404 55220 "-" "-"
20.220.227.4 - - [02/Mar/2026:21:13:19 -0500] "GET /simple.php HTTP/1.1" 301 0 "-" "-"
20.220.227.4 - - [02/Mar/2026:21:13:21 -0500] "GET /wp-includes/certificates/chosen.php HTTP/1.1" 404 55220 "-" "-"
20.220.227.4 - - [02/Mar/2026:21:13:23 -0500] "GET /plugins/admin.php HTTP/1.1" 404 55220 "-" "-"
20.220.227.4 - - [02/Mar/2026:21:13:23 -0500] "GET /core3.php HTTP/1.1" 301 0 "-" "-"
20.220.227.4 - - [02/Mar/2026:21:13:27 -0500] "GET /cgi-etc/quti.php HTTP/1.1" 301 0 "-" "-"
20.220.227.4 - - [02/Mar/2026:21:13:40 -0500] "GET /system/logs/dz1.php HTTP/1.1" 301 0 "-" "-"
20.220.227.4 - - [02/Mar/2026:21:13:42 -0500] "GET /wp-content/plugins/hellopress/moon.php HTTP/1.1" 301 0 "-" "-"
20.220.227.4 - - [02/Mar/2026:21:13:44 -0500] "GET /assets/admin/tinymce/plugins/filemanager/dialog.php HTTP/1.1" 404 55220 "-" "-"
20.220.227.4 - - [02/Mar/2026:21:13:46 -0500] "GET /nagiosql/admin/logbook.php HTTP/1.1" 404 55220 "-" "-"
20.220.227.4 - - [02/Mar/2026:21:13:47 -0500] "GET /alfacgiapi/admin.php HTTP/1.1" 301 0 "-" "-"
20.220.227.4 - - [02/Mar/2026:21:13:49 -0500] "GET /wp-includes/php-compat/chosen.php HTTP/1.1" 301 0 "-" "-"
20.220.227.4 - - [02/Mar/2026:21:13:49 -0500] "GET /wp-includes/php-compat/chosen.php HTTP/1.1" 404 55220 "-" "-"
20.220.227.4 - - [02/Mar/2026:21:13:53 -0500] "GET /kZETIbO4Lt7.php HTTP/1.1" 404 55220 "-" "-"
20.220.227.4 - - [02/Mar/2026:21:13:54 -0500] "GET /wso112233a.php HTTP/1.1" 301 0 "-" "-"
20.220.227.4 - - [02/Mar/2026:21:13:54 -0500] "GET /wso112233a.php HTTP/1.1" 404 55220 "-" "-"
20.220.227.4 - - [02/Mar/2026:21:13:56 -0500] "GET /adminer-4.3.1-mysql-sk.php HTTP/1.1" 404 55220 "-" "-"
20.220.227.4 - - [02/Mar/2026:21:13:58 -0500] "GET /wp/wp-apps.php HTTP/1.1" 404 55220 "-" "-"
20.220.227.4 - - [02/Mar/2026:21:13:59 -0500] "GET /asdf.php HTTP/1.1" 301 0 "-" "-"
20.220.227.4 - - [02/Mar/2026:21:14:00 -0500] "GET /pixelpages/application/views/auth/common/about.php7 HTTP/1.1" 301 0 "-" "-"
20.220.227.4 - - [02/Mar/2026:21:14:01 -0500] "GET /pixelpages/application/views/auth/common/about.php7 HTTP/1.1" 404 55220 "-" "-"
20.220.227.4 - - [02/Mar/2026:21:14:02 -0500] "GET /wp-includes/js/aaa.php HTTP/1.1" 301 0 "-" "-"
20.220.227.4 - - [02/Mar/2026:21:14:03 -0500] "GET /wp-includes/js/aaa.php HTTP/1.1" 404 55220 "-" "-"
20.220.227.4 - - [02/Mar/2026:21:14:07 -0500] "GET /bar.php HTTP/1.1" 301 0 "-" "-"
20.220.227.4 - - [02/Mar/2026:21:14:08 -0500] "GET /bar.php HTTP/1.1" 404 55220 "-" "-"
20.220.227.4 - - [02/Mar/2026:21:14:08 -0500] "GET /eee.php HTTP/1.1" 301 0 "-" "-"
20.220.227.4 - - [02/Mar/2026:21:14:09 -0500] "GET /eee.php HTTP/1.1" 404 55220 "-" "-"
20.220.227.4 - - [02/Mar/2026:21:14:10 -0500] "GET /enviar-recibo.php HTTP/1.1" 301 0 "-" "-"
20.220.227.4 - - [02/Mar/2026:21:14:12 -0500] "GET /wp-includes/style.php HTTP/1.1" 301 0 "-" "-"
20.220.227.4 - - [02/Mar/2026:21:14:12 -0500] "GET /wp-includes/style.php HTTP/1.1" 404 55220 "-" "-"
20.220.227.4 - - [02/Mar/2026:21:14:14 -0500] "GET /wp-content/gallery/20160513-delelott/photo-gallery/thumb/admin.php HTTP/1.1" 301 0 "-" "-"
20.220.227.4 - - [02/Mar/2026:21:14:14 -0500] "GET /wp-content/gallery/20160513-delelott/photo-gallery/thumb/admin.php HTTP/1.1" 404 55220 "-" "-"
216.244.66.227 - - [02/Mar/2026:21:19:10 -0500] "GET /robots.txt HTTP/1.1" 200 122 "-" "Mozilla/5.0 (compatible; DotBot/1.2; +https://opensiteexplorer.org/dotbot; [email protected])"
20.220.227.4 - - [02/Mar/2026:21:13:31 -0500] "GET /Gel.php HTTP/1.1" 404 55220 "-" "-"
20.220.227.4 - - [02/Mar/2026:21:13:32 -0500] "GET /pent.php HTTP/1.1" 301 0 "-" "-"
20.220.227.4 - - [02/Mar/2026:21:13:33 -0500] "GET /pent.php HTTP/1.1" 404 55220 "-" "-"
20.220.227.4 - - [02/Mar/2026:21:13:41 -0500] "GET /system/logs/dz1.php HTTP/1.1" 404 55220 "-" "-"
20.220.227.4 - - [02/Mar/2026:21:13:43 -0500] "GET /wp-content/plugins/hellopress/moon.php HTTP/1.1" 404 55220 "-" "-"
20.220.227.4 - - [02/Mar/2026:21:13:44 -0500] "GET /assets/admin/tinymce/plugins/filemanager/dialog.php HTTP/1.1" 301 0 "-" "-"
20.220.227.4 - - [02/Mar/2026:21:13:45 -0500] "GET /nagiosql/admin/logbook.php HTTP/1.1" 301 0 "-" "-"
20.220.227.4 - - [02/Mar/2026:21:13:48 -0500] "GET /alfacgiapi/admin.php HTTP/1.1" 404 55220 "-" "-"
20.220.227.4 - - [02/Mar/2026:21:13:51 -0500] "GET /wp-content/plugins/core-plugin/admin.php HTTP/1.1" 301 0 "-" "-"
20.220.227.4 - - [02/Mar/2026:21:13:51 -0500] "GET /wp-content/plugins/core-plugin/admin.php HTTP/1.1" 404 55220 "-" "-"
20.220.227.4 - - [02/Mar/2026:21:13:52 -0500] "GET /kZETIbO4Lt7.php HTTP/1.1" 301 0 "-" "-"
20.220.227.4 - - [02/Mar/2026:21:13:55 -0500] "GET /adminer-4.3.1-mysql-sk.php HTTP/1.1" 301 0 "-" "-"
20.220.227.4 - - [02/Mar/2026:21:13:57 -0500] "GET /wp/wp-apps.php HTTP/1.1" 301 0 "-" "-"
20.220.227.4 - - [02/Mar/2026:21:13:59 -0500] "GET /asdf.php HTTP/1.1" 404 55220 "-" "-"
20.220.227.4 - - [02/Mar/2026:21:14:04 -0500] "GET /wp-admin/includes/class-core-upgrader-first.php HTTP/1.1" 301 0 "-" "-"
20.220.227.4 - - [02/Mar/2026:21:14:04 -0500] "GET /wp-admin/includes/class-core-upgrader-first.php HTTP/1.1" 404 55220 "-" "-"
20.220.227.4 - - [02/Mar/2026:21:14:05 -0500] "GET /wp-includes/oQGWC1HLhE5.php HTTP/1.1" 301 0 "-" "-"
20.220.227.4 - - [02/Mar/2026:21:14:06 -0500] "GET /wp-includes/oQGWC1HLhE5.php HTTP/1.1" 404 55220 "-" "-"
20.220.227.4 - - [02/Mar/2026:21:14:11 -0500] "GET /enviar-recibo.php HTTP/1.1" 404 55220 "-" "-"
216.244.66.227 - - [02/Mar/2026:21:24:22 -0500] "GET /?cat=65&paged=10 HTTP/1.1" 301 0 "-" "Mozilla/5.0 (compatible; DotBot/1.2; +https://opensiteexplorer.org/dotbot; [email protected])"
20.104.206.150 - - [02/Mar/2026:21:29:00 -0500] "GET /wp-content/plugins/hellopress/wp_filemanager.php HTTP/1.1" 301 0 "-" "-"
20.104.206.150 - - [02/Mar/2026:21:29:00 -0500] "GET /config.php HTTP/1.1" 301 0 "-" "-"
20.104.206.150 - - [02/Mar/2026:21:29:01 -0500] "GET /config.php HTTP/1.1" 404 55220 "-" "-"
20.104.206.150 - - [02/Mar/2026:21:29:08 -0500] "GET /wp-configss.php HTTP/1.1" 301 0 "-" "-"
20.104.206.150 - - [02/Mar/2026:21:29:08 -0500] "GET /wp-configss.php HTTP/1.1" 404 55220 "-" "-"
20.104.206.150 - - [02/Mar/2026:21:29:10 -0500] "GET /wp-mail.php HTTP/1.1" 403 2699 "-" "-"
20.104.206.150 - - [02/Mar/2026:21:29:12 -0500] "GET /wp-mails.php HTTP/1.1" 404 55220 "-" "-"
20.104.206.150 - - [02/Mar/2026:21:29:13 -0500] "GET /222.php HTTP/1.1" 404 55220 "-" "-"
216.244.66.227 - - [02/Mar/2026:21:24:31 -0500] "GET /?feed=rss2&p=5665 HTTP/1.1" 301 0 "-" "Mozilla/5.0 (compatible; DotBot/1.2; +https://opensiteexplorer.org/dotbot; [email protected])"
162.213.253.84 - - [02/Mar/2026:21:26:53 -0500] "POST /wp-cron.php?doing_wp_cron=1772504813.0969851016998291015625 HTTP/1.1" 200 0 "http://www.thedubaitoday.com/wp-cron.php?doing_wp_cron=1772504813.0969851016998291015625" "WordPress/5.5.16; https://www.thedubaitoday.com"
216.244.66.227 - - [02/Mar/2026:21:26:52 -0500] "GET /category/national-news/page/9/ HTTP/1.1" 200 87001 "-" "Mozilla/5.0 (compatible; DotBot/1.2; +https://opensiteexplorer.org/dotbot; [email protected])"
20.104.206.150 - - [02/Mar/2026:21:29:00 -0500] "GET /wp-content/plugins/hellopress/wp_filemanager.php HTTP/1.1" 404 55220 "-" "-"
20.104.206.150 - - [02/Mar/2026:21:29:09 -0500] "GET /ba.php HTTP/1.1" 301 0 "-" "-"
20.104.206.150 - - [02/Mar/2026:21:29:10 -0500] "GET /ba.php HTTP/1.1" 404 55220 "-" "-"
20.104.206.150 - - [02/Mar/2026:21:29:11 -0500] "GET /wp-mails.php HTTP/1.1" 301 0 "-" "-"
20.104.206.150 - - [02/Mar/2026:21:29:13 -0500] "GET /222.php HTTP/1.1" 301 0 "-" "-"
20.104.206.150 - - [02/Mar/2026:21:29:14 -0500] "GET /t00l.php HTTP/1.1" 301 0 "-" "-"
20.104.206.150 - - [02/Mar/2026:21:29:15 -0500] "GET /t00l.php HTTP/1.1" 404 55220 "-" "-"
216.244.66.227 - - [02/Mar/2026:22:10:50 -0500] "GET /?feed=rss2&p=5714 HTTP/1.1" 301 0 "-" "Mozilla/5.0 (compatible; DotBot/1.2; +https://opensiteexplorer.org/dotbot; [email protected])"
216.244.66.227 - - [02/Mar/2026:22:04:06 -0500] "GET /robots.txt HTTP/1.1" 200 122 "-" "Mozilla/5.0 (compatible; DotBot/1.2; +https://opensiteexplorer.org/dotbot; [email protected])"
203.159.90.13 - - [02/Mar/2026:22:19:59 -0500] "GET / HTTP/1.1" 301 0 "-" "-"
216.244.66.227 - - [02/Mar/2026:22:48:56 -0500] "GET /robots.txt HTTP/1.1" 200 122 "-" "Mozilla/5.0 (compatible; DotBot/1.2; +https://opensiteexplorer.org/dotbot; [email protected])"
216.244.66.227 - - [02/Mar/2026:22:54:06 -0500] "GET /?p=6074 HTTP/1.1" 301 0 "-" "Mozilla/5.0 (compatible; DotBot/1.2; +https://opensiteexplorer.org/dotbot; [email protected])"
216.244.66.227 - - [02/Mar/2026:22:54:11 -0500] "GET /?p=6666 HTTP/1.1" 301 0 "-" "Mozilla/5.0 (compatible; DotBot/1.2; +https://opensiteexplorer.org/dotbot; [email protected])"
216.244.66.227 - - [02/Mar/2026:22:55:05 -0500] "GET /?cat=52&paged=9 HTTP/1.1" 301 0 "-" "Mozilla/5.0 (compatible; DotBot/1.2; +https://opensiteexplorer.org/dotbot; [email protected])"
216.244.66.227 - - [02/Mar/2026:22:55:13 -0500] "GET /?author=1&paged=43 HTTP/1.1" 301 0 "-" "Mozilla/5.0 (compatible; DotBot/1.2; +https://opensiteexplorer.org/dotbot; [email protected])"
216.244.66.227 - - [02/Mar/2026:22:55:56 -0500] "GET /?feed=rss2&p=5409 HTTP/1.1" 301 0 "-" "Mozilla/5.0 (compatible; DotBot/1.2; +https://opensiteexplorer.org/dotbot; [email protected])"
216.244.66.227 - - [02/Mar/2026:22:56:16 -0500] "GET /?feed=rss2&p=6506 HTTP/1.1" 301 0 "-" "Mozilla/5.0 (compatible; DotBot/1.2; +https://opensiteexplorer.org/dotbot; [email protected])"
162.213.253.84 - - [02/Mar/2026:22:56:35 -0500] "POST /wp-cron.php?doing_wp_cron=1772510195.3802409172058105468750 HTTP/1.1" 200 0 "http://www.thedubaitoday.com/wp-cron.php?doing_wp_cron=1772510195.3802409172058105468750" "WordPress/5.5.16; https://www.thedubaitoday.com"
216.244.66.227 - - [02/Mar/2026:22:56:34 -0500] "GET /page/173/ HTTP/1.1" 301 0 "-" "Mozilla/5.0 (compatible; DotBot/1.2; +https://opensiteexplorer.org/dotbot; [email protected])"
216.244.66.227 - - [02/Mar/2026:22:56:53 -0500] "GET /page/21/ HTTP/1.1" 301 0 "-" "Mozilla/5.0 (compatible; DotBot/1.2; +https://opensiteexplorer.org/dotbot; [email protected])"
216.244.66.227 - - [02/Mar/2026:22:57:26 -0500] "GET /page/62/ HTTP/1.1" 301 0 "-" "Mozilla/5.0 (compatible; DotBot/1.2; +https://opensiteexplorer.org/dotbot; [email protected])"
216.244.66.227 - - [02/Mar/2026:22:57:41 -0500] "GET /page/69/ HTTP/1.1" 301 0 "-" "Mozilla/5.0 (compatible; DotBot/1.2; +https://opensiteexplorer.org/dotbot; [email protected])"
43.156.204.134 - - [02/Mar/2026:22:58:54 -0500] "GET / HTTP/1.1" 301 0 "-" "Mozilla/5.0 (iPhone; CPU iPhone OS 13_2_3 like Mac OS X) AppleWebKit/605.1.15 (KHTML, like Gecko) Version/13.0.3 Mobile/15E148 Safari/604.1"
216.244.66.227 - - [02/Mar/2026:22:54:01 -0500] "GET /?p=4244 HTTP/1.1" 301 0 "-" "Mozilla/5.0 (compatible; DotBot/1.2; +https://opensiteexplorer.org/dotbot; [email protected])"
216.244.66.227 - - [02/Mar/2026:22:55:35 -0500] "GET /?author=1&paged=49 HTTP/1.1" 301 0 "-" "Mozilla/5.0 (compatible; DotBot/1.2; +https://opensiteexplorer.org/dotbot; [email protected])"
216.244.66.227 - - [02/Mar/2026:22:57:10 -0500] "GET /page/27/ HTTP/1.1" 301 0 "-" "Mozilla/5.0 (compatible; DotBot/1.2; +https://opensiteexplorer.org/dotbot; [email protected])"
216.244.66.227 - - [02/Mar/2026:23:04:49 -0500] "GET /?feed=rss2&p=9891 HTTP/1.1" 301 0 "-" "Mozilla/5.0 (compatible; DotBot/1.2; +https://opensiteexplorer.org/dotbot; [email protected])"
216.244.66.227 - - [02/Mar/2026:23:11:14 -0500] "GET /ajman-crown-prince-receives-ambassador-of-fiji/feed/ HTTP/1.1" 200 867 "-" "Mozilla/5.0 (compatible; DotBot/1.2; +https://opensiteexplorer.org/dotbot; [email protected])"
216.244.66.227 - - [02/Mar/2026:23:13:01 -0500] "GET /mansour-bin-zayed-approves-2022-2023-season-programme-of-emirates-international-endurance-village/feed/ HTTP/1.1" 200 1020 "-" "Mozilla/5.0 (compatible; DotBot/1.2; +https://opensiteexplorer.org/dotbot; [email protected])"
162.213.253.84 - - [02/Mar/2026:23:13:02 -0500] "POST /wp-cron.php?doing_wp_cron=1772511182.0916569232940673828125 HTTP/1.1" 200 0 "http://www.thedubaitoday.com/wp-cron.php?doing_wp_cron=1772511182.0916569232940673828125" "WordPress/5.5.16; https://www.thedubaitoday.com"
95.214.52.207 - - [02/Mar/2026:23:30:59 -0500] "HEAD / HTTP/1.1" 301 0 "-" "Mozilla/5.0 (Macintosh; Intel Mac OS X 10_15_7) AppleWebKit/537.36 (KHTML, like Gecko) Chrome/145.0.0.0 Safari/537.36"
216.244.66.227 - - [02/Mar/2026:23:33:18 -0500] "GET /robots.txt HTTP/1.1" 200 122 "-" "Mozilla/5.0 (compatible; DotBot/1.2; +https://opensiteexplorer.org/dotbot; [email protected])"
216.244.66.227 - - [02/Mar/2026:23:40:01 -0500] "GET /?feed=rss2&p=8303 HTTP/1.1" 301 0 "-" "Mozilla/5.0 (compatible; DotBot/1.2; +https://opensiteexplorer.org/dotbot; [email protected])"
162.213.253.84 - - [02/Mar/2026:23:41:28 -0500] "POST /wp-cron.php?doing_wp_cron=1772512888.0993559360504150390625 HTTP/1.1" 200 0 "http://www.thedubaitoday.com/wp-cron.php?doing_wp_cron=1772512888.0993559360504150390625" "WordPress/5.5.16; https://www.thedubaitoday.com"
216.244.66.227 - - [02/Mar/2026:23:53:14 -0500] "GET /page/123/ HTTP/1.1" 301 0 "-" "Mozilla/5.0 (compatible; DotBot/1.2; +https://opensiteexplorer.org/dotbot; [email protected])"
216.244.66.227 - - [02/Mar/2026:23:39:12 -0500] "GET /?cat=50&paged=7 HTTP/1.1" 301 0 "-" "Mozilla/5.0 (compatible; DotBot/1.2; +https://opensiteexplorer.org/dotbot; [email protected])"
216.244.66.227 - - [02/Mar/2026:23:39:40 -0500] "GET /?feed=rss2&p=7539 HTTP/1.1" 301 0 "-" "Mozilla/5.0 (compatible; DotBot/1.2; +https://opensiteexplorer.org/dotbot; [email protected])"
216.244.66.227 - - [02/Mar/2026:23:41:27 -0500] "GET /dahc-axdev-global-pfizer-global-medical-grants-partner-for-chronically-ill-patients-enhanced-care/ HTTP/1.1" 200 75575 "-" "Mozilla/5.0 (compatible; DotBot/1.2; +https://opensiteexplorer.org/dotbot; [email protected])"
49.51.196.42 - - [02/Mar/2026:23:43:17 -0500] "GET / HTTP/1.1" 301 0 "-" "Mozilla/5.0 (iPhone; CPU iPhone OS 13_2_3 like Mac OS X) AppleWebKit/605.1.15 (KHTML, like Gecko) Version/13.0.3 Mobile/15E148 Safari/604.1"
111.172.6.158 - - [02/Mar/2026:23:47:52 -0500] "GET / HTTP/1.1" 301 0 "-" "Mozilla/5.0 (Linux; Android 11; Pixel 5) AppleWebKit/537.36 (KHTML, like Gecko) Chrome/113.0.5672.53 Mobile Safari/537.36"
216.244.66.227 - - [02/Mar/2026:23:55:20 -0500] "GET /uae-president-vp-congratulate-king-abdullah-of-jordan-on-accession-to-throne-day/feed/ HTTP/1.1" 200 970 "-" "Mozilla/5.0 (compatible; DotBot/1.2; +https://opensiteexplorer.org/dotbot; [email protected])"
51.68.111.212 - - [03/Mar/2026:00:10:47 -0500] "GET /robots.txt HTTP/1.1" 301 0 "-" "Mozilla/5.0 (compatible; MJ12bot/v2.0.5; http://mj12bot.com/)"
51.68.111.212 - - [03/Mar/2026:00:10:47 -0500] "GET /robots.txt HTTP/1.1" 200 103 "-" "Mozilla/5.0 (compatible; MJ12bot/v2.0.5; http://mj12bot.com/)"
51.68.111.212 - - [03/Mar/2026:00:10:47 -0500] "GET / HTTP/1.1" 301 0 "-" "Mozilla/5.0 (compatible; MJ12bot/v2.0.5; http://mj12bot.com/)"
216.244.66.227 - - [03/Mar/2026:00:23:39 -0500] "GET /?feed=rss2&p=4500 HTTP/1.1" 301 0 "-" "Mozilla/5.0 (compatible; DotBot/1.2; +https://opensiteexplorer.org/dotbot; [email protected])"
216.244.66.227 - - [03/Mar/2026:00:23:48 -0500] "GET /?feed=rss2&p=7850 HTTP/1.1" 301 0 "-" "Mozilla/5.0 (compatible; DotBot/1.2; +https://opensiteexplorer.org/dotbot; [email protected])"
216.244.66.227 - - [03/Mar/2026:00:25:47 -0500] "GET /environment-agency-abu-dhabi-releases-batch-of-rescued-and-rehabilitated-sea-turtles/ HTTP/1.1" 200 69226 "-" "Mozilla/5.0 (compatible; DotBot/1.2; +https://opensiteexplorer.org/dotbot; [email protected])"
216.244.66.227 - - [03/Mar/2026:00:17:29 -0500] "GET /robots.txt HTTP/1.1" 200 122 "-" "Mozilla/5.0 (compatible; DotBot/1.2; +https://opensiteexplorer.org/dotbot; [email protected])"
216.244.66.227 - - [03/Mar/2026:00:23:44 -0500] "GET /?feed=rss2&p=6310 HTTP/1.1" 301 0 "-" "Mozilla/5.0 (compatible; DotBot/1.2; +https://opensiteexplorer.org/dotbot; [email protected])"
216.244.66.227 - - [03/Mar/2026:00:23:52 -0500] "GET /?feed=rss2&p=8541 HTTP/1.1" 301 0 "-" "Mozilla/5.0 (compatible; DotBot/1.2; +https://opensiteexplorer.org/dotbot; [email protected])"
216.244.66.227 - - [03/Mar/2026:00:24:03 -0500] "GET /page/132/ HTTP/1.1" 301 0 "-" "Mozilla/5.0 (compatible; DotBot/1.2; +https://opensiteexplorer.org/dotbot; [email protected])"
216.244.66.227 - - [03/Mar/2026:00:25:42 -0500] "GET /abdullah-bin-zayed-world-leaders-hail-expo-2020-dubai-as-unifying-event-fostering-innovation-and-sustainable-future/ HTTP/1.1" 200 75007 "-" "Mozilla/5.0 (compatible; DotBot/1.2; +https://opensiteexplorer.org/dotbot; [email protected])"
216.244.66.227 - - [03/Mar/2026:00:25:53 -0500] "GET /mohammed-bin-rashid-receives-prime-minister-of-north-macedonia/ HTTP/1.1" 200 70319 "-" "Mozilla/5.0 (compatible; DotBot/1.2; +https://opensiteexplorer.org/dotbot; [email protected])"
216.244.66.227 - - [03/Mar/2026:00:38:50 -0500] "GET /uae-president-greek-pm-review-consolidating-their-strategic-partnership/feed/ HTTP/1.1" 200 943 "-" "Mozilla/5.0 (compatible; DotBot/1.2; +https://opensiteexplorer.org/dotbot; [email protected])"
69.160.160.51 - - [03/Mar/2026:00:45:01 -0500] "GET / HTTP/1.1" 301 0 "http://thedubaitoday.com" "Mozilla/5.0 AppleWebKit/537.36 (KHTML, like Gecko; compatible; Nicecrawler/1.1; +http://www.nicecrawler.com/) Chrome/90.0.4430.97 Safari/537.36"
69.160.160.51 - - [03/Mar/2026:00:45:02 -0500] "GET / HTTP/1.1" 301 0 "-" "Mozilla/5.0 (X11; Linux x86_64) AppleWebKit/537.36 (KHTML, like Gecko) HeadlessChrome/78.0.3904.70 Safari/537.36"
69.160.160.51 - - [03/Mar/2026:00:45:20 -0500] "GET /robots.txt HTTP/1.1" 301 0 "-" "Mozilla/5.0 (Windows NT 10.0; Win64; x64) AppleWebKit/537.36 (KHTML, like Gecko) Chrome/58.0.3029.110 Safari/537.3"
69.160.160.51 - - [03/Mar/2026:00:45:20 -0500] "GET /robots.txt HTTP/1.1" 200 122 "-" "Mozilla/5.0 (Windows NT 10.0; Win64; x64) AppleWebKit/537.36 (KHTML, like Gecko) Chrome/58.0.3029.110 Safari/537.3"
216.244.66.227 - - [03/Mar/2026:01:01:45 -0500] "GET /robots.txt HTTP/1.1" 200 122 "-" "Mozilla/5.0 (compatible; DotBot/1.2; +https://opensiteexplorer.org/dotbot; [email protected])"
35.72.126.79 - - [03/Mar/2026:01:04:09 -0500] "GET /category/products/ HTTP/1.1" 301 0 "-" "Mozilla/5.0 (Macintosh; Intel Mac OS X 10_15_7) AppleWebKit/537.36 (KHTML, like Gecko) Chrome/121.0.0.0 Safari/537.36"
35.72.126.79 - - [03/Mar/2026:01:04:09 -0500] "GET /category/art/ HTTP/1.1" 301 0 "-" "Mozilla/5.0 (Macintosh; Intel Mac OS X 10_15_7) AppleWebKit/537.36 (KHTML, like Gecko) Chrome/121.0.0.0 Safari/537.36"
35.72.126.79 - - [03/Mar/2026:01:04:09 -0500] "GET /category/business/ HTTP/1.1" 301 0 "-" "Mozilla/5.0 (Macintosh; Intel Mac OS X 10_15_7) AppleWebKit/537.36 (KHTML, like Gecko) Chrome/121.0.0.0 Safari/537.36"
35.72.126.79 - - [03/Mar/2026:01:04:11 -0500] "GET /category/art/ HTTP/1.1" 200 16716 "-" "Mozilla/5.0 (Macintosh; Intel Mac OS X 10_15_7) AppleWebKit/537.36 (KHTML, like Gecko) Chrome/121.0.0.0 Safari/537.36"
35.72.126.79 - - [03/Mar/2026:01:04:14 -0500] "GET /category/awards/ HTTP/1.1" 301 0 "-" "Mozilla/5.0 (Macintosh; Intel Mac OS X 10_15_7) AppleWebKit/537.36 (KHTML, like Gecko) Chrome/121.0.0.0 Safari/537.36"
216.244.66.227 - - [03/Mar/2026:01:07:57 -0500] "GET /?author=1&paged=87 HTTP/1.1" 301 0 "-" "Mozilla/5.0 (compatible; DotBot/1.2; +https://opensiteexplorer.org/dotbot; [email protected])"
35.72.126.79 - - [03/Mar/2026:01:04:05 -0500] "GET / HTTP/1.1" 301 0 "-" "Mozilla/5.0 (Macintosh; Intel Mac OS X 10_15_7) AppleWebKit/537.36 (KHTML, like Gecko) Chrome/121.0.0.0 Safari/537.36"
35.72.126.79 - - [03/Mar/2026:01:04:11 -0500] "GET /category/business/ HTTP/1.1" 200 16746 "-" "Mozilla/5.0 (Macintosh; Intel Mac OS X 10_15_7) AppleWebKit/537.36 (KHTML, like Gecko) Chrome/121.0.0.0 Safari/537.36"
35.72.126.79 - - [03/Mar/2026:01:04:11 -0500] "GET /category/products/ HTTP/1.1" 200 16743 "-" "Mozilla/5.0 (Macintosh; Intel Mac OS X 10_15_7) AppleWebKit/537.36 (KHTML, like Gecko) Chrome/121.0.0.0 Safari/537.36"
35.72.126.79 - - [03/Mar/2026:01:04:16 -0500] "GET /category/awards/ HTTP/1.1" 200 16579 "-" "Mozilla/5.0 (Macintosh; Intel Mac OS X 10_15_7) AppleWebKit/537.36 (KHTML, like Gecko) Chrome/121.0.0.0 Safari/537.36"
216.244.66.227 - - [03/Mar/2026:01:06:44 -0500] "GET /?p=4268 HTTP/1.1" 301 0 "-" "Mozilla/5.0 (compatible; DotBot/1.2; +https://opensiteexplorer.org/dotbot; [email protected])"
216.244.66.227 - - [03/Mar/2026:01:08:01 -0500] "GET /?feed=rss2&p=4813 HTTP/1.1" 301 0 "-" "Mozilla/5.0 (compatible; DotBot/1.2; +https://opensiteexplorer.org/dotbot; [email protected])"
216.244.66.227 - - [03/Mar/2026:01:08:18 -0500] "GET /page/29/ HTTP/1.1" 301 0 "-" "Mozilla/5.0 (compatible; DotBot/1.2; +https://opensiteexplorer.org/dotbot; [email protected])"
51.68.111.199 - - [03/Mar/2026:01:23:56 -0500] "GET /robots.txt HTTP/1.1" 200 103 "-" "Mozilla/5.0 (compatible; MJ12bot/v2.0.5; http://mj12bot.com/)"
51.68.111.199 - - [03/Mar/2026:01:23:56 -0500] "GET / HTTP/1.1" 301 0 "-" "Mozilla/5.0 (compatible; MJ12bot/v2.0.5; http://mj12bot.com/)"
216.244.66.227 - - [03/Mar/2026:01:46:35 -0500] "GET /robots.txt HTTP/1.1" 200 122 "-" "Mozilla/5.0 (compatible; DotBot/1.2; +https://opensiteexplorer.org/dotbot; [email protected])"
216.244.66.227 - - [03/Mar/2026:01:53:06 -0500] "GET /?feed=rss2&p=8882 HTTP/1.1" 301 0 "-" "Mozilla/5.0 (compatible; DotBot/1.2; +https://opensiteexplorer.org/dotbot; [email protected])"
216.244.66.227 - - [03/Mar/2026:01:55:16 -0500] "GET /primary-care-conference-focuses-on-latest-updates-and-trends-in-healthcare/ HTTP/1.1" 200 74216 "-" "Mozilla/5.0 (compatible; DotBot/1.2; +https://opensiteexplorer.org/dotbot; [email protected])"
162.213.253.84 - - [03/Mar/2026:01:57:26 -0500] "POST /wp-cron.php?doing_wp_cron=1772521046.2819631099700927734375 HTTP/1.1" 200 0 "http://www.thedubaitoday.com/wp-cron.php?doing_wp_cron=1772521046.2819631099700927734375" "WordPress/5.5.16; https://www.thedubaitoday.com"
216.244.66.227 - - [03/Mar/2026:01:57:25 -0500] "GET /dubai-culture-promotes-culture-of-innovation-among-children-and-adults/ HTTP/1.1" 200 67669 "-" "Mozilla/5.0 (compatible; DotBot/1.2; +https://opensiteexplorer.org/dotbot; [email protected])"
216.244.66.227 - - [03/Mar/2026:01:57:56 -0500] "GET /khaled-bin-mohamed-bin-zayed-endorses-expansion-of-charter-schools-programme/ HTTP/1.1" 200 71370 "-" "Mozilla/5.0 (compatible; DotBot/1.2; +https://opensiteexplorer.org/dotbot; [email protected])"
216.244.66.227 - - [03/Mar/2026:01:54:13 -0500] "GET /mohammed-bin-rashid-meets-with-climate-policy-and-space-sector-decision-makers-attending-space-agencies-leaders-summit-at-cop28/ HTTP/1.1" 200 70550 "-" "Mozilla/5.0 (compatible; DotBot/1.2; +https://opensiteexplorer.org/dotbot; [email protected])"
216.244.66.227 - - [03/Mar/2026:02:10:13 -0500] "GET /?author=1&paged=16 HTTP/1.1" 301 0 "-" "Mozilla/5.0 (compatible; DotBot/1.2; +https://opensiteexplorer.org/dotbot; [email protected])"
216.244.66.227 - - [03/Mar/2026:02:38:11 -0500] "GET /page/16/ HTTP/1.1" 301 0 "-" "Mozilla/5.0 (compatible; DotBot/1.2; +https://opensiteexplorer.org/dotbot; [email protected])"
216.244.66.227 - - [03/Mar/2026:02:31:15 -0500] "GET /robots.txt HTTP/1.1" 200 122 "-" "Mozilla/5.0 (compatible; DotBot/1.2; +https://opensiteexplorer.org/dotbot; [email protected])"
40.69.66.178 - - [03/Mar/2026:02:31:37 -0500] "GET /wp-content/plugins/hellopress/wp_filemanager.php HTTP/1.1" 301 0 "-" "-"
216.244.66.227 - - [03/Mar/2026:02:36:28 -0500] "GET /?p=6355 HTTP/1.1" 301 0 "-" "Mozilla/5.0 (compatible; DotBot/1.2; +https://opensiteexplorer.org/dotbot; [email protected])"
216.244.66.227 - - [03/Mar/2026:02:36:34 -0500] "GET /?p=8219 HTTP/1.1" 301 0 "-" "Mozilla/5.0 (compatible; DotBot/1.2; +https://opensiteexplorer.org/dotbot; [email protected])"
216.244.66.227 - - [03/Mar/2026:02:37:52 -0500] "GET /?feed=rss2&p=7360 HTTP/1.1" 301 0 "-" "Mozilla/5.0 (compatible; DotBot/1.2; +https://opensiteexplorer.org/dotbot; [email protected])"
216.244.66.227 - - [03/Mar/2026:02:37:57 -0500] "GET /?feed=rss2&p=7811 HTTP/1.1" 301 0 "-" "Mozilla/5.0 (compatible; DotBot/1.2; +https://opensiteexplorer.org/dotbot; [email protected])"
216.244.66.227 - - [03/Mar/2026:02:54:04 -0500] "GET /rakta-launches-internal-bus-service/feed/ HTTP/1.1" 200 834 "-" "Mozilla/5.0 (compatible; DotBot/1.2; +https://opensiteexplorer.org/dotbot; [email protected])"
216.244.66.227 - - [03/Mar/2026:02:54:42 -0500] "GET /dubai-consolidates-its-position-as-fdi-global-city-of-the-future/feed/ HTTP/1.1" 200 931 "-" "Mozilla/5.0 (compatible; DotBot/1.2; +https://opensiteexplorer.org/dotbot; [email protected])"
216.244.66.227 - - [03/Mar/2026:02:54:46 -0500] "GET /wizz-air-abu-dhabi-launches-new-route-to-mattala-sri-lanka/feed/ HTTP/1.1" 200 904 "-" "Mozilla/5.0 (compatible; DotBot/1.2; +https://opensiteexplorer.org/dotbot; [email protected])"
216.244.66.227 - - [03/Mar/2026:03:16:42 -0500] "GET /robots.txt HTTP/1.1" 200 122 "-" "Mozilla/5.0 (compatible; DotBot/1.2; +https://opensiteexplorer.org/dotbot; [email protected])"
34.63.8.89 - - [03/Mar/2026:03:22:36 -0500] "GET /media/system/js/core.js HTTP/1.1" 301 0 "-" "Mozilla/5.0 (Macintosh; Intel Mac OS X 10_10_1) AppleWebKit/537.36 (KHTML, like Gecko) Chrome/39.0.2171.95 Safari/537.36"
34.63.8.89 - - [03/Mar/2026:03:22:40 -0500] "GET /media/system/js/core.js HTTP/1.1" 200 0 "http://thedubaitoday.com/media/system/js/core.js" "Mozilla/5.0 (Macintosh; Intel Mac OS X 10_10_1) AppleWebKit/537.36 (KHTML, like Gecko) Chrome/39.0.2171.95 Safari/537.36"
216.244.66.227 - - [03/Mar/2026:03:23:16 -0500] "GET /?feed=rss2&p=3792 HTTP/1.1" 301 0 "-" "Mozilla/5.0 (compatible; DotBot/1.2; +https://opensiteexplorer.org/dotbot; [email protected])"
216.244.66.227 - - [03/Mar/2026:03:23:21 -0500] "GET /?feed=rss2&p=3799 HTTP/1.1" 301 0 "-" "Mozilla/5.0 (compatible; DotBot/1.2; +https://opensiteexplorer.org/dotbot; [email protected])"
216.244.66.227 - - [03/Mar/2026:03:23:25 -0500] "GET /?feed=rss2&p=5564 HTTP/1.1" 301 0 "-" "Mozilla/5.0 (compatible; DotBot/1.2; +https://opensiteexplorer.org/dotbot; [email protected])"
216.244.66.227 - - [03/Mar/2026:03:23:29 -0500] "GET /?feed=rss2&p=8252 HTTP/1.1" 301 0 "-" "Mozilla/5.0 (compatible; DotBot/1.2; +https://opensiteexplorer.org/dotbot; [email protected])"
216.244.66.227 - - [03/Mar/2026:03:25:11 -0500] "GET /uae-president-receives-turkish-leaders-congratulations-on-new-leadership-appointments-in-uae-and-abu-dhabi/ HTTP/1.1" 200 67306 "-" "Mozilla/5.0 (compatible; DotBot/1.2; +https://opensiteexplorer.org/dotbot; [email protected])"
216.244.66.227 - - [03/Mar/2026:03:26:12 -0500] "GET /category/national-news/page/8/ HTTP/1.1" 200 86889 "-" "Mozilla/5.0 (compatible; DotBot/1.2; +https://opensiteexplorer.org/dotbot; [email protected])"