209.141.46.91 - - [11/Jun/2026:18:13:51 -0400] "POST /wp-login.php HTTP/1.1" 200 6700 "-" "Mozilla/5.0 (Windows NT 6.1; Trident/7.0; rv:11.0) like Gecko"
162.213.253.84 - - [11/Jun/2026:18:13:52 -0400] "POST /wp-admin/admin-ajax.php?action=async_litespeed&nonce=f21329decd&litespeed_type=imgoptm HTTP/1.1" 200 21 "https://tejoversea.com/wp-admin/admin-ajax.php?action=async_litespeed&nonce=f21329decd&litespeed_type=imgoptm" "WordPress/6.0.2; https://tejoversea.com"
205.185.119.54 - - [11/Jun/2026:19:27:40 -0400] "GET /wp-login.php HTTP/1.1" 200 6507 "-" "Mozilla/5.0 (X11; Linux x86_64) AppleWebKit/537.36 (KHTML, like Gecko) Chrome/35.0.1916.153 Safari/537.36"
162.213.253.84 - - [11/Jun/2026:19:29:08 -0400] "POST /wp-cron.php?doing_wp_cron=1781220547.7375888824462890625000 HTTP/1.1" 200 0 "https://tejoversea.com/wp-cron.php?doing_wp_cron=1781220547.7375888824462890625000" "WordPress/6.0.2; https://tejoversea.com"
162.213.253.84 - - [11/Jun/2026:19:29:09 -0400] "POST /wp-admin/admin-ajax.php?action=async_litespeed&nonce=f21329decd&litespeed_type=imgoptm HTTP/1.1" 200 0 "https://tejoversea.com/wp-admin/admin-ajax.php?action=async_litespeed&nonce=f21329decd&litespeed_type=imgoptm" "WordPress/6.0.2; https://tejoversea.com"
205.185.119.54 - - [11/Jun/2026:19:29:07 -0400] "POST /wp-login.php HTTP/1.1" 200 6700 "-" "Mozilla/5.0 (X11; Linux x86_64) AppleWebKit/537.36 (KHTML, like Gecko) Chrome/35.0.1916.153 Safari/537.36"
162.213.253.84 - - [11/Jun/2026:19:31:58 -0400] "POST /wp-cron.php?doing_wp_cron=1781220718.3374950885772705078125 HTTP/1.1" 200 0 "https://tejoversea.com/wp-cron.php?doing_wp_cron=1781220718.3374950885772705078125" "WordPress/6.0.2; https://tejoversea.com"
162.213.253.84 - - [11/Jun/2026:19:31:58 -0400] "POST /wp-admin/admin-ajax.php?action=async_litespeed&nonce=f21329decd&litespeed_type=imgoptm HTTP/1.1" 200 0 "https://tejoversea.com/wp-admin/admin-ajax.php?action=async_litespeed&nonce=f21329decd&litespeed_type=imgoptm" "WordPress/6.0.2; https://tejoversea.com"
20.214.111.181 - - [11/Jun/2026:19:31:57 -0400] "GET /a.php HTTP/1.1" 404 6972 "-" "Mozilla/5.0 (Windows NT 10.0; Win64; x64) AppleWebKit/537.36 (KHTML, like Gecko) Chrome/120.0.0.0 Safari/537.36"
20.214.111.181 - - [11/Jun/2026:19:32:00 -0400] "GET /aa.php HTTP/1.1" 404 6982 "-" "Mozilla/5.0 (Windows NT 10.0; Win64; x64) AppleWebKit/537.36 (KHTML, like Gecko) Chrome/120.0.0.0 Safari/537.36"
20.214.111.181 - - [11/Jun/2026:19:32:00 -0400] "GET /aaa.php HTTP/1.1" 404 6970 "-" "Mozilla/5.0 (Windows NT 10.0; Win64; x64) AppleWebKit/537.36 (KHTML, like Gecko) Chrome/120.0.0.0 Safari/537.36"
20.214.111.181 - - [11/Jun/2026:19:32:04 -0400] "GET /anonse/lock360.php HTTP/1.1" 404 6978 "-" "Mozilla/5.0 (Windows NT 10.0; Win64; x64) AppleWebKit/537.36 (KHTML, like Gecko) Chrome/120.0.0.0 Safari/537.36"
20.214.111.181 - - [11/Jun/2026:19:32:06 -0400] "GET /file5.php HTTP/1.1" 404 6985 "-" "Mozilla/5.0 (Windows NT 10.0; Win64; x64) AppleWebKit/537.36 (KHTML, like Gecko) Chrome/120.0.0.0 Safari/537.36"
20.214.111.181 - - [11/Jun/2026:19:32:06 -0400] "GET /sitemaps.php HTTP/1.1" 404 6985 "-" "Mozilla/5.0 (Windows NT 10.0; Win64; x64) AppleWebKit/537.36 (KHTML, like Gecko) Chrome/120.0.0.0 Safari/537.36"
20.214.111.181 - - [11/Jun/2026:19:32:09 -0400] "GET /autoload_classmap.php HTTP/1.1" 404 6980 "-" "Mozilla/5.0 (Windows NT 10.0; Win64; x64) AppleWebKit/537.36 (KHTML, like Gecko) Chrome/120.0.0.0 Safari/537.36"
20.214.111.181 - - [11/Jun/2026:19:32:10 -0400] "GET /post.php HTTP/1.1" 404 6983 "-" "Mozilla/5.0 (Windows NT 10.0; Win64; x64) AppleWebKit/537.36 (KHTML, like Gecko) Chrome/120.0.0.0 Safari/537.36"
20.214.111.181 - - [11/Jun/2026:19:32:12 -0400] "GET /1.php HTTP/1.1" 404 6972 "-" "Mozilla/5.0 (Windows NT 10.0; Win64; x64) AppleWebKit/537.36 (KHTML, like Gecko) Chrome/120.0.0.0 Safari/537.36"
20.214.111.181 - - [11/Jun/2026:19:32:14 -0400] "GET /file.php HTTP/1.1" 404 6983 "-" "Mozilla/5.0 (Windows NT 10.0; Win64; x64) AppleWebKit/537.36 (KHTML, like Gecko) Chrome/120.0.0.0 Safari/537.36"
20.214.111.181 - - [11/Jun/2026:19:32:15 -0400] "GET /default.php HTTP/1.1" 404 6975 "-" "Mozilla/5.0 (Windows NT 10.0; Win64; x64) AppleWebKit/537.36 (KHTML, like Gecko) Chrome/120.0.0.0 Safari/537.36"
20.214.111.181 - - [11/Jun/2026:19:32:16 -0400] "GET /meta.php HTTP/1.1" 404 6983 "-" "Mozilla/5.0 (Windows NT 10.0; Win64; x64) AppleWebKit/537.36 (KHTML, like Gecko) Chrome/120.0.0.0 Safari/537.36"
20.214.111.181 - - [11/Jun/2026:19:32:17 -0400] "GET /index.php HTTP/1.1" 301 0 "-" "Mozilla/5.0 (Windows NT 10.0; Win64; x64) AppleWebKit/537.36 (KHTML, like Gecko) Chrome/120.0.0.0 Safari/537.36"
162.213.253.84 - - [11/Jun/2026:19:32:18 -0400] "POST /wp-cron.php?doing_wp_cron=1781220738.2152841091156005859375 HTTP/1.1" 200 0 "https://tejoversea.com/wp-cron.php?doing_wp_cron=1781220738.2152841091156005859375" "WordPress/6.0.2; https://tejoversea.com"
20.214.111.181 - - [11/Jun/2026:19:32:17 -0400] "GET /about.php HTTP/1.1" 404 6973 "-" "Mozilla/5.0 (Windows NT 10.0; Win64; x64) AppleWebKit/537.36 (KHTML, like Gecko) Chrome/120.0.0.0 Safari/537.36"
20.214.111.181 - - [11/Jun/2026:19:32:21 -0400] "GET /hehe.php HTTP/1.1" 404 6982 "-" "Mozilla/5.0 (Windows NT 10.0; Win64; x64) AppleWebKit/537.36 (KHTML, like Gecko) Chrome/120.0.0.0 Safari/537.36"
20.214.111.181 - - [11/Jun/2026:19:32:22 -0400] "GET /user.php HTTP/1.1" 404 6981 "-" "Mozilla/5.0 (Windows NT 10.0; Win64; x64) AppleWebKit/537.36 (KHTML, like Gecko) Chrome/120.0.0.0 Safari/537.36"
20.214.111.181 - - [11/Jun/2026:19:32:02 -0400] "GET /ab.php HTTP/1.1" 404 6983 "-" "Mozilla/5.0 (Windows NT 10.0; Win64; x64) AppleWebKit/537.36 (KHTML, like Gecko) Chrome/120.0.0.0 Safari/537.36"
20.214.111.181 - - [11/Jun/2026:19:32:03 -0400] "GET /lock360.php HTTP/1.1" 404 6984 "-" "Mozilla/5.0 (Windows NT 10.0; Win64; x64) AppleWebKit/537.36 (KHTML, like Gecko) Chrome/120.0.0.0 Safari/537.36"
20.214.111.181 - - [11/Jun/2026:19:32:07 -0400] "GET /ioxi-o.php HTTP/1.1" 404 6977 "-" "Mozilla/5.0 (Windows NT 10.0; Win64; x64) AppleWebKit/537.36 (KHTML, like Gecko) Chrome/120.0.0.0 Safari/537.36"
20.214.111.181 - - [11/Jun/2026:19:32:08 -0400] "GET /load.php HTTP/1.1" 404 6983 "-" "Mozilla/5.0 (Windows NT 10.0; Win64; x64) AppleWebKit/537.36 (KHTML, like Gecko) Chrome/120.0.0.0 Safari/537.36"
20.214.111.181 - - [11/Jun/2026:19:32:08 -0400] "GET /k.php HTTP/1.1" 404 6971 "-" "Mozilla/5.0 (Windows NT 10.0; Win64; x64) AppleWebKit/537.36 (KHTML, like Gecko) Chrome/120.0.0.0 Safari/537.36"
162.213.253.84 - - [11/Jun/2026:19:32:11 -0400] "POST /wp-cron.php?doing_wp_cron=1781220731.0548329353332519531250 HTTP/1.1" 200 0 "https://tejoversea.com/wp-cron.php?doing_wp_cron=1781220731.0548329353332519531250" "WordPress/6.0.2; https://tejoversea.com"
20.214.111.181 - - [11/Jun/2026:19:32:13 -0400] "GET /flower.php HTTP/1.1" 404 6970 "-" "Mozilla/5.0 (Windows NT 10.0; Win64; x64) AppleWebKit/537.36 (KHTML, like Gecko) Chrome/120.0.0.0 Safari/537.36"
20.214.111.181 - - [11/Jun/2026:19:32:13 -0400] "GET /admin.php HTTP/1.1" 404 6976 "-" "Mozilla/5.0 (Windows NT 10.0; Win64; x64) AppleWebKit/537.36 (KHTML, like Gecko) Chrome/120.0.0.0 Safari/537.36"
20.214.111.181 - - [11/Jun/2026:19:32:15 -0400] "GET /defaults.php HTTP/1.1" 404 6981 "-" "Mozilla/5.0 (Windows NT 10.0; Win64; x64) AppleWebKit/537.36 (KHTML, like Gecko) Chrome/120.0.0.0 Safari/537.36"
162.213.253.84 - - [11/Jun/2026:19:32:18 -0400] "POST /wp-admin/admin-ajax.php?action=async_litespeed&nonce=f21329decd&litespeed_type=imgoptm HTTP/1.1" 200 21 "https://tejoversea.com/wp-admin/admin-ajax.php?action=async_litespeed&nonce=f21329decd&litespeed_type=imgoptm" "WordPress/6.0.2; https://tejoversea.com"
20.214.111.181 - - [11/Jun/2026:19:32:19 -0400] "GET /randkeyword.php HTTP/1.1" 404 6980 "-" "Mozilla/5.0 (Windows NT 10.0; Win64; x64) AppleWebKit/537.36 (KHTML, like Gecko) Chrome/120.0.0.0 Safari/537.36"
20.214.111.181 - - [11/Jun/2026:19:32:20 -0400] "GET /goods.php HTTP/1.1" 404 6984 "-" "Mozilla/5.0 (Windows NT 10.0; Win64; x64) AppleWebKit/537.36 (KHTML, like Gecko) Chrome/120.0.0.0 Safari/537.36"
20.214.111.181 - - [11/Jun/2026:19:32:28 -0400] "GET /cookie.php HTTP/1.1" 404 6977 "-" "Mozilla/5.0 (Windows NT 10.0; Win64; x64) AppleWebKit/537.36 (KHTML, like Gecko) Chrome/120.0.0.0 Safari/537.36"
20.214.111.181 - - [11/Jun/2026:19:32:28 -0400] "GET /xleet.php HTTP/1.1" 404 6984 "-" "Mozilla/5.0 (Windows NT 10.0; Win64; x64) AppleWebKit/537.36 (KHTML, like Gecko) Chrome/120.0.0.0 Safari/537.36"
20.214.111.181 - - [11/Jun/2026:19:32:29 -0400] "GET /root.php HTTP/1.1" 404 6974 "-" "Mozilla/5.0 (Windows NT 10.0; Win64; x64) AppleWebKit/537.36 (KHTML, like Gecko) Chrome/120.0.0.0 Safari/537.36"
20.214.111.181 - - [11/Jun/2026:19:32:29 -0400] "GET /menu.php HTTP/1.1" 404 6972 "-" "Mozilla/5.0 (Windows NT 10.0; Win64; x64) AppleWebKit/537.36 (KHTML, like Gecko) Chrome/120.0.0.0 Safari/537.36"
20.214.111.181 - - [11/Jun/2026:19:32:30 -0400] "GET /plugin.php HTTP/1.1" 404 6968 "-" "Mozilla/5.0 (Windows NT 10.0; Win64; x64) AppleWebKit/537.36 (KHTML, like Gecko) Chrome/120.0.0.0 Safari/537.36"
20.214.111.181 - - [11/Jun/2026:19:32:31 -0400] "GET /cloud.php HTTP/1.1" 404 6982 "-" "Mozilla/5.0 (Windows NT 10.0; Win64; x64) AppleWebKit/537.36 (KHTML, like Gecko) Chrome/120.0.0.0 Safari/537.36"
20.214.111.181 - - [11/Jun/2026:19:32:32 -0400] "GET /configs.php HTTP/1.1" 404 6984 "-" "Mozilla/5.0 (Windows NT 10.0; Win64; x64) AppleWebKit/537.36 (KHTML, like Gecko) Chrome/120.0.0.0 Safari/537.36"
20.214.111.181 - - [11/Jun/2026:19:32:32 -0400] "GET /wp-configs.php HTTP/1.1" 404 6981 "-" "Mozilla/5.0 (Windows NT 10.0; Win64; x64) AppleWebKit/537.36 (KHTML, like Gecko) Chrome/120.0.0.0 Safari/537.36"
20.214.111.181 - - [11/Jun/2026:19:32:34 -0400] "GET /2.php HTTP/1.1" 404 6972 "-" "Mozilla/5.0 (Windows NT 10.0; Win64; x64) AppleWebKit/537.36 (KHTML, like Gecko) Chrome/120.0.0.0 Safari/537.36"
20.214.111.181 - - [11/Jun/2026:19:32:35 -0400] "GET /input.php HTTP/1.1" 404 6972 "-" "Mozilla/5.0 (Windows NT 10.0; Win64; x64) AppleWebKit/537.36 (KHTML, like Gecko) Chrome/120.0.0.0 Safari/537.36"
20.214.111.181 - - [11/Jun/2026:19:32:36 -0400] "GET /aaa.php HTTP/1.1" 404 6970 "-" "Mozilla/5.0 (Windows NT 10.0; Win64; x64) AppleWebKit/537.36 (KHTML, like Gecko) Chrome/120.0.0.0 Safari/537.36"
205.185.124.128 - - [11/Jun/2026:19:35:57 -0400] "GET /wp-login.php HTTP/1.1" 200 6507 "-" "Mozilla/5.0 (Macintosh; Intel Mac OS X 10.9; rv:31.0) Gecko/20100101 Firefox/31.0"
162.213.253.84 - - [11/Jun/2026:19:39:22 -0400] "POST /wp-admin/admin-ajax.php?action=async_litespeed&nonce=f21329decd&litespeed_type=imgoptm HTTP/1.1" 200 0 "https://tejoversea.com/wp-admin/admin-ajax.php?action=async_litespeed&nonce=f21329decd&litespeed_type=imgoptm" "WordPress/6.0.2; https://tejoversea.com"
20.214.111.181 - - [11/Jun/2026:19:32:23 -0400] "GET /wp-2019.php HTTP/1.1" 404 6982 "-" "Mozilla/5.0 (Windows NT 10.0; Win64; x64) AppleWebKit/537.36 (KHTML, like Gecko) Chrome/120.0.0.0 Safari/537.36"
20.214.111.181 - - [11/Jun/2026:19:32:23 -0400] "GET /chosen.php HTTP/1.1" 404 6978 "-" "Mozilla/5.0 (Windows NT 10.0; Win64; x64) AppleWebKit/537.36 (KHTML, like Gecko) Chrome/120.0.0.0 Safari/537.36"
20.214.111.181 - - [11/Jun/2026:19:32:24 -0400] "GET /functions.php HTTP/1.1" 404 6979 "-" "Mozilla/5.0 (Windows NT 10.0; Win64; x64) AppleWebKit/537.36 (KHTML, like Gecko) Chrome/120.0.0.0 Safari/537.36"
20.214.111.181 - - [11/Jun/2026:19:32:25 -0400] "GET /cron.php HTTP/1.1" 404 6981 "-" "Mozilla/5.0 (Windows NT 10.0; Win64; x64) AppleWebKit/537.36 (KHTML, like Gecko) Chrome/120.0.0.0 Safari/537.36"
20.214.111.181 - - [11/Jun/2026:19:32:26 -0400] "GET /edit.php HTTP/1.1" 404 6981 "-" "Mozilla/5.0 (Windows NT 10.0; Win64; x64) AppleWebKit/537.36 (KHTML, like Gecko) Chrome/120.0.0.0 Safari/537.36"
20.214.111.181 - - [11/Jun/2026:19:32:27 -0400] "GET /gecko-new.php HTTP/1.1" 404 6985 "-" "Mozilla/5.0 (Windows NT 10.0; Win64; x64) AppleWebKit/537.36 (KHTML, like Gecko) Chrome/120.0.0.0 Safari/537.36"
20.214.111.181 - - [11/Jun/2026:19:32:34 -0400] "GET /update.php HTTP/1.1" 404 6977 "-" "Mozilla/5.0 (Windows NT 10.0; Win64; x64) AppleWebKit/537.36 (KHTML, like Gecko) Chrome/120.0.0.0 Safari/537.36"
162.213.253.84 - - [11/Jun/2026:19:39:21 -0400] "POST /wp-cron.php?doing_wp_cron=1781221161.6751940250396728515625 HTTP/1.1" 200 0 "https://tejoversea.com/wp-cron.php?doing_wp_cron=1781221161.6751940250396728515625" "WordPress/6.0.2; https://tejoversea.com"
205.185.124.128 - - [11/Jun/2026:19:39:21 -0400] "POST /wp-login.php HTTP/1.1" 200 6700 "-" "Mozilla/5.0 (Macintosh; Intel Mac OS X 10.9; rv:31.0) Gecko/20100101 Firefox/31.0"