74.7.243.195 - - [02/Mar/2026:15:08:20 -0500] "GET /gulfood-manufacturing-2022-set-to-tackle-global-food-system-challenges/ HTTP/1.1" 200 21175 "http://www.middleeastoday.com/?p=9262" "Mozilla/5.0 AppleWebKit/537.36 (KHTML, like Gecko; compatible; GPTBot/1.3; +https://openai.com/gptbot)"
74.7.243.195 - - [02/Mar/2026:15:07:46 -0500] "GET /?p=9494 HTTP/1.1" 301 0 "http://www.middleeastoday.com/abdullah-bin-zayed-lavrov-discuss-uae-russia-strategic-partnership/" "Mozilla/5.0 AppleWebKit/537.36 (KHTML, like Gecko; compatible; GPTBot/1.3; +https://openai.com/gptbot)"
74.7.243.195 - - [02/Mar/2026:15:07:47 -0500] "GET /abdullah-bin-zayed-lavrov-discuss-uae-russia-strategic-partnership/ HTTP/1.1" 200 21422 "http://www.middleeastoday.com/?p=9494" "Mozilla/5.0 AppleWebKit/537.36 (KHTML, like Gecko; compatible; GPTBot/1.3; +https://openai.com/gptbot)"
74.7.243.195 - - [02/Mar/2026:15:07:48 -0500] "GET /abdullah-bin-zayed-receives-president-of-swiss-confederation/ HTTP/1.1" 200 20138 "http://www.middleeastoday.com/?p=9498" "Mozilla/5.0 AppleWebKit/537.36 (KHTML, like Gecko; compatible; GPTBot/1.3; +https://openai.com/gptbot)"
74.7.243.195 - - [02/Mar/2026:15:07:49 -0500] "GET /?p=9226 HTTP/1.1" 301 0 "http://www.middleeastoday.com/maktoum-bin-mohammed-offers-condolences-over-death-of-queen-elizabeth-ii/" "Mozilla/5.0 AppleWebKit/537.36 (KHTML, like Gecko; compatible; GPTBot/1.3; +https://openai.com/gptbot)"
74.7.243.195 - - [02/Mar/2026:15:07:50 -0500] "GET /maktoum-bin-mohammed-offers-condolences-over-death-of-queen-elizabeth-ii/ HTTP/1.1" 200 20297 "http://www.middleeastoday.com/?p=9226" "Mozilla/5.0 AppleWebKit/537.36 (KHTML, like Gecko; compatible; GPTBot/1.3; +https://openai.com/gptbot)"
74.7.243.195 - - [02/Mar/2026:15:07:51 -0500] "GET /?p=9518 HTTP/1.1" 301 0 "http://www.middleeastoday.com/mohammed-bin-rashid-chairs-cabinet-meeting-and-approves-the-convening-of-the-uae-government-annual-meetings/" "Mozilla/5.0 AppleWebKit/537.36 (KHTML, like Gecko; compatible; GPTBot/1.3; +https://openai.com/gptbot)"
74.7.243.195 - - [02/Mar/2026:15:07:53 -0500] "GET /uae-president-austrian-chancellor-witness-signing-of-strategic-energy-security-and-industrial-cooperation-partnership/ HTTP/1.1" 200 23955 "http://www.middleeastoday.com/?p=9464" "Mozilla/5.0 AppleWebKit/537.36 (KHTML, like Gecko; compatible; GPTBot/1.3; +https://openai.com/gptbot)"
74.7.243.195 - - [02/Mar/2026:15:07:56 -0500] "GET /?p=9844 HTTP/1.1" 301 0 "http://www.middleeastoday.com/romanias-president-arrives-in-uae/" "Mozilla/5.0 AppleWebKit/537.36 (KHTML, like Gecko; compatible; GPTBot/1.3; +https://openai.com/gptbot)"
74.7.243.195 - - [02/Mar/2026:15:07:57 -0500] "GET /romanias-president-arrives-in-uae/ HTTP/1.1" 200 20276 "http://www.middleeastoday.com/?p=9844" "Mozilla/5.0 AppleWebKit/537.36 (KHTML, like Gecko; compatible; GPTBot/1.3; +https://openai.com/gptbot)"
74.7.243.195 - - [02/Mar/2026:15:08:08 -0500] "GET /?p=9828 HTTP/1.1" 301 0 "http://www.middleeastoday.com/dubai-records-aed12-9-bn-in-weeklong-real-estate-transactions/" "Mozilla/5.0 AppleWebKit/537.36 (KHTML, like Gecko; compatible; GPTBot/1.3; +https://openai.com/gptbot)"
74.7.243.195 - - [02/Mar/2026:15:08:08 -0500] "GET /dubai-records-aed12-9-bn-in-weeklong-real-estate-transactions/ HTTP/1.1" 200 20270 "http://www.middleeastoday.com/?p=9828" "Mozilla/5.0 AppleWebKit/537.36 (KHTML, like Gecko; compatible; GPTBot/1.3; +https://openai.com/gptbot)"
74.7.243.195 - - [02/Mar/2026:15:08:18 -0500] "GET /asas-real-estate-launches-second-phase-sales-of-al-rahmaniyah-commercial-lands/ HTTP/1.1" 200 20467 "http://www.middleeastoday.com/uae-president-congratulates-emir-of-qatar-on-start-of-world-cup/" "Mozilla/5.0 AppleWebKit/537.36 (KHTML, like Gecko; compatible; GPTBot/1.3; +https://openai.com/gptbot)"
74.7.243.195 - - [02/Mar/2026:15:08:19 -0500] "GET /?p=9457 HTTP/1.1" 301 0 "http://www.middleeastoday.com/dubai-health-authority-holds-workshop-to-discuss-future-of-healthcare/" "Mozilla/5.0 AppleWebKit/537.36 (KHTML, like Gecko; compatible; GPTBot/1.3; +https://openai.com/gptbot)"
74.7.243.195 - - [02/Mar/2026:15:08:33 -0500] "GET /sharjah-ruler-attends-closing-ceremony-of-fifth-film-platform/ HTTP/1.1" 200 24115 "http://www.middleeastoday.com/uae-president-receives-georgian-pm/" "Mozilla/5.0 AppleWebKit/537.36 (KHTML, like Gecko; compatible; GPTBot/1.3; +https://openai.com/gptbot)"
74.7.243.195 - - [02/Mar/2026:15:08:27 -0500] "GET /dubai-culture-announces-dates-for-al-marmoom-film-in-the-desert-festival/ HTTP/1.1" 200 20628 "http://www.middleeastoday.com/gulfood-manufacturing-2022-set-to-tackle-global-food-system-challenges/" "Mozilla/5.0 AppleWebKit/537.36 (KHTML, like Gecko; compatible; GPTBot/1.3; +https://openai.com/gptbot)"
74.7.243.195 - - [02/Mar/2026:15:08:34 -0500] "GET /department-of-tourism-development-reinforces-ajmans-position-at-world-travel-market-in-london/ HTTP/1.1" 200 23253 "http://www.middleeastoday.com/uae-president-receives-georgian-pm/" "Mozilla/5.0 AppleWebKit/537.36 (KHTML, like Gecko; compatible; GPTBot/1.3; +https://openai.com/gptbot)"
74.7.243.195 - - [02/Mar/2026:15:08:35 -0500] "GET /fifa-world-cup-fans-can-enjoy-an-amazing-experience-at-sheikh-zayed-festival/ HTTP/1.1" 200 22208 "http://www.middleeastoday.com/uae-president-receives-vice-president-of-venezuela/" "Mozilla/5.0 AppleWebKit/537.36 (KHTML, like Gecko; compatible; GPTBot/1.3; +https://openai.com/gptbot)"
74.7.243.195 - - [02/Mar/2026:15:08:36 -0500] "GET /tawam-hospital-completes-endoscopic-orbital-surgery-for-hemorrhagic-tumour-removal/ HTTP/1.1" 200 22884 "http://www.middleeastoday.com/mohammed-bin-rashid-visits-bridges-of-giving-campaign-centre/" "Mozilla/5.0 AppleWebKit/537.36 (KHTML, like Gecko; compatible; GPTBot/1.3; +https://openai.com/gptbot)"
74.7.243.195 - - [02/Mar/2026:15:08:36 -0500] "GET /sharjah-ruler-inaugurates-victoria-international-school-in-khorfakkan/ HTTP/1.1" 200 23679 "http://www.middleeastoday.com/abdullah-bin-zayed-receives-president-of-swiss-confederation/" "Mozilla/5.0 AppleWebKit/537.36 (KHTML, like Gecko; compatible; GPTBot/1.3; +https://openai.com/gptbot)"
74.7.243.195 - - [02/Mar/2026:15:08:37 -0500] "GET /emirates-scoops-5-global-accolades-at-ultra-and-apex-awards/ HTTP/1.1" 200 20979 "http://www.middleeastoday.com/abdullah-bin-zayed-lavrov-discuss-uae-russia-strategic-partnership/" "Mozilla/5.0 AppleWebKit/537.36 (KHTML, like Gecko; compatible; GPTBot/1.3; +https://openai.com/gptbot)"
74.7.243.195 - - [02/Mar/2026:15:08:43 -0500] "GET /over-aed7-3-bn-in-weeklong-transactions-were-recorded-in-dubai/ HTTP/1.1" 200 20277 "http://www.middleeastoday.com/20-emirati-designers-grab-attention-at-wjmes-golden-jubilee/" "Mozilla/5.0 AppleWebKit/537.36 (KHTML, like Gecko; compatible; GPTBot/1.3; +https://openai.com/gptbot)"
74.7.243.195 - - [02/Mar/2026:15:08:49 -0500] "GET /hamdan-bin-mohammed-leads-4th-edition-of-dubai-run-as-over-193000-fitness-enthusiasts-transform-sheikh-zayed-road-into-a-giant-running-track/ HTTP/1.1" 200 21908 "http://www.middleeastoday.com/mohammed-bin-rashid-chairs-cabinet-meeting-and-approves-the-convening-of-the-uae-government-annual-meetings/" "Mozilla/5.0 AppleWebKit/537.36 (KHTML, like Gecko; compatible; GPTBot/1.3; +https://openai.com/gptbot)"
162.213.253.84 - - [02/Mar/2026:15:09:18 -0500] "POST /wp-cron.php?doing_wp_cron=1772482158.3886189460754394531250 HTTP/1.1" 200 0 "-" "WordPress/6.8.1; http://www.middleeastoday.com"
74.7.243.195 - - [02/Mar/2026:15:09:17 -0500] "GET /author/admin/page/31/ HTTP/1.1" 200 21222 "http://www.middleeastoday.com/author/admin/page/29/" "Mozilla/5.0 AppleWebKit/537.36 (KHTML, like Gecko; compatible; GPTBot/1.3; +https://openai.com/gptbot)"
162.213.253.84 - - [02/Mar/2026:15:09:19 -0500] "POST /wp-admin/admin-ajax.php?action=async_litespeed&nonce=rslTGiUvBnEgc4sPCAgUPmW9MeijdGTx&litespeed_type=imgoptm HTTP/1.1" 200 21 "-" "WordPress/6.8.1; http://www.middleeastoday.com"
162.213.253.84 - - [02/Mar/2026:15:09:24 -0500] "POST /wp-cron.php?doing_wp_cron=1772482164.2191290855407714843750 HTTP/1.1" 200 0 "-" "WordPress/6.8.1; http://www.middleeastoday.com"
162.213.253.84 - - [02/Mar/2026:15:09:24 -0500] "POST /wp-admin/admin-ajax.php?action=async_litespeed&nonce=iCyXDUogFFrQWbctrHh1J8rCp8RWvO3C&litespeed_type=imgoptm HTTP/1.1" 200 21 "-" "WordPress/6.8.1; http://www.middleeastoday.com"
74.7.243.195 - - [02/Mar/2026:15:08:38 -0500] "GET /mashreq-reports-aed2-6-bn-net-profit-for-q3-22/ HTTP/1.1" 200 23714 "http://www.middleeastoday.com/uae-president-austrian-chancellor-witness-signing-of-strategic-energy-security-and-industrial-cooperation-partnership/" "Mozilla/5.0 AppleWebKit/537.36 (KHTML, like Gecko; compatible; GPTBot/1.3; +https://openai.com/gptbot)"
74.7.243.195 - - [02/Mar/2026:15:08:54 -0500] "GET /ministry-of-defence-delegation-attends-saha-expo-defence-and-aerospace-exhibition-2022-in-turkiye/ HTTP/1.1" 200 21714 "http://www.middleeastoday.com/uae-president-austrian-chancellor-witness-signing-of-strategic-energy-security-and-industrial-cooperation-partnership/" "Mozilla/5.0 AppleWebKit/537.36 (KHTML, like Gecko; compatible; GPTBot/1.3; +https://openai.com/gptbot)"
74.7.243.195 - - [02/Mar/2026:15:09:07 -0500] "GET /abu-dhabi-real-estate-transactions-total-over-aed21-04bn-in-q3-2022/ HTTP/1.1" 200 20410 "http://www.middleeastoday.com/mohammed-bin-rashid-chairs-cabinet-meeting-and-approves-the-convening-of-the-uae-government-annual-meetings/" "Mozilla/5.0 AppleWebKit/537.36 (KHTML, like Gecko; compatible; GPTBot/1.3; +https://openai.com/gptbot)"
74.7.243.195 - - [02/Mar/2026:15:09:20 -0500] "GET /author/admin/page/76/ HTTP/1.1" 200 21039 "http://www.middleeastoday.com/author/admin/page/78/" "Mozilla/5.0 AppleWebKit/537.36 (KHTML, like Gecko; compatible; GPTBot/1.3; +https://openai.com/gptbot)"
74.7.243.195 - - [02/Mar/2026:15:09:23 -0500] "GET /author/admin/page/30/ HTTP/1.1" 200 21276 "http://www.middleeastoday.com/author/admin/page/28/" "Mozilla/5.0 AppleWebKit/537.36 (KHTML, like Gecko; compatible; GPTBot/1.3; +https://openai.com/gptbot)"
74.7.243.195 - - [02/Mar/2026:15:09:41 -0500] "GET /category/awards/ HTTP/1.1" 200 20850 "http://www.middleeastoday.com/difc-announces-future-sustainability-forum-in-dubai/" "Mozilla/5.0 AppleWebKit/537.36 (KHTML, like Gecko; compatible; GPTBot/1.3; +https://openai.com/gptbot)"
74.7.243.195 - - [02/Mar/2026:15:09:45 -0500] "GET /category/international-news/ HTTP/1.1" 200 21283 "http://www.middleeastoday.com/difc-announces-future-sustainability-forum-in-dubai/" "Mozilla/5.0 AppleWebKit/537.36 (KHTML, like Gecko; compatible; GPTBot/1.3; +https://openai.com/gptbot)"
74.7.243.195 - - [02/Mar/2026:15:09:51 -0500] "GET /?p=9231 HTTP/1.1" 301 0 "http://www.middleeastoday.com/air-arabia-abu-dhabi-adds-kuwait-to-its-network/" "Mozilla/5.0 AppleWebKit/537.36 (KHTML, like Gecko; compatible; GPTBot/1.3; +https://openai.com/gptbot)"
74.7.243.195 - - [02/Mar/2026:15:09:52 -0500] "GET /air-arabia-abu-dhabi-adds-kuwait-to-its-network/ HTTP/1.1" 200 20303 "http://www.middleeastoday.com/?p=9231" "Mozilla/5.0 AppleWebKit/537.36 (KHTML, like Gecko; compatible; GPTBot/1.3; +https://openai.com/gptbot)"
74.7.243.195 - - [02/Mar/2026:15:09:55 -0500] "GET /asas-real-estate-launches-second-phase-sales-of-al-rahmaniyah-commercial-lands/ HTTP/1.1" 200 20467 "http://www.middleeastoday.com/?p=9531" "Mozilla/5.0 AppleWebKit/537.36 (KHTML, like Gecko; compatible; GPTBot/1.3; +https://openai.com/gptbot)"
74.7.243.195 - - [02/Mar/2026:15:10:02 -0500] "GET /?p=9259 HTTP/1.1" 301 0 "http://www.middleeastoday.com/dubai-culture-announces-dates-for-al-marmoom-film-in-the-desert-festival/" "Mozilla/5.0 AppleWebKit/537.36 (KHTML, like Gecko; compatible; GPTBot/1.3; +https://openai.com/gptbot)"
74.7.243.195 - - [02/Mar/2026:15:10:19 -0500] "GET /uae-foreign-minister-holds-meetings-in-new-york/ HTTP/1.1" 200 20393 "http://www.middleeastoday.com/dubai-culture-announces-dates-for-al-marmoom-film-in-the-desert-festival/" "Mozilla/5.0 AppleWebKit/537.36 (KHTML, like Gecko; compatible; GPTBot/1.3; +https://openai.com/gptbot)"
74.7.243.195 - - [02/Mar/2026:15:10:24 -0500] "GET /sharjah-ruler-attends-closing-ceremony-of-fifth-film-platform/ HTTP/1.1" 200 24115 "http://www.middleeastoday.com/?p=9483" "Mozilla/5.0 AppleWebKit/537.36 (KHTML, like Gecko; compatible; GPTBot/1.3; +https://openai.com/gptbot)"
74.7.243.195 - - [02/Mar/2026:15:09:37 -0500] "GET /author/admin/page/77/ HTTP/1.1" 200 21251 "http://www.middleeastoday.com/author/admin/page/79/" "Mozilla/5.0 AppleWebKit/537.36 (KHTML, like Gecko; compatible; GPTBot/1.3; +https://openai.com/gptbot)"
74.7.243.195 - - [02/Mar/2026:15:09:40 -0500] "GET /category/events/ HTTP/1.1" 200 19286 "http://www.middleeastoday.com/difc-announces-future-sustainability-forum-in-dubai/" "Mozilla/5.0 AppleWebKit/537.36 (KHTML, like Gecko; compatible; GPTBot/1.3; +https://openai.com/gptbot)"
74.7.243.195 - - [02/Mar/2026:15:09:47 -0500] "GET /category/business/ HTTP/1.1" 200 21526 "http://www.middleeastoday.com/difc-announces-future-sustainability-forum-in-dubai/" "Mozilla/5.0 AppleWebKit/537.36 (KHTML, like Gecko; compatible; GPTBot/1.3; +https://openai.com/gptbot)"
74.7.243.195 - - [02/Mar/2026:15:09:49 -0500] "GET /category/health-2/ HTTP/1.1" 200 21487 "http://www.middleeastoday.com/difc-announces-future-sustainability-forum-in-dubai/" "Mozilla/5.0 AppleWebKit/537.36 (KHTML, like Gecko; compatible; GPTBot/1.3; +https://openai.com/gptbot)"
74.7.243.195 - - [02/Mar/2026:15:09:55 -0500] "GET /?p=9531 HTTP/1.1" 301 0 "http://www.middleeastoday.com/asas-real-estate-launches-second-phase-sales-of-al-rahmaniyah-commercial-lands/" "Mozilla/5.0 AppleWebKit/537.36 (KHTML, like Gecko; compatible; GPTBot/1.3; +https://openai.com/gptbot)"
74.7.243.195 - - [02/Mar/2026:15:10:03 -0500] "GET /dubai-culture-announces-dates-for-al-marmoom-film-in-the-desert-festival/ HTTP/1.1" 200 20628 "http://www.middleeastoday.com/?p=9259" "Mozilla/5.0 AppleWebKit/537.36 (KHTML, like Gecko; compatible; GPTBot/1.3; +https://openai.com/gptbot)"
162.213.253.84 - - [02/Mar/2026:15:10:24 -0500] "POST /wp-cron.php?doing_wp_cron=1772482224.5812780857086181640625 HTTP/1.1" 200 0 "-" "WordPress/6.8.1; http://www.middleeastoday.com"
74.7.243.195 - - [02/Mar/2026:15:10:24 -0500] "GET /?p=9483 HTTP/1.1" 301 0 "http://www.middleeastoday.com/sharjah-ruler-attends-closing-ceremony-of-fifth-film-platform/" "Mozilla/5.0 AppleWebKit/537.36 (KHTML, like Gecko; compatible; GPTBot/1.3; +https://openai.com/gptbot)"
74.7.243.195 - - [02/Mar/2026:15:10:36 -0500] "GET /?p=9834 HTTP/1.1" 301 0 "http://www.middleeastoday.com/tawam-hospital-completes-endoscopic-orbital-surgery-for-hemorrhagic-tumour-removal/" "Mozilla/5.0 AppleWebKit/537.36 (KHTML, like Gecko; compatible; GPTBot/1.3; +https://openai.com/gptbot)"
74.7.243.195 - - [02/Mar/2026:15:10:37 -0500] "GET /tawam-hospital-completes-endoscopic-orbital-surgery-for-hemorrhagic-tumour-removal/ HTTP/1.1" 200 22884 "http://www.middleeastoday.com/?p=9834" "Mozilla/5.0 AppleWebKit/537.36 (KHTML, like Gecko; compatible; GPTBot/1.3; +https://openai.com/gptbot)"
148.113.128.146 - - [02/Mar/2026:15:10:38 -0500] "GET /world-bank-approves-us250-million-in-additional-financing-for-the-education-support-program-in-morocco/ HTTP/1.1" 200 21238 "-" "Mozilla/5.0 (compatible; AhrefsBot/7.0; +http://ahrefs.com/robot/)"
74.7.243.195 - - [02/Mar/2026:15:10:49 -0500] "GET /?p=9501 HTTP/1.1" 301 0 "http://www.middleeastoday.com/sharjah-ruler-inaugurates-victoria-international-school-in-khorfakkan/" "Mozilla/5.0 AppleWebKit/537.36 (KHTML, like Gecko; compatible; GPTBot/1.3; +https://openai.com/gptbot)"
74.7.243.195 - - [02/Mar/2026:15:10:51 -0500] "GET /?p=9489 HTTP/1.1" 301 0 "http://www.middleeastoday.com/department-of-tourism-development-reinforces-ajmans-position-at-world-travel-market-in-london/" "Mozilla/5.0 AppleWebKit/537.36 (KHTML, like Gecko; compatible; GPTBot/1.3; +https://openai.com/gptbot)"
74.7.243.195 - - [02/Mar/2026:15:10:53 -0500] "GET /?p=9460 HTTP/1.1" 301 0 "http://www.middleeastoday.com/mashreq-reports-aed2-6-bn-net-profit-for-q3-22/" "Mozilla/5.0 AppleWebKit/537.36 (KHTML, like Gecko; compatible; GPTBot/1.3; +https://openai.com/gptbot)"
162.213.253.84 - - [02/Mar/2026:15:10:25 -0500] "POST /wp-admin/admin-ajax.php?action=async_litespeed&nonce=zuq83ipY9VzuJT64E8D3XEGIBPjJXmXp&litespeed_type=imgoptm HTTP/1.1" 200 21 "-" "WordPress/6.8.1; http://www.middleeastoday.com"
162.213.253.84 - - [02/Mar/2026:15:10:37 -0500] "POST /wp-cron.php?doing_wp_cron=1772482237.3865950107574462890625 HTTP/1.1" 200 0 "-" "WordPress/6.8.1; http://www.middleeastoday.com"
74.7.243.195 - - [02/Mar/2026:15:10:50 -0500] "GET /sharjah-ruler-inaugurates-victoria-international-school-in-khorfakkan/ HTTP/1.1" 200 23679 "http://www.middleeastoday.com/?p=9501" "Mozilla/5.0 AppleWebKit/537.36 (KHTML, like Gecko; compatible; GPTBot/1.3; +https://openai.com/gptbot)"
74.7.243.195 - - [02/Mar/2026:15:10:52 -0500] "GET /department-of-tourism-development-reinforces-ajmans-position-at-world-travel-market-in-london/ HTTP/1.1" 200 23253 "http://www.middleeastoday.com/?p=9489" "Mozilla/5.0 AppleWebKit/537.36 (KHTML, like Gecko; compatible; GPTBot/1.3; +https://openai.com/gptbot)"
74.7.243.195 - - [02/Mar/2026:15:10:54 -0500] "GET /mashreq-reports-aed2-6-bn-net-profit-for-q3-22/ HTTP/1.1" 200 23714 "http://www.middleeastoday.com/?p=9460" "Mozilla/5.0 AppleWebKit/537.36 (KHTML, like Gecko; compatible; GPTBot/1.3; +https://openai.com/gptbot)"
74.7.243.195 - - [02/Mar/2026:15:10:55 -0500] "GET /?p=9525 HTTP/1.1" 301 0 "http://www.middleeastoday.com/fifa-world-cup-fans-can-enjoy-an-amazing-experience-at-sheikh-zayed-festival/" "Mozilla/5.0 AppleWebKit/537.36 (KHTML, like Gecko; compatible; GPTBot/1.3; +https://openai.com/gptbot)"
74.7.243.195 - - [02/Mar/2026:15:11:07 -0500] "GET /?p=9492 HTTP/1.1" 301 0 "http://www.middleeastoday.com/emirates-scoops-5-global-accolades-at-ultra-and-apex-awards/" "Mozilla/5.0 AppleWebKit/537.36 (KHTML, like Gecko; compatible; GPTBot/1.3; +https://openai.com/gptbot)"
74.7.243.195 - - [02/Mar/2026:15:11:17 -0500] "GET /?p=9522 HTTP/1.1" 301 0 "http://www.middleeastoday.com/hamdan-bin-mohammed-leads-4th-edition-of-dubai-run-as-over-193000-fitness-enthusiasts-transform-sheikh-zayed-road-into-a-giant-running-track/" "Mozilla/5.0 AppleWebKit/537.36 (KHTML, like Gecko; compatible; GPTBot/1.3; +https://openai.com/gptbot)"
74.7.243.195 - - [02/Mar/2026:15:11:18 -0500] "GET /hamdan-bin-mohammed-leads-4th-edition-of-dubai-run-as-over-193000-fitness-enthusiasts-transform-sheikh-zayed-road-into-a-giant-running-track/ HTTP/1.1" 200 21908 "http://www.middleeastoday.com/?p=9522" "Mozilla/5.0 AppleWebKit/537.36 (KHTML, like Gecko; compatible; GPTBot/1.3; +https://openai.com/gptbot)"
162.213.253.84 - - [02/Mar/2026:15:11:36 -0500] "POST /wp-cron.php?doing_wp_cron=1772482296.5431010723114013671875 HTTP/1.1" 200 0 "-" "WordPress/6.8.1; http://www.middleeastoday.com"
74.7.243.195 - - [02/Mar/2026:15:11:36 -0500] "GET /?p=9373 HTTP/1.1" 301 0 "http://www.middleeastoday.com/over-aed7-3-bn-in-weeklong-transactions-were-recorded-in-dubai/" "Mozilla/5.0 AppleWebKit/537.36 (KHTML, like Gecko; compatible; GPTBot/1.3; +https://openai.com/gptbot)"
74.7.243.195 - - [02/Mar/2026:15:11:36 -0500] "GET /over-aed7-3-bn-in-weeklong-transactions-were-recorded-in-dubai/ HTTP/1.1" 200 20277 "http://www.middleeastoday.com/?p=9373" "Mozilla/5.0 AppleWebKit/537.36 (KHTML, like Gecko; compatible; GPTBot/1.3; +https://openai.com/gptbot)"
74.7.243.195 - - [02/Mar/2026:15:11:45 -0500] "GET /el-sisi-receives-biden-in-sharm-el-sheikh/ HTTP/1.1" 200 20254 "http://www.middleeastoday.com/abu-dhabi-real-estate-transactions-total-over-aed21-04bn-in-q3-2022/" "Mozilla/5.0 AppleWebKit/537.36 (KHTML, like Gecko; compatible; GPTBot/1.3; +https://openai.com/gptbot)"
74.7.243.195 - - [02/Mar/2026:15:11:56 -0500] "GET /abdullah-bin-zayed-visits-yad-vashem-to-commemorate-holocaust-memorial-in-israel/ HTTP/1.1" 200 20602 "http://www.middleeastoday.com/air-arabia-abu-dhabi-adds-kuwait-to-its-network/" "Mozilla/5.0 AppleWebKit/537.36 (KHTML, like Gecko; compatible; GPTBot/1.3; +https://openai.com/gptbot)"
74.7.243.195 - - [02/Mar/2026:15:10:55 -0500] "GET /fifa-world-cup-fans-can-enjoy-an-amazing-experience-at-sheikh-zayed-festival/ HTTP/1.1" 200 22208 "http://www.middleeastoday.com/?p=9525" "Mozilla/5.0 AppleWebKit/537.36 (KHTML, like Gecko; compatible; GPTBot/1.3; +https://openai.com/gptbot)"
74.7.243.195 - - [02/Mar/2026:15:11:00 -0500] "GET /?p=9467 HTTP/1.1" 301 0 "http://www.middleeastoday.com/ministry-of-defence-delegation-attends-saha-expo-defence-and-aerospace-exhibition-2022-in-turkiye/" "Mozilla/5.0 AppleWebKit/537.36 (KHTML, like Gecko; compatible; GPTBot/1.3; +https://openai.com/gptbot)"
74.7.243.195 - - [02/Mar/2026:15:11:00 -0500] "GET /ministry-of-defence-delegation-attends-saha-expo-defence-and-aerospace-exhibition-2022-in-turkiye/ HTTP/1.1" 200 21714 "http://www.middleeastoday.com/?p=9467" "Mozilla/5.0 AppleWebKit/537.36 (KHTML, like Gecko; compatible; GPTBot/1.3; +https://openai.com/gptbot)"
74.7.243.195 - - [02/Mar/2026:15:11:02 -0500] "GET /?p=9516 HTTP/1.1" 301 0 "http://www.middleeastoday.com/abu-dhabi-real-estate-transactions-total-over-aed21-04bn-in-q3-2022/" "Mozilla/5.0 AppleWebKit/537.36 (KHTML, like Gecko; compatible; GPTBot/1.3; +https://openai.com/gptbot)"
74.7.243.195 - - [02/Mar/2026:15:11:03 -0500] "GET /abu-dhabi-real-estate-transactions-total-over-aed21-04bn-in-q3-2022/ HTTP/1.1" 200 20410 "http://www.middleeastoday.com/?p=9516" "Mozilla/5.0 AppleWebKit/537.36 (KHTML, like Gecko; compatible; GPTBot/1.3; +https://openai.com/gptbot)"
74.7.243.195 - - [02/Mar/2026:15:11:08 -0500] "GET /emirates-scoops-5-global-accolades-at-ultra-and-apex-awards/ HTTP/1.1" 200 20979 "http://www.middleeastoday.com/?p=9492" "Mozilla/5.0 AppleWebKit/537.36 (KHTML, like Gecko; compatible; GPTBot/1.3; +https://openai.com/gptbot)"
162.213.253.84 - - [02/Mar/2026:15:11:37 -0500] "POST /wp-admin/admin-ajax.php?action=async_litespeed&nonce=hbF84ifCrt6VD70uNGM6uOlNyxbYE88p&litespeed_type=imgoptm HTTP/1.1" 200 21 "-" "WordPress/6.8.1; http://www.middleeastoday.com"
74.7.243.195 - - [02/Mar/2026:15:12:02 -0500] "GET /cleveland-clinic-abu-dhabi-brings-lifesaving-ai-tech-for-diagnosing-treating-stroke/ HTTP/1.1" 200 23035 "http://www.middleeastoday.com/ministry-of-defence-delegation-attends-saha-expo-defence-and-aerospace-exhibition-2022-in-turkiye/" "Mozilla/5.0 AppleWebKit/537.36 (KHTML, like Gecko; compatible; GPTBot/1.3; +https://openai.com/gptbot)"
74.7.243.195 - - [02/Mar/2026:15:12:03 -0500] "GET /amanat-acquires-a-60-stake-in-human-development-company-for-sar220-3-million/ HTTP/1.1" 200 21918 "http://www.middleeastoday.com/sharjah-ruler-attends-closing-ceremony-of-fifth-film-platform/" "Mozilla/5.0 AppleWebKit/537.36 (KHTML, like Gecko; compatible; GPTBot/1.3; +https://openai.com/gptbot)"
74.7.243.195 - - [02/Mar/2026:15:12:08 -0500] "GET /author/admin/page/75/ HTTP/1.1" 200 21125 "http://www.middleeastoday.com/author/admin/page/76/" "Mozilla/5.0 AppleWebKit/537.36 (KHTML, like Gecko; compatible; GPTBot/1.3; +https://openai.com/gptbot)"
162.213.253.84 - - [02/Mar/2026:15:12:12 -0500] "POST /wp-cron.php?doing_wp_cron=1772482332.6172399520874023437500 HTTP/1.1" 200 0 "-" "WordPress/6.8.1; http://www.middleeastoday.com"
74.7.243.195 - - [02/Mar/2026:15:12:39 -0500] "GET /author/admin/page/33/ HTTP/1.1" 200 21008 "http://www.middleeastoday.com/author/admin/page/31/" "Mozilla/5.0 AppleWebKit/537.36 (KHTML, like Gecko; compatible; GPTBot/1.3; +https://openai.com/gptbot)"
74.7.243.195 - - [02/Mar/2026:15:12:54 -0500] "GET /category/international-news/page/6/ HTTP/1.1" 200 21317 "http://www.middleeastoday.com/category/international-news/" "Mozilla/5.0 AppleWebKit/537.36 (KHTML, like Gecko; compatible; GPTBot/1.3; +https://openai.com/gptbot)"
74.7.243.195 - - [02/Mar/2026:15:13:08 -0500] "GET /category/international-news/page/3/ HTTP/1.1" 200 21290 "http://www.middleeastoday.com/category/international-news/" "Mozilla/5.0 AppleWebKit/537.36 (KHTML, like Gecko; compatible; GPTBot/1.3; +https://openai.com/gptbot)"
74.7.243.195 - - [02/Mar/2026:15:12:04 -0500] "GET /kazakh-consulate-celebrates-30th-anniversary-of-establishment-of-relations-with-uae/ HTTP/1.1" 200 23238 "http://www.middleeastoday.com/sharjah-ruler-inaugurates-victoria-international-school-in-khorfakkan/" "Mozilla/5.0 AppleWebKit/537.36 (KHTML, like Gecko; compatible; GPTBot/1.3; +https://openai.com/gptbot)"
74.7.243.195 - - [02/Mar/2026:15:12:06 -0500] "GET /author/admin/page/74/ HTTP/1.1" 200 21113 "http://www.middleeastoday.com/author/admin/page/76/" "Mozilla/5.0 AppleWebKit/537.36 (KHTML, like Gecko; compatible; GPTBot/1.3; +https://openai.com/gptbot)"
74.7.243.195 - - [02/Mar/2026:15:12:11 -0500] "GET /author/admin/page/32/ HTTP/1.1" 200 21284 "http://www.middleeastoday.com/author/admin/page/31/" "Mozilla/5.0 AppleWebKit/537.36 (KHTML, like Gecko; compatible; GPTBot/1.3; +https://openai.com/gptbot)"
74.7.243.195 - - [02/Mar/2026:15:12:12 -0500] "GET /?p=9255 HTTP/1.1" 301 0 "http://www.middleeastoday.com/uae-foreign-minister-holds-meetings-in-new-york/" "Mozilla/5.0 AppleWebKit/537.36 (KHTML, like Gecko; compatible; GPTBot/1.3; +https://openai.com/gptbot)"
74.7.243.195 - - [02/Mar/2026:15:12:12 -0500] "GET /uae-foreign-minister-holds-meetings-in-new-york/ HTTP/1.1" 200 20393 "http://www.middleeastoday.com/?p=9255" "Mozilla/5.0 AppleWebKit/537.36 (KHTML, like Gecko; compatible; GPTBot/1.3; +https://openai.com/gptbot)"
74.7.243.195 - - [02/Mar/2026:15:12:17 -0500] "GET /mansour-bin-zayed-receives-kazakh-pm/ HTTP/1.1" 200 21419 "http://www.middleeastoday.com/uae-foreign-minister-holds-meetings-in-new-york/" "Mozilla/5.0 AppleWebKit/537.36 (KHTML, like Gecko; compatible; GPTBot/1.3; +https://openai.com/gptbot)"
74.7.243.195 - - [02/Mar/2026:15:12:28 -0500] "GET /category/international-news/feed/ HTTP/1.1" 200 7546 "http://www.middleeastoday.com/category/international-news/" "Mozilla/5.0 AppleWebKit/537.36 (KHTML, like Gecko; compatible; GPTBot/1.3; +https://openai.com/gptbot)"
162.213.253.84 - - [02/Mar/2026:15:13:32 -0500] "POST /wp-cron.php?doing_wp_cron=1772482412.0959100723266601562500 HTTP/1.1" 200 0 "-" "WordPress/6.8.1; http://www.middleeastoday.com"
162.213.253.84 - - [02/Mar/2026:15:13:32 -0500] "POST /wp-admin/admin-ajax.php?action=async_litespeed&nonce=Ky9dFnUHNnIMuK7rAWFXcdgqVT6uXtZs&litespeed_type=imgoptm HTTP/1.1" 200 21 "-" "WordPress/6.8.1; http://www.middleeastoday.com"
74.7.243.195 - - [02/Mar/2026:15:13:37 -0500] "GET /category/press-releases/ HTTP/1.1" 200 18959 "http://www.middleeastoday.com/difc-announces-future-sustainability-forum-in-dubai/" "Mozilla/5.0 AppleWebKit/537.36 (KHTML, like Gecko; compatible; GPTBot/1.3; +https://openai.com/gptbot)"
74.7.243.195 - - [02/Mar/2026:15:13:38 -0500] "GET /category/astrology-tarot/ HTTP/1.1" 200 18415 "http://www.middleeastoday.com/difc-announces-future-sustainability-forum-in-dubai/" "Mozilla/5.0 AppleWebKit/537.36 (KHTML, like Gecko; compatible; GPTBot/1.3; +https://openai.com/gptbot)"
162.213.253.84 - - [02/Mar/2026:15:13:41 -0500] "POST /wp-cron.php?doing_wp_cron=1772482421.3764519691467285156250 HTTP/1.1" 200 0 "-" "WordPress/6.8.1; http://www.middleeastoday.com"
74.7.243.195 - - [02/Mar/2026:15:13:40 -0500] "GET /?p=9513 HTTP/1.1" 301 0 "http://www.middleeastoday.com/el-sisi-receives-biden-in-sharm-el-sheikh/" "Mozilla/5.0 AppleWebKit/537.36 (KHTML, like Gecko; compatible; GPTBot/1.3; +https://openai.com/gptbot)"
74.7.243.195 - - [02/Mar/2026:15:13:41 -0500] "GET /el-sisi-receives-biden-in-sharm-el-sheikh/ HTTP/1.1" 200 20254 "http://www.middleeastoday.com/?p=9513" "Mozilla/5.0 AppleWebKit/537.36 (KHTML, like Gecko; compatible; GPTBot/1.3; +https://openai.com/gptbot)"
74.7.243.195 - - [02/Mar/2026:15:13:52 -0500] "GET /?p=9234 HTTP/1.1" 301 0 "http://www.middleeastoday.com/abdullah-bin-zayed-visits-yad-vashem-to-commemorate-holocaust-memorial-in-israel/" "Mozilla/5.0 AppleWebKit/537.36 (KHTML, like Gecko; compatible; GPTBot/1.3; +https://openai.com/gptbot)"
74.7.243.195 - - [02/Mar/2026:15:13:27 -0500] "GET /category/international-news/page/2/ HTTP/1.1" 200 21252 "http://www.middleeastoday.com/category/international-news/" "Mozilla/5.0 AppleWebKit/537.36 (KHTML, like Gecko; compatible; GPTBot/1.3; +https://openai.com/gptbot)"
74.7.243.195 - - [02/Mar/2026:15:13:29 -0500] "GET /category/music-concerts/ HTTP/1.1" 200 19219 "http://www.middleeastoday.com/difc-announces-future-sustainability-forum-in-dubai/" "Mozilla/5.0 AppleWebKit/537.36 (KHTML, like Gecko; compatible; GPTBot/1.3; +https://openai.com/gptbot)"
74.7.243.195 - - [02/Mar/2026:15:13:31 -0500] "GET /category/art/page/2/ HTTP/1.1" 200 20587 "http://www.middleeastoday.com/category/art/" "Mozilla/5.0 AppleWebKit/537.36 (KHTML, like Gecko; compatible; GPTBot/1.3; +https://openai.com/gptbot)"
74.7.243.195 - - [02/Mar/2026:15:13:36 -0500] "GET /category/exhibitions/ HTTP/1.1" 200 21528 "http://www.middleeastoday.com/difc-announces-future-sustainability-forum-in-dubai/" "Mozilla/5.0 AppleWebKit/537.36 (KHTML, like Gecko; compatible; GPTBot/1.3; +https://openai.com/gptbot)"
74.7.243.195 - - [02/Mar/2026:15:13:37 -0500] "GET /category/travel-tourism/hotels/ HTTP/1.1" 200 20194 "http://www.middleeastoday.com/difc-announces-future-sustainability-forum-in-dubai/" "Mozilla/5.0 AppleWebKit/537.36 (KHTML, like Gecko; compatible; GPTBot/1.3; +https://openai.com/gptbot)"
74.7.243.195 - - [02/Mar/2026:15:13:38 -0500] "GET /category/lifestyle/ HTTP/1.1" 200 20845 "http://www.middleeastoday.com/difc-announces-future-sustainability-forum-in-dubai/" "Mozilla/5.0 AppleWebKit/537.36 (KHTML, like Gecko; compatible; GPTBot/1.3; +https://openai.com/gptbot)"
74.7.243.195 - - [02/Mar/2026:15:13:52 -0500] "GET /abdullah-bin-zayed-visits-yad-vashem-to-commemorate-holocaust-memorial-in-israel/ HTTP/1.1" 200 20602 "http://www.middleeastoday.com/?p=9234" "Mozilla/5.0 AppleWebKit/537.36 (KHTML, like Gecko; compatible; GPTBot/1.3; +https://openai.com/gptbot)"
162.213.253.84 - - [02/Mar/2026:15:14:29 -0500] "POST /wp-cron.php?doing_wp_cron=1772482469.5087831020355224609375 HTTP/1.1" 200 0 "-" "WordPress/6.8.1; http://www.middleeastoday.com"
74.7.243.195 - - [02/Mar/2026:15:14:29 -0500] "GET /kazakh-consulate-celebrates-30th-anniversary-of-establishment-of-relations-with-uae/ HTTP/1.1" 200 23238 "http://www.middleeastoday.com/?p=9504" "Mozilla/5.0 AppleWebKit/537.36 (KHTML, like Gecko; compatible; GPTBot/1.3; +https://openai.com/gptbot)"
15.235.27.169 - - [02/Mar/2026:15:14:38 -0500] "GET /uae-president-receives-secretary-of-supreme-national-security-council-of-iran/ HTTP/1.1" 200 20831 "-" "Mozilla/5.0 (compatible; AhrefsBot/7.0; +http://ahrefs.com/robot/)"
74.7.243.195 - - [02/Mar/2026:15:14:51 -0500] "GET /?p=9252 HTTP/1.1" 301 0 "http://www.middleeastoday.com/mansour-bin-zayed-receives-kazakh-pm/" "Mozilla/5.0 AppleWebKit/537.36 (KHTML, like Gecko; compatible; GPTBot/1.3; +https://openai.com/gptbot)"
74.7.243.195 - - [02/Mar/2026:15:14:51 -0500] "GET /mansour-bin-zayed-receives-kazakh-pm/ HTTP/1.1" 200 21419 "http://www.middleeastoday.com/?p=9252" "Mozilla/5.0 AppleWebKit/537.36 (KHTML, like Gecko; compatible; GPTBot/1.3; +https://openai.com/gptbot)"
74.7.243.195 - - [02/Mar/2026:15:14:56 -0500] "GET /uae-president-receives-malaysias-minister-of-defence/ HTTP/1.1" 200 20401 "http://www.middleeastoday.com/mansour-bin-zayed-receives-kazakh-pm/" "Mozilla/5.0 AppleWebKit/537.36 (KHTML, like Gecko; compatible; GPTBot/1.3; +https://openai.com/gptbot)"
74.7.243.195 - - [02/Mar/2026:15:14:59 -0500] "GET /mansoor-bin-mohammed-visits-dubai-active-industry-exhibition/ HTTP/1.1" 200 22459 "http://www.middleeastoday.com/cleveland-clinic-abu-dhabi-brings-lifesaving-ai-tech-for-diagnosing-treating-stroke/" "Mozilla/5.0 AppleWebKit/537.36 (KHTML, like Gecko; compatible; GPTBot/1.3; +https://openai.com/gptbot)"
74.7.243.195 - - [02/Mar/2026:15:15:09 -0500] "GET /author/admin/page/72/ HTTP/1.1" 200 21168 "http://www.middleeastoday.com/author/admin/page/74/" "Mozilla/5.0 AppleWebKit/537.36 (KHTML, like Gecko; compatible; GPTBot/1.3; +https://openai.com/gptbot)"
74.7.243.195 - - [02/Mar/2026:15:14:12 -0500] "GET /?p=9470 HTTP/1.1" 301 0 "http://www.middleeastoday.com/cleveland-clinic-abu-dhabi-brings-lifesaving-ai-tech-for-diagnosing-treating-stroke/" "Mozilla/5.0 AppleWebKit/537.36 (KHTML, like Gecko; compatible; GPTBot/1.3; +https://openai.com/gptbot)"
74.7.243.195 - - [02/Mar/2026:15:14:12 -0500] "GET /cleveland-clinic-abu-dhabi-brings-lifesaving-ai-tech-for-diagnosing-treating-stroke/ HTTP/1.1" 200 23035 "http://www.middleeastoday.com/?p=9470" "Mozilla/5.0 AppleWebKit/537.36 (KHTML, like Gecko; compatible; GPTBot/1.3; +https://openai.com/gptbot)"
74.7.243.195 - - [02/Mar/2026:15:14:28 -0500] "GET /?p=9504 HTTP/1.1" 301 0 "http://www.middleeastoday.com/kazakh-consulate-celebrates-30th-anniversary-of-establishment-of-relations-with-uae/" "Mozilla/5.0 AppleWebKit/537.36 (KHTML, like Gecko; compatible; GPTBot/1.3; +https://openai.com/gptbot)"
162.213.253.84 - - [02/Mar/2026:15:14:30 -0500] "POST /wp-admin/admin-ajax.php?action=async_litespeed&nonce=IqsISdJYpVSg1J2X7AljatuLIUqrxHi7&litespeed_type=imgoptm HTTP/1.1" 200 21 "-" "WordPress/6.8.1; http://www.middleeastoday.com"
162.213.253.84 - - [02/Mar/2026:15:14:43 -0500] "POST /wp-cron.php?doing_wp_cron=1772482483.1140849590301513671875 HTTP/1.1" 200 0 "-" "WordPress/6.8.1; http://www.middleeastoday.com"
74.7.243.195 - - [02/Mar/2026:15:14:42 -0500] "GET /?p=9480 HTTP/1.1" 301 0 "http://www.middleeastoday.com/amanat-acquires-a-60-stake-in-human-development-company-for-sar220-3-million/" "Mozilla/5.0 AppleWebKit/537.36 (KHTML, like Gecko; compatible; GPTBot/1.3; +https://openai.com/gptbot)"
74.7.243.195 - - [02/Mar/2026:15:14:43 -0500] "GET /amanat-acquires-a-60-stake-in-human-development-company-for-sar220-3-million/ HTTP/1.1" 200 21918 "http://www.middleeastoday.com/?p=9480" "Mozilla/5.0 AppleWebKit/537.36 (KHTML, like Gecko; compatible; GPTBot/1.3; +https://openai.com/gptbot)"
74.7.243.195 - - [02/Mar/2026:15:14:48 -0500] "GET /expo-centre-sharjah-to-host-international-jewellery-designers-forum/ HTTP/1.1" 200 20544 "http://www.middleeastoday.com/abdullah-bin-zayed-visits-yad-vashem-to-commemorate-holocaust-memorial-in-israel/" "Mozilla/5.0 AppleWebKit/537.36 (KHTML, like Gecko; compatible; GPTBot/1.3; +https://openai.com/gptbot)"
74.7.243.195 - - [02/Mar/2026:15:15:00 -0500] "GET /masdar-opens-office-in-saudi-arabia-to-strengthen-presence-in-renewable-energy-market/ HTTP/1.1" 200 25148 "http://www.middleeastoday.com/amanat-acquires-a-60-stake-in-human-development-company-for-sar220-3-million/" "Mozilla/5.0 AppleWebKit/537.36 (KHTML, like Gecko; compatible; GPTBot/1.3; +https://openai.com/gptbot)"
74.7.243.195 - - [02/Mar/2026:15:15:02 -0500] "GET /sabi-unique-collection-focuses-on-digitalization/ HTTP/1.1" 200 20610 "http://www.middleeastoday.com/el-sisi-receives-biden-in-sharm-el-sheikh/" "Mozilla/5.0 AppleWebKit/537.36 (KHTML, like Gecko; compatible; GPTBot/1.3; +https://openai.com/gptbot)"
74.7.243.195 - - [02/Mar/2026:15:15:19 -0500] "GET /author/admin/page/35/ HTTP/1.1" 200 21047 "http://www.middleeastoday.com/author/admin/page/33/" "Mozilla/5.0 AppleWebKit/537.36 (KHTML, like Gecko; compatible; GPTBot/1.3; +https://openai.com/gptbot)"
162.213.253.84 - - [02/Mar/2026:15:15:33 -0500] "POST /wp-cron.php?doing_wp_cron=1772482533.7924540042877197265625 HTTP/1.1" 200 0 "-" "WordPress/6.8.1; http://www.middleeastoday.com"
74.7.243.195 - - [02/Mar/2026:15:15:33 -0500] "GET /author/admin/page/73/ HTTP/1.1" 200 21129 "http://www.middleeastoday.com/author/admin/page/74/" "Mozilla/5.0 AppleWebKit/537.36 (KHTML, like Gecko; compatible; GPTBot/1.3; +https://openai.com/gptbot)"
162.213.253.84 - - [02/Mar/2026:15:15:48 -0500] "POST /wp-cron.php?doing_wp_cron=1772482548.1685159206390380859375 HTTP/1.1" 200 0 "-" "WordPress/6.8.1; http://www.middleeastoday.com"
74.7.243.195 - - [02/Mar/2026:15:15:54 -0500] "GET /category/international-news/page/4/ HTTP/1.1" 200 21426 "http://www.middleeastoday.com/category/international-news/page/6/" "Mozilla/5.0 AppleWebKit/537.36 (KHTML, like Gecko; compatible; GPTBot/1.3; +https://openai.com/gptbot)"
162.213.253.84 - - [02/Mar/2026:15:15:34 -0500] "POST /wp-admin/admin-ajax.php?action=async_litespeed&nonce=XU8GZ45Xhvktictu02PwcRuuiRFp4h02&litespeed_type=imgoptm HTTP/1.1" 200 21 "-" "WordPress/6.8.1; http://www.middleeastoday.com"
74.7.243.195 - - [02/Mar/2026:15:15:47 -0500] "GET /author/admin/page/34/ HTTP/1.1" 200 21154 "http://www.middleeastoday.com/author/admin/page/32/" "Mozilla/5.0 AppleWebKit/537.36 (KHTML, like Gecko; compatible; GPTBot/1.3; +https://openai.com/gptbot)"
74.7.243.195 - - [02/Mar/2026:15:15:57 -0500] "GET /category/international-news/page/5/ HTTP/1.1" 200 21089 "http://www.middleeastoday.com/category/international-news/page/6/" "Mozilla/5.0 AppleWebKit/537.36 (KHTML, like Gecko; compatible; GPTBot/1.3; +https://openai.com/gptbot)"
74.7.243.195 - - [02/Mar/2026:15:16:22 -0500] "GET /category/lifestyle/tech/ HTTP/1.1" 200 19127 "http://www.middleeastoday.com/difc-announces-future-sustainability-forum-in-dubai/" "Mozilla/5.0 AppleWebKit/537.36 (KHTML, like Gecko; compatible; GPTBot/1.3; +https://openai.com/gptbot)"
162.213.253.84 - - [02/Mar/2026:15:16:29 -0500] "POST /wp-cron.php?doing_wp_cron=1772482589.3450679779052734375000 HTTP/1.1" 200 0 "-" "WordPress/6.8.1; http://www.middleeastoday.com"
74.7.243.195 - - [02/Mar/2026:15:16:28 -0500] "GET /wp-json/oembed/1.0/embed?url=http%3A%2F%2Fwww.middleeastoday.com%2Femirates-to-expand-global-network-with-launch-of-services-to-montreal-in-july%2F HTTP/1.1" 200 2669 "http://www.middleeastoday.com/emirates-to-expand-global-network-with-launch-of-services-to-montreal-in-july/" "Mozilla/5.0 AppleWebKit/537.36 (KHTML, like Gecko; compatible; GPTBot/1.3; +https://openai.com/gptbot)"
162.213.253.84 - - [02/Mar/2026:15:16:34 -0500] "POST /wp-cron.php?doing_wp_cron=1772482594.0067720413208007812500 HTTP/1.1" 200 0 "-" "WordPress/6.8.1; http://www.middleeastoday.com"
74.7.243.195 - - [02/Mar/2026:15:16:33 -0500] "GET /wp-json/oembed/1.0/embed?url=http%3A%2F%2Fwww.middleeastoday.com%2Fdamac-knowledge-fund-establishment-sign-agreement-to-support-dubai-schools-project%2F HTTP/1.1" 200 2665 "http://www.middleeastoday.com/damac-knowledge-fund-establishment-sign-agreement-to-support-dubai-schools-project/" "Mozilla/5.0 AppleWebKit/537.36 (KHTML, like Gecko; compatible; GPTBot/1.3; +https://openai.com/gptbot)"
74.7.243.195 - - [02/Mar/2026:15:17:15 -0500] "GET /?p=9249 HTTP/1.1" 301 0 "http://www.middleeastoday.com/uae-president-receives-malaysias-minister-of-defence/" "Mozilla/5.0 AppleWebKit/537.36 (KHTML, like Gecko; compatible; GPTBot/1.3; +https://openai.com/gptbot)"
162.213.253.84 - - [02/Mar/2026:15:17:28 -0500] "POST /wp-cron.php?doing_wp_cron=1772482648.5856330394744873046875 HTTP/1.1" 200 0 "-" "WordPress/6.8.1; http://www.middleeastoday.com"
74.7.243.195 - - [02/Mar/2026:15:17:28 -0500] "GET /mansoor-bin-mohammed-visits-dubai-active-industry-exhibition/ HTTP/1.1" 200 22459 "http://www.middleeastoday.com/?p=9474" "Mozilla/5.0 AppleWebKit/537.36 (KHTML, like Gecko; compatible; GPTBot/1.3; +https://openai.com/gptbot)"
162.213.253.84 - - [02/Mar/2026:15:17:29 -0500] "POST /wp-admin/admin-ajax.php?action=async_litespeed&nonce=Z8PfVCmcwDLtZxAIlaE47NOCZV0Q8vFL&litespeed_type=imgoptm HTTP/1.1" 200 21 "-" "WordPress/6.8.1; http://www.middleeastoday.com"
162.213.253.84 - - [02/Mar/2026:15:17:33 -0500] "POST /wp-cron.php?doing_wp_cron=1772482653.7261030673980712890625 HTTP/1.1" 200 0 "-" "WordPress/6.8.1; http://www.middleeastoday.com"
74.7.243.195 - - [02/Mar/2026:15:17:33 -0500] "GET /?p=9507 HTTP/1.1" 301 0 "http://www.middleeastoday.com/sabi-unique-collection-focuses-on-digitalization/" "Mozilla/5.0 AppleWebKit/537.36 (KHTML, like Gecko; compatible; GPTBot/1.3; +https://openai.com/gptbot)"
74.7.243.195 - - [02/Mar/2026:15:17:35 -0500] "GET /?p=9477 HTTP/1.1" 301 0 "http://www.middleeastoday.com/masdar-opens-office-in-saudi-arabia-to-strengthen-presence-in-renewable-energy-market/" "Mozilla/5.0 AppleWebKit/537.36 (KHTML, like Gecko; compatible; GPTBot/1.3; +https://openai.com/gptbot)"
74.7.243.195 - - [02/Mar/2026:15:16:07 -0500] "GET /category/conferences/ HTTP/1.1" 200 20482 "http://www.middleeastoday.com/difc-announces-future-sustainability-forum-in-dubai/" "Mozilla/5.0 AppleWebKit/537.36 (KHTML, like Gecko; compatible; GPTBot/1.3; +https://openai.com/gptbot)"
74.7.243.195 - - [02/Mar/2026:15:16:12 -0500] "GET /category/education/ HTTP/1.1" 200 21440 "http://www.middleeastoday.com/difc-announces-future-sustainability-forum-in-dubai/" "Mozilla/5.0 AppleWebKit/537.36 (KHTML, like Gecko; compatible; GPTBot/1.3; +https://openai.com/gptbot)"
74.7.243.195 - - [02/Mar/2026:15:16:18 -0500] "GET /category/uncategorized/page/2/ HTTP/1.1" 200 20486 "http://www.middleeastoday.com/category/uncategorized/" "Mozilla/5.0 AppleWebKit/537.36 (KHTML, like Gecko; compatible; GPTBot/1.3; +https://openai.com/gptbot)"
74.7.243.195 - - [02/Mar/2026:15:16:25 -0500] "GET /category/travel-tourism/airlines/ HTTP/1.1" 200 21438 "http://www.middleeastoday.com/difc-announces-future-sustainability-forum-in-dubai/" "Mozilla/5.0 AppleWebKit/537.36 (KHTML, like Gecko; compatible; GPTBot/1.3; +https://openai.com/gptbot)"
162.213.253.84 - - [02/Mar/2026:15:16:29 -0500] "POST /wp-admin/admin-ajax.php?action=async_litespeed&nonce=XYXavZ8w9yXaDwc9bxPB27Cr230TbSAr&litespeed_type=imgoptm HTTP/1.1" 200 21 "-" "WordPress/6.8.1; http://www.middleeastoday.com"
40.77.167.13 - - [02/Mar/2026:15:16:44 -0500] "GET /wp-content/uploads/2022/06/Indonesian-Minister-455x300.jpg HTTP/1.1" 200 23726 "-" "Mozilla/5.0 AppleWebKit/537.36 (KHTML, like Gecko; compatible; bingbot/2.0; +http://www.bing.com/bingbot.htm) Chrome/116.0.1938.76 Safari/537.36"
74.7.243.195 - - [02/Mar/2026:15:16:45 -0500] "GET /category/lifestyle/fashion/ HTTP/1.1" 200 20494 "http://www.middleeastoday.com/difc-announces-future-sustainability-forum-in-dubai/" "Mozilla/5.0 AppleWebKit/537.36 (KHTML, like Gecko; compatible; GPTBot/1.3; +https://openai.com/gptbot)"
74.7.243.195 - - [02/Mar/2026:15:16:53 -0500] "GET /?p=9237 HTTP/1.1" 301 0 "http://www.middleeastoday.com/expo-centre-sharjah-to-host-international-jewellery-designers-forum/" "Mozilla/5.0 AppleWebKit/537.36 (KHTML, like Gecko; compatible; GPTBot/1.3; +https://openai.com/gptbot)"
74.7.243.195 - - [02/Mar/2026:15:16:54 -0500] "GET /expo-centre-sharjah-to-host-international-jewellery-designers-forum/ HTTP/1.1" 200 20544 "http://www.middleeastoday.com/?p=9237" "Mozilla/5.0 AppleWebKit/537.36 (KHTML, like Gecko; compatible; GPTBot/1.3; +https://openai.com/gptbot)"
74.7.243.195 - - [02/Mar/2026:15:16:58 -0500] "GET /uae-president-congratulates-king-charles-iii-on-his-crowning/ HTTP/1.1" 200 20072 "http://www.middleeastoday.com/expo-centre-sharjah-to-host-international-jewellery-designers-forum/" "Mozilla/5.0 AppleWebKit/537.36 (KHTML, like Gecko; compatible; GPTBot/1.3; +https://openai.com/gptbot)"
74.7.243.195 - - [02/Mar/2026:15:17:16 -0500] "GET /uae-president-receives-malaysias-minister-of-defence/ HTTP/1.1" 200 20401 "http://www.middleeastoday.com/?p=9249" "Mozilla/5.0 AppleWebKit/537.36 (KHTML, like Gecko; compatible; GPTBot/1.3; +https://openai.com/gptbot)"
74.7.243.195 - - [02/Mar/2026:15:17:28 -0500] "GET /?p=9474 HTTP/1.1" 301 0 "http://www.middleeastoday.com/mansoor-bin-mohammed-visits-dubai-active-industry-exhibition/" "Mozilla/5.0 AppleWebKit/537.36 (KHTML, like Gecko; compatible; GPTBot/1.3; +https://openai.com/gptbot)"
74.7.243.195 - - [02/Mar/2026:15:17:33 -0500] "GET /sabi-unique-collection-focuses-on-digitalization/ HTTP/1.1" 200 20610 "http://www.middleeastoday.com/?p=9507" "Mozilla/5.0 AppleWebKit/537.36 (KHTML, like Gecko; compatible; GPTBot/1.3; +https://openai.com/gptbot)"
43.155.125.172 - - [02/Mar/2026:15:17:35 -0500] "GET /wp-content/uploads/2022/08/Dubais-heritage1-850x560.jpg HTTP/1.1" 200 54331 "-" "Mozilla/5.0 (Windows NT 10.0; Win64; x64) AppleWebKit/537.36"
74.7.243.195 - - [02/Mar/2026:15:17:36 -0500] "GET /national-institute-for-health-specialties-accredits-corniche-hospital/ HTTP/1.1" 200 20669 "http://www.middleeastoday.com/uae-president-receives-malaysias-minister-of-defence/" "Mozilla/5.0 AppleWebKit/537.36 (KHTML, like Gecko; compatible; GPTBot/1.3; +https://openai.com/gptbot)"
43.135.107.111 - - [02/Mar/2026:15:17:38 -0500] "GET /wp-content/uploads/2022/04/64c2ad33-5b41-4d59-be1b-293b254ded91-768x119.jpeg HTTP/1.1" 200 18202 "-" "Mozilla/5.0 (Windows NT 10.0; Win64; x64) AppleWebKit/537.36"
74.7.243.195 - - [02/Mar/2026:15:17:38 -0500] "GET /author/admin/page/36/ HTTP/1.1" 200 21193 "http://www.middleeastoday.com/author/admin/page/35/" "Mozilla/5.0 AppleWebKit/537.36 (KHTML, like Gecko; compatible; GPTBot/1.3; +https://openai.com/gptbot)"
74.7.243.195 - - [02/Mar/2026:15:17:56 -0500] "GET /category/lifestyle/sports/ HTTP/1.1" 200 19736 "http://www.middleeastoday.com/difc-announces-future-sustainability-forum-in-dubai/" "Mozilla/5.0 AppleWebKit/537.36 (KHTML, like Gecko; compatible; GPTBot/1.3; +https://openai.com/gptbot)"
74.7.243.195 - - [02/Mar/2026:15:18:26 -0500] "GET /category/lifestyle/health/ HTTP/1.1" 200 19986 "http://www.middleeastoday.com/difc-announces-future-sustainability-forum-in-dubai/" "Mozilla/5.0 AppleWebKit/537.36 (KHTML, like Gecko; compatible; GPTBot/1.3; +https://openai.com/gptbot)"
74.7.243.195 - - [02/Mar/2026:15:18:44 -0500] "GET /wp-json/oembed/1.0/embed?url=http%3A%2F%2Fwww.middleeastoday.com%2Fabdullah-bin-zayed-reaffirms-uaes-support-of-palestinian-cause-at-negev-summit%2F HTTP/1.1" 200 2628 "http://www.middleeastoday.com/abdullah-bin-zayed-reaffirms-uaes-support-of-palestinian-cause-at-negev-summit/" "Mozilla/5.0 AppleWebKit/537.36 (KHTML, like Gecko; compatible; GPTBot/1.3; +https://openai.com/gptbot)"
162.213.253.84 - - [02/Mar/2026:15:18:45 -0500] "POST /wp-admin/admin-ajax.php?action=async_litespeed&nonce=Iun5aWQ5fyYiUd1i8CiuIavsA0Fz09BC&litespeed_type=imgoptm HTTP/1.1" 200 21 "-" "WordPress/6.8.1; http://www.middleeastoday.com"
74.7.243.195 - - [02/Mar/2026:15:18:56 -0500] "GET /category/travel-tourism/airlines/page/3/ HTTP/1.1" 200 21218 "http://www.middleeastoday.com/category/travel-tourism/airlines/" "Mozilla/5.0 AppleWebKit/537.36 (KHTML, like Gecko; compatible; GPTBot/1.3; +https://openai.com/gptbot)"
74.7.243.195 - - [02/Mar/2026:15:19:01 -0500] "GET /category/travel-tourism/airlines/page/2/ HTTP/1.1" 200 21257 "http://www.middleeastoday.com/category/travel-tourism/airlines/" "Mozilla/5.0 AppleWebKit/537.36 (KHTML, like Gecko; compatible; GPTBot/1.3; +https://openai.com/gptbot)"
74.7.243.195 - - [02/Mar/2026:15:19:05 -0500] "GET /category/beauty-fashion/page/7/ HTTP/1.1" 200 20652 "http://www.middleeastoday.com/category/beauty-fashion/" "Mozilla/5.0 AppleWebKit/537.36 (KHTML, like Gecko; compatible; GPTBot/1.3; +https://openai.com/gptbot)"
74.7.243.195 - - [02/Mar/2026:15:19:08 -0500] "GET /category/beauty-fashion/page/2/ HTTP/1.1" 200 21353 "http://www.middleeastoday.com/category/beauty-fashion/" "Mozilla/5.0 AppleWebKit/537.36 (KHTML, like Gecko; compatible; GPTBot/1.3; +https://openai.com/gptbot)"
74.7.243.195 - - [02/Mar/2026:15:19:12 -0500] "GET /category/travel-tourism/page/9/ HTTP/1.1" 200 21074 "http://www.middleeastoday.com/category/travel-tourism/" "Mozilla/5.0 AppleWebKit/537.36 (KHTML, like Gecko; compatible; GPTBot/1.3; +https://openai.com/gptbot)"
216.73.216.24 - - [02/Mar/2026:15:19:24 -0500] "GET /robots.txt HTTP/1.1" 200 100 "-" "Mozilla/5.0 AppleWebKit/537.36 (KHTML, like Gecko; compatible; ClaudeBot/1.0; [email protected])"
74.7.243.195 - - [02/Mar/2026:15:19:24 -0500] "GET /uae-president-congratulates-king-charles-iii-on-his-crowning/ HTTP/1.1" 200 20072 "http://www.middleeastoday.com/?p=9240" "Mozilla/5.0 AppleWebKit/537.36 (KHTML, like Gecko; compatible; GPTBot/1.3; +https://openai.com/gptbot)"
216.73.216.24 - - [02/Mar/2026:15:19:25 -0500] "GET /author/admin/page/9 HTTP/1.1" 301 0 "-" "Mozilla/5.0 AppleWebKit/537.36 (KHTML, like Gecko; compatible; ClaudeBot/1.0; [email protected])"
74.7.243.195 - - [02/Mar/2026:15:17:35 -0500] "GET /masdar-opens-office-in-saudi-arabia-to-strengthen-presence-in-renewable-energy-market/ HTTP/1.1" 200 25148 "http://www.middleeastoday.com/?p=9477" "Mozilla/5.0 AppleWebKit/537.36 (KHTML, like Gecko; compatible; GPTBot/1.3; +https://openai.com/gptbot)"
74.7.243.195 - - [02/Mar/2026:15:17:41 -0500] "GET /author/admin/page/71/ HTTP/1.1" 200 21152 "http://www.middleeastoday.com/author/admin/page/72/" "Mozilla/5.0 AppleWebKit/537.36 (KHTML, like Gecko; compatible; GPTBot/1.3; +https://openai.com/gptbot)"
74.7.243.195 - - [02/Mar/2026:15:17:47 -0500] "GET /author/admin/page/37/ HTTP/1.1" 200 21217 "http://www.middleeastoday.com/author/admin/page/35/" "Mozilla/5.0 AppleWebKit/537.36 (KHTML, like Gecko; compatible; GPTBot/1.3; +https://openai.com/gptbot)"
74.7.243.195 - - [02/Mar/2026:15:17:53 -0500] "GET /author/admin/page/70/ HTTP/1.1" 200 21265 "http://www.middleeastoday.com/author/admin/page/72/" "Mozilla/5.0 AppleWebKit/537.36 (KHTML, like Gecko; compatible; GPTBot/1.3; +https://openai.com/gptbot)"
74.7.243.195 - - [02/Mar/2026:15:18:10 -0500] "GET /category/lifestyle/travel/ HTTP/1.1" 200 18429 "http://www.middleeastoday.com/category/lifestyle/" "Mozilla/5.0 AppleWebKit/537.36 (KHTML, like Gecko; compatible; GPTBot/1.3; +https://openai.com/gptbot)"
178.80.52.247 - - [02/Mar/2026:15:18:18 -0500] "GET /salute-bella-ladies-night/ HTTP/1.1" 200 23312 "-" "Mozilla/5.0 (Windows; U; Windows NT 5.1; en-GB; rv:1.9.2.14) Gecko/20110218 Firefox/3.6.14 GTB7.1 ( .NET CLR 3.5.30729)"
162.213.253.84 - - [02/Mar/2026:15:18:44 -0500] "POST /wp-cron.php?doing_wp_cron=1772482724.8230519294738769531250 HTTP/1.1" 200 0 "-" "WordPress/6.8.1; http://www.middleeastoday.com"
