162.213.253.84 - - [02/Mar/2026:15:51:36 -0500] "POST /wp-cron.php?doing_wp_cron=1772484695.9951949119567871093750 HTTP/1.1" 200 0 "-" "WordPress/6.8.1; http://www.middleeastoday.com"
74.7.243.195 - - [02/Mar/2026:15:52:17 -0500] "GET /wp-json/oembed/1.0/embed?url=http%3A%2F%2Fwww.middleeastoday.com%2Femirates-and-united-activate-codeshare-partnership-to-enhance-connectivity-to-us%2F HTTP/1.1" 200 2655 "http://www.middleeastoday.com/emirates-and-united-activate-codeshare-partnership-to-enhance-connectivity-to-us/" "Mozilla/5.0 AppleWebKit/537.36 (KHTML, like Gecko; compatible; GPTBot/1.3; +https://openai.com/gptbot)"
162.213.253.84 - - [02/Mar/2026:15:52:50 -0500] "POST /wp-cron.php?doing_wp_cron=1772484770.5394940376281738281250 HTTP/1.1" 200 0 "-" "WordPress/6.8.1; http://www.middleeastoday.com"
74.7.243.195 - - [02/Mar/2026:15:52:49 -0500] "GET /wp-json/oembed/1.0/embed?url=http%3A%2F%2Fwww.middleeastoday.com%2Fabdullah-bin-zayed-visits-yad-vashem-to-commemorate-holocaust-memorial-in-israel%2F HTTP/1.1" 200 2655 "http://www.middleeastoday.com/abdullah-bin-zayed-visits-yad-vashem-to-commemorate-holocaust-memorial-in-israel/" "Mozilla/5.0 AppleWebKit/537.36 (KHTML, like Gecko; compatible; GPTBot/1.3; +https://openai.com/gptbot)"
162.213.253.84 - - [02/Mar/2026:15:52:51 -0500] "POST /wp-admin/admin-ajax.php?action=async_litespeed&nonce=HBTbq2WOv1VBkxetFQBjvFB4dQScReUB&litespeed_type=imgoptm HTTP/1.1" 200 21 "-" "WordPress/6.8.1; http://www.middleeastoday.com"
74.7.243.195 - - [02/Mar/2026:15:52:56 -0500] "GET /wp-json/oembed/1.0/embed?url=http%3A%2F%2Fwww.middleeastoday.com%2Fdubai-firmly-on-course-to-achieve-tourism-goals-as-city-welcomes-7-12-million-international-visitors-in-first-half-of-2022%2F HTTP/1.1" 200 2888 "http://www.middleeastoday.com/dubai-firmly-on-course-to-achieve-tourism-goals-as-city-welcomes-7-12-million-international-visitors-in-first-half-of-2022/" "Mozilla/5.0 AppleWebKit/537.36 (KHTML, like Gecko; compatible; GPTBot/1.3; +https://openai.com/gptbot)"
74.7.243.195 - - [02/Mar/2026:15:52:51 -0500] "GET /wp-json/oembed/1.0/embed?url=http%3A%2F%2Fwww.middleeastoday.com%2Fuae-egyptian-presidents-discuss-bilateral-cooperation-regional-developments%2F HTTP/1.1" 200 2647 "http://www.middleeastoday.com/uae-egyptian-presidents-discuss-bilateral-cooperation-regional-developments/" "Mozilla/5.0 AppleWebKit/537.36 (KHTML, like Gecko; compatible; GPTBot/1.3; +https://openai.com/gptbot)"
74.7.243.195 - - [02/Mar/2026:15:52:52 -0500] "GET /wp-json/oembed/1.0/embed?url=http%3A%2F%2Fwww.middleeastoday.com%2Fairport-show-in-dubai-set-to-showcase-solutions-shaping-future-of-aviation-industry%2F HTTP/1.1" 200 2675 "http://www.middleeastoday.com/airport-show-in-dubai-set-to-showcase-solutions-shaping-future-of-aviation-industry/" "Mozilla/5.0 AppleWebKit/537.36 (KHTML, like Gecko; compatible; GPTBot/1.3; +https://openai.com/gptbot)"
162.213.253.84 - - [02/Mar/2026:15:52:53 -0500] "POST /wp-cron.php?doing_wp_cron=1772484773.4184811115264892578125 HTTP/1.1" 200 0 "-" "WordPress/6.8.1; http://www.middleeastoday.com"
74.7.243.195 - - [02/Mar/2026:15:52:52 -0500] "GET /wp-json/oembed/1.0/embed?url=http%3A%2F%2Fwww.middleeastoday.com%2Fthe-president-of-the-state-and-mohammed-bin-rashid-discuss-the-affairs-of-the-country-and-the-citizen-during-their-meeting-at-the-al-marmoom-rest-house%2F HTTP/1.1" 200 3025 "http://www.middleeastoday.com/the-president-of-the-state-and-mohammed-bin-rashid-discuss-the-affairs-of-the-country-and-the-citizen-during-their-meeting-at-the-al-marmoom-rest-house/" "Mozilla/5.0 AppleWebKit/537.36 (KHTML, like Gecko; compatible; GPTBot/1.3; +https://openai.com/gptbot)"
74.7.243.195 - - [02/Mar/2026:15:52:58 -0500] "GET /wp-json/oembed/1.0/embed?url=http%3A%2F%2Fwww.middleeastoday.com%2Fabdullah-bin-zayed-barbados-prime-minister-discuss-joint-cooperation-climate-action%2F HTTP/1.1" 200 2686 "http://www.middleeastoday.com/abdullah-bin-zayed-barbados-prime-minister-discuss-joint-cooperation-climate-action/" "Mozilla/5.0 AppleWebKit/537.36 (KHTML, like Gecko; compatible; GPTBot/1.3; +https://openai.com/gptbot)"
74.7.243.195 - - [02/Mar/2026:15:53:02 -0500] "GET /wp-json/oembed/1.0/embed?url=http%3A%2F%2Fwww.middleeastoday.com%2Ffive-out-of-this-world-things-to-do-at-dubais-museum-of-future-this-eid-al-adha%2F HTTP/1.1" 200 2685 "http://www.middleeastoday.com/five-out-of-this-world-things-to-do-at-dubais-museum-of-future-this-eid-al-adha/" "Mozilla/5.0 AppleWebKit/537.36 (KHTML, like Gecko; compatible; GPTBot/1.3; +https://openai.com/gptbot)"
74.7.243.195 - - [02/Mar/2026:15:53:06 -0500] "GET /wp-json/oembed/1.0/embed?url=http%3A%2F%2Fwww.middleeastoday.com%2Fsupermodel-tyra-banks-chooses-abu-dhabi-for-her-brands-global-expansion%2F HTTP/1.1" 200 2633 "http://www.middleeastoday.com/supermodel-tyra-banks-chooses-abu-dhabi-for-her-brands-global-expansion/" "Mozilla/5.0 AppleWebKit/537.36 (KHTML, like Gecko; compatible; GPTBot/1.3; +https://openai.com/gptbot)"
74.7.243.195 - - [02/Mar/2026:15:53:16 -0500] "GET /wp-json/oembed/1.0/embed?url=http%3A%2F%2Fwww.middleeastoday.com%2Fuae-cyprus-presidents-discuss-strengthening-comprehensive-strategic-partnership%2F HTTP/1.1" 200 2662 "http://www.middleeastoday.com/uae-cyprus-presidents-discuss-strengthening-comprehensive-strategic-partnership/" "Mozilla/5.0 AppleWebKit/537.36 (KHTML, like Gecko; compatible; GPTBot/1.3; +https://openai.com/gptbot)"
40.77.167.73 - - [02/Mar/2026:15:53:28 -0500] "GET /wp-content/uploads/2022/05/Abu-Dhabi-Art-455x300.jpg HTTP/1.1" 200 34563 "-" "Mozilla/5.0 AppleWebKit/537.36 (KHTML, like Gecko; compatible; bingbot/2.0; +http://www.bing.com/bingbot.htm) Chrome/116.0.1938.76 Safari/537.36"
74.7.243.195 - - [02/Mar/2026:15:53:42 -0500] "GET /wp-json/oembed/1.0/embed?url=http%3A%2F%2Fwww.middleeastoday.com%2Fmohamed-bin-zayed-king-of-bahrain-discuss-consolidating-cooperation-ties%2F HTTP/1.1" 200 2625 "http://www.middleeastoday.com/mohamed-bin-zayed-king-of-bahrain-discuss-consolidating-cooperation-ties/" "Mozilla/5.0 AppleWebKit/537.36 (KHTML, like Gecko; compatible; GPTBot/1.3; +https://openai.com/gptbot)"
43.132.141.175 - - [02/Mar/2026:15:53:45 -0500] "GET /wp-content/uploads/2023/04/Al-Marmoom-Rest-House-1.jpg HTTP/1.1" 200 152571 "-" "Mozilla/5.0 (Windows NT 10.0; Win64; x64) AppleWebKit/537.36"
162.213.253.84 - - [02/Mar/2026:15:54:19 -0500] "POST /wp-cron.php?doing_wp_cron=1772484859.0894749164581298828125 HTTP/1.1" 200 0 "-" "WordPress/6.8.1; http://www.middleeastoday.com"
162.213.253.84 - - [02/Mar/2026:15:54:37 -0500] "POST /wp-cron.php?doing_wp_cron=1772484877.1617059707641601562500 HTTP/1.1" 200 0 "-" "WordPress/6.8.1; http://www.middleeastoday.com"
74.7.243.195 - - [02/Mar/2026:15:54:36 -0500] "GET /wp-json/oembed/1.0/embed?url=http%3A%2F%2Fwww.middleeastoday.com%2Fuae-president-participates-in-international-conference-on-development-and-migration-in-rome%2F HTTP/1.1" 200 2708 "http://www.middleeastoday.com/uae-president-participates-in-international-conference-on-development-and-migration-in-rome/" "Mozilla/5.0 AppleWebKit/537.36 (KHTML, like Gecko; compatible; GPTBot/1.3; +https://openai.com/gptbot)"
162.213.253.84 - - [02/Mar/2026:15:54:37 -0500] "POST /wp-admin/admin-ajax.php?action=async_litespeed&nonce=DZtlJLO8kSDl07laVcZ22X0Dk09lZfxr&litespeed_type=imgoptm HTTP/1.1" 200 21 "-" "WordPress/6.8.1; http://www.middleeastoday.com"
74.7.243.195 - - [02/Mar/2026:15:54:39 -0500] "GET /wp-json/oembed/1.0/embed?url=http%3A%2F%2Fwww.middleeastoday.com%2Fabu-dhabi-residents-office-signs-strategic-agreement-with-aldar-properties%2F HTTP/1.1" 200 2640 "http://www.middleeastoday.com/abu-dhabi-residents-office-signs-strategic-agreement-with-aldar-properties/" "Mozilla/5.0 AppleWebKit/537.36 (KHTML, like Gecko; compatible; GPTBot/1.3; +https://openai.com/gptbot)"
74.7.243.195 - - [02/Mar/2026:15:54:42 -0500] "GET /wp-json/oembed/1.0/embed?url=http%3A%2F%2Fwww.middleeastoday.com%2Fprimary-care-conference-focuses-on-latest-updates-and-trends-in-healthcare%2F HTTP/1.1" 200 2642 "http://www.middleeastoday.com/primary-care-conference-focuses-on-latest-updates-and-trends-in-healthcare/" "Mozilla/5.0 AppleWebKit/537.36 (KHTML, like Gecko; compatible; GPTBot/1.3; +https://openai.com/gptbot)"
74.7.243.195 - - [02/Mar/2026:15:54:46 -0500] "GET /wp-json/oembed/1.0/embed?url=http%3A%2F%2Fwww.middleeastoday.com%2Fmohammed-bin-rashid-discusses-with-ecuadors-president-ways-to-enhance-cooperation-deepen-bilateral-ties%2F HTTP/1.1" 200 2790 "http://www.middleeastoday.com/mohammed-bin-rashid-discusses-with-ecuadors-president-ways-to-enhance-cooperation-deepen-bilateral-ties/" "Mozilla/5.0 AppleWebKit/537.36 (KHTML, like Gecko; compatible; GPTBot/1.3; +https://openai.com/gptbot)"
74.7.243.195 - - [02/Mar/2026:15:54:51 -0500] "GET /wp-json/oembed/1.0/embed?url=http%3A%2F%2Fwww.middleeastoday.com%2Fthe-expand-north-star-2023-exhibition-showcases-cutting-edge-technology%2F HTTP/1.1" 200 2634 "http://www.middleeastoday.com/the-expand-north-star-2023-exhibition-showcases-cutting-edge-technology/" "Mozilla/5.0 AppleWebKit/537.36 (KHTML, like Gecko; compatible; GPTBot/1.3; +https://openai.com/gptbot)"
43.135.107.111 - - [02/Mar/2026:15:54:55 -0500] "GET /wp-content/uploads/2022/04/64c2ad33-5b41-4d59-be1b-293b254ded91-768x119.jpeg HTTP/1.1" 200 18202 "-" "Mozilla/5.0 (Windows NT 10.0; Win64; x64) AppleWebKit/537.36"
74.7.243.195 - - [02/Mar/2026:15:55:02 -0500] "GET /wp-json/oembed/1.0/embed?url=http%3A%2F%2Fwww.middleeastoday.com%2Fdubai-fitness-challenge-2025-concludes-with-over-3-million-participants%2F HTTP/1.1" 200 2611 "http://www.middleeastoday.com/dubai-fitness-challenge-2025-concludes-with-over-3-million-participants/" "Mozilla/5.0 AppleWebKit/537.36 (KHTML, like Gecko; compatible; GPTBot/1.3; +https://openai.com/gptbot)"
162.213.253.84 - - [02/Mar/2026:15:55:24 -0500] "POST /wp-admin/admin-ajax.php?action=async_litespeed&nonce=rkM70jB6WnBq0GpQkARJOXroRXbnMJdx&litespeed_type=imgoptm HTTP/1.1" 200 21 "-" "WordPress/6.8.1; http://www.middleeastoday.com"
85.208.96.200 - - [02/Mar/2026:15:53:19 -0500] "GET /5000-visitors-attended-sharjah-entrepreneurial-festival-so-far/ HTTP/1.1" 200 27360 "-" "Mozilla/5.0 (compatible; SemrushBot/7~bl; +http://www.semrush.com/bot.html)"
15.235.27.8 - - [02/Mar/2026:15:53:30 -0500] "GET /abu-dhabi-to-host-worlds-largest-autonomous-racing-league/ HTTP/1.1" 200 21271 "-" "Mozilla/5.0 (compatible; AhrefsBot/7.0; +http://ahrefs.com/robot/)"
162.213.253.84 - - [02/Mar/2026:15:53:43 -0500] "POST /wp-cron.php?doing_wp_cron=1772484823.0759170055389404296875 HTTP/1.1" 200 0 "-" "WordPress/6.8.1; http://www.middleeastoday.com"
162.213.253.84 - - [02/Mar/2026:15:53:43 -0500] "POST /wp-admin/admin-ajax.php?action=async_litespeed&nonce=aKGE3uxsYunRXBBuMW9JI17bAe88orfL&litespeed_type=imgoptm HTTP/1.1" 200 21 "-" "WordPress/6.8.1; http://www.middleeastoday.com"
74.7.243.195 - - [02/Mar/2026:15:54:18 -0500] "GET /wp-json/oembed/1.0/embed?url=http%3A%2F%2Fwww.middleeastoday.com%2Fmohammed-bin-rashid-meets-with-climate-policy-and-space-sector-decision-makers-attending-space-agencies-leaders-summit-at-cop28%2F HTTP/1.1" 200 2916 "http://www.middleeastoday.com/mohammed-bin-rashid-meets-with-climate-policy-and-space-sector-decision-makers-attending-space-agencies-leaders-summit-at-cop28/" "Mozilla/5.0 AppleWebKit/537.36 (KHTML, like Gecko; compatible; GPTBot/1.3; +https://openai.com/gptbot)"
162.213.253.84 - - [02/Mar/2026:15:54:42 -0500] "POST /wp-cron.php?doing_wp_cron=1772484882.8631289005279541015625 HTTP/1.1" 200 0 "-" "WordPress/6.8.1; http://www.middleeastoday.com"
74.7.243.195 - - [02/Mar/2026:15:54:44 -0500] "GET /wp-json/oembed/1.0/embed?url=http%3A%2F%2Fwww.middleeastoday.com%2Fdubai-chamber-of-commerce-unveils-impact-of-give-and-gain-2022-initiative%2F HTTP/1.1" 200 2679 "http://www.middleeastoday.com/dubai-chamber-of-commerce-unveils-impact-of-give-and-gain-2022-initiative/" "Mozilla/5.0 AppleWebKit/537.36 (KHTML, like Gecko; compatible; GPTBot/1.3; +https://openai.com/gptbot)"
74.7.243.195 - - [02/Mar/2026:15:54:49 -0500] "GET /wp-json/oembed/1.0/embed?url=http%3A%2F%2Fwww.middleeastoday.com%2Fon-behalf-of-uae-president-khaled-bin-mohamed-bin-zayed-arrives-in-albania-on-working-visit%2F HTTP/1.1" 200 2714 "http://www.middleeastoday.com/on-behalf-of-uae-president-khaled-bin-mohamed-bin-zayed-arrives-in-albania-on-working-visit/" "Mozilla/5.0 AppleWebKit/537.36 (KHTML, like Gecko; compatible; GPTBot/1.3; +https://openai.com/gptbot)"
74.7.243.195 - - [02/Mar/2026:15:54:53 -0500] "GET /wp-json/oembed/1.0/embed?url=http%3A%2F%2Fwww.middleeastoday.com%2F50-photographers-in-10-categories-shortlisted-for-coveted-xposure-awards%2F HTTP/1.1" 200 2621 "http://www.middleeastoday.com/50-photographers-in-10-categories-shortlisted-for-coveted-xposure-awards/" "Mozilla/5.0 AppleWebKit/537.36 (KHTML, like Gecko; compatible; GPTBot/1.3; +https://openai.com/gptbot)"
162.213.253.84 - - [02/Mar/2026:15:55:23 -0500] "POST /wp-cron.php?doing_wp_cron=1772484923.5203878879547119140625 HTTP/1.1" 200 0 "-" "WordPress/6.8.1; http://www.middleeastoday.com"
74.7.243.195 - - [02/Mar/2026:15:55:23 -0500] "GET /wp-json/oembed/1.0/embed?url=http%3A%2F%2Fwww.middleeastoday.com%2Fuae-president-greek-pm-review-consolidating-their-strategic-partnership%2F HTTP/1.1" 200 2620 "http://www.middleeastoday.com/uae-president-greek-pm-review-consolidating-their-strategic-partnership/" "Mozilla/5.0 AppleWebKit/537.36 (KHTML, like Gecko; compatible; GPTBot/1.3; +https://openai.com/gptbot)"
85.208.96.212 - - [02/Mar/2026:15:55:52 -0500] "GET /dubai-south-announces-successful-first-stage-trials-of-autonomous-vehicle/ HTTP/1.1" 200 24030 "-" "Mozilla/5.0 (compatible; SemrushBot/7~bl; +http://www.semrush.com/bot.html)"
3.218.103.254 - - [02/Mar/2026:15:56:05 -0500] "GET /wp-json/oembed/1.0/embed?format=xml&url=http://www.middleeastoday.com/dubai-based-fashion-label-fajr-al-sabah-sells-49-stake-for-e100-million-following-jewelry-fashion-week-showcase/ HTTP/1.1" 200 1341 "-" "Mozilla/5.0 AppleWebKit/537.36 (KHTML, like Gecko; compatible; Amazonbot/0.1; +https://developer.amazon.com/support/amazonbot) Chrome/119.0.6045.214 Safari/537.36"
74.7.243.195 - - [02/Mar/2026:15:56:34 -0500] "GET /wp-json/oembed/1.0/embed?url=http%3A%2F%2Fwww.middleeastoday.com%2Ffujairah-ruler-receives-participants-of-international-envirocities-conference-2022%2F HTTP/1.1" 200 2678 "http://www.middleeastoday.com/fujairah-ruler-receives-participants-of-international-envirocities-conference-2022/" "Mozilla/5.0 AppleWebKit/537.36 (KHTML, like Gecko; compatible; GPTBot/1.3; +https://openai.com/gptbot)"
74.7.243.195 - - [02/Mar/2026:15:56:38 -0500] "GET /wp-json/oembed/1.0/embed?url=http%3A%2F%2Fwww.middleeastoday.com%2F53rd-wjmes-unveils-luxurious-gold-collections-international-artifacts%2F HTTP/1.1" 200 2612 "http://www.middleeastoday.com/53rd-wjmes-unveils-luxurious-gold-collections-international-artifacts/" "Mozilla/5.0 AppleWebKit/537.36 (KHTML, like Gecko; compatible; GPTBot/1.3; +https://openai.com/gptbot)"
74.7.243.195 - - [02/Mar/2026:15:56:44 -0500] "GET /wp-json/oembed/1.0/embed?url=http%3A%2F%2Fwww.middleeastoday.com%2Fsheikh-zayed-housing-programme-issues-432-decisions-worth-aed-299-million%2F HTTP/1.1" 200 2634 "http://www.middleeastoday.com/sheikh-zayed-housing-programme-issues-432-decisions-worth-aed-299-million/" "Mozilla/5.0 AppleWebKit/537.36 (KHTML, like Gecko; compatible; GPTBot/1.3; +https://openai.com/gptbot)"
74.7.243.195 - - [02/Mar/2026:15:55:59 -0500] "GET /wp-json/oembed/1.0/embed?url=http%3A%2F%2Fwww.middleeastoday.com%2F620-9-billion-dirhams-of-the-assets-of-islamic-banks-at-the-end-of-last-january-an-annual-growth-of-5-6%2F HTTP/1.1" 200 2781 "http://www.middleeastoday.com/620-9-billion-dirhams-of-the-assets-of-islamic-banks-at-the-end-of-last-january-an-annual-growth-of-5-6/" "Mozilla/5.0 AppleWebKit/537.36 (KHTML, like Gecko; compatible; GPTBot/1.3; +https://openai.com/gptbot)"
74.7.243.195 - - [02/Mar/2026:15:56:16 -0500] "GET /wp-json/oembed/1.0/embed?url=http%3A%2F%2Fwww.middleeastoday.com%2Fart-dubai-closes-2022-edition-with-strong-sales-and-record-visitor-numbers%2F HTTP/1.1" 200 2626 "http://www.middleeastoday.com/art-dubai-closes-2022-edition-with-strong-sales-and-record-visitor-numbers/" "Mozilla/5.0 AppleWebKit/537.36 (KHTML, like Gecko; compatible; GPTBot/1.3; +https://openai.com/gptbot)"
74.7.243.195 - - [02/Mar/2026:15:56:26 -0500] "GET /category/entertainment/feed/ HTTP/1.1" 200 1393 "http://www.middleeastoday.com/category/entertainment/" "Mozilla/5.0 AppleWebKit/537.36 (KHTML, like Gecko; compatible; GPTBot/1.3; +https://openai.com/gptbot)"
162.213.253.84 - - [02/Mar/2026:15:56:34 -0500] "POST /wp-cron.php?doing_wp_cron=1772484994.7623820304870605468750 HTTP/1.1" 200 0 "-" "WordPress/6.8.1; http://www.middleeastoday.com"
74.7.243.195 - - [02/Mar/2026:15:56:40 -0500] "GET /wp-json/oembed/1.0/embed?url=http%3A%2F%2Fwww.middleeastoday.com%2Fmohammed-bin-rashid-honours-10-winners-of-2022-zayed-sustainability-prize%2F HTTP/1.1" 200 2638 "http://www.middleeastoday.com/mohammed-bin-rashid-honours-10-winners-of-2022-zayed-sustainability-prize/" "Mozilla/5.0 AppleWebKit/537.36 (KHTML, like Gecko; compatible; GPTBot/1.3; +https://openai.com/gptbot)"
74.7.243.195 - - [02/Mar/2026:15:56:50 -0500] "GET /wp-json/oembed/1.0/embed?url=http%3A%2F%2Fwww.middleeastoday.com%2Fministry-of-health-bayer-middle-east-team-up-to-strengthen-capacities-in-health-economics%2F HTTP/1.1" 200 2712 "http://www.middleeastoday.com/ministry-of-health-bayer-middle-east-team-up-to-strengthen-capacities-in-health-economics/" "Mozilla/5.0 AppleWebKit/537.36 (KHTML, like Gecko; compatible; GPTBot/1.3; +https://openai.com/gptbot)"
74.7.243.195 - - [02/Mar/2026:15:56:55 -0500] "GET /category/events/feed/ HTTP/1.1" 200 4165 "http://www.middleeastoday.com/category/events/" "Mozilla/5.0 AppleWebKit/537.36 (KHTML, like Gecko; compatible; GPTBot/1.3; +https://openai.com/gptbot)"
148.113.130.99 - - [02/Mar/2026:15:57:14 -0500] "GET /nyuads-arts-centre-to-host-exciting-line-up-of-events-in-october/ HTTP/1.1" 200 21059 "-" "Mozilla/5.0 (compatible; AhrefsBot/7.0; +http://ahrefs.com/robot/)"
74.7.243.195 - - [02/Mar/2026:15:57:23 -0500] "GET /category/awards/feed/ HTTP/1.1" 200 9366 "http://www.middleeastoday.com/category/awards/" "Mozilla/5.0 AppleWebKit/537.36 (KHTML, like Gecko; compatible; GPTBot/1.3; +https://openai.com/gptbot)"
162.213.253.84 - - [02/Mar/2026:15:57:53 -0500] "POST /wp-cron.php?doing_wp_cron=1772485073.0872440338134765625000 HTTP/1.1" 200 0 "-" "WordPress/6.8.1; http://www.middleeastoday.com"
74.7.243.195 - - [02/Mar/2026:15:57:57 -0500] "GET /wp-json/oembed/1.0/embed?url=http%3A%2F%2Fwww.middleeastoday.com%2Fthe-head-of-state-and-his-two-deputies-congratulate-the-president-of-tanzania-on-the-occasion-of-union-day%2F HTTP/1.1" 200 2791 "http://www.middleeastoday.com/the-head-of-state-and-his-two-deputies-congratulate-the-president-of-tanzania-on-the-occasion-of-union-day/" "Mozilla/5.0 AppleWebKit/537.36 (KHTML, like Gecko; compatible; GPTBot/1.3; +https://openai.com/gptbot)"
74.7.243.195 - - [02/Mar/2026:15:58:05 -0500] "GET /wp-json/oembed/1.0/embed?url=http%3A%2F%2Fwww.middleeastoday.com%2Fcelebrity-media-strategist-vasu-jit-kalia-crowned-as-media-mogul-at-fashion-factor%2F HTTP/1.1" 200 2687 "http://www.middleeastoday.com/celebrity-media-strategist-vasu-jit-kalia-crowned-as-media-mogul-at-fashion-factor/" "Mozilla/5.0 AppleWebKit/537.36 (KHTML, like Gecko; compatible; GPTBot/1.3; +https://openai.com/gptbot)"
74.7.243.195 - - [02/Mar/2026:15:58:20 -0500] "GET /wp-json/oembed/1.0/embed?url=http%3A%2F%2Fwww.middleeastoday.com%2Fministry-of-culture-and-youth-delegation-participates-in-cairo-international-book-fair%2F HTTP/1.1" 200 2706 "http://www.middleeastoday.com/ministry-of-culture-and-youth-delegation-participates-in-cairo-international-book-fair/" "Mozilla/5.0 AppleWebKit/537.36 (KHTML, like Gecko; compatible; GPTBot/1.3; +https://openai.com/gptbot)"
162.213.253.84 - - [02/Mar/2026:15:58:32 -0500] "POST /wp-cron.php?doing_wp_cron=1772485112.0522820949554443359375 HTTP/1.1" 200 0 "-" "WordPress/6.8.1; http://www.middleeastoday.com"
74.7.243.195 - - [02/Mar/2026:15:58:31 -0500] "GET /wp-json/oembed/1.0/embed?url=http%3A%2F%2Fwww.middleeastoday.com%2Fexpo-khorfakkan-to-host-jewels-of-emirates-exhibition-for-the-first-time%2F HTTP/1.1" 200 2667 "http://www.middleeastoday.com/expo-khorfakkan-to-host-jewels-of-emirates-exhibition-for-the-first-time/" "Mozilla/5.0 AppleWebKit/537.36 (KHTML, like Gecko; compatible; GPTBot/1.3; +https://openai.com/gptbot)"
162.213.253.84 - - [02/Mar/2026:15:58:32 -0500] "POST /wp-admin/admin-ajax.php?action=async_litespeed&nonce=ohwOxa4RgdOC1CUp0expEkt0lmDh2dut&litespeed_type=imgoptm HTTP/1.1" 200 21 "-" "WordPress/6.8.1; http://www.middleeastoday.com"
162.213.253.84 - - [02/Mar/2026:15:58:44 -0500] "POST /wp-cron.php?doing_wp_cron=1772485124.2573308944702148437500 HTTP/1.1" 200 0 "-" "WordPress/6.8.1; http://www.middleeastoday.com"
74.7.243.195 - - [02/Mar/2026:15:58:53 -0500] "GET /wp-json/oembed/1.0/embed?url=http%3A%2F%2Fwww.middleeastoday.com%2Fbloom-holding-launches-seville-fifth-phase-of-bloom-living-in-abu-dhabi%2F HTTP/1.1" 200 2655 "http://www.middleeastoday.com/bloom-holding-launches-seville-fifth-phase-of-bloom-living-in-abu-dhabi/" "Mozilla/5.0 AppleWebKit/537.36 (KHTML, like Gecko; compatible; GPTBot/1.3; +https://openai.com/gptbot)"
43.132.141.175 - - [02/Mar/2026:15:59:11 -0500] "GET /wp-content/uploads/2022/04/64c2ad33-5b41-4d59-be1b-293b254ded91-768x119.jpeg HTTP/1.1" 200 18202 "-" "Mozilla/5.0 (Windows NT 10.0; Win64; x64) AppleWebKit/537.36"
162.213.253.84 - - [02/Mar/2026:15:59:25 -0500] "POST /wp-admin/admin-ajax.php?action=async_litespeed&nonce=yutXHK1WVkUeWQKIe8wE4199XDxuFPvo&litespeed_type=imgoptm HTTP/1.1" 200 21 "-" "WordPress/6.8.1; http://www.middleeastoday.com"
74.7.243.195 - - [02/Mar/2026:15:57:52 -0500] "GET /wp-json/oembed/1.0/embed?url=http%3A%2F%2Fwww.middleeastoday.com%2Fon-behalf-of-uae-president-crown-prince-of-abu-dhabi-arrives-in-new-delhi-to-participate-in-india-ai-impact-summit%2F HTTP/1.1" 200 2822 "http://www.middleeastoday.com/on-behalf-of-uae-president-crown-prince-of-abu-dhabi-arrives-in-new-delhi-to-participate-in-india-ai-impact-summit/" "Mozilla/5.0 AppleWebKit/537.36 (KHTML, like Gecko; compatible; GPTBot/1.3; +https://openai.com/gptbot)"
162.213.253.84 - - [02/Mar/2026:15:57:53 -0500] "POST /wp-admin/admin-ajax.php?action=async_litespeed&nonce=xd3OOVKua4jtdnZL5EnMq1ZtxG4Zrg6H&litespeed_type=imgoptm HTTP/1.1" 200 21 "-" "WordPress/6.8.1; http://www.middleeastoday.com"
162.213.253.84 - - [02/Mar/2026:15:57:57 -0500] "POST /wp-cron.php?doing_wp_cron=1772485077.7166829109191894531250 HTTP/1.1" 200 0 "-" "WordPress/6.8.1; http://www.middleeastoday.com"
74.7.243.195 - - [02/Mar/2026:15:57:58 -0500] "GET /wp-json/oembed/1.0/embed?url=http%3A%2F%2Fwww.middleeastoday.com%2Fmohammed-bin-rashid-visits-dubai-health-forum-2022%2F HTTP/1.1" 200 2520 "http://www.middleeastoday.com/mohammed-bin-rashid-visits-dubai-health-forum-2022/" "Mozilla/5.0 AppleWebKit/537.36 (KHTML, like Gecko; compatible; GPTBot/1.3; +https://openai.com/gptbot)"
74.7.243.195 - - [02/Mar/2026:15:58:11 -0500] "GET /wp-json/oembed/1.0/embed?url=http%3A%2F%2Fwww.middleeastoday.com%2Fromain-gerardin-fresse-honored-as-top-indo-arab-international-lawyer-of-the-year-by-his-highness-sheikh-sultan-bin-khalid-mohammed-al-qasimi%2F HTTP/1.1" 200 2990 "http://www.middleeastoday.com/romain-gerardin-fresse-honored-as-top-indo-arab-international-lawyer-of-the-year-by-his-highness-sheikh-sultan-bin-khalid-mohammed-al-qasimi/" "Mozilla/5.0 AppleWebKit/537.36 (KHTML, like Gecko; compatible; GPTBot/1.3; +https://openai.com/gptbot)"
74.7.243.195 - - [02/Mar/2026:15:58:18 -0500] "GET /wp-json/oembed/1.0/embed?url=http%3A%2F%2Fwww.middleeastoday.com%2Fmohammed-bin-rashid-directs-accommodation-of-all-families-affected-by-rain-floods-in-eastern-region-to-temporarily-shelter-sites%2F HTTP/1.1" 200 2909 "http://www.middleeastoday.com/mohammed-bin-rashid-directs-accommodation-of-all-families-affected-by-rain-floods-in-eastern-region-to-temporarily-shelter-sites/" "Mozilla/5.0 AppleWebKit/537.36 (KHTML, like Gecko; compatible; GPTBot/1.3; +https://openai.com/gptbot)"
74.7.243.195 - - [02/Mar/2026:15:58:43 -0500] "GET /wp-json/oembed/1.0/embed?url=http%3A%2F%2Fwww.middleeastoday.com%2Fcharles-formally-confirmed-as-king-in-ceremony-televised-for-first-time%2F HTTP/1.1" 200 2616 "http://www.middleeastoday.com/charles-formally-confirmed-as-king-in-ceremony-televised-for-first-time/" "Mozilla/5.0 AppleWebKit/537.36 (KHTML, like Gecko; compatible; GPTBot/1.3; +https://openai.com/gptbot)"
162.213.253.84 - - [02/Mar/2026:15:59:24 -0500] "POST /wp-cron.php?doing_wp_cron=1772485164.5820400714874267578125 HTTP/1.1" 200 0 "-" "WordPress/6.8.1; http://www.middleeastoday.com"
74.7.243.195 - - [02/Mar/2026:15:59:23 -0500] "GET /wp-json/oembed/1.0/embed?url=http%3A%2F%2Fwww.middleeastoday.com%2Fpep-up-your-style-quotient-with-burberry-collection-from-candy-and-lola%2F HTTP/1.1" 200 2601 "http://www.middleeastoday.com/pep-up-your-style-quotient-with-burberry-collection-from-candy-and-lola/" "Mozilla/5.0 AppleWebKit/537.36 (KHTML, like Gecko; compatible; GPTBot/1.3; +https://openai.com/gptbot)"
162.213.253.84 - - [02/Mar/2026:15:59:48 -0500] "POST /wp-cron.php?doing_wp_cron=1772485188.6670310497283935546875 HTTP/1.1" 200 0 "-" "WordPress/6.8.1; http://www.middleeastoday.com"
74.7.243.195 - - [02/Mar/2026:15:59:48 -0500] "GET /wp-json/oembed/1.0/embed?url=http%3A%2F%2Fwww.middleeastoday.com%2Fmohamed-bin-zayed-directs-treatment-for-3-year-old-afghan-boy-with-cancer%2F HTTP/1.1" 200 2540 "http://www.middleeastoday.com/mohamed-bin-zayed-directs-treatment-for-3-year-old-afghan-boy-with-cancer/" "Mozilla/5.0 AppleWebKit/537.36 (KHTML, like Gecko; compatible; GPTBot/1.3; +https://openai.com/gptbot)"
74.7.243.195 - - [02/Mar/2026:15:59:52 -0500] "GET /wp-json/oembed/1.0/embed?url=http%3A%2F%2Fwww.middleeastoday.com%2Fmona-al-marri-opens-inaugural-edition-of-jewellery-gem-technology-dubai%2F HTTP/1.1" 200 2646 "http://www.middleeastoday.com/mona-al-marri-opens-inaugural-edition-of-jewellery-gem-technology-dubai/" "Mozilla/5.0 AppleWebKit/537.36 (KHTML, like Gecko; compatible; GPTBot/1.3; +https://openai.com/gptbot)"
74.7.243.195 - - [02/Mar/2026:15:59:53 -0500] "GET /wp-json/oembed/1.0/embed?url=http%3A%2F%2Fwww.middleeastoday.com%2Femirati-folk-culture-captivates-global-audiences-at-bologna-childrens-book-fair%2F HTTP/1.1" 200 2680 "http://www.middleeastoday.com/emirati-folk-culture-captivates-global-audiences-at-bologna-childrens-book-fair/" "Mozilla/5.0 AppleWebKit/537.36 (KHTML, like Gecko; compatible; GPTBot/1.3; +https://openai.com/gptbot)"
74.7.243.195 - - [02/Mar/2026:15:59:55 -0500] "GET /wp-json/oembed/1.0/embed?url=http%3A%2F%2Fwww.middleeastoday.com%2Fad-ports-group-bags-seven-harvard-business-council-international-awards%2F HTTP/1.1" 200 2602 "http://www.middleeastoday.com/ad-ports-group-bags-seven-harvard-business-council-international-awards/" "Mozilla/5.0 AppleWebKit/537.36 (KHTML, like Gecko; compatible; GPTBot/1.3; +https://openai.com/gptbot)"
74.7.243.195 - - [02/Mar/2026:15:59:57 -0500] "GET /wp-json/oembed/1.0/embed?url=http%3A%2F%2Fwww.middleeastoday.com%2Fmaktoum-bin-mohammed-offers-condolences-over-death-of-queen-elizabeth-ii%2F HTTP/1.1" 200 2635 "http://www.middleeastoday.com/maktoum-bin-mohammed-offers-condolences-over-death-of-queen-elizabeth-ii/" "Mozilla/5.0 AppleWebKit/537.36 (KHTML, like Gecko; compatible; GPTBot/1.3; +https://openai.com/gptbot)"
74.7.243.195 - - [02/Mar/2026:16:00:08 -0500] "GET /wp-json/oembed/1.0/embed?url=http%3A%2F%2Fwww.middleeastoday.com%2Faed6-2-billion-in-deals-concluded-as-global-food-week-wraps-up-in-abu-dhabi%2F HTTP/1.1" 200 2638 "http://www.middleeastoday.com/aed6-2-billion-in-deals-concluded-as-global-food-week-wraps-up-in-abu-dhabi/" "Mozilla/5.0 AppleWebKit/537.36 (KHTML, like Gecko; compatible; GPTBot/1.3; +https://openai.com/gptbot)"
74.7.243.195 - - [02/Mar/2026:16:00:16 -0500] "GET /wp-json/oembed/1.0/embed?url=http%3A%2F%2Fwww.middleeastoday.com%2Fuae-delegation-attends-fifth-day-of-meetings-on-sidelines-of-77th-session-of-unga%2F HTTP/1.1" 200 2666 "http://www.middleeastoday.com/uae-delegation-attends-fifth-day-of-meetings-on-sidelines-of-77th-session-of-unga/" "Mozilla/5.0 AppleWebKit/537.36 (KHTML, like Gecko; compatible; GPTBot/1.3; +https://openai.com/gptbot)"
43.155.125.172 - - [02/Mar/2026:16:00:34 -0500] "GET /wp-content/uploads/2023/11/Terminal-A-1-850x560.jpg HTTP/1.1" 200 102200 "-" "Mozilla/5.0 (Windows NT 10.0; Win64; x64) AppleWebKit/537.36"
162.213.253.84 - - [02/Mar/2026:16:00:55 -0500] "POST /wp-cron.php?doing_wp_cron=1772485255.9798519611358642578125 HTTP/1.1" 200 0 "-" "WordPress/6.8.1; http://www.middleeastoday.com"
74.7.243.195 - - [02/Mar/2026:16:00:55 -0500] "GET /wp-json/oembed/1.0/embed?url=http%3A%2F%2Fwww.middleeastoday.com%2Fmohammed-bin-rashid-meets-with-king-charles-iii-on-sidelines-of-cop28-in-dubai%2F HTTP/1.1" 200 2653 "http://www.middleeastoday.com/mohammed-bin-rashid-meets-with-king-charles-iii-on-sidelines-of-cop28-in-dubai/" "Mozilla/5.0 AppleWebKit/537.36 (KHTML, like Gecko; compatible; GPTBot/1.3; +https://openai.com/gptbot)"
74.7.243.195 - - [02/Mar/2026:16:01:03 -0500] "GET /wp-json/oembed/1.0/embed?url=http%3A%2F%2Fwww.middleeastoday.com%2Fyouth-led-road-to-cop28-event-set-to-unify-uae-stakeholders-towards-climate-summit%2F HTTP/1.1" 200 2708 "http://www.middleeastoday.com/youth-led-road-to-cop28-event-set-to-unify-uae-stakeholders-towards-climate-summit/" "Mozilla/5.0 AppleWebKit/537.36 (KHTML, like Gecko; compatible; GPTBot/1.3; +https://openai.com/gptbot)"
74.7.243.195 - - [02/Mar/2026:15:59:54 -0500] "GET /wp-json/oembed/1.0/embed?url=http%3A%2F%2Fwww.middleeastoday.com%2Fdubais-mega-theme-parks-offer-larger-than-life-entertainment-experiences%2F HTTP/1.1" 200 2648 "http://www.middleeastoday.com/dubais-mega-theme-parks-offer-larger-than-life-entertainment-experiences/" "Mozilla/5.0 AppleWebKit/537.36 (KHTML, like Gecko; compatible; GPTBot/1.3; +https://openai.com/gptbot)"
74.7.243.195 - - [02/Mar/2026:15:59:56 -0500] "GET /wp-json/oembed/1.0/embed?url=http%3A%2F%2Fwww.middleeastoday.com%2Fdubai-south-announces-successful-first-stage-trials-of-autonomous-vehicle%2F HTTP/1.1" 200 2623 "http://www.middleeastoday.com/dubai-south-announces-successful-first-stage-trials-of-autonomous-vehicle/" "Mozilla/5.0 AppleWebKit/537.36 (KHTML, like Gecko; compatible; GPTBot/1.3; +https://openai.com/gptbot)"
74.7.243.195 - - [02/Mar/2026:16:00:04 -0500] "GET /wp-json/oembed/1.0/embed?url=http%3A%2F%2Fwww.middleeastoday.com%2Fwelcoming-one-million-visitors-dubai-opera-to-celebrate-sixth-anniversary%2F HTTP/1.1" 200 2627 "http://www.middleeastoday.com/welcoming-one-million-visitors-dubai-opera-to-celebrate-sixth-anniversary/" "Mozilla/5.0 AppleWebKit/537.36 (KHTML, like Gecko; compatible; GPTBot/1.3; +https://openai.com/gptbot)"
162.213.253.84 - - [02/Mar/2026:16:00:38 -0500] "POST /wp-cron.php?doing_wp_cron=1772485238.8685479164123535156250 HTTP/1.1" 200 0 "-" "WordPress/6.8.1; http://www.middleeastoday.com"
74.7.243.195 - - [02/Mar/2026:16:00:38 -0500] "GET /wp-json/oembed/1.0/embed?url=http%3A%2F%2Fwww.middleeastoday.com%2Fweekly-real-estate-and-properties-transactions-worth-aed-6-3-bn-recorded-in-dubai%2F HTTP/1.1" 200 2678 "http://www.middleeastoday.com/weekly-real-estate-and-properties-transactions-worth-aed-6-3-bn-recorded-in-dubai/" "Mozilla/5.0 AppleWebKit/537.36 (KHTML, like Gecko; compatible; GPTBot/1.3; +https://openai.com/gptbot)"
162.213.253.84 - - [02/Mar/2026:16:00:39 -0500] "POST /wp-admin/admin-ajax.php?action=async_litespeed&nonce=klsNW5XGsnyEUHLj2pJExpWpLZEC3TeR&litespeed_type=imgoptm HTTP/1.1" 200 21 "-" "WordPress/6.8.1; http://www.middleeastoday.com"
74.7.243.195 - - [02/Mar/2026:16:01:05 -0500] "GET /wp-json/oembed/1.0/embed?url=http%3A%2F%2Fwww.middleeastoday.com%2Fadq-e20-investment-to-establish-innovative-animal-health-platform-in-abu-dhabi%2F HTTP/1.1" 200 2654 "http://www.middleeastoday.com/adq-e20-investment-to-establish-innovative-animal-health-platform-in-abu-dhabi/" "Mozilla/5.0 AppleWebKit/537.36 (KHTML, like Gecko; compatible; GPTBot/1.3; +https://openai.com/gptbot)"
74.7.243.195 - - [02/Mar/2026:16:01:11 -0500] "GET /wp-json/oembed/1.0/embed?url=http%3A%2F%2Fwww.middleeastoday.com%2Fuae-delegation-explores-bilateral-opportunities-at-select-usa-investment-summit%2F HTTP/1.1" 200 2657 "http://www.middleeastoday.com/uae-delegation-explores-bilateral-opportunities-at-select-usa-investment-summit/" "Mozilla/5.0 AppleWebKit/537.36 (KHTML, like Gecko; compatible; GPTBot/1.3; +https://openai.com/gptbot)"
74.7.243.195 - - [02/Mar/2026:16:01:12 -0500] "GET /wp-json/oembed/1.0/embed?url=http%3A%2F%2Fwww.middleeastoday.com%2Ffirst-emirates-conference-on-organ-transplantation-for-cancer-patients-launches%2F HTTP/1.1" 200 2663 "http://www.middleeastoday.com/first-emirates-conference-on-organ-transplantation-for-cancer-patients-launches/" "Mozilla/5.0 AppleWebKit/537.36 (KHTML, like Gecko; compatible; GPTBot/1.3; +https://openai.com/gptbot)"
74.7.243.195 - - [02/Mar/2026:16:01:14 -0500] "GET /wp-json/oembed/1.0/embed?url=http%3A%2F%2Fwww.middleeastoday.com%2Ftahnoon-bin-zayed-meets-donald-trump-discusses-strategic-partnership-prospects%2F HTTP/1.1" 200 2646 "http://www.middleeastoday.com/tahnoon-bin-zayed-meets-donald-trump-discusses-strategic-partnership-prospects/" "Mozilla/5.0 AppleWebKit/537.36 (KHTML, like Gecko; compatible; GPTBot/1.3; +https://openai.com/gptbot)"
162.213.253.84 - - [02/Mar/2026:16:01:23 -0500] "POST /wp-cron.php?doing_wp_cron=1772485283.6888840198516845703125 HTTP/1.1" 200 0 "-" "WordPress/6.8.1; http://www.middleeastoday.com"
74.7.243.195 - - [02/Mar/2026:16:01:19 -0500] "GET /wp-json/oembed/1.0/embed?url=http%3A%2F%2Fwww.middleeastoday.com%2Fkazakh-consulate-celebrates-30th-anniversary-of-establishment-of-relations-with-uae%2F HTTP/1.1" 200 2678 "http://www.middleeastoday.com/kazakh-consulate-celebrates-30th-anniversary-of-establishment-of-relations-with-uae/" "Mozilla/5.0 AppleWebKit/537.36 (KHTML, like Gecko; compatible; GPTBot/1.3; +https://openai.com/gptbot)"
74.7.243.195 - - [02/Mar/2026:16:01:23 -0500] "GET /wp-json/oembed/1.0/embed?url=http%3A%2F%2Fwww.middleeastoday.com%2Fmohammed-bin-rashid-announces-opening-of-expo-city-dubai-in-october-2022%2F HTTP/1.1" 200 2668 "http://www.middleeastoday.com/mohammed-bin-rashid-announces-opening-of-expo-city-dubai-in-october-2022/" "Mozilla/5.0 AppleWebKit/537.36 (KHTML, like Gecko; compatible; GPTBot/1.3; +https://openai.com/gptbot)"
74.7.243.195 - - [02/Mar/2026:16:01:50 -0500] "GET /wp-json/oembed/1.0/embed?url=http%3A%2F%2Fwww.middleeastoday.com%2Fhasher-bin-maktoum-officially-opens-cabsat-2023-and-integrate-middle-east-2023%2F HTTP/1.1" 200 2650 "http://www.middleeastoday.com/hasher-bin-maktoum-officially-opens-cabsat-2023-and-integrate-middle-east-2023/" "Mozilla/5.0 AppleWebKit/537.36 (KHTML, like Gecko; compatible; GPTBot/1.3; +https://openai.com/gptbot)"
74.7.243.195 - - [02/Mar/2026:16:02:19 -0500] "GET /wp-json/oembed/1.0/embed?url=http%3A%2F%2Fwww.middleeastoday.com%2Fdifc-records-best-performance-in-17-year-history-driving-dubais-next-phase-of-growth%2F HTTP/1.1" 200 2613 "http://www.middleeastoday.com/difc-records-best-performance-in-17-year-history-driving-dubais-next-phase-of-growth/" "Mozilla/5.0 AppleWebKit/537.36 (KHTML, like Gecko; compatible; GPTBot/1.3; +https://openai.com/gptbot)"
74.7.243.195 - - [02/Mar/2026:16:02:21 -0500] "GET /wp-json/oembed/1.0/embed?url=http%3A%2F%2Fwww.middleeastoday.com%2Fbeeah-group-green-planet-sign-10-year-contract-to-advance-sustainable-waste-management-in-egypt-2%2F HTTP/1.1" 200 2743 "http://www.middleeastoday.com/beeah-group-green-planet-sign-10-year-contract-to-advance-sustainable-waste-management-in-egypt-2/" "Mozilla/5.0 AppleWebKit/537.36 (KHTML, like Gecko; compatible; GPTBot/1.3; +https://openai.com/gptbot)"
74.7.243.195 - - [02/Mar/2026:16:02:23 -0500] "GET /wp-json/oembed/1.0/embed?url=http%3A%2F%2Fwww.middleeastoday.com%2Fuae-president-to-begin-official-visit-to-russia-on-21-october-to-participate-in-brics-summit%2F HTTP/1.1" 200 2720 "http://www.middleeastoday.com/uae-president-to-begin-official-visit-to-russia-on-21-october-to-participate-in-brics-summit/" "Mozilla/5.0 AppleWebKit/537.36 (KHTML, like Gecko; compatible; GPTBot/1.3; +https://openai.com/gptbot)"
162.213.253.84 - - [02/Mar/2026:16:02:24 -0500] "POST /wp-admin/admin-ajax.php?action=async_litespeed&nonce=IUKHJ5RQRIa1WEiiEbq99VFaLHwVxRbg&litespeed_type=imgoptm HTTP/1.1" 200 21 "-" "WordPress/6.8.1; http://www.middleeastoday.com"
74.7.243.195 - - [02/Mar/2026:16:02:30 -0500] "GET /wp-json/oembed/1.0/embed?url=http%3A%2F%2Fwww.middleeastoday.com%2Fbollywood-superstar-suniel-shetty-presents-media-strategist-of-the-year-award-2024-to-vasu-jit-kalia%2F HTTP/1.1" 200 2836 "http://www.middleeastoday.com/bollywood-superstar-suniel-shetty-presents-media-strategist-of-the-year-award-2024-to-vasu-jit-kalia/" "Mozilla/5.0 AppleWebKit/537.36 (KHTML, like Gecko; compatible; GPTBot/1.3; +https://openai.com/gptbot)"
74.7.243.195 - - [02/Mar/2026:16:02:34 -0500] "GET /wp-json/oembed/1.0/embed?url=http%3A%2F%2Fwww.middleeastoday.com%2Fmohammed-bin-rashid-issues-decree-forming-supreme-committee-to-supervise-expo-2020-dubai-district%2F HTTP/1.1" 200 2760 "http://www.middleeastoday.com/mohammed-bin-rashid-issues-decree-forming-supreme-committee-to-supervise-expo-2020-dubai-district/" "Mozilla/5.0 AppleWebKit/537.36 (KHTML, like Gecko; compatible; GPTBot/1.3; +https://openai.com/gptbot)"
162.213.253.84 - - [02/Mar/2026:16:01:24 -0500] "POST /wp-admin/admin-ajax.php?action=async_litespeed&nonce=HXBcdf4tcWqyzKclGPYdxYpn2kvDUJRf&litespeed_type=imgoptm HTTP/1.1" 200 21 "-" "WordPress/6.8.1; http://www.middleeastoday.com"
162.213.253.84 - - [02/Mar/2026:16:01:35 -0500] "POST /wp-cron.php?doing_wp_cron=1772485295.3126080036163330078125 HTTP/1.1" 200 0 "-" "WordPress/6.8.1; http://www.middleeastoday.com"
74.7.243.195 - - [02/Mar/2026:16:01:34 -0500] "GET /wp-json/oembed/1.0/embed?url=http%3A%2F%2Fwww.middleeastoday.com%2Fdewa-strengthens-cooperation-with-canadian-companies-at-gitex-global-2022%2F HTTP/1.1" 200 2640 "http://www.middleeastoday.com/dewa-strengthens-cooperation-with-canadian-companies-at-gitex-global-2022/" "Mozilla/5.0 AppleWebKit/537.36 (KHTML, like Gecko; compatible; GPTBot/1.3; +https://openai.com/gptbot)"
47.82.15.180 - - [02/Mar/2026:16:01:44 -0500] "GET /masdar-continues-to-strengthen-its-leading-stature-in-clean-energy-sector/ HTTP/1.1" 200 26904 "-" "Mozilla/5.0 (Macintosh; Intel Mac OS X 10_15_7) AppleWebKit/537.36 (KHTML, like Gecko) Chrome/140.0.0.0 Safari/537.36"
74.7.243.195 - - [02/Mar/2026:16:02:01 -0500] "GET /wp-json/oembed/1.0/embed?url=http%3A%2F%2Fwww.middleeastoday.com%2Fuae-president-meets-serbian-president-in-belgrade-to-discuss-bilateral-ties-and-regional-issues%2F HTTP/1.1" 200 2741 "http://www.middleeastoday.com/uae-president-meets-serbian-president-in-belgrade-to-discuss-bilateral-ties-and-regional-issues/" "Mozilla/5.0 AppleWebKit/537.36 (KHTML, like Gecko; compatible; GPTBot/1.3; +https://openai.com/gptbot)"
74.7.243.195 - - [02/Mar/2026:16:02:10 -0500] "GET /wp-json/oembed/1.0/embed?url=http%3A%2F%2Fwww.middleeastoday.com%2Fuae-morocco-exchange-experience-in-combating-terrorism-arms-proliferation%2F HTTP/1.1" 200 2626 "http://www.middleeastoday.com/uae-morocco-exchange-experience-in-combating-terrorism-arms-proliferation/" "Mozilla/5.0 AppleWebKit/537.36 (KHTML, like Gecko; compatible; GPTBot/1.3; +https://openai.com/gptbot)"
74.7.243.195 - - [02/Mar/2026:16:02:12 -0500] "GET /wp-json/oembed/1.0/embed?url=http%3A%2F%2Fwww.middleeastoday.com%2Fuae-president-receives-indian-pms-letter-on-strengthening-strategic-relations%2F HTTP/1.1" 200 2668 "http://www.middleeastoday.com/uae-president-receives-indian-pms-letter-on-strengthening-strategic-relations/" "Mozilla/5.0 AppleWebKit/537.36 (KHTML, like Gecko; compatible; GPTBot/1.3; +https://openai.com/gptbot)"
162.213.253.84 - - [02/Mar/2026:16:02:23 -0500] "POST /wp-cron.php?doing_wp_cron=1772485343.7443549633026123046875 HTTP/1.1" 200 0 "-" "WordPress/6.8.1; http://www.middleeastoday.com"
162.213.253.84 - - [02/Mar/2026:16:02:31 -0500] "POST /wp-cron.php?doing_wp_cron=1772485351.2064080238342285156250 HTTP/1.1" 200 0 "-" "WordPress/6.8.1; http://www.middleeastoday.com"
74.7.243.195 - - [02/Mar/2026:16:02:37 -0500] "GET /wp-json/oembed/1.0/embed?url=http%3A%2F%2Fwww.middleeastoday.com%2Fwatch-jewellery-middle-east-show-2022-kicks-off-tomorrow-at-expo-centre-sharjah-2%2F HTTP/1.1" 200 2704 "http://www.middleeastoday.com/watch-jewellery-middle-east-show-2022-kicks-off-tomorrow-at-expo-centre-sharjah-2/" "Mozilla/5.0 AppleWebKit/537.36 (KHTML, like Gecko; compatible; GPTBot/1.3; +https://openai.com/gptbot)"
74.7.243.195 - - [02/Mar/2026:16:02:39 -0500] "GET /wp-json/oembed/1.0/embed?url=http%3A%2F%2Fwww.middleeastoday.com%2Fabdullah-bin-zayed-indonesian-foreign-affairs-minister-meet-on-sidelines-of-g20-meetings%2F HTTP/1.1" 200 2718 "http://www.middleeastoday.com/abdullah-bin-zayed-indonesian-foreign-affairs-minister-meet-on-sidelines-of-g20-meetings/" "Mozilla/5.0 AppleWebKit/537.36 (KHTML, like Gecko; compatible; GPTBot/1.3; +https://openai.com/gptbot)"
74.7.243.195 - - [02/Mar/2026:16:02:46 -0500] "GET /wp-json/oembed/1.0/embed?url=http%3A%2F%2Fwww.middleeastoday.com%2Fall-28-airlines-now-operating-from-terminal-a-following-completion-of-transition-phase%2F HTTP/1.1" 200 2689 "http://www.middleeastoday.com/all-28-airlines-now-operating-from-terminal-a-following-completion-of-transition-phase/" "Mozilla/5.0 AppleWebKit/537.36 (KHTML, like Gecko; compatible; GPTBot/1.3; +https://openai.com/gptbot)"
74.7.243.195 - - [02/Mar/2026:16:03:00 -0500] "GET /category/travel-tourism/eating-out/feed/ HTTP/1.1" 200 4318 "http://www.middleeastoday.com/category/travel-tourism/eating-out/" "Mozilla/5.0 AppleWebKit/537.36 (KHTML, like Gecko; compatible; GPTBot/1.3; +https://openai.com/gptbot)"
74.7.243.195 - - [02/Mar/2026:16:03:06 -0500] "GET /wp-json/oembed/1.0/embed?url=http%3A%2F%2Fwww.middleeastoday.com%2Fbodour-al-qasimi-honours-dedication-of-aus-staff-at-annual-staff-appreciation-dinner%2F HTTP/1.1" 200 2683 "http://www.middleeastoday.com/bodour-al-qasimi-honours-dedication-of-aus-staff-at-annual-staff-appreciation-dinner/" "Mozilla/5.0 AppleWebKit/537.36 (KHTML, like Gecko; compatible; GPTBot/1.3; +https://openai.com/gptbot)"
74.7.243.195 - - [02/Mar/2026:16:03:10 -0500] "GET /category/lifestyle/feed/ HTTP/1.1" 200 12043 "http://www.middleeastoday.com/category/lifestyle/" "Mozilla/5.0 AppleWebKit/537.36 (KHTML, like Gecko; compatible; GPTBot/1.3; +https://openai.com/gptbot)"
74.7.243.195 - - [02/Mar/2026:16:03:19 -0500] "GET /wp-json/oembed/1.0/embed?url=http%3A%2F%2Fwww.middleeastoday.com%2Fdr-anas-kozbari-organizes-syrian-business-leaders-summit-spotlight-on-economic-revival-at-key-dubai-conference%2F HTTP/1.1" 200 2812 "http://www.middleeastoday.com/dr-anas-kozbari-organizes-syrian-business-leaders-summit-spotlight-on-economic-revival-at-key-dubai-conference/" "Mozilla/5.0 AppleWebKit/537.36 (KHTML, like Gecko; compatible; GPTBot/1.3; +https://openai.com/gptbot)"
74.7.243.195 - - [02/Mar/2026:16:03:22 -0500] "GET /category/home_side/feed/ HTTP/1.1" 200 7289 "http://www.middleeastoday.com/category/home_side/" "Mozilla/5.0 AppleWebKit/537.36 (KHTML, like Gecko; compatible; GPTBot/1.3; +https://openai.com/gptbot)"
162.213.253.84 - - [02/Mar/2026:16:03:25 -0500] "POST /wp-cron.php?doing_wp_cron=1772485405.2066960334777832031250 HTTP/1.1" 200 0 "-" "WordPress/6.8.1; http://www.middleeastoday.com"
74.7.243.195 - - [02/Mar/2026:16:03:24 -0500] "GET /wp-json/oembed/1.0/embed?url=http%3A%2F%2Fwww.middleeastoday.com%2Fuae-president-confers-honours-on-indonesian-president-and-coordinating-minister-for-maritime-affairs-and-investment%2F HTTP/1.1" 200 2845 "http://www.middleeastoday.com/uae-president-confers-honours-on-indonesian-president-and-coordinating-minister-for-maritime-affairs-and-investment/" "Mozilla/5.0 AppleWebKit/537.36 (KHTML, like Gecko; compatible; GPTBot/1.3; +https://openai.com/gptbot)"
162.213.253.84 - - [02/Mar/2026:16:03:25 -0500] "POST /wp-admin/admin-ajax.php?action=async_litespeed&nonce=fEvGjtYmKe4Rc10au1HkYkmGrUUKrvtL&litespeed_type=imgoptm HTTP/1.1" 200 21 "-" "WordPress/6.8.1; http://www.middleeastoday.com"
74.7.243.195 - - [02/Mar/2026:16:03:26 -0500] "GET /wp-json/oembed/1.0/embed?url=http%3A%2F%2Fwww.middleeastoday.com%2Fuae-defying-pandemic-with-expo-2020-dubai-says-portugals-secretary-of-state-for-foreign-affairs-and-cooperation%2F HTTP/1.1" 200 2831 "http://www.middleeastoday.com/uae-defying-pandemic-with-expo-2020-dubai-says-portugals-secretary-of-state-for-foreign-affairs-and-cooperation/" "Mozilla/5.0 AppleWebKit/537.36 (KHTML, like Gecko; compatible; GPTBot/1.3; +https://openai.com/gptbot)"
162.213.253.84 - - [02/Mar/2026:16:03:32 -0500] "POST /wp-cron.php?doing_wp_cron=1772485412.0029718875885009765625 HTTP/1.1" 200 0 "-" "WordPress/6.8.1; http://www.middleeastoday.com"
74.7.243.195 - - [02/Mar/2026:16:02:53 -0500] "GET /wp-json/oembed/1.0/embed?url=http%3A%2F%2Fwww.middleeastoday.com%2Fuae-president-iraqi-prime-minister-discuss-bilateral-ties-regional-developments%2F HTTP/1.1" 200 2670 "http://www.middleeastoday.com/uae-president-iraqi-prime-minister-discuss-bilateral-ties-regional-developments/" "Mozilla/5.0 AppleWebKit/537.36 (KHTML, like Gecko; compatible; GPTBot/1.3; +https://openai.com/gptbot)"
113.173.150.159 - - [02/Mar/2026:16:02:56 -0500] "GET http://www.middleeastoday.com/category/lifestyle/health/ HTTP/1.1" 200 22520 "-" "Mozilla/5.0 (Macintosh; Intel Mac OS X 10_15_7) AppleWebKit/537.36 (KHTML, like Gecko) Chrome/96.0.4664.110 Safari/537.36"
74.7.243.195 - - [02/Mar/2026:16:02:56 -0500] "GET /wp-json/oembed/1.0/embed?url=http%3A%2F%2Fwww.middleeastoday.com%2Fsharjah-childrens-reading-festival-announces-extended-celebration-of-books-and-creativity%2F HTTP/1.1" 200 2744 "http://www.middleeastoday.com/sharjah-childrens-reading-festival-announces-extended-celebration-of-books-and-creativity/" "Mozilla/5.0 AppleWebKit/537.36 (KHTML, like Gecko; compatible; GPTBot/1.3; +https://openai.com/gptbot)"
74.7.243.195 - - [02/Mar/2026:16:03:04 -0500] "GET /wp-json/oembed/1.0/embed?url=http%3A%2F%2Fwww.middleeastoday.com%2Fon-behalf-of-the-uae-president-mansour-bin-zayed-arrives-in-london-for-king-charles-coronation%2F HTTP/1.1" 200 2754 "http://www.middleeastoday.com/on-behalf-of-the-uae-president-mansour-bin-zayed-arrives-in-london-for-king-charles-coronation/" "Mozilla/5.0 AppleWebKit/537.36 (KHTML, like Gecko; compatible; GPTBot/1.3; +https://openai.com/gptbot)"
74.7.243.195 - - [02/Mar/2026:16:03:11 -0500] "GET /wp-json/oembed/1.0/embed?url=http%3A%2F%2Fwww.middleeastoday.com%2Fmohamed-bin-zayed-continues-exchanging-eid-greetings-with-leaders-of-fraternal-countries%2F HTTP/1.1" 200 2704 "http://www.middleeastoday.com/mohamed-bin-zayed-continues-exchanging-eid-greetings-with-leaders-of-fraternal-countries/" "Mozilla/5.0 AppleWebKit/537.36 (KHTML, like Gecko; compatible; GPTBot/1.3; +https://openai.com/gptbot)"
74.7.243.195 - - [02/Mar/2026:16:03:12 -0500] "GET /wp-json/oembed/1.0/embed?url=http%3A%2F%2Fwww.middleeastoday.com%2F13th-al-dhafra-water-festival-to-kick-off-17-march-in-al-mirfa-city%2F HTTP/1.1" 200 2627 "http://www.middleeastoday.com/13th-al-dhafra-water-festival-to-kick-off-17-march-in-al-mirfa-city/" "Mozilla/5.0 AppleWebKit/537.36 (KHTML, like Gecko; compatible; GPTBot/1.3; +https://openai.com/gptbot)"
74.7.243.195 - - [02/Mar/2026:16:03:16 -0500] "GET /wp-json/oembed/1.0/embed?url=http%3A%2F%2Fwww.middleeastoday.com%2Fjoby-to-launch-air-taxi-service-in-uae%2F HTTP/1.1" 200 2443 "http://www.middleeastoday.com/joby-to-launch-air-taxi-service-in-uae/" "Mozilla/5.0 AppleWebKit/537.36 (KHTML, like Gecko; compatible; GPTBot/1.3; +https://openai.com/gptbot)"
74.7.243.195 - - [02/Mar/2026:16:03:31 -0500] "GET /wp-json/oembed/1.0/embed?url=http%3A%2F%2Fwww.middleeastoday.com%2Fdubai-health-authority-announces-new-working-hours-for-its-health-facilities%2F HTTP/1.1" 200 2658 "http://www.middleeastoday.com/dubai-health-authority-announces-new-working-hours-for-its-health-facilities/" "Mozilla/5.0 AppleWebKit/537.36 (KHTML, like Gecko; compatible; GPTBot/1.3; +https://openai.com/gptbot)"
74.7.243.195 - - [02/Mar/2026:16:03:46 -0500] "GET /category/education/feed/ HTTP/1.1" 200 13634 "http://www.middleeastoday.com/category/education/" "Mozilla/5.0 AppleWebKit/537.36 (KHTML, like Gecko; compatible; GPTBot/1.3; +https://openai.com/gptbot)"
74.7.243.195 - - [02/Mar/2026:16:03:53 -0500] "GET /wp-json/oembed/1.0/embed?url=http%3A%2F%2Fwww.middleeastoday.com%2Fnext50-discusses-uae-companies-access-to-investment-opportunities-in-new-economy-sectors%2F HTTP/1.1" 200 2729 "http://www.middleeastoday.com/next50-discusses-uae-companies-access-to-investment-opportunities-in-new-economy-sectors/" "Mozilla/5.0 AppleWebKit/537.36 (KHTML, like Gecko; compatible; GPTBot/1.3; +https://openai.com/gptbot)"
74.7.243.195 - - [02/Mar/2026:16:04:02 -0500] "GET /wp-json/oembed/1.0/embed?url=http%3A%2F%2Fwww.middleeastoday.com%2Fisnr-abu-dhabi-2022-higher-committee-reviews-latest-developments-for-upcoming-international-event%2F HTTP/1.1" 200 2751 "http://www.middleeastoday.com/isnr-abu-dhabi-2022-higher-committee-reviews-latest-developments-for-upcoming-international-event/" "Mozilla/5.0 AppleWebKit/537.36 (KHTML, like Gecko; compatible; GPTBot/1.3; +https://openai.com/gptbot)"
