162.213.253.84 - - [02/Mar/2026:14:47:46 -0500] "POST /wp-cron.php?doing_wp_cron=1772480866.1763288974761962890625 HTTP/1.1" 200 0 "-" "WordPress/6.8.1; http://www.middleeastoday.com"
74.7.243.195 - - [02/Mar/2026:14:47:45 -0500] "GET /?p=9432 HTTP/1.1" 301 0 "http://www.middleeastoday.com/al-jalila-childrens-specialty-hospital-gulf-scientific-corporation-launch-pharmacogenomic-pilot-study/" "Mozilla/5.0 AppleWebKit/537.36 (KHTML, like Gecko; compatible; GPTBot/1.3; +https://openai.com/gptbot)"
74.7.243.195 - - [02/Mar/2026:14:47:46 -0500] "GET /al-jalila-childrens-specialty-hospital-gulf-scientific-corporation-launch-pharmacogenomic-pilot-study/ HTTP/1.1" 200 23221 "http://www.middleeastoday.com/?p=9432" "Mozilla/5.0 AppleWebKit/537.36 (KHTML, like Gecko; compatible; GPTBot/1.3; +https://openai.com/gptbot)"
162.213.253.84 - - [02/Mar/2026:14:47:46 -0500] "POST /wp-admin/admin-ajax.php?action=async_litespeed&nonce=IyNe7V0Hy2685RRslDVwEHB9J3Q28xIC&litespeed_type=imgoptm HTTP/1.1" 200 21 "-" "WordPress/6.8.1; http://www.middleeastoday.com"
92.98.47.158 - - [02/Mar/2026:14:47:51 -0500] "GET http://www.middleeastoday.com/dubai-silicon-oasis-to-host-its-first-e-sports-event-in-october/ HTTP/1.1" 200 24083 "-" "Mozilla/5.0 (Macintosh; Intel Mac OS X 10_14_5) AppleWebKit/537.36 (KHTML, like Gecko) Chrome/101.0.4951.54 Safari/537.36"
74.7.243.195 - - [02/Mar/2026:14:48:25 -0500] "GET /president-of-uae-serbian-president-exchange-messages-on-promoting-strategic-partnership/ HTTP/1.1" 200 24302 "http://www.middleeastoday.com/category/national-news/page/10/" "Mozilla/5.0 AppleWebKit/537.36 (KHTML, like Gecko; compatible; GPTBot/1.3; +https://openai.com/gptbot)"
74.7.243.195 - - [02/Mar/2026:14:48:48 -0500] "GET /uae-president-meets-russias-president-underscores-importance-of-dialogue-political-solutions/ HTTP/1.1" 200 20935 "http://www.middleeastoday.com/category/national-news/page/15/" "Mozilla/5.0 AppleWebKit/537.36 (KHTML, like Gecko; compatible; GPTBot/1.3; +https://openai.com/gptbot)"
52.44.229.124 - - [02/Mar/2026:14:48:54 -0500] "GET /leading-healthcare-experts-to-explore-future-of-precision-medicine-in-region-at-pmes-2023/ HTTP/1.1" 200 24324 "-" "Mozilla/5.0 AppleWebKit/537.36 (KHTML, like Gecko; compatible; Amazonbot/0.1; +https://developer.amazon.com/support/amazonbot) Chrome/119.0.6045.214 Safari/537.36"
44.193.102.198 - - [02/Mar/2026:14:48:58 -0500] "GET /eci-terminus-group-cooperate-to-strengthen-digital-infrastructure-projects-in-uae-and-abroad/ HTTP/1.1" 200 24002 "-" "Mozilla/5.0 AppleWebKit/537.36 (KHTML, like Gecko; compatible; Amazonbot/0.1; +https://developer.amazon.com/support/amazonbot) Chrome/119.0.6045.214 Safari/537.36"
162.213.253.84 - - [02/Mar/2026:14:49:03 -0500] "POST /wp-cron.php?doing_wp_cron=1772480943.6407589912414550781250 HTTP/1.1" 200 0 "-" "WordPress/6.8.1; http://www.middleeastoday.com"
74.7.243.195 - - [02/Mar/2026:14:47:25 -0500] "GET /uae-president-arrives-in-muscat-welcomed-by-sultan-of-oman-2/ HTTP/1.1" 200 21076 "http://www.middleeastoday.com/category/national-news/page/15/" "Mozilla/5.0 AppleWebKit/537.36 (KHTML, like Gecko; compatible; GPTBot/1.3; +https://openai.com/gptbot)"
74.7.243.195 - - [02/Mar/2026:14:48:07 -0500] "GET /mansour-bin-zayed-meets-prime-minister-of-kazakhstan/ HTTP/1.1" 200 21323 "http://www.middleeastoday.com/al-jalila-childrens-specialty-hospital-gulf-scientific-corporation-launch-pharmacogenomic-pilot-study/" "Mozilla/5.0 AppleWebKit/537.36 (KHTML, like Gecko; compatible; GPTBot/1.3; +https://openai.com/gptbot)"
74.7.243.195 - - [02/Mar/2026:14:49:02 -0500] "GET /?p=9877 HTTP/1.1" 301 0 "http://www.middleeastoday.com/uae-leaders-congratulate-president-of-tunisia-on-independence-day/" "Mozilla/5.0 AppleWebKit/537.36 (KHTML, like Gecko; compatible; GPTBot/1.3; +https://openai.com/gptbot)"
74.7.243.195 - - [02/Mar/2026:14:49:03 -0500] "GET /uae-leaders-congratulate-president-of-tunisia-on-independence-day/ HTTP/1.1" 200 19995 "http://www.middleeastoday.com/?p=9877" "Mozilla/5.0 AppleWebKit/537.36 (KHTML, like Gecko; compatible; GPTBot/1.3; +https://openai.com/gptbot)"
74.7.243.195 - - [02/Mar/2026:14:49:06 -0500] "GET /saqr-ghobash-chinese-ambassador-discuss-bilateral-ties/ HTTP/1.1" 200 21400 "http://www.middleeastoday.com/?p=9938" "Mozilla/5.0 AppleWebKit/537.36 (KHTML, like Gecko; compatible; GPTBot/1.3; +https://openai.com/gptbot)"
54.166.104.83 - - [02/Mar/2026:14:49:06 -0500] "GET /sharjah-ramadan-festival-continues-its-exceptional-activities-and-experiences/ HTTP/1.1" 200 25464 "-" "Mozilla/5.0 AppleWebKit/537.36 (KHTML, like Gecko; compatible; Amazonbot/0.1; +https://developer.amazon.com/support/amazonbot) Chrome/119.0.6045.214 Safari/537.36"
74.7.243.195 - - [02/Mar/2026:14:49:18 -0500] "GET /abu-dhabi-residents-office-signs-strategic-agreement-with-aldar-properties/ HTTP/1.1" 200 23665 "http://www.middleeastoday.com/?p=9425" "Mozilla/5.0 AppleWebKit/537.36 (KHTML, like Gecko; compatible; GPTBot/1.3; +https://openai.com/gptbot)"
100.29.107.38 - - [02/Mar/2026:14:49:30 -0500] "GET /uae-president-to-visit-russia/ HTTP/1.1" 200 22604 "-" "Mozilla/5.0 AppleWebKit/537.36 (KHTML, like Gecko; compatible; Amazonbot/0.1; +https://developer.amazon.com/support/amazonbot) Chrome/119.0.6045.214 Safari/537.36"
74.7.243.195 - - [02/Mar/2026:14:49:33 -0500] "GET /?p=9911 HTTP/1.1" 301 0 "http://www.middleeastoday.com/emirates-and-united-activate-codeshare-partnership-to-enhance-connectivity-to-us/" "Mozilla/5.0 AppleWebKit/537.36 (KHTML, like Gecko; compatible; GPTBot/1.3; +https://openai.com/gptbot)"
74.7.243.195 - - [02/Mar/2026:14:49:33 -0500] "GET /emirates-and-united-activate-codeshare-partnership-to-enhance-connectivity-to-us/ HTTP/1.1" 200 20719 "http://www.middleeastoday.com/?p=9911" "Mozilla/5.0 AppleWebKit/537.36 (KHTML, like Gecko; compatible; GPTBot/1.3; +https://openai.com/gptbot)"
162.213.253.84 - - [02/Mar/2026:14:49:34 -0500] "POST /wp-admin/admin-ajax.php?action=async_litespeed&nonce=nUesdS8mdZlE0pHCzRWLdM5n7MVMFfAr&litespeed_type=imgoptm HTTP/1.1" 200 21 "-" "WordPress/6.8.1; http://www.middleeastoday.com"
74.7.243.195 - - [02/Mar/2026:14:49:49 -0500] "GET /dubai-records-over-aed1-7-billion-in-realty-transactions-monday/ HTTP/1.1" 200 19944 "http://www.middleeastoday.com/uae-president-serbian-president-witness-announcement-of-uae-serbia-comprehensive-strategic-partnership-agreement-signings/" "Mozilla/5.0 AppleWebKit/537.36 (KHTML, like Gecko; compatible; GPTBot/1.3; +https://openai.com/gptbot)"
162.213.253.84 - - [02/Mar/2026:14:49:04 -0500] "POST /wp-admin/admin-ajax.php?action=async_litespeed&nonce=ZXxr7gtkHPzfoXkhPI3vw3MA6bImOWjC&litespeed_type=imgoptm HTTP/1.1" 200 21 "-" "WordPress/6.8.1; http://www.middleeastoday.com"
74.7.243.195 - - [02/Mar/2026:14:49:05 -0500] "GET /?p=9938 HTTP/1.1" 301 0 "http://www.middleeastoday.com/saqr-ghobash-chinese-ambassador-discuss-bilateral-ties/" "Mozilla/5.0 AppleWebKit/537.36 (KHTML, like Gecko; compatible; GPTBot/1.3; +https://openai.com/gptbot)"
54.147.238.89 - - [02/Mar/2026:14:49:14 -0500] "GET /dubai-health-authority-awarded-2021s-hamdan-bin-mohammed-programme-for-government-services-flag-for-pioneering-dubai-health-shield-initiative/ HTTP/1.1" 200 24623 "-" "Mozilla/5.0 AppleWebKit/537.36 (KHTML, like Gecko; compatible; Amazonbot/0.1; +https://developer.amazon.com/support/amazonbot) Chrome/119.0.6045.214 Safari/537.36"
74.7.243.195 - - [02/Mar/2026:14:49:17 -0500] "GET /?p=9425 HTTP/1.1" 301 0 "http://www.middleeastoday.com/abu-dhabi-residents-office-signs-strategic-agreement-with-aldar-properties/" "Mozilla/5.0 AppleWebKit/537.36 (KHTML, like Gecko; compatible; GPTBot/1.3; +https://openai.com/gptbot)"
100.29.107.38 - - [02/Mar/2026:14:49:18 -0500] "GET /deyaar-launches-jannat-final-residential-district-in-midtown-dubai/ HTTP/1.1" 200 23564 "-" "Mozilla/5.0 AppleWebKit/537.36 (KHTML, like Gecko; compatible; Amazonbot/0.1; +https://developer.amazon.com/support/amazonbot) Chrome/119.0.6045.214 Safari/537.36"
54.159.18.27 - - [02/Mar/2026:14:49:22 -0500] "GET /sharjah-ruler-inaugurates-saf-spring-exhibitions-2022/ HTTP/1.1" 200 24212 "-" "Mozilla/5.0 AppleWebKit/537.36 (KHTML, like Gecko; compatible; Amazonbot/0.1; +https://developer.amazon.com/support/amazonbot) Chrome/119.0.6045.214 Safari/537.36"
74.7.243.195 - - [02/Mar/2026:14:49:24 -0500] "GET /mohammed-bin-rashid-attends-second-dubai-breeze-up-sale-held-at-meydan-racecourse/ HTTP/1.1" 200 21617 "http://www.middleeastoday.com/uae-leaders-congratulate-president-of-tunisia-on-independence-day/" "Mozilla/5.0 AppleWebKit/537.36 (KHTML, like Gecko; compatible; GPTBot/1.3; +https://openai.com/gptbot)"
162.213.253.84 - - [02/Mar/2026:14:49:33 -0500] "POST /wp-cron.php?doing_wp_cron=1772480973.6690690517425537109375 HTTP/1.1" 200 0 "-" "WordPress/6.8.1; http://www.middleeastoday.com"
50.16.72.185 - - [02/Mar/2026:14:49:45 -0500] "GET /honeywell-aviator-hi-fi-audio-system-that-promises-superior-sound-quality-and-sophistication/ HTTP/1.1" 200 24802 "-" "Mozilla/5.0 AppleWebKit/537.36 (KHTML, like Gecko; compatible; Amazonbot/0.1; +https://developer.amazon.com/support/amazonbot) Chrome/119.0.6045.214 Safari/537.36"
74.7.243.195 - - [02/Mar/2026:14:50:04 -0500] "GET /saudi-arabia-to-provide-400-million-humanitarian-aid-to-ukraine/ HTTP/1.1" 200 20037 "http://www.middleeastoday.com/category/national-news/page/15/" "Mozilla/5.0 AppleWebKit/537.36 (KHTML, like Gecko; compatible; GPTBot/1.3; +https://openai.com/gptbot)"
3.94.157.25 - - [02/Mar/2026:14:50:10 -0500] "GET /welcoming-one-million-visitors-dubai-opera-to-celebrate-sixth-anniversary/ HTTP/1.1" 200 24460 "-" "Mozilla/5.0 AppleWebKit/537.36 (KHTML, like Gecko; compatible; Amazonbot/0.1; +https://developer.amazon.com/support/amazonbot) Chrome/119.0.6045.214 Safari/537.36"
34.197.28.78 - - [02/Mar/2026:14:50:14 -0500] "GET /worlds-largest-youth-climate-conference-coy18-concludes-in-dubai/ HTTP/1.1" 200 24714 "-" "Mozilla/5.0 AppleWebKit/537.36 (KHTML, like Gecko; compatible; Amazonbot/0.1; +https://developer.amazon.com/support/amazonbot) Chrome/119.0.6045.214 Safari/537.36"
52.6.232.201 - - [02/Mar/2026:14:50:18 -0500] "GET /dubai-holding-launches-tickit-for-good-to-support-women-and-children-in-ramadan/ HTTP/1.1" 200 24234 "-" "Mozilla/5.0 AppleWebKit/537.36 (KHTML, like Gecko; compatible; Amazonbot/0.1; +https://developer.amazon.com/support/amazonbot) Chrome/119.0.6045.214 Safari/537.36"
162.213.253.84 - - [02/Mar/2026:14:50:25 -0500] "POST /wp-cron.php?doing_wp_cron=1772481025.5174229145050048828125 HTTP/1.1" 200 0 "-" "WordPress/6.8.1; http://www.middleeastoday.com"
74.7.243.195 - - [02/Mar/2026:14:50:24 -0500] "GET /?p=9289 HTTP/1.1" 301 0 "http://www.middleeastoday.com/khaled-bin-mohamed-bin-zayed-participates-in-state-funeral-of-former-japanese-prime-minister-shinzo-abe/" "Mozilla/5.0 AppleWebKit/537.36 (KHTML, like Gecko; compatible; GPTBot/1.3; +https://openai.com/gptbot)"
74.7.243.195 - - [02/Mar/2026:14:50:25 -0500] "GET /khaled-bin-mohamed-bin-zayed-participates-in-state-funeral-of-former-japanese-prime-minister-shinzo-abe/ HTTP/1.1" 200 20459 "http://www.middleeastoday.com/?p=9289" "Mozilla/5.0 AppleWebKit/537.36 (KHTML, like Gecko; compatible; GPTBot/1.3; +https://openai.com/gptbot)"
74.7.243.195 - - [02/Mar/2026:14:50:45 -0500] "GET /?p=9960 HTTP/1.1" 301 0 "http://www.middleeastoday.com/sharjah-ramadan-festival-continues-its-exceptional-activities-and-experiences/" "Mozilla/5.0 AppleWebKit/537.36 (KHTML, like Gecko; compatible; GPTBot/1.3; +https://openai.com/gptbot)"
74.7.243.195 - - [02/Mar/2026:14:50:49 -0500] "GET /?p=9280 HTTP/1.1" 301 0 "http://www.middleeastoday.com/uae-president-receives-malaysian-pm/" "Mozilla/5.0 AppleWebKit/537.36 (KHTML, like Gecko; compatible; GPTBot/1.3; +https://openai.com/gptbot)"
74.7.243.195 - - [02/Mar/2026:14:50:53 -0500] "GET /?p=9308 HTTP/1.1" 301 0 "http://www.middleeastoday.com/watch-jewellery-middle-east-show-to-draw-over-400-exhibitors/" "Mozilla/5.0 AppleWebKit/537.36 (KHTML, like Gecko; compatible; GPTBot/1.3; +https://openai.com/gptbot)"
74.7.243.195 - - [02/Mar/2026:14:50:54 -0500] "GET /watch-jewellery-middle-east-show-to-draw-over-400-exhibitors/ HTTP/1.1" 200 20760 "http://www.middleeastoday.com/?p=9308" "Mozilla/5.0 AppleWebKit/537.36 (KHTML, like Gecko; compatible; GPTBot/1.3; +https://openai.com/gptbot)"
74.7.243.195 - - [02/Mar/2026:14:51:12 -0500] "GET /?p=9955 HTTP/1.1" 301 0 "http://www.middleeastoday.com/organized-by-the-mohammed-bin-zayed-council-saif-bin-zayed-attends-the-lecture-aging-its-causes-and-the-possibility-of-prevention/" "Mozilla/5.0 AppleWebKit/537.36 (KHTML, like Gecko; compatible; GPTBot/1.3; +https://openai.com/gptbot)"
74.7.243.195 - - [02/Mar/2026:14:51:13 -0500] "GET /organized-by-the-mohammed-bin-zayed-council-saif-bin-zayed-attends-the-lecture-aging-its-causes-and-the-possibility-of-prevention/ HTTP/1.1" 200 21589 "http://www.middleeastoday.com/?p=9955" "Mozilla/5.0 AppleWebKit/537.36 (KHTML, like Gecko; compatible; GPTBot/1.3; +https://openai.com/gptbot)"
74.7.243.195 - - [02/Mar/2026:14:51:18 -0500] "GET /?p=9298 HTTP/1.1" 301 0 "http://www.middleeastoday.com/uae-president-arrives-in-muscat-welcomed-by-sultan-of-oman-2/" "Mozilla/5.0 AppleWebKit/537.36 (KHTML, like Gecko; compatible; GPTBot/1.3; +https://openai.com/gptbot)"
44.221.37.41 - - [02/Mar/2026:14:51:23 -0500] "GET /multi-award-winning-celebrity-media-strategist-vasu-jit-kalia-honoured-at-fashion-factor-season-8/ HTTP/1.1" 200 23770 "-" "Mozilla/5.0 AppleWebKit/537.36 (KHTML, like Gecko; compatible; Amazonbot/0.1; +https://developer.amazon.com/support/amazonbot) Chrome/119.0.6045.214 Safari/537.36"
162.213.253.84 - - [02/Mar/2026:14:51:28 -0500] "POST /wp-cron.php?doing_wp_cron=1772481088.8423640727996826171875 HTTP/1.1" 200 0 "-" "WordPress/6.8.1; http://www.middleeastoday.com"
74.7.243.195 - - [02/Mar/2026:14:51:28 -0500] "GET /?p=9435 HTTP/1.1" 301 0 "http://www.middleeastoday.com/mansour-bin-zayed-meets-prime-minister-of-kazakhstan/" "Mozilla/5.0 AppleWebKit/537.36 (KHTML, like Gecko; compatible; GPTBot/1.3; +https://openai.com/gptbot)"
162.213.253.84 - - [02/Mar/2026:14:50:26 -0500] "POST /wp-admin/admin-ajax.php?action=async_litespeed&nonce=aE3GzXk0HDxOh5EkM4QDT4PUYhCVft7P&litespeed_type=imgoptm HTTP/1.1" 200 21 "-" "WordPress/6.8.1; http://www.middleeastoday.com"
54.235.172.108 - - [02/Mar/2026:14:50:38 -0500] "GET /sharjah-munshid-announces-start-of-auditions-for-14th-edition/ HTTP/1.1" 200 23583 "-" "Mozilla/5.0 AppleWebKit/537.36 (KHTML, like Gecko; compatible; Amazonbot/0.1; +https://developer.amazon.com/support/amazonbot) Chrome/119.0.6045.214 Safari/537.36"
74.7.243.195 - - [02/Mar/2026:14:50:46 -0500] "GET /sharjah-ramadan-festival-continues-its-exceptional-activities-and-experiences/ HTTP/1.1" 200 22542 "http://www.middleeastoday.com/?p=9960" "Mozilla/5.0 AppleWebKit/537.36 (KHTML, like Gecko; compatible; GPTBot/1.3; +https://openai.com/gptbot)"
74.7.243.195 - - [02/Mar/2026:14:50:50 -0500] "GET /uae-president-receives-malaysian-pm/ HTTP/1.1" 200 20476 "http://www.middleeastoday.com/?p=9280" "Mozilla/5.0 AppleWebKit/537.36 (KHTML, like Gecko; compatible; GPTBot/1.3; +https://openai.com/gptbot)"
3.215.59.93 - - [02/Mar/2026:14:50:58 -0500] "GET /san-marino-pavilion-celebrates-national-day-at-expo-dubai/ HTTP/1.1" 200 23965 "-" "Mozilla/5.0 AppleWebKit/537.36 (KHTML, like Gecko; compatible; Amazonbot/0.1; +https://developer.amazon.com/support/amazonbot) Chrome/119.0.6045.214 Safari/537.36"
74.7.243.195 - - [02/Mar/2026:14:51:03 -0500] "GET /?p=9815 HTTP/1.1" 301 0 "http://www.middleeastoday.com/uae-president-receives-president-of-angola-discusses-bilateral-cooperation-issues-of-mutual-concern/" "Mozilla/5.0 AppleWebKit/537.36 (KHTML, like Gecko; compatible; GPTBot/1.3; +https://openai.com/gptbot)"
74.7.243.195 - - [02/Mar/2026:14:51:03 -0500] "GET /uae-president-receives-president-of-angola-discusses-bilateral-cooperation-issues-of-mutual-concern/ HTTP/1.1" 200 20491 "http://www.middleeastoday.com/?p=9815" "Mozilla/5.0 AppleWebKit/537.36 (KHTML, like Gecko; compatible; GPTBot/1.3; +https://openai.com/gptbot)"
34.206.249.188 - - [02/Mar/2026:14:51:17 -0500] "GET /emirati-maitha-al-mansoori-performs-unique-fusion-oriental-and-western-melodies-at-dubai-metro-music-festival/ HTTP/1.1" 200 23558 "-" "Mozilla/5.0 AppleWebKit/537.36 (KHTML, like Gecko; compatible; Amazonbot/0.1; +https://developer.amazon.com/support/amazonbot) Chrome/119.0.6045.214 Safari/537.36"
74.7.243.195 - - [02/Mar/2026:14:51:19 -0500] "GET /uae-president-arrives-in-muscat-welcomed-by-sultan-of-oman-2/ HTTP/1.1" 200 21076 "http://www.middleeastoday.com/?p=9298" "Mozilla/5.0 AppleWebKit/537.36 (KHTML, like Gecko; compatible; GPTBot/1.3; +https://openai.com/gptbot)"
162.213.253.84 - - [02/Mar/2026:14:51:29 -0500] "POST /wp-admin/admin-ajax.php?action=async_litespeed&nonce=Qai8fbJhHl6xVX6IFJ3PLysIhwAYoHUu&litespeed_type=imgoptm HTTP/1.1" 200 21 "-" "WordPress/6.8.1; http://www.middleeastoday.com"
74.7.243.195 - - [02/Mar/2026:14:51:41 -0500] "GET /uae-president-to-visit-russia/ HTTP/1.1" 200 19861 "http://www.middleeastoday.com/?p=9389" "Mozilla/5.0 AppleWebKit/537.36 (KHTML, like Gecko; compatible; GPTBot/1.3; +https://openai.com/gptbot)"
74.7.243.195 - - [02/Mar/2026:14:52:15 -0500] "GET /president-of-uae-serbian-president-exchange-messages-on-promoting-strategic-partnership/ HTTP/1.1" 200 24302 "http://www.middleeastoday.com/?p=9928" "Mozilla/5.0 AppleWebKit/537.36 (KHTML, like Gecko; compatible; GPTBot/1.3; +https://openai.com/gptbot)"
162.213.253.84 - - [02/Mar/2026:14:52:22 -0500] "POST /wp-cron.php?doing_wp_cron=1772481142.2983300685882568359375 HTTP/1.1" 200 0 "-" "WordPress/6.8.1; http://www.middleeastoday.com"
74.7.243.195 - - [02/Mar/2026:14:52:37 -0500] "GET /?p=9879 HTTP/1.1" 301 0 "http://www.middleeastoday.com/mohammed-bin-rashid-attends-second-dubai-breeze-up-sale-held-at-meydan-racecourse/" "Mozilla/5.0 AppleWebKit/537.36 (KHTML, like Gecko; compatible; GPTBot/1.3; +https://openai.com/gptbot)"
74.7.243.195 - - [02/Mar/2026:14:51:28 -0500] "GET /mansour-bin-zayed-meets-prime-minister-of-kazakhstan/ HTTP/1.1" 200 21323 "http://www.middleeastoday.com/?p=9435" "Mozilla/5.0 AppleWebKit/537.36 (KHTML, like Gecko; compatible; GPTBot/1.3; +https://openai.com/gptbot)"
162.213.253.84 - - [02/Mar/2026:14:51:41 -0500] "POST /wp-cron.php?doing_wp_cron=1772481101.6679310798645019531250 HTTP/1.1" 200 0 "-" "WordPress/6.8.1; http://www.middleeastoday.com"
74.7.243.195 - - [02/Mar/2026:14:51:41 -0500] "GET /?p=9389 HTTP/1.1" 301 0 "http://www.middleeastoday.com/uae-president-to-visit-russia/" "Mozilla/5.0 AppleWebKit/537.36 (KHTML, like Gecko; compatible; GPTBot/1.3; +https://openai.com/gptbot)"
74.7.243.195 - - [02/Mar/2026:14:51:53 -0500] "GET /wp-json/oembed/1.0/embed?url=http%3A%2F%2Fwww.middleeastoday.com%2Fpresident-of-uae-serbian-president-exchange-messages-on-promoting-strategic-partnership%2F HTTP/1.1" 200 2704 "http://www.middleeastoday.com/president-of-uae-serbian-president-exchange-messages-on-promoting-strategic-partnership/" "Mozilla/5.0 AppleWebKit/537.36 (KHTML, like Gecko; compatible; GPTBot/1.3; +https://openai.com/gptbot)"
74.7.243.195 - - [02/Mar/2026:14:52:14 -0500] "GET /?p=9928 HTTP/1.1" 301 0 "http://www.middleeastoday.com/president-of-uae-serbian-president-exchange-messages-on-promoting-strategic-partnership/" "Mozilla/5.0 AppleWebKit/537.36 (KHTML, like Gecko; compatible; GPTBot/1.3; +https://openai.com/gptbot)"
74.7.243.195 - - [02/Mar/2026:14:52:21 -0500] "GET /?p=9396 HTTP/1.1" 301 0 "http://www.middleeastoday.com/uae-president-meets-russias-president-underscores-importance-of-dialogue-political-solutions/" "Mozilla/5.0 AppleWebKit/537.36 (KHTML, like Gecko; compatible; GPTBot/1.3; +https://openai.com/gptbot)"
74.7.243.195 - - [02/Mar/2026:14:52:22 -0500] "GET /uae-president-meets-russias-president-underscores-importance-of-dialogue-political-solutions/ HTTP/1.1" 200 20935 "http://www.middleeastoday.com/?p=9396" "Mozilla/5.0 AppleWebKit/537.36 (KHTML, like Gecko; compatible; GPTBot/1.3; +https://openai.com/gptbot)"
162.213.253.84 - - [02/Mar/2026:14:52:22 -0500] "POST /wp-admin/admin-ajax.php?action=async_litespeed&nonce=VORdWUJGhT9kzvVbeFzUUzCmGDKMZEoZ&litespeed_type=imgoptm HTTP/1.1" 200 21 "-" "WordPress/6.8.1; http://www.middleeastoday.com"
74.7.243.195 - - [02/Mar/2026:14:52:26 -0500] "GET /dubai-police-celebrates-world-tourism-day/ HTTP/1.1" 200 20460 "http://www.middleeastoday.com/uae-president-receives-malaysian-pm/" "Mozilla/5.0 AppleWebKit/537.36 (KHTML, like Gecko; compatible; GPTBot/1.3; +https://openai.com/gptbot)"
74.7.243.195 - - [02/Mar/2026:14:52:30 -0500] "GET /mubadala-invests-in-worlds-largest-private-offshore-wind-energy-developer/ HTTP/1.1" 200 22934 "http://www.middleeastoday.com/mansour-bin-zayed-meets-prime-minister-of-kazakhstan/" "Mozilla/5.0 AppleWebKit/537.36 (KHTML, like Gecko; compatible; GPTBot/1.3; +https://openai.com/gptbot)"
162.213.253.84 - - [02/Mar/2026:14:52:38 -0500] "POST /wp-cron.php?doing_wp_cron=1772481158.2120931148529052734375 HTTP/1.1" 200 0 "-" "WordPress/6.8.1; http://www.middleeastoday.com"
74.7.243.195 - - [02/Mar/2026:14:52:38 -0500] "GET /mohammed-bin-rashid-attends-second-dubai-breeze-up-sale-held-at-meydan-racecourse/ HTTP/1.1" 200 21617 "http://www.middleeastoday.com/?p=9879" "Mozilla/5.0 AppleWebKit/537.36 (KHTML, like Gecko; compatible; GPTBot/1.3; +https://openai.com/gptbot)"
74.7.243.195 - - [02/Mar/2026:14:52:50 -0500] "GET /?p=9211 HTTP/1.1" 301 0 "http://www.middleeastoday.com/dubai-records-over-aed1-7-billion-in-realty-transactions-monday/" "Mozilla/5.0 AppleWebKit/537.36 (KHTML, like Gecko; compatible; GPTBot/1.3; +https://openai.com/gptbot)"
74.7.243.195 - - [02/Mar/2026:14:52:51 -0500] "GET /dubai-records-over-aed1-7-billion-in-realty-transactions-monday/ HTTP/1.1" 200 19944 "http://www.middleeastoday.com/?p=9211" "Mozilla/5.0 AppleWebKit/537.36 (KHTML, like Gecko; compatible; GPTBot/1.3; +https://openai.com/gptbot)"
74.7.243.195 - - [02/Mar/2026:14:53:03 -0500] "GET /saudi-arabia-to-provide-400-million-humanitarian-aid-to-ukraine/ HTTP/1.1" 200 20037 "http://www.middleeastoday.com/?p=9412" "Mozilla/5.0 AppleWebKit/537.36 (KHTML, like Gecko; compatible; GPTBot/1.3; +https://openai.com/gptbot)"
162.213.253.84 - - [02/Mar/2026:14:53:37 -0500] "POST /wp-cron.php?doing_wp_cron=1772481217.8670420646667480468750 HTTP/1.1" 200 0 "-" "WordPress/6.8.1; http://www.middleeastoday.com"
74.7.243.195 - - [02/Mar/2026:14:53:37 -0500] "GET /wp-json/oembed/1.0/embed?url=http%3A%2F%2Fwww.middleeastoday.com%2Fwatch-jewellery-middle-east-show-to-draw-over-400-exhibitors%2F HTTP/1.1" 200 2583 "http://www.middleeastoday.com/watch-jewellery-middle-east-show-to-draw-over-400-exhibitors/" "Mozilla/5.0 AppleWebKit/537.36 (KHTML, like Gecko; compatible; GPTBot/1.3; +https://openai.com/gptbot)"
40.77.167.6 - - [02/Mar/2026:14:53:42 -0500] "GET /wp-content/uploads/2023/03/UAE-President-455x300.jpg HTTP/1.1" 200 29164 "-" "Mozilla/5.0 AppleWebKit/537.36 (KHTML, like Gecko; compatible; bingbot/2.0; +http://www.bing.com/bingbot.htm) Chrome/116.0.1938.76 Safari/537.36"
74.7.243.195 - - [02/Mar/2026:14:53:53 -0500] "GET /dubai-records-aed10-4-billion-in-weekly-real-estate-transactions/ HTTP/1.1" 200 20335 "http://www.middleeastoday.com/abdullah-bin-zayed-meets-fm-of-bosnia-and-herzegovina/" "Mozilla/5.0 AppleWebKit/537.36 (KHTML, like Gecko; compatible; GPTBot/1.3; +https://openai.com/gptbot)"
162.213.253.84 - - [02/Mar/2026:14:53:59 -0500] "POST /wp-cron.php?doing_wp_cron=1772481239.4067358970642089843750 HTTP/1.1" 200 0 "-" "WordPress/6.8.1; http://www.middleeastoday.com"
74.7.243.195 - - [02/Mar/2026:14:53:58 -0500] "GET /wp-json/oembed/1.0/embed?format=xml&url=http%3A%2F%2Fwww.middleeastoday.com%2Fuae-attends-organisation-of-islamic-cooperation-meeting-regarding-israeli-attacks-on-al-aqsa-mosque%2F HTTP/1.1" 200 1225 "http://www.middleeastoday.com/uae-attends-organisation-of-islamic-cooperation-meeting-regarding-israeli-attacks-on-al-aqsa-mosque/" "Mozilla/5.0 AppleWebKit/537.36 (KHTML, like Gecko; compatible; GPTBot/1.3; +https://openai.com/gptbot)"
74.7.243.195 - - [02/Mar/2026:14:54:06 -0500] "GET /fbp-international-stepping-into-the-10th-year-of-fulfilling-your-australian-dreams/ HTTP/1.1" 200 21741 "http://www.middleeastoday.com/the-head-of-state-arrives-in-cairo-on-an-official-visit-and-the-egyptian-president-is-at-the-forefront-of-his-reception/" "Mozilla/5.0 AppleWebKit/537.36 (KHTML, like Gecko; compatible; GPTBot/1.3; +https://openai.com/gptbot)"
74.7.243.195 - - [02/Mar/2026:14:54:18 -0500] "GET /9th-edition-of-sharjah-international-film-festival-for-children-and-youth-concludes/ HTTP/1.1" 200 24168 "http://www.middleeastoday.com/uae-president-holds-phone-call-with-president-of-ukraine/" "Mozilla/5.0 AppleWebKit/537.36 (KHTML, like Gecko; compatible; GPTBot/1.3; +https://openai.com/gptbot)"
74.7.243.195 - - [02/Mar/2026:14:54:28 -0500] "GET /dewa-strengthens-cooperation-with-canadian-companies-at-gitex-global-2022/ HTTP/1.1" 200 23509 "http://www.middleeastoday.com/uae-president-meets-russias-president-underscores-importance-of-dialogue-political-solutions/" "Mozilla/5.0 AppleWebKit/537.36 (KHTML, like Gecko; compatible; GPTBot/1.3; +https://openai.com/gptbot)"
162.213.253.84 - - [02/Mar/2026:14:54:58 -0500] "POST /wp-cron.php?doing_wp_cron=1772481298.1246290206909179687500 HTTP/1.1" 200 0 "-" "WordPress/6.8.1; http://www.middleeastoday.com"
74.7.243.195 - - [02/Mar/2026:14:54:57 -0500] "GET /?p=9276 HTTP/1.1" 301 0 "http://www.middleeastoday.com/dubai-police-celebrates-world-tourism-day/" "Mozilla/5.0 AppleWebKit/537.36 (KHTML, like Gecko; compatible; GPTBot/1.3; +https://openai.com/gptbot)"
74.7.243.195 - - [02/Mar/2026:14:54:58 -0500] "GET /dubai-police-celebrates-world-tourism-day/ HTTP/1.1" 200 20460 "http://www.middleeastoday.com/?p=9276" "Mozilla/5.0 AppleWebKit/537.36 (KHTML, like Gecko; compatible; GPTBot/1.3; +https://openai.com/gptbot)"
74.7.243.195 - - [02/Mar/2026:14:52:44 -0500] "GET /mariam-almheiri-highlights-uaes-ambition-to-scale-collective-action-innovative-solutions-to-address-global-water-challenge/ HTTP/1.1" 200 23625 "http://www.middleeastoday.com/mohammed-bin-rashid-attends-second-dubai-breeze-up-sale-held-at-meydan-racecourse/" "Mozilla/5.0 AppleWebKit/537.36 (KHTML, like Gecko; compatible; GPTBot/1.3; +https://openai.com/gptbot)"
74.7.243.195 - - [02/Mar/2026:14:53:02 -0500] "GET /?p=9412 HTTP/1.1" 301 0 "http://www.middleeastoday.com/saudi-arabia-to-provide-400-million-humanitarian-aid-to-ukraine/" "Mozilla/5.0 AppleWebKit/537.36 (KHTML, like Gecko; compatible; GPTBot/1.3; +https://openai.com/gptbot)"
74.7.243.195 - - [02/Mar/2026:14:53:18 -0500] "GET /dubai-hosts-women-in-tech-global-awards-at-museum-of-the-future/ HTTP/1.1" 200 23255 "http://www.middleeastoday.com/saudi-arabia-to-provide-400-million-humanitarian-aid-to-ukraine/" "Mozilla/5.0 AppleWebKit/537.36 (KHTML, like Gecko; compatible; GPTBot/1.3; +https://openai.com/gptbot)"
162.213.253.84 - - [02/Mar/2026:14:53:38 -0500] "POST /wp-admin/admin-ajax.php?action=async_litespeed&nonce=PbCn08stRDwu8LQcCP2KZc9nd3MqKn2r&litespeed_type=imgoptm HTTP/1.1" 200 21 "-" "WordPress/6.8.1; http://www.middleeastoday.com"
74.7.243.195 - - [02/Mar/2026:14:53:49 -0500] "GET /beeah-group-green-planet-sign-10-year-contract-to-advance-sustainable-waste-management-in-egypt-2/ HTTP/1.1" 200 22002 "http://www.middleeastoday.com/khaled-bin-mohamed-bin-zayed-participates-in-state-funeral-of-former-japanese-prime-minister-shinzo-abe/" "Mozilla/5.0 AppleWebKit/537.36 (KHTML, like Gecko; compatible; GPTBot/1.3; +https://openai.com/gptbot)"
43.135.107.155 - - [02/Mar/2026:14:53:50 -0500] "GET /wp-content/uploads/2022/04/Shurooq1111-850x560.jpg HTTP/1.1" 200 118883 "-" "Mozilla/5.0 (Windows NT 10.0; Win64; x64) AppleWebKit/537.36"
74.7.243.195 - - [02/Mar/2026:14:54:15 -0500] "GET /ambulatory-healthcare-services-launches-mobile-preventive-and-treatment-services-in-abu-dhabi/ HTTP/1.1" 200 20769 "http://www.middleeastoday.com/watch-jewellery-middle-east-show-to-draw-over-400-exhibitors/" "Mozilla/5.0 AppleWebKit/537.36 (KHTML, like Gecko; compatible; GPTBot/1.3; +https://openai.com/gptbot)"
74.7.243.195 - - [02/Mar/2026:14:54:25 -0500] "GET /darb-3-launched-by-alef-group-in-al-mamsha-raseel/ HTTP/1.1" 200 21921 "http://www.middleeastoday.com/fujairah-ruler-receives-participants-of-international-envirocities-conference-2022/" "Mozilla/5.0 AppleWebKit/537.36 (KHTML, like Gecko; compatible; GPTBot/1.3; +https://openai.com/gptbot)"
74.7.243.195 - - [02/Mar/2026:14:54:34 -0500] "GET /uae-president-vice-president-receive-progress-update-on-preparations-to-host-cop28/ HTTP/1.1" 200 21245 "http://www.middleeastoday.com/category/national-news/page/10/" "Mozilla/5.0 AppleWebKit/537.36 (KHTML, like Gecko; compatible; GPTBot/1.3; +https://openai.com/gptbot)"
74.7.243.195 - - [02/Mar/2026:14:54:42 -0500] "GET /dubai-otology-marks-10th-edition-in-october/ HTTP/1.1" 200 20960 "http://www.middleeastoday.com/dubai-records-over-aed1-7-billion-in-realty-transactions-monday/" "Mozilla/5.0 AppleWebKit/537.36 (KHTML, like Gecko; compatible; GPTBot/1.3; +https://openai.com/gptbot)"
74.7.243.195 - - [02/Mar/2026:14:55:05 -0500] "GET /mubadala-invests-in-worlds-largest-private-offshore-wind-energy-developer/ HTTP/1.1" 200 22934 "http://www.middleeastoday.com/?p=9438" "Mozilla/5.0 AppleWebKit/537.36 (KHTML, like Gecko; compatible; GPTBot/1.3; +https://openai.com/gptbot)"
74.7.243.195 - - [02/Mar/2026:14:55:15 -0500] "GET /etihad-aviation-group-transferred-into-adqs-portfolio/ HTTP/1.1" 200 20698 "http://www.middleeastoday.com/mubadala-invests-in-worlds-largest-private-offshore-wind-energy-developer/" "Mozilla/5.0 AppleWebKit/537.36 (KHTML, like Gecko; compatible; GPTBot/1.3; +https://openai.com/gptbot)"
74.7.243.195 - - [02/Mar/2026:14:55:28 -0500] "GET /?p=9883 HTTP/1.1" 301 0 "http://www.middleeastoday.com/mariam-almheiri-highlights-uaes-ambition-to-scale-collective-action-innovative-solutions-to-address-global-water-challenge/" "Mozilla/5.0 AppleWebKit/537.36 (KHTML, like Gecko; compatible; GPTBot/1.3; +https://openai.com/gptbot)"
162.213.253.84 - - [02/Mar/2026:14:55:29 -0500] "POST /wp-admin/admin-ajax.php?action=async_litespeed&nonce=oxvQPisoAgipBWGFQsBTI8zQzy9n8dqo&litespeed_type=imgoptm HTTP/1.1" 200 21 "-" "WordPress/6.8.1; http://www.middleeastoday.com"
74.7.243.195 - - [02/Mar/2026:14:55:30 -0500] "GET /uae-president-receives-ramadan-well-wishers/ HTTP/1.1" 200 20492 "http://www.middleeastoday.com/mariam-almheiri-highlights-uaes-ambition-to-scale-collective-action-innovative-solutions-to-address-global-water-challenge/" "Mozilla/5.0 AppleWebKit/537.36 (KHTML, like Gecko; compatible; GPTBot/1.3; +https://openai.com/gptbot)"
162.213.253.84 - - [02/Mar/2026:14:55:31 -0500] "POST /wp-cron.php?doing_wp_cron=1772481331.9675619602203369140625 HTTP/1.1" 200 0 "-" "WordPress/6.8.1; http://www.middleeastoday.com"
74.7.243.195 - - [02/Mar/2026:14:55:31 -0500] "GET /uae-president-receives-german-chancellor/ HTTP/1.1" 200 20907 "http://www.middleeastoday.com/dubai-police-celebrates-world-tourism-day/" "Mozilla/5.0 AppleWebKit/537.36 (KHTML, like Gecko; compatible; GPTBot/1.3; +https://openai.com/gptbot)"
74.7.243.195 - - [02/Mar/2026:14:55:44 -0500] "GET /dubai-hosts-women-in-tech-global-awards-at-museum-of-the-future/ HTTP/1.1" 200 23255 "http://www.middleeastoday.com/?p=9408" "Mozilla/5.0 AppleWebKit/537.36 (KHTML, like Gecko; compatible; GPTBot/1.3; +https://openai.com/gptbot)"
74.7.243.195 - - [02/Mar/2026:14:55:50 -0500] "GET /maktoum-bin-mohammed-tours-gitex-global-2022/ HTTP/1.1" 200 20567 "http://www.middleeastoday.com/dubai-hosts-women-in-tech-global-awards-at-museum-of-the-future/" "Mozilla/5.0 AppleWebKit/537.36 (KHTML, like Gecko; compatible; GPTBot/1.3; +https://openai.com/gptbot)"
74.7.243.195 - - [02/Mar/2026:14:56:12 -0500] "GET /?p=9295 HTTP/1.1" 301 0 "http://www.middleeastoday.com/beeah-group-green-planet-sign-10-year-contract-to-advance-sustainable-waste-management-in-egypt-2/" "Mozilla/5.0 AppleWebKit/537.36 (KHTML, like Gecko; compatible; GPTBot/1.3; +https://openai.com/gptbot)"
74.7.243.195 - - [02/Mar/2026:14:56:12 -0500] "GET /beeah-group-green-planet-sign-10-year-contract-to-advance-sustainable-waste-management-in-egypt-2/ HTTP/1.1" 200 22002 "http://www.middleeastoday.com/?p=9295" "Mozilla/5.0 AppleWebKit/537.36 (KHTML, like Gecko; compatible; GPTBot/1.3; +https://openai.com/gptbot)"
43.135.107.125 - - [02/Mar/2026:14:56:26 -0500] "GET /wp-content/uploads/2022/04/middle-east-today-logo-1.jpg HTTP/1.1" 200 34912 "-" "Mozilla/5.0 (Windows NT 10.0; Win64; x64) AppleWebKit/537.36"
74.7.243.195 - - [02/Mar/2026:14:56:31 -0500] "GET /?p=9935 HTTP/1.1" 301 0 "http://www.middleeastoday.com/dubai-records-aed10-4-billion-in-weekly-real-estate-transactions/" "Mozilla/5.0 AppleWebKit/537.36 (KHTML, like Gecko; compatible; GPTBot/1.3; +https://openai.com/gptbot)"
74.7.243.195 - - [02/Mar/2026:14:56:32 -0500] "GET /dubai-records-aed10-4-billion-in-weekly-real-estate-transactions/ HTTP/1.1" 200 20335 "http://www.middleeastoday.com/?p=9935" "Mozilla/5.0 AppleWebKit/537.36 (KHTML, like Gecko; compatible; GPTBot/1.3; +https://openai.com/gptbot)"
74.7.243.195 - - [02/Mar/2026:14:56:41 -0500] "GET /?p=9947 HTTP/1.1" 301 0 "http://www.middleeastoday.com/fbp-international-stepping-into-the-10th-year-of-fulfilling-your-australian-dreams/" "Mozilla/5.0 AppleWebKit/537.36 (KHTML, like Gecko; compatible; GPTBot/1.3; +https://openai.com/gptbot)"
74.7.243.195 - - [02/Mar/2026:14:56:41 -0500] "GET /fbp-international-stepping-into-the-10th-year-of-fulfilling-your-australian-dreams/ HTTP/1.1" 200 21741 "http://www.middleeastoday.com/?p=9947" "Mozilla/5.0 AppleWebKit/537.36 (KHTML, like Gecko; compatible; GPTBot/1.3; +https://openai.com/gptbot)"
162.213.253.84 - - [02/Mar/2026:14:54:58 -0500] "POST /wp-admin/admin-ajax.php?action=async_litespeed&nonce=VrWGX0yQOjzCpVl5jjyXEgzbYH7rOTlK&litespeed_type=imgoptm HTTP/1.1" 200 21 "-" "WordPress/6.8.1; http://www.middleeastoday.com"
74.7.243.195 - - [02/Mar/2026:14:55:04 -0500] "GET /?p=9438 HTTP/1.1" 301 0 "http://www.middleeastoday.com/mubadala-invests-in-worlds-largest-private-offshore-wind-energy-developer/" "Mozilla/5.0 AppleWebKit/537.36 (KHTML, like Gecko; compatible; GPTBot/1.3; +https://openai.com/gptbot)"
162.213.253.84 - - [02/Mar/2026:14:55:28 -0500] "POST /wp-cron.php?doing_wp_cron=1772481328.9783420562744140625000 HTTP/1.1" 200 0 "-" "WordPress/6.8.1; http://www.middleeastoday.com"
74.7.243.195 - - [02/Mar/2026:14:55:29 -0500] "GET /mariam-almheiri-highlights-uaes-ambition-to-scale-collective-action-innovative-solutions-to-address-global-water-challenge/ HTTP/1.1" 200 23625 "http://www.middleeastoday.com/?p=9883" "Mozilla/5.0 AppleWebKit/537.36 (KHTML, like Gecko; compatible; GPTBot/1.3; +https://openai.com/gptbot)"
74.7.243.195 - - [02/Mar/2026:14:55:36 -0500] "GET /dubai-autism-centre-launches-its-17th-annual-autism-awareness-campaign/ HTTP/1.1" 200 21473 "http://www.middleeastoday.com/uae-president-receives-turkish-leaders-congratulations-on-new-leadership-appointments-in-uae-and-abu-dhabi/" "Mozilla/5.0 AppleWebKit/537.36 (KHTML, like Gecko; compatible; GPTBot/1.3; +https://openai.com/gptbot)"
74.7.243.195 - - [02/Mar/2026:14:55:44 -0500] "GET /?p=9408 HTTP/1.1" 301 0 "http://www.middleeastoday.com/dubai-hosts-women-in-tech-global-awards-at-museum-of-the-future/" "Mozilla/5.0 AppleWebKit/537.36 (KHTML, like Gecko; compatible; GPTBot/1.3; +https://openai.com/gptbot)"
74.7.243.195 - - [02/Mar/2026:14:55:57 -0500] "GET /24-dubai-companies-join-dubai-international-chambers-new-horizons-trade-mission-to-kazakhstan/ HTTP/1.1" 200 25742 "http://www.middleeastoday.com/incredible-talents-art-exhibition-kicks-off-in-dubai/" "Mozilla/5.0 AppleWebKit/537.36 (KHTML, like Gecko; compatible; GPTBot/1.3; +https://openai.com/gptbot)"
162.213.253.84 - - [02/Mar/2026:14:56:32 -0500] "POST /wp-cron.php?doing_wp_cron=1772481392.1808230876922607421875 HTTP/1.1" 200 0 "-" "WordPress/6.8.1; http://www.middleeastoday.com"
74.7.243.195 - - [02/Mar/2026:14:56:53 -0500] "GET /?p=9312 HTTP/1.1" 301 0 "http://www.middleeastoday.com/ambulatory-healthcare-services-launches-mobile-preventive-and-treatment-services-in-abu-dhabi/" "Mozilla/5.0 AppleWebKit/537.36 (KHTML, like Gecko; compatible; GPTBot/1.3; +https://openai.com/gptbot)"
74.7.243.195 - - [02/Mar/2026:14:56:54 -0500] "GET /ambulatory-healthcare-services-launches-mobile-preventive-and-treatment-services-in-abu-dhabi/ HTTP/1.1" 200 20769 "http://www.middleeastoday.com/?p=9312" "Mozilla/5.0 AppleWebKit/537.36 (KHTML, like Gecko; compatible; GPTBot/1.3; +https://openai.com/gptbot)"
74.7.243.195 - - [02/Mar/2026:14:57:07 -0500] "GET /?p=9399 HTTP/1.1" 301 0 "http://www.middleeastoday.com/dewa-strengthens-cooperation-with-canadian-companies-at-gitex-global-2022/" "Mozilla/5.0 AppleWebKit/537.36 (KHTML, like Gecko; compatible; GPTBot/1.3; +https://openai.com/gptbot)"
74.7.243.195 - - [02/Mar/2026:14:57:09 -0500] "GET /?p=9908 HTTP/1.1" 301 0 "http://www.middleeastoday.com/uae-president-vice-president-receive-progress-update-on-preparations-to-host-cop28/" "Mozilla/5.0 AppleWebKit/537.36 (KHTML, like Gecko; compatible; GPTBot/1.3; +https://openai.com/gptbot)"
74.7.243.195 - - [02/Mar/2026:14:57:09 -0500] "GET /uae-president-vice-president-receive-progress-update-on-preparations-to-host-cop28/ HTTP/1.1" 200 21245 "http://www.middleeastoday.com/?p=9908" "Mozilla/5.0 AppleWebKit/537.36 (KHTML, like Gecko; compatible; GPTBot/1.3; +https://openai.com/gptbot)"
74.7.243.195 - - [02/Mar/2026:14:57:18 -0500] "GET /?p=9214 HTTP/1.1" 301 0 "http://www.middleeastoday.com/dubai-otology-marks-10th-edition-in-october/" "Mozilla/5.0 AppleWebKit/537.36 (KHTML, like Gecko; compatible; GPTBot/1.3; +https://openai.com/gptbot)"
74.7.243.195 - - [02/Mar/2026:14:56:55 -0500] "GET /?p=9418 HTTP/1.1" 301 0 "http://www.middleeastoday.com/9th-edition-of-sharjah-international-film-festival-for-children-and-youth-concludes/" "Mozilla/5.0 AppleWebKit/537.36 (KHTML, like Gecko; compatible; GPTBot/1.3; +https://openai.com/gptbot)"
74.7.243.195 - - [02/Mar/2026:14:56:56 -0500] "GET /9th-edition-of-sharjah-international-film-festival-for-children-and-youth-concludes/ HTTP/1.1" 200 24168 "http://www.middleeastoday.com/?p=9418" "Mozilla/5.0 AppleWebKit/537.36 (KHTML, like Gecko; compatible; GPTBot/1.3; +https://openai.com/gptbot)"
74.7.243.195 - - [02/Mar/2026:14:57:03 -0500] "GET /?p=9550 HTTP/1.1" 301 0 "http://www.middleeastoday.com/darb-3-launched-by-alef-group-in-al-mamsha-raseel/" "Mozilla/5.0 AppleWebKit/537.36 (KHTML, like Gecko; compatible; GPTBot/1.3; +https://openai.com/gptbot)"
74.7.243.195 - - [02/Mar/2026:14:57:04 -0500] "GET /darb-3-launched-by-alef-group-in-al-mamsha-raseel/ HTTP/1.1" 200 21921 "http://www.middleeastoday.com/?p=9550" "Mozilla/5.0 AppleWebKit/537.36 (KHTML, like Gecko; compatible; GPTBot/1.3; +https://openai.com/gptbot)"
74.7.243.195 - - [02/Mar/2026:14:57:08 -0500] "GET /dewa-strengthens-cooperation-with-canadian-companies-at-gitex-global-2022/ HTTP/1.1" 200 23509 "http://www.middleeastoday.com/?p=9399" "Mozilla/5.0 AppleWebKit/537.36 (KHTML, like Gecko; compatible; GPTBot/1.3; +https://openai.com/gptbot)"
74.7.243.195 - - [02/Mar/2026:14:57:19 -0500] "GET /dubai-otology-marks-10th-edition-in-october/ HTTP/1.1" 200 20960 "http://www.middleeastoday.com/?p=9214" "Mozilla/5.0 AppleWebKit/537.36 (KHTML, like Gecko; compatible; GPTBot/1.3; +https://openai.com/gptbot)"
74.7.243.195 - - [02/Mar/2026:14:57:24 -0500] "GET /adu-launches-innovation-centre-in-its-al-ain-campus/ HTTP/1.1" 200 23531 "http://www.middleeastoday.com/darb-3-launched-by-alef-group-in-al-mamsha-raseel/" "Mozilla/5.0 AppleWebKit/537.36 (KHTML, like Gecko; compatible; GPTBot/1.3; +https://openai.com/gptbot)"
162.213.253.84 - - [02/Mar/2026:14:57:37 -0500] "POST /wp-cron.php?doing_wp_cron=1772481457.1951529979705810546875 HTTP/1.1" 200 0 "-" "WordPress/6.8.1; http://www.middleeastoday.com"
74.7.243.195 - - [02/Mar/2026:14:57:47 -0500] "GET /mohammed-bin-rashid-receives-prime-minister-of-north-macedonia/ HTTP/1.1" 200 21778 "http://www.middleeastoday.com/etihad-aviation-group-transferred-into-adqs-portfolio/" "Mozilla/5.0 AppleWebKit/537.36 (KHTML, like Gecko; compatible; GPTBot/1.3; +https://openai.com/gptbot)"
162.213.253.84 - - [02/Mar/2026:14:57:54 -0500] "POST /wp-cron.php?doing_wp_cron=1772481474.7684099674224853515625 HTTP/1.1" 200 0 "-" "WordPress/6.8.1; http://www.middleeastoday.com"
74.7.243.195 - - [02/Mar/2026:14:57:54 -0500] "GET /?p=9441 HTTP/1.1" 301 0 "http://www.middleeastoday.com/etihad-aviation-group-transferred-into-adqs-portfolio/" "Mozilla/5.0 AppleWebKit/537.36 (KHTML, like Gecko; compatible; GPTBot/1.3; +https://openai.com/gptbot)"
74.7.243.195 - - [02/Mar/2026:14:57:54 -0500] "GET /etihad-aviation-group-transferred-into-adqs-portfolio/ HTTP/1.1" 200 20698 "http://www.middleeastoday.com/?p=9441" "Mozilla/5.0 AppleWebKit/537.36 (KHTML, like Gecko; compatible; GPTBot/1.3; +https://openai.com/gptbot)"
74.7.243.195 - - [02/Mar/2026:14:58:07 -0500] "GET /?p=9888 HTTP/1.1" 301 0 "http://www.middleeastoday.com/uae-president-receives-ramadan-well-wishers/" "Mozilla/5.0 AppleWebKit/537.36 (KHTML, like Gecko; compatible; GPTBot/1.3; +https://openai.com/gptbot)"
74.7.243.195 - - [02/Mar/2026:14:58:08 -0500] "GET /uae-president-receives-ramadan-well-wishers/ HTTP/1.1" 200 20492 "http://www.middleeastoday.com/?p=9888" "Mozilla/5.0 AppleWebKit/537.36 (KHTML, like Gecko; compatible; GPTBot/1.3; +https://openai.com/gptbot)"
5.62.145.252 - - [02/Mar/2026:14:58:11 -0500] "GET http://www.middleeastoday.com/uae-president-accepts-more-condolences-from-world-leaders-delegations-on-passing-of-sheikh-khalifa/ HTTP/1.1" 200 24952 "-" "Mozilla/5.0 (Macintosh; Intel Mac OS X 10_11_3) AppleWebKit/537.36 (KHTML, like Gecko) Chrome/65.0.3325.6 Safari/537.36"
74.7.243.195 - - [02/Mar/2026:14:58:16 -0500] "GET /?p=9273 HTTP/1.1" 301 0 "http://www.middleeastoday.com/uae-president-receives-german-chancellor/" "Mozilla/5.0 AppleWebKit/537.36 (KHTML, like Gecko; compatible; GPTBot/1.3; +https://openai.com/gptbot)"
74.7.243.195 - - [02/Mar/2026:14:58:18 -0500] "GET /?p=9918 HTTP/1.1" 301 0 "http://www.middleeastoday.com/dubai-autism-centre-launches-its-17th-annual-autism-awareness-campaign/" "Mozilla/5.0 AppleWebKit/537.36 (KHTML, like Gecko; compatible; GPTBot/1.3; +https://openai.com/gptbot)"
74.7.243.195 - - [02/Mar/2026:14:58:20 -0500] "GET /maktoum-bin-mohammed-tours-gitex-global-2022/ HTTP/1.1" 200 20567 "http://www.middleeastoday.com/?p=9405" "Mozilla/5.0 AppleWebKit/537.36 (KHTML, like Gecko; compatible; GPTBot/1.3; +https://openai.com/gptbot)"
74.7.243.195 - - [02/Mar/2026:14:58:31 -0500] "GET /dr-kapil-khurana-pioneer-of-cosmetic-dentistry-in-the-uae/ HTTP/1.1" 200 22208 "http://www.middleeastoday.com/uae-president-receives-german-chancellor/" "Mozilla/5.0 AppleWebKit/537.36 (KHTML, like Gecko; compatible; GPTBot/1.3; +https://openai.com/gptbot)"
74.7.243.195 - - [02/Mar/2026:14:58:33 -0500] "GET /etihad-airways-launches-inaugural-flight-to-chinas-guangzhou/ HTTP/1.1" 200 22090 "http://www.middleeastoday.com/dewa-strengthens-cooperation-with-canadian-companies-at-gitex-global-2022/" "Mozilla/5.0 AppleWebKit/537.36 (KHTML, like Gecko; compatible; GPTBot/1.3; +https://openai.com/gptbot)"
74.7.243.195 - - [02/Mar/2026:14:58:39 -0500] "GET /bodour-al-qasimi-honours-dedication-of-aus-staff-at-annual-staff-appreciation-dinner/ HTTP/1.1" 200 22998 "http://www.middleeastoday.com/24-dubai-companies-join-dubai-international-chambers-new-horizons-trade-mission-to-kazakhstan/" "Mozilla/5.0 AppleWebKit/537.36 (KHTML, like Gecko; compatible; GPTBot/1.3; +https://openai.com/gptbot)"
74.7.243.195 - - [02/Mar/2026:14:59:00 -0500] "GET /dubai-world-cup-welcomes-ramadan-mobile-cannon-for-cultural-showcase/ HTTP/1.1" 200 21235 "http://www.middleeastoday.com/uae-president-receives-ramadan-well-wishers/" "Mozilla/5.0 AppleWebKit/537.36 (KHTML, like Gecko; compatible; GPTBot/1.3; +https://openai.com/gptbot)"
74.7.243.195 - - [02/Mar/2026:14:59:16 -0500] "GET /aston-martin-introduces-the-new-v12-vantage-roadster/ HTTP/1.1" 200 22199 "http://www.middleeastoday.com/dubai-otology-marks-10th-edition-in-october/" "Mozilla/5.0 AppleWebKit/537.36 (KHTML, like Gecko; compatible; GPTBot/1.3; +https://openai.com/gptbot)"
74.7.243.195 - - [02/Mar/2026:14:59:31 -0500] "GET /hamdan-bin-zayed-visits-adihex-2022/ HTTP/1.1" 200 20841 "http://www.middleeastoday.com/uae-president-arrives-in-muscat-welcomed-by-sultan-of-oman/" "Mozilla/5.0 AppleWebKit/537.36 (KHTML, like Gecko; compatible; GPTBot/1.3; +https://openai.com/gptbot)"
74.7.243.195 - - [02/Mar/2026:14:59:33 -0500] "GET /uae-will-voluntarily-cut-oil-output-by-144000-bpd-from-may-through-year-end-suhail-al-mazrouei/ HTTP/1.1" 200 20202 "http://www.middleeastoday.com/category/national-news/page/10/" "Mozilla/5.0 AppleWebKit/537.36 (KHTML, like Gecko; compatible; GPTBot/1.3; +https://openai.com/gptbot)"
74.7.243.195 - - [02/Mar/2026:14:59:34 -0500] "GET /isnr-abu-dhabi-2022-kicks-off/ HTTP/1.1" 200 20372 "http://www.middleeastoday.com/uae-president-to-visit-russia/" "Mozilla/5.0 AppleWebKit/537.36 (KHTML, like Gecko; compatible; GPTBot/1.3; +https://openai.com/gptbot)"
162.213.253.84 - - [02/Mar/2026:14:59:37 -0500] "POST /wp-cron.php?doing_wp_cron=1772481577.7059469223022460937500 HTTP/1.1" 200 0 "-" "WordPress/6.8.1; http://www.middleeastoday.com"
74.7.243.195 - - [02/Mar/2026:14:59:37 -0500] "GET /?p=9547 HTTP/1.1" 301 0 "http://www.middleeastoday.com/adu-launches-innovation-centre-in-its-al-ain-campus/" "Mozilla/5.0 AppleWebKit/537.36 (KHTML, like Gecko; compatible; GPTBot/1.3; +https://openai.com/gptbot)"
74.7.243.195 - - [02/Mar/2026:14:57:36 -0500] "GET /dmcc-awarded-global-free-zone-of-the-year-for-eighth-consecutive-year/ HTTP/1.1" 200 20913 "http://www.middleeastoday.com/ambulatory-healthcare-services-launches-mobile-preventive-and-treatment-services-in-abu-dhabi/" "Mozilla/5.0 AppleWebKit/537.36 (KHTML, like Gecko; compatible; GPTBot/1.3; +https://openai.com/gptbot)"
162.213.253.84 - - [02/Mar/2026:14:57:37 -0500] "POST /wp-admin/admin-ajax.php?action=async_litespeed&nonce=LFVxnCkB2JdMK58flFd6vYu4WdBJLDeO&litespeed_type=imgoptm HTTP/1.1" 200 21 "-" "WordPress/6.8.1; http://www.middleeastoday.com"
74.7.243.195 - - [02/Mar/2026:14:58:16 -0500] "GET /uae-president-receives-german-chancellor/ HTTP/1.1" 200 20907 "http://www.middleeastoday.com/?p=9273" "Mozilla/5.0 AppleWebKit/537.36 (KHTML, like Gecko; compatible; GPTBot/1.3; +https://openai.com/gptbot)"
74.7.243.195 - - [02/Mar/2026:14:58:19 -0500] "GET /dubai-autism-centre-launches-its-17th-annual-autism-awareness-campaign/ HTTP/1.1" 200 21473 "http://www.middleeastoday.com/?p=9918" "Mozilla/5.0 AppleWebKit/537.36 (KHTML, like Gecko; compatible; GPTBot/1.3; +https://openai.com/gptbot)"
74.7.243.195 - - [02/Mar/2026:14:58:19 -0500] "GET /?p=9405 HTTP/1.1" 301 0 "http://www.middleeastoday.com/maktoum-bin-mohammed-tours-gitex-global-2022/" "Mozilla/5.0 AppleWebKit/537.36 (KHTML, like Gecko; compatible; GPTBot/1.3; +https://openai.com/gptbot)"
162.213.253.84 - - [02/Mar/2026:14:58:23 -0500] "POST /wp-cron.php?doing_wp_cron=1772481503.8887219429016113281250 HTTP/1.1" 200 0 "-" "WordPress/6.8.1; http://www.middleeastoday.com"
74.7.243.195 - - [02/Mar/2026:14:58:23 -0500] "GET /?p=9869 HTTP/1.1" 301 0 "http://www.middleeastoday.com/24-dubai-companies-join-dubai-international-chambers-new-horizons-trade-mission-to-kazakhstan/" "Mozilla/5.0 AppleWebKit/537.36 (KHTML, like Gecko; compatible; GPTBot/1.3; +https://openai.com/gptbot)"
74.7.243.195 - - [02/Mar/2026:14:58:24 -0500] "GET /24-dubai-companies-join-dubai-international-chambers-new-horizons-trade-mission-to-kazakhstan/ HTTP/1.1" 200 25742 "http://www.middleeastoday.com/?p=9869" "Mozilla/5.0 AppleWebKit/537.36 (KHTML, like Gecko; compatible; GPTBot/1.3; +https://openai.com/gptbot)"
162.213.253.84 - - [02/Mar/2026:14:58:24 -0500] "POST /wp-admin/admin-ajax.php?action=async_litespeed&nonce=DeoAfS1UNfHbOGfFmYjYsNUVcSljyp8w&litespeed_type=imgoptm HTTP/1.1" 200 21 "-" "WordPress/6.8.1; http://www.middleeastoday.com"
74.7.243.195 - - [02/Mar/2026:14:58:48 -0500] "GET /wp-json/oembed/1.0/embed?format=xml&url=http%3A%2F%2Fwww.middleeastoday.com%2F24-dubai-companies-join-dubai-international-chambers-new-horizons-trade-mission-to-kazakhstan%2F HTTP/1.1" 200 1225 "http://www.middleeastoday.com/24-dubai-companies-join-dubai-international-chambers-new-horizons-trade-mission-to-kazakhstan/" "Mozilla/5.0 AppleWebKit/537.36 (KHTML, like Gecko; compatible; GPTBot/1.3; +https://openai.com/gptbot)"
74.7.243.195 - - [02/Mar/2026:14:59:25 -0500] "GET /universal-art-production-a-leader-in-photography-and-video-production-services-across-the-uae/ HTTP/1.1" 200 20645 "http://www.middleeastoday.com/uae-president-vice-president-receive-progress-update-on-preparations-to-host-cop28/" "Mozilla/5.0 AppleWebKit/537.36 (KHTML, like Gecko; compatible; GPTBot/1.3; +https://openai.com/gptbot)"
162.213.253.84 - - [02/Mar/2026:14:59:38 -0500] "POST /wp-admin/admin-ajax.php?action=async_litespeed&nonce=J9uPOIMxkBWQQF8Mql3uz336KDBYbJOR&litespeed_type=imgoptm HTTP/1.1" 200 21 "-" "WordPress/6.8.1; http://www.middleeastoday.com"
43.173.179.26 - - [02/Mar/2026:14:59:42 -0500] "GET /category/travel-tourism/airlines/page/2/ HTTP/1.1" 200 24100 "-" "Mozilla/5.0 (Windows NT 10.0; Win64; x64) AppleWebKit/537.36 (KHTML, like Gecko) Chrome/105.0.0.0 Safari/537.3"
162.213.253.84 - - [02/Mar/2026:14:59:44 -0500] "POST /wp-cron.php?doing_wp_cron=1772481584.7021479606628417968750 HTTP/1.1" 200 0 "-" "WordPress/6.8.1; http://www.middleeastoday.com"
