74.7.243.195 - - [02/Mar/2026:16:15:59 -0500] "GET /wp-json/oembed/1.0/embed?url=http%3A%2F%2Fwww.middleeastoday.com%2Fmohammed-bin-rashid-congratulates-new-kuwaiti-pm-on-his-appointment%2F HTTP/1.1" 200 2601 "http://www.middleeastoday.com/mohammed-bin-rashid-congratulates-new-kuwaiti-pm-on-his-appointment/" "Mozilla/5.0 AppleWebKit/537.36 (KHTML, like Gecko; compatible; GPTBot/1.3; +https://openai.com/gptbot)"
74.7.243.195 - - [02/Mar/2026:16:15:53 -0500] "GET /wp-json/oembed/1.0/embed?url=http%3A%2F%2Fwww.middleeastoday.com%2Fwho-releases-new-standard-to-tackle-rising-threat-of-hearing-loss%2F HTTP/1.1" 200 2585 "http://www.middleeastoday.com/who-releases-new-standard-to-tackle-rising-threat-of-hearing-loss/" "Mozilla/5.0 AppleWebKit/537.36 (KHTML, like Gecko; compatible; GPTBot/1.3; +https://openai.com/gptbot)"
74.7.243.195 - - [02/Mar/2026:16:15:56 -0500] "GET /wp-json/oembed/1.0/embed?url=http%3A%2F%2Fwww.middleeastoday.com%2Fhamdan-bin-mohammed-arrives-in-new-delhi-on-official-visit-to-india%2F HTTP/1.1" 200 2603 "http://www.middleeastoday.com/hamdan-bin-mohammed-arrives-in-new-delhi-on-official-visit-to-india/" "Mozilla/5.0 AppleWebKit/537.36 (KHTML, like Gecko; compatible; GPTBot/1.3; +https://openai.com/gptbot)"
74.7.243.195 - - [02/Mar/2026:16:15:58 -0500] "GET /wp-json/oembed/1.0/embed?url=http%3A%2F%2Fwww.middleeastoday.com%2Fuae-leaders-congratulate-president-of-seychelles-on-independence-day%2F HTTP/1.1" 200 2624 "http://www.middleeastoday.com/uae-leaders-congratulate-president-of-seychelles-on-independence-day/" "Mozilla/5.0 AppleWebKit/537.36 (KHTML, like Gecko; compatible; GPTBot/1.3; +https://openai.com/gptbot)"
74.7.243.195 - - [02/Mar/2026:16:16:05 -0500] "GET /wp-json/oembed/1.0/embed?url=http%3A%2F%2Fwww.middleeastoday.com%2Facci-participates-in-cosmetista-expo-north-west-africa-in-casablanca%2F HTTP/1.1" 200 2612 "http://www.middleeastoday.com/acci-participates-in-cosmetista-expo-north-west-africa-in-casablanca/" "Mozilla/5.0 AppleWebKit/537.36 (KHTML, like Gecko; compatible; GPTBot/1.3; +https://openai.com/gptbot)"
74.7.243.195 - - [02/Mar/2026:16:16:08 -0500] "GET /wp-json/oembed/1.0/embed?url=http%3A%2F%2Fwww.middleeastoday.com%2Fuae-leaders-congratulate-president-of-ecuador-on-independence-day%2F HTTP/1.1" 200 2583 "http://www.middleeastoday.com/uae-leaders-congratulate-president-of-ecuador-on-independence-day/" "Mozilla/5.0 AppleWebKit/537.36 (KHTML, like Gecko; compatible; GPTBot/1.3; +https://openai.com/gptbot)"
74.7.243.195 - - [02/Mar/2026:16:16:10 -0500] "GET /wp-json/oembed/1.0/embed?url=http%3A%2F%2Fwww.middleeastoday.com%2Fredtag-launches-arab-star-myriam-fares-endorsed-ramadan-collection%2F HTTP/1.1" 200 2603 "http://www.middleeastoday.com/redtag-launches-arab-star-myriam-fares-endorsed-ramadan-collection/" "Mozilla/5.0 AppleWebKit/537.36 (KHTML, like Gecko; compatible; GPTBot/1.3; +https://openai.com/gptbot)"
74.7.243.195 - - [02/Mar/2026:16:16:19 -0500] "GET /wp-json/oembed/1.0/embed?url=http%3A%2F%2Fwww.middleeastoday.com%2Fnahyan-bin-mubarak-attends-italian-embassys-national-day-ceremony%2F HTTP/1.1" 200 2611 "http://www.middleeastoday.com/nahyan-bin-mubarak-attends-italian-embassys-national-day-ceremony/" "Mozilla/5.0 AppleWebKit/537.36 (KHTML, like Gecko; compatible; GPTBot/1.3; +https://openai.com/gptbot)"
74.7.243.195 - - [02/Mar/2026:16:16:22 -0500] "GET /wp-json/oembed/1.0/embed?url=http%3A%2F%2Fwww.middleeastoday.com%2Fuae-leaders-congratulate-president-of-ukraine-on-independence-day%2F HTTP/1.1" 200 2591 "http://www.middleeastoday.com/uae-leaders-congratulate-president-of-ukraine-on-independence-day/" "Mozilla/5.0 AppleWebKit/537.36 (KHTML, like Gecko; compatible; GPTBot/1.3; +https://openai.com/gptbot)"
162.213.253.84 - - [02/Mar/2026:16:16:27 -0500] "POST /wp-cron.php?doing_wp_cron=1772486187.6218340396881103515625 HTTP/1.1" 200 0 "-" "WordPress/6.8.1; http://www.middleeastoday.com"
74.7.243.195 - - [02/Mar/2026:16:16:27 -0500] "GET /wp-json/oembed/1.0/embed?url=http%3A%2F%2Fwww.middleeastoday.com%2Fuae-leaders-congratulate-kuwaiti-emir-on-national-day-liberation-day%2F HTTP/1.1" 200 2518 "http://www.middleeastoday.com/uae-leaders-congratulate-kuwaiti-emir-on-national-day-liberation-day/" "Mozilla/5.0 AppleWebKit/537.36 (KHTML, like Gecko; compatible; GPTBot/1.3; +https://openai.com/gptbot)"
74.7.243.195 - - [02/Mar/2026:16:16:31 -0500] "GET /wp-json/oembed/1.0/embed?url=http%3A%2F%2Fwww.middleeastoday.com%2Fuae-leaders-congratulate-president-of-cape-verde-on-independence-day%2F HTTP/1.1" 200 2606 "http://www.middleeastoday.com/uae-leaders-congratulate-president-of-cape-verde-on-independence-day/" "Mozilla/5.0 AppleWebKit/537.36 (KHTML, like Gecko; compatible; GPTBot/1.3; +https://openai.com/gptbot)"
74.7.243.195 - - [02/Mar/2026:16:16:37 -0500] "GET /wp-json/oembed/1.0/embed?url=http%3A%2F%2Fwww.middleeastoday.com%2Fdubai-chambers-inaugurates-sydney-office-signs-trade-boosting-mou-with-australia-arab-chamber%2F HTTP/1.1" 200 2731 "http://www.middleeastoday.com/dubai-chambers-inaugurates-sydney-office-signs-trade-boosting-mou-with-australia-arab-chamber/" "Mozilla/5.0 AppleWebKit/537.36 (KHTML, like Gecko; compatible; GPTBot/1.3; +https://openai.com/gptbot)"
74.7.243.195 - - [02/Mar/2026:16:16:41 -0500] "GET /wp-json/oembed/1.0/embed?url=http%3A%2F%2Fwww.middleeastoday.com%2Fdahc-axdev-global-pfizer-global-medical-grants-partner-for-chronically-ill-patients-enhanced-cared%2F HTTP/1.1" 200 2762 "http://www.middleeastoday.com/dahc-axdev-global-pfizer-global-medical-grants-partner-for-chronically-ill-patients-enhanced-cared/" "Mozilla/5.0 AppleWebKit/537.36 (KHTML, like Gecko; compatible; GPTBot/1.3; +https://openai.com/gptbot)"
74.7.243.195 - - [02/Mar/2026:16:16:11 -0500] "GET /wp-json/oembed/1.0/embed?url=http%3A%2F%2Fwww.middleeastoday.com%2Fdeyaar-launches-jannat-final-residential-district-in-midtown-dubai%2F HTTP/1.1" 200 2588 "http://www.middleeastoday.com/deyaar-launches-jannat-final-residential-district-in-midtown-dubai/" "Mozilla/5.0 AppleWebKit/537.36 (KHTML, like Gecko; compatible; GPTBot/1.3; +https://openai.com/gptbot)"
74.7.243.195 - - [02/Mar/2026:16:16:21 -0500] "GET /wp-json/oembed/1.0/embed?url=http%3A%2F%2Fwww.middleeastoday.com%2Fuae-president-attends-military-ceremony-in-paris-during-state-visit%2F HTTP/1.1" 200 2605 "http://www.middleeastoday.com/uae-president-attends-military-ceremony-in-paris-during-state-visit/" "Mozilla/5.0 AppleWebKit/537.36 (KHTML, like Gecko; compatible; GPTBot/1.3; +https://openai.com/gptbot)"
162.213.253.84 - - [02/Mar/2026:16:16:22 -0500] "POST /wp-cron.php?doing_wp_cron=1772486182.6279389858245849609375 HTTP/1.1" 200 0 "-" "WordPress/6.8.1; http://www.middleeastoday.com"
74.7.243.195 - - [02/Mar/2026:16:16:21 -0500] "GET /wp-json/oembed/1.0/embed?url=http%3A%2F%2Fwww.middleeastoday.com%2Fuae-president-confers-medal-of-independence-on-ambassador-of-korea%2F HTTP/1.1" 200 2605 "http://www.middleeastoday.com/uae-president-confers-medal-of-independence-on-ambassador-of-korea/" "Mozilla/5.0 AppleWebKit/537.36 (KHTML, like Gecko; compatible; GPTBot/1.3; +https://openai.com/gptbot)"
162.213.253.84 - - [02/Mar/2026:16:16:23 -0500] "POST /wp-admin/admin-ajax.php?action=async_litespeed&nonce=B15crlJdOicJs4Vhte6QsUFhJ9JrOSIU&litespeed_type=imgoptm HTTP/1.1" 200 21 "-" "WordPress/6.8.1; http://www.middleeastoday.com"
74.7.243.195 - - [02/Mar/2026:16:16:23 -0500] "GET /wp-json/oembed/1.0/embed?url=http%3A%2F%2Fwww.middleeastoday.com%2Fuae-leaders-congratulate-president-of-tunisia-on-independence-day%2F HTTP/1.1" 200 2591 "http://www.middleeastoday.com/uae-leaders-congratulate-president-of-tunisia-on-independence-day/" "Mozilla/5.0 AppleWebKit/537.36 (KHTML, like Gecko; compatible; GPTBot/1.3; +https://openai.com/gptbot)"
74.7.243.195 - - [02/Mar/2026:16:16:34 -0500] "GET /wp-json/oembed/1.0/embed?url=http%3A%2F%2Fwww.middleeastoday.com%2Fdubai-records-aed11-1-billion-worth-weekly-real-estate-transactions%2F HTTP/1.1" 200 2587 "http://www.middleeastoday.com/dubai-records-aed11-1-billion-worth-weekly-real-estate-transactions/" "Mozilla/5.0 AppleWebKit/537.36 (KHTML, like Gecko; compatible; GPTBot/1.3; +https://openai.com/gptbot)"
74.7.243.195 - - [02/Mar/2026:16:16:35 -0500] "GET /wp-json/oembed/1.0/embed?url=http%3A%2F%2Fwww.middleeastoday.com%2Fabdullah-bin-zayed-world-leaders-hail-expo-2020-dubai-as-unifying-event-fostering-innovation-and-sustainable-future%2F HTTP/1.1" 200 2842 "http://www.middleeastoday.com/abdullah-bin-zayed-world-leaders-hail-expo-2020-dubai-as-unifying-event-fostering-innovation-and-sustainable-future/" "Mozilla/5.0 AppleWebKit/537.36 (KHTML, like Gecko; compatible; GPTBot/1.3; +https://openai.com/gptbot)"
74.7.243.195 - - [02/Mar/2026:16:16:55 -0500] "GET /wp-json/oembed/1.0/embed?url=http%3A%2F%2Fwww.middleeastoday.com%2Flatifa-bint-mohammed-attends-dubai-institute-of-design-and-innovations-first-graduation-ceremony%2F HTTP/1.1" 200 2765 "http://www.middleeastoday.com/latifa-bint-mohammed-attends-dubai-institute-of-design-and-innovations-first-graduation-ceremony/" "Mozilla/5.0 AppleWebKit/537.36 (KHTML, like Gecko; compatible; GPTBot/1.3; +https://openai.com/gptbot)"
74.7.243.195 - - [02/Mar/2026:16:16:58 -0500] "GET /wp-json/oembed/1.0/embed?url=http%3A%2F%2Fwww.middleeastoday.com%2Fthe-second-edition-of-the-world-vape-show-slated-to-take-place-in-dubai%2F HTTP/1.1" 200 2611 "http://www.middleeastoday.com/the-second-edition-of-the-world-vape-show-slated-to-take-place-in-dubai/" "Mozilla/5.0 AppleWebKit/537.36 (KHTML, like Gecko; compatible; GPTBot/1.3; +https://openai.com/gptbot)"
74.7.243.195 - - [02/Mar/2026:16:16:49 -0500] "GET /wp-json/oembed/1.0/embed?url=http%3A%2F%2Fwww.middleeastoday.com%2Fmaryne-cotty-eslous-a-trailblazer-in-digital-health-innovation-attend-arab-health-2025%2F HTTP/1.1" 200 2689 "http://www.middleeastoday.com/maryne-cotty-eslous-a-trailblazer-in-digital-health-innovation-attend-arab-health-2025/" "Mozilla/5.0 AppleWebKit/537.36 (KHTML, like Gecko; compatible; GPTBot/1.3; +https://openai.com/gptbot)"
74.7.243.195 - - [02/Mar/2026:16:16:50 -0500] "GET /wp-json/oembed/1.0/embed?url=http%3A%2F%2Fwww.middleeastoday.com%2Fi-love-being-in-dubai-and-i-could-be-a-bond-baddie-shah-rukh-khan%2F HTTP/1.1" 200 2592 "http://www.middleeastoday.com/i-love-being-in-dubai-and-i-could-be-a-bond-baddie-shah-rukh-khan/" "Mozilla/5.0 AppleWebKit/537.36 (KHTML, like Gecko; compatible; GPTBot/1.3; +https://openai.com/gptbot)"
74.7.243.195 - - [02/Mar/2026:16:16:51 -0500] "GET /category/astrology-tarot/feed/ HTTP/1.1" 200 454 "http://www.middleeastoday.com/category/astrology-tarot/" "Mozilla/5.0 AppleWebKit/537.36 (KHTML, like Gecko; compatible; GPTBot/1.3; +https://openai.com/gptbot)"
74.7.243.195 - - [02/Mar/2026:16:16:56 -0500] "GET /wp-json/oembed/1.0/embed?url=http%3A%2F%2Fwww.middleeastoday.com%2Fuae-president-meets-russias-president-underscores-importance-of-dialogue-political-solutions%2F HTTP/1.1" 200 2758 "http://www.middleeastoday.com/uae-president-meets-russias-president-underscores-importance-of-dialogue-political-solutions/" "Mozilla/5.0 AppleWebKit/537.36 (KHTML, like Gecko; compatible; GPTBot/1.3; +https://openai.com/gptbot)"
74.7.243.195 - - [02/Mar/2026:16:17:00 -0500] "GET /wp-json/oembed/1.0/embed?url=http%3A%2F%2Fwww.middleeastoday.com%2Fmalabar-gold-diamonds-and-natural-diamond-council-come-together-to-promote-the-natural-diamond-dream-in-uae%2F HTTP/1.1" 200 2812 "http://www.middleeastoday.com/malabar-gold-diamonds-and-natural-diamond-council-come-together-to-promote-the-natural-diamond-dream-in-uae/" "Mozilla/5.0 AppleWebKit/537.36 (KHTML, like Gecko; compatible; GPTBot/1.3; +https://openai.com/gptbot)"
74.7.243.195 - - [02/Mar/2026:16:17:01 -0500] "GET /wp-json/oembed/1.0/embed?url=http%3A%2F%2Fwww.middleeastoday.com%2Fuae-ambassadors-to-paraguay-guinea-sworn-in-before-uae-president%2F HTTP/1.1" 200 2599 "http://www.middleeastoday.com/uae-ambassadors-to-paraguay-guinea-sworn-in-before-uae-president/" "Mozilla/5.0 AppleWebKit/537.36 (KHTML, like Gecko; compatible; GPTBot/1.3; +https://openai.com/gptbot)"
74.7.243.195 - - [02/Mar/2026:16:17:01 -0500] "GET /wp-json/oembed/1.0/embed?url=http%3A%2F%2Fwww.middleeastoday.com%2Fdubai-health-authority-wins-international-data-corporation-award%2F HTTP/1.1" 200 2596 "http://www.middleeastoday.com/dubai-health-authority-wins-international-data-corporation-award/" "Mozilla/5.0 AppleWebKit/537.36 (KHTML, like Gecko; compatible; GPTBot/1.3; +https://openai.com/gptbot)"
74.7.243.195 - - [02/Mar/2026:16:17:07 -0500] "GET /wp-json/oembed/1.0/embed?url=http%3A%2F%2Fwww.middleeastoday.com%2F3-pilot-robots-launched-to-deliver-products-in-dubais-sustainable-city%2F HTTP/1.1" 200 2622 "http://www.middleeastoday.com/3-pilot-robots-launched-to-deliver-products-in-dubais-sustainable-city/" "Mozilla/5.0 AppleWebKit/537.36 (KHTML, like Gecko; compatible; GPTBot/1.3; +https://openai.com/gptbot)"
74.7.243.195 - - [02/Mar/2026:16:17:09 -0500] "GET /wp-json/oembed/1.0/embed?url=http%3A%2F%2Fwww.middleeastoday.com%2Fhamdan-bin-mohammed-issues-resolution-forming-supreme-committee-to-oversee-development-of-hatta%2F HTTP/1.1" 200 2776 "http://www.middleeastoday.com/hamdan-bin-mohammed-issues-resolution-forming-supreme-committee-to-oversee-development-of-hatta/" "Mozilla/5.0 AppleWebKit/537.36 (KHTML, like Gecko; compatible; GPTBot/1.3; +https://openai.com/gptbot)"
74.7.243.195 - - [02/Mar/2026:16:17:04 -0500] "GET /wp-json/oembed/1.0/embed?url=http%3A%2F%2Fwww.middleeastoday.com%2Fdubai-chamber-strengthens-partnership-with-dubai-land-department%2F HTTP/1.1" 200 2580 "http://www.middleeastoday.com/dubai-chamber-strengthens-partnership-with-dubai-land-department/" "Mozilla/5.0 AppleWebKit/537.36 (KHTML, like Gecko; compatible; GPTBot/1.3; +https://openai.com/gptbot)"
74.7.243.195 - - [02/Mar/2026:16:17:05 -0500] "GET /wp-json/oembed/1.0/embed?url=http%3A%2F%2Fwww.middleeastoday.com%2Fuae-leaders-congratulate-president-of-gambia-on-independence-day%2F HTTP/1.1" 200 2495 "http://www.middleeastoday.com/uae-leaders-congratulate-president-of-gambia-on-independence-day/" "Mozilla/5.0 AppleWebKit/537.36 (KHTML, like Gecko; compatible; GPTBot/1.3; +https://openai.com/gptbot)"
74.7.243.195 - - [02/Mar/2026:16:17:08 -0500] "GET /wp-json/oembed/1.0/embed?url=http%3A%2F%2Fwww.middleeastoday.com%2Fnational-institute-for-health-specialties-accredits-corniche-hospital%2F HTTP/1.1" 200 2609 "http://www.middleeastoday.com/national-institute-for-health-specialties-accredits-corniche-hospital/" "Mozilla/5.0 AppleWebKit/537.36 (KHTML, like Gecko; compatible; GPTBot/1.3; +https://openai.com/gptbot)"
74.7.243.195 - - [02/Mar/2026:16:17:09 -0500] "GET /wp-json/oembed/1.0/embed?url=http%3A%2F%2Fwww.middleeastoday.com%2Fchocolate-dessert-creation-masterclass-at-mondoux-in-partnership-with-dubai-food-festival%2F HTTP/1.1" 200 2720 "http://www.middleeastoday.com/chocolate-dessert-creation-masterclass-at-mondoux-in-partnership-with-dubai-food-festival/" "Mozilla/5.0 AppleWebKit/537.36 (KHTML, like Gecko; compatible; GPTBot/1.3; +https://openai.com/gptbot)"
74.7.243.195 - - [02/Mar/2026:16:17:21 -0500] "GET /wp-json/oembed/1.0/embed?url=http%3A%2F%2Fwww.middleeastoday.com%2Femirati-girl-got-her-vision-back-after-a-congenital-corneal-opacity-at-into-barraquer-eye-hospital-uae%2F HTTP/1.1" 200 2764 "http://www.middleeastoday.com/emirati-girl-got-her-vision-back-after-a-congenital-corneal-opacity-at-into-barraquer-eye-hospital-uae/" "Mozilla/5.0 AppleWebKit/537.36 (KHTML, like Gecko; compatible; GPTBot/1.3; +https://openai.com/gptbot)"
74.7.243.195 - - [02/Mar/2026:16:17:24 -0500] "GET /wp-json/oembed/1.0/embed?url=http%3A%2F%2Fwww.middleeastoday.com%2Fastrazenca-g42-healthcare-enter-strategic-partnership-to-manufacture-pharmaceutical-products-in-abu-dhabi%2F HTTP/1.1" 200 2777 "http://www.middleeastoday.com/astrazenca-g42-healthcare-enter-strategic-partnership-to-manufacture-pharmaceutical-products-in-abu-dhabi/" "Mozilla/5.0 AppleWebKit/537.36 (KHTML, like Gecko; compatible; GPTBot/1.3; +https://openai.com/gptbot)"
162.213.253.84 - - [02/Mar/2026:16:17:25 -0500] "POST /wp-admin/admin-ajax.php?action=async_litespeed&nonce=zYbcn33D72abHNYbwbGCOGsibaWoIK3C&litespeed_type=imgoptm HTTP/1.1" 200 21 "-" "WordPress/6.8.1; http://www.middleeastoday.com"
162.213.253.84 - - [02/Mar/2026:16:17:29 -0500] "POST /wp-cron.php?doing_wp_cron=1772486249.4873230457305908203125 HTTP/1.1" 200 0 "-" "WordPress/6.8.1; http://www.middleeastoday.com"
74.7.243.195 - - [02/Mar/2026:16:17:31 -0500] "GET /wp-json/oembed/1.0/embed?url=http%3A%2F%2Fwww.middleeastoday.com%2Fadek-indias-ministry-of-education-partner-to-establish-first-iit-delhi-international-campus-in-abu-dhabi%2F HTTP/1.1" 200 2797 "http://www.middleeastoday.com/adek-indias-ministry-of-education-partner-to-establish-first-iit-delhi-international-campus-in-abu-dhabi/" "Mozilla/5.0 AppleWebKit/537.36 (KHTML, like Gecko; compatible; GPTBot/1.3; +https://openai.com/gptbot)"
74.7.243.195 - - [02/Mar/2026:16:17:32 -0500] "GET /wp-json/oembed/1.0/embed?url=http%3A%2F%2Fwww.middleeastoday.com%2Fmohamed-bin-zayed-orders-disbursement-of-eidiyah-for-children-of-families-under-social-assistance-programme%2F HTTP/1.1" 200 2787 "http://www.middleeastoday.com/mohamed-bin-zayed-orders-disbursement-of-eidiyah-for-children-of-families-under-social-assistance-programme/" "Mozilla/5.0 AppleWebKit/537.36 (KHTML, like Gecko; compatible; GPTBot/1.3; +https://openai.com/gptbot)"
74.7.243.195 - - [02/Mar/2026:16:17:37 -0500] "GET /wp-json/oembed/1.0/embed?url=http%3A%2F%2Fwww.middleeastoday.com%2Fabdullah-bin-zayed-and-deputy-prime-minister-of-albania-discuss-prospects-for-bilateral-cooperation%2F HTTP/1.1" 200 2749 "http://www.middleeastoday.com/abdullah-bin-zayed-and-deputy-prime-minister-of-albania-discuss-prospects-for-bilateral-cooperation/" "Mozilla/5.0 AppleWebKit/537.36 (KHTML, like Gecko; compatible; GPTBot/1.3; +https://openai.com/gptbot)"
74.7.243.195 - - [02/Mar/2026:16:17:41 -0500] "GET /wp-json/oembed/1.0/embed?url=http%3A%2F%2Fwww.middleeastoday.com%2Fsultan-al-qasimi-approves-jawaher-boston-medical-district-project-to-bring-world-class-healthcare-and-research-opportunities-to-uae%2F HTTP/1.1" 200 2960 "http://www.middleeastoday.com/sultan-al-qasimi-approves-jawaher-boston-medical-district-project-to-bring-world-class-healthcare-and-research-opportunities-to-uae/" "Mozilla/5.0 AppleWebKit/537.36 (KHTML, like Gecko; compatible; GPTBot/1.3; +https://openai.com/gptbot)"
74.7.243.195 - - [02/Mar/2026:16:17:43 -0500] "GET /wp-json/oembed/1.0/embed?url=http%3A%2F%2Fwww.middleeastoday.com%2Fuae-attends-organisation-of-islamic-cooperation-meeting-regarding-israeli-attacks-on-al-aqsa-mosque%2F HTTP/1.1" 200 2769 "http://www.middleeastoday.com/uae-attends-organisation-of-islamic-cooperation-meeting-regarding-israeli-attacks-on-al-aqsa-mosque/" "Mozilla/5.0 AppleWebKit/537.36 (KHTML, like Gecko; compatible; GPTBot/1.3; +https://openai.com/gptbot)"
74.7.243.195 - - [02/Mar/2026:16:17:45 -0500] "GET /wp-json/oembed/1.0/embed?url=http%3A%2F%2Fwww.middleeastoday.com%2Fetihad-airways-leads-sustainable-aviation-with-week-of-intensive-flight-tests-to-reduce-carbon-emissions%2F HTTP/1.1" 200 2781 "http://www.middleeastoday.com/etihad-airways-leads-sustainable-aviation-with-week-of-intensive-flight-tests-to-reduce-carbon-emissions/" "Mozilla/5.0 AppleWebKit/537.36 (KHTML, like Gecko; compatible; GPTBot/1.3; +https://openai.com/gptbot)"
74.7.243.195 - - [02/Mar/2026:16:17:53 -0500] "GET /wp-json/oembed/1.0/embed?url=http%3A%2F%2Fwww.middleeastoday.com%2Femirati-maitha-al-mansoori-performs-unique-fusion-oriental-and-western-melodies-at-dubai-metro-music-festival%2F HTTP/1.1" 200 2818 "http://www.middleeastoday.com/emirati-maitha-al-mansoori-performs-unique-fusion-oriental-and-western-melodies-at-dubai-metro-music-festival/" "Mozilla/5.0 AppleWebKit/537.36 (KHTML, like Gecko; compatible; GPTBot/1.3; +https://openai.com/gptbot)"
74.7.243.195 - - [02/Mar/2026:16:17:57 -0500] "GET /wp-json/oembed/1.0/embed?url=http%3A%2F%2Fwww.middleeastoday.com%2Faldar-partners-with-nobu-hospitality-to-bring-luxury-hotel-and-residences-to-mamsha-beach-on-saadiyat-island%2F HTTP/1.1" 200 2792 "http://www.middleeastoday.com/aldar-partners-with-nobu-hospitality-to-bring-luxury-hotel-and-residences-to-mamsha-beach-on-saadiyat-island/" "Mozilla/5.0 AppleWebKit/537.36 (KHTML, like Gecko; compatible; GPTBot/1.3; +https://openai.com/gptbot)"
74.7.243.195 - - [02/Mar/2026:16:18:04 -0500] "GET /wp-json/oembed/1.0/embed?url=http%3A%2F%2Fwww.middleeastoday.com%2Fpartnerships-and-economy-are-best-way-to-overcome-todays-complex-challenges-uae-president-at-i2u2-leaders-summit%2F HTTP/1.1" 200 2866 "http://www.middleeastoday.com/partnerships-and-economy-are-best-way-to-overcome-todays-complex-challenges-uae-president-at-i2u2-leaders-summit/" "Mozilla/5.0 AppleWebKit/537.36 (KHTML, like Gecko; compatible; GPTBot/1.3; +https://openai.com/gptbot)"
74.7.243.195 - - [02/Mar/2026:16:18:09 -0500] "GET /category/video/feed/ HTTP/1.1" 200 8322 "http://www.middleeastoday.com/category/video/" "Mozilla/5.0 AppleWebKit/537.36 (KHTML, like Gecko; compatible; GPTBot/1.3; +https://openai.com/gptbot)"
74.7.243.195 - - [02/Mar/2026:16:17:18 -0500] "GET /wp-json/oembed/1.0/embed?url=http%3A%2F%2Fwww.middleeastoday.com%2Fus-allocates-42-billion-to-make-internet-access-universal-by-2030%2F HTTP/1.1" 200 2587 "http://www.middleeastoday.com/us-allocates-42-billion-to-make-internet-access-universal-by-2030/" "Mozilla/5.0 AppleWebKit/537.36 (KHTML, like Gecko; compatible; GPTBot/1.3; +https://openai.com/gptbot)"
162.213.253.84 - - [02/Mar/2026:16:17:24 -0500] "POST /wp-cron.php?doing_wp_cron=1772486244.9115099906921386718750 HTTP/1.1" 200 0 "-" "WordPress/6.8.1; http://www.middleeastoday.com"
74.7.243.195 - - [02/Mar/2026:16:17:28 -0500] "GET /wp-json/oembed/1.0/embed?url=http%3A%2F%2Fwww.middleeastoday.com%2Fdubai-culture-organises-workshops-on-emirati-heritage-next-december%2F HTTP/1.1" 200 2596 "http://www.middleeastoday.com/dubai-culture-organises-workshops-on-emirati-heritage-next-december/" "Mozilla/5.0 AppleWebKit/537.36 (KHTML, like Gecko; compatible; GPTBot/1.3; +https://openai.com/gptbot)"
74.7.243.195 - - [02/Mar/2026:16:17:36 -0500] "GET /wp-json/oembed/1.0/embed?url=http%3A%2F%2Fwww.middleeastoday.com%2Fspeakers-of-arab-parliaments-condemns-houthis-terrorist-attack-on-civil-areas-and-vital-facilities-in-saudi-arabia-uae%2F HTTP/1.1" 200 2889 "http://www.middleeastoday.com/speakers-of-arab-parliaments-condemns-houthis-terrorist-attack-on-civil-areas-and-vital-facilities-in-saudi-arabia-uae/" "Mozilla/5.0 AppleWebKit/537.36 (KHTML, like Gecko; compatible; GPTBot/1.3; +https://openai.com/gptbot)"
74.7.243.195 - - [02/Mar/2026:16:17:39 -0500] "GET /wp-json/oembed/1.0/embed?url=http%3A%2F%2Fwww.middleeastoday.com%2Farada-kicks-off-construction-at-armani-beach-residences-at-palm-jumeirah-with-award-of-first-contract%2F HTTP/1.1" 200 2763 "http://www.middleeastoday.com/arada-kicks-off-construction-at-armani-beach-residences-at-palm-jumeirah-with-award-of-first-contract/" "Mozilla/5.0 AppleWebKit/537.36 (KHTML, like Gecko; compatible; GPTBot/1.3; +https://openai.com/gptbot)"
74.7.243.195 - - [02/Mar/2026:16:17:46 -0500] "GET /wp-json/oembed/1.0/embed?url=http%3A%2F%2Fwww.middleeastoday.com%2Fmohamed-bin-zayed-greek-prime-minister-attend-signing-of-mous-cooperation-agreements-between-uae-greece%2F HTTP/1.1" 200 2791 "http://www.middleeastoday.com/mohamed-bin-zayed-greek-prime-minister-attend-signing-of-mous-cooperation-agreements-between-uae-greece/" "Mozilla/5.0 AppleWebKit/537.36 (KHTML, like Gecko; compatible; GPTBot/1.3; +https://openai.com/gptbot)"
74.7.243.195 - - [02/Mar/2026:16:17:49 -0500] "GET /wp-json/oembed/1.0/embed?url=http%3A%2F%2Fwww.middleeastoday.com%2Fglobal-council-for-tolerance-and-peace-calls-on-international-community-to-put-stop-to-houthi-militia%2F HTTP/1.1" 200 2766 "http://www.middleeastoday.com/global-council-for-tolerance-and-peace-calls-on-international-community-to-put-stop-to-houthi-militia/" "Mozilla/5.0 AppleWebKit/537.36 (KHTML, like Gecko; compatible; GPTBot/1.3; +https://openai.com/gptbot)"
74.7.243.195 - - [02/Mar/2026:16:18:10 -0500] "GET /wp-json/oembed/1.0/embed?url=http%3A%2F%2Fwww.middleeastoday.com%2Fministry-of-defence-delegation-attends-saha-expo-defence-and-aerospace-exhibition-2022-in-turkiye%2F HTTP/1.1" 200 2769 "http://www.middleeastoday.com/ministry-of-defence-delegation-attends-saha-expo-defence-and-aerospace-exhibition-2022-in-turkiye/" "Mozilla/5.0 AppleWebKit/537.36 (KHTML, like Gecko; compatible; GPTBot/1.3; +https://openai.com/gptbot)"
74.7.243.195 - - [02/Mar/2026:16:18:11 -0500] "GET /category/travel-tourism/feed/ HTTP/1.1" 200 8009 "http://www.middleeastoday.com/category/travel-tourism/" "Mozilla/5.0 AppleWebKit/537.36 (KHTML, like Gecko; compatible; GPTBot/1.3; +https://openai.com/gptbot)"
74.7.243.195 - - [02/Mar/2026:16:18:20 -0500] "GET /wp-json/oembed/1.0/embed?url=http%3A%2F%2Fwww.middleeastoday.com%2Fmariam-almheiri-attends-opening-of-jaleel-holdings-aed-90-million-distribution-facility-at-tecom-groups-dubai-industrial-city%2F HTTP/1.1" 200 2923 "http://www.middleeastoday.com/mariam-almheiri-attends-opening-of-jaleel-holdings-aed-90-million-distribution-facility-at-tecom-groups-dubai-industrial-city/" "Mozilla/5.0 AppleWebKit/537.36 (KHTML, like Gecko; compatible; GPTBot/1.3; +https://openai.com/gptbot)"
74.7.243.195 - - [02/Mar/2026:16:18:22 -0500] "GET /wp-json/oembed/1.0/embed?url=http%3A%2F%2Fwww.middleeastoday.com%2Fegyptian-president-receives-abdullah-bin-zayed-underscores-uaes-central-role-in-establishing-regional-peace%2F HTTP/1.1" 200 2824 "http://www.middleeastoday.com/egyptian-president-receives-abdullah-bin-zayed-underscores-uaes-central-role-in-establishing-regional-peace/" "Mozilla/5.0 AppleWebKit/537.36 (KHTML, like Gecko; compatible; GPTBot/1.3; +https://openai.com/gptbot)"
74.7.243.195 - - [02/Mar/2026:16:18:23 -0500] "GET /wp-json/oembed/1.0/embed?url=http%3A%2F%2Fwww.middleeastoday.com%2Fmohamed-bin-zayed-greek-prime-minister-discuss-strategic-partnership-regional-and-global-developments%2F HTTP/1.1" 200 2779 "http://www.middleeastoday.com/mohamed-bin-zayed-greek-prime-minister-discuss-strategic-partnership-regional-and-global-developments/" "Mozilla/5.0 AppleWebKit/537.36 (KHTML, like Gecko; compatible; GPTBot/1.3; +https://openai.com/gptbot)"
74.7.243.195 - - [02/Mar/2026:16:18:24 -0500] "GET /wp-json/oembed/1.0/embed?url=http%3A%2F%2Fwww.middleeastoday.com%2Femirates-transport-conducted-13555-school-trips-to-expo-2020-dubai%2F HTTP/1.1" 200 2598 "http://www.middleeastoday.com/emirates-transport-conducted-13555-school-trips-to-expo-2020-dubai/" "Mozilla/5.0 AppleWebKit/537.36 (KHTML, like Gecko; compatible; GPTBot/1.3; +https://openai.com/gptbot)"
74.7.243.195 - - [02/Mar/2026:16:18:26 -0500] "GET /wp-json/oembed/1.0/embed?url=http%3A%2F%2Fwww.middleeastoday.com%2Fdubai-corporation-for-tourism-and-commerce-marketing-malaysian-ministerial-delegation-discuss-cooperation%2F HTTP/1.1" 200 2827 "http://www.middleeastoday.com/dubai-corporation-for-tourism-and-commerce-marketing-malaysian-ministerial-delegation-discuss-cooperation/" "Mozilla/5.0 AppleWebKit/537.36 (KHTML, like Gecko; compatible; GPTBot/1.3; +https://openai.com/gptbot)"
74.7.243.195 - - [02/Mar/2026:16:18:41 -0500] "GET /wp-json/oembed/1.0/embed?url=http%3A%2F%2Fwww.middleeastoday.com%2Fabu-dhabi-international-hunting-and-equestrian-exhibition-launches-specialised-heritage-art-competitions%2F HTTP/1.1" 200 2795 "http://www.middleeastoday.com/abu-dhabi-international-hunting-and-equestrian-exhibition-launches-specialised-heritage-art-competitions/" "Mozilla/5.0 AppleWebKit/537.36 (KHTML, like Gecko; compatible; GPTBot/1.3; +https://openai.com/gptbot)"
74.7.243.195 - - [02/Mar/2026:16:19:05 -0500] "GET /wp-json/oembed/1.0/embed?url=http%3A%2F%2Fwww.middleeastoday.com%2Fal-bandar-rotana-to-serve-iftar-with-a-unique-iftar-dining-experience%2F HTTP/1.1" 200 2651 "http://www.middleeastoday.com/al-bandar-rotana-to-serve-iftar-with-a-unique-iftar-dining-experience/" "Mozilla/5.0 AppleWebKit/537.36 (KHTML, like Gecko; compatible; GPTBot/1.3; +https://openai.com/gptbot)"
74.7.243.195 - - [02/Mar/2026:16:19:07 -0500] "GET /wp-json/oembed/1.0/embed?url=http%3A%2F%2Fwww.middleeastoday.com%2Fdubai-airport-on-right-track-retains-position-as-worlds-busiest-international-airport-deputy-ceo-of-dubai-airports%2F HTTP/1.1" 200 2854 "http://www.middleeastoday.com/dubai-airport-on-right-track-retains-position-as-worlds-busiest-international-airport-deputy-ceo-of-dubai-airports/" "Mozilla/5.0 AppleWebKit/537.36 (KHTML, like Gecko; compatible; GPTBot/1.3; +https://openai.com/gptbot)"
74.7.243.195 - - [02/Mar/2026:16:18:11 -0500] "GET /wp-json/oembed/1.0/embed?url=http%3A%2F%2Fwww.middleeastoday.com%2Fuaeu-board-of-trustees-holds-its-first-meeting-of-academic-year-2022-2023%2F HTTP/1.1" 200 2629 "http://www.middleeastoday.com/uaeu-board-of-trustees-holds-its-first-meeting-of-academic-year-2022-2023/" "Mozilla/5.0 AppleWebKit/537.36 (KHTML, like Gecko; compatible; GPTBot/1.3; +https://openai.com/gptbot)"
74.7.243.195 - - [02/Mar/2026:16:18:12 -0500] "GET /category/beauty-fashion/feed/ HTTP/1.1" 200 12942 "http://www.middleeastoday.com/category/beauty-fashion/" "Mozilla/5.0 AppleWebKit/537.36 (KHTML, like Gecko; compatible; GPTBot/1.3; +https://openai.com/gptbot)"
74.7.243.195 - - [02/Mar/2026:16:18:16 -0500] "GET /wp-json/oembed/1.0/embed?url=http%3A%2F%2Fwww.middleeastoday.com%2Fmasdar-infinity-power-hassan-allam-utilities-sign-land-access-agreement-for-10gw-mega-wind-project-with-egyptian-government%2F HTTP/1.1" 200 2875 "http://www.middleeastoday.com/masdar-infinity-power-hassan-allam-utilities-sign-land-access-agreement-for-10gw-mega-wind-project-with-egyptian-government/" "Mozilla/5.0 AppleWebKit/537.36 (KHTML, like Gecko; compatible; GPTBot/1.3; +https://openai.com/gptbot)"
162.213.253.84 - - [02/Mar/2026:16:18:22 -0500] "POST /wp-cron.php?doing_wp_cron=1772486302.7746450901031494140625 HTTP/1.1" 200 0 "-" "WordPress/6.8.1; http://www.middleeastoday.com"
162.213.253.84 - - [02/Mar/2026:16:18:23 -0500] "POST /wp-admin/admin-ajax.php?action=async_litespeed&nonce=ZrHlq8bmWnEVz5gulrwx77o7Wl5bBCkm&litespeed_type=imgoptm HTTP/1.1" 200 21 "-" "WordPress/6.8.1; http://www.middleeastoday.com"
74.7.243.195 - - [02/Mar/2026:16:18:23 -0500] "GET /wp-json/oembed/1.0/embed?url=http%3A%2F%2Fwww.middleeastoday.com%2Fuae-cabinet-approves-national-energy-and-hydrogen-strategies-establishes-uae-ministry-of-investment%2F HTTP/1.1" 200 2605 "http://www.middleeastoday.com/uae-cabinet-approves-national-energy-and-hydrogen-strategies-establishes-uae-ministry-of-investment/" "Mozilla/5.0 AppleWebKit/537.36 (KHTML, like Gecko; compatible; GPTBot/1.3; +https://openai.com/gptbot)"
162.213.253.84 - - [02/Mar/2026:16:18:25 -0500] "POST /wp-cron.php?doing_wp_cron=1772486305.3201060295104980468750 HTTP/1.1" 200 0 "-" "WordPress/6.8.1; http://www.middleeastoday.com"
74.7.243.195 - - [02/Mar/2026:16:18:55 -0500] "GET /wp-json/oembed/1.0/embed?url=http%3A%2F%2Fwww.middleeastoday.com%2Fuae-uk-host-joint-technical-workshops-under-uae-uk-partnership-to-tackle-illicit-financial-flows%2F HTTP/1.1" 200 2745 "http://www.middleeastoday.com/uae-uk-host-joint-technical-workshops-under-uae-uk-partnership-to-tackle-illicit-financial-flows/" "Mozilla/5.0 AppleWebKit/537.36 (KHTML, like Gecko; compatible; GPTBot/1.3; +https://openai.com/gptbot)"
74.7.243.195 - - [02/Mar/2026:16:19:04 -0500] "GET /wp-json/oembed/1.0/embed?url=http%3A%2F%2Fwww.middleeastoday.com%2Fkerala-offers-huge-investment-avenues-in-tourism-sector-tourism-minister%2F HTTP/1.1" 200 2616 "http://www.middleeastoday.com/kerala-offers-huge-investment-avenues-in-tourism-sector-tourism-minister/" "Mozilla/5.0 AppleWebKit/537.36 (KHTML, like Gecko; compatible; GPTBot/1.3; +https://openai.com/gptbot)"
74.7.243.195 - - [02/Mar/2026:16:19:05 -0500] "GET /wp-json/oembed/1.0/embed?url=http%3A%2F%2Fwww.middleeastoday.com%2Fmohamed-bin-zayed-congratulates-uae-president-rulers-emiratis-residents-on-holy-month-of-ramadan%2F HTTP/1.1" 200 2753 "http://www.middleeastoday.com/mohamed-bin-zayed-congratulates-uae-president-rulers-emiratis-residents-on-holy-month-of-ramadan/" "Mozilla/5.0 AppleWebKit/537.36 (KHTML, like Gecko; compatible; GPTBot/1.3; +https://openai.com/gptbot)"
74.7.243.195 - - [02/Mar/2026:16:19:06 -0500] "GET /wp-json/oembed/1.0/embed?url=http%3A%2F%2Fwww.middleeastoday.com%2Fuae-president-receives-credentials-of-newly-appointed-ambassadors%2F HTTP/1.1" 200 2587 "http://www.middleeastoday.com/uae-president-receives-credentials-of-newly-appointed-ambassadors/" "Mozilla/5.0 AppleWebKit/537.36 (KHTML, like Gecko; compatible; GPTBot/1.3; +https://openai.com/gptbot)"
74.7.243.195 - - [02/Mar/2026:16:19:08 -0500] "GET /wp-json/oembed/1.0/embed?url=http%3A%2F%2Fwww.middleeastoday.com%2Fdubai-airport-on-right-track-retains-position-as-worlds-busiest-international-airport-deputy-ceo-of-dubai-airports-2%2F HTTP/1.1" 200 2860 "http://www.middleeastoday.com/dubai-airport-on-right-track-retains-position-as-worlds-busiest-international-airport-deputy-ceo-of-dubai-airports-2/" "Mozilla/5.0 AppleWebKit/537.36 (KHTML, like Gecko; compatible; GPTBot/1.3; +https://openai.com/gptbot)"
74.7.243.195 - - [02/Mar/2026:16:19:15 -0500] "GET /wp-json/oembed/1.0/embed?url=http%3A%2F%2Fwww.middleeastoday.com%2Fthe-historic-uae-consensus-becomes-a-reference-framework-for-all-countries-to-keep-the-1-5c-threshold-within-reach-and-ensure-global-implementation%2F HTTP/1.1" 200 3013 "http://www.middleeastoday.com/the-historic-uae-consensus-becomes-a-reference-framework-for-all-countries-to-keep-the-1-5c-threshold-within-reach-and-ensure-global-implementation/" "Mozilla/5.0 AppleWebKit/537.36 (KHTML, like Gecko; compatible; GPTBot/1.3; +https://openai.com/gptbot)"
162.213.253.84 - - [02/Mar/2026:16:19:22 -0500] "POST /wp-cron.php?doing_wp_cron=1772486362.0989370346069335937500 HTTP/1.1" 200 0 "-" "WordPress/6.8.1; http://www.middleeastoday.com"
74.7.243.195 - - [02/Mar/2026:16:19:21 -0500] "GET /wp-json/oembed/1.0/embed?url=http%3A%2F%2Fwww.middleeastoday.com%2Fuae-cabinet-approves-executive-regulations-of-labour-relations-law-and-industrial-property-rights-law%2F HTTP/1.1" 200 2772 "http://www.middleeastoday.com/uae-cabinet-approves-executive-regulations-of-labour-relations-law-and-industrial-property-rights-law/" "Mozilla/5.0 AppleWebKit/537.36 (KHTML, like Gecko; compatible; GPTBot/1.3; +https://openai.com/gptbot)"
74.7.243.195 - - [02/Mar/2026:16:19:25 -0500] "GET /wp-json/oembed/1.0/embed?url=http%3A%2F%2Fwww.middleeastoday.com%2Fuae-ambassador-presents-credentials-to-chairman-of-libyan-presidential-council%2F HTTP/1.1" 200 2643 "http://www.middleeastoday.com/uae-ambassador-presents-credentials-to-chairman-of-libyan-presidential-council/" "Mozilla/5.0 AppleWebKit/537.36 (KHTML, like Gecko; compatible; GPTBot/1.3; +https://openai.com/gptbot)"
42.81.251.76 - - [02/Mar/2026:16:19:29 -0500] "GET /sultan-bin-ahmed-inaugurates-sharjah-international-film-festival/ HTTP/1.1" 200 20322 "-" "Mozilla/5.0 (Macintosh; Intel Mac OS X 10_15_7) AppleWebKit/537.36 (KHTML, like Gecko) Chrome/140.0.0.0 newsai/1.0 Safari/537.36"
74.7.243.195 - - [02/Mar/2026:16:19:55 -0500] "GET /wp-json/oembed/1.0/embed?url=http%3A%2F%2Fwww.middleeastoday.com%2Fuae-president-bids-farewell-as-us-president-concludes-state-visit-to-the-uae%2F HTTP/1.1" 200 2640 "http://www.middleeastoday.com/uae-president-bids-farewell-as-us-president-concludes-state-visit-to-the-uae/" "Mozilla/5.0 AppleWebKit/537.36 (KHTML, like Gecko; compatible; GPTBot/1.3; +https://openai.com/gptbot)"
74.7.243.195 - - [02/Mar/2026:16:20:06 -0500] "GET /wp-json/oembed/1.0/embed?url=http%3A%2F%2Fwww.middleeastoday.com%2Fuae-president-egyptian-president-inspect-tourist-project-in-al-alamein-city%2F HTTP/1.1" 200 2644 "http://www.middleeastoday.com/uae-president-egyptian-president-inspect-tourist-project-in-al-alamein-city/" "Mozilla/5.0 AppleWebKit/537.36 (KHTML, like Gecko; compatible; GPTBot/1.3; +https://openai.com/gptbot)"
74.7.243.195 - - [02/Mar/2026:16:20:08 -0500] "GET /wp-json/oembed/1.0/embed?url=http%3A%2F%2Fwww.middleeastoday.com%2Fbusiness-tycoon-seif-el-hakim-forays-into-dubai-market%2F HTTP/1.1" 200 2653 "http://www.middleeastoday.com/business-tycoon-seif-el-hakim-forays-into-dubai-market/" "Mozilla/5.0 AppleWebKit/537.36 (KHTML, like Gecko; compatible; GPTBot/1.3; +https://openai.com/gptbot)"
162.213.253.84 - - [02/Mar/2026:16:19:22 -0500] "POST /wp-admin/admin-ajax.php?action=async_litespeed&nonce=oYLOFMVQFGMtxmI5GcJhkdHW4BMPsH8F&litespeed_type=imgoptm HTTP/1.1" 200 21 "-" "WordPress/6.8.1; http://www.middleeastoday.com"
74.7.243.195 - - [02/Mar/2026:16:19:24 -0500] "GET /wp-json/oembed/1.0/embed?url=http%3A%2F%2Fwww.middleeastoday.com%2Fgraduating-class-of-2022-at-mbru-to-be-named-class-of-khalifa-in-memory-of-late-uae-president%2F HTTP/1.1" 200 2787 "http://www.middleeastoday.com/graduating-class-of-2022-at-mbru-to-be-named-class-of-khalifa-in-memory-of-late-uae-president/" "Mozilla/5.0 AppleWebKit/537.36 (KHTML, like Gecko; compatible; GPTBot/1.3; +https://openai.com/gptbot)"
162.213.253.84 - - [02/Mar/2026:16:19:26 -0500] "POST /wp-cron.php?doing_wp_cron=1772486366.4439089298248291015625 HTTP/1.1" 200 0 "-" "WordPress/6.8.1; http://www.middleeastoday.com"
74.7.243.195 - - [02/Mar/2026:16:19:34 -0500] "GET /wp-json/oembed/1.0/embed?url=http%3A%2F%2Fwww.middleeastoday.com%2Fdubai-autism-centre-launches-its-17th-annual-autism-awareness-campaign%2F HTTP/1.1" 200 2609 "http://www.middleeastoday.com/dubai-autism-centre-launches-its-17th-annual-autism-awareness-campaign/" "Mozilla/5.0 AppleWebKit/537.36 (KHTML, like Gecko; compatible; GPTBot/1.3; +https://openai.com/gptbot)"
74.7.243.195 - - [02/Mar/2026:16:19:41 -0500] "GET /wp-json/oembed/1.0/embed?url=http%3A%2F%2Fwww.middleeastoday.com%2Fcop28-president-designate-advances-innovative-climate-finance-leveraging-public-business-and-philanthropic-capital%2F HTTP/1.1" 200 2838 "http://www.middleeastoday.com/cop28-president-designate-advances-innovative-climate-finance-leveraging-public-business-and-philanthropic-capital/" "Mozilla/5.0 AppleWebKit/537.36 (KHTML, like Gecko; compatible; GPTBot/1.3; +https://openai.com/gptbot)"
74.7.243.195 - - [02/Mar/2026:16:20:04 -0500] "GET /wp-json/oembed/1.0/embed?url=http%3A%2F%2Fwww.middleeastoday.com%2Ffounders-memorial-celebrates-51st-uae-national-day-with-traditional-festivities%2F HTTP/1.1" 200 2687 "http://www.middleeastoday.com/founders-memorial-celebrates-51st-uae-national-day-with-traditional-festivities/" "Mozilla/5.0 AppleWebKit/537.36 (KHTML, like Gecko; compatible; GPTBot/1.3; +https://openai.com/gptbot)"
74.7.243.195 - - [02/Mar/2026:16:20:13 -0500] "GET /wp-json/oembed/1.0/embed?url=http%3A%2F%2Fwww.middleeastoday.com%2Fmohammed-bin-rashid-receives-scholars-guests-of-uae-president-dubai-international-quran-award-delegation%2F HTTP/1.1" 200 2783 "http://www.middleeastoday.com/mohammed-bin-rashid-receives-scholars-guests-of-uae-president-dubai-international-quran-award-delegation/" "Mozilla/5.0 AppleWebKit/537.36 (KHTML, like Gecko; compatible; GPTBot/1.3; +https://openai.com/gptbot)"
74.7.243.195 - - [02/Mar/2026:16:20:14 -0500] "GET /wp-json/oembed/1.0/embed?url=http%3A%2F%2Fwww.middleeastoday.com%2Flandmark-exhibition-of-dubai-based-artist-trio-opens-at-the-nyuad-art-gallery%2F HTTP/1.1" 200 2641 "http://www.middleeastoday.com/landmark-exhibition-of-dubai-based-artist-trio-opens-at-the-nyuad-art-gallery/" "Mozilla/5.0 AppleWebKit/537.36 (KHTML, like Gecko; compatible; GPTBot/1.3; +https://openai.com/gptbot)"
74.7.243.195 - - [02/Mar/2026:16:20:15 -0500] "GET /wp-json/oembed/1.0/embed?url=http%3A%2F%2Fwww.middleeastoday.com%2Fmost-noble-numbers-charity-auction-collects-aed53-million-for-1billion-meals-in-less-than-two-hours-in-dubai%2F HTTP/1.1" 200 2808 "http://www.middleeastoday.com/most-noble-numbers-charity-auction-collects-aed53-million-for-1billion-meals-in-less-than-two-hours-in-dubai/" "Mozilla/5.0 AppleWebKit/537.36 (KHTML, like Gecko; compatible; GPTBot/1.3; +https://openai.com/gptbot)"
162.213.253.84 - - [02/Mar/2026:16:20:28 -0500] "POST /wp-cron.php?doing_wp_cron=1772486428.1507461071014404296875 HTTP/1.1" 200 0 "-" "WordPress/6.8.1; http://www.middleeastoday.com"
74.7.243.195 - - [02/Mar/2026:16:20:09 -0500] "GET /wp-json/oembed/1.0/embed?url=http%3A%2F%2Fwww.middleeastoday.com%2Fdubai-international-boat-show-reinforces-citys-reputation-as-tourism-hub-for-marine-business%2F HTTP/1.1" 200 2736 "http://www.middleeastoday.com/dubai-international-boat-show-reinforces-citys-reputation-as-tourism-hub-for-marine-business/" "Mozilla/5.0 AppleWebKit/537.36 (KHTML, like Gecko; compatible; GPTBot/1.3; +https://openai.com/gptbot)"
74.7.243.195 - - [02/Mar/2026:16:20:11 -0500] "GET /wp-json/oembed/1.0/embed?url=http%3A%2F%2Fwww.middleeastoday.com%2Fxposures-permanent-gallery-x-transforms-sharjah-into-top-photography-destination%2F HTTP/1.1" 200 2709 "http://www.middleeastoday.com/xposures-permanent-gallery-x-transforms-sharjah-into-top-photography-destination/" "Mozilla/5.0 AppleWebKit/537.36 (KHTML, like Gecko; compatible; GPTBot/1.3; +https://openai.com/gptbot)"
74.7.243.195 - - [02/Mar/2026:16:20:12 -0500] "GET /wp-json/oembed/1.0/embed?url=http%3A%2F%2Fwww.middleeastoday.com%2Fhamdan-bin-mohammed-launches-dubai-centre-for-artificial-intelligence-to-accelerate-ai-adoption-in-government%2F HTTP/1.1" 200 2811 "http://www.middleeastoday.com/hamdan-bin-mohammed-launches-dubai-centre-for-artificial-intelligence-to-accelerate-ai-adoption-in-government/" "Mozilla/5.0 AppleWebKit/537.36 (KHTML, like Gecko; compatible; GPTBot/1.3; +https://openai.com/gptbot)"
74.7.243.195 - - [02/Mar/2026:16:20:20 -0500] "GET /wp-json/oembed/1.0/embed?url=http%3A%2F%2Fwww.middleeastoday.com%2Fabu-dhabis-real-estate-transactions-exceed-11-3-billion-aed-in-q1-2022%2F HTTP/1.1" 200 2640 "http://www.middleeastoday.com/abu-dhabis-real-estate-transactions-exceed-11-3-billion-aed-in-q1-2022/" "Mozilla/5.0 AppleWebKit/537.36 (KHTML, like Gecko; compatible; GPTBot/1.3; +https://openai.com/gptbot)"
74.7.243.195 - - [02/Mar/2026:16:20:42 -0500] "GET /wp-json/oembed/1.0/embed?url=http%3A%2F%2Fwww.middleeastoday.com%2Faccompanied-by-khaled-bin-mohamed-bin-zayed-theyazin-bin-haitham-al-said-visits-louvre-abu-dhabi%2F HTTP/1.1" 200 2748 "http://www.middleeastoday.com/accompanied-by-khaled-bin-mohamed-bin-zayed-theyazin-bin-haitham-al-said-visits-louvre-abu-dhabi/" "Mozilla/5.0 AppleWebKit/537.36 (KHTML, like Gecko; compatible; GPTBot/1.3; +https://openai.com/gptbot)"
74.7.243.195 - - [02/Mar/2026:16:20:52 -0500] "GET /wp-json/oembed/1.0/embed?url=http%3A%2F%2Fwww.middleeastoday.com%2Fuae-president-receives-leaders-of-space-agencies-participating-in-abu-dhabi-space-dialogue%2F HTTP/1.1" 200 2712 "http://www.middleeastoday.com/uae-president-receives-leaders-of-space-agencies-participating-in-abu-dhabi-space-dialogue/" "Mozilla/5.0 AppleWebKit/537.36 (KHTML, like Gecko; compatible; GPTBot/1.3; +https://openai.com/gptbot)"
74.7.243.195 - - [02/Mar/2026:16:20:54 -0500] "GET /wp-json/oembed/1.0/embed?url=http%3A%2F%2Fwww.middleeastoday.com%2Fgreece-to-present-its-expanding-media-industrys-prospects-at-abu-dhabis-global-media-congress%2F HTTP/1.1" 200 2762 "http://www.middleeastoday.com/greece-to-present-its-expanding-media-industrys-prospects-at-abu-dhabis-global-media-congress/" "Mozilla/5.0 AppleWebKit/537.36 (KHTML, like Gecko; compatible; GPTBot/1.3; +https://openai.com/gptbot)"
74.7.243.195 - - [02/Mar/2026:16:20:56 -0500] "GET /wp-json/oembed/1.0/embed?url=http%3A%2F%2Fwww.middleeastoday.com%2Fpresident-of-finland-receives-message-from-uae-president-during-meeting-with-abdullah-bin-zayed%2F HTTP/1.1" 200 2740 "http://www.middleeastoday.com/president-of-finland-receives-message-from-uae-president-during-meeting-with-abdullah-bin-zayed/" "Mozilla/5.0 AppleWebKit/537.36 (KHTML, like Gecko; compatible; GPTBot/1.3; +https://openai.com/gptbot)"
74.7.243.195 - - [02/Mar/2026:16:20:27 -0500] "GET /wp-json/oembed/1.0/embed?url=http%3A%2F%2Fwww.middleeastoday.com%2Fmasdar-engie-sign-agreement-with-fertiglobe-to-co-develop-green-hydrogen-for-ammonia-production%2F HTTP/1.1" 200 2725 "http://www.middleeastoday.com/masdar-engie-sign-agreement-with-fertiglobe-to-co-develop-green-hydrogen-for-ammonia-production/" "Mozilla/5.0 AppleWebKit/537.36 (KHTML, like Gecko; compatible; GPTBot/1.3; +https://openai.com/gptbot)"
162.213.253.84 - - [02/Mar/2026:16:20:28 -0500] "POST /wp-admin/admin-ajax.php?action=async_litespeed&nonce=PmjCoce7GlSONKpjchMTp2DGinN5zs0Q&litespeed_type=imgoptm HTTP/1.1" 200 21 "-" "WordPress/6.8.1; http://www.middleeastoday.com"
162.213.253.84 - - [02/Mar/2026:16:20:42 -0500] "POST /wp-cron.php?doing_wp_cron=1772486442.7203900814056396484375 HTTP/1.1" 200 0 "-" "WordPress/6.8.1; http://www.middleeastoday.com"
74.7.243.195 - - [02/Mar/2026:16:20:55 -0500] "GET /wp-json/oembed/1.0/embed?url=http%3A%2F%2Fwww.middleeastoday.com%2Fhatta-resorts-hatta-wadi-hub-set-new-records-with-200000-visitors%2F HTTP/1.1" 200 2592 "http://www.middleeastoday.com/hatta-resorts-hatta-wadi-hub-set-new-records-with-200000-visitors/" "Mozilla/5.0 AppleWebKit/537.36 (KHTML, like Gecko; compatible; GPTBot/1.3; +https://openai.com/gptbot)"
74.7.243.195 - - [02/Mar/2026:16:21:03 -0500] "GET /wp-json/oembed/1.0/embed?url=http%3A%2F%2Fwww.middleeastoday.com%2Fbarraquer-eye-hospital-tips-for-summer-eye-care-and-managing-dry-eyes%2F HTTP/1.1" 200 2615 "http://www.middleeastoday.com/barraquer-eye-hospital-tips-for-summer-eye-care-and-managing-dry-eyes/" "Mozilla/5.0 AppleWebKit/537.36 (KHTML, like Gecko; compatible; GPTBot/1.3; +https://openai.com/gptbot)"
74.7.243.195 - - [02/Mar/2026:16:21:05 -0500] "GET /wp-json/oembed/1.0/embed?url=http%3A%2F%2Fwww.middleeastoday.com%2Fuae-president-us-president-discuss-bilateral-relations-on-sidelines-of-jeddah-security-and-development-summit%2F HTTP/1.1" 200 2812 "http://www.middleeastoday.com/uae-president-us-president-discuss-bilateral-relations-on-sidelines-of-jeddah-security-and-development-summit/" "Mozilla/5.0 AppleWebKit/537.36 (KHTML, like Gecko; compatible; GPTBot/1.3; +https://openai.com/gptbot)"
74.7.243.195 - - [02/Mar/2026:16:21:08 -0500] "GET /wp-json/oembed/1.0/embed?url=http%3A%2F%2Fwww.middleeastoday.com%2Fdxb-live-wins-best-community-event-at-middle-east-event-awards%2F HTTP/1.1" 200 2565 "http://www.middleeastoday.com/dxb-live-wins-best-community-event-at-middle-east-event-awards/" "Mozilla/5.0 AppleWebKit/537.36 (KHTML, like Gecko; compatible; GPTBot/1.3; +https://openai.com/gptbot)"
74.7.243.195 - - [02/Mar/2026:16:21:09 -0500] "GET /wp-json/oembed/1.0/embed?url=http%3A%2F%2Fwww.middleeastoday.com%2Fdubai-health-authority-awarded-2021s-hamdan-bin-mohammed-programme-for-government-services-flag-for-pioneering-dubai-health-shield-initiative%2F HTTP/1.1" 200 3038 "http://www.middleeastoday.com/dubai-health-authority-awarded-2021s-hamdan-bin-mohammed-programme-for-government-services-flag-for-pioneering-dubai-health-shield-initiative/" "Mozilla/5.0 AppleWebKit/537.36 (KHTML, like Gecko; compatible; GPTBot/1.3; +https://openai.com/gptbot)"
74.7.243.195 - - [02/Mar/2026:16:21:14 -0500] "GET /wp-json/oembed/1.0/embed?url=http%3A%2F%2Fwww.middleeastoday.com%2Fsaif-bin-zayed-honours-woman-behind-zayed-man-of-the-nation-mural%2F HTTP/1.1" 200 2634 "http://www.middleeastoday.com/saif-bin-zayed-honours-woman-behind-zayed-man-of-the-nation-mural/" "Mozilla/5.0 AppleWebKit/537.36 (KHTML, like Gecko; compatible; GPTBot/1.3; +https://openai.com/gptbot)"
162.213.253.84 - - [02/Mar/2026:16:21:39 -0500] "POST /wp-cron.php?doing_wp_cron=1772486499.4750380516052246093750 HTTP/1.1" 200 0 "-" "WordPress/6.8.1; http://www.middleeastoday.com"
74.7.243.195 - - [02/Mar/2026:16:20:58 -0500] "GET /wp-json/oembed/1.0/embed?url=http%3A%2F%2Fwww.middleeastoday.com%2Facclaimed-fashion-designer-neena-sharma-unveils-spectacular-bollywood-jazz-collection-at-gmfl-fashion-week-in-dubai%2F HTTP/1.1" 200 2872 "http://www.middleeastoday.com/acclaimed-fashion-designer-neena-sharma-unveils-spectacular-bollywood-jazz-collection-at-gmfl-fashion-week-in-dubai/" "Mozilla/5.0 AppleWebKit/537.36 (KHTML, like Gecko; compatible; GPTBot/1.3; +https://openai.com/gptbot)"
74.7.243.195 - - [02/Mar/2026:16:21:04 -0500] "GET /wp-json/oembed/1.0/embed?url=http%3A%2F%2Fwww.middleeastoday.com%2Fdubai-health-authority-holds-workshop-to-discuss-future-of-healthcare%2F HTTP/1.1" 200 2661 "http://www.middleeastoday.com/dubai-health-authority-holds-workshop-to-discuss-future-of-healthcare/" "Mozilla/5.0 AppleWebKit/537.36 (KHTML, like Gecko; compatible; GPTBot/1.3; +https://openai.com/gptbot)"
74.7.243.195 - - [02/Mar/2026:16:21:06 -0500] "GET /wp-json/oembed/1.0/embed?url=http%3A%2F%2Fwww.middleeastoday.com%2Fabu-dhabi-real-estate-transactions-total-over-aed21-04bn-in-q3-2022%2F HTTP/1.1" 200 2600 "http://www.middleeastoday.com/abu-dhabi-real-estate-transactions-total-over-aed21-04bn-in-q3-2022/" "Mozilla/5.0 AppleWebKit/537.36 (KHTML, like Gecko; compatible; GPTBot/1.3; +https://openai.com/gptbot)"
216.73.216.24 - - [02/Mar/2026:16:21:19 -0500] "GET /robots.txt HTTP/1.1" 200 100 "-" "Mozilla/5.0 AppleWebKit/537.36 (KHTML, like Gecko; compatible; ClaudeBot/1.0; [email protected])"
216.73.216.24 - - [02/Mar/2026:16:21:19 -0500] "GET /wp-sitemap.xml HTTP/1.1" 200 214 "-" "Mozilla/5.0 AppleWebKit/537.36 (KHTML, like Gecko; compatible; ClaudeBot/1.0; [email protected])"
162.213.253.84 - - [02/Mar/2026:16:21:26 -0500] "POST /wp-cron.php?doing_wp_cron=1772486486.3323988914489746093750 HTTP/1.1" 200 0 "-" "WordPress/6.8.1; http://www.middleeastoday.com"
