162.213.253.84 - - [02/Mar/2026:14:21:27 -0500] "POST /wp-admin/admin-ajax.php?action=async_litespeed&nonce=1ExSpICHoFySX6IesOVDjUeJc0msnixe&litespeed_type=imgoptm HTTP/1.1" 200 21 "-" "WordPress/6.8.1; http://www.middleeastoday.com"
162.213.253.84 - - [02/Mar/2026:14:22:18 -0500] "POST /wp-cron.php?doing_wp_cron=1772479338.5844390392303466796875 HTTP/1.1" 200 0 "-" "WordPress/6.8.1; http://www.middleeastoday.com"
74.7.243.195 - - [02/Mar/2026:14:22:21 -0500] "GET /author/admin/page/86/ HTTP/1.1" 200 21265 "http://www.middleeastoday.com/author/admin/page/88/" "Mozilla/5.0 AppleWebKit/537.36 (KHTML, like Gecko; compatible; GPTBot/1.3; +https://openai.com/gptbot)"
74.7.243.195 - - [02/Mar/2026:14:22:27 -0500] "GET /author/admin/page/85/ HTTP/1.1" 200 21201 "http://www.middleeastoday.com/author/admin/page/87/" "Mozilla/5.0 AppleWebKit/537.36 (KHTML, like Gecko; compatible; GPTBot/1.3; +https://openai.com/gptbot)"
74.7.243.195 - - [02/Mar/2026:14:22:50 -0500] "GET /category/national-news/page/20/ HTTP/1.1" 200 20951 "http://www.middleeastoday.com/category/national-news/page/21/" "Mozilla/5.0 AppleWebKit/537.36 (KHTML, like Gecko; compatible; GPTBot/1.3; +https://openai.com/gptbot)"
162.213.253.84 - - [02/Mar/2026:14:23:07 -0500] "POST /wp-cron.php?doing_wp_cron=1772479387.2850229740142822265625 HTTP/1.1" 200 0 "-" "WordPress/6.8.1; http://www.middleeastoday.com"
162.213.253.84 - - [02/Mar/2026:14:23:10 -0500] "POST /wp-cron.php?doing_wp_cron=1772479390.6513109207153320312500 HTTP/1.1" 200 0 "-" "WordPress/6.8.1; http://www.middleeastoday.com"
162.213.253.84 - - [02/Mar/2026:14:23:29 -0500] "POST /wp-cron.php?doing_wp_cron=1772479409.4031989574432373046875 HTTP/1.1" 200 0 "-" "WordPress/6.8.1; http://www.middleeastoday.com"
74.7.243.195 - - [02/Mar/2026:14:23:29 -0500] "GET /uae-president-vp-congratulate-king-charles-iii-on-his-ascension-to-the-throne/ HTTP/1.1" 200 19942 "http://www.middleeastoday.com/?p=9196" "Mozilla/5.0 AppleWebKit/537.36 (KHTML, like Gecko; compatible; GPTBot/1.3; +https://openai.com/gptbot)"
162.213.253.84 - - [02/Mar/2026:14:23:29 -0500] "POST /wp-admin/admin-ajax.php?action=async_litespeed&nonce=wTmVS1lwODDTwZVdWspLgjUPBzvbmQGc&litespeed_type=imgoptm HTTP/1.1" 200 21 "-" "WordPress/6.8.1; http://www.middleeastoday.com"
162.213.253.84 - - [02/Mar/2026:14:24:01 -0500] "POST /wp-cron.php?doing_wp_cron=1772479441.5270481109619140625000 HTTP/1.1" 200 0 "-" "WordPress/6.8.1; http://www.middleeastoday.com"
216.73.216.24 - - [02/Mar/2026:14:24:12 -0500] "GET /wp-sitemap.xml HTTP/1.1" 200 214 "-" "Mozilla/5.0 AppleWebKit/537.36 (KHTML, like Gecko; compatible; ClaudeBot/1.0; [email protected])"
15.235.27.66 - - [02/Mar/2026:14:24:47 -0500] "GET /dubai-holding-launches-tickit-for-good-to-support-women-and-children-in-ramadan/ HTTP/1.1" 200 21433 "-" "Mozilla/5.0 (compatible; AhrefsBot/7.0; +http://ahrefs.com/robot/)"
143.20.253.127 - - [02/Mar/2026:14:23:06 -0500] "GET /wp-json/wp/v2/posts/9308 HTTP/1.1" 200 4875 "-" "Mozilla/5.0 (Macintosh; Intel Mac OS X 10_15_7) AppleWebKit/537.36 (KHTML, like Gecko) Chrome/135.0.0.0 Safari/537.36"
162.213.253.84 - - [02/Mar/2026:14:23:07 -0500] "POST /wp-admin/admin-ajax.php?action=async_litespeed&nonce=5572eqrHDvEY0mTV5Nr3akVP1N1STqaT&litespeed_type=imgoptm HTTP/1.1" 200 21 "-" "WordPress/6.8.1; http://www.middleeastoday.com"
74.7.243.195 - - [02/Mar/2026:14:23:10 -0500] "GET /category/national-news/page/19/ HTTP/1.1" 200 20979 "http://www.middleeastoday.com/category/national-news/page/21/" "Mozilla/5.0 AppleWebKit/537.36 (KHTML, like Gecko; compatible; GPTBot/1.3; +https://openai.com/gptbot)"
74.7.243.195 - - [02/Mar/2026:14:23:28 -0500] "GET /?p=9196 HTTP/1.1" 301 0 "http://www.middleeastoday.com/uae-president-vp-congratulate-king-charles-iii-on-his-ascension-to-the-throne/" "Mozilla/5.0 AppleWebKit/537.36 (KHTML, like Gecko; compatible; GPTBot/1.3; +https://openai.com/gptbot)"
85.208.96.211 - - [02/Mar/2026:14:23:36 -0500] "GET /uae-president-receives-uae-armed-forces-womens-climbing-team/ HTTP/1.1" 200 24128 "-" "Mozilla/5.0 (compatible; SemrushBot/7~bl; +http://www.semrush.com/bot.html)"
74.7.243.195 - - [02/Mar/2026:14:24:00 -0500] "GET /?p=9802 HTTP/1.1" 301 0 "http://www.middleeastoday.com/revolutionizing-marketing-former-samsung-cmo-seif-el-hakim-launches-10xbuzz-agency%ef%bf%bc/" "Mozilla/5.0 AppleWebKit/537.36 (KHTML, like Gecko; compatible; GPTBot/1.3; +https://openai.com/gptbot)"
74.7.243.195 - - [02/Mar/2026:14:24:01 -0500] "GET /revolutionizing-marketing-former-samsung-cmo-seif-el-hakim-launches-10xbuzz-agency%ef%bf%bc/ HTTP/1.1" 200 20808 "http://www.middleeastoday.com/?p=9802" "Mozilla/5.0 AppleWebKit/537.36 (KHTML, like Gecko; compatible; GPTBot/1.3; +https://openai.com/gptbot)"
74.7.243.195 - - [02/Mar/2026:14:24:29 -0500] "GET /serbian-president-arrives-in-abu-dhabi-on-an-official-visit-to-uae/ HTTP/1.1" 200 20127 "http://www.middleeastoday.com/uae-president-vp-congratulate-king-charles-iii-on-his-ascension-to-the-throne/" "Mozilla/5.0 AppleWebKit/537.36 (KHTML, like Gecko; compatible; GPTBot/1.3; +https://openai.com/gptbot)"
74.7.243.195 - - [02/Mar/2026:14:24:41 -0500] "GET /sharjah-heritage-days-kicks-off-in-al-hamriyah/ HTTP/1.1" 200 22771 "http://www.middleeastoday.com/revolutionizing-marketing-former-samsung-cmo-seif-el-hakim-launches-10xbuzz-agency%ef%bf%bc/" "Mozilla/5.0 AppleWebKit/537.36 (KHTML, like Gecko; compatible; GPTBot/1.3; +https://openai.com/gptbot)"
162.213.253.84 - - [02/Mar/2026:14:24:56 -0500] "POST /wp-cron.php?doing_wp_cron=1772479496.5446739196777343750000 HTTP/1.1" 200 0 "-" "WordPress/6.8.1; http://www.middleeastoday.com"
162.213.253.84 - - [02/Mar/2026:14:24:57 -0500] "POST /wp-admin/admin-ajax.php?action=async_litespeed&nonce=ZiJxD88inuFqkKOfr6CKRkOa0F0so8XA&litespeed_type=imgoptm HTTP/1.1" 200 21 "-" "WordPress/6.8.1; http://www.middleeastoday.com"
77.90.185.5 - - [02/Mar/2026:14:24:58 -0500] "GET / HTTP/1.0" 200 260705 "http://www.middleeastoday.com/" "Mozilla/5.0 (Windows NT 10.0; Win64; x64) AppleWebKit/537.36 (KHTML, like Gecko) Chrome/131.0.0.0 Safari/537.36"
74.7.243.195 - - [02/Mar/2026:14:25:26 -0500] "GET /author/admin/page/23/ HTTP/1.1" 200 21185 "http://www.middleeastoday.com/author/admin/page/21/" "Mozilla/5.0 AppleWebKit/537.36 (KHTML, like Gecko; compatible; GPTBot/1.3; +https://openai.com/gptbot)"
74.7.243.195 - - [02/Mar/2026:14:25:48 -0500] "GET /author/admin/page/22/ HTTP/1.1" 200 20932 "http://www.middleeastoday.com/author/admin/page/21/" "Mozilla/5.0 AppleWebKit/537.36 (KHTML, like Gecko; compatible; GPTBot/1.3; +https://openai.com/gptbot)"
162.213.253.84 - - [02/Mar/2026:14:26:11 -0500] "POST /wp-cron.php?doing_wp_cron=1772479571.8618180751800537109375 HTTP/1.1" 200 0 "-" "WordPress/6.8.1; http://www.middleeastoday.com"
74.7.243.195 - - [02/Mar/2026:14:24:55 -0500] "GET /?p=9981 HTTP/1.1" 301 0 "http://www.middleeastoday.com/dubai-metro-hits-new-milestone-with-over-two-billion-riders-since-inauguration/" "Mozilla/5.0 AppleWebKit/537.36 (KHTML, like Gecko; compatible; GPTBot/1.3; +https://openai.com/gptbot)"
74.7.243.195 - - [02/Mar/2026:14:24:56 -0500] "GET /dubai-metro-hits-new-milestone-with-over-two-billion-riders-since-inauguration/ HTTP/1.1" 200 27032 "http://www.middleeastoday.com/?p=9981" "Mozilla/5.0 AppleWebKit/537.36 (KHTML, like Gecko; compatible; GPTBot/1.3; +https://openai.com/gptbot)"
162.213.253.84 - - [02/Mar/2026:14:24:58 -0500] "POST /wp-cron.php?doing_wp_cron=1772479498.5605549812316894531250 HTTP/1.1" 200 0 "-" "WordPress/6.8.1; http://www.middleeastoday.com"
77.90.185.5 - - [02/Mar/2026:14:24:58 -0500] "GET / HTTP/1.0" 301 0 "http://middleeastoday.com/" "Mozilla/5.0 (Windows NT 10.0; Win64; x64) AppleWebKit/537.36 (KHTML, like Gecko) Chrome/131.0.0.0 Safari/537.36"
74.7.243.195 - - [02/Mar/2026:14:25:09 -0500] "GET /620-9-billion-dirhams-of-the-assets-of-islamic-banks-at-the-end-of-last-january-an-annual-growth-of-5-6/ HTTP/1.1" 200 20577 "http://www.middleeastoday.com/dubai-metro-hits-new-milestone-with-over-two-billion-riders-since-inauguration/" "Mozilla/5.0 AppleWebKit/537.36 (KHTML, like Gecko; compatible; GPTBot/1.3; +https://openai.com/gptbot)"
74.7.243.195 - - [02/Mar/2026:14:26:11 -0500] "GET /category/national-news/page/8/ HTTP/1.1" 200 21003 "http://www.middleeastoday.com/category/national-news/page/6/" "Mozilla/5.0 AppleWebKit/537.36 (KHTML, like Gecko; compatible; GPTBot/1.3; +https://openai.com/gptbot)"
162.213.253.84 - - [02/Mar/2026:14:26:12 -0500] "POST /wp-admin/admin-ajax.php?action=async_litespeed&nonce=H9MKbQoEYcvFKlD3dbtEhpHLi4ftv6P8&litespeed_type=imgoptm HTTP/1.1" 200 21 "-" "WordPress/6.8.1; http://www.middleeastoday.com"
162.213.253.84 - - [02/Mar/2026:14:26:48 -0500] "POST /wp-cron.php?doing_wp_cron=1772479608.9233069419860839843750 HTTP/1.1" 200 0 "-" "WordPress/6.8.1; http://www.middleeastoday.com"
74.7.243.195 - - [02/Mar/2026:14:26:48 -0500] "GET /?p=8629 HTTP/1.1" 301 0 "http://www.middleeastoday.com/environment-agency-abu-dhabi-releases-batch-of-rescued-and-rehabilitated-sea-turtles/" "Mozilla/5.0 AppleWebKit/537.36 (KHTML, like Gecko; compatible; GPTBot/1.3; +https://openai.com/gptbot)"
162.213.253.84 - - [02/Mar/2026:14:26:49 -0500] "POST /wp-admin/admin-ajax.php?action=async_litespeed&nonce=yBJO6HF8cu2uXjdWbSI7Xq081Tf3eRYV&litespeed_type=imgoptm HTTP/1.1" 200 21 "-" "WordPress/6.8.1; http://www.middleeastoday.com"
74.7.243.195 - - [02/Mar/2026:14:27:05 -0500] "GET /category/national-news/page/7/ HTTP/1.1" 200 20988 "http://www.middleeastoday.com/category/national-news/page/6/" "Mozilla/5.0 AppleWebKit/537.36 (KHTML, like Gecko; compatible; GPTBot/1.3; +https://openai.com/gptbot)"
74.7.243.195 - - [02/Mar/2026:14:27:19 -0500] "GET /?p=9559 HTTP/1.1" 301 0 "http://www.middleeastoday.com/uae-president-receives-french-defence-minister/" "Mozilla/5.0 AppleWebKit/537.36 (KHTML, like Gecko; compatible; GPTBot/1.3; +https://openai.com/gptbot)"
74.7.243.195 - - [02/Mar/2026:14:28:30 -0500] "GET /category/national-news/page/17/ HTTP/1.1" 200 21075 "http://www.middleeastoday.com/category/national-news/page/19/" "Mozilla/5.0 AppleWebKit/537.36 (KHTML, like Gecko; compatible; GPTBot/1.3; +https://openai.com/gptbot)"
74.7.243.195 - - [02/Mar/2026:14:28:56 -0500] "GET /category/national-news/page/18/ HTTP/1.1" 200 20804 "http://www.middleeastoday.com/category/national-news/page/20/" "Mozilla/5.0 AppleWebKit/537.36 (KHTML, like Gecko; compatible; GPTBot/1.3; +https://openai.com/gptbot)"
162.213.253.84 - - [02/Mar/2026:14:29:48 -0500] "POST /wp-cron.php?doing_wp_cron=1772479788.5121920108795166015625 HTTP/1.1" 200 0 "-" "WordPress/6.8.1; http://www.middleeastoday.com"
74.7.243.195 - - [02/Mar/2026:14:26:49 -0500] "GET /environment-agency-abu-dhabi-releases-batch-of-rescued-and-rehabilitated-sea-turtles/ HTTP/1.1" 200 21195 "http://www.middleeastoday.com/?p=8629" "Mozilla/5.0 AppleWebKit/537.36 (KHTML, like Gecko; compatible; GPTBot/1.3; +https://openai.com/gptbot)"
74.7.243.195 - - [02/Mar/2026:14:27:20 -0500] "GET /uae-president-receives-french-defence-minister/ HTTP/1.1" 200 20976 "http://www.middleeastoday.com/?p=9559" "Mozilla/5.0 AppleWebKit/537.36 (KHTML, like Gecko; compatible; GPTBot/1.3; +https://openai.com/gptbot)"
74.7.243.195 - - [02/Mar/2026:14:27:27 -0500] "GET /uae-president-receives-uae-armed-forces-womens-climbing-team/ HTTP/1.1" 200 21116 "http://www.middleeastoday.com/uae-president-receives-french-defence-minister/" "Mozilla/5.0 AppleWebKit/537.36 (KHTML, like Gecko; compatible; GPTBot/1.3; +https://openai.com/gptbot)"
74.7.243.195 - - [02/Mar/2026:14:27:48 -0500] "GET /author/admin/page/83/ HTTP/1.1" 200 21209 "http://www.middleeastoday.com/author/admin/page/85/" "Mozilla/5.0 AppleWebKit/537.36 (KHTML, like Gecko; compatible; GPTBot/1.3; +https://openai.com/gptbot)"
74.7.243.195 - - [02/Mar/2026:14:28:09 -0500] "GET /author/admin/page/84/ HTTP/1.1" 200 21240 "http://www.middleeastoday.com/author/admin/page/86/" "Mozilla/5.0 AppleWebKit/537.36 (KHTML, like Gecko; compatible; GPTBot/1.3; +https://openai.com/gptbot)"
74.7.243.195 - - [02/Mar/2026:14:29:07 -0500] "GET /category/travel-tourism/destinations/page/3/ HTTP/1.1" 200 20525 "http://www.middleeastoday.com/category/travel-tourism/destinations/" "Mozilla/5.0 AppleWebKit/537.36 (KHTML, like Gecko; compatible; GPTBot/1.3; +https://openai.com/gptbot)"
74.7.243.195 - - [02/Mar/2026:14:29:21 -0500] "GET /category/travel-tourism/destinations/page/2/ HTTP/1.1" 200 21470 "http://www.middleeastoday.com/category/travel-tourism/destinations/" "Mozilla/5.0 AppleWebKit/537.36 (KHTML, like Gecko; compatible; GPTBot/1.3; +https://openai.com/gptbot)"
74.7.243.195 - - [02/Mar/2026:14:29:48 -0500] "GET /serbian-president-arrives-in-abu-dhabi-on-an-official-visit-to-uae/ HTTP/1.1" 200 20127 "http://www.middleeastoday.com/?p=9198" "Mozilla/5.0 AppleWebKit/537.36 (KHTML, like Gecko; compatible; GPTBot/1.3; +https://openai.com/gptbot)"
74.7.243.195 - - [02/Mar/2026:14:30:09 -0500] "GET /?p=9806 HTTP/1.1" 301 0 "http://www.middleeastoday.com/sharjah-heritage-days-kicks-off-in-al-hamriyah/" "Mozilla/5.0 AppleWebKit/537.36 (KHTML, like Gecko; compatible; GPTBot/1.3; +https://openai.com/gptbot)"
74.7.243.195 - - [02/Mar/2026:14:30:36 -0500] "GET /?p=9978 HTTP/1.1" 301 0 "http://www.middleeastoday.com/620-9-billion-dirhams-of-the-assets-of-islamic-banks-at-the-end-of-last-january-an-annual-growth-of-5-6/" "Mozilla/5.0 AppleWebKit/537.36 (KHTML, like Gecko; compatible; GPTBot/1.3; +https://openai.com/gptbot)"
74.7.243.195 - - [02/Mar/2026:14:30:37 -0500] "GET /620-9-billion-dirhams-of-the-assets-of-islamic-banks-at-the-end-of-last-january-an-annual-growth-of-5-6/ HTTP/1.1" 200 20577 "http://www.middleeastoday.com/?p=9978" "Mozilla/5.0 AppleWebKit/537.36 (KHTML, like Gecko; compatible; GPTBot/1.3; +https://openai.com/gptbot)"
162.213.253.84 - - [02/Mar/2026:14:30:37 -0500] "POST /wp-admin/admin-ajax.php?action=async_litespeed&nonce=RqOooeqQNtVYJe9Z7239xXzKS7pKDhQo&litespeed_type=imgoptm HTTP/1.1" 200 21 "-" "WordPress/6.8.1; http://www.middleeastoday.com"
162.213.253.84 - - [02/Mar/2026:14:31:05 -0500] "POST /wp-cron.php?doing_wp_cron=1772479865.0963308811187744140625 HTTP/1.1" 200 0 "-" "WordPress/6.8.1; http://www.middleeastoday.com"
74.7.243.195 - - [02/Mar/2026:14:31:31 -0500] "GET /inaugural-al-asayl-exhibition-kicks-off-at-expo-al-dhaid/ HTTP/1.1" 200 21184 "http://www.middleeastoday.com/serbian-president-arrives-in-abu-dhabi-on-an-official-visit-to-uae/" "Mozilla/5.0 AppleWebKit/537.36 (KHTML, like Gecko; compatible; GPTBot/1.3; +https://openai.com/gptbot)"
74.7.243.195 - - [02/Mar/2026:14:29:47 -0500] "GET /?p=9198 HTTP/1.1" 301 0 "http://www.middleeastoday.com/serbian-president-arrives-in-abu-dhabi-on-an-official-visit-to-uae/" "Mozilla/5.0 AppleWebKit/537.36 (KHTML, like Gecko; compatible; GPTBot/1.3; +https://openai.com/gptbot)"
162.213.253.84 - - [02/Mar/2026:14:29:49 -0500] "POST /wp-admin/admin-ajax.php?action=async_litespeed&nonce=ZIbqkqTMFvArzu6DPoVzJ9ODFTghnFcu&litespeed_type=imgoptm HTTP/1.1" 200 21 "-" "WordPress/6.8.1; http://www.middleeastoday.com"
162.213.253.84 - - [02/Mar/2026:14:30:09 -0500] "POST /wp-cron.php?doing_wp_cron=1772479809.8219549655914306640625 HTTP/1.1" 200 0 "-" "WordPress/6.8.1; http://www.middleeastoday.com"
74.7.243.195 - - [02/Mar/2026:14:30:10 -0500] "GET /sharjah-heritage-days-kicks-off-in-al-hamriyah/ HTTP/1.1" 200 22771 "http://www.middleeastoday.com/?p=9806" "Mozilla/5.0 AppleWebKit/537.36 (KHTML, like Gecko; compatible; GPTBot/1.3; +https://openai.com/gptbot)"
162.213.253.84 - - [02/Mar/2026:14:30:36 -0500] "POST /wp-cron.php?doing_wp_cron=1772479836.9207921028137207031250 HTTP/1.1" 200 0 "-" "WordPress/6.8.1; http://www.middleeastoday.com"
74.7.243.195 - - [02/Mar/2026:14:31:04 -0500] "GET /uae-announces-friday-as-first-day-of-eid-al-fitr/ HTTP/1.1" 200 21245 "http://www.middleeastoday.com/620-9-billion-dirhams-of-the-assets-of-islamic-banks-at-the-end-of-last-january-an-annual-growth-of-5-6/" "Mozilla/5.0 AppleWebKit/537.36 (KHTML, like Gecko; compatible; GPTBot/1.3; +https://openai.com/gptbot)"
74.7.243.195 - - [02/Mar/2026:14:31:52 -0500] "GET /wjmes-2023-continues-to-bedazzle-visitors-with-exquisite-designs/ HTTP/1.1" 200 23105 "http://www.middleeastoday.com/sharjah-heritage-days-kicks-off-in-al-hamriyah/" "Mozilla/5.0 AppleWebKit/537.36 (KHTML, like Gecko; compatible; GPTBot/1.3; +https://openai.com/gptbot)"
167.114.139.220 - - [02/Mar/2026:14:32:01 -0500] "GET /sheikh-zayed-festival-sets-three-guinness-world-records-with-largest-40-minute-fireworks-display/ HTTP/1.1" 200 20527 "-" "Mozilla/5.0 (compatible; AhrefsBot/7.0; +http://ahrefs.com/robot/)"
74.7.243.195 - - [02/Mar/2026:14:32:05 -0500] "GET /author/admin/page/25/ HTTP/1.1" 200 21119 "http://www.middleeastoday.com/author/admin/page/23/" "Mozilla/5.0 AppleWebKit/537.36 (KHTML, like Gecko; compatible; GPTBot/1.3; +https://openai.com/gptbot)"
74.7.243.195 - - [02/Mar/2026:14:32:36 -0500] "GET /author/admin/page/24/ HTTP/1.1" 200 21097 "http://www.middleeastoday.com/author/admin/page/23/" "Mozilla/5.0 AppleWebKit/537.36 (KHTML, like Gecko; compatible; GPTBot/1.3; +https://openai.com/gptbot)"
74.7.243.195 - - [02/Mar/2026:14:33:16 -0500] "GET /category/national-news/page/10/ HTTP/1.1" 200 21308 "http://www.middleeastoday.com/category/national-news/page/8/" "Mozilla/5.0 AppleWebKit/537.36 (KHTML, like Gecko; compatible; GPTBot/1.3; +https://openai.com/gptbot)"
74.7.243.195 - - [02/Mar/2026:14:33:49 -0500] "GET /category/national-news/page/9/ HTTP/1.1" 200 21225 "http://www.middleeastoday.com/category/national-news/page/8/" "Mozilla/5.0 AppleWebKit/537.36 (KHTML, like Gecko; compatible; GPTBot/1.3; +https://openai.com/gptbot)"
74.7.243.195 - - [02/Mar/2026:14:34:19 -0500] "GET /uae-president-receives-uae-armed-forces-womens-climbing-team/ HTTP/1.1" 200 21116 "http://www.middleeastoday.com/?p=9556" "Mozilla/5.0 AppleWebKit/537.36 (KHTML, like Gecko; compatible; GPTBot/1.3; +https://openai.com/gptbot)"
162.213.253.84 - - [02/Mar/2026:14:34:20 -0500] "POST /wp-admin/admin-ajax.php?action=async_litespeed&nonce=J4tTRFOlaRMx8Rbakceymcc9z4tkeGuu&litespeed_type=imgoptm HTTP/1.1" 200 21 "-" "WordPress/6.8.1; http://www.middleeastoday.com"
74.7.243.195 - - [02/Mar/2026:14:34:40 -0500] "GET /fujairah-ruler-receives-participants-of-international-envirocities-conference-2022/ HTTP/1.1" 200 21830 "http://www.middleeastoday.com/uae-president-receives-uae-armed-forces-womens-climbing-team/" "Mozilla/5.0 AppleWebKit/537.36 (KHTML, like Gecko; compatible; GPTBot/1.3; +https://openai.com/gptbot)"
43.155.125.238 - - [02/Mar/2026:14:34:44 -0500] "GET /wp-content/uploads/2022/04/NLP-model-850x560.jpg HTTP/1.1" 200 108810 "-" "Mozilla/5.0 (Windows NT 10.0; Win64; x64) AppleWebKit/537.36"
148.113.130.100 - - [02/Mar/2026:14:35:51 -0500] "GET /uae-minister-hails-advanced-tech-adoption-at-sharjahs-veggitech/ HTTP/1.1" 200 20915 "-" "Mozilla/5.0 (compatible; AhrefsBot/7.0; +http://ahrefs.com/robot/)"
74.7.243.195 - - [02/Mar/2026:14:36:46 -0500] "GET /category/art/ HTTP/1.1" 200 21413 "http://www.middleeastoday.com/difc-announces-future-sustainability-forum-in-dubai/" "Mozilla/5.0 AppleWebKit/537.36 (KHTML, like Gecko; compatible; GPTBot/1.3; +https://openai.com/gptbot)"
74.7.243.195 - - [02/Mar/2026:14:37:18 -0500] "GET /?p=9974 HTTP/1.1" 301 0 "http://www.middleeastoday.com/uae-announces-friday-as-first-day-of-eid-al-fitr/" "Mozilla/5.0 AppleWebKit/537.36 (KHTML, like Gecko; compatible; GPTBot/1.3; +https://openai.com/gptbot)"
162.213.253.84 - - [02/Mar/2026:14:37:34 -0500] "POST /wp-cron.php?doing_wp_cron=1772480254.6772201061248779296875 HTTP/1.1" 200 0 "-" "WordPress/6.8.1; http://www.middleeastoday.com"
74.7.243.195 - - [02/Mar/2026:14:37:34 -0500] "GET /?p=9201 HTTP/1.1" 301 0 "http://www.middleeastoday.com/inaugural-al-asayl-exhibition-kicks-off-at-expo-al-dhaid/" "Mozilla/5.0 AppleWebKit/537.36 (KHTML, like Gecko; compatible; GPTBot/1.3; +https://openai.com/gptbot)"
74.7.243.195 - - [02/Mar/2026:14:37:34 -0500] "GET /inaugural-al-asayl-exhibition-kicks-off-at-expo-al-dhaid/ HTTP/1.1" 200 21184 "http://www.middleeastoday.com/?p=9201" "Mozilla/5.0 AppleWebKit/537.36 (KHTML, like Gecko; compatible; GPTBot/1.3; +https://openai.com/gptbot)"
74.7.243.195 - - [02/Mar/2026:14:37:50 -0500] "GET /?p=9809 HTTP/1.1" 301 0 "http://www.middleeastoday.com/wjmes-2023-continues-to-bedazzle-visitors-with-exquisite-designs/" "Mozilla/5.0 AppleWebKit/537.36 (KHTML, like Gecko; compatible; GPTBot/1.3; +https://openai.com/gptbot)"
74.7.243.195 - - [02/Mar/2026:14:38:09 -0500] "GET /charles-formally-confirmed-as-king-in-ceremony-televised-for-first-time/ HTTP/1.1" 200 20654 "http://www.middleeastoday.com/inaugural-al-asayl-exhibition-kicks-off-at-expo-al-dhaid/" "Mozilla/5.0 AppleWebKit/537.36 (KHTML, like Gecko; compatible; GPTBot/1.3; +https://openai.com/gptbot)"
74.7.243.195 - - [02/Mar/2026:14:38:25 -0500] "GET /bodour-al-qasimi-inaugurates-aus-global-day-a-carnival-of-culture-and-colour/ HTTP/1.1" 200 23361 "http://www.middleeastoday.com/wjmes-2023-continues-to-bedazzle-visitors-with-exquisite-designs/" "Mozilla/5.0 AppleWebKit/537.36 (KHTML, like Gecko; compatible; GPTBot/1.3; +https://openai.com/gptbot)"
43.135.107.95 - - [02/Mar/2026:14:38:33 -0500] "GET /wp-content/uploads/2022/04/64c2ad33-5b41-4d59-be1b-293b254ded91-768x119.jpeg HTTP/1.1" 200 18202 "-" "Mozilla/5.0 (Windows NT 10.0; Win64; x64) AppleWebKit/537.36"
162.213.253.84 - - [02/Mar/2026:14:34:19 -0500] "POST /wp-cron.php?doing_wp_cron=1772480059.7319080829620361328125 HTTP/1.1" 200 0 "-" "WordPress/6.8.1; http://www.middleeastoday.com"
74.7.243.195 - - [02/Mar/2026:14:34:18 -0500] "GET /?p=9556 HTTP/1.1" 301 0 "http://www.middleeastoday.com/uae-president-receives-uae-armed-forces-womens-climbing-team/" "Mozilla/5.0 AppleWebKit/537.36 (KHTML, like Gecko; compatible; GPTBot/1.3; +https://openai.com/gptbot)"
43.135.107.176 - - [02/Mar/2026:14:34:44 -0500] "GET /wp-content/uploads/2022/04/64c2ad33-5b41-4d59-be1b-293b254ded91-768x119.jpeg HTTP/1.1" 200 18202 "-" "Mozilla/5.0 (Windows NT 10.0; Win64; x64) AppleWebKit/537.36"
74.7.243.195 - - [02/Mar/2026:14:34:51 -0500] "GET /author/admin/page/81/ HTTP/1.1" 200 21364 "http://www.middleeastoday.com/author/admin/page/83/" "Mozilla/5.0 AppleWebKit/537.36 (KHTML, like Gecko; compatible; GPTBot/1.3; +https://openai.com/gptbot)"
74.7.243.195 - - [02/Mar/2026:14:35:31 -0500] "GET /category/national-news/page/15/ HTTP/1.1" 200 20789 "http://www.middleeastoday.com/category/national-news/page/17/" "Mozilla/5.0 AppleWebKit/537.36 (KHTML, like Gecko; compatible; GPTBot/1.3; +https://openai.com/gptbot)"
74.7.243.195 - - [02/Mar/2026:14:35:53 -0500] "GET /category/yoga/ HTTP/1.1" 200 18469 "http://www.middleeastoday.com/difc-announces-future-sustainability-forum-in-dubai/" "Mozilla/5.0 AppleWebKit/537.36 (KHTML, like Gecko; compatible; GPTBot/1.3; +https://openai.com/gptbot)"
74.7.243.195 - - [02/Mar/2026:14:36:25 -0500] "GET /category/food/ HTTP/1.1" 200 19388 "http://www.middleeastoday.com/difc-announces-future-sustainability-forum-in-dubai/" "Mozilla/5.0 AppleWebKit/537.36 (KHTML, like Gecko; compatible; GPTBot/1.3; +https://openai.com/gptbot)"
74.7.243.195 - - [02/Mar/2026:14:37:03 -0500] "GET /category/travel-tourism/ HTTP/1.1" 200 21632 "http://www.middleeastoday.com/difc-announces-future-sustainability-forum-in-dubai/" "Mozilla/5.0 AppleWebKit/537.36 (KHTML, like Gecko; compatible; GPTBot/1.3; +https://openai.com/gptbot)"
162.213.253.84 - - [02/Mar/2026:14:37:19 -0500] "POST /wp-cron.php?doing_wp_cron=1772480239.5158278942108154296875 HTTP/1.1" 200 0 "-" "WordPress/6.8.1; http://www.middleeastoday.com"
74.7.243.195 - - [02/Mar/2026:14:37:19 -0500] "GET /uae-announces-friday-as-first-day-of-eid-al-fitr/ HTTP/1.1" 200 21245 "http://www.middleeastoday.com/?p=9974" "Mozilla/5.0 AppleWebKit/537.36 (KHTML, like Gecko; compatible; GPTBot/1.3; +https://openai.com/gptbot)"
162.213.253.84 - - [02/Mar/2026:14:37:20 -0500] "POST /wp-admin/admin-ajax.php?action=async_litespeed&nonce=t7fei69rBZHzlwETBJt9Gkdawjo1tzRG&litespeed_type=imgoptm HTTP/1.1" 200 21 "-" "WordPress/6.8.1; http://www.middleeastoday.com"
162.213.253.84 - - [02/Mar/2026:14:37:35 -0500] "POST /wp-admin/admin-ajax.php?action=async_litespeed&nonce=YPcXwXaWZ39ItjZVDqjGAze5Sl3U096n&litespeed_type=imgoptm HTTP/1.1" 200 21 "-" "WordPress/6.8.1; http://www.middleeastoday.com"
162.213.253.84 - - [02/Mar/2026:14:37:50 -0500] "POST /wp-cron.php?doing_wp_cron=1772480270.7159841060638427734375 HTTP/1.1" 200 0 "-" "WordPress/6.8.1; http://www.middleeastoday.com"
74.7.243.195 - - [02/Mar/2026:14:37:50 -0500] "GET /wjmes-2023-continues-to-bedazzle-visitors-with-exquisite-designs/ HTTP/1.1" 200 23105 "http://www.middleeastoday.com/?p=9809" "Mozilla/5.0 AppleWebKit/537.36 (KHTML, like Gecko; compatible; GPTBot/1.3; +https://openai.com/gptbot)"
74.7.243.195 - - [02/Mar/2026:14:38:43 -0500] "GET /abudllah-bin-zayed-meets-with-greek-pm-in-athens/ HTTP/1.1" 200 22987 "http://www.middleeastoday.com/category/national-news/page/10/" "Mozilla/5.0 AppleWebKit/537.36 (KHTML, like Gecko; compatible; GPTBot/1.3; +https://openai.com/gptbot)"
74.7.243.195 - - [02/Mar/2026:14:39:00 -0500] "GET /the-head-of-state-arrives-in-cairo-on-an-official-visit-and-the-egyptian-president-is-at-the-forefront-of-his-reception/ HTTP/1.1" 200 21025 "http://www.middleeastoday.com/category/national-news/page/10/" "Mozilla/5.0 AppleWebKit/537.36 (KHTML, like Gecko; compatible; GPTBot/1.3; +https://openai.com/gptbot)"
43.135.107.95 - - [02/Mar/2026:14:38:34 -0500] "GET /wp-content/uploads/2024/02/Bloom-Holding-850x560.jpeg HTTP/1.1" 200 88086 "-" "Mozilla/5.0 (Windows NT 10.0; Win64; x64) AppleWebKit/537.36"
74.7.243.195 - - [02/Mar/2026:14:39:17 -0500] "GET /the-head-of-state-and-the-sultan-of-oman-exchanged-greetings-on-the-occasion-of-eid-al-fitr/ HTTP/1.1" 200 20033 "http://www.middleeastoday.com/category/national-news/page/10/" "Mozilla/5.0 AppleWebKit/537.36 (KHTML, like Gecko; compatible; GPTBot/1.3; +https://openai.com/gptbot)"
74.7.243.195 - - [02/Mar/2026:14:39:32 -0500] "GET /?p=9553 HTTP/1.1" 301 0 "http://www.middleeastoday.com/fujairah-ruler-receives-participants-of-international-envirocities-conference-2022/" "Mozilla/5.0 AppleWebKit/537.36 (KHTML, like Gecko; compatible; GPTBot/1.3; +https://openai.com/gptbot)"
74.7.243.195 - - [02/Mar/2026:14:39:33 -0500] "GET /fujairah-ruler-receives-participants-of-international-envirocities-conference-2022/ HTTP/1.1" 200 21830 "http://www.middleeastoday.com/?p=9553" "Mozilla/5.0 AppleWebKit/537.36 (KHTML, like Gecko; compatible; GPTBot/1.3; +https://openai.com/gptbot)"
162.213.253.84 - - [02/Mar/2026:14:39:33 -0500] "POST /wp-admin/admin-ajax.php?action=async_litespeed&nonce=6dghjgAFIovaHuSYXU7XPuX6fCWw500u&litespeed_type=imgoptm HTTP/1.1" 200 21 "-" "WordPress/6.8.1; http://www.middleeastoday.com"
74.7.243.195 - - [02/Mar/2026:14:40:25 -0500] "GET /uae-president-arrives-in-muscat-welcomed-by-sultan-of-oman/ HTTP/1.1" 200 20907 "http://www.middleeastoday.com/category/national-news/page/15/" "Mozilla/5.0 AppleWebKit/537.36 (KHTML, like Gecko; compatible; GPTBot/1.3; +https://openai.com/gptbot)"
74.7.243.195 - - [02/Mar/2026:14:40:31 -0500] "GET /uae-ambassador-presents-credentials-to-prince-of-monaco/ HTTP/1.1" 200 21391 "http://www.middleeastoday.com/category/national-news/page/15/" "Mozilla/5.0 AppleWebKit/537.36 (KHTML, like Gecko; compatible; GPTBot/1.3; +https://openai.com/gptbot)"
74.7.243.195 - - [02/Mar/2026:14:40:39 -0500] "GET /uae-leaders-congratulate-ugandan-president-on-independence-day/ HTTP/1.1" 200 19858 "http://www.middleeastoday.com/category/national-news/page/15/" "Mozilla/5.0 AppleWebKit/537.36 (KHTML, like Gecko; compatible; GPTBot/1.3; +https://openai.com/gptbot)"
74.7.243.195 - - [02/Mar/2026:14:40:54 -0500] "GET /incredible-talents-art-exhibition-kicks-off-in-dubai/ HTTP/1.1" 200 21591 "http://www.middleeastoday.com/category/art/" "Mozilla/5.0 AppleWebKit/537.36 (KHTML, like Gecko; compatible; GPTBot/1.3; +https://openai.com/gptbot)"
74.7.243.195 - - [02/Mar/2026:14:41:54 -0500] "GET /uae-president-receives-turkish-leaders-congratulations-on-new-leadership-appointments-in-uae-and-abu-dhabi/ HTTP/1.1" 200 20259 "http://www.middleeastoday.com/category/national-news/page/10/" "Mozilla/5.0 AppleWebKit/537.36 (KHTML, like Gecko; compatible; GPTBot/1.3; +https://openai.com/gptbot)"
162.213.253.84 - - [02/Mar/2026:14:42:10 -0500] "POST /wp-admin/admin-ajax.php?action=async_litespeed&nonce=2SP59GDOjbP7sWxSvVJKPCMSBQ587evt&litespeed_type=imgoptm HTTP/1.1" 200 21 "-" "WordPress/6.8.1; http://www.middleeastoday.com"
162.213.253.84 - - [02/Mar/2026:14:42:17 -0500] "POST /wp-cron.php?doing_wp_cron=1772480537.8898138999938964843750 HTTP/1.1" 200 0 "-" "WordPress/6.8.1; http://www.middleeastoday.com"
74.7.243.195 - - [02/Mar/2026:14:42:19 -0500] "GET /?p=9925 HTTP/1.1" 301 0 "http://www.middleeastoday.com/abudllah-bin-zayed-meets-with-greek-pm-in-athens/" "Mozilla/5.0 AppleWebKit/537.36 (KHTML, like Gecko; compatible; GPTBot/1.3; +https://openai.com/gptbot)"
74.7.243.195 - - [02/Mar/2026:14:42:20 -0500] "GET /abudllah-bin-zayed-meets-with-greek-pm-in-athens/ HTTP/1.1" 200 22987 "http://www.middleeastoday.com/?p=9925" "Mozilla/5.0 AppleWebKit/537.36 (KHTML, like Gecko; compatible; GPTBot/1.3; +https://openai.com/gptbot)"
162.213.253.84 - - [02/Mar/2026:14:39:33 -0500] "POST /wp-cron.php?doing_wp_cron=1772480373.2917649745941162109375 HTTP/1.1" 200 0 "-" "WordPress/6.8.1; http://www.middleeastoday.com"
148.113.128.86 - - [02/Mar/2026:14:39:37 -0500] "GET /graduating-class-of-2022-at-mbru-to-be-named-class-of-khalifa-in-memory-of-late-uae-president/ HTTP/1.1" 200 21331 "-" "Mozilla/5.0 (compatible; AhrefsBot/7.0; +http://ahrefs.com/robot/)"
74.7.243.195 - - [02/Mar/2026:14:39:53 -0500] "GET /mansour-bin-zayed-meets-with-the-prime-minister-of-kyrgyzstan/ HTTP/1.1" 200 20353 "http://www.middleeastoday.com/uae-announces-friday-as-first-day-of-eid-al-fitr/" "Mozilla/5.0 AppleWebKit/537.36 (KHTML, like Gecko; compatible; GPTBot/1.3; +https://openai.com/gptbot)"
74.7.243.195 - - [02/Mar/2026:14:40:11 -0500] "GET /abdullah-bin-zayed-meets-fm-of-bosnia-and-herzegovina/ HTTP/1.1" 200 21543 "http://www.middleeastoday.com/category/national-news/page/10/" "Mozilla/5.0 AppleWebKit/537.36 (KHTML, like Gecko; compatible; GPTBot/1.3; +https://openai.com/gptbot)"
74.7.243.195 - - [02/Mar/2026:14:41:09 -0500] "GET /uae-attends-organisation-of-islamic-cooperation-meeting-regarding-israeli-attacks-on-al-aqsa-mosque/ HTTP/1.1" 200 20936 "http://www.middleeastoday.com/category/national-news/page/10/" "Mozilla/5.0 AppleWebKit/537.36 (KHTML, like Gecko; compatible; GPTBot/1.3; +https://openai.com/gptbot)"
74.7.243.195 - - [02/Mar/2026:14:41:25 -0500] "GET /uae-president-holds-phone-call-with-president-of-ukraine/ HTTP/1.1" 200 20486 "http://www.middleeastoday.com/category/national-news/page/15/" "Mozilla/5.0 AppleWebKit/537.36 (KHTML, like Gecko; compatible; GPTBot/1.3; +https://openai.com/gptbot)"
74.7.243.195 - - [02/Mar/2026:14:41:38 -0500] "GET /uae-president-visits-royal-opera-house-muscat/ HTTP/1.1" 200 21065 "http://www.middleeastoday.com/category/national-news/page/15/" "Mozilla/5.0 AppleWebKit/537.36 (KHTML, like Gecko; compatible; GPTBot/1.3; +https://openai.com/gptbot)"
162.213.253.84 - - [02/Mar/2026:14:42:10 -0500] "POST /wp-cron.php?doing_wp_cron=1772480530.2378408908843994140625 HTTP/1.1" 200 0 "-" "WordPress/6.8.1; http://www.middleeastoday.com"
74.7.243.195 - - [02/Mar/2026:14:42:09 -0500] "GET /?p=9204 HTTP/1.1" 301 0 "http://www.middleeastoday.com/charles-formally-confirmed-as-king-in-ceremony-televised-for-first-time/" "Mozilla/5.0 AppleWebKit/537.36 (KHTML, like Gecko; compatible; GPTBot/1.3; +https://openai.com/gptbot)"
74.7.243.195 - - [02/Mar/2026:14:42:10 -0500] "GET /charles-formally-confirmed-as-king-in-ceremony-televised-for-first-time/ HTTP/1.1" 200 20654 "http://www.middleeastoday.com/?p=9204" "Mozilla/5.0 AppleWebKit/537.36 (KHTML, like Gecko; compatible; GPTBot/1.3; +https://openai.com/gptbot)"
74.7.243.195 - - [02/Mar/2026:14:42:17 -0500] "GET /?p=9812 HTTP/1.1" 301 0 "http://www.middleeastoday.com/bodour-al-qasimi-inaugurates-aus-global-day-a-carnival-of-culture-and-colour/" "Mozilla/5.0 AppleWebKit/537.36 (KHTML, like Gecko; compatible; GPTBot/1.3; +https://openai.com/gptbot)"
74.7.243.195 - - [02/Mar/2026:14:42:18 -0500] "GET /bodour-al-qasimi-inaugurates-aus-global-day-a-carnival-of-culture-and-colour/ HTTP/1.1" 200 23361 "http://www.middleeastoday.com/?p=9812" "Mozilla/5.0 AppleWebKit/537.36 (KHTML, like Gecko; compatible; GPTBot/1.3; +https://openai.com/gptbot)"
162.213.253.84 - - [02/Mar/2026:14:42:27 -0500] "POST /wp-cron.php?doing_wp_cron=1772480547.8153400421142578125000 HTTP/1.1" 200 0 "-" "WordPress/6.8.1; http://www.middleeastoday.com"
74.7.243.195 - - [02/Mar/2026:14:42:27 -0500] "GET /?p=9952 HTTP/1.1" 301 0 "http://www.middleeastoday.com/the-head-of-state-arrives-in-cairo-on-an-official-visit-and-the-egyptian-president-is-at-the-forefront-of-his-reception/" "Mozilla/5.0 AppleWebKit/537.36 (KHTML, like Gecko; compatible; GPTBot/1.3; +https://openai.com/gptbot)"
74.7.243.195 - - [02/Mar/2026:14:42:27 -0500] "GET /the-head-of-state-arrives-in-cairo-on-an-official-visit-and-the-egyptian-president-is-at-the-forefront-of-his-reception/ HTTP/1.1" 200 21025 "http://www.middleeastoday.com/?p=9952" "Mozilla/5.0 AppleWebKit/537.36 (KHTML, like Gecko; compatible; GPTBot/1.3; +https://openai.com/gptbot)"
162.213.253.84 - - [02/Mar/2026:14:42:28 -0500] "POST /wp-admin/admin-ajax.php?action=async_litespeed&nonce=LLsIsaHOu9Ke0mxrObBFPfKcmaV9K8Zg&litespeed_type=imgoptm HTTP/1.1" 200 21 "-" "WordPress/6.8.1; http://www.middleeastoday.com"
74.7.243.195 - - [02/Mar/2026:14:42:32 -0500] "GET /uae-president-serbian-president-witness-announcement-of-uae-serbia-comprehensive-strategic-partnership-agreement-signings/ HTTP/1.1" 200 20927 "http://www.middleeastoday.com/charles-formally-confirmed-as-king-in-ceremony-televised-for-first-time/" "Mozilla/5.0 AppleWebKit/537.36 (KHTML, like Gecko; compatible; GPTBot/1.3; +https://openai.com/gptbot)"
162.213.253.84 - - [02/Mar/2026:14:42:40 -0500] "POST /wp-cron.php?doing_wp_cron=1772480560.6284489631652832031250 HTTP/1.1" 200 0 "-" "WordPress/6.8.1; http://www.middleeastoday.com"
74.7.243.195 - - [02/Mar/2026:14:42:40 -0500] "GET /?p=9967 HTTP/1.1" 301 0 "http://www.middleeastoday.com/the-head-of-state-and-the-sultan-of-oman-exchanged-greetings-on-the-occasion-of-eid-al-fitr/" "Mozilla/5.0 AppleWebKit/537.36 (KHTML, like Gecko; compatible; GPTBot/1.3; +https://openai.com/gptbot)"
74.7.243.195 - - [02/Mar/2026:14:42:40 -0500] "GET /the-head-of-state-and-the-sultan-of-oman-exchanged-greetings-on-the-occasion-of-eid-al-fitr/ HTTP/1.1" 200 20033 "http://www.middleeastoday.com/?p=9967" "Mozilla/5.0 AppleWebKit/537.36 (KHTML, like Gecko; compatible; GPTBot/1.3; +https://openai.com/gptbot)"
74.7.243.195 - - [02/Mar/2026:14:43:10 -0500] "GET /?p=9971 HTTP/1.1" 301 0 "http://www.middleeastoday.com/mansour-bin-zayed-meets-with-the-prime-minister-of-kyrgyzstan/" "Mozilla/5.0 AppleWebKit/537.36 (KHTML, like Gecko; compatible; GPTBot/1.3; +https://openai.com/gptbot)"
74.7.243.195 - - [02/Mar/2026:14:43:25 -0500] "GET /?p=9932 HTTP/1.1" 301 0 "http://www.middleeastoday.com/abdullah-bin-zayed-meets-fm-of-bosnia-and-herzegovina/" "Mozilla/5.0 AppleWebKit/537.36 (KHTML, like Gecko; compatible; GPTBot/1.3; +https://openai.com/gptbot)"
74.7.243.195 - - [02/Mar/2026:14:43:25 -0500] "GET /abdullah-bin-zayed-meets-fm-of-bosnia-and-herzegovina/ HTTP/1.1" 200 21543 "http://www.middleeastoday.com/?p=9932" "Mozilla/5.0 AppleWebKit/537.36 (KHTML, like Gecko; compatible; GPTBot/1.3; +https://openai.com/gptbot)"
162.213.253.84 - - [02/Mar/2026:14:43:26 -0500] "POST /wp-admin/admin-ajax.php?action=async_litespeed&nonce=qPreZp9FzuMd5ABVQymHdQpBbufsXrFC&litespeed_type=imgoptm HTTP/1.1" 200 21 "-" "WordPress/6.8.1; http://www.middleeastoday.com"
74.7.243.195 - - [02/Mar/2026:14:43:38 -0500] "GET /?p=9286 HTTP/1.1" 301 0 "http://www.middleeastoday.com/uae-president-arrives-in-muscat-welcomed-by-sultan-of-oman/" "Mozilla/5.0 AppleWebKit/537.36 (KHTML, like Gecko; compatible; GPTBot/1.3; +https://openai.com/gptbot)"
74.7.243.195 - - [02/Mar/2026:14:43:39 -0500] "GET /uae-president-arrives-in-muscat-welcomed-by-sultan-of-oman/ HTTP/1.1" 200 20907 "http://www.middleeastoday.com/?p=9286" "Mozilla/5.0 AppleWebKit/537.36 (KHTML, like Gecko; compatible; GPTBot/1.3; +https://openai.com/gptbot)"
74.7.243.195 - - [02/Mar/2026:14:43:55 -0500] "GET /?p=9387 HTTP/1.1" 301 0 "http://www.middleeastoday.com/uae-leaders-congratulate-ugandan-president-on-independence-day/" "Mozilla/5.0 AppleWebKit/537.36 (KHTML, like Gecko; compatible; GPTBot/1.3; +https://openai.com/gptbot)"
74.7.243.195 - - [02/Mar/2026:14:43:55 -0500] "GET /uae-leaders-congratulate-ugandan-president-on-independence-day/ HTTP/1.1" 200 19858 "http://www.middleeastoday.com/?p=9387" "Mozilla/5.0 AppleWebKit/537.36 (KHTML, like Gecko; compatible; GPTBot/1.3; +https://openai.com/gptbot)"
74.7.243.195 - - [02/Mar/2026:14:42:56 -0500] "GET /the-bmw-xm-label-red-with-an-electrified-drive-system-launched/ HTTP/1.1" 200 21685 "http://www.middleeastoday.com/the-head-of-state-and-the-sultan-of-oman-exchanged-greetings-on-the-occasion-of-eid-al-fitr/" "Mozilla/5.0 AppleWebKit/537.36 (KHTML, like Gecko; compatible; GPTBot/1.3; +https://openai.com/gptbot)"
74.7.243.195 - - [02/Mar/2026:14:43:11 -0500] "GET /mansour-bin-zayed-meets-with-the-prime-minister-of-kyrgyzstan/ HTTP/1.1" 200 20353 "http://www.middleeastoday.com/?p=9971" "Mozilla/5.0 AppleWebKit/537.36 (KHTML, like Gecko; compatible; GPTBot/1.3; +https://openai.com/gptbot)"
148.113.128.131 - - [02/Mar/2026:14:43:25 -0500] "GET /uae-president-holds-official-reception-for-indian-pm/ HTTP/1.1" 200 20736 "-" "Mozilla/5.0 (compatible; AhrefsBot/7.0; +http://ahrefs.com/robot/)"
162.213.253.84 - - [02/Mar/2026:14:43:25 -0500] "POST /wp-cron.php?doing_wp_cron=1772480605.7939488887786865234375 HTTP/1.1" 200 0 "-" "WordPress/6.8.1; http://www.middleeastoday.com"
162.213.253.84 - - [02/Mar/2026:14:43:39 -0500] "POST /wp-cron.php?doing_wp_cron=1772480619.2794320583343505859375 HTTP/1.1" 200 0 "-" "WordPress/6.8.1; http://www.middleeastoday.com"
74.7.243.195 - - [02/Mar/2026:14:43:48 -0500] "GET /?p=9429 HTTP/1.1" 301 0 "http://www.middleeastoday.com/uae-ambassador-presents-credentials-to-prince-of-monaco/" "Mozilla/5.0 AppleWebKit/537.36 (KHTML, like Gecko; compatible; GPTBot/1.3; +https://openai.com/gptbot)"
74.7.243.195 - - [02/Mar/2026:14:43:49 -0500] "GET /uae-ambassador-presents-credentials-to-prince-of-monaco/ HTTP/1.1" 200 21391 "http://www.middleeastoday.com/?p=9429" "Mozilla/5.0 AppleWebKit/537.36 (KHTML, like Gecko; compatible; GPTBot/1.3; +https://openai.com/gptbot)"
74.7.243.195 - - [02/Mar/2026:14:44:01 -0500] "GET /incredible-talents-art-exhibition-kicks-off-in-dubai/ HTTP/1.1" 200 21591 "http://www.middleeastoday.com/?p=9872" "Mozilla/5.0 AppleWebKit/537.36 (KHTML, like Gecko; compatible; GPTBot/1.3; +https://openai.com/gptbot)"
74.7.243.195 - - [02/Mar/2026:14:44:30 -0500] "GET /al-jalila-childrens-specialty-hospital-gulf-scientific-corporation-launch-pharmacogenomic-pilot-study/ HTTP/1.1" 200 23221 "http://www.middleeastoday.com/uae-ambassador-presents-credentials-to-prince-of-monaco/" "Mozilla/5.0 AppleWebKit/537.36 (KHTML, like Gecko; compatible; GPTBot/1.3; +https://openai.com/gptbot)"
162.213.253.84 - - [02/Mar/2026:14:44:42 -0500] "POST /wp-cron.php?doing_wp_cron=1772480682.0161969661712646484375 HTTP/1.1" 200 0 "-" "WordPress/6.8.1; http://www.middleeastoday.com"
74.7.243.195 - - [02/Mar/2026:14:44:41 -0500] "GET /?p=9422 HTTP/1.1" 301 0 "http://www.middleeastoday.com/uae-president-holds-phone-call-with-president-of-ukraine/" "Mozilla/5.0 AppleWebKit/537.36 (KHTML, like Gecko; compatible; GPTBot/1.3; +https://openai.com/gptbot)"
162.213.253.84 - - [02/Mar/2026:14:44:42 -0500] "POST /wp-admin/admin-ajax.php?action=async_litespeed&nonce=RGgjGO0kgHIDoYBjsPmiKYjaQS7MD8wS&litespeed_type=imgoptm HTTP/1.1" 200 21 "-" "WordPress/6.8.1; http://www.middleeastoday.com"
162.213.253.84 - - [02/Mar/2026:14:44:53 -0500] "POST /wp-cron.php?doing_wp_cron=1772480693.3841569423675537109375 HTTP/1.1" 200 0 "-" "WordPress/6.8.1; http://www.middleeastoday.com"
74.7.243.195 - - [02/Mar/2026:14:44:53 -0500] "GET /uae-president-visits-royal-opera-house-muscat/ HTTP/1.1" 200 21065 "http://www.middleeastoday.com/?p=9305" "Mozilla/5.0 AppleWebKit/537.36 (KHTML, like Gecko; compatible; GPTBot/1.3; +https://openai.com/gptbot)"
74.7.243.195 - - [02/Mar/2026:14:45:19 -0500] "GET /?p=9914 HTTP/1.1" 301 0 "http://www.middleeastoday.com/uae-president-receives-turkish-leaders-congratulations-on-new-leadership-appointments-in-uae-and-abu-dhabi/" "Mozilla/5.0 AppleWebKit/537.36 (KHTML, like Gecko; compatible; GPTBot/1.3; +https://openai.com/gptbot)"
74.7.243.195 - - [02/Mar/2026:14:44:01 -0500] "GET /?p=9872 HTTP/1.1" 301 0 "http://www.middleeastoday.com/incredible-talents-art-exhibition-kicks-off-in-dubai/" "Mozilla/5.0 AppleWebKit/537.36 (KHTML, like Gecko; compatible; GPTBot/1.3; +https://openai.com/gptbot)"
74.7.243.195 - - [02/Mar/2026:14:44:13 -0500] "GET /?p=9941 HTTP/1.1" 301 0 "http://www.middleeastoday.com/uae-attends-organisation-of-islamic-cooperation-meeting-regarding-israeli-attacks-on-al-aqsa-mosque/" "Mozilla/5.0 AppleWebKit/537.36 (KHTML, like Gecko; compatible; GPTBot/1.3; +https://openai.com/gptbot)"
74.7.243.195 - - [02/Mar/2026:14:44:14 -0500] "GET /uae-attends-organisation-of-islamic-cooperation-meeting-regarding-israeli-attacks-on-al-aqsa-mosque/ HTTP/1.1" 200 20936 "http://www.middleeastoday.com/?p=9941" "Mozilla/5.0 AppleWebKit/537.36 (KHTML, like Gecko; compatible; GPTBot/1.3; +https://openai.com/gptbot)"
74.7.243.195 - - [02/Mar/2026:14:44:42 -0500] "GET /uae-president-holds-phone-call-with-president-of-ukraine/ HTTP/1.1" 200 20486 "http://www.middleeastoday.com/?p=9422" "Mozilla/5.0 AppleWebKit/537.36 (KHTML, like Gecko; compatible; GPTBot/1.3; +https://openai.com/gptbot)"
74.7.243.195 - - [02/Mar/2026:14:44:52 -0500] "GET /?p=9305 HTTP/1.1" 301 0 "http://www.middleeastoday.com/uae-president-visits-royal-opera-house-muscat/" "Mozilla/5.0 AppleWebKit/537.36 (KHTML, like Gecko; compatible; GPTBot/1.3; +https://openai.com/gptbot)"
74.7.243.195 - - [02/Mar/2026:14:45:33 -0500] "GET /saqr-ghobash-chinese-ambassador-discuss-bilateral-ties/ HTTP/1.1" 200 21400 "http://www.middleeastoday.com/uae-attends-organisation-of-islamic-cooperation-meeting-regarding-israeli-attacks-on-al-aqsa-mosque/" "Mozilla/5.0 AppleWebKit/537.36 (KHTML, like Gecko; compatible; GPTBot/1.3; +https://openai.com/gptbot)"
74.7.243.195 - - [02/Mar/2026:14:45:47 -0500] "GET /?p=9207 HTTP/1.1" 301 0 "http://www.middleeastoday.com/uae-president-serbian-president-witness-announcement-of-uae-serbia-comprehensive-strategic-partnership-agreement-signings/" "Mozilla/5.0 AppleWebKit/537.36 (KHTML, like Gecko; compatible; GPTBot/1.3; +https://openai.com/gptbot)"
74.7.243.195 - - [02/Mar/2026:14:45:48 -0500] "GET /uae-president-serbian-president-witness-announcement-of-uae-serbia-comprehensive-strategic-partnership-agreement-signings/ HTTP/1.1" 200 20927 "http://www.middleeastoday.com/?p=9207" "Mozilla/5.0 AppleWebKit/537.36 (KHTML, like Gecko; compatible; GPTBot/1.3; +https://openai.com/gptbot)"
162.213.253.84 - - [02/Mar/2026:14:45:48 -0500] "POST /wp-admin/admin-ajax.php?action=async_litespeed&nonce=c42IWr8oE1AjnY2hXCJ4FgoRrA2tUo0y&litespeed_type=imgoptm HTTP/1.1" 200 21 "-" "WordPress/6.8.1; http://www.middleeastoday.com"
74.7.243.195 - - [02/Mar/2026:14:45:52 -0500] "GET /emirates-and-united-activate-codeshare-partnership-to-enhance-connectivity-to-us/ HTTP/1.1" 200 20719 "http://www.middleeastoday.com/uae-president-receives-turkish-leaders-congratulations-on-new-leadership-appointments-in-uae-and-abu-dhabi/" "Mozilla/5.0 AppleWebKit/537.36 (KHTML, like Gecko; compatible; GPTBot/1.3; +https://openai.com/gptbot)"
162.213.253.84 - - [02/Mar/2026:14:46:13 -0500] "POST /wp-cron.php?doing_wp_cron=1772480773.9299929141998291015625 HTTP/1.1" 200 0 "-" "WordPress/6.8.1; http://www.middleeastoday.com"
74.7.243.195 - - [02/Mar/2026:14:46:13 -0500] "GET /?p=9964 HTTP/1.1" 301 0 "http://www.middleeastoday.com/the-bmw-xm-label-red-with-an-electrified-drive-system-launched/" "Mozilla/5.0 AppleWebKit/537.36 (KHTML, like Gecko; compatible; GPTBot/1.3; +https://openai.com/gptbot)"
15.235.98.25 - - [02/Mar/2026:14:47:07 -0500] "GET /category/business/page/11/ HTTP/1.1" 200 20269 "-" "Mozilla/5.0 (compatible; AhrefsBot/7.0; +http://ahrefs.com/robot/)"
74.7.243.195 - - [02/Mar/2026:14:47:16 -0500] "GET /uae-president-to-visit-russia/ HTTP/1.1" 200 19861 "http://www.middleeastoday.com/category/national-news/page/15/" "Mozilla/5.0 AppleWebKit/537.36 (KHTML, like Gecko; compatible; GPTBot/1.3; +https://openai.com/gptbot)"
74.7.243.195 - - [02/Mar/2026:14:45:19 -0500] "GET /uae-president-receives-turkish-leaders-congratulations-on-new-leadership-appointments-in-uae-and-abu-dhabi/ HTTP/1.1" 200 20259 "http://www.middleeastoday.com/?p=9914" "Mozilla/5.0 AppleWebKit/537.36 (KHTML, like Gecko; compatible; GPTBot/1.3; +https://openai.com/gptbot)"
74.7.243.195 - - [02/Mar/2026:14:45:30 -0500] "GET /uae-leaders-congratulate-president-of-tunisia-on-independence-day/ HTTP/1.1" 200 19995 "http://www.middleeastoday.com/incredible-talents-art-exhibition-kicks-off-in-dubai/" "Mozilla/5.0 AppleWebKit/537.36 (KHTML, like Gecko; compatible; GPTBot/1.3; +https://openai.com/gptbot)"
74.7.243.195 - - [02/Mar/2026:14:45:37 -0500] "GET /abu-dhabi-residents-office-signs-strategic-agreement-with-aldar-properties/ HTTP/1.1" 200 23665 "http://www.middleeastoday.com/uae-ambassador-presents-credentials-to-prince-of-monaco/" "Mozilla/5.0 AppleWebKit/537.36 (KHTML, like Gecko; compatible; GPTBot/1.3; +https://openai.com/gptbot)"
162.213.253.84 - - [02/Mar/2026:14:45:48 -0500] "POST /wp-cron.php?doing_wp_cron=1772480748.0697889328002929687500 HTTP/1.1" 200 0 "-" "WordPress/6.8.1; http://www.middleeastoday.com"
74.7.243.195 - - [02/Mar/2026:14:46:14 -0500] "GET /the-bmw-xm-label-red-with-an-electrified-drive-system-launched/ HTTP/1.1" 200 21685 "http://www.middleeastoday.com/?p=9964" "Mozilla/5.0 AppleWebKit/537.36 (KHTML, like Gecko; compatible; GPTBot/1.3; +https://openai.com/gptbot)"
74.7.243.195 - - [02/Mar/2026:14:46:26 -0500] "GET /khaled-bin-mohamed-bin-zayed-participates-in-state-funeral-of-former-japanese-prime-minister-shinzo-abe/ HTTP/1.1" 200 20459 "http://www.middleeastoday.com/uae-president-arrives-in-muscat-welcomed-by-sultan-of-oman/" "Mozilla/5.0 AppleWebKit/537.36 (KHTML, like Gecko; compatible; GPTBot/1.3; +https://openai.com/gptbot)"
20.15.133.165 - - [02/Mar/2026:14:46:37 -0500] "GET /robots.txt HTTP/1.1" 200 100 "-" "Mozilla/5.0 AppleWebKit/537.36 (KHTML, like Gecko; compatible; bingbot/2.0; +http://www.bing.com/bingbot.htm) Chrome/116.0.1938.76 Safari/537.36"
40.77.167.143 - - [02/Mar/2026:14:46:41 -0500] "GET /wp-content/uploads/2022/01/Airport-Show-455x300.jpg HTTP/1.1" 200 29526 "-" "Mozilla/5.0 AppleWebKit/537.36 (KHTML, like Gecko; compatible; bingbot/2.0; +http://www.bing.com/bingbot.htm) Chrome/116.0.1938.76 Safari/537.36"
20.15.133.191 - - [02/Mar/2026:14:46:44 -0500] "GET /wp-content/uploads/2022/01/Airport-Show-455x300.jpg HTTP/1.1" 200 29526 "-" "Mozilla/5.0 AppleWebKit/537.36 (KHTML, like Gecko; compatible; bingbot/2.0; +http://www.bing.com/bingbot.htm) Chrome/116.0.1938.76 Safari/537.36"
74.7.243.195 - - [02/Mar/2026:14:46:47 -0500] "GET /sharjah-ramadan-festival-continues-its-exceptional-activities-and-experiences/ HTTP/1.1" 200 22542 "http://www.middleeastoday.com/the-bmw-xm-label-red-with-an-electrified-drive-system-launched/" "Mozilla/5.0 AppleWebKit/537.36 (KHTML, like Gecko; compatible; GPTBot/1.3; +https://openai.com/gptbot)"
74.7.243.195 - - [02/Mar/2026:14:47:02 -0500] "GET /uae-president-receives-malaysian-pm/ HTTP/1.1" 200 20476 "http://www.middleeastoday.com/category/national-news/page/15/" "Mozilla/5.0 AppleWebKit/537.36 (KHTML, like Gecko; compatible; GPTBot/1.3; +https://openai.com/gptbot)"
162.213.253.84 - - [02/Mar/2026:14:47:08 -0500] "POST /wp-cron.php?doing_wp_cron=1772480828.2227900028228759765625 HTTP/1.1" 200 0 "-" "WordPress/6.8.1; http://www.middleeastoday.com"
162.213.253.84 - - [02/Mar/2026:14:47:08 -0500] "POST /wp-admin/admin-ajax.php?action=async_litespeed&nonce=My8kkxquyqe7qFijopgv6Y2OGsDLxa34&litespeed_type=imgoptm HTTP/1.1" 200 21 "-" "WordPress/6.8.1; http://www.middleeastoday.com"
74.7.243.195 - - [02/Mar/2026:14:47:22 -0500] "GET /watch-jewellery-middle-east-show-to-draw-over-400-exhibitors/ HTTP/1.1" 200 20760 "http://www.middleeastoday.com/uae-president-visits-royal-opera-house-muscat/" "Mozilla/5.0 AppleWebKit/537.36 (KHTML, like Gecko; compatible; GPTBot/1.3; +https://openai.com/gptbot)"
162.213.253.84 - - [02/Mar/2026:14:47:19 -0500] "POST /wp-cron.php?doing_wp_cron=1772480839.9232079982757568359375 HTTP/1.1" 200 0 "-" "WordPress/6.8.1; http://www.middleeastoday.com"
74.7.243.195 - - [02/Mar/2026:14:47:19 -0500] "GET /uae-president-receives-president-of-angola-discusses-bilateral-cooperation-issues-of-mutual-concern/ HTTP/1.1" 200 20491 "http://www.middleeastoday.com/bodour-al-qasimi-inaugurates-aus-global-day-a-carnival-of-culture-and-colour/" "Mozilla/5.0 AppleWebKit/537.36 (KHTML, like Gecko; compatible; GPTBot/1.3; +https://openai.com/gptbot)"
74.7.243.195 - - [02/Mar/2026:14:47:30 -0500] "GET /organized-by-the-mohammed-bin-zayed-council-saif-bin-zayed-attends-the-lecture-aging-its-causes-and-the-possibility-of-prevention/ HTTP/1.1" 200 21589 "http://www.middleeastoday.com/the-head-of-state-arrives-in-cairo-on-an-official-visit-and-the-egyptian-president-is-at-the-forefront-of-his-reception/" "Mozilla/5.0 AppleWebKit/537.36 (KHTML, like Gecko; compatible; GPTBot/1.3; +https://openai.com/gptbot)"
