162.213.253.84 - - [02/Mar/2026:14:02:15 -0500] "POST /wp-admin/admin-ajax.php?action=async_litespeed&nonce=KgXaUZpJyfhkmMCQWE5SCkEccMIBuSue&litespeed_type=imgoptm HTTP/1.1" 200 21 "-" "WordPress/6.8.1; http://www.middleeastoday.com"
74.7.243.195 - - [02/Mar/2026:13:58:16 -0500] "GET /ruler-of-dubai-inaugurates-aed1-billion-mohammed-bin-rashid-library/ HTTP/1.1" 200 22485 "http://www.middleeastoday.com/?p=8658" "Mozilla/5.0 AppleWebKit/537.36 (KHTML, like Gecko; compatible; GPTBot/1.3; +https://openai.com/gptbot)"
162.213.253.84 - - [02/Mar/2026:13:58:33 -0500] "POST /wp-cron.php?doing_wp_cron=1772477913.3251600265502929687500 HTTP/1.1" 200 0 "-" "WordPress/6.8.1; http://www.middleeastoday.com"
74.7.243.195 - - [02/Mar/2026:13:58:32 -0500] "GET /?p=8655 HTTP/1.1" 301 0 "http://www.middleeastoday.com/etihad-airways-wins-at-the-apex-passenger-choice-awards-2022/" "Mozilla/5.0 AppleWebKit/537.36 (KHTML, like Gecko; compatible; GPTBot/1.3; +https://openai.com/gptbot)"
74.7.243.195 - - [02/Mar/2026:13:59:05 -0500] "GET /the-second-edition-of-the-world-vape-show-slated-to-take-place-in-dubai/ HTTP/1.1" 200 20379 "http://www.middleeastoday.com/erc-implements-8th-phase-of-campaign-against-eye-disease-in-morocco/" "Mozilla/5.0 AppleWebKit/537.36 (KHTML, like Gecko; compatible; GPTBot/1.3; +https://openai.com/gptbot)"
74.7.243.195 - - [02/Mar/2026:13:59:20 -0500] "GET /?p=8709 HTTP/1.1" 301 0 "http://www.middleeastoday.com/sultan-bin-ahmed-al-qasimi-chairs-53th-uos-board-meeting/" "Mozilla/5.0 AppleWebKit/537.36 (KHTML, like Gecko; compatible; GPTBot/1.3; +https://openai.com/gptbot)"
74.7.243.195 - - [02/Mar/2026:13:59:21 -0500] "GET /sultan-bin-ahmed-al-qasimi-chairs-53th-uos-board-meeting/ HTTP/1.1" 200 20736 "http://www.middleeastoday.com/?p=8709" "Mozilla/5.0 AppleWebKit/537.36 (KHTML, like Gecko; compatible; GPTBot/1.3; +https://openai.com/gptbot)"
162.213.253.84 - - [02/Mar/2026:14:00:01 -0500] "POST /wp-cron.php?doing_wp_cron=1772478001.1617250442504882812500 HTTP/1.1" 200 0 "-" "WordPress/6.8.1; http://www.middleeastoday.com"
95.214.52.207 - - [02/Mar/2026:14:00:00 -0500] "HEAD / HTTP/1.1" 301 0 "-" "Mozilla/5.0 (Macintosh; Intel Mac OS X 10_15_7) AppleWebKit/537.36 (KHTML, like Gecko) Chrome/145.0.0.0 Safari/537.36"
74.7.243.195 - - [02/Mar/2026:14:00:36 -0500] "GET /?p=8591 HTTP/1.1" 301 0 "http://www.middleeastoday.com/uae-president-vp-congratulate-queen-elizabeth-ii-on-70th-anniversary-of-accession-to-throne/" "Mozilla/5.0 AppleWebKit/537.36 (KHTML, like Gecko; compatible; GPTBot/1.3; +https://openai.com/gptbot)"
74.7.243.195 - - [02/Mar/2026:14:01:11 -0500] "GET /greece-to-present-its-expanding-media-industrys-prospects-at-abu-dhabis-global-media-congress/ HTTP/1.1" 200 22133 "http://www.middleeastoday.com/uae-president-vp-congratulate-queen-elizabeth-ii-on-70th-anniversary-of-accession-to-throne/" "Mozilla/5.0 AppleWebKit/537.36 (KHTML, like Gecko; compatible; GPTBot/1.3; +https://openai.com/gptbot)"
216.73.216.24 - - [02/Mar/2026:14:01:19 -0500] "GET /robots.txt HTTP/1.1" 200 100 "-" "Mozilla/5.0 AppleWebKit/537.36 (KHTML, like Gecko; compatible; ClaudeBot/1.0; [email protected])"
216.73.216.24 - - [02/Mar/2026:14:01:19 -0500] "GET /tahnoon-bin-zayed-meets-donald-trump-discusses-strategic-partnership-prospects HTTP/1.1" 301 0 "-" "Mozilla/5.0 AppleWebKit/537.36 (KHTML, like Gecko; compatible; ClaudeBot/1.0; [email protected])"
216.73.216.24 - - [02/Mar/2026:14:01:20 -0500] "GET /tahnoon-bin-zayed-meets-donald-trump-discusses-strategic-partnership-prospects/ HTTP/1.1" 200 21153 "http://www.middleeastoday.com/tahnoon-bin-zayed-meets-donald-trump-discusses-strategic-partnership-prospects" "Mozilla/5.0 AppleWebKit/537.36 (KHTML, like Gecko; compatible; ClaudeBot/1.0; [email protected])"
74.7.243.195 - - [02/Mar/2026:14:01:36 -0500] "GET /sharjah-airport-authority-explores-latest-trends-at-air-cargo-india-2022/ HTTP/1.1" 200 20779 "http://www.middleeastoday.com/uae-president-meets-ruler-of-ajman/" "Mozilla/5.0 AppleWebKit/537.36 (KHTML, like Gecko; compatible; GPTBot/1.3; +https://openai.com/gptbot)"
162.213.253.84 - - [02/Mar/2026:14:02:32 -0500] "POST /wp-cron.php?doing_wp_cron=1772478152.8880629539489746093750 HTTP/1.1" 200 0 "-" "WordPress/6.8.1; http://www.middleeastoday.com"
74.7.243.195 - - [02/Mar/2026:14:02:32 -0500] "GET /?p=8685 HTTP/1.1" 301 0 "http://www.middleeastoday.com/irthi-celebrates-emirati-artistry-at-milan-design-week-2022/" "Mozilla/5.0 AppleWebKit/537.36 (KHTML, like Gecko; compatible; GPTBot/1.3; +https://openai.com/gptbot)"
74.7.243.195 - - [02/Mar/2026:14:02:33 -0500] "GET /irthi-celebrates-emirati-artistry-at-milan-design-week-2022/ HTTP/1.1" 200 21451 "http://www.middleeastoday.com/?p=8685" "Mozilla/5.0 AppleWebKit/537.36 (KHTML, like Gecko; compatible; GPTBot/1.3; +https://openai.com/gptbot)"
216.73.216.24 - - [02/Mar/2026:14:02:37 -0500] "GET /next50-discusses-uae-companies-access-to-investment-opportunities-in-new-economy-sectors HTTP/1.1" 301 0 "-" "Mozilla/5.0 AppleWebKit/537.36 (KHTML, like Gecko; compatible; ClaudeBot/1.0; [email protected])"
216.73.216.24 - - [02/Mar/2026:14:02:37 -0500] "GET /next50-discusses-uae-companies-access-to-investment-opportunities-in-new-economy-sectors/ HTTP/1.1" 200 21593 "http://www.middleeastoday.com/next50-discusses-uae-companies-access-to-investment-opportunities-in-new-economy-sectors" "Mozilla/5.0 AppleWebKit/537.36 (KHTML, like Gecko; compatible; ClaudeBot/1.0; [email protected])"
74.7.243.195 - - [02/Mar/2026:14:02:51 -0500] "GET /dubai-international-chamber-expands-latin-america-presence-with-opening-of-mexico-office/ HTTP/1.1" 200 21281 "http://www.middleeastoday.com/irthi-celebrates-emirati-artistry-at-milan-design-week-2022/" "Mozilla/5.0 AppleWebKit/537.36 (KHTML, like Gecko; compatible; GPTBot/1.3; +https://openai.com/gptbot)"
216.73.216.24 - - [02/Mar/2026:14:03:03 -0500] "GET /author/admin/page/8 HTTP/1.1" 301 0 "-" "Mozilla/5.0 AppleWebKit/537.36 (KHTML, like Gecko; compatible; ClaudeBot/1.0; [email protected])"
216.73.216.24 - - [02/Mar/2026:14:03:03 -0500] "GET /author/admin/page/8/ HTTP/1.1" 200 21308 "http://www.middleeastoday.com/author/admin/page/8" "Mozilla/5.0 AppleWebKit/537.36 (KHTML, like Gecko; compatible; ClaudeBot/1.0; [email protected])"
216.73.216.24 - - [02/Mar/2026:14:03:33 -0500] "GET /author/admin/page/7 HTTP/1.1" 301 0 "-" "Mozilla/5.0 AppleWebKit/537.36 (KHTML, like Gecko; compatible; ClaudeBot/1.0; [email protected])"
74.7.243.195 - - [02/Mar/2026:14:03:40 -0500] "GET /1-9-billion-dirhams-the-actions-of-dubai-real-estate-today/ HTTP/1.1" 200 20418 "http://www.middleeastoday.com/the-head-of-state-and-his-two-deputies-congratulate-the-president-of-tanzania-on-the-occasion-of-union-day/" "Mozilla/5.0 AppleWebKit/537.36 (KHTML, like Gecko; compatible; GPTBot/1.3; +https://openai.com/gptbot)"
74.7.243.195 - - [02/Mar/2026:14:04:09 -0500] "GET /abdullah-bin-zayed-indonesian-foreign-affairs-minister-meet-on-sidelines-of-g20-meetings/ HTTP/1.1" 200 20798 "http://www.middleeastoday.com/sharjahs-historic-buildings-on-isescos-final-list/" "Mozilla/5.0 AppleWebKit/537.36 (KHTML, like Gecko; compatible; GPTBot/1.3; +https://openai.com/gptbot)"
74.7.243.195 - - [02/Mar/2026:14:04:26 -0500] "GET /dubai-customs-wins-three-renowned-ideasuk-2020-awards/ HTTP/1.1" 200 22518 "http://www.middleeastoday.com/mohammed-bin-rashid-approves-dubai-countryside-and-rural-areas-development-master-plan/" "Mozilla/5.0 AppleWebKit/537.36 (KHTML, like Gecko; compatible; GPTBot/1.3; +https://openai.com/gptbot)"
162.213.253.84 - - [02/Mar/2026:14:05:09 -0500] "POST /wp-cron.php?doing_wp_cron=1772478309.0198190212249755859375 HTTP/1.1" 200 0 "-" "WordPress/6.8.1; http://www.middleeastoday.com"
74.7.243.195 - - [02/Mar/2026:14:05:08 -0500] "GET /?p=8641 HTTP/1.1" 301 0 "http://www.middleeastoday.com/the-second-edition-of-the-world-vape-show-slated-to-take-place-in-dubai/" "Mozilla/5.0 AppleWebKit/537.36 (KHTML, like Gecko; compatible; GPTBot/1.3; +https://openai.com/gptbot)"
222.253.110.184 - - [02/Mar/2026:14:05:15 -0500] "GET http://www.middleeastoday.com/category/travel-tourism/page/6/ HTTP/1.1" 200 24231 "-" "Mozilla/5.0 (Windows NT 6.1; Win64; x64) AppleWebKit/537.36 (KHTML, like Gecko) Chrome/80.0.3987.132 Safari/537.36"
74.7.243.195 - - [02/Mar/2026:14:05:18 -0500] "GET /uae-uzbekistan-governments-expand-strategic-partnership-for-three-years/ HTTP/1.1" 200 20700 "http://www.middleeastoday.com/the-second-edition-of-the-world-vape-show-slated-to-take-place-in-dubai/" "Mozilla/5.0 AppleWebKit/537.36 (KHTML, like Gecko; compatible; GPTBot/1.3; +https://openai.com/gptbot)"
162.213.253.84 - - [02/Mar/2026:14:02:33 -0500] "POST /wp-admin/admin-ajax.php?action=async_litespeed&nonce=vMJhwI1mAT16t9eFMBfh5gBohMPfAc0F&litespeed_type=imgoptm HTTP/1.1" 200 21 "-" "WordPress/6.8.1; http://www.middleeastoday.com"
74.7.243.195 - - [02/Mar/2026:14:03:13 -0500] "GET /etihad-airways-returns-to-beijing/ HTTP/1.1" 200 20484 "http://www.middleeastoday.com/jewels-of-emirates-show-attracts-100-exhibitors-more-than-20-uae-and-international-designers/" "Mozilla/5.0 AppleWebKit/537.36 (KHTML, like Gecko; compatible; GPTBot/1.3; +https://openai.com/gptbot)"
216.73.216.24 - - [02/Mar/2026:14:03:33 -0500] "GET /author/admin/page/7/ HTTP/1.1" 200 21107 "http://www.middleeastoday.com/author/admin/page/7" "Mozilla/5.0 AppleWebKit/537.36 (KHTML, like Gecko; compatible; ClaudeBot/1.0; [email protected])"
74.7.243.195 - - [02/Mar/2026:14:04:51 -0500] "GET /salute-bella-ladies-night/ HTTP/1.1" 200 20448 "http://www.middleeastoday.com/arada-launches-robinia-third-residential-phase-of-sharjahs-forest-community-masaar/" "Mozilla/5.0 AppleWebKit/537.36 (KHTML, like Gecko; compatible; GPTBot/1.3; +https://openai.com/gptbot)"
74.7.243.195 - - [02/Mar/2026:14:05:09 -0500] "GET /the-second-edition-of-the-world-vape-show-slated-to-take-place-in-dubai/ HTTP/1.1" 200 20379 "http://www.middleeastoday.com/?p=8641" "Mozilla/5.0 AppleWebKit/537.36 (KHTML, like Gecko; compatible; GPTBot/1.3; +https://openai.com/gptbot)"
162.213.253.84 - - [02/Mar/2026:14:05:31 -0500] "POST /wp-cron.php?doing_wp_cron=1772478331.6957759857177734375000 HTTP/1.1" 200 0 "-" "WordPress/6.8.1; http://www.middleeastoday.com"
74.7.243.195 - - [02/Mar/2026:14:05:31 -0500] "GET /?p=8718 HTTP/1.1" 301 0 "http://www.middleeastoday.com/hebany-group-takes-part-in-madrid-business-summit/" "Mozilla/5.0 AppleWebKit/537.36 (KHTML, like Gecko; compatible; GPTBot/1.3; +https://openai.com/gptbot)"
74.7.243.195 - - [02/Mar/2026:14:05:31 -0500] "GET /hebany-group-takes-part-in-madrid-business-summit/ HTTP/1.1" 200 20690 "http://www.middleeastoday.com/?p=8718" "Mozilla/5.0 AppleWebKit/537.36 (KHTML, like Gecko; compatible; GPTBot/1.3; +https://openai.com/gptbot)"
162.213.253.84 - - [02/Mar/2026:14:05:32 -0500] "POST /wp-admin/admin-ajax.php?action=async_litespeed&nonce=vEa8umbxrVXdFkqJawjuS1OfNWTXL5HP&litespeed_type=imgoptm HTTP/1.1" 200 21 "-" "WordPress/6.8.1; http://www.middleeastoday.com"
162.213.253.84 - - [02/Mar/2026:14:06:01 -0500] "POST /wp-cron.php?doing_wp_cron=1772478361.9200038909912109375000 HTTP/1.1" 200 0 "-" "WordPress/6.8.1; http://www.middleeastoday.com"
74.7.243.195 - - [02/Mar/2026:14:06:01 -0500] "GET /?p=8661 HTTP/1.1" 301 0 "http://www.middleeastoday.com/uae-tajikistan-relations-steadily-developing-ambassador/" "Mozilla/5.0 AppleWebKit/537.36 (KHTML, like Gecko; compatible; GPTBot/1.3; +https://openai.com/gptbot)"
74.7.243.195 - - [02/Mar/2026:14:06:02 -0500] "GET /uae-tajikistan-relations-steadily-developing-ambassador/ HTTP/1.1" 200 20786 "http://www.middleeastoday.com/?p=8661" "Mozilla/5.0 AppleWebKit/537.36 (KHTML, like Gecko; compatible; GPTBot/1.3; +https://openai.com/gptbot)"
74.7.243.195 - - [02/Mar/2026:14:06:26 -0500] "GET /etihad-launches-five-summer-services-growing-network-to-over-70-destinations/ HTTP/1.1" 200 20409 "http://www.middleeastoday.com/uae-president-receives-president-of-rwanda/" "Mozilla/5.0 AppleWebKit/537.36 (KHTML, like Gecko; compatible; GPTBot/1.3; +https://openai.com/gptbot)"
74.7.243.195 - - [02/Mar/2026:14:06:46 -0500] "GET /?p=8587 HTTP/1.1" 301 0 "http://www.middleeastoday.com/greece-to-present-its-expanding-media-industrys-prospects-at-abu-dhabis-global-media-congress/" "Mozilla/5.0 AppleWebKit/537.36 (KHTML, like Gecko; compatible; GPTBot/1.3; +https://openai.com/gptbot)"
74.7.243.195 - - [02/Mar/2026:14:06:47 -0500] "GET /greece-to-present-its-expanding-media-industrys-prospects-at-abu-dhabis-global-media-congress/ HTTP/1.1" 200 22133 "http://www.middleeastoday.com/?p=8587" "Mozilla/5.0 AppleWebKit/537.36 (KHTML, like Gecko; compatible; GPTBot/1.3; +https://openai.com/gptbot)"
162.213.253.84 - - [02/Mar/2026:14:06:48 -0500] "POST /wp-admin/admin-ajax.php?action=async_litespeed&nonce=pvec4wH3FO312So04D6TEfdCQabiAXIc&litespeed_type=imgoptm HTTP/1.1" 200 21 "-" "WordPress/6.8.1; http://www.middleeastoday.com"
162.213.253.84 - - [02/Mar/2026:14:07:28 -0500] "POST /wp-admin/admin-ajax.php?action=async_litespeed&nonce=A9LKboa0VTyAGJWX1bOCDvYWqTNeJclj&litespeed_type=imgoptm HTTP/1.1" 200 21 "-" "WordPress/6.8.1; http://www.middleeastoday.com"
74.7.243.195 - - [02/Mar/2026:14:08:08 -0500] "GET /hatta-resorts-hatta-wadi-hub-set-new-records-with-200000-visitors/ HTTP/1.1" 200 20594 "http://www.middleeastoday.com/dubai-silicon-oasis-to-host-its-first-e-sports-event-in-october/" "Mozilla/5.0 AppleWebKit/537.36 (KHTML, like Gecko; compatible; GPTBot/1.3; +https://openai.com/gptbot)"
162.213.253.84 - - [02/Mar/2026:14:08:27 -0500] "POST /wp-cron.php?doing_wp_cron=1772478507.2323200702667236328125 HTTP/1.1" 200 0 "-" "WordPress/6.8.1; http://www.middleeastoday.com"
74.7.243.195 - - [02/Mar/2026:14:08:27 -0500] "GET /dubai-international-chamber-expands-latin-america-presence-with-opening-of-mexico-office/ HTTP/1.1" 200 21281 "http://www.middleeastoday.com/?p=8682" "Mozilla/5.0 AppleWebKit/537.36 (KHTML, like Gecko; compatible; GPTBot/1.3; +https://openai.com/gptbot)"
162.213.253.84 - - [02/Mar/2026:14:08:27 -0500] "POST /wp-admin/admin-ajax.php?action=async_litespeed&nonce=m99A6TlCcwcpXAiBKE1W8gBy78taKitB&litespeed_type=imgoptm HTTP/1.1" 200 21 "-" "WordPress/6.8.1; http://www.middleeastoday.com"
74.7.243.195 - - [02/Mar/2026:14:09:01 -0500] "GET /?p=8768 HTTP/1.1" 301 0 "http://www.middleeastoday.com/etihad-airways-returns-to-beijing/" "Mozilla/5.0 AppleWebKit/537.36 (KHTML, like Gecko; compatible; GPTBot/1.3; +https://openai.com/gptbot)"
74.7.243.195 - - [02/Mar/2026:14:09:22 -0500] "GET /?p=9988 HTTP/1.1" 301 0 "http://www.middleeastoday.com/1-9-billion-dirhams-the-actions-of-dubai-real-estate-today/" "Mozilla/5.0 AppleWebKit/537.36 (KHTML, like Gecko; compatible; GPTBot/1.3; +https://openai.com/gptbot)"
74.7.243.195 - - [02/Mar/2026:14:09:22 -0500] "GET /1-9-billion-dirhams-the-actions-of-dubai-real-estate-today/ HTTP/1.1" 200 20418 "http://www.middleeastoday.com/?p=9988" "Mozilla/5.0 AppleWebKit/537.36 (KHTML, like Gecko; compatible; GPTBot/1.3; +https://openai.com/gptbot)"
162.213.253.84 - - [02/Mar/2026:14:09:23 -0500] "POST /wp-admin/admin-ajax.php?action=async_litespeed&nonce=UvkyDhMJWI1iUHZ2mXRmEQNGUwxuBJQe&litespeed_type=imgoptm HTTP/1.1" 200 21 "-" "WordPress/6.8.1; http://www.middleeastoday.com"
162.213.253.84 - - [02/Mar/2026:14:09:28 -0500] "POST /wp-cron.php?doing_wp_cron=1772478568.7957448959350585937500 HTTP/1.1" 200 0 "-" "WordPress/6.8.1; http://www.middleeastoday.com"
216.73.216.24 - - [02/Mar/2026:14:09:28 -0500] "GET /author/admin/page/9 HTTP/1.1" 301 0 "-" "Mozilla/5.0 AppleWebKit/537.36 (KHTML, like Gecko; compatible; ClaudeBot/1.0; [email protected])"
216.73.216.24 - - [02/Mar/2026:14:09:28 -0500] "GET /author/admin/page/9/ HTTP/1.1" 200 21548 "http://www.middleeastoday.com/author/admin/page/9" "Mozilla/5.0 AppleWebKit/537.36 (KHTML, like Gecko; compatible; ClaudeBot/1.0; [email protected])"
162.213.253.84 - - [02/Mar/2026:14:06:47 -0500] "POST /wp-cron.php?doing_wp_cron=1772478407.4100100994110107421875 HTTP/1.1" 200 0 "-" "WordPress/6.8.1; http://www.middleeastoday.com"
74.7.243.195 - - [02/Mar/2026:14:07:10 -0500] "GET /adnoc-ls-acquires-3-additional-new-build-lng-vessels/ HTTP/1.1" 200 20949 "http://www.middleeastoday.com/greece-to-present-its-expanding-media-industrys-prospects-at-abu-dhabis-global-media-congress/" "Mozilla/5.0 AppleWebKit/537.36 (KHTML, like Gecko; compatible; GPTBot/1.3; +https://openai.com/gptbot)"
162.213.253.84 - - [02/Mar/2026:14:07:28 -0500] "POST /wp-cron.php?doing_wp_cron=1772478448.2986030578613281250000 HTTP/1.1" 200 0 "-" "WordPress/6.8.1; http://www.middleeastoday.com"
74.7.243.195 - - [02/Mar/2026:14:07:27 -0500] "GET /?p=8581 HTTP/1.1" 301 0 "http://www.middleeastoday.com/sharjah-airport-authority-explores-latest-trends-at-air-cargo-india-2022/" "Mozilla/5.0 AppleWebKit/537.36 (KHTML, like Gecko; compatible; GPTBot/1.3; +https://openai.com/gptbot)"
74.7.243.195 - - [02/Mar/2026:14:07:28 -0500] "GET /sharjah-airport-authority-explores-latest-trends-at-air-cargo-india-2022/ HTTP/1.1" 200 20779 "http://www.middleeastoday.com/?p=8581" "Mozilla/5.0 AppleWebKit/537.36 (KHTML, like Gecko; compatible; GPTBot/1.3; +https://openai.com/gptbot)"
74.7.243.195 - - [02/Mar/2026:14:07:46 -0500] "GET /jewels-of-emirates-show-shines-with-display-of-innovations-by-20-emirati-female-designers/ HTTP/1.1" 200 20934 "http://www.middleeastoday.com/dragon-oil-signs-extension-of-partnership-contract-in-turkmenistan-for-ten-additional-years/" "Mozilla/5.0 AppleWebKit/537.36 (KHTML, like Gecko; compatible; GPTBot/1.3; +https://openai.com/gptbot)"
43.135.148.92 - - [02/Mar/2026:14:08:12 -0500] "GET / HTTP/1.1" 200 38598 "-" "Mozilla/5.0 (iPhone; CPU iPhone OS 13_2_3 like Mac OS X) AppleWebKit/605.1.15 (KHTML, like Gecko) Version/13.0.3 Mobile/15E148 Safari/604.1"
74.7.243.195 - - [02/Mar/2026:14:08:26 -0500] "GET /?p=8682 HTTP/1.1" 301 0 "http://www.middleeastoday.com/dubai-international-chamber-expands-latin-america-presence-with-opening-of-mexico-office/" "Mozilla/5.0 AppleWebKit/537.36 (KHTML, like Gecko; compatible; GPTBot/1.3; +https://openai.com/gptbot)"
85.208.96.197 - - [02/Mar/2026:14:08:29 -0500] "GET /vasu-jit-kalia-honored-as-celebrity-media-strategist-at-leadership-excellence-awards/ HTTP/1.1" 200 23483 "-" "Mozilla/5.0 (compatible; SemrushBot/7~bl; +http://www.semrush.com/bot.html)"
162.213.253.84 - - [02/Mar/2026:14:09:01 -0500] "POST /wp-cron.php?doing_wp_cron=1772478541.8811459541320800781250 HTTP/1.1" 200 0 "-" "WordPress/6.8.1; http://www.middleeastoday.com"
74.7.243.195 - - [02/Mar/2026:14:09:02 -0500] "GET /etihad-airways-returns-to-beijing/ HTTP/1.1" 200 20484 "http://www.middleeastoday.com/?p=8768" "Mozilla/5.0 AppleWebKit/537.36 (KHTML, like Gecko; compatible; GPTBot/1.3; +https://openai.com/gptbot)"
162.213.253.84 - - [02/Mar/2026:14:09:22 -0500] "POST /wp-cron.php?doing_wp_cron=1772478562.6115939617156982421875 HTTP/1.1" 200 0 "-" "WordPress/6.8.1; http://www.middleeastoday.com"
54.39.136.215 - - [02/Mar/2026:14:09:36 -0500] "GET /kerala-offers-huge-investment-avenues-in-tourism-sector-tourism-minister/ HTTP/1.1" 200 20758 "-" "Mozilla/5.0 (compatible; AhrefsBot/7.0; +http://ahrefs.com/robot/)"
74.7.243.195 - - [02/Mar/2026:14:10:16 -0500] "GET /?p=9568 HTTP/1.1" 301 0 "http://www.middleeastoday.com/dubai-customs-wins-three-renowned-ideasuk-2020-awards/" "Mozilla/5.0 AppleWebKit/537.36 (KHTML, like Gecko; compatible; GPTBot/1.3; +https://openai.com/gptbot)"
74.7.243.195 - - [02/Mar/2026:14:10:25 -0500] "GET /?p=8620 HTTP/1.1" 301 0 "http://www.middleeastoday.com/salute-bella-ladies-night/" "Mozilla/5.0 AppleWebKit/537.36 (KHTML, like Gecko; compatible; GPTBot/1.3; +https://openai.com/gptbot)"
74.7.243.195 - - [02/Mar/2026:14:09:45 -0500] "GET /damac-knowledge-fund-establishment-sign-agreement-to-support-dubai-schools-project/ HTTP/1.1" 200 21761 "http://www.middleeastoday.com/dubai-international-chamber-expands-latin-america-presence-with-opening-of-mexico-office/" "Mozilla/5.0 AppleWebKit/537.36 (KHTML, like Gecko; compatible; GPTBot/1.3; +https://openai.com/gptbot)"
74.7.243.195 - - [02/Mar/2026:14:09:56 -0500] "GET /?p=8810 HTTP/1.1" 301 0 "http://www.middleeastoday.com/abdullah-bin-zayed-indonesian-foreign-affairs-minister-meet-on-sidelines-of-g20-meetings/" "Mozilla/5.0 AppleWebKit/537.36 (KHTML, like Gecko; compatible; GPTBot/1.3; +https://openai.com/gptbot)"
74.7.243.195 - - [02/Mar/2026:14:09:57 -0500] "GET /abdullah-bin-zayed-indonesian-foreign-affairs-minister-meet-on-sidelines-of-g20-meetings/ HTTP/1.1" 200 20798 "http://www.middleeastoday.com/?p=8810" "Mozilla/5.0 AppleWebKit/537.36 (KHTML, like Gecko; compatible; GPTBot/1.3; +https://openai.com/gptbot)"
74.7.243.195 - - [02/Mar/2026:14:10:17 -0500] "GET /dubai-customs-wins-three-renowned-ideasuk-2020-awards/ HTTP/1.1" 200 22518 "http://www.middleeastoday.com/?p=9568" "Mozilla/5.0 AppleWebKit/537.36 (KHTML, like Gecko; compatible; GPTBot/1.3; +https://openai.com/gptbot)"
162.213.253.84 - - [02/Mar/2026:14:10:25 -0500] "POST /wp-cron.php?doing_wp_cron=1772478625.8163459300994873046875 HTTP/1.1" 200 0 "-" "WordPress/6.8.1; http://www.middleeastoday.com"
74.7.243.195 - - [02/Mar/2026:14:10:25 -0500] "GET /salute-bella-ladies-night/ HTTP/1.1" 200 20448 "http://www.middleeastoday.com/?p=8620" "Mozilla/5.0 AppleWebKit/537.36 (KHTML, like Gecko; compatible; GPTBot/1.3; +https://openai.com/gptbot)"
162.213.253.84 - - [02/Mar/2026:14:10:26 -0500] "POST /wp-admin/admin-ajax.php?action=async_litespeed&nonce=dnLbij3nZlQGUqhzEzOM1l1upoPnzCwb&litespeed_type=imgoptm HTTP/1.1" 200 21 "-" "WordPress/6.8.1; http://www.middleeastoday.com"
162.213.253.84 - - [02/Mar/2026:14:10:38 -0500] "POST /wp-cron.php?doing_wp_cron=1772478638.7683510780334472656250 HTTP/1.1" 200 0 "-" "WordPress/6.8.1; http://www.middleeastoday.com"
74.7.243.195 - - [02/Mar/2026:14:10:38 -0500] "GET /?p=8638 HTTP/1.1" 301 0 "http://www.middleeastoday.com/uae-uzbekistan-governments-expand-strategic-partnership-for-three-years/" "Mozilla/5.0 AppleWebKit/537.36 (KHTML, like Gecko; compatible; GPTBot/1.3; +https://openai.com/gptbot)"
74.7.243.195 - - [02/Mar/2026:14:11:11 -0500] "GET /abdullah-bin-zayed-lauds-saudi-arabia-for-evacuating-uae-citizens-from-sudan/ HTTP/1.1" 200 20048 "http://www.middleeastoday.com/1-9-billion-dirhams-the-actions-of-dubai-real-estate-today/" "Mozilla/5.0 AppleWebKit/537.36 (KHTML, like Gecko; compatible; GPTBot/1.3; +https://openai.com/gptbot)"
74.7.243.195 - - [02/Mar/2026:14:11:18 -0500] "GET /uae-president-vp-congratulate-king-abdullah-of-jordan-on-accession-to-throne-day/ HTTP/1.1" 200 19912 "http://www.middleeastoday.com/salute-bella-ladies-night/" "Mozilla/5.0 AppleWebKit/537.36 (KHTML, like Gecko; compatible; GPTBot/1.3; +https://openai.com/gptbot)"
162.213.253.84 - - [02/Mar/2026:14:11:33 -0500] "POST /wp-cron.php?doing_wp_cron=1772478693.2089619636535644531250 HTTP/1.1" 200 0 "-" "WordPress/6.8.1; http://www.middleeastoday.com"
74.7.243.195 - - [02/Mar/2026:14:11:32 -0500] "GET /?p=8676 HTTP/1.1" 301 0 "http://www.middleeastoday.com/etihad-launches-five-summer-services-growing-network-to-over-70-destinations/" "Mozilla/5.0 AppleWebKit/537.36 (KHTML, like Gecko; compatible; GPTBot/1.3; +https://openai.com/gptbot)"
74.7.243.195 - - [02/Mar/2026:14:11:33 -0500] "GET /etihad-launches-five-summer-services-growing-network-to-over-70-destinations/ HTTP/1.1" 200 20409 "http://www.middleeastoday.com/?p=8676" "Mozilla/5.0 AppleWebKit/537.36 (KHTML, like Gecko; compatible; GPTBot/1.3; +https://openai.com/gptbot)"
162.213.253.84 - - [02/Mar/2026:14:11:33 -0500] "POST /wp-admin/admin-ajax.php?action=async_litespeed&nonce=TQTIMbUhHEvmkkSQPhNFPXNhHSiJxrYa&litespeed_type=imgoptm HTTP/1.1" 200 21 "-" "WordPress/6.8.1; http://www.middleeastoday.com"
162.213.253.84 - - [02/Mar/2026:14:12:10 -0500] "POST /wp-cron.php?doing_wp_cron=1772478730.1036839485168457031250 HTTP/1.1" 200 0 "-" "WordPress/6.8.1; http://www.middleeastoday.com"
74.7.243.195 - - [02/Mar/2026:14:12:09 -0500] "GET /?p=8584 HTTP/1.1" 301 0 "http://www.middleeastoday.com/adnoc-ls-acquires-3-additional-new-build-lng-vessels/" "Mozilla/5.0 AppleWebKit/537.36 (KHTML, like Gecko; compatible; GPTBot/1.3; +https://openai.com/gptbot)"
74.7.243.195 - - [02/Mar/2026:14:12:10 -0500] "GET /adnoc-ls-acquires-3-additional-new-build-lng-vessels/ HTTP/1.1" 200 20949 "http://www.middleeastoday.com/?p=8584" "Mozilla/5.0 AppleWebKit/537.36 (KHTML, like Gecko; compatible; GPTBot/1.3; +https://openai.com/gptbot)"
74.7.243.195 - - [02/Mar/2026:14:12:17 -0500] "GET /mohammed-bin-rashid-announces-opening-of-expo-city-dubai-in-october-2022/ HTTP/1.1" 200 21781 "http://www.middleeastoday.com/?p=8718" "Mozilla/5.0 AppleWebKit/537.36 (KHTML, like Gecko; compatible; GPTBot/1.3; +https://openai.com/gptbot)"
74.7.243.195 - - [02/Mar/2026:14:12:20 -0500] "GET /?p=8790 HTTP/1.1" 301 0 "http://www.middleeastoday.com/jewels-of-emirates-show-shines-with-display-of-innovations-by-20-emirati-female-designers/" "Mozilla/5.0 AppleWebKit/537.36 (KHTML, like Gecko; compatible; GPTBot/1.3; +https://openai.com/gptbot)"
74.7.243.195 - - [02/Mar/2026:14:12:21 -0500] "GET /jewels-of-emirates-show-shines-with-display-of-innovations-by-20-emirati-female-designers/ HTTP/1.1" 200 20934 "http://www.middleeastoday.com/?p=8790" "Mozilla/5.0 AppleWebKit/537.36 (KHTML, like Gecko; compatible; GPTBot/1.3; +https://openai.com/gptbot)"
162.213.253.84 - - [02/Mar/2026:14:12:32 -0500] "POST /wp-cron.php?doing_wp_cron=1772478752.1735329627990722656250 HTTP/1.1" 200 0 "-" "WordPress/6.8.1; http://www.middleeastoday.com"
162.213.253.84 - - [02/Mar/2026:14:12:32 -0500] "POST /wp-admin/admin-ajax.php?action=async_litespeed&nonce=UJqb29M5QTjUCDHF0PL6fSEr8adzxHaO&litespeed_type=imgoptm HTTP/1.1" 200 21 "-" "WordPress/6.8.1; http://www.middleeastoday.com"
74.7.243.195 - - [02/Mar/2026:14:13:18 -0500] "GET /dubai-multi-commodities-centre-reports-its-best-ever-h1-performance-registering-1469-new-companies/ HTTP/1.1" 200 21213 "http://www.middleeastoday.com/uae-foreign-minister-cypriot-counterpart-discuss-developing-ties/" "Mozilla/5.0 AppleWebKit/537.36 (KHTML, like Gecko; compatible; GPTBot/1.3; +https://openai.com/gptbot)"
74.7.243.195 - - [02/Mar/2026:14:13:27 -0500] "GET /graduating-class-of-2022-at-mbru-to-be-named-class-of-khalifa-in-memory-of-late-uae-president/ HTTP/1.1" 200 21331 "http://www.middleeastoday.com/uae-president-vp-preside-over-swearing-in-of-newly-appointed-ministers-of-state/" "Mozilla/5.0 AppleWebKit/537.36 (KHTML, like Gecko; compatible; GPTBot/1.3; +https://openai.com/gptbot)"
74.7.243.195 - - [02/Mar/2026:14:13:46 -0500] "GET /damac-knowledge-fund-establishment-sign-agreement-to-support-dubai-schools-project/ HTTP/1.1" 200 21761 "http://www.middleeastoday.com/?p=8679" "Mozilla/5.0 AppleWebKit/537.36 (KHTML, like Gecko; compatible; GPTBot/1.3; +https://openai.com/gptbot)"
74.7.243.195 - - [02/Mar/2026:14:14:10 -0500] "GET /saint-laurent-blaze/ HTTP/1.1" 200 19935 "http://www.middleeastoday.com/uae-president-receives-prime-minister-of-italy/" "Mozilla/5.0 AppleWebKit/537.36 (KHTML, like Gecko; compatible; GPTBot/1.3; +https://openai.com/gptbot)"
74.7.243.195 - - [02/Mar/2026:14:14:16 -0500] "GET /dubai-health-authority-awarded-2021s-hamdan-bin-mohammed-programme-for-government-services-flag-for-pioneering-dubai-health-shield-initiative/ HTTP/1.1" 200 21696 "http://www.middleeastoday.com/uae-president-king-of-jordan-discuss-brotherly-relations-cooperation-and-joint-action/" "Mozilla/5.0 AppleWebKit/537.36 (KHTML, like Gecko; compatible; GPTBot/1.3; +https://openai.com/gptbot)"
74.7.243.195 - - [02/Mar/2026:14:10:38 -0500] "GET /uae-uzbekistan-governments-expand-strategic-partnership-for-three-years/ HTTP/1.1" 200 20700 "http://www.middleeastoday.com/?p=8638" "Mozilla/5.0 AppleWebKit/537.36 (KHTML, like Gecko; compatible; GPTBot/1.3; +https://openai.com/gptbot)"
102.133.161.83 - - [02/Mar/2026:14:11:41 -0500] "GET /wp-content/uploads/2022/03/Chocolate-Bowl-1-850x560.jpeg HTTP/1.1" 200 57053 "-" "Mozilla/5.0 (compatible; BingIndexCrawler/1.0)"
74.7.243.195 - - [02/Mar/2026:14:11:48 -0500] "GET /dubai-chamber-strengthens-partnership-with-dubai-land-department/ HTTP/1.1" 200 20728 "http://www.middleeastoday.com/uae-uzbekistan-governments-expand-strategic-partnership-for-three-years/" "Mozilla/5.0 AppleWebKit/537.36 (KHTML, like Gecko; compatible; GPTBot/1.3; +https://openai.com/gptbot)"
74.7.243.195 - - [02/Mar/2026:14:12:31 -0500] "GET /?p=8771 HTTP/1.1" 301 0 "http://www.middleeastoday.com/hatta-resorts-hatta-wadi-hub-set-new-records-with-200000-visitors/" "Mozilla/5.0 AppleWebKit/537.36 (KHTML, like Gecko; compatible; GPTBot/1.3; +https://openai.com/gptbot)"
74.7.243.195 - - [02/Mar/2026:14:12:32 -0500] "GET /hatta-resorts-hatta-wadi-hub-set-new-records-with-200000-visitors/ HTTP/1.1" 200 20594 "http://www.middleeastoday.com/?p=8771" "Mozilla/5.0 AppleWebKit/537.36 (KHTML, like Gecko; compatible; GPTBot/1.3; +https://openai.com/gptbot)"
74.7.243.195 - - [02/Mar/2026:14:13:09 -0500] "GET /sharjah-ruler-inaugurates-5th-combined-gulf-cancer-conference/ HTTP/1.1" 200 20905 "http://www.middleeastoday.com/dubai-customs-wins-three-renowned-ideasuk-2020-awards/" "Mozilla/5.0 AppleWebKit/537.36 (KHTML, like Gecko; compatible; GPTBot/1.3; +https://openai.com/gptbot)"
74.7.243.195 - - [02/Mar/2026:14:13:45 -0500] "GET /?p=8679 HTTP/1.1" 301 0 "http://www.middleeastoday.com/damac-knowledge-fund-establishment-sign-agreement-to-support-dubai-schools-project/" "Mozilla/5.0 AppleWebKit/537.36 (KHTML, like Gecko; compatible; GPTBot/1.3; +https://openai.com/gptbot)"
74.7.243.195 - - [02/Mar/2026:14:14:21 -0500] "GET /uaeu-board-of-trustees-holds-its-first-meeting-of-academic-year-2022-2023/ HTTP/1.1" 200 20552 "http://www.middleeastoday.com/buckingham-palace-announces-death-of-queen-elizabeth-ii/" "Mozilla/5.0 AppleWebKit/537.36 (KHTML, like Gecko; compatible; GPTBot/1.3; +https://openai.com/gptbot)"
74.7.243.195 - - [02/Mar/2026:14:14:58 -0500] "GET /wp-json/wp/v2/posts/8685 HTTP/1.1" 200 5900 "http://www.middleeastoday.com/irthi-celebrates-emirati-artistry-at-milan-design-week-2022/" "Mozilla/5.0 AppleWebKit/537.36 (KHTML, like Gecko; compatible; GPTBot/1.3; +https://openai.com/gptbot)"
162.213.253.84 - - [02/Mar/2026:14:14:59 -0500] "POST /wp-admin/admin-ajax.php?action=async_litespeed&nonce=X0fRPfRUratQgnDWw93CtvXsaB4aizyo&litespeed_type=imgoptm HTTP/1.1" 200 21 "-" "WordPress/6.8.1; http://www.middleeastoday.com"
52.167.144.25 - - [02/Mar/2026:14:15:08 -0500] "GET /wp-content/uploads/2023/01/MBR-300x200.jpg HTTP/1.1" 200 13729 "-" "Mozilla/5.0 AppleWebKit/537.36 (KHTML, like Gecko; compatible; bingbot/2.0; +http://www.bing.com/bingbot.htm) Chrome/116.0.1938.76 Safari/537.36"
162.213.253.84 - - [02/Mar/2026:14:15:10 -0500] "POST /wp-cron.php?doing_wp_cron=1772478910.2219069004058837890625 HTTP/1.1" 200 0 "-" "WordPress/6.8.1; http://www.middleeastoday.com"
74.7.243.195 - - [02/Mar/2026:14:15:33 -0500] "GET /emirates-to-expand-global-network-with-launch-of-services-to-montreal-in-july/ HTTP/1.1" 200 21758 "http://www.middleeastoday.com/abdullah-bin-zayed-lauds-saudi-arabia-for-evacuating-uae-citizens-from-sudan/" "Mozilla/5.0 AppleWebKit/537.36 (KHTML, like Gecko; compatible; GPTBot/1.3; +https://openai.com/gptbot)"
74.7.243.195 - - [02/Mar/2026:14:16:00 -0500] "GET /dubai-chamber-strengthens-partnership-with-dubai-land-department/ HTTP/1.1" 200 20728 "http://www.middleeastoday.com/?p=8635" "Mozilla/5.0 AppleWebKit/537.36 (KHTML, like Gecko; compatible; GPTBot/1.3; +https://openai.com/gptbot)"
74.7.243.195 - - [02/Mar/2026:14:14:26 -0500] "GET /dubais-tourism-recovery-sees-city-welcoming-6-17-million-international-visitors-from-january-may-2022/ HTTP/1.1" 200 22362 "http://www.middleeastoday.com/uae-president-king-of-jordan-discuss-brotherly-relations-cooperation-and-joint-action/" "Mozilla/5.0 AppleWebKit/537.36 (KHTML, like Gecko; compatible; GPTBot/1.3; +https://openai.com/gptbot)"
162.213.253.84 - - [02/Mar/2026:14:14:58 -0500] "POST /wp-cron.php?doing_wp_cron=1772478898.6796278953552246093750 HTTP/1.1" 200 0 "-" "WordPress/6.8.1; http://www.middleeastoday.com"
74.7.243.195 - - [02/Mar/2026:14:15:09 -0500] "GET /?p=9986 HTTP/1.1" 301 0 "http://www.middleeastoday.com/abdullah-bin-zayed-lauds-saudi-arabia-for-evacuating-uae-citizens-from-sudan/" "Mozilla/5.0 AppleWebKit/537.36 (KHTML, like Gecko; compatible; GPTBot/1.3; +https://openai.com/gptbot)"
74.7.243.195 - - [02/Mar/2026:14:15:10 -0500] "GET /abdullah-bin-zayed-lauds-saudi-arabia-for-evacuating-uae-citizens-from-sudan/ HTTP/1.1" 200 20048 "http://www.middleeastoday.com/?p=9986" "Mozilla/5.0 AppleWebKit/537.36 (KHTML, like Gecko; compatible; GPTBot/1.3; +https://openai.com/gptbot)"
74.7.243.195 - - [02/Mar/2026:14:15:18 -0500] "GET /?p=8623 HTTP/1.1" 301 0 "http://www.middleeastoday.com/uae-president-vp-congratulate-king-abdullah-of-jordan-on-accession-to-throne-day/" "Mozilla/5.0 AppleWebKit/537.36 (KHTML, like Gecko; compatible; GPTBot/1.3; +https://openai.com/gptbot)"
74.7.243.195 - - [02/Mar/2026:14:15:19 -0500] "GET /uae-president-vp-congratulate-king-abdullah-of-jordan-on-accession-to-throne-day/ HTTP/1.1" 200 19912 "http://www.middleeastoday.com/?p=8623" "Mozilla/5.0 AppleWebKit/537.36 (KHTML, like Gecko; compatible; GPTBot/1.3; +https://openai.com/gptbot)"
162.213.253.84 - - [02/Mar/2026:14:16:00 -0500] "POST /wp-cron.php?doing_wp_cron=1772478960.1397869586944580078125 HTTP/1.1" 200 0 "-" "WordPress/6.8.1; http://www.middleeastoday.com"
74.7.243.195 - - [02/Mar/2026:14:15:59 -0500] "GET /?p=8635 HTTP/1.1" 301 0 "http://www.middleeastoday.com/dubai-chamber-strengthens-partnership-with-dubai-land-department/" "Mozilla/5.0 AppleWebKit/537.36 (KHTML, like Gecko; compatible; GPTBot/1.3; +https://openai.com/gptbot)"
162.213.253.84 - - [02/Mar/2026:14:16:00 -0500] "POST /wp-admin/admin-ajax.php?action=async_litespeed&nonce=yu82bEXesymPkS2keuZ5SLKpcczzoYJk&litespeed_type=imgoptm HTTP/1.1" 200 21 "-" "WordPress/6.8.1; http://www.middleeastoday.com"
74.7.243.195 - - [02/Mar/2026:14:16:12 -0500] "GET /?p=8721 HTTP/1.1" 301 0 "http://www.middleeastoday.com/mohammed-bin-rashid-announces-opening-of-expo-city-dubai-in-october-2022/" "Mozilla/5.0 AppleWebKit/537.36 (KHTML, like Gecko; compatible; GPTBot/1.3; +https://openai.com/gptbot)"
74.7.243.195 - - [02/Mar/2026:14:16:19 -0500] "GET /irthi-launches-sijada-collection-at-milan-design-week/ HTTP/1.1" 200 21905 "http://www.middleeastoday.com/dubai-chamber-strengthens-partnership-with-dubai-land-department/" "Mozilla/5.0 AppleWebKit/537.36 (KHTML, like Gecko; compatible; GPTBot/1.3; +https://openai.com/gptbot)"
162.213.253.84 - - [02/Mar/2026:14:16:46 -0500] "POST /wp-cron.php?doing_wp_cron=1772479006.8809359073638916015625 HTTP/1.1" 200 0 "-" "WordPress/6.8.1; http://www.middleeastoday.com"
74.7.243.195 - - [02/Mar/2026:14:16:46 -0500] "GET /?p=9565 HTTP/1.1" 301 0 "http://www.middleeastoday.com/sharjah-ruler-inaugurates-5th-combined-gulf-cancer-conference/" "Mozilla/5.0 AppleWebKit/537.36 (KHTML, like Gecko; compatible; GPTBot/1.3; +https://openai.com/gptbot)"
74.7.243.195 - - [02/Mar/2026:14:16:46 -0500] "GET /sharjah-ruler-inaugurates-5th-combined-gulf-cancer-conference/ HTTP/1.1" 200 20905 "http://www.middleeastoday.com/?p=9565" "Mozilla/5.0 AppleWebKit/537.36 (KHTML, like Gecko; compatible; GPTBot/1.3; +https://openai.com/gptbot)"
162.213.253.84 - - [02/Mar/2026:14:16:47 -0500] "POST /wp-admin/admin-ajax.php?action=async_litespeed&nonce=kfjyfq8RnarePGeAN7fQb5611xxQDbzW&litespeed_type=imgoptm HTTP/1.1" 200 21 "-" "WordPress/6.8.1; http://www.middleeastoday.com"
74.7.243.195 - - [02/Mar/2026:14:16:07 -0500] "GET /khawla-art-and-culture-hosts-a-vibrant-land-exhibition/ HTTP/1.1" 200 20578 "http://www.middleeastoday.com/uae-president-vp-congratulate-king-abdullah-of-jordan-on-accession-to-throne-day/" "Mozilla/5.0 AppleWebKit/537.36 (KHTML, like Gecko; compatible; GPTBot/1.3; +https://openai.com/gptbot)"
162.213.253.84 - - [02/Mar/2026:14:16:12 -0500] "POST /wp-cron.php?doing_wp_cron=1772478972.5687999725341796875000 HTTP/1.1" 200 0 "-" "WordPress/6.8.1; http://www.middleeastoday.com"
74.7.243.195 - - [02/Mar/2026:14:16:12 -0500] "GET /mohammed-bin-rashid-announces-opening-of-expo-city-dubai-in-october-2022/ HTTP/1.1" 200 21781 "http://www.middleeastoday.com/?p=8721" "Mozilla/5.0 AppleWebKit/537.36 (KHTML, like Gecko; compatible; GPTBot/1.3; +https://openai.com/gptbot)"
74.7.243.195 - - [02/Mar/2026:14:16:15 -0500] "GET /acci-participates-in-cosmetista-expo-north-west-africa-in-casablanca/ HTTP/1.1" 200 20578 "http://www.middleeastoday.com/mohammed-bin-rashid-announces-opening-of-expo-city-dubai-in-october-2022/" "Mozilla/5.0 AppleWebKit/537.36 (KHTML, like Gecko; compatible; GPTBot/1.3; +https://openai.com/gptbot)"
162.213.253.84 - - [02/Mar/2026:14:17:17 -0500] "POST /wp-cron.php?doing_wp_cron=1772479037.6116759777069091796875 HTTP/1.1" 200 0 "-" "WordPress/6.8.1; http://www.middleeastoday.com"
74.7.243.195 - - [02/Mar/2026:14:17:16 -0500] "GET /?p=8605 HTTP/1.1" 301 0 "http://www.middleeastoday.com/graduating-class-of-2022-at-mbru-to-be-named-class-of-khalifa-in-memory-of-late-uae-president/" "Mozilla/5.0 AppleWebKit/537.36 (KHTML, like Gecko; compatible; GPTBot/1.3; +https://openai.com/gptbot)"
162.213.253.84 - - [02/Mar/2026:14:17:44 -0500] "POST /wp-cron.php?doing_wp_cron=1772479064.7097780704498291015625 HTTP/1.1" 200 0 "-" "WordPress/6.8.1; http://www.middleeastoday.com"
74.7.243.195 - - [02/Mar/2026:14:18:01 -0500] "GET /author/admin/page/87/ HTTP/1.1" 200 20959 "http://www.middleeastoday.com/author/admin/page/89/" "Mozilla/5.0 AppleWebKit/537.36 (KHTML, like Gecko; compatible; GPTBot/1.3; +https://openai.com/gptbot)"
162.213.253.84 - - [02/Mar/2026:14:18:05 -0500] "POST /wp-cron.php?doing_wp_cron=1772479085.8781530857086181640625 HTTP/1.1" 200 0 "-" "WordPress/6.8.1; http://www.middleeastoday.com"
74.7.243.195 - - [02/Mar/2026:14:18:05 -0500] "GET /?p=9798 HTTP/1.1" 301 0 "http://www.middleeastoday.com/saint-laurent-blaze/" "Mozilla/5.0 AppleWebKit/537.36 (KHTML, like Gecko; compatible; GPTBot/1.3; +https://openai.com/gptbot)"
74.7.243.195 - - [02/Mar/2026:14:18:05 -0500] "GET /saint-laurent-blaze/ HTTP/1.1" 200 19935 "http://www.middleeastoday.com/?p=9798" "Mozilla/5.0 AppleWebKit/537.36 (KHTML, like Gecko; compatible; GPTBot/1.3; +https://openai.com/gptbot)"
185.191.171.3 - - [02/Mar/2026:14:18:12 -0500] "GET /emirates-scoops-5-global-accolades-at-ultra-and-apex-awards/ HTTP/1.1" 200 23825 "-" "Mozilla/5.0 (compatible; SemrushBot/7~bl; +http://www.semrush.com/bot.html)"
74.7.243.195 - - [02/Mar/2026:14:18:11 -0500] "GET /?p=8738 HTTP/1.1" 301 0 "http://www.middleeastoday.com/dubai-health-authority-awarded-2021s-hamdan-bin-mohammed-programme-for-government-services-flag-for-pioneering-dubai-health-shield-initiative/" "Mozilla/5.0 AppleWebKit/537.36 (KHTML, like Gecko; compatible; GPTBot/1.3; +https://openai.com/gptbot)"
74.7.243.195 - - [02/Mar/2026:14:18:20 -0500] "GET /?p=8729 HTTP/1.1" 301 0 "http://www.middleeastoday.com/dubais-tourism-recovery-sees-city-welcoming-6-17-million-international-visitors-from-january-may-2022/" "Mozilla/5.0 AppleWebKit/537.36 (KHTML, like Gecko; compatible; GPTBot/1.3; +https://openai.com/gptbot)"
74.7.243.195 - - [02/Mar/2026:14:18:21 -0500] "GET /dubais-tourism-recovery-sees-city-welcoming-6-17-million-international-visitors-from-january-may-2022/ HTTP/1.1" 200 22362 "http://www.middleeastoday.com/?p=8729" "Mozilla/5.0 AppleWebKit/537.36 (KHTML, like Gecko; compatible; GPTBot/1.3; +https://openai.com/gptbot)"
162.213.253.84 - - [02/Mar/2026:14:18:49 -0500] "POST /wp-cron.php?doing_wp_cron=1772479129.8317999839782714843750 HTTP/1.1" 200 0 "-" "WordPress/6.8.1; http://www.middleeastoday.com"
74.7.243.195 - - [02/Mar/2026:14:18:49 -0500] "GET /?p=9193 HTTP/1.1" 301 0 "http://www.middleeastoday.com/uaeu-board-of-trustees-holds-its-first-meeting-of-academic-year-2022-2023/" "Mozilla/5.0 AppleWebKit/537.36 (KHTML, like Gecko; compatible; GPTBot/1.3; +https://openai.com/gptbot)"
74.7.243.195 - - [02/Mar/2026:14:18:49 -0500] "GET /uaeu-board-of-trustees-holds-its-first-meeting-of-academic-year-2022-2023/ HTTP/1.1" 200 20552 "http://www.middleeastoday.com/?p=9193" "Mozilla/5.0 AppleWebKit/537.36 (KHTML, like Gecko; compatible; GPTBot/1.3; +https://openai.com/gptbot)"
74.7.243.195 - - [02/Mar/2026:14:19:04 -0500] "GET /uae-president-vp-congratulate-king-charles-iii-on-his-ascension-to-the-throne/ HTTP/1.1" 200 19942 "http://www.middleeastoday.com/uaeu-board-of-trustees-holds-its-first-meeting-of-academic-year-2022-2023/" "Mozilla/5.0 AppleWebKit/537.36 (KHTML, like Gecko; compatible; GPTBot/1.3; +https://openai.com/gptbot)"
74.7.243.195 - - [02/Mar/2026:14:17:03 -0500] "GET /uae-leaders-congratulate-new-malaysian-prime-minister/ HTTP/1.1" 200 19833 "http://www.middleeastoday.com/sharjah-ruler-inaugurates-5th-combined-gulf-cancer-conference/" "Mozilla/5.0 AppleWebKit/537.36 (KHTML, like Gecko; compatible; GPTBot/1.3; +https://openai.com/gptbot)"
74.7.243.195 - - [02/Mar/2026:14:17:17 -0500] "GET /graduating-class-of-2022-at-mbru-to-be-named-class-of-khalifa-in-memory-of-late-uae-president/ HTTP/1.1" 200 21331 "http://www.middleeastoday.com/?p=8605" "Mozilla/5.0 AppleWebKit/537.36 (KHTML, like Gecko; compatible; GPTBot/1.3; +https://openai.com/gptbot)"
74.7.243.195 - - [02/Mar/2026:14:17:44 -0500] "GET /?p=8787 HTTP/1.1" 301 0 "http://www.middleeastoday.com/dubai-multi-commodities-centre-reports-its-best-ever-h1-performance-registering-1469-new-companies/" "Mozilla/5.0 AppleWebKit/537.36 (KHTML, like Gecko; compatible; GPTBot/1.3; +https://openai.com/gptbot)"
74.7.243.195 - - [02/Mar/2026:14:17:44 -0500] "GET /dubai-multi-commodities-centre-reports-its-best-ever-h1-performance-registering-1469-new-companies/ HTTP/1.1" 200 21213 "http://www.middleeastoday.com/?p=8787" "Mozilla/5.0 AppleWebKit/537.36 (KHTML, like Gecko; compatible; GPTBot/1.3; +https://openai.com/gptbot)"
162.213.253.84 - - [02/Mar/2026:14:17:45 -0500] "POST /wp-admin/admin-ajax.php?action=async_litespeed&nonce=xfGb2Ao7IXUJknBwjtTRB7gD4PgPQbFK&litespeed_type=imgoptm HTTP/1.1" 200 21 "-" "WordPress/6.8.1; http://www.middleeastoday.com"
74.7.243.195 - - [02/Mar/2026:14:18:12 -0500] "GET /dubai-health-authority-awarded-2021s-hamdan-bin-mohammed-programme-for-government-services-flag-for-pioneering-dubai-health-shield-initiative/ HTTP/1.1" 200 21696 "http://www.middleeastoday.com/?p=8738" "Mozilla/5.0 AppleWebKit/537.36 (KHTML, like Gecko; compatible; GPTBot/1.3; +https://openai.com/gptbot)"
162.213.253.84 - - [02/Mar/2026:14:18:50 -0500] "POST /wp-admin/admin-ajax.php?action=async_litespeed&nonce=9drxWSu0enrPazNFli7cvYgA8e6gX0wO&litespeed_type=imgoptm HTTP/1.1" 200 21 "-" "WordPress/6.8.1; http://www.middleeastoday.com"
162.213.253.84 - - [02/Mar/2026:14:19:16 -0500] "POST /wp-cron.php?doing_wp_cron=1772479156.3144071102142333984375 HTTP/1.1" 200 0 "-" "WordPress/6.8.1; http://www.middleeastoday.com"
74.7.243.195 - - [02/Mar/2026:14:19:15 -0500] "GET /revolutionizing-marketing-former-samsung-cmo-seif-el-hakim-launches-10xbuzz-agency%ef%bf%bc/ HTTP/1.1" 200 20808 "http://www.middleeastoday.com/saint-laurent-blaze/" "Mozilla/5.0 AppleWebKit/537.36 (KHTML, like Gecko; compatible; GPTBot/1.3; +https://openai.com/gptbot)"
74.7.243.195 - - [02/Mar/2026:14:19:42 -0500] "GET /author/admin/page/21/ HTTP/1.1" 200 20948 "http://www.middleeastoday.com/author/admin/page/19/" "Mozilla/5.0 AppleWebKit/537.36 (KHTML, like Gecko; compatible; GPTBot/1.3; +https://openai.com/gptbot)"
162.213.253.84 - - [02/Mar/2026:14:20:09 -0500] "POST /wp-cron.php?doing_wp_cron=1772479209.9431319236755371093750 HTTP/1.1" 200 0 "-" "WordPress/6.8.1; http://www.middleeastoday.com"
18.213.70.100 - - [02/Mar/2026:14:20:17 -0500] "GET /wp-json/oembed/1.0/embed?url=http://www.middleeastoday.com/uae-president-receives-winner-of-millions-poet-programme/ HTTP/1.1" 200 2583 "-" "Mozilla/5.0 AppleWebKit/537.36 (KHTML, like Gecko; compatible; Amazonbot/0.1; +https://developer.amazon.com/support/amazonbot) Chrome/119.0.6045.214 Safari/537.36"
74.7.243.195 - - [02/Mar/2026:14:20:20 -0500] "GET /khawla-art-and-culture-hosts-a-vibrant-land-exhibition/ HTTP/1.1" 200 20578 "http://www.middleeastoday.com/?p=8625" "Mozilla/5.0 AppleWebKit/537.36 (KHTML, like Gecko; compatible; GPTBot/1.3; +https://openai.com/gptbot)"
74.7.243.195 - - [02/Mar/2026:14:20:32 -0500] "GET /?p=8726 HTTP/1.1" 301 0 "http://www.middleeastoday.com/acci-participates-in-cosmetista-expo-north-west-africa-in-casablanca/" "Mozilla/5.0 AppleWebKit/537.36 (KHTML, like Gecko; compatible; GPTBot/1.3; +https://openai.com/gptbot)"
74.7.243.195 - - [02/Mar/2026:14:20:09 -0500] "GET /?p=9984 HTTP/1.1" 301 0 "http://www.middleeastoday.com/emirates-to-expand-global-network-with-launch-of-services-to-montreal-in-july/" "Mozilla/5.0 AppleWebKit/537.36 (KHTML, like Gecko; compatible; GPTBot/1.3; +https://openai.com/gptbot)"
74.7.243.195 - - [02/Mar/2026:14:20:10 -0500] "GET /emirates-to-expand-global-network-with-launch-of-services-to-montreal-in-july/ HTTP/1.1" 200 21758 "http://www.middleeastoday.com/?p=9984" "Mozilla/5.0 AppleWebKit/537.36 (KHTML, like Gecko; compatible; GPTBot/1.3; +https://openai.com/gptbot)"
162.213.253.84 - - [02/Mar/2026:14:20:10 -0500] "POST /wp-admin/admin-ajax.php?action=async_litespeed&nonce=mUXOccza6J9DTSUq0gVa7GyEw6v600F5&litespeed_type=imgoptm HTTP/1.1" 200 0 "-" "WordPress/6.8.1; http://www.middleeastoday.com"
74.7.243.195 - - [02/Mar/2026:14:20:15 -0500] "GET /dubai-metro-hits-new-milestone-with-over-two-billion-riders-since-inauguration/ HTTP/1.1" 200 27032 "http://www.middleeastoday.com/emirates-to-expand-global-network-with-launch-of-services-to-montreal-in-july/" "Mozilla/5.0 AppleWebKit/537.36 (KHTML, like Gecko; compatible; GPTBot/1.3; +https://openai.com/gptbot)"
162.213.253.84 - - [02/Mar/2026:14:20:18 -0500] "POST /wp-cron.php?doing_wp_cron=1772479218.3012449741363525390625 HTTP/1.1" 200 0 "-" "WordPress/6.8.1; http://www.middleeastoday.com"
74.7.243.195 - - [02/Mar/2026:14:20:19 -0500] "GET /?p=8625 HTTP/1.1" 301 0 "http://www.middleeastoday.com/khawla-art-and-culture-hosts-a-vibrant-land-exhibition/" "Mozilla/5.0 AppleWebKit/537.36 (KHTML, like Gecko; compatible; GPTBot/1.3; +https://openai.com/gptbot)"
162.213.253.84 - - [02/Mar/2026:14:20:32 -0500] "POST /wp-cron.php?doing_wp_cron=1772479232.5917809009552001953125 HTTP/1.1" 200 0 "-" "WordPress/6.8.1; http://www.middleeastoday.com"
162.213.253.84 - - [02/Mar/2026:14:20:57 -0500] "POST /wp-cron.php?doing_wp_cron=1772479257.2843010425567626953125 HTTP/1.1" 200 0 "-" "WordPress/6.8.1; http://www.middleeastoday.com"
74.7.243.195 - - [02/Mar/2026:14:20:56 -0500] "GET /?p=8632 HTTP/1.1" 301 0 "http://www.middleeastoday.com/irthi-launches-sijada-collection-at-milan-design-week/" "Mozilla/5.0 AppleWebKit/537.36 (KHTML, like Gecko; compatible; GPTBot/1.3; +https://openai.com/gptbot)"
167.114.139.210 - - [02/Mar/2026:14:21:13 -0500] "GET /dubai-culture-announces-dates-for-al-marmoom-film-in-the-desert-festival/ HTTP/1.1" 200 20628 "-" "Mozilla/5.0 (compatible; AhrefsBot/7.0; +http://ahrefs.com/robot/)"
162.213.253.84 - - [02/Mar/2026:14:21:26 -0500] "POST /wp-cron.php?doing_wp_cron=1772479286.7428019046783447265625 HTTP/1.1" 200 0 "-" "WordPress/6.8.1; http://www.middleeastoday.com"
74.7.243.195 - - [02/Mar/2026:14:21:26 -0500] "GET /?p=9562 HTTP/1.1" 301 0 "http://www.middleeastoday.com/uae-leaders-congratulate-new-malaysian-prime-minister/" "Mozilla/5.0 AppleWebKit/537.36 (KHTML, like Gecko; compatible; GPTBot/1.3; +https://openai.com/gptbot)"
74.7.243.195 - - [02/Mar/2026:14:21:26 -0500] "GET /uae-leaders-congratulate-new-malaysian-prime-minister/ HTTP/1.1" 200 19833 "http://www.middleeastoday.com/?p=9562" "Mozilla/5.0 AppleWebKit/537.36 (KHTML, like Gecko; compatible; GPTBot/1.3; +https://openai.com/gptbot)"
74.7.243.195 - - [02/Mar/2026:14:22:07 -0500] "GET /uae-president-receives-french-defence-minister/ HTTP/1.1" 200 20976 "http://www.middleeastoday.com/uae-leaders-congratulate-new-malaysian-prime-minister/" "Mozilla/5.0 AppleWebKit/537.36 (KHTML, like Gecko; compatible; GPTBot/1.3; +https://openai.com/gptbot)"
74.7.243.195 - - [02/Mar/2026:14:22:17 -0500] "GET /wp-json/wp/v2/posts/8726 HTTP/1.1" 200 4417 "http://www.middleeastoday.com/acci-participates-in-cosmetista-expo-north-west-africa-in-casablanca/" "Mozilla/5.0 AppleWebKit/537.36 (KHTML, like Gecko; compatible; GPTBot/1.3; +https://openai.com/gptbot)"
74.7.243.195 - - [02/Mar/2026:14:22:33 -0500] "GET /author/admin/page/20/ HTTP/1.1" 200 21251 "http://www.middleeastoday.com/author/admin/page/19/" "Mozilla/5.0 AppleWebKit/537.36 (KHTML, like Gecko; compatible; GPTBot/1.3; +https://openai.com/gptbot)"
74.7.243.195 - - [02/Mar/2026:14:20:32 -0500] "GET /acci-participates-in-cosmetista-expo-north-west-africa-in-casablanca/ HTTP/1.1" 200 20578 "http://www.middleeastoday.com/?p=8726" "Mozilla/5.0 AppleWebKit/537.36 (KHTML, like Gecko; compatible; GPTBot/1.3; +https://openai.com/gptbot)"
162.213.253.84 - - [02/Mar/2026:14:20:33 -0500] "POST /wp-admin/admin-ajax.php?action=async_litespeed&nonce=nN71KlezxKSdAP6sErQeo2dvBYrYaGFm&litespeed_type=imgoptm HTTP/1.1" 200 21 "-" "WordPress/6.8.1; http://www.middleeastoday.com"
74.7.243.195 - - [02/Mar/2026:14:20:57 -0500] "GET /irthi-launches-sijada-collection-at-milan-design-week/ HTTP/1.1" 200 21905 "http://www.middleeastoday.com/?p=8632" "Mozilla/5.0 AppleWebKit/537.36 (KHTML, like Gecko; compatible; GPTBot/1.3; +https://openai.com/gptbot)"
74.7.243.195 - - [02/Mar/2026:14:21:05 -0500] "GET /environment-agency-abu-dhabi-releases-batch-of-rescued-and-rehabilitated-sea-turtles/ HTTP/1.1" 200 21195 "http://www.middleeastoday.com/khawla-art-and-culture-hosts-a-vibrant-land-exhibition/" "Mozilla/5.0 AppleWebKit/537.36 (KHTML, like Gecko; compatible; GPTBot/1.3; +https://openai.com/gptbot)"
