162.213.253.84 - - [02/Mar/2026:15:29:24 -0500] "POST /wp-admin/admin-ajax.php?action=async_litespeed&nonce=t1TxpZJUKIVQ2Pr7HTjcydVvMghv9Je8&litespeed_type=imgoptm HTTP/1.1" 200 21 "-" "WordPress/6.8.1; http://www.middleeastoday.com"
74.7.243.195 - - [02/Mar/2026:15:29:33 -0500] "GET /wp-json/oembed/1.0/embed?url=http%3A%2F%2Fwww.middleeastoday.com%2Fuae-president-vp-condole-king-salman-on-passing-of-mother-of-prince-fahd-bin-dhaar-bin-turki%2F HTTP/1.1" 200 2747 "http://www.middleeastoday.com/uae-president-vp-condole-king-salman-on-passing-of-mother-of-prince-fahd-bin-dhaar-bin-turki/" "Mozilla/5.0 AppleWebKit/537.36 (KHTML, like Gecko; compatible; GPTBot/1.3; +https://openai.com/gptbot)"
74.7.243.195 - - [02/Mar/2026:15:29:36 -0500] "GET /wp-json/oembed/1.0/embed?url=http%3A%2F%2Fwww.middleeastoday.com%2Fuaes-3-7-billion-tech-economy-takes-spotlight-in-berlin-at-inaugural-gitex-europe%2F HTTP/1.1" 200 2685 "http://www.middleeastoday.com/uaes-3-7-billion-tech-economy-takes-spotlight-in-berlin-at-inaugural-gitex-europe/" "Mozilla/5.0 AppleWebKit/537.36 (KHTML, like Gecko; compatible; GPTBot/1.3; +https://openai.com/gptbot)"
74.7.243.195 - - [02/Mar/2026:15:29:37 -0500] "GET /wp-json/oembed/1.0/embed?url=http%3A%2F%2Fwww.middleeastoday.com%2Fmulti-award-winning-celebrity-media-strategist-vasu-jit-kalia-honoured-at-fashion-factor-season-8%2F HTTP/1.1" 200 2769 "http://www.middleeastoday.com/multi-award-winning-celebrity-media-strategist-vasu-jit-kalia-honoured-at-fashion-factor-season-8/" "Mozilla/5.0 AppleWebKit/537.36 (KHTML, like Gecko; compatible; GPTBot/1.3; +https://openai.com/gptbot)"
74.7.243.195 - - [02/Mar/2026:15:29:39 -0500] "GET /category/health-2/feed/ HTTP/1.1" 200 16175 "http://www.middleeastoday.com/category/health-2/" "Mozilla/5.0 AppleWebKit/537.36 (KHTML, like Gecko; compatible; GPTBot/1.3; +https://openai.com/gptbot)"
74.7.243.195 - - [02/Mar/2026:15:29:40 -0500] "GET /wp-json/oembed/1.0/embed?url=http%3A%2F%2Fwww.middleeastoday.com%2Fdubai-hosts-the-15th-international-conference-on-challenges-in-environmental-science-and-engineering-2022-for-the-first-time-in-the-middle-east%2F HTTP/1.1" 200 2997 "http://www.middleeastoday.com/dubai-hosts-the-15th-international-conference-on-challenges-in-environmental-science-and-engineering-2022-for-the-first-time-in-the-middle-east/" "Mozilla/5.0 AppleWebKit/537.36 (KHTML, like Gecko; compatible; GPTBot/1.3; +https://openai.com/gptbot)"
74.7.243.195 - - [02/Mar/2026:15:29:48 -0500] "GET /wp-json/oembed/1.0/embed?url=http%3A%2F%2Fwww.middleeastoday.com%2Fmohammed-bin-rashid-highlights-importance-of-partnerships-with-private-sector%2F HTTP/1.1" 200 2651 "http://www.middleeastoday.com/mohammed-bin-rashid-highlights-importance-of-partnerships-with-private-sector/" "Mozilla/5.0 AppleWebKit/537.36 (KHTML, like Gecko; compatible; GPTBot/1.3; +https://openai.com/gptbot)"
74.7.243.195 - - [02/Mar/2026:15:30:10 -0500] "GET /wp-json/oembed/1.0/embed?url=http%3A%2F%2Fwww.middleeastoday.com%2Fhouse-of-wisdom-ramadaniyat-shopping-art-interactive-workshops-for-children-and-more%2F HTTP/1.1" 200 2739 "http://www.middleeastoday.com/house-of-wisdom-ramadaniyat-shopping-art-interactive-workshops-for-children-and-more/" "Mozilla/5.0 AppleWebKit/537.36 (KHTML, like Gecko; compatible; GPTBot/1.3; +https://openai.com/gptbot)"
74.7.243.195 - - [02/Mar/2026:15:30:31 -0500] "GET /wp-json/oembed/1.0/embed?url=http%3A%2F%2Fwww.middleeastoday.com%2Fnahyan-bin-mubarak-recognised-as-most-creative-personality-by-creators-union-of-arab%2F HTTP/1.1" 200 2719 "http://www.middleeastoday.com/nahyan-bin-mubarak-recognised-as-most-creative-personality-by-creators-union-of-arab/" "Mozilla/5.0 AppleWebKit/537.36 (KHTML, like Gecko; compatible; GPTBot/1.3; +https://openai.com/gptbot)"
74.7.243.195 - - [02/Mar/2026:15:30:39 -0500] "GET /wp-json/oembed/1.0/embed?url=http%3A%2F%2Fwww.middleeastoday.com%2F9th-edition-of-sharjah-international-film-festival-for-children-and-youth-concludes%2F HTTP/1.1" 200 2697 "http://www.middleeastoday.com/9th-edition-of-sharjah-international-film-festival-for-children-and-youth-concludes/" "Mozilla/5.0 AppleWebKit/537.36 (KHTML, like Gecko; compatible; GPTBot/1.3; +https://openai.com/gptbot)"
74.7.243.195 - - [02/Mar/2026:15:30:53 -0500] "GET /wp-json/oembed/1.0/embed?url=http%3A%2F%2Fwww.middleeastoday.com%2Fmohammed-bin-rashid-receives-shabab-al-ahli-football-club-following-four-trophy-season%2F HTTP/1.1" 200 2680 "http://www.middleeastoday.com/mohammed-bin-rashid-receives-shabab-al-ahli-football-club-following-four-trophy-season/" "Mozilla/5.0 AppleWebKit/537.36 (KHTML, like Gecko; compatible; GPTBot/1.3; +https://openai.com/gptbot)"
74.7.243.195 - - [02/Mar/2026:15:30:57 -0500] "GET /wp-json/oembed/1.0/embed?url=http%3A%2F%2Fwww.middleeastoday.com%2Fsharjah-ruler-congratulates-sheikh-mohamed-bin-zayed-on-his-election-as-uae-president%2F HTTP/1.1" 200 2685 "http://www.middleeastoday.com/sharjah-ruler-congratulates-sheikh-mohamed-bin-zayed-on-his-election-as-uae-president/" "Mozilla/5.0 AppleWebKit/537.36 (KHTML, like Gecko; compatible; GPTBot/1.3; +https://openai.com/gptbot)"
74.7.243.195 - - [02/Mar/2026:15:31:02 -0500] "GET /wp-json/oembed/1.0/embed?url=http%3A%2F%2Fwww.middleeastoday.com%2Ffirst-anniversary-of-loss-of-khalifa-bin-zayed-the-leader-who-championed-empowerment%2F HTTP/1.1" 200 2677 "http://www.middleeastoday.com/first-anniversary-of-loss-of-khalifa-bin-zayed-the-leader-who-championed-empowerment/" "Mozilla/5.0 AppleWebKit/537.36 (KHTML, like Gecko; compatible; GPTBot/1.3; +https://openai.com/gptbot)"
74.7.243.195 - - [02/Mar/2026:15:31:07 -0500] "GET /author/admin/page/50/ HTTP/1.1" 200 21010 "http://www.middleeastoday.com/author/admin/page/49/" "Mozilla/5.0 AppleWebKit/537.36 (KHTML, like Gecko; compatible; GPTBot/1.3; +https://openai.com/gptbot)"
74.7.243.195 - - [02/Mar/2026:15:31:14 -0500] "GET /author/admin/page/51/ HTTP/1.1" 200 20884 "http://www.middleeastoday.com/author/admin/page/49/" "Mozilla/5.0 AppleWebKit/537.36 (KHTML, like Gecko; compatible; GPTBot/1.3; +https://openai.com/gptbot)"
162.213.253.84 - - [02/Mar/2026:15:31:34 -0500] "POST /wp-cron.php?doing_wp_cron=1772483494.5701580047607421875000 HTTP/1.1" 200 0 "-" "WordPress/6.8.1; http://www.middleeastoday.com"
162.213.253.84 - - [02/Mar/2026:15:31:35 -0500] "POST /wp-admin/admin-ajax.php?action=async_litespeed&nonce=LyJIUMP5swaII4XR5nhXCVS84wvfrtT2&litespeed_type=imgoptm HTTP/1.1" 200 21 "-" "WordPress/6.8.1; http://www.middleeastoday.com"
74.7.243.195 - - [02/Mar/2026:15:31:45 -0500] "GET /author/admin/page/57/ HTTP/1.1" 200 21068 "http://www.middleeastoday.com/author/admin/page/59/" "Mozilla/5.0 AppleWebKit/537.36 (KHTML, like Gecko; compatible; GPTBot/1.3; +https://openai.com/gptbot)"
74.7.243.195 - - [02/Mar/2026:15:31:59 -0500] "GET /wp-json/oembed/1.0/embed?url=http%3A%2F%2Fwww.middleeastoday.com%2Fmohammed-bin-rashid-orders-airlift-of-emergency-humanitarian-aid-to-support-civilians-fleeing-crisis-in-ukraine%2F HTTP/1.1" 200 2730 "http://www.middleeastoday.com/mohammed-bin-rashid-orders-airlift-of-emergency-humanitarian-aid-to-support-civilians-fleeing-crisis-in-ukraine/" "Mozilla/5.0 AppleWebKit/537.36 (KHTML, like Gecko; compatible; GPTBot/1.3; +https://openai.com/gptbot)"
74.7.243.195 - - [02/Mar/2026:15:32:21 -0500] "GET /wp-json/oembed/1.0/embed?url=http%3A%2F%2Fwww.middleeastoday.com%2Fexpo-2020-dubais-water-week-to-spotlight-conservation-of-planets-most-precious-resource%2F HTTP/1.1" 200 2754 "http://www.middleeastoday.com/expo-2020-dubais-water-week-to-spotlight-conservation-of-planets-most-precious-resource/" "Mozilla/5.0 AppleWebKit/537.36 (KHTML, like Gecko; compatible; GPTBot/1.3; +https://openai.com/gptbot)"
74.7.243.195 - - [02/Mar/2026:15:32:29 -0500] "GET /wp-json/oembed/1.0/embed?url=http%3A%2F%2Fwww.middleeastoday.com%2Fuae-will-voluntarily-cut-oil-output-by-144000-bpd-from-may-through-year-end-suhail-al-mazrouei%2F HTTP/1.1" 200 2741 "http://www.middleeastoday.com/uae-will-voluntarily-cut-oil-output-by-144000-bpd-from-may-through-year-end-suhail-al-mazrouei/" "Mozilla/5.0 AppleWebKit/537.36 (KHTML, like Gecko; compatible; GPTBot/1.3; +https://openai.com/gptbot)"
162.213.253.84 - - [02/Mar/2026:15:32:31 -0500] "POST /wp-admin/admin-ajax.php?action=async_litespeed&nonce=sq5APw5yANbT0gdy2U5bOMAfYRah2QDc&litespeed_type=imgoptm HTTP/1.1" 200 21 "-" "WordPress/6.8.1; http://www.middleeastoday.com"
162.213.253.84 - - [02/Mar/2026:15:32:35 -0500] "POST /wp-cron.php?doing_wp_cron=1772483555.0383729934692382812500 HTTP/1.1" 200 0 "-" "WordPress/6.8.1; http://www.middleeastoday.com"
74.7.243.195 - - [02/Mar/2026:15:29:55 -0500] "GET /wp-json/oembed/1.0/embed?url=http%3A%2F%2Fwww.middleeastoday.com%2Fruler-of-fujairah-attends-arab-chinese-cooperation-and-development-summit-in-riyadh%2F HTTP/1.1" 200 2703 "http://www.middleeastoday.com/ruler-of-fujairah-attends-arab-chinese-cooperation-and-development-summit-in-riyadh/" "Mozilla/5.0 AppleWebKit/537.36 (KHTML, like Gecko; compatible; GPTBot/1.3; +https://openai.com/gptbot)"
162.213.253.84 - - [02/Mar/2026:15:30:32 -0500] "POST /wp-cron.php?doing_wp_cron=1772483432.4535579681396484375000 HTTP/1.1" 200 0 "-" "WordPress/6.8.1; http://www.middleeastoday.com"
162.213.253.84 - - [02/Mar/2026:15:30:33 -0500] "POST /wp-admin/admin-ajax.php?action=async_litespeed&nonce=bOzClGYYZxeosN2W2ErXIvDgxb2Pn3id&litespeed_type=imgoptm HTTP/1.1" 200 21 "-" "WordPress/6.8.1; http://www.middleeastoday.com"
162.213.253.84 - - [02/Mar/2026:15:30:39 -0500] "POST /wp-cron.php?doing_wp_cron=1772483439.9195969104766845703125 HTTP/1.1" 200 0 "-" "WordPress/6.8.1; http://www.middleeastoday.com"
74.7.243.195 - - [02/Mar/2026:15:31:20 -0500] "GET /wp-json/oembed/1.0/embed?url=http%3A%2F%2Fwww.middleeastoday.com%2Fmashreq-reports-aed2-6-bn-net-profit-for-q3-22%2F HTTP/1.1" 200 2491 "http://www.middleeastoday.com/mashreq-reports-aed2-6-bn-net-profit-for-q3-22/" "Mozilla/5.0 AppleWebKit/537.36 (KHTML, like Gecko; compatible; GPTBot/1.3; +https://openai.com/gptbot)"
74.7.243.195 - - [02/Mar/2026:15:31:34 -0500] "GET /wp-json/oembed/1.0/embed?url=http%3A%2F%2Fwww.middleeastoday.com%2Fkia-to-provide-vehicle-support-for-the-fifa-world-cup-trophy-tour-by-coca-cola-across-the-middle-east-region%2F HTTP/1.1" 200 2800 "http://www.middleeastoday.com/kia-to-provide-vehicle-support-for-the-fifa-world-cup-trophy-tour-by-coca-cola-across-the-middle-east-region/" "Mozilla/5.0 AppleWebKit/537.36 (KHTML, like Gecko; compatible; GPTBot/1.3; +https://openai.com/gptbot)"
162.213.253.84 - - [02/Mar/2026:15:31:46 -0500] "POST /wp-cron.php?doing_wp_cron=1772483506.3106269836425781250000 HTTP/1.1" 200 0 "-" "WordPress/6.8.1; http://www.middleeastoday.com"
74.7.243.195 - - [02/Mar/2026:15:32:12 -0500] "GET /author/admin/page/56/ HTTP/1.1" 200 21123 "http://www.middleeastoday.com/author/admin/page/58/" "Mozilla/5.0 AppleWebKit/537.36 (KHTML, like Gecko; compatible; GPTBot/1.3; +https://openai.com/gptbot)"
162.213.253.84 - - [02/Mar/2026:15:32:30 -0500] "POST /wp-cron.php?doing_wp_cron=1772483550.4857280254364013671875 HTTP/1.1" 200 0 "-" "WordPress/6.8.1; http://www.middleeastoday.com"
74.7.243.195 - - [02/Mar/2026:15:32:38 -0500] "GET /wp-json/oembed/1.0/embed?url=http%3A%2F%2Fwww.middleeastoday.com%2Fdubai-digital-marketing-agency-knacktag-is-all-set-for-its-new-look-in-2023%2F HTTP/1.1" 200 2624 "http://www.middleeastoday.com/dubai-digital-marketing-agency-knacktag-is-all-set-for-its-new-look-in-2023/" "Mozilla/5.0 AppleWebKit/537.36 (KHTML, like Gecko; compatible; GPTBot/1.3; +https://openai.com/gptbot)"
74.7.243.195 - - [02/Mar/2026:15:32:43 -0500] "GET /wp-json/oembed/1.0/embed?url=http%3A%2F%2Fwww.middleeastoday.com%2Ftechnology-innovation-institute-announces-launch-of-noor-worlds-largest-arabic-nlp-model%2F HTTP/1.1" 200 2717 "http://www.middleeastoday.com/technology-innovation-institute-announces-launch-of-noor-worlds-largest-arabic-nlp-model/" "Mozilla/5.0 AppleWebKit/537.36 (KHTML, like Gecko; compatible; GPTBot/1.3; +https://openai.com/gptbot)"
74.7.243.195 - - [02/Mar/2026:15:32:48 -0500] "GET /wp-json/oembed/1.0/embed?url=http%3A%2F%2Fwww.middleeastoday.com%2Fsharjah-ruler-directs-sewa-support-for-sssd-beneficiaries-starting-emiratisation-in-private-schools%2F HTTP/1.1" 200 2760 "http://www.middleeastoday.com/sharjah-ruler-directs-sewa-support-for-sssd-beneficiaries-starting-emiratisation-in-private-schools/" "Mozilla/5.0 AppleWebKit/537.36 (KHTML, like Gecko; compatible; GPTBot/1.3; +https://openai.com/gptbot)"
74.7.243.195 - - [02/Mar/2026:15:32:57 -0500] "GET /wp-json/oembed/1.0/embed?url=http%3A%2F%2Fwww.middleeastoday.com%2Fnew-installation-by-emirati-artist-mohamed-ibrahim-at-la-biennale-di-venezia-unveiled-in-the-uae%2F HTTP/1.1" 200 2749 "http://www.middleeastoday.com/new-installation-by-emirati-artist-mohamed-ibrahim-at-la-biennale-di-venezia-unveiled-in-the-uae/" "Mozilla/5.0 AppleWebKit/537.36 (KHTML, like Gecko; compatible; GPTBot/1.3; +https://openai.com/gptbot)"
74.7.243.195 - - [02/Mar/2026:15:33:04 -0500] "GET /wp-json/oembed/1.0/embed?url=http%3A%2F%2Fwww.middleeastoday.com%2F27th-edition-of-iconic-dubai-shopping-festival-to-run-on-15-december-29-january%2F HTTP/1.1" 200 2665 "http://www.middleeastoday.com/27th-edition-of-iconic-dubai-shopping-festival-to-run-on-15-december-29-january/" "Mozilla/5.0 AppleWebKit/537.36 (KHTML, like Gecko; compatible; GPTBot/1.3; +https://openai.com/gptbot)"
74.7.243.195 - - [02/Mar/2026:15:33:17 -0500] "GET /wp-json/oembed/1.0/embed?url=http%3A%2F%2Fwww.middleeastoday.com%2Fbahrain-to-host-global-interfaith-forum-in-november%2F HTTP/1.1" 200 2516 "http://www.middleeastoday.com/bahrain-to-host-global-interfaith-forum-in-november/" "Mozilla/5.0 AppleWebKit/537.36 (KHTML, like Gecko; compatible; GPTBot/1.3; +https://openai.com/gptbot)"
162.213.253.84 - - [02/Mar/2026:15:33:46 -0500] "POST /wp-cron.php?doing_wp_cron=1772483626.5912330150604248046875 HTTP/1.1" 200 0 "-" "WordPress/6.8.1; http://www.middleeastoday.com"
74.7.243.195 - - [02/Mar/2026:15:33:46 -0500] "GET /wp-json/oembed/1.0/embed?url=http%3A%2F%2Fwww.middleeastoday.com%2Fzole-bazaar-lorina-jewels-join-hands-for-black-november-with-exciting-deals%2F HTTP/1.1" 200 2649 "http://www.middleeastoday.com/zole-bazaar-lorina-jewels-join-hands-for-black-november-with-exciting-deals/" "Mozilla/5.0 AppleWebKit/537.36 (KHTML, like Gecko; compatible; GPTBot/1.3; +https://openai.com/gptbot)"
74.7.243.195 - - [02/Mar/2026:15:33:52 -0500] "GET /author/admin/page/52/ HTTP/1.1" 200 21181 "http://www.middleeastoday.com/author/admin/page/50/" "Mozilla/5.0 AppleWebKit/537.36 (KHTML, like Gecko; compatible; GPTBot/1.3; +https://openai.com/gptbot)"
74.7.243.195 - - [02/Mar/2026:15:34:02 -0500] "GET /wp-json/oembed/1.0/embed?url=http%3A%2F%2Fwww.middleeastoday.com%2Ffifa-world-cup-fans-can-enjoy-an-amazing-experience-at-sheikh-zayed-festival%2F HTTP/1.1" 200 2641 "http://www.middleeastoday.com/fifa-world-cup-fans-can-enjoy-an-amazing-experience-at-sheikh-zayed-festival/" "Mozilla/5.0 AppleWebKit/537.36 (KHTML, like Gecko; compatible; GPTBot/1.3; +https://openai.com/gptbot)"
74.7.243.195 - - [02/Mar/2026:15:34:12 -0500] "GET /wp-json/oembed/1.0/embed?url=http%3A%2F%2Fwww.middleeastoday.com%2Fblack-bird-aerial-pioneering-global-visual-excellence-under-naseer-haider-siddiqui%2F HTTP/1.1" 200 2674 "http://www.middleeastoday.com/black-bird-aerial-pioneering-global-visual-excellence-under-naseer-haider-siddiqui/" "Mozilla/5.0 AppleWebKit/537.36 (KHTML, like Gecko; compatible; GPTBot/1.3; +https://openai.com/gptbot)"
74.7.243.195 - - [02/Mar/2026:15:34:16 -0500] "GET /author/admin/page/55/ HTTP/1.1" 200 21102 "http://www.middleeastoday.com/author/admin/page/57/" "Mozilla/5.0 AppleWebKit/537.36 (KHTML, like Gecko; compatible; GPTBot/1.3; +https://openai.com/gptbot)"
162.213.253.84 - - [02/Mar/2026:15:34:26 -0500] "POST /wp-cron.php?doing_wp_cron=1772483666.6910979747772216796875 HTTP/1.1" 200 0 "-" "WordPress/6.8.1; http://www.middleeastoday.com"
74.7.243.195 - - [02/Mar/2026:15:34:26 -0500] "GET /wp-json/oembed/1.0/embed?url=http%3A%2F%2Fwww.middleeastoday.com%2Ftawam-hospital-completes-endoscopic-orbital-surgery-for-hemorrhagic-tumour-removal%2F HTTP/1.1" 200 2671 "http://www.middleeastoday.com/tawam-hospital-completes-endoscopic-orbital-surgery-for-hemorrhagic-tumour-removal/" "Mozilla/5.0 AppleWebKit/537.36 (KHTML, like Gecko; compatible; GPTBot/1.3; +https://openai.com/gptbot)"
162.213.253.84 - - [02/Mar/2026:15:34:34 -0500] "POST /wp-cron.php?doing_wp_cron=1772483674.9378130435943603515625 HTTP/1.1" 200 0 "-" "WordPress/6.8.1; http://www.middleeastoday.com"
74.7.243.195 - - [02/Mar/2026:15:34:34 -0500] "GET /wp-json/oembed/1.0/embed?url=http%3A%2F%2Fwww.middleeastoday.com%2Fsultan-bin-ahmed-graces-ceremony-of-university-of-sharjahs-alumni-association%2F HTTP/1.1" 200 2669 "http://www.middleeastoday.com/sultan-bin-ahmed-graces-ceremony-of-university-of-sharjahs-alumni-association/" "Mozilla/5.0 AppleWebKit/537.36 (KHTML, like Gecko; compatible; GPTBot/1.3; +https://openai.com/gptbot)"
74.7.243.195 - - [02/Mar/2026:15:34:50 -0500] "GET /author/admin/page/54/ HTTP/1.1" 200 21025 "http://www.middleeastoday.com/author/admin/page/56/" "Mozilla/5.0 AppleWebKit/537.36 (KHTML, like Gecko; compatible; GPTBot/1.3; +https://openai.com/gptbot)"
162.213.253.84 - - [02/Mar/2026:15:35:29 -0500] "POST /wp-cron.php?doing_wp_cron=1772483729.0392470359802246093750 HTTP/1.1" 200 0 "-" "WordPress/6.8.1; http://www.middleeastoday.com"
74.7.243.195 - - [02/Mar/2026:15:35:28 -0500] "GET /wp-json/oembed/1.0/embed?url=http%3A%2F%2Fwww.middleeastoday.com%2Fdiscovery-land-and-dubai-south-sign-agreement-to-develop-luxury-golf-community%2F HTTP/1.1" 200 2653 "http://www.middleeastoday.com/discovery-land-and-dubai-south-sign-agreement-to-develop-luxury-golf-community/" "Mozilla/5.0 AppleWebKit/537.36 (KHTML, like Gecko; compatible; GPTBot/1.3; +https://openai.com/gptbot)"
162.213.253.84 - - [02/Mar/2026:15:35:29 -0500] "POST /wp-admin/admin-ajax.php?action=async_litespeed&nonce=m8DnHj3wE32uOIEQYcZ7SNFA1Qmm6EvE&litespeed_type=imgoptm HTTP/1.1" 200 21 "-" "WordPress/6.8.1; http://www.middleeastoday.com"
162.213.253.84 - - [02/Mar/2026:15:35:31 -0500] "POST /wp-cron.php?doing_wp_cron=1772483731.9460000991821289062500 HTTP/1.1" 200 0 "-" "WordPress/6.8.1; http://www.middleeastoday.com"
74.7.243.195 - - [02/Mar/2026:15:35:33 -0500] "GET /wp-json/oembed/1.0/embed?url=http%3A%2F%2Fwww.middleeastoday.com%2Fmansour-bin-zayed-awards-hamdan-bin-mohammed-the-order-of-the-mother-of-the-nation%2F HTTP/1.1" 200 2720 "http://www.middleeastoday.com/mansour-bin-zayed-awards-hamdan-bin-mohammed-the-order-of-the-mother-of-the-nation/" "Mozilla/5.0 AppleWebKit/537.36 (KHTML, like Gecko; compatible; GPTBot/1.3; +https://openai.com/gptbot)"
74.7.243.195 - - [02/Mar/2026:15:35:34 -0500] "GET /wp-json/oembed/1.0/embed?url=http%3A%2F%2Fwww.middleeastoday.com%2Fministerial-development-council-discusses-meeting-initiatives-and-legislations-to-support-government-work%2F HTTP/1.1" 200 2804 "http://www.middleeastoday.com/ministerial-development-council-discusses-meeting-initiatives-and-legislations-to-support-government-work/" "Mozilla/5.0 AppleWebKit/537.36 (KHTML, like Gecko; compatible; GPTBot/1.3; +https://openai.com/gptbot)"
74.7.243.195 - - [02/Mar/2026:15:35:35 -0500] "GET /wp-json/oembed/1.0/embed?url=http%3A%2F%2Fwww.middleeastoday.com%2Fabdullah-bin-zayed-co-chairs-10th-session-of-uae-bahrain-joint-higher-committee%2F HTTP/1.1" 200 2660 "http://www.middleeastoday.com/abdullah-bin-zayed-co-chairs-10th-session-of-uae-bahrain-joint-higher-committee/" "Mozilla/5.0 AppleWebKit/537.36 (KHTML, like Gecko; compatible; GPTBot/1.3; +https://openai.com/gptbot)"
74.7.243.195 - - [02/Mar/2026:15:35:38 -0500] "GET /wp-json/oembed/1.0/embed?url=http%3A%2F%2Fwww.middleeastoday.com%2Fexpo-2020-dubai-crowned-past-50-years-signalled-promising-future-nahyan-bin-mubarak%2F HTTP/1.1" 200 2678 "http://www.middleeastoday.com/expo-2020-dubai-crowned-past-50-years-signalled-promising-future-nahyan-bin-mubarak/" "Mozilla/5.0 AppleWebKit/537.36 (KHTML, like Gecko; compatible; GPTBot/1.3; +https://openai.com/gptbot)"
74.7.243.195 - - [02/Mar/2026:15:32:34 -0500] "GET /wp-json/oembed/1.0/embed?url=http%3A%2F%2Fwww.middleeastoday.com%2Fshop-and-win-24-golden-footballs-in-24-carats-at-joyalukkas-summer-of-joy-promotion%2F HTTP/1.1" 200 2733 "http://www.middleeastoday.com/shop-and-win-24-golden-footballs-in-24-carats-at-joyalukkas-summer-of-joy-promotion/" "Mozilla/5.0 AppleWebKit/537.36 (KHTML, like Gecko; compatible; GPTBot/1.3; +https://openai.com/gptbot)"
74.7.243.195 - - [02/Mar/2026:15:32:52 -0500] "GET /category/business/feed/ HTTP/1.1" 200 17249 "http://www.middleeastoday.com/category/business/" "Mozilla/5.0 AppleWebKit/537.36 (KHTML, like Gecko; compatible; GPTBot/1.3; +https://openai.com/gptbot)"
162.213.253.84 - - [02/Mar/2026:15:33:31 -0500] "POST /wp-cron.php?doing_wp_cron=1772483611.5925369262695312500000 HTTP/1.1" 200 0 "-" "WordPress/6.8.1; http://www.middleeastoday.com"
74.7.243.195 - - [02/Mar/2026:15:33:31 -0500] "GET /wp-json/oembed/1.0/embed?url=http%3A%2F%2Fwww.middleeastoday.com%2Fabu-dhabi-hosts-the-uae-bulgarian-business-forum%2F HTTP/1.1" 200 2513 "http://www.middleeastoday.com/abu-dhabi-hosts-the-uae-bulgarian-business-forum/" "Mozilla/5.0 AppleWebKit/537.36 (KHTML, like Gecko; compatible; GPTBot/1.3; +https://openai.com/gptbot)"
162.213.253.84 - - [02/Mar/2026:15:33:32 -0500] "POST /wp-admin/admin-ajax.php?action=async_litespeed&nonce=ixxi2M7mjm2FsphKToFIgQCUd0XQYb1l&litespeed_type=imgoptm HTTP/1.1" 200 21 "-" "WordPress/6.8.1; http://www.middleeastoday.com"
74.7.243.195 - - [02/Mar/2026:15:33:58 -0500] "GET /author/admin/page/53/ HTTP/1.1" 200 21197 "http://www.middleeastoday.com/author/admin/page/51/" "Mozilla/5.0 AppleWebKit/537.36 (KHTML, like Gecko; compatible; GPTBot/1.3; +https://openai.com/gptbot)"
74.7.243.195 - - [02/Mar/2026:15:34:08 -0500] "GET /wp-json/oembed/1.0/embed?url=http%3A%2F%2Fwww.middleeastoday.com%2Fback-to-back-wins-celebrity-media-strategist-vasu-jit-kalia-dominates-fashion-factor%2F HTTP/1.1" 200 2684 "http://www.middleeastoday.com/back-to-back-wins-celebrity-media-strategist-vasu-jit-kalia-dominates-fashion-factor/" "Mozilla/5.0 AppleWebKit/537.36 (KHTML, like Gecko; compatible; GPTBot/1.3; +https://openai.com/gptbot)"
162.213.253.84 - - [02/Mar/2026:15:34:27 -0500] "POST /wp-admin/admin-ajax.php?action=async_litespeed&nonce=Os8ibjnPhkvEPhpCYNG7TTwRLSfJfOhP&litespeed_type=imgoptm HTTP/1.1" 200 21 "-" "WordPress/6.8.1; http://www.middleeastoday.com"
74.7.243.195 - - [02/Mar/2026:15:35:09 -0500] "GET /wp-json/oembed/1.0/embed?url=http%3A%2F%2Fwww.middleeastoday.com%2Fextreme-weekends-live-motorcycle-shows-begin-tomorrow-at-sheikh-zayed-festival%2F HTTP/1.1" 200 2695 "http://www.middleeastoday.com/extreme-weekends-live-motorcycle-shows-begin-tomorrow-at-sheikh-zayed-festival/" "Mozilla/5.0 AppleWebKit/537.36 (KHTML, like Gecko; compatible; GPTBot/1.3; +https://openai.com/gptbot)"
74.7.243.195 - - [02/Mar/2026:15:35:31 -0500] "GET /wp-json/oembed/1.0/embed?url=http%3A%2F%2Fwww.middleeastoday.com%2Farada-enters-dubai-property-market-with-aed240-million-land-purchase-at-palm-jumeirah%2F HTTP/1.1" 200 2677 "http://www.middleeastoday.com/arada-enters-dubai-property-market-with-aed240-million-land-purchase-at-palm-jumeirah/" "Mozilla/5.0 AppleWebKit/537.36 (KHTML, like Gecko; compatible; GPTBot/1.3; +https://openai.com/gptbot)"
74.7.243.195 - - [02/Mar/2026:15:35:39 -0500] "GET /category/travel-tourism/airlines/feed/ HTTP/1.1" 200 8965 "http://www.middleeastoday.com/category/travel-tourism/airlines/" "Mozilla/5.0 AppleWebKit/537.36 (KHTML, like Gecko; compatible; GPTBot/1.3; +https://openai.com/gptbot)"
74.7.243.195 - - [02/Mar/2026:15:35:43 -0500] "GET /wp-json/oembed/1.0/embed?url=http%3A%2F%2Fwww.middleeastoday.com%2Fnahyan-bin-mubarak-attends-cuds-11th-convocation-ceremony-at-expo-2020-dubai%2F HTTP/1.1" 200 2696 "http://www.middleeastoday.com/nahyan-bin-mubarak-attends-cuds-11th-convocation-ceremony-at-expo-2020-dubai/" "Mozilla/5.0 AppleWebKit/537.36 (KHTML, like Gecko; compatible; GPTBot/1.3; +https://openai.com/gptbot)"
124.239.12.250 - - [02/Mar/2026:15:36:01 -0500] "GET /robots.txt HTTP/1.1" 200 117 "-" "YisouSpider"
74.7.243.195 - - [02/Mar/2026:15:36:08 -0500] "GET /wp-json/oembed/1.0/embed?url=http%3A%2F%2Fwww.middleeastoday.com%2Fabu-dhabi-fastest-growing-economy-in-mena-region-with-gdp-growth-rate-of-9-3-in-2022%2F HTTP/1.1" 200 2679 "http://www.middleeastoday.com/abu-dhabi-fastest-growing-economy-in-mena-region-with-gdp-growth-rate-of-9-3-in-2022/" "Mozilla/5.0 AppleWebKit/537.36 (KHTML, like Gecko; compatible; GPTBot/1.3; +https://openai.com/gptbot)"
40.77.167.36 - - [02/Mar/2026:15:36:26 -0500] "GET /wp-content/uploads/2022/04/UAE-UK-scaled-1-455x300.jpg HTTP/1.1" 200 12553 "-" "Mozilla/5.0 AppleWebKit/537.36 (KHTML, like Gecko; compatible; bingbot/2.0; +http://www.bing.com/bingbot.htm) Chrome/116.0.1938.76 Safari/537.36"
20.15.133.163 - - [02/Mar/2026:15:36:29 -0500] "GET /wp-content/uploads/2022/04/UAE-UK-scaled-1-455x300.jpg HTTP/1.1" 200 12553 "-" "Mozilla/5.0 AppleWebKit/537.36 (KHTML, like Gecko; compatible; bingbot/2.0; +http://www.bing.com/bingbot.htm) Chrome/116.0.1938.76 Safari/537.36"
162.213.253.84 - - [02/Mar/2026:15:36:32 -0500] "POST /wp-cron.php?doing_wp_cron=1772483792.7379291057586669921875 HTTP/1.1" 200 0 "-" "WordPress/6.8.1; http://www.middleeastoday.com"
74.7.243.195 - - [02/Mar/2026:15:36:32 -0500] "GET /wp-json/oembed/1.0/embed?url=http%3A%2F%2Fwww.middleeastoday.com%2Fuae-president-serbian-president-witness-announcement-of-uae-serbia-comprehensive-strategic-partnership-agreement-signings%2F HTTP/1.1" 200 2877 "http://www.middleeastoday.com/uae-president-serbian-president-witness-announcement-of-uae-serbia-comprehensive-strategic-partnership-agreement-signings/" "Mozilla/5.0 AppleWebKit/537.36 (KHTML, like Gecko; compatible; GPTBot/1.3; +https://openai.com/gptbot)"
74.7.243.195 - - [02/Mar/2026:15:36:42 -0500] "GET /wp-json/oembed/1.0/embed?url=http%3A%2F%2Fwww.middleeastoday.com%2Fuaes-non-oil-economy-expected-to-grow-4-7-in-2024-ubs-global-wealth-management%2F HTTP/1.1" 200 2667 "http://www.middleeastoday.com/uaes-non-oil-economy-expected-to-grow-4-7-in-2024-ubs-global-wealth-management/" "Mozilla/5.0 AppleWebKit/537.36 (KHTML, like Gecko; compatible; GPTBot/1.3; +https://openai.com/gptbot)"
74.7.243.195 - - [02/Mar/2026:15:36:43 -0500] "GET /wp-json/oembed/1.0/embed?url=http%3A%2F%2Fwww.middleeastoday.com%2Fbodour-al-qasimi-inaugurates-aus-global-day-a-carnival-of-culture-and-colour%2F HTTP/1.1" 200 2648 "http://www.middleeastoday.com/bodour-al-qasimi-inaugurates-aus-global-day-a-carnival-of-culture-and-colour/" "Mozilla/5.0 AppleWebKit/537.36 (KHTML, like Gecko; compatible; GPTBot/1.3; +https://openai.com/gptbot)"
74.7.243.195 - - [02/Mar/2026:15:36:44 -0500] "GET /wp-json/oembed/1.0/embed?url=http%3A%2F%2Fwww.middleeastoday.com%2Fabu-dhabi-powerboat-team-gears-up-for-fastest-lap-in-uim-f2-world-championship%2F HTTP/1.1" 200 2688 "http://www.middleeastoday.com/abu-dhabi-powerboat-team-gears-up-for-fastest-lap-in-uim-f2-world-championship/" "Mozilla/5.0 AppleWebKit/537.36 (KHTML, like Gecko; compatible; GPTBot/1.3; +https://openai.com/gptbot)"
74.7.243.195 - - [02/Mar/2026:15:36:46 -0500] "GET /wp-json/oembed/1.0/embed?url=http%3A%2F%2Fwww.middleeastoday.com%2Fzaki-nusseibeh-first-emirati-to-win-membership-of-institut-de-france-academy%2F HTTP/1.1" 200 2631 "http://www.middleeastoday.com/zaki-nusseibeh-first-emirati-to-win-membership-of-institut-de-france-academy/" "Mozilla/5.0 AppleWebKit/537.36 (KHTML, like Gecko; compatible; GPTBot/1.3; +https://openai.com/gptbot)"
74.7.243.195 - - [02/Mar/2026:15:36:47 -0500] "GET /wp-json/oembed/1.0/embed?url=http%3A%2F%2Fwww.middleeastoday.com%2Fabdullah-bin-zayed-lauds-saudi-arabia-for-evacuating-uae-citizens-from-sudan%2F HTTP/1.1" 200 2636 "http://www.middleeastoday.com/abdullah-bin-zayed-lauds-saudi-arabia-for-evacuating-uae-citizens-from-sudan/" "Mozilla/5.0 AppleWebKit/537.36 (KHTML, like Gecko; compatible; GPTBot/1.3; +https://openai.com/gptbot)"
74.7.243.195 - - [02/Mar/2026:15:35:42 -0500] "GET /wp-json/oembed/1.0/embed?url=http%3A%2F%2Fwww.middleeastoday.com%2Famanat-acquires-a-60-stake-in-human-development-company-for-sar220-3-million%2F HTTP/1.1" 200 2636 "http://www.middleeastoday.com/amanat-acquires-a-60-stake-in-human-development-company-for-sar220-3-million/" "Mozilla/5.0 AppleWebKit/537.36 (KHTML, like Gecko; compatible; GPTBot/1.3; +https://openai.com/gptbot)"
74.7.243.195 - - [02/Mar/2026:15:35:46 -0500] "GET /wp-json/oembed/1.0/embed?url=http%3A%2F%2Fwww.middleeastoday.com%2Fmohammed-bin-rashid-attends-graduation-ceremony-of-706-police-cadets-at-expo-2020-dubai%2F HTTP/1.1" 200 2699 "http://www.middleeastoday.com/mohammed-bin-rashid-attends-graduation-ceremony-of-706-police-cadets-at-expo-2020-dubai/" "Mozilla/5.0 AppleWebKit/537.36 (KHTML, like Gecko; compatible; GPTBot/1.3; +https://openai.com/gptbot)"
74.7.243.195 - - [02/Mar/2026:15:35:52 -0500] "GET /wp-json/oembed/1.0/embed?url=http%3A%2F%2Fwww.middleeastoday.com%2Fuae-ministry-of-education-and-wef-to-equip-1-billion-people-for-labour-market-by-2030%2F HTTP/1.1" 200 2693 "http://www.middleeastoday.com/uae-ministry-of-education-and-wef-to-equip-1-billion-people-for-labour-market-by-2030/" "Mozilla/5.0 AppleWebKit/537.36 (KHTML, like Gecko; compatible; GPTBot/1.3; +https://openai.com/gptbot)"
162.213.253.84 - - [02/Mar/2026:15:36:33 -0500] "POST /wp-admin/admin-ajax.php?action=async_litespeed&nonce=8IJEowhADb9XXlZ9pyfXy4O7kQbeWhAo&litespeed_type=imgoptm HTTP/1.1" 200 21 "-" "WordPress/6.8.1; http://www.middleeastoday.com"
162.213.253.84 - - [02/Mar/2026:15:36:41 -0500] "POST /wp-cron.php?doing_wp_cron=1772483801.8230609893798828125000 HTTP/1.1" 200 0 "-" "WordPress/6.8.1; http://www.middleeastoday.com"
74.7.243.195 - - [02/Mar/2026:15:36:41 -0500] "GET /wp-json/oembed/1.0/embed?url=http%3A%2F%2Fwww.middleeastoday.com%2Fmubadala-invests-in-worlds-largest-private-offshore-wind-energy-developer%2F HTTP/1.1" 200 2645 "http://www.middleeastoday.com/mubadala-invests-in-worlds-largest-private-offshore-wind-energy-developer/" "Mozilla/5.0 AppleWebKit/537.36 (KHTML, like Gecko; compatible; GPTBot/1.3; +https://openai.com/gptbot)"
74.7.243.195 - - [02/Mar/2026:15:36:42 -0500] "GET /wp-json/oembed/1.0/embed?url=http%3A%2F%2Fwww.middleeastoday.com%2Fa-new-initiative-to-think-creatively-about-the-future-of-diplomacy-in-dubai%2F HTTP/1.1" 200 2641 "http://www.middleeastoday.com/a-new-initiative-to-think-creatively-about-the-future-of-diplomacy-in-dubai/" "Mozilla/5.0 AppleWebKit/537.36 (KHTML, like Gecko; compatible; GPTBot/1.3; +https://openai.com/gptbot)"
74.7.243.195 - - [02/Mar/2026:15:36:45 -0500] "GET /wp-json/oembed/1.0/embed?url=http%3A%2F%2Fwww.middleeastoday.com%2Fuae-president-vp-congratulate-king-abdullah-of-jordan-on-accession-to-throne-day%2F HTTP/1.1" 200 2669 "http://www.middleeastoday.com/uae-president-vp-congratulate-king-abdullah-of-jordan-on-accession-to-throne-day/" "Mozilla/5.0 AppleWebKit/537.36 (KHTML, like Gecko; compatible; GPTBot/1.3; +https://openai.com/gptbot)"
74.7.243.195 - - [02/Mar/2026:15:36:48 -0500] "GET /wp-json/oembed/1.0/embed?url=http%3A%2F%2Fwww.middleeastoday.com%2Ffame-king-vasu-jit-kalia-takes-the-centre-stage-with-the-media-strategist-of-the-year-award%2F HTTP/1.1" 200 2730 "http://www.middleeastoday.com/fame-king-vasu-jit-kalia-takes-the-centre-stage-with-the-media-strategist-of-the-year-award/" "Mozilla/5.0 AppleWebKit/537.36 (KHTML, like Gecko; compatible; GPTBot/1.3; +https://openai.com/gptbot)"
74.7.243.195 - - [02/Mar/2026:15:36:58 -0500] "GET /wp-json/oembed/1.0/embed?url=http%3A%2F%2Fwww.middleeastoday.com%2Fthe-president-of-the-state-receives-the-sharjah-football-team-which-won-his-highnesss-cup%2F HTTP/1.1" 200 2774 "http://www.middleeastoday.com/the-president-of-the-state-receives-the-sharjah-football-team-which-won-his-highnesss-cup/" "Mozilla/5.0 AppleWebKit/537.36 (KHTML, like Gecko; compatible; GPTBot/1.3; +https://openai.com/gptbot)"
74.7.243.195 - - [02/Mar/2026:15:36:53 -0500] "GET /wp-json/oembed/1.0/embed?url=http%3A%2F%2Fwww.middleeastoday.com%2Fuae-leaders-condole-king-salman-on-death-of-princess-lolwah-bint-fahd-bin-abdulaziz-al-saud%2F HTTP/1.1" 200 2705 "http://www.middleeastoday.com/uae-leaders-condole-king-salman-on-death-of-princess-lolwah-bint-fahd-bin-abdulaziz-al-saud/" "Mozilla/5.0 AppleWebKit/537.36 (KHTML, like Gecko; compatible; GPTBot/1.3; +https://openai.com/gptbot)"
162.213.253.84 - - [02/Mar/2026:15:37:26 -0500] "POST /wp-cron.php?doing_wp_cron=1772483846.8542768955230712890625 HTTP/1.1" 200 0 "-" "WordPress/6.8.1; http://www.middleeastoday.com"
74.7.243.195 - - [02/Mar/2026:15:37:26 -0500] "GET /wp-json/oembed/1.0/embed?url=http%3A%2F%2Fwww.middleeastoday.com%2Fthe-head-of-state-and-the-sultan-of-oman-exchanged-greetings-on-the-occasion-of-eid-al-fitr%2F HTTP/1.1" 200 2706 "http://www.middleeastoday.com/the-head-of-state-and-the-sultan-of-oman-exchanged-greetings-on-the-occasion-of-eid-al-fitr/" "Mozilla/5.0 AppleWebKit/537.36 (KHTML, like Gecko; compatible; GPTBot/1.3; +https://openai.com/gptbot)"
162.213.253.84 - - [02/Mar/2026:15:37:27 -0500] "POST /wp-admin/admin-ajax.php?action=async_litespeed&nonce=ntZWQrCwLcUyEHPJ1dpUfRk1bkE4ZNDo&litespeed_type=imgoptm HTTP/1.1" 200 21 "-" "WordPress/6.8.1; http://www.middleeastoday.com"
43.135.107.95 - - [02/Mar/2026:15:37:34 -0500] "GET /wp-content/uploads/2022/02/CBUAE-850x560.jpg HTTP/1.1" 200 86789 "-" "Mozilla/5.0 (Windows NT 10.0; Win64; x64) AppleWebKit/537.36"
162.213.253.84 - - [02/Mar/2026:15:37:45 -0500] "POST /wp-cron.php?doing_wp_cron=1772483865.3090488910675048828125 HTTP/1.1" 200 0 "-" "WordPress/6.8.1; http://www.middleeastoday.com"
74.7.243.195 - - [02/Mar/2026:15:37:52 -0500] "GET /wp-json/oembed/1.0/embed?url=http%3A%2F%2Fwww.middleeastoday.com%2Fras-al-khaimah-tourism-development-authority-named-one-of-uaes-best-workplaces%2F HTTP/1.1" 200 2672 "http://www.middleeastoday.com/ras-al-khaimah-tourism-development-authority-named-one-of-uaes-best-workplaces/" "Mozilla/5.0 AppleWebKit/537.36 (KHTML, like Gecko; compatible; GPTBot/1.3; +https://openai.com/gptbot)"
74.7.243.195 - - [02/Mar/2026:15:37:53 -0500] "GET /wp-json/oembed/1.0/embed?url=http%3A%2F%2Fwww.middleeastoday.com%2Fmohap-signs-mou-to-improve-access-to-affordably-priced-innovative-medications%2F HTTP/1.1" 200 2647 "http://www.middleeastoday.com/mohap-signs-mou-to-improve-access-to-affordably-priced-innovative-medications/" "Mozilla/5.0 AppleWebKit/537.36 (KHTML, like Gecko; compatible; GPTBot/1.3; +https://openai.com/gptbot)"
74.7.243.195 - - [02/Mar/2026:15:37:54 -0500] "GET /wp-json/oembed/1.0/embed?url=http%3A%2F%2Fwww.middleeastoday.com%2Fmohammed-bin-rashid-issues-law-regulating-provision-of-digital-services-in-dubai%2F HTTP/1.1" 200 2575 "http://www.middleeastoday.com/mohammed-bin-rashid-issues-law-regulating-provision-of-digital-services-in-dubai/" "Mozilla/5.0 AppleWebKit/537.36 (KHTML, like Gecko; compatible; GPTBot/1.3; +https://openai.com/gptbot)"
74.7.243.195 - - [02/Mar/2026:15:37:58 -0500] "GET /wp-json/oembed/1.0/embed?url=http%3A%2F%2Fwww.middleeastoday.com%2Fgold-poised-for-significant-quarterly-rise-following-interest-rate-driven-decline%2F HTTP/1.1" 200 2648 "http://www.middleeastoday.com/gold-poised-for-significant-quarterly-rise-following-interest-rate-driven-decline/" "Mozilla/5.0 AppleWebKit/537.36 (KHTML, like Gecko; compatible; GPTBot/1.3; +https://openai.com/gptbot)"
74.7.243.195 - - [02/Mar/2026:15:37:59 -0500] "GET /wp-json/oembed/1.0/embed?url=http%3A%2F%2Fwww.middleeastoday.com%2Fal-jalila-foundation-positive-zero-inaugurate-rooftop-and-carport-solar-project%2F HTTP/1.1" 200 2665 "http://www.middleeastoday.com/al-jalila-foundation-positive-zero-inaugurate-rooftop-and-carport-solar-project/" "Mozilla/5.0 AppleWebKit/537.36 (KHTML, like Gecko; compatible; GPTBot/1.3; +https://openai.com/gptbot)"
74.7.243.195 - - [02/Mar/2026:15:37:44 -0500] "GET /wp-json/oembed/1.0/embed?url=http%3A%2F%2Fwww.middleeastoday.com%2Flimited-edition-aed-8-million-zenvo-hypercar-to-the-middle-east-launched-by-the-elite-cars%2F HTTP/1.1" 200 2694 "http://www.middleeastoday.com/limited-edition-aed-8-million-zenvo-hypercar-to-the-middle-east-launched-by-the-elite-cars/" "Mozilla/5.0 AppleWebKit/537.36 (KHTML, like Gecko; compatible; GPTBot/1.3; +https://openai.com/gptbot)"
74.7.243.195 - - [02/Mar/2026:15:37:54 -0500] "GET /wp-json/oembed/1.0/embed?url=http%3A%2F%2Fwww.middleeastoday.com%2Fmansour-bin-zayed-turkmen-deputy-prime-minister-discuss-enhancing-bilateral-ties%2F HTTP/1.1" 200 2667 "http://www.middleeastoday.com/mansour-bin-zayed-turkmen-deputy-prime-minister-discuss-enhancing-bilateral-ties/" "Mozilla/5.0 AppleWebKit/537.36 (KHTML, like Gecko; compatible; GPTBot/1.3; +https://openai.com/gptbot)"
74.7.243.195 - - [02/Mar/2026:15:37:56 -0500] "GET /wp-json/oembed/1.0/embed?url=http%3A%2F%2Fwww.middleeastoday.com%2Flord-abbett-expands-global-presence-selecting-difc-for-first-middle-east-branch%2F HTTP/1.1" 200 2653 "http://www.middleeastoday.com/lord-abbett-expands-global-presence-selecting-difc-for-first-middle-east-branch/" "Mozilla/5.0 AppleWebKit/537.36 (KHTML, like Gecko; compatible; GPTBot/1.3; +https://openai.com/gptbot)"
74.7.243.195 - - [02/Mar/2026:15:37:58 -0500] "GET /wp-json/oembed/1.0/embed?url=http%3A%2F%2Fwww.middleeastoday.com%2Fmohammed-bin-rashid-president-of-turkey-discuss-future-of-strategic-partnership%2F HTTP/1.1" 200 2663 "http://www.middleeastoday.com/mohammed-bin-rashid-president-of-turkey-discuss-future-of-strategic-partnership/" "Mozilla/5.0 AppleWebKit/537.36 (KHTML, like Gecko; compatible; GPTBot/1.3; +https://openai.com/gptbot)"
14.164.170.161 - - [02/Mar/2026:15:38:03 -0500] "GET http://www.middleeastoday.com/uae-russian-presidents-discuss-bilateral-strategic-partnership-in-moscow/ HTTP/1.1" 200 24812 "-" "Mozilla/5.0 (Macintosh; Intel Mac OS X 10_7_3) AppleWebKit/537.36 (KHTML, like Gecko, Mediapartners-Google) Chrome/84.0.4147.140 Safari/537.36"
74.7.243.195 - - [02/Mar/2026:15:38:19 -0500] "GET /wp-json/oembed/1.0/embed?url=http%3A%2F%2Fwww.middleeastoday.com%2Frevolutionizing-marketing-former-samsung-cmo-seif-el-hakim-launches-10xbuzz-agency%25ef%25bf%25bc%2F HTTP/1.1" 200 2683 "http://www.middleeastoday.com/revolutionizing-marketing-former-samsung-cmo-seif-el-hakim-launches-10xbuzz-agency%ef%bf%bc/" "Mozilla/5.0 AppleWebKit/537.36 (KHTML, like Gecko; compatible; GPTBot/1.3; +https://openai.com/gptbot)"
162.213.253.84 - - [02/Mar/2026:15:38:41 -0500] "POST /wp-admin/admin-ajax.php?action=async_litespeed&nonce=UfarUEIp0xvUhhATYcjcRWy2oLHHoU2u&litespeed_type=imgoptm HTTP/1.1" 200 21 "-" "WordPress/6.8.1; http://www.middleeastoday.com"
162.213.253.84 - - [02/Mar/2026:15:38:59 -0500] "POST /wp-cron.php?doing_wp_cron=1772483939.1850640773773193359375 HTTP/1.1" 200 0 "-" "WordPress/6.8.1; http://www.middleeastoday.com"
74.7.243.195 - - [02/Mar/2026:15:39:22 -0500] "GET /wp-json/oembed/1.0/embed?url=http%3A%2F%2Fwww.middleeastoday.com%2Fdubais-tourism-recovery-sees-city-welcoming-6-17-million-international-visitors-from-january-may-2022%2F HTTP/1.1" 200 2777 "http://www.middleeastoday.com/dubais-tourism-recovery-sees-city-welcoming-6-17-million-international-visitors-from-january-may-2022/" "Mozilla/5.0 AppleWebKit/537.36 (KHTML, like Gecko; compatible; GPTBot/1.3; +https://openai.com/gptbot)"
162.213.253.84 - - [02/Mar/2026:15:39:23 -0500] "POST /wp-admin/admin-ajax.php?action=async_litespeed&nonce=WagmKi4Rt1jSEbC5NvSKrs7YmHH1kVo5&litespeed_type=imgoptm HTTP/1.1" 200 21 "-" "WordPress/6.8.1; http://www.middleeastoday.com"
162.213.253.84 - - [02/Mar/2026:15:39:25 -0500] "POST /wp-cron.php?doing_wp_cron=1772483965.0396649837493896484375 HTTP/1.1" 200 0 "-" "WordPress/6.8.1; http://www.middleeastoday.com"
74.7.243.195 - - [02/Mar/2026:15:38:01 -0500] "GET /wp-json/oembed/1.0/embed?url=http%3A%2F%2Fwww.middleeastoday.com%2Fmaktoum-bin-mohammed-meets-with-ernst-tanner-executive-chairman-of-lindt-sprungli%2F HTTP/1.1" 200 2705 "http://www.middleeastoday.com/maktoum-bin-mohammed-meets-with-ernst-tanner-executive-chairman-of-lindt-sprungli/" "Mozilla/5.0 AppleWebKit/537.36 (KHTML, like Gecko; compatible; GPTBot/1.3; +https://openai.com/gptbot)"
162.213.253.84 - - [02/Mar/2026:15:38:40 -0500] "POST /wp-cron.php?doing_wp_cron=1772483920.8170399665832519531250 HTTP/1.1" 200 0 "-" "WordPress/6.8.1; http://www.middleeastoday.com"
74.7.243.195 - - [02/Mar/2026:15:38:40 -0500] "GET /wp-json/oembed/1.0/embed?url=http%3A%2F%2Fwww.middleeastoday.com%2Fuae-president-receives-olena-zelenska-directs-4-million-of-humanitarian-aid-to-children-in-ukraine%2F HTTP/1.1" 200 2751 "http://www.middleeastoday.com/uae-president-receives-olena-zelenska-directs-4-million-of-humanitarian-aid-to-children-in-ukraine/" "Mozilla/5.0 AppleWebKit/537.36 (KHTML, like Gecko; compatible; GPTBot/1.3; +https://openai.com/gptbot)"
74.7.243.195 - - [02/Mar/2026:15:38:58 -0500] "GET /wp-json/oembed/1.0/embed?url=http%3A%2F%2Fwww.middleeastoday.com%2Fdubai-welcomes-7-28-million-overnight-visitors-in-2021-setting-momentous-marker-for-global-tourism-recovery%2F HTTP/1.1" 200 2808 "http://www.middleeastoday.com/dubai-welcomes-7-28-million-overnight-visitors-in-2021-setting-momentous-marker-for-global-tourism-recovery/" "Mozilla/5.0 AppleWebKit/537.36 (KHTML, like Gecko; compatible; GPTBot/1.3; +https://openai.com/gptbot)"
162.213.253.84 - - [02/Mar/2026:15:39:22 -0500] "POST /wp-cron.php?doing_wp_cron=1772483962.6092920303344726562500 HTTP/1.1" 200 0 "-" "WordPress/6.8.1; http://www.middleeastoday.com"
74.7.243.195 - - [02/Mar/2026:15:39:26 -0500] "GET /wp-json/oembed/1.0/embed?url=http%3A%2F%2Fwww.middleeastoday.com%2Fsaudi-arabia-marks-spectacular-expo-2020-national-day-with-music-culture-and-more%2F HTTP/1.1" 200 2660 "http://www.middleeastoday.com/saudi-arabia-marks-spectacular-expo-2020-national-day-with-music-culture-and-more/" "Mozilla/5.0 AppleWebKit/537.36 (KHTML, like Gecko; compatible; GPTBot/1.3; +https://openai.com/gptbot)"
74.7.243.195 - - [02/Mar/2026:15:39:31 -0500] "GET /wp-json/oembed/1.0/embed?url=http%3A%2F%2Fwww.middleeastoday.com%2Fasean-committee-in-abu-dhabi-underlines-commitment-to-strengthening-asean-uae-ties%2F HTTP/1.1" 200 2665 "http://www.middleeastoday.com/asean-committee-in-abu-dhabi-underlines-commitment-to-strengthening-asean-uae-ties/" "Mozilla/5.0 AppleWebKit/537.36 (KHTML, like Gecko; compatible; GPTBot/1.3; +https://openai.com/gptbot)"
74.7.243.195 - - [02/Mar/2026:15:39:34 -0500] "GET /wp-json/oembed/1.0/embed?url=http%3A%2F%2Fwww.middleeastoday.com%2Fraks-tourism-sector-aims-to-increase-number-of-hotel-rooms-to-12747-in-5-years-raktda-ceo%2F HTTP/1.1" 200 2738 "http://www.middleeastoday.com/raks-tourism-sector-aims-to-increase-number-of-hotel-rooms-to-12747-in-5-years-raktda-ceo/" "Mozilla/5.0 AppleWebKit/537.36 (KHTML, like Gecko; compatible; GPTBot/1.3; +https://openai.com/gptbot)"
74.7.243.195 - - [02/Mar/2026:15:39:59 -0500] "GET /wp-json/oembed/1.0/embed?url=http%3A%2F%2Fwww.middleeastoday.com%2Fdubais-first-time-home-buyer-programme-helps-over-2000-residents-become-homeowners-in-6-months-since-launch%2F HTTP/1.1" 200 2808 "http://www.middleeastoday.com/dubais-first-time-home-buyer-programme-helps-over-2000-residents-become-homeowners-in-6-months-since-launch/" "Mozilla/5.0 AppleWebKit/537.36 (KHTML, like Gecko; compatible; GPTBot/1.3; +https://openai.com/gptbot)"
74.7.243.195 - - [02/Mar/2026:15:39:24 -0500] "GET /wp-json/oembed/1.0/embed?url=http%3A%2F%2Fwww.middleeastoday.com%2Fwetex-and-dss-2022-to-offer-field-visits-to-key-dubai-based-sustainability-projects%2F HTTP/1.1" 200 2674 "http://www.middleeastoday.com/wetex-and-dss-2022-to-offer-field-visits-to-key-dubai-based-sustainability-projects/" "Mozilla/5.0 AppleWebKit/537.36 (KHTML, like Gecko; compatible; GPTBot/1.3; +https://openai.com/gptbot)"
74.7.243.195 - - [02/Mar/2026:15:39:35 -0500] "GET /wp-json/oembed/1.0/embed?url=http%3A%2F%2Fwww.middleeastoday.com%2Fmohammed-bin-rashid-al-maktoum-solar-park-key-pillar-to-reach-100-clean-energy-in-dubai-by-2050%2F HTTP/1.1" 200 2746 "http://www.middleeastoday.com/mohammed-bin-rashid-al-maktoum-solar-park-key-pillar-to-reach-100-clean-energy-in-dubai-by-2050/" "Mozilla/5.0 AppleWebKit/537.36 (KHTML, like Gecko; compatible; GPTBot/1.3; +https://openai.com/gptbot)"
74.7.243.195 - - [02/Mar/2026:15:39:36 -0500] "GET /wp-json/oembed/1.0/embed?url=http%3A%2F%2Fwww.middleeastoday.com%2Fmohamed-bin-zayed-orders-disbursement-of-housing-loans-to-1347-citizens-in-abu-dhabi-worth-a-total-of-aed2-36bn%2F HTTP/1.1" 200 2827 "http://www.middleeastoday.com/mohamed-bin-zayed-orders-disbursement-of-housing-loans-to-1347-citizens-in-abu-dhabi-worth-a-total-of-aed2-36bn/" "Mozilla/5.0 AppleWebKit/537.36 (KHTML, like Gecko; compatible; GPTBot/1.3; +https://openai.com/gptbot)"
74.7.243.195 - - [02/Mar/2026:15:39:37 -0500] "GET /category/travel-tourism/hotels/feed/ HTTP/1.1" 200 5923 "http://www.middleeastoday.com/category/travel-tourism/hotels/" "Mozilla/5.0 AppleWebKit/537.36 (KHTML, like Gecko; compatible; GPTBot/1.3; +https://openai.com/gptbot)"
74.7.243.195 - - [02/Mar/2026:15:39:40 -0500] "GET /wp-json/oembed/1.0/embed?url=http%3A%2F%2Fwww.middleeastoday.com%2Ffund-transfers-between-uae-banks-amounted-to-aed3-96-trillion-in-first-four-months-of-2022%2F HTTP/1.1" 200 2711 "http://www.middleeastoday.com/fund-transfers-between-uae-banks-amounted-to-aed3-96-trillion-in-first-four-months-of-2022/" "Mozilla/5.0 AppleWebKit/537.36 (KHTML, like Gecko; compatible; GPTBot/1.3; +https://openai.com/gptbot)"
74.7.243.195 - - [02/Mar/2026:15:39:53 -0500] "GET /category/video/ HTTP/1.1" 200 20173 "http://www.middleeastoday.com/difc-announces-future-sustainability-forum-in-dubai/" "Mozilla/5.0 AppleWebKit/537.36 (KHTML, like Gecko; compatible; GPTBot/1.3; +https://openai.com/gptbot)"
74.7.243.195 - - [02/Mar/2026:15:40:17 -0500] "GET /wp-json/oembed/1.0/embed?url=http%3A%2F%2Fwww.middleeastoday.com%2Fvasu-jit-kalia-honored-as-celebrity-media-strategist-at-leadership-excellence-awards%2F HTTP/1.1" 200 2683 "http://www.middleeastoday.com/vasu-jit-kalia-honored-as-celebrity-media-strategist-at-leadership-excellence-awards/" "Mozilla/5.0 AppleWebKit/537.36 (KHTML, like Gecko; compatible; GPTBot/1.3; +https://openai.com/gptbot)"
74.7.243.195 - - [02/Mar/2026:15:40:37 -0500] "GET /wp-json/oembed/1.0/embed?url=http%3A%2F%2Fwww.middleeastoday.com%2Fun-chief-calls-for-global-nuclear-disarmament-at-peace-memorial-ceremony-in-hiroshima%2F HTTP/1.1" 200 2681 "http://www.middleeastoday.com/un-chief-calls-for-global-nuclear-disarmament-at-peace-memorial-ceremony-in-hiroshima/" "Mozilla/5.0 AppleWebKit/537.36 (KHTML, like Gecko; compatible; GPTBot/1.3; +https://openai.com/gptbot)"
162.213.253.84 - - [02/Mar/2026:15:40:38 -0500] "POST /wp-admin/admin-ajax.php?action=async_litespeed&nonce=7wT40o4IyGX23TU631lMKhypQWdnxbBI&litespeed_type=imgoptm HTTP/1.1" 200 21 "-" "WordPress/6.8.1; http://www.middleeastoday.com"
74.7.243.195 - - [02/Mar/2026:15:40:42 -0500] "GET /wp-json/oembed/1.0/embed?url=http%3A%2F%2Fwww.middleeastoday.com%2Fuae-president-receives-condolences-from-world-leaders-on-passing-of-saeed-bin-zayed%2F HTTP/1.1" 200 2675 "http://www.middleeastoday.com/uae-president-receives-condolences-from-world-leaders-on-passing-of-saeed-bin-zayed/" "Mozilla/5.0 AppleWebKit/537.36 (KHTML, like Gecko; compatible; GPTBot/1.3; +https://openai.com/gptbot)"
74.7.243.195 - - [02/Mar/2026:15:40:46 -0500] "GET /wp-json/oembed/1.0/embed?url=http%3A%2F%2Fwww.middleeastoday.com%2Fmohammed-bin-rashid-meets-with-prime-minister-of-iraqi-kurdistan-regional-government%2F HTTP/1.1" 200 2691 "http://www.middleeastoday.com/mohammed-bin-rashid-meets-with-prime-minister-of-iraqi-kurdistan-regional-government/" "Mozilla/5.0 AppleWebKit/537.36 (KHTML, like Gecko; compatible; GPTBot/1.3; +https://openai.com/gptbot)"
74.7.243.195 - - [02/Mar/2026:15:40:46 -0500] "GET /wp-json/oembed/1.0/embed?url=http%3A%2F%2Fwww.middleeastoday.com%2Fmasdar-opens-office-in-saudi-arabia-to-strengthen-presence-in-renewable-energy-market%2F HTTP/1.1" 200 2685 "http://www.middleeastoday.com/masdar-opens-office-in-saudi-arabia-to-strengthen-presence-in-renewable-energy-market/" "Mozilla/5.0 AppleWebKit/537.36 (KHTML, like Gecko; compatible; GPTBot/1.3; +https://openai.com/gptbot)"
74.7.243.195 - - [02/Mar/2026:15:40:49 -0500] "GET /wp-json/oembed/1.0/embed?url=http%3A%2F%2Fwww.middleeastoday.com%2Fmohammed-bin-rashid-approves-dubai-countryside-and-rural-areas-development-master-plan%2F HTTP/1.1" 200 2707 "http://www.middleeastoday.com/mohammed-bin-rashid-approves-dubai-countryside-and-rural-areas-development-master-plan/" "Mozilla/5.0 AppleWebKit/537.36 (KHTML, like Gecko; compatible; GPTBot/1.3; +https://openai.com/gptbot)"
74.7.243.195 - - [02/Mar/2026:15:40:50 -0500] "GET /wp-json/oembed/1.0/embed?url=http%3A%2F%2Fwww.middleeastoday.com%2Fuae-president-emir-of-qatar-discuss-fraternal-ties-regional-developments-in-phone-call%2F HTTP/1.1" 200 2689 "http://www.middleeastoday.com/uae-president-emir-of-qatar-discuss-fraternal-ties-regional-developments-in-phone-call/" "Mozilla/5.0 AppleWebKit/537.36 (KHTML, like Gecko; compatible; GPTBot/1.3; +https://openai.com/gptbot)"
74.7.243.195 - - [02/Mar/2026:15:40:53 -0500] "GET /wp-json/oembed/1.0/embed?url=http%3A%2F%2Fwww.middleeastoday.com%2Fuae-a-key-driver-of-paralympic-games-development-international-committee-president%2F HTTP/1.1" 200 2693 "http://www.middleeastoday.com/uae-a-key-driver-of-paralympic-games-development-international-committee-president/" "Mozilla/5.0 AppleWebKit/537.36 (KHTML, like Gecko; compatible; GPTBot/1.3; +https://openai.com/gptbot)"
