74.7.243.195 - - [02/Mar/2026:13:37:06 -0500] "GET /?p=8780 HTTP/1.1" 301 0 "http://www.middleeastoday.com/uae-foreign-minister-cypriot-counterpart-discuss-developing-ties/" "Mozilla/5.0 AppleWebKit/537.36 (KHTML, like Gecko; compatible; GPTBot/1.3; +https://openai.com/gptbot)"
74.7.243.195 - - [02/Mar/2026:13:37:07 -0500] "GET /uae-foreign-minister-cypriot-counterpart-discuss-developing-ties/ HTTP/1.1" 200 20181 "http://www.middleeastoday.com/?p=8780" "Mozilla/5.0 AppleWebKit/537.36 (KHTML, like Gecko; compatible; GPTBot/1.3; +https://openai.com/gptbot)"
162.213.253.84 - - [02/Mar/2026:13:37:23 -0500] "POST /wp-cron.php?doing_wp_cron=1772476643.4212379455566406250000 HTTP/1.1" 200 0 "-" "WordPress/6.8.1; http://www.middleeastoday.com"
74.7.243.195 - - [02/Mar/2026:13:37:22 -0500] "GET /?p=8600 HTTP/1.1" 301 0 "http://www.middleeastoday.com/uae-president-vp-preside-over-swearing-in-of-newly-appointed-ministers-of-state/" "Mozilla/5.0 AppleWebKit/537.36 (KHTML, like Gecko; compatible; GPTBot/1.3; +https://openai.com/gptbot)"
74.7.243.195 - - [02/Mar/2026:13:35:52 -0500] "GET /?p=8647 HTTP/1.1" 301 0 "http://www.middleeastoday.com/uae-leaders-congratulate-president-of-philippines-on-independence-day/" "Mozilla/5.0 AppleWebKit/537.36 (KHTML, like Gecko; compatible; GPTBot/1.3; +https://openai.com/gptbot)"
74.7.243.195 - - [02/Mar/2026:13:35:53 -0500] "GET /uae-leaders-congratulate-president-of-philippines-on-independence-day/ HTTP/1.1" 200 19875 "http://www.middleeastoday.com/?p=8647" "Mozilla/5.0 AppleWebKit/537.36 (KHTML, like Gecko; compatible; GPTBot/1.3; +https://openai.com/gptbot)"
162.213.253.84 - - [02/Mar/2026:13:36:37 -0500] "POST /wp-cron.php?doing_wp_cron=1772476597.4064550399780273437500 HTTP/1.1" 200 0 "-" "WordPress/6.8.1; http://www.middleeastoday.com"
74.7.243.195 - - [02/Mar/2026:13:36:36 -0500] "GET /?p=8688 HTTP/1.1" 301 0 "http://www.middleeastoday.com/uae-president-receives-indonesian-minister-of-maritime-affairs/" "Mozilla/5.0 AppleWebKit/537.36 (KHTML, like Gecko; compatible; GPTBot/1.3; +https://openai.com/gptbot)"
162.213.253.84 - - [02/Mar/2026:13:36:37 -0500] "POST /wp-admin/admin-ajax.php?action=async_litespeed&nonce=VIfuKU39cNqgQJuMsCxZaM9ihrReqnan&litespeed_type=imgoptm HTTP/1.1" 200 21 "-" "WordPress/6.8.1; http://www.middleeastoday.com"
74.7.243.195 - - [02/Mar/2026:13:36:51 -0500] "GET /?p=8732 HTTP/1.1" 301 0 "http://www.middleeastoday.com/uae-president-king-of-jordan-discuss-brotherly-relations-cooperation-and-joint-action/" "Mozilla/5.0 AppleWebKit/537.36 (KHTML, like Gecko; compatible; GPTBot/1.3; +https://openai.com/gptbot)"
74.7.243.195 - - [02/Mar/2026:13:36:52 -0500] "GET /uae-president-king-of-jordan-discuss-brotherly-relations-cooperation-and-joint-action/ HTTP/1.1" 200 20772 "http://www.middleeastoday.com/?p=8732" "Mozilla/5.0 AppleWebKit/537.36 (KHTML, like Gecko; compatible; GPTBot/1.3; +https://openai.com/gptbot)"
114.119.154.115 - - [02/Mar/2026:13:37:45 -0500] "GET /tawam-hospital-completes-endoscopic-orbital-surgery-for-hemorrhagic-tumour-removal/ HTTP/1.1" 200 25936 "http://www.middleeastoday.com/tawam-hospital-completes-endoscopic-orbital-surgery-for-hemorrhagic-tumour-removal" "Mozilla/5.0 (Linux; Android 7.0;) AppleWebKit/537.36 (KHTML, like Gecko) Mobile Safari/537.36 (compatible; PetalBot;+https://webmaster.petalsearch.com/site/petalbot)"
74.7.243.195 - - [02/Mar/2026:13:37:48 -0500] "GET /?p=8673 HTTP/1.1" 301 0 "http://www.middleeastoday.com/uae-president-receives-president-of-rwanda/" "Mozilla/5.0 AppleWebKit/537.36 (KHTML, like Gecko; compatible; GPTBot/1.3; +https://openai.com/gptbot)"
74.7.243.195 - - [02/Mar/2026:13:37:49 -0500] "GET /uae-president-receives-president-of-rwanda/ HTTP/1.1" 200 20433 "http://www.middleeastoday.com/?p=8673" "Mozilla/5.0 AppleWebKit/537.36 (KHTML, like Gecko; compatible; GPTBot/1.3; +https://openai.com/gptbot)"
43.135.107.165 - - [02/Mar/2026:13:37:53 -0500] "GET /wp-content/uploads/2022/04/SIH-launches-850x560.jpg HTTP/1.1" 200 102715 "-" "Mozilla/5.0 (Windows NT 10.0; Win64; x64) AppleWebKit/537.36"
74.7.243.195 - - [02/Mar/2026:13:38:21 -0500] "GET /kia-to-provide-vehicle-support-for-the-fifa-world-cup-trophy-tour-by-coca-cola-across-the-middle-east-region/ HTTP/1.1" 200 21166 "http://www.middleeastoday.com/uae-president-at-major-economies-forum-peace-and-collaboration-essential-for-sustainable-economic-and-social-development/" "Mozilla/5.0 AppleWebKit/537.36 (KHTML, like Gecko; compatible; GPTBot/1.3; +https://openai.com/gptbot)"
114.119.137.98 - - [02/Mar/2026:13:39:06 -0500] "GET /global-investors-upbeat-on-expo-2020-as-property-sector-gains-momentum/ HTTP/1.1" 200 25213 "http://www.middleeastoday.com/mona-al-marri-opens-inaugural-edition-of-jewellery-gem-technology-dubai" "Mozilla/5.0 (Linux; Android 7.0;) AppleWebKit/537.36 (KHTML, like Gecko) Mobile Safari/537.36 (compatible; PetalBot;+https://webmaster.petalsearch.com/site/petalbot)"
162.213.253.84 - - [02/Mar/2026:13:39:18 -0500] "POST /wp-admin/admin-ajax.php?action=async_litespeed&nonce=2jWF3YVuusj9wYd22YydQih0JPCOOZG2&litespeed_type=imgoptm HTTP/1.1" 200 21 "-" "WordPress/6.8.1; http://www.middleeastoday.com"
114.119.137.153 - - [02/Mar/2026:13:40:31 -0500] "GET /dubai-world-cup-welcomes-ramadan-mobile-cannon-for-cultural-showcase/ HTTP/1.1" 200 24126 "http://www.middleeastoday.com/dahc-axdev-global-pfizer-global-medical-grants-partner-for-chronically-ill-patients-enhanced-cared" "Mozilla/5.0 (Linux; Android 7.0;) AppleWebKit/537.36 (KHTML, like Gecko) Mobile Safari/537.36 (compatible; PetalBot;+https://webmaster.petalsearch.com/site/petalbot)"
74.7.243.195 - - [02/Mar/2026:13:40:33 -0500] "GET /dubai-culture-hayi-sign-partnership-to-drive-dubais-cultural-scene/ HTTP/1.1" 200 21002 "http://www.middleeastoday.com/uae-president-receives-president-of-rwanda/" "Mozilla/5.0 AppleWebKit/537.36 (KHTML, like Gecko; compatible; GPTBot/1.3; +https://openai.com/gptbot)"
43.135.107.243 - - [02/Mar/2026:13:40:39 -0500] "GET /wp-content/uploads/2022/01/Emirates-850x560.jpg HTTP/1.1" 200 38306 "-" "Mozilla/5.0 (Windows NT 10.0; Win64; x64) AppleWebKit/537.36"
162.213.253.84 - - [02/Mar/2026:13:40:59 -0500] "POST /wp-cron.php?doing_wp_cron=1772476859.7182250022888183593750 HTTP/1.1" 200 0 "-" "WordPress/6.8.1; http://www.middleeastoday.com"
43.135.107.25 - - [02/Mar/2026:13:41:10 -0500] "GET /wp-content/uploads/2022/04/middle-east-today-logo-1.jpg HTTP/1.1" 200 34912 "-" "Mozilla/5.0 (Windows NT 10.0; Win64; x64) AppleWebKit/537.36"
74.7.243.195 - - [02/Mar/2026:13:37:23 -0500] "GET /uae-president-vp-preside-over-swearing-in-of-newly-appointed-ministers-of-state/ HTTP/1.1" 200 20786 "http://www.middleeastoday.com/?p=8600" "Mozilla/5.0 AppleWebKit/537.36 (KHTML, like Gecko; compatible; GPTBot/1.3; +https://openai.com/gptbot)"
162.213.253.84 - - [02/Mar/2026:13:37:24 -0500] "POST /wp-admin/admin-ajax.php?action=async_litespeed&nonce=36mjurZHqArRAehuMZAH49xoMDf865Bq&litespeed_type=imgoptm HTTP/1.1" 200 21 "-" "WordPress/6.8.1; http://www.middleeastoday.com"
162.213.253.84 - - [02/Mar/2026:13:37:44 -0500] "POST /wp-cron.php?doing_wp_cron=1772476664.3420619964599609375000 HTTP/1.1" 200 0 "-" "WordPress/6.8.1; http://www.middleeastoday.com"
114.119.154.115 - - [02/Mar/2026:13:37:43 -0500] "GET /tawam-hospital-completes-endoscopic-orbital-surgery-for-hemorrhagic-tumour-removal HTTP/1.1" 301 0 "http://www.middleeastoday.com/tawam-hospital-completes-endoscopic-orbital-surgery-for-hemorrhagic-tumour-removal" "Mozilla/5.0 (Linux; Android 7.0;) AppleWebKit/537.36 (KHTML, like Gecko) Mobile Safari/537.36 (compatible; PetalBot;+https://webmaster.petalsearch.com/site/petalbot)"
74.7.243.195 - - [02/Mar/2026:13:38:51 -0500] "GET /dxb-live-wins-best-community-event-at-middle-east-event-awards/ HTTP/1.1" 200 20825 "http://www.middleeastoday.com/uae-president-at-major-economies-forum-peace-and-collaboration-essential-for-sustainable-economic-and-social-development/" "Mozilla/5.0 AppleWebKit/537.36 (KHTML, like Gecko; compatible; GPTBot/1.3; +https://openai.com/gptbot)"
162.213.253.84 - - [02/Mar/2026:13:39:17 -0500] "POST /wp-cron.php?doing_wp_cron=1772476757.6440749168395996093750 HTTP/1.1" 200 0 "-" "WordPress/6.8.1; http://www.middleeastoday.com"
74.7.243.195 - - [02/Mar/2026:13:39:16 -0500] "GET /dubai-enters-new-phase-in-developing-its-creative-ecosystem/ HTTP/1.1" 200 25217 "http://www.middleeastoday.com/uae-leaders-congratulate-president-of-philippines-on-independence-day/" "Mozilla/5.0 AppleWebKit/537.36 (KHTML, like Gecko; compatible; GPTBot/1.3; +https://openai.com/gptbot)"
74.7.243.195 - - [02/Mar/2026:13:39:41 -0500] "GET /dragon-oil-signs-extension-of-partnership-contract-in-turkmenistan-for-ten-additional-years/ HTTP/1.1" 200 21854 "http://www.middleeastoday.com/uae-leaders-congratulate-us-president-on-independence-day/" "Mozilla/5.0 AppleWebKit/537.36 (KHTML, like Gecko; compatible; GPTBot/1.3; +https://openai.com/gptbot)"
74.7.243.195 - - [02/Mar/2026:13:40:04 -0500] "GET /?p=8575 HTTP/1.1" 301 0 "http://www.middleeastoday.com/sharjah-ruler-attends-honouring-ceremony-of-iccrom-award-winners/" "Mozilla/5.0 AppleWebKit/537.36 (KHTML, like Gecko; compatible; GPTBot/1.3; +https://openai.com/gptbot)"
74.7.243.195 - - [02/Mar/2026:13:40:05 -0500] "GET /sharjah-ruler-attends-honouring-ceremony-of-iccrom-award-winners/ HTTP/1.1" 200 21453 "http://www.middleeastoday.com/?p=8575" "Mozilla/5.0 AppleWebKit/537.36 (KHTML, like Gecko; compatible; GPTBot/1.3; +https://openai.com/gptbot)"
74.7.243.195 - - [02/Mar/2026:13:40:59 -0500] "GET /mohamed-bin-zayed-receives-president-of-togo/ HTTP/1.1" 200 20797 "http://www.middleeastoday.com/category/national-news/page/22/" "Mozilla/5.0 AppleWebKit/537.36 (KHTML, like Gecko; compatible; GPTBot/1.3; +https://openai.com/gptbot)"
162.213.253.84 - - [02/Mar/2026:13:41:36 -0500] "POST /wp-cron.php?doing_wp_cron=1772476896.5797588825225830078125 HTTP/1.1" 200 0 "-" "WordPress/6.8.1; http://www.middleeastoday.com"
162.213.253.84 - - [02/Mar/2026:13:41:37 -0500] "POST /wp-admin/admin-ajax.php?action=async_litespeed&nonce=OU6CfyS4E6vq0vZ2DaDqvGExZJooydgd&litespeed_type=imgoptm HTTP/1.1" 200 21 "-" "WordPress/6.8.1; http://www.middleeastoday.com"
114.119.132.207 - - [02/Mar/2026:13:41:53 -0500] "GET /dubai-south-records-key-achievements-during-2021/ HTTP/1.1" 200 24625 "http://www.middleeastoday.com/category/real-estate/page/6" "Mozilla/5.0 (Linux; Android 7.0;) AppleWebKit/537.36 (KHTML, like Gecko) Mobile Safari/537.36 (compatible; PetalBot;+https://webmaster.petalsearch.com/site/petalbot)"
74.7.243.195 - - [02/Mar/2026:13:42:13 -0500] "GET /president-of-sharjah-institute-for-heritage-receives-ambassador-of-north-macedonia/ HTTP/1.1" 200 20300 "http://www.middleeastoday.com/sewa-wins-gold-level-of-harvard-international-business-award/" "Mozilla/5.0 AppleWebKit/537.36 (KHTML, like Gecko; compatible; GPTBot/1.3; +https://openai.com/gptbot)"
74.7.243.195 - - [02/Mar/2026:13:42:52 -0500] "GET /mansour-bin-zayed-receives-kazakh-official/ HTTP/1.1" 200 20249 "http://www.middleeastoday.com/category/national-news/page/21/" "Mozilla/5.0 AppleWebKit/537.36 (KHTML, like Gecko; compatible; GPTBot/1.3; +https://openai.com/gptbot)"
74.7.243.195 - - [02/Mar/2026:13:43:14 -0500] "GET /jaupin-eyewear-on-an-expansion-mode/ HTTP/1.1" 200 20772 "http://www.middleeastoday.com/uae-foreign-minister-cypriot-counterpart-discuss-developing-ties/" "Mozilla/5.0 AppleWebKit/537.36 (KHTML, like Gecko; compatible; GPTBot/1.3; +https://openai.com/gptbot)"
162.213.253.84 - - [02/Mar/2026:13:43:20 -0500] "POST /wp-cron.php?doing_wp_cron=1772477000.7810149192810058593750 HTTP/1.1" 200 0 "-" "WordPress/6.8.1; http://www.middleeastoday.com"
114.119.132.207 - - [02/Mar/2026:13:43:20 -0500] "GET /dubai-food-festival-all-set-to-start-from-2nd-may HTTP/1.1" 301 0 "https://www.middleeastoday.com/category/food" "Mozilla/5.0 (Linux; Android 7.0;) AppleWebKit/537.36 (KHTML, like Gecko) Mobile Safari/537.36 (compatible; PetalBot;+https://webmaster.petalsearch.com/site/petalbot)"
114.119.132.207 - - [02/Mar/2026:13:43:21 -0500] "GET /dubai-food-festival-all-set-to-start-from-2nd-may/ HTTP/1.1" 200 22892 "https://www.middleeastoday.com/category/food" "Mozilla/5.0 (Linux; Android 7.0;) AppleWebKit/537.36 (KHTML, like Gecko) Mobile Safari/537.36 (compatible; PetalBot;+https://webmaster.petalsearch.com/site/petalbot)"
74.7.243.195 - - [02/Mar/2026:13:43:48 -0500] "GET /uae-president-meets-ruler-of-ajman/ HTTP/1.1" 200 20686 "http://www.middleeastoday.com/category/national-news/page/22/" "Mozilla/5.0 AppleWebKit/537.36 (KHTML, like Gecko; compatible; GPTBot/1.3; +https://openai.com/gptbot)"
74.7.243.195 - - [02/Mar/2026:13:44:09 -0500] "GET /?p=8691 HTTP/1.1" 301 0 "http://www.middleeastoday.com/kia-to-provide-vehicle-support-for-the-fifa-world-cup-trophy-tour-by-coca-cola-across-the-middle-east-region/" "Mozilla/5.0 AppleWebKit/537.36 (KHTML, like Gecko; compatible; GPTBot/1.3; +https://openai.com/gptbot)"
74.7.243.195 - - [02/Mar/2026:13:44:36 -0500] "GET /dxb-live-wins-best-community-event-at-middle-east-event-awards/ HTTP/1.1" 200 20825 "http://www.middleeastoday.com/?p=8706" "Mozilla/5.0 AppleWebKit/537.36 (KHTML, like Gecko; compatible; GPTBot/1.3; +https://openai.com/gptbot)"
162.213.253.84 - - [02/Mar/2026:13:44:36 -0500] "POST /wp-admin/admin-ajax.php?action=async_litespeed&nonce=05LwQowqbeDbDe9LceN4xqsMN23qLirM&litespeed_type=imgoptm HTTP/1.1" 200 21 "-" "WordPress/6.8.1; http://www.middleeastoday.com"
162.213.253.84 - - [02/Mar/2026:13:44:45 -0500] "POST /wp-cron.php?doing_wp_cron=1772477085.6001260280609130859375 HTTP/1.1" 200 0 "-" "WordPress/6.8.1; http://www.middleeastoday.com"
185.191.171.13 - - [02/Mar/2026:13:41:32 -0500] "GET /maktoum-bin-mohammed-tours-gitex-global-2022/ HTTP/1.1" 200 23347 "-" "Mozilla/5.0 (compatible; SemrushBot/7~bl; +http://www.semrush.com/bot.html)"
74.7.243.195 - - [02/Mar/2026:13:41:35 -0500] "GET /?p=8597 HTTP/1.1" 301 0 "http://www.middleeastoday.com/sewa-wins-gold-level-of-harvard-international-business-award/" "Mozilla/5.0 AppleWebKit/537.36 (KHTML, like Gecko; compatible; GPTBot/1.3; +https://openai.com/gptbot)"
74.7.243.195 - - [02/Mar/2026:13:41:36 -0500] "GET /sewa-wins-gold-level-of-harvard-international-business-award/ HTTP/1.1" 200 20387 "http://www.middleeastoday.com/?p=8597" "Mozilla/5.0 AppleWebKit/537.36 (KHTML, like Gecko; compatible; GPTBot/1.3; +https://openai.com/gptbot)"
74.7.243.195 - - [02/Mar/2026:13:41:56 -0500] "GET /montenegro-fashion-conquers-dubai-for-a-cause/ HTTP/1.1" 200 20477 "http://www.middleeastoday.com/uae-leaders-congratulate-us-president-on-independence-day/" "Mozilla/5.0 AppleWebKit/537.36 (KHTML, like Gecko; compatible; GPTBot/1.3; +https://openai.com/gptbot)"
74.7.243.195 - - [02/Mar/2026:13:42:32 -0500] "GET /egyptian-president-receives-abdullah-bin-zayed-underscores-uaes-central-role-in-establishing-regional-peace/ HTTP/1.1" 200 21088 "http://www.middleeastoday.com/category/national-news/page/21/" "Mozilla/5.0 AppleWebKit/537.36 (KHTML, like Gecko; compatible; GPTBot/1.3; +https://openai.com/gptbot)"
74.7.243.195 - - [02/Mar/2026:13:43:30 -0500] "GET /president-of-somalia-arrives-in-uae/ HTTP/1.1" 200 20063 "http://www.middleeastoday.com/category/national-news/page/21/" "Mozilla/5.0 AppleWebKit/537.36 (KHTML, like Gecko; compatible; GPTBot/1.3; +https://openai.com/gptbot)"
162.213.253.84 - - [02/Mar/2026:13:44:09 -0500] "POST /wp-cron.php?doing_wp_cron=1772477049.6156148910522460937500 HTTP/1.1" 200 0 "-" "WordPress/6.8.1; http://www.middleeastoday.com"
74.7.243.195 - - [02/Mar/2026:13:44:09 -0500] "GET /kia-to-provide-vehicle-support-for-the-fifa-world-cup-trophy-tour-by-coca-cola-across-the-middle-east-region/ HTTP/1.1" 200 21166 "http://www.middleeastoday.com/?p=8691" "Mozilla/5.0 AppleWebKit/537.36 (KHTML, like Gecko; compatible; GPTBot/1.3; +https://openai.com/gptbot)"
162.213.253.84 - - [02/Mar/2026:13:44:10 -0500] "POST /wp-admin/admin-ajax.php?action=async_litespeed&nonce=VSxdloyzKNrUTJb1KLOVCMhN6xAI4wsN&litespeed_type=imgoptm HTTP/1.1" 200 21 "-" "WordPress/6.8.1; http://www.middleeastoday.com"
162.213.253.84 - - [02/Mar/2026:13:44:35 -0500] "POST /wp-cron.php?doing_wp_cron=1772477075.9576890468597412109375 HTTP/1.1" 200 0 "-" "WordPress/6.8.1; http://www.middleeastoday.com"
74.7.243.195 - - [02/Mar/2026:13:44:35 -0500] "GET /?p=8706 HTTP/1.1" 301 0 "http://www.middleeastoday.com/dxb-live-wins-best-community-event-at-middle-east-event-awards/" "Mozilla/5.0 AppleWebKit/537.36 (KHTML, like Gecko; compatible; GPTBot/1.3; +https://openai.com/gptbot)"
114.119.132.207 - - [02/Mar/2026:13:44:44 -0500] "GET /category/uncategorized HTTP/1.1" 301 0 "https://www.middleeastoday.com/category/business/page/6" "Mozilla/5.0 (Linux; Android 7.0;) AppleWebKit/537.36 (KHTML, like Gecko) Mobile Safari/537.36 (compatible; PetalBot;+https://webmaster.petalsearch.com/site/petalbot)"
74.7.243.195 - - [02/Mar/2026:13:44:46 -0500] "GET /mbru-celebrates-class-of-khalifa-graduation/ HTTP/1.1" 200 21433 "http://www.middleeastoday.com/uae-leaders-congratulate-president-of-seychelles-on-independence-day/" "Mozilla/5.0 AppleWebKit/537.36 (KHTML, like Gecko; compatible; GPTBot/1.3; +https://openai.com/gptbot)"
74.7.243.195 - - [02/Mar/2026:13:44:57 -0500] "GET /?p=8649 HTTP/1.1" 301 0 "http://www.middleeastoday.com/dubai-enters-new-phase-in-developing-its-creative-ecosystem/" "Mozilla/5.0 AppleWebKit/537.36 (KHTML, like Gecko; compatible; GPTBot/1.3; +https://openai.com/gptbot)"
74.7.243.195 - - [02/Mar/2026:13:45:21 -0500] "GET /malabar-gold-diamonds-and-natural-diamond-council-come-together-to-promote-the-natural-diamond-dream-in-uae/ HTTP/1.1" 200 21206 "http://www.middleeastoday.com/dubai-enters-new-phase-in-developing-its-creative-ecosystem/" "Mozilla/5.0 AppleWebKit/537.36 (KHTML, like Gecko; compatible; GPTBot/1.3; +https://openai.com/gptbot)"
162.213.253.84 - - [02/Mar/2026:13:45:42 -0500] "POST /wp-cron.php?doing_wp_cron=1772477142.1294949054718017578125 HTTP/1.1" 200 0 "-" "WordPress/6.8.1; http://www.middleeastoday.com"
74.7.243.195 - - [02/Mar/2026:13:45:41 -0500] "GET /?p=8670 HTTP/1.1" 301 0 "http://www.middleeastoday.com/dubai-culture-hayi-sign-partnership-to-drive-dubais-cultural-scene/" "Mozilla/5.0 AppleWebKit/537.36 (KHTML, like Gecko; compatible; GPTBot/1.3; +https://openai.com/gptbot)"
74.7.243.195 - - [02/Mar/2026:13:46:03 -0500] "GET /?p=8614 HTTP/1.1" 301 0 "http://www.middleeastoday.com/mohamed-bin-zayed-receives-president-of-togo/" "Mozilla/5.0 AppleWebKit/537.36 (KHTML, like Gecko; compatible; GPTBot/1.3; +https://openai.com/gptbot)"
114.119.137.153 - - [02/Mar/2026:13:46:05 -0500] "GET /advertise-us/ HTTP/1.1" 200 21381 "https://www.middleeastoday.com/flydubai-announces-record-profit-of-aed1-2-billion-for-2022/" "Mozilla/5.0 (Linux; Android 7.0;) AppleWebKit/537.36 (KHTML, like Gecko) Mobile Safari/537.36 (compatible; PetalBot;+https://webmaster.petalsearch.com/site/petalbot)"
54.39.0.130 - - [02/Mar/2026:13:46:10 -0500] "GET /dubai-health-authority-holds-workshop-to-discuss-future-of-healthcare/ HTTP/1.1" 200 22477 "-" "Mozilla/5.0 (compatible; AhrefsBot/7.0; +http://ahrefs.com/robot/)"
74.7.243.195 - - [02/Mar/2026:13:46:32 -0500] "GET /latifa-bint-mohammed-attends-dubai-institute-of-design-and-innovations-first-graduation-ceremony/ HTTP/1.1" 200 21821 "http://www.middleeastoday.com/mohamed-bin-zayed-receives-president-of-togo/" "Mozilla/5.0 AppleWebKit/537.36 (KHTML, like Gecko; compatible; GPTBot/1.3; +https://openai.com/gptbot)"
162.213.253.84 - - [02/Mar/2026:13:46:47 -0500] "POST /wp-cron.php?doing_wp_cron=1772477207.0686230659484863281250 HTTP/1.1" 200 0 "-" "WordPress/6.8.1; http://www.middleeastoday.com"
74.7.243.195 - - [02/Mar/2026:13:47:03 -0500] "GET /?p=8746 HTTP/1.1" 301 0 "http://www.middleeastoday.com/egyptian-president-receives-abdullah-bin-zayed-underscores-uaes-central-role-in-establishing-regional-peace/" "Mozilla/5.0 AppleWebKit/537.36 (KHTML, like Gecko; compatible; GPTBot/1.3; +https://openai.com/gptbot)"
74.7.243.195 - - [02/Mar/2026:13:47:13 -0500] "GET /?p=8594 HTTP/1.1" 301 0 "http://www.middleeastoday.com/president-of-sharjah-institute-for-heritage-receives-ambassador-of-north-macedonia/" "Mozilla/5.0 AppleWebKit/537.36 (KHTML, like Gecko; compatible; GPTBot/1.3; +https://openai.com/gptbot)"
74.7.243.195 - - [02/Mar/2026:13:47:13 -0500] "GET /president-of-sharjah-institute-for-heritage-receives-ambassador-of-north-macedonia/ HTTP/1.1" 200 20300 "http://www.middleeastoday.com/?p=8594" "Mozilla/5.0 AppleWebKit/537.36 (KHTML, like Gecko; compatible; GPTBot/1.3; +https://openai.com/gptbot)"
162.213.253.84 - - [02/Mar/2026:13:47:26 -0500] "POST /wp-cron.php?doing_wp_cron=1772477246.8328449726104736328125 HTTP/1.1" 200 0 "-" "WordPress/6.8.1; http://www.middleeastoday.com"
74.7.243.195 - - [02/Mar/2026:13:47:26 -0500] "GET /?p=8754 HTTP/1.1" 301 0 "http://www.middleeastoday.com/mansour-bin-zayed-receives-kazakh-official/" "Mozilla/5.0 AppleWebKit/537.36 (KHTML, like Gecko; compatible; GPTBot/1.3; +https://openai.com/gptbot)"
74.7.243.195 - - [02/Mar/2026:13:47:26 -0500] "GET /mansour-bin-zayed-receives-kazakh-official/ HTTP/1.1" 200 20249 "http://www.middleeastoday.com/?p=8754" "Mozilla/5.0 AppleWebKit/537.36 (KHTML, like Gecko; compatible; GPTBot/1.3; +https://openai.com/gptbot)"
74.7.243.195 - - [02/Mar/2026:13:47:39 -0500] "GET /president-of-somalia-arrives-in-uae/ HTTP/1.1" 200 20063 "http://www.middleeastoday.com/?p=8712" "Mozilla/5.0 AppleWebKit/537.36 (KHTML, like Gecko; compatible; GPTBot/1.3; +https://openai.com/gptbot)"
114.119.132.207 - - [02/Mar/2026:13:44:47 -0500] "GET /category/uncategorized/ HTTP/1.1" 200 23502 "https://www.middleeastoday.com/category/business/page/6" "Mozilla/5.0 (Linux; Android 7.0;) AppleWebKit/537.36 (KHTML, like Gecko) Mobile Safari/537.36 (compatible; PetalBot;+https://webmaster.petalsearch.com/site/petalbot)"
74.7.243.195 - - [02/Mar/2026:13:44:58 -0500] "GET /dubai-enters-new-phase-in-developing-its-creative-ecosystem/ HTTP/1.1" 200 25217 "http://www.middleeastoday.com/?p=8649" "Mozilla/5.0 AppleWebKit/537.36 (KHTML, like Gecko; compatible; GPTBot/1.3; +https://openai.com/gptbot)"
74.7.243.195 - - [02/Mar/2026:13:45:09 -0500] "GET /?p=8797 HTTP/1.1" 301 0 "http://www.middleeastoday.com/dragon-oil-signs-extension-of-partnership-contract-in-turkmenistan-for-ten-additional-years/" "Mozilla/5.0 AppleWebKit/537.36 (KHTML, like Gecko; compatible; GPTBot/1.3; +https://openai.com/gptbot)"
74.7.243.195 - - [02/Mar/2026:13:45:09 -0500] "GET /dragon-oil-signs-extension-of-partnership-contract-in-turkmenistan-for-ten-additional-years/ HTTP/1.1" 200 21854 "http://www.middleeastoday.com/?p=8797" "Mozilla/5.0 AppleWebKit/537.36 (KHTML, like Gecko; compatible; GPTBot/1.3; +https://openai.com/gptbot)"
74.7.243.195 - - [02/Mar/2026:13:45:42 -0500] "GET /dubai-culture-hayi-sign-partnership-to-drive-dubais-cultural-scene/ HTTP/1.1" 200 21002 "http://www.middleeastoday.com/?p=8670" "Mozilla/5.0 AppleWebKit/537.36 (KHTML, like Gecko; compatible; GPTBot/1.3; +https://openai.com/gptbot)"
74.7.243.195 - - [02/Mar/2026:13:46:03 -0500] "GET /mohamed-bin-zayed-receives-president-of-togo/ HTTP/1.1" 200 20797 "http://www.middleeastoday.com/?p=8614" "Mozilla/5.0 AppleWebKit/537.36 (KHTML, like Gecko; compatible; GPTBot/1.3; +https://openai.com/gptbot)"
74.7.243.195 - - [02/Mar/2026:13:46:19 -0500] "GET /zaki-nusseibeh-first-emirati-to-win-membership-of-institut-de-france-academy/ HTTP/1.1" 200 22859 "http://www.middleeastoday.com/dubai-culture-hayi-sign-partnership-to-drive-dubais-cultural-scene/" "Mozilla/5.0 AppleWebKit/537.36 (KHTML, like Gecko; compatible; GPTBot/1.3; +https://openai.com/gptbot)"
74.7.243.195 - - [02/Mar/2026:13:46:46 -0500] "GET /?p=8802 HTTP/1.1" 301 0 "http://www.middleeastoday.com/montenegro-fashion-conquers-dubai-for-a-cause/" "Mozilla/5.0 AppleWebKit/537.36 (KHTML, like Gecko; compatible; GPTBot/1.3; +https://openai.com/gptbot)"
74.7.243.195 - - [02/Mar/2026:13:46:47 -0500] "GET /montenegro-fashion-conquers-dubai-for-a-cause/ HTTP/1.1" 200 20477 "http://www.middleeastoday.com/?p=8802" "Mozilla/5.0 AppleWebKit/537.36 (KHTML, like Gecko; compatible; GPTBot/1.3; +https://openai.com/gptbot)"
74.7.243.195 - - [02/Mar/2026:13:47:03 -0500] "GET /egyptian-president-receives-abdullah-bin-zayed-underscores-uaes-central-role-in-establishing-regional-peace/ HTTP/1.1" 200 21088 "http://www.middleeastoday.com/?p=8746" "Mozilla/5.0 AppleWebKit/537.36 (KHTML, like Gecko; compatible; GPTBot/1.3; +https://openai.com/gptbot)"
162.213.253.84 - - [02/Mar/2026:13:47:27 -0500] "POST /wp-admin/admin-ajax.php?action=async_litespeed&nonce=1T7Qb2rYNBnuK7iW9RMDXEUzNiRXtgwP&litespeed_type=imgoptm HTTP/1.1" 200 21 "-" "WordPress/6.8.1; http://www.middleeastoday.com"
74.7.243.195 - - [02/Mar/2026:13:47:39 -0500] "GET /?p=8712 HTTP/1.1" 301 0 "http://www.middleeastoday.com/president-of-somalia-arrives-in-uae/" "Mozilla/5.0 AppleWebKit/537.36 (KHTML, like Gecko; compatible; GPTBot/1.3; +https://openai.com/gptbot)"
146.103.115.186 - - [02/Mar/2026:13:47:43 -0500] "GET / HTTP/1.0" 301 0 "http://middleeastoday.com/" "Mozilla/5.0 (Windows NT 6.3; Win64; x64) AppleWebKit/537.36 (KHTML, like Gecko) Chrome/103.0.5060.66 Safari/537.36"
74.7.243.195 - - [02/Mar/2026:13:48:00 -0500] "GET /jaupin-eyewear-on-an-expansion-mode/ HTTP/1.1" 200 20772 "http://www.middleeastoday.com/?p=8777" "Mozilla/5.0 AppleWebKit/537.36 (KHTML, like Gecko; compatible; GPTBot/1.3; +https://openai.com/gptbot)"
74.7.243.195 - - [02/Mar/2026:13:48:12 -0500] "GET /uae-president-meets-ruler-of-ajman/ HTTP/1.1" 200 20686 "http://www.middleeastoday.com/?p=8578" "Mozilla/5.0 AppleWebKit/537.36 (KHTML, like Gecko; compatible; GPTBot/1.3; +https://openai.com/gptbot)"
74.7.243.195 - - [02/Mar/2026:13:48:22 -0500] "GET /dubai-silicon-oasis-to-host-its-first-e-sports-event-in-october/ HTTP/1.1" 200 21253 "http://www.middleeastoday.com/jaupin-eyewear-on-an-expansion-mode/" "Mozilla/5.0 AppleWebKit/537.36 (KHTML, like Gecko; compatible; GPTBot/1.3; +https://openai.com/gptbot)"
74.7.243.195 - - [02/Mar/2026:13:48:37 -0500] "GET /omniyat-to-illuminates-the-palm-jumeirah-sky-once-more-to-announce-launch-of-ava-at-palm-jumeriah/ HTTP/1.1" 200 20999 "http://www.middleeastoday.com/mansour-bin-zayed-receives-kazakh-official/" "Mozilla/5.0 AppleWebKit/537.36 (KHTML, like Gecko; compatible; GPTBot/1.3; +https://openai.com/gptbot)"
162.213.253.84 - - [02/Mar/2026:13:49:00 -0500] "POST /wp-cron.php?doing_wp_cron=1772477340.7604300975799560546875 HTTP/1.1" 200 0 "-" "WordPress/6.8.1; http://www.middleeastoday.com"
74.7.243.195 - - [02/Mar/2026:13:49:00 -0500] "GET /?p=8760 HTTP/1.1" 301 0 "http://www.middleeastoday.com/mbru-celebrates-class-of-khalifa-graduation/" "Mozilla/5.0 AppleWebKit/537.36 (KHTML, like Gecko; compatible; GPTBot/1.3; +https://openai.com/gptbot)"
74.7.243.195 - - [02/Mar/2026:13:49:21 -0500] "GET /emirates-sees-record-booking-levels-from-uae-in-summer/ HTTP/1.1" 200 20845 "http://www.middleeastoday.com/egyptian-president-receives-abdullah-bin-zayed-underscores-uaes-central-role-in-establishing-regional-peace/" "Mozilla/5.0 AppleWebKit/537.36 (KHTML, like Gecko; compatible; GPTBot/1.3; +https://openai.com/gptbot)"
74.7.243.195 - - [02/Mar/2026:13:49:30 -0500] "GET /uae-leaders-congratulate-president-of-cape-verde-on-independence-day/ HTTP/1.1" 200 20054 "http://www.middleeastoday.com/montenegro-fashion-conquers-dubai-for-a-cause/" "Mozilla/5.0 AppleWebKit/537.36 (KHTML, like Gecko; compatible; GPTBot/1.3; +https://openai.com/gptbot)"
162.213.253.84 - - [02/Mar/2026:13:49:52 -0500] "POST /wp-cron.php?doing_wp_cron=1772477392.0143339633941650390625 HTTP/1.1" 200 0 "-" "WordPress/6.8.1; http://www.middleeastoday.com"
74.7.243.195 - - [02/Mar/2026:13:49:51 -0500] "GET /?p=8652 HTTP/1.1" 301 0 "http://www.middleeastoday.com/malabar-gold-diamonds-and-natural-diamond-council-come-together-to-promote-the-natural-diamond-dream-in-uae/" "Mozilla/5.0 AppleWebKit/537.36 (KHTML, like Gecko; compatible; GPTBot/1.3; +https://openai.com/gptbot)"
162.213.253.84 - - [02/Mar/2026:13:49:52 -0500] "POST /wp-admin/admin-ajax.php?action=async_litespeed&nonce=dUIR7bekIvlL1is0S8obKA9svUG6fbL5&litespeed_type=imgoptm HTTP/1.1" 200 21 "-" "WordPress/6.8.1; http://www.middleeastoday.com"
74.7.243.195 - - [02/Mar/2026:13:50:25 -0500] "GET /nahyan-bin-mubarak-attends-italian-embassys-national-day-ceremony/ HTTP/1.1" 200 20137 "http://www.middleeastoday.com/mansour-bin-zayed-receives-kazakh-official/" "Mozilla/5.0 AppleWebKit/537.36 (KHTML, like Gecko; compatible; GPTBot/1.3; +https://openai.com/gptbot)"
162.213.253.84 - - [02/Mar/2026:13:50:37 -0500] "POST /wp-admin/admin-ajax.php?action=async_litespeed&nonce=boKg1T34a7TqR3ijhiOHD9rcOl7xZ7WI&litespeed_type=imgoptm HTTP/1.1" 200 21 "-" "WordPress/6.8.1; http://www.middleeastoday.com"
74.7.243.195 - - [02/Mar/2026:13:50:44 -0500] "GET /?p=8611 HTTP/1.1" 301 0 "http://www.middleeastoday.com/latifa-bint-mohammed-attends-dubai-institute-of-design-and-innovations-first-graduation-ceremony/" "Mozilla/5.0 AppleWebKit/537.36 (KHTML, like Gecko; compatible; GPTBot/1.3; +https://openai.com/gptbot)"
74.7.243.195 - - [02/Mar/2026:13:50:45 -0500] "GET /latifa-bint-mohammed-attends-dubai-institute-of-design-and-innovations-first-graduation-ceremony/ HTTP/1.1" 200 21821 "http://www.middleeastoday.com/?p=8611" "Mozilla/5.0 AppleWebKit/537.36 (KHTML, like Gecko; compatible; GPTBot/1.3; +https://openai.com/gptbot)"
146.103.115.186 - - [02/Mar/2026:13:47:44 -0500] "GET / HTTP/1.0" 200 260705 "http://www.middleeastoday.com/" "Mozilla/5.0 (Windows NT 6.3; Win64; x64) AppleWebKit/537.36 (KHTML, like Gecko) Chrome/103.0.5060.66 Safari/537.36"
146.103.115.186 - - [02/Mar/2026:13:47:45 -0500] "GET /uae-and-gabon-presidents-discuss-strengthening-bilateral-ties/ HTTP/1.0" 200 104697 "http://www.middleeastoday.com/uae-and-gabon-presidents-discuss-strengthening-bilateral-ties/" "Mozilla/5.0 (Windows NT 6.3; Win64; x64) AppleWebKit/537.36 (KHTML, like Gecko) Chrome/103.0.5060.66 Safari/537.36"
74.7.243.195 - - [02/Mar/2026:13:47:59 -0500] "GET /?p=8777 HTTP/1.1" 301 0 "http://www.middleeastoday.com/jaupin-eyewear-on-an-expansion-mode/" "Mozilla/5.0 AppleWebKit/537.36 (KHTML, like Gecko; compatible; GPTBot/1.3; +https://openai.com/gptbot)"
74.7.243.195 - - [02/Mar/2026:13:48:12 -0500] "GET /?p=8578 HTTP/1.1" 301 0 "http://www.middleeastoday.com/uae-president-meets-ruler-of-ajman/" "Mozilla/5.0 AppleWebKit/537.36 (KHTML, like Gecko; compatible; GPTBot/1.3; +https://openai.com/gptbot)"
74.7.243.195 - - [02/Mar/2026:13:49:00 -0500] "GET /mbru-celebrates-class-of-khalifa-graduation/ HTTP/1.1" 200 21433 "http://www.middleeastoday.com/?p=8760" "Mozilla/5.0 AppleWebKit/537.36 (KHTML, like Gecko; compatible; GPTBot/1.3; +https://openai.com/gptbot)"
74.7.243.195 - - [02/Mar/2026:13:49:52 -0500] "GET /malabar-gold-diamonds-and-natural-diamond-council-come-together-to-promote-the-natural-diamond-dream-in-uae/ HTTP/1.1" 200 21206 "http://www.middleeastoday.com/?p=8652" "Mozilla/5.0 AppleWebKit/537.36 (KHTML, like Gecko; compatible; GPTBot/1.3; +https://openai.com/gptbot)"
74.7.243.195 - - [02/Mar/2026:13:50:16 -0500] "GET /mohap-to-intensify-efforts-to-reduce-hypertension-prevalence-in-uae/ HTTP/1.1" 200 21532 "http://www.middleeastoday.com/egyptian-president-receives-abdullah-bin-zayed-underscores-uaes-central-role-in-establishing-regional-peace/" "Mozilla/5.0 AppleWebKit/537.36 (KHTML, like Gecko; compatible; GPTBot/1.3; +https://openai.com/gptbot)"
162.213.253.84 - - [02/Mar/2026:13:50:36 -0500] "POST /wp-cron.php?doing_wp_cron=1772477436.5054800510406494140625 HTTP/1.1" 200 0 "-" "WordPress/6.8.1; http://www.middleeastoday.com"
74.7.243.195 - - [02/Mar/2026:13:50:36 -0500] "GET /?p=8667 HTTP/1.1" 301 0 "http://www.middleeastoday.com/zaki-nusseibeh-first-emirati-to-win-membership-of-institut-de-france-academy/" "Mozilla/5.0 AppleWebKit/537.36 (KHTML, like Gecko; compatible; GPTBot/1.3; +https://openai.com/gptbot)"
74.7.243.195 - - [02/Mar/2026:13:50:36 -0500] "GET /zaki-nusseibeh-first-emirati-to-win-membership-of-institut-de-france-academy/ HTTP/1.1" 200 22859 "http://www.middleeastoday.com/?p=8667" "Mozilla/5.0 AppleWebKit/537.36 (KHTML, like Gecko; compatible; GPTBot/1.3; +https://openai.com/gptbot)"
162.213.253.84 - - [02/Mar/2026:13:50:45 -0500] "POST /wp-cron.php?doing_wp_cron=1772477445.3848330974578857421875 HTTP/1.1" 200 0 "-" "WordPress/6.8.1; http://www.middleeastoday.com"
74.7.243.195 - - [02/Mar/2026:13:51:22 -0500] "GET /abu-dhabi-public-health-centre-launches-ifhas-programme/ HTTP/1.1" 200 22159 "http://www.middleeastoday.com/president-of-somalia-arrives-in-uae/" "Mozilla/5.0 AppleWebKit/537.36 (KHTML, like Gecko; compatible; GPTBot/1.3; +https://openai.com/gptbot)"
74.7.243.195 - - [02/Mar/2026:13:51:37 -0500] "GET /arada-launches-robinia-third-residential-phase-of-sharjahs-forest-community-masaar/ HTTP/1.1" 200 20375 "http://www.middleeastoday.com/mohamed-bin-zayed-receives-president-of-togo/" "Mozilla/5.0 AppleWebKit/537.36 (KHTML, like Gecko; compatible; GPTBot/1.3; +https://openai.com/gptbot)"
162.213.253.84 - - [02/Mar/2026:13:51:39 -0500] "POST /wp-admin/admin-ajax.php?action=async_litespeed&nonce=wZQnRVK0nkgCfpUrkYq7DXV4Ev4UdOgP&litespeed_type=imgoptm HTTP/1.1" 200 21 "-" "WordPress/6.8.1; http://www.middleeastoday.com"
74.7.243.195 - - [02/Mar/2026:13:52:00 -0500] "GET /erc-implements-8th-phase-of-campaign-against-eye-disease-in-morocco/ HTTP/1.1" 200 20508 "http://www.middleeastoday.com/uae-leaders-congratulate-president-of-philippines-on-independence-day/" "Mozilla/5.0 AppleWebKit/537.36 (KHTML, like Gecko; compatible; GPTBot/1.3; +https://openai.com/gptbot)"
74.7.243.195 - - [02/Mar/2026:13:52:18 -0500] "GET /registration-for-first-global-spark-ar-hackathon-challenge-closes-on-june-17/ HTTP/1.1" 200 20520 "http://www.middleeastoday.com/zaki-nusseibeh-first-emirati-to-win-membership-of-institut-de-france-academy/" "Mozilla/5.0 AppleWebKit/537.36 (KHTML, like Gecko; compatible; GPTBot/1.3; +https://openai.com/gptbot)"
74.7.243.195 - - [02/Mar/2026:13:52:51 -0500] "GET /etihad-airways-wins-at-the-apex-passenger-choice-awards-2022/ HTTP/1.1" 200 20888 "http://www.middleeastoday.com/malabar-gold-diamonds-and-natural-diamond-council-come-together-to-promote-the-natural-diamond-dream-in-uae/" "Mozilla/5.0 AppleWebKit/537.36 (KHTML, like Gecko; compatible; GPTBot/1.3; +https://openai.com/gptbot)"
74.7.243.195 - - [02/Mar/2026:13:53:12 -0500] "GET /?p=8774 HTTP/1.1" 301 0 "http://www.middleeastoday.com/dubai-silicon-oasis-to-host-its-first-e-sports-event-in-october/" "Mozilla/5.0 AppleWebKit/537.36 (KHTML, like Gecko; compatible; GPTBot/1.3; +https://openai.com/gptbot)"
162.213.253.84 - - [02/Mar/2026:13:53:29 -0500] "POST /wp-cron.php?doing_wp_cron=1772477609.4945878982543945312500 HTTP/1.1" 200 0 "-" "WordPress/6.8.1; http://www.middleeastoday.com"
74.7.243.195 - - [02/Mar/2026:13:53:28 -0500] "GET /?p=8751 HTTP/1.1" 301 0 "http://www.middleeastoday.com/omniyat-to-illuminates-the-palm-jumeirah-sky-once-more-to-announce-launch-of-ava-at-palm-jumeriah/" "Mozilla/5.0 AppleWebKit/537.36 (KHTML, like Gecko; compatible; GPTBot/1.3; +https://openai.com/gptbot)"
74.7.243.195 - - [02/Mar/2026:13:53:29 -0500] "GET /omniyat-to-illuminates-the-palm-jumeirah-sky-once-more-to-announce-launch-of-ava-at-palm-jumeriah/ HTTP/1.1" 200 20999 "http://www.middleeastoday.com/?p=8751" "Mozilla/5.0 AppleWebKit/537.36 (KHTML, like Gecko; compatible; GPTBot/1.3; +https://openai.com/gptbot)"
15.235.96.111 - - [02/Mar/2026:13:54:06 -0500] "GET /dha-opens-pfizer-biontech-vaccine-booking-slots-for-children-aged-5-11/ HTTP/1.1" 200 20355 "-" "Mozilla/5.0 (compatible; AhrefsBot/7.0; +http://ahrefs.com/robot/)"
74.7.243.195 - - [02/Mar/2026:13:54:14 -0500] "GET /?p=8749 HTTP/1.1" 301 0 "http://www.middleeastoday.com/emirates-sees-record-booking-levels-from-uae-in-summer/" "Mozilla/5.0 AppleWebKit/537.36 (KHTML, like Gecko; compatible; GPTBot/1.3; +https://openai.com/gptbot)"
74.7.243.195 - - [02/Mar/2026:13:54:15 -0500] "GET /emirates-sees-record-booking-levels-from-uae-in-summer/ HTTP/1.1" 200 20845 "http://www.middleeastoday.com/?p=8749" "Mozilla/5.0 AppleWebKit/537.36 (KHTML, like Gecko; compatible; GPTBot/1.3; +https://openai.com/gptbot)"
162.213.253.84 - - [02/Mar/2026:13:54:28 -0500] "POST /wp-admin/admin-ajax.php?action=async_litespeed&nonce=0Dzcli5YGZqNCznjo7DobEg0biw8bUQQ&litespeed_type=imgoptm HTTP/1.1" 200 21 "-" "WordPress/6.8.1; http://www.middleeastoday.com"
74.7.243.195 - - [02/Mar/2026:13:54:54 -0500] "GET /uae-president-vp-congratulate-queen-elizabeth-ii-on-70th-anniversary-of-accession-to-throne/ HTTP/1.1" 200 20017 "http://www.middleeastoday.com/category/national-news/page/22/" "Mozilla/5.0 AppleWebKit/537.36 (KHTML, like Gecko; compatible; GPTBot/1.3; +https://openai.com/gptbot)"
162.213.253.84 - - [02/Mar/2026:13:55:14 -0500] "POST /wp-cron.php?doing_wp_cron=1772477714.7905740737915039062500 HTTP/1.1" 200 0 "-" "WordPress/6.8.1; http://www.middleeastoday.com"
74.7.243.195 - - [02/Mar/2026:13:55:14 -0500] "GET /?p=8743 HTTP/1.1" 301 0 "http://www.middleeastoday.com/mohap-to-intensify-efforts-to-reduce-hypertension-prevalence-in-uae/" "Mozilla/5.0 AppleWebKit/537.36 (KHTML, like Gecko; compatible; GPTBot/1.3; +https://openai.com/gptbot)"
74.7.243.195 - - [02/Mar/2026:13:51:08 -0500] "GET /fourth-oic-conference-on-mediation-concludes-in-jeddah/ HTTP/1.1" 200 20831 "http://www.middleeastoday.com/latifa-bint-mohammed-attends-dubai-institute-of-design-and-innovations-first-graduation-ceremony/" "Mozilla/5.0 AppleWebKit/537.36 (KHTML, like Gecko; compatible; GPTBot/1.3; +https://openai.com/gptbot)"
162.213.253.84 - - [02/Mar/2026:13:51:38 -0500] "POST /wp-cron.php?doing_wp_cron=1772477498.4911251068115234375000 HTTP/1.1" 200 0 "-" "WordPress/6.8.1; http://www.middleeastoday.com"
74.7.243.195 - - [02/Mar/2026:13:52:41 -0500] "GET /ruler-of-dubai-inaugurates-aed1-billion-mohammed-bin-rashid-library/ HTTP/1.1" 200 22485 "http://www.middleeastoday.com/category/national-news/page/22/" "Mozilla/5.0 AppleWebKit/537.36 (KHTML, like Gecko; compatible; GPTBot/1.3; +https://openai.com/gptbot)"
74.7.243.195 - - [02/Mar/2026:13:53:13 -0500] "GET /dubai-silicon-oasis-to-host-its-first-e-sports-event-in-october/ HTTP/1.1" 200 21253 "http://www.middleeastoday.com/?p=8774" "Mozilla/5.0 AppleWebKit/537.36 (KHTML, like Gecko; compatible; GPTBot/1.3; +https://openai.com/gptbot)"
162.213.253.84 - - [02/Mar/2026:13:53:30 -0500] "POST /wp-admin/admin-ajax.php?action=async_litespeed&nonce=jqUxbBoLHO1YJnFxuxVLFPBbHyT9TqdK&litespeed_type=imgoptm HTTP/1.1" 200 21 "-" "WordPress/6.8.1; http://www.middleeastoday.com"
74.7.243.195 - - [02/Mar/2026:13:53:52 -0500] "GET /sultan-bin-ahmed-al-qasimi-chairs-53th-uos-board-meeting/ HTTP/1.1" 200 20736 "http://www.middleeastoday.com/dxb-live-wins-best-community-event-at-middle-east-event-awards/" "Mozilla/5.0 AppleWebKit/537.36 (KHTML, like Gecko; compatible; GPTBot/1.3; +https://openai.com/gptbot)"
162.213.253.84 - - [02/Mar/2026:13:54:27 -0500] "POST /wp-cron.php?doing_wp_cron=1772477667.8183479309082031250000 HTTP/1.1" 200 0 "-" "WordPress/6.8.1; http://www.middleeastoday.com"
74.7.243.195 - - [02/Mar/2026:13:54:27 -0500] "GET /?p=8808 HTTP/1.1" 301 0 "http://www.middleeastoday.com/uae-leaders-congratulate-president-of-cape-verde-on-independence-day/" "Mozilla/5.0 AppleWebKit/537.36 (KHTML, like Gecko; compatible; GPTBot/1.3; +https://openai.com/gptbot)"
74.7.243.195 - - [02/Mar/2026:13:54:27 -0500] "GET /uae-leaders-congratulate-president-of-cape-verde-on-independence-day/ HTTP/1.1" 200 20054 "http://www.middleeastoday.com/?p=8808" "Mozilla/5.0 AppleWebKit/537.36 (KHTML, like Gecko; compatible; GPTBot/1.3; +https://openai.com/gptbot)"
185.191.171.1 - - [02/Mar/2026:13:55:35 -0500] "GET /robots.txt HTTP/1.1" 200 117 "-" "Mozilla/5.0 (compatible; SemrushBot/7~bl; +http://www.semrush.com/bot.html)"
85.208.96.210 - - [02/Mar/2026:13:55:36 -0500] "GET /saif-bin-zayed-meets-singapores-senior-minister-and-coordinating-minister-for-national-security/ HTTP/1.1" 200 23027 "-" "Mozilla/5.0 (compatible; SemrushBot/7~bl; +http://www.semrush.com/bot.html)"
74.7.243.195 - - [02/Mar/2026:13:55:36 -0500] "GET /?p=8757 HTTP/1.1" 301 0 "http://www.middleeastoday.com/nahyan-bin-mubarak-attends-italian-embassys-national-day-ceremony/" "Mozilla/5.0 AppleWebKit/537.36 (KHTML, like Gecko; compatible; GPTBot/1.3; +https://openai.com/gptbot)"
74.7.243.195 - - [02/Mar/2026:13:55:53 -0500] "GET /jewels-of-emirates-show-attracts-100-exhibitors-more-than-20-uae-and-international-designers/ HTTP/1.1" 200 20716 "http://www.middleeastoday.com/uae-leaders-congratulate-president-of-seychelles-on-independence-day/" "Mozilla/5.0 AppleWebKit/537.36 (KHTML, like Gecko; compatible; GPTBot/1.3; +https://openai.com/gptbot)"
74.7.243.195 - - [02/Mar/2026:13:56:17 -0500] "GET /irthi-celebrates-emirati-artistry-at-milan-design-week-2022/ HTTP/1.1" 200 21451 "http://www.middleeastoday.com/uae-president-receives-indonesian-minister-of-maritime-affairs/" "Mozilla/5.0 AppleWebKit/537.36 (KHTML, like Gecko; compatible; GPTBot/1.3; +https://openai.com/gptbot)"
74.7.243.195 - - [02/Mar/2026:13:56:32 -0500] "GET /?p=8608 HTTP/1.1" 301 0 "http://www.middleeastoday.com/fourth-oic-conference-on-mediation-concludes-in-jeddah/" "Mozilla/5.0 AppleWebKit/537.36 (KHTML, like Gecko; compatible; GPTBot/1.3; +https://openai.com/gptbot)"
74.7.243.195 - - [02/Mar/2026:13:56:32 -0500] "GET /fourth-oic-conference-on-mediation-concludes-in-jeddah/ HTTP/1.1" 200 20831 "http://www.middleeastoday.com/?p=8608" "Mozilla/5.0 AppleWebKit/537.36 (KHTML, like Gecko; compatible; GPTBot/1.3; +https://openai.com/gptbot)"
74.7.243.195 - - [02/Mar/2026:13:56:48 -0500] "GET /?p=8715 HTTP/1.1" 301 0 "http://www.middleeastoday.com/abu-dhabi-public-health-centre-launches-ifhas-programme/" "Mozilla/5.0 AppleWebKit/537.36 (KHTML, like Gecko; compatible; GPTBot/1.3; +https://openai.com/gptbot)"
74.7.243.195 - - [02/Mar/2026:13:56:48 -0500] "GET /abu-dhabi-public-health-centre-launches-ifhas-programme/ HTTP/1.1" 200 22159 "http://www.middleeastoday.com/?p=8715" "Mozilla/5.0 AppleWebKit/537.36 (KHTML, like Gecko; compatible; GPTBot/1.3; +https://openai.com/gptbot)"
74.7.243.195 - - [02/Mar/2026:13:57:15 -0500] "GET /arada-launches-robinia-third-residential-phase-of-sharjahs-forest-community-masaar/ HTTP/1.1" 200 20375 "http://www.middleeastoday.com/?p=8617" "Mozilla/5.0 AppleWebKit/537.36 (KHTML, like Gecko; compatible; GPTBot/1.3; +https://openai.com/gptbot)"
74.7.243.195 - - [02/Mar/2026:13:57:25 -0500] "GET /?p=8644 HTTP/1.1" 301 0 "http://www.middleeastoday.com/erc-implements-8th-phase-of-campaign-against-eye-disease-in-morocco/" "Mozilla/5.0 AppleWebKit/537.36 (KHTML, like Gecko; compatible; GPTBot/1.3; +https://openai.com/gptbot)"
162.213.253.84 - - [02/Mar/2026:13:57:49 -0500] "POST /wp-cron.php?doing_wp_cron=1772477869.2611029148101806640625 HTTP/1.1" 200 0 "-" "WordPress/6.8.1; http://www.middleeastoday.com"
74.7.243.195 - - [02/Mar/2026:13:57:48 -0500] "GET /?p=8664 HTTP/1.1" 301 0 "http://www.middleeastoday.com/registration-for-first-global-spark-ar-hackathon-challenge-closes-on-june-17/" "Mozilla/5.0 AppleWebKit/537.36 (KHTML, like Gecko; compatible; GPTBot/1.3; +https://openai.com/gptbot)"
74.7.243.195 - - [02/Mar/2026:13:55:14 -0500] "GET /mohap-to-intensify-efforts-to-reduce-hypertension-prevalence-in-uae/ HTTP/1.1" 200 21532 "http://www.middleeastoday.com/?p=8743" "Mozilla/5.0 AppleWebKit/537.36 (KHTML, like Gecko; compatible; GPTBot/1.3; +https://openai.com/gptbot)"
162.213.253.84 - - [02/Mar/2026:13:55:37 -0500] "POST /wp-cron.php?doing_wp_cron=1772477737.1200640201568603515625 HTTP/1.1" 200 0 "-" "WordPress/6.8.1; http://www.middleeastoday.com"
74.7.243.195 - - [02/Mar/2026:13:55:37 -0500] "GET /nahyan-bin-mubarak-attends-italian-embassys-national-day-ceremony/ HTTP/1.1" 200 20137 "http://www.middleeastoday.com/?p=8757" "Mozilla/5.0 AppleWebKit/537.36 (KHTML, like Gecko; compatible; GPTBot/1.3; +https://openai.com/gptbot)"
162.213.253.84 - - [02/Mar/2026:13:55:37 -0500] "POST /wp-admin/admin-ajax.php?action=async_litespeed&nonce=GrDUydy2X2NoV22PNVH1KSivwzlk88BV&litespeed_type=imgoptm HTTP/1.1" 200 21 "-" "WordPress/6.8.1; http://www.middleeastoday.com"
162.213.253.84 - - [02/Mar/2026:13:56:32 -0500] "POST /wp-cron.php?doing_wp_cron=1772477792.8730731010437011718750 HTTP/1.1" 200 0 "-" "WordPress/6.8.1; http://www.middleeastoday.com"
162.213.253.84 - - [02/Mar/2026:13:56:33 -0500] "POST /wp-admin/admin-ajax.php?action=async_litespeed&nonce=u44qApMzpDTm8BR5GNSwO4OwgTiwRuy2&litespeed_type=imgoptm HTTP/1.1" 200 21 "-" "WordPress/6.8.1; http://www.middleeastoday.com"
74.7.243.195 - - [02/Mar/2026:13:57:15 -0500] "GET /?p=8617 HTTP/1.1" 301 0 "http://www.middleeastoday.com/arada-launches-robinia-third-residential-phase-of-sharjahs-forest-community-masaar/" "Mozilla/5.0 AppleWebKit/537.36 (KHTML, like Gecko; compatible; GPTBot/1.3; +https://openai.com/gptbot)"
162.213.253.84 - - [02/Mar/2026:13:57:26 -0500] "POST /wp-cron.php?doing_wp_cron=1772477846.6133620738983154296875 HTTP/1.1" 200 0 "-" "WordPress/6.8.1; http://www.middleeastoday.com"
74.7.243.195 - - [02/Mar/2026:13:57:26 -0500] "GET /erc-implements-8th-phase-of-campaign-against-eye-disease-in-morocco/ HTTP/1.1" 200 20508 "http://www.middleeastoday.com/?p=8644" "Mozilla/5.0 AppleWebKit/537.36 (KHTML, like Gecko; compatible; GPTBot/1.3; +https://openai.com/gptbot)"
162.213.253.84 - - [02/Mar/2026:13:57:27 -0500] "POST /wp-admin/admin-ajax.php?action=async_litespeed&nonce=9B0k14yvKGw6f1ioZsDa9odBtfLcBW4Z&litespeed_type=imgoptm HTTP/1.1" 200 21 "-" "WordPress/6.8.1; http://www.middleeastoday.com"
74.7.243.195 - - [02/Mar/2026:13:57:49 -0500] "GET /registration-for-first-global-spark-ar-hackathon-challenge-closes-on-june-17/ HTTP/1.1" 200 20520 "http://www.middleeastoday.com/?p=8664" "Mozilla/5.0 AppleWebKit/537.36 (KHTML, like Gecko; compatible; GPTBot/1.3; +https://openai.com/gptbot)"
51.161.37.154 - - [02/Mar/2026:13:57:50 -0500] "GET /air-arabia-abu-dhabi-to-start-new-route-to-chennai-india/ HTTP/1.1" 200 20301 "-" "Mozilla/5.0 (compatible; AhrefsBot/7.0; +http://ahrefs.com/robot/)"
74.7.243.195 - - [02/Mar/2026:13:58:15 -0500] "GET /?p=8658 HTTP/1.1" 301 0 "http://www.middleeastoday.com/ruler-of-dubai-inaugurates-aed1-billion-mohammed-bin-rashid-library/" "Mozilla/5.0 AppleWebKit/537.36 (KHTML, like Gecko; compatible; GPTBot/1.3; +https://openai.com/gptbot)"
74.7.243.195 - - [02/Mar/2026:13:58:33 -0500] "GET /etihad-airways-wins-at-the-apex-passenger-choice-awards-2022/ HTTP/1.1" 200 20888 "http://www.middleeastoday.com/?p=8655" "Mozilla/5.0 AppleWebKit/537.36 (KHTML, like Gecko; compatible; GPTBot/1.3; +https://openai.com/gptbot)"
162.213.253.84 - - [02/Mar/2026:13:58:33 -0500] "POST /wp-admin/admin-ajax.php?action=async_litespeed&nonce=hm2su8fyRDSAGKBqJFy4yL2UVZGwbs3G&litespeed_type=imgoptm HTTP/1.1" 200 21 "-" "WordPress/6.8.1; http://www.middleeastoday.com"
74.7.243.195 - - [02/Mar/2026:13:59:46 -0500] "GET /hebany-group-takes-part-in-madrid-business-summit/ HTTP/1.1" 200 20690 "http://www.middleeastoday.com/abu-dhabi-public-health-centre-launches-ifhas-programme/" "Mozilla/5.0 AppleWebKit/537.36 (KHTML, like Gecko; compatible; GPTBot/1.3; +https://openai.com/gptbot)"
162.213.253.84 - - [02/Mar/2026:14:00:01 -0500] "POST /wp-admin/admin-ajax.php?action=async_litespeed&nonce=eJvUf1a1p41HKKl0trkx2tYdaVw7TezG&litespeed_type=imgoptm HTTP/1.1" 200 21 "-" "WordPress/6.8.1; http://www.middleeastoday.com"
40.77.167.63 - - [02/Mar/2026:14:00:07 -0500] "GET /wp-content/uploads/2022/01/expensive-ambulance-responder-850x560.jpg HTTP/1.1" 200 96092 "-" "Mozilla/5.0 AppleWebKit/537.36 (KHTML, like Gecko; compatible; bingbot/2.0; +http://www.bing.com/bingbot.htm) Chrome/116.0.1938.76 Safari/537.36"
74.7.243.195 - - [02/Mar/2026:14:00:15 -0500] "GET /uae-tajikistan-relations-steadily-developing-ambassador/ HTTP/1.1" 200 20786 "http://www.middleeastoday.com/registration-for-first-global-spark-ar-hackathon-challenge-closes-on-june-17/" "Mozilla/5.0 AppleWebKit/537.36 (KHTML, like Gecko; compatible; GPTBot/1.3; +https://openai.com/gptbot)"
162.213.253.84 - - [02/Mar/2026:14:00:36 -0500] "POST /wp-cron.php?doing_wp_cron=1772478036.8058619499206542968750 HTTP/1.1" 200 0 "-" "WordPress/6.8.1; http://www.middleeastoday.com"
74.7.243.195 - - [02/Mar/2026:14:00:36 -0500] "GET /uae-president-vp-congratulate-queen-elizabeth-ii-on-70th-anniversary-of-accession-to-throne/ HTTP/1.1" 200 20017 "http://www.middleeastoday.com/?p=8591" "Mozilla/5.0 AppleWebKit/537.36 (KHTML, like Gecko; compatible; GPTBot/1.3; +https://openai.com/gptbot)"
162.213.253.84 - - [02/Mar/2026:14:00:37 -0500] "POST /wp-admin/admin-ajax.php?action=async_litespeed&nonce=Gpb2JcoY3g6bnyzc0SoOn5Z54K3rIwCL&litespeed_type=imgoptm HTTP/1.1" 200 21 "-" "WordPress/6.8.1; http://www.middleeastoday.com"
162.213.253.84 - - [02/Mar/2026:14:01:20 -0500] "POST /wp-cron.php?doing_wp_cron=1772478080.1722929477691650390625 HTTP/1.1" 200 0 "-" "WordPress/6.8.1; http://www.middleeastoday.com"
162.213.253.84 - - [02/Mar/2026:14:02:14 -0500] "POST /wp-cron.php?doing_wp_cron=1772478134.8465549945831298828125 HTTP/1.1" 200 0 "-" "WordPress/6.8.1; http://www.middleeastoday.com"
74.7.243.195 - - [02/Mar/2026:14:02:14 -0500] "GET /?p=8765 HTTP/1.1" 301 0 "http://www.middleeastoday.com/jewels-of-emirates-show-attracts-100-exhibitors-more-than-20-uae-and-international-designers/" "Mozilla/5.0 AppleWebKit/537.36 (KHTML, like Gecko; compatible; GPTBot/1.3; +https://openai.com/gptbot)"
74.7.243.195 - - [02/Mar/2026:14:02:14 -0500] "GET /jewels-of-emirates-show-attracts-100-exhibitors-more-than-20-uae-and-international-designers/ HTTP/1.1" 200 20716 "http://www.middleeastoday.com/?p=8765" "Mozilla/5.0 AppleWebKit/537.36 (KHTML, like Gecko; compatible; GPTBot/1.3; +https://openai.com/gptbot)"
