34.106.221.59 - - [02/Mar/2026:12:42:01 -0500] "HEAD /wordpress/ HTTP/1.1" 404 0 "http://middleeastoday.com/wordpress/" "Mozilla/5.0 (iPhone; CPU iPhone OS 17_5 like Mac OS X) AppleWebKit/605.1.15 (KHTML, like Gecko) Version/17.5 Mobile/15E148 Safari/604.1"
34.106.221.59 - - [02/Mar/2026:12:42:03 -0500] "HEAD /backup/ HTTP/1.1" 404 0 "http://middleeastoday.com/backup/" "Mozilla/5.0 (Windows NT 10.0; Win64; x64) AppleWebKit/537.36 (KHTML, like Gecko) Chrome/125.0.6422.112 Safari/537.36 Brave/1.63.120"
34.106.221.59 - - [02/Mar/2026:12:42:03 -0500] "HEAD /old/ HTTP/1.1" 301 0 "-" "Mozilla/5.0 (Windows NT 10.0; Win64; x64) AppleWebKit/537.36 (KHTML, like Gecko) Chrome/127.0.6534.42 Safari/537.36"
34.106.221.59 - - [02/Mar/2026:12:42:04 -0500] "HEAD /old/ HTTP/1.1" 404 0 "http://middleeastoday.com/old/" "Mozilla/5.0 (Windows NT 10.0; Win64; x64) AppleWebKit/537.36 (KHTML, like Gecko) Chrome/127.0.6534.42 Safari/537.36"
34.106.221.59 - - [02/Mar/2026:12:42:05 -0500] "HEAD /blog/ HTTP/1.1" 404 0 "http://middleeastoday.com/blog/" "Mozilla/5.0 (Linux; Android 10; vivo 1904) AppleWebKit/537.36 (KHTML, like Gecko) Chrome/117.0.5938.60 Mobile Safari/537.36"
34.106.221.59 - - [02/Mar/2026:12:42:07 -0500] "HEAD / HTTP/1.1" 301 0 "-" "Mozilla/5.0 (Windows NT 10.0; Win64; x64) AppleWebKit/537.36 (KHTML, like Gecko) Chrome/125.0.6422.112 Safari/537.36 Brave/1.63.120"
34.106.221.59 - - [02/Mar/2026:12:42:08 -0500] "HEAD / HTTP/1.1" 200 0 "http://middleeastoday.com/" "Mozilla/5.0 (Windows NT 10.0; Win64; x64) AppleWebKit/537.36 (KHTML, like Gecko) Chrome/125.0.6422.112 Safari/537.36 Brave/1.63.120"
74.7.243.195 - - [02/Mar/2026:12:39:16 -0500] "GET /uae-leaders-congratulate-arab-islamic-leaders-on-eid-al-adha/ HTTP/1.1" 200 19998 "http://www.middleeastoday.com/abdullah-bin-zayed-participates-in-g20-foreign-ministers-meeting-reiterates-uaes-support-of-indonesias-efforts/" "Mozilla/5.0 AppleWebKit/537.36 (KHTML, like Gecko; compatible; GPTBot/1.3; +https://openai.com/gptbot)"
74.7.243.195 - - [02/Mar/2026:12:39:24 -0500] "GET /commemoration-day-deepens-values-of-loyalty-and-belonging-to-the-nation-uae-president/ HTTP/1.1" 200 20796 "http://www.middleeastoday.com/sharjah-ruler-pardons-333-prisoners-ahead-of-uaes-51st-national-day/" "Mozilla/5.0 AppleWebKit/537.36 (KHTML, like Gecko; compatible; GPTBot/1.3; +https://openai.com/gptbot)"
74.7.243.195 - - [02/Mar/2026:12:40:11 -0500] "GET /dubai-electricity-and-water-authority-starts-trading-on-dubai-financial-market/ HTTP/1.1" 200 21844 "http://www.middleeastoday.com/sharjah-ruler-meets-chief-editors-media-personalities/" "Mozilla/5.0 AppleWebKit/537.36 (KHTML, like Gecko; compatible; GPTBot/1.3; +https://openai.com/gptbot)"
74.7.243.195 - - [02/Mar/2026:12:40:37 -0500] "GET /contracts-worth-aed-6-8-billion-awarded-to-smes-through-expo-2020-dubai/ HTTP/1.1" 200 21316 "http://www.middleeastoday.com/dlds-moasher-tracks-highest-ever-number-of-quarterly-real-estate-transactions-since-2010/" "Mozilla/5.0 AppleWebKit/537.36 (KHTML, like Gecko; compatible; GPTBot/1.3; +https://openai.com/gptbot)"
74.7.243.195 - - [02/Mar/2026:12:41:23 -0500] "GET /expo-2020-dubai-crowned-past-50-years-signalled-promising-future-nahyan-bin-mubarak/ HTTP/1.1" 200 21743 "http://www.middleeastoday.com/uae-leaders-condole-king-salman-on-death-of-princess-lolwah-bint-fahd-bin-abdulaziz-al-saud/" "Mozilla/5.0 AppleWebKit/537.36 (KHTML, like Gecko; compatible; GPTBot/1.3; +https://openai.com/gptbot)"
74.7.243.195 - - [02/Mar/2026:12:41:52 -0500] "GET /legacy-of-expo-2020-dubais-vision-pavilion-will-live-on-as-part-of-district-2020/ HTTP/1.1" 200 23224 "http://www.middleeastoday.com/expo-centre-sharjah-to-attract-visitors-with-17-diverse-exhibitions-till-year-end/" "Mozilla/5.0 AppleWebKit/537.36 (KHTML, like Gecko; compatible; GPTBot/1.3; +https://openai.com/gptbot)"
34.106.221.59 - - [02/Mar/2026:12:41:59 -0500] "HEAD /new/ HTTP/1.1" 301 0 "-" "Mozilla/5.0 (Linux; Android 14; Xiaomi 14 Pro) AppleWebKit/537.36 (KHTML, like Gecko) Chrome/126.0.6478.33 Mobile Safari/537.36"
162.213.253.84 - - [02/Mar/2026:12:42:00 -0500] "POST /wp-admin/admin-ajax.php?action=async_litespeed&nonce=hxoneRNbvTXUD0W1w1ADV9fqhmSTUKHZ&litespeed_type=imgoptm HTTP/1.1" 200 21 "-" "WordPress/6.8.1; http://www.middleeastoday.com"
34.106.221.59 - - [02/Mar/2026:12:42:02 -0500] "HEAD /backup/ HTTP/1.1" 301 0 "-" "Mozilla/5.0 (Windows NT 10.0; Win64; x64) AppleWebKit/537.36 (KHTML, like Gecko) Chrome/125.0.6422.112 Safari/537.36 Brave/1.63.120"
34.106.221.59 - - [02/Mar/2026:12:42:05 -0500] "HEAD /blog/ HTTP/1.1" 301 0 "-" "Mozilla/5.0 (Linux; Android 10; vivo 1904) AppleWebKit/537.36 (KHTML, like Gecko) Chrome/117.0.5938.60 Mobile Safari/537.36"
34.106.221.59 - - [02/Mar/2026:12:42:06 -0500] "HEAD /wp/ HTTP/1.1" 301 0 "-" "Mozilla/5.0 (Windows NT 10.0; Win64; x64) AppleWebKit/537.36 (KHTML, like Gecko) Chrome/127.0.6534.42 Safari/537.36"
34.106.221.59 - - [02/Mar/2026:12:42:07 -0500] "HEAD /wp/ HTTP/1.1" 404 0 "http://middleeastoday.com/wp/" "Mozilla/5.0 (Windows NT 10.0; Win64; x64) AppleWebKit/537.36 (KHTML, like Gecko) Chrome/127.0.6534.42 Safari/537.36"
162.213.253.84 - - [02/Mar/2026:12:42:31 -0500] "POST /wp-cron.php?doing_wp_cron=1772473351.9816188812255859375000 HTTP/1.1" 200 0 "-" "WordPress/6.8.1; http://www.middleeastoday.com"
74.7.243.195 - - [02/Mar/2026:12:42:32 -0500] "GET /?p=9162 HTTP/1.1" 301 0 "http://www.middleeastoday.com/ministerial-development-council-discusses-meeting-initiatives-and-legislations-to-support-government-work/" "Mozilla/5.0 AppleWebKit/537.36 (KHTML, like Gecko; compatible; GPTBot/1.3; +https://openai.com/gptbot)"
74.7.243.195 - - [02/Mar/2026:12:42:10 -0500] "GET /wp-json/wp/v2/posts/9153 HTTP/1.1" 200 7536 "http://www.middleeastoday.com/as-world-loses-more-than-2-trillion-annually-due-to-illicit-trade-unctad-convenes-second-forum-to-ramp-up-fight-against-illicit-trade/" "Mozilla/5.0 AppleWebKit/537.36 (KHTML, like Gecko; compatible; GPTBot/1.3; +https://openai.com/gptbot)"
216.73.216.24 - - [02/Mar/2026:12:42:31 -0500] "GET /author/admin/page/7 HTTP/1.1" 301 0 "-" "Mozilla/5.0 AppleWebKit/537.36 (KHTML, like Gecko; compatible; ClaudeBot/1.0; [email protected])"
216.73.216.24 - - [02/Mar/2026:12:42:32 -0500] "GET /author/admin/page/7/ HTTP/1.1" 200 21107 "http://www.middleeastoday.com/author/admin/page/7" "Mozilla/5.0 AppleWebKit/537.36 (KHTML, like Gecko; compatible; ClaudeBot/1.0; [email protected])"
162.213.253.84 - - [02/Mar/2026:12:42:32 -0500] "POST /wp-admin/admin-ajax.php?action=async_litespeed&nonce=FRT8tEqR9lhha5cfk4bA6wVxKlVMIlOT&litespeed_type=imgoptm HTTP/1.1" 200 21 "-" "WordPress/6.8.1; http://www.middleeastoday.com"
74.7.243.195 - - [02/Mar/2026:12:43:26 -0500] "GET /new-installation-by-emirati-artist-mohamed-ibrahim-at-la-biennale-di-venezia-unveiled-in-the-uae/ HTTP/1.1" 200 22046 "http://www.middleeastoday.com/?p=8238" "Mozilla/5.0 AppleWebKit/537.36 (KHTML, like Gecko; compatible; GPTBot/1.3; +https://openai.com/gptbot)"
162.213.253.84 - - [02/Mar/2026:12:43:27 -0500] "POST /wp-admin/admin-ajax.php?action=async_litespeed&nonce=UXNugqlJZd5fHxwMwvkh5q7lWM7w4kSF&litespeed_type=imgoptm HTTP/1.1" 200 21 "-" "WordPress/6.8.1; http://www.middleeastoday.com"
74.7.243.195 - - [02/Mar/2026:12:43:37 -0500] "GET /?p=9770 HTTP/1.1" 301 0 "http://www.middleeastoday.com/new-uae-ambassadors-sworn-in-before-uae-president/" "Mozilla/5.0 AppleWebKit/537.36 (KHTML, like Gecko; compatible; GPTBot/1.3; +https://openai.com/gptbot)"
74.7.243.195 - - [02/Mar/2026:12:43:38 -0500] "GET /new-uae-ambassadors-sworn-in-before-uae-president/ HTTP/1.1" 200 21455 "http://www.middleeastoday.com/?p=9770" "Mozilla/5.0 AppleWebKit/537.36 (KHTML, like Gecko; compatible; GPTBot/1.3; +https://openai.com/gptbot)"
74.7.243.195 - - [02/Mar/2026:12:43:45 -0500] "GET /?p=10004 HTTP/1.1" 301 0 "http://www.middleeastoday.com/the-president-of-the-state-receives-the-sharjah-football-team-which-won-his-highnesss-cup/" "Mozilla/5.0 AppleWebKit/537.36 (KHTML, like Gecko; compatible; GPTBot/1.3; +https://openai.com/gptbot)"
74.7.243.195 - - [02/Mar/2026:12:43:46 -0500] "GET /the-president-of-the-state-receives-the-sharjah-football-team-which-won-his-highnesss-cup/ HTTP/1.1" 200 20531 "http://www.middleeastoday.com/?p=10004" "Mozilla/5.0 AppleWebKit/537.36 (KHTML, like Gecko; compatible; GPTBot/1.3; +https://openai.com/gptbot)"
74.7.243.195 - - [02/Mar/2026:12:44:00 -0500] "GET /?p=8559 HTTP/1.1" 301 0 "http://www.middleeastoday.com/shurooq-announces-eco-retreats-najd-al-meqsar-village-and-the-serai-wing-bait-khalid-bin-ibrahim/" "Mozilla/5.0 AppleWebKit/537.36 (KHTML, like Gecko; compatible; GPTBot/1.3; +https://openai.com/gptbot)"
74.7.243.195 - - [02/Mar/2026:12:44:01 -0500] "GET /shurooq-announces-eco-retreats-najd-al-meqsar-village-and-the-serai-wing-bait-khalid-bin-ibrahim/ HTTP/1.1" 200 23658 "http://www.middleeastoday.com/?p=8559" "Mozilla/5.0 AppleWebKit/537.36 (KHTML, like Gecko; compatible; GPTBot/1.3; +https://openai.com/gptbot)"
74.7.243.195 - - [02/Mar/2026:12:44:21 -0500] "GET /?p=8828 HTTP/1.1" 301 0 "http://www.middleeastoday.com/uae-leaders-congratulate-arab-islamic-leaders-on-eid-al-adha/" "Mozilla/5.0 AppleWebKit/537.36 (KHTML, like Gecko; compatible; GPTBot/1.3; +https://openai.com/gptbot)"
85.208.96.206 - - [02/Mar/2026:12:44:26 -0500] "GET /robots.txt HTTP/1.1" 200 117 "-" "Mozilla/5.0 (compatible; SemrushBot/7~bl; +http://www.semrush.com/bot.html)"
185.191.171.11 - - [02/Mar/2026:12:44:26 -0500] "GET /author/admin/page/93/ HTTP/1.1" 200 23794 "-" "Mozilla/5.0 (compatible; SemrushBot/7~bl; +http://www.semrush.com/bot.html)"
74.7.243.195 - - [02/Mar/2026:12:42:32 -0500] "GET /ministerial-development-council-discusses-meeting-initiatives-and-legislations-to-support-government-work/ HTTP/1.1" 200 20234 "http://www.middleeastoday.com/?p=9162" "Mozilla/5.0 AppleWebKit/537.36 (KHTML, like Gecko; compatible; GPTBot/1.3; +https://openai.com/gptbot)"
74.7.243.195 - - [02/Mar/2026:12:43:00 -0500] "GET /bodour-al-qasimi-affirms-importance-of-cultural-diversity-representation-in-publishing-2/ HTTP/1.1" 200 21725 "http://www.middleeastoday.com/ministerial-development-council-discusses-meeting-initiatives-and-legislations-to-support-government-work/" "Mozilla/5.0 AppleWebKit/537.36 (KHTML, like Gecko; compatible; GPTBot/1.3; +https://openai.com/gptbot)"
162.213.253.84 - - [02/Mar/2026:12:43:26 -0500] "POST /wp-cron.php?doing_wp_cron=1772473406.3720180988311767578125 HTTP/1.1" 200 0 "-" "WordPress/6.8.1; http://www.middleeastoday.com"
74.7.243.195 - - [02/Mar/2026:12:43:25 -0500] "GET /?p=8238 HTTP/1.1" 301 0 "http://www.middleeastoday.com/new-installation-by-emirati-artist-mohamed-ibrahim-at-la-biennale-di-venezia-unveiled-in-the-uae/" "Mozilla/5.0 AppleWebKit/537.36 (KHTML, like Gecko; compatible; GPTBot/1.3; +https://openai.com/gptbot)"
162.213.253.84 - - [02/Mar/2026:12:44:22 -0500] "POST /wp-cron.php?doing_wp_cron=1772473462.1048119068145751953125 HTTP/1.1" 200 0 "-" "WordPress/6.8.1; http://www.middleeastoday.com"
74.7.243.195 - - [02/Mar/2026:12:44:22 -0500] "GET /uae-leaders-congratulate-arab-islamic-leaders-on-eid-al-adha/ HTTP/1.1" 200 19998 "http://www.middleeastoday.com/?p=8828" "Mozilla/5.0 AppleWebKit/537.36 (KHTML, like Gecko; compatible; GPTBot/1.3; +https://openai.com/gptbot)"
162.213.253.84 - - [02/Mar/2026:12:44:22 -0500] "POST /wp-admin/admin-ajax.php?action=async_litespeed&nonce=DCsTADuWMZakiJy4GHFES9MbkJvk7zQy&litespeed_type=imgoptm HTTP/1.1" 200 21 "-" "WordPress/6.8.1; http://www.middleeastoday.com"
14.172.161.54 - - [02/Mar/2026:12:44:36 -0500] "GET http://www.middleeastoday.com/category/international-news/page/3/ HTTP/1.1" 200 24078 "-" "Mozilla/5.0 (Macintosh; Intel Mac OS X 10_11_6) AppleWebKit/537.36 (KHTML, like Gecko) Chrome/69.0.3497.100 Safari/537.36"
74.7.243.195 - - [02/Mar/2026:12:45:16 -0500] "GET /sharjah-ruler-directs-sewa-support-for-sssd-beneficiaries-starting-emiratisation-in-private-schools/ HTTP/1.1" 200 21602 "http://www.middleeastoday.com/commemoration-day-deepens-values-of-loyalty-and-belonging-to-the-nation-uae-president/" "Mozilla/5.0 AppleWebKit/537.36 (KHTML, like Gecko; compatible; GPTBot/1.3; +https://openai.com/gptbot)"
162.213.253.84 - - [02/Mar/2026:12:46:01 -0500] "POST /wp-cron.php?doing_wp_cron=1772473561.5784020423889160156250 HTTP/1.1" 200 0 "-" "WordPress/6.8.1; http://www.middleeastoday.com"
74.7.243.195 - - [02/Mar/2026:12:46:00 -0500] "GET /?p=366 HTTP/1.1" 301 0 "http://www.middleeastoday.com/dubai-electricity-and-water-authority-starts-trading-on-dubai-financial-market/" "Mozilla/5.0 AppleWebKit/537.36 (KHTML, like Gecko; compatible; GPTBot/1.3; +https://openai.com/gptbot)"
162.213.253.84 - - [02/Mar/2026:12:46:02 -0500] "POST /wp-admin/admin-ajax.php?action=async_litespeed&nonce=nXF7O7FVlBhSC1V471nb6Qe80wwuvcB1&litespeed_type=imgoptm HTTP/1.1" 200 21 "-" "WordPress/6.8.1; http://www.middleeastoday.com"
162.213.253.84 - - [02/Mar/2026:12:46:22 -0500] "POST /wp-cron.php?doing_wp_cron=1772473582.1690618991851806640625 HTTP/1.1" 200 0 "-" "WordPress/6.8.1; http://www.middleeastoday.com"
74.7.243.195 - - [02/Mar/2026:12:46:21 -0500] "GET /?p=8325 HTTP/1.1" 301 0 "http://www.middleeastoday.com/contracts-worth-aed-6-8-billion-awarded-to-smes-through-expo-2020-dubai/" "Mozilla/5.0 AppleWebKit/537.36 (KHTML, like Gecko; compatible; GPTBot/1.3; +https://openai.com/gptbot)"
74.7.243.195 - - [02/Mar/2026:12:46:22 -0500] "GET /contracts-worth-aed-6-8-billion-awarded-to-smes-through-expo-2020-dubai/ HTTP/1.1" 200 21316 "http://www.middleeastoday.com/?p=8325" "Mozilla/5.0 AppleWebKit/537.36 (KHTML, like Gecko; compatible; GPTBot/1.3; +https://openai.com/gptbot)"
162.213.253.84 - - [02/Mar/2026:12:44:38 -0500] "POST /wp-cron.php?doing_wp_cron=1772473478.9076030254364013671875 HTTP/1.1" 200 0 "-" "WordPress/6.8.1; http://www.middleeastoday.com"
74.7.243.195 - - [02/Mar/2026:12:44:38 -0500] "GET /?p=9587 HTTP/1.1" 301 0 "http://www.middleeastoday.com/commemoration-day-deepens-values-of-loyalty-and-belonging-to-the-nation-uae-president/" "Mozilla/5.0 AppleWebKit/537.36 (KHTML, like Gecko; compatible; GPTBot/1.3; +https://openai.com/gptbot)"
74.7.243.195 - - [02/Mar/2026:12:44:39 -0500] "GET /commemoration-day-deepens-values-of-loyalty-and-belonging-to-the-nation-uae-president/ HTTP/1.1" 200 20796 "http://www.middleeastoday.com/?p=9587" "Mozilla/5.0 AppleWebKit/537.36 (KHTML, like Gecko; compatible; GPTBot/1.3; +https://openai.com/gptbot)"
142.44.220.226 - - [02/Mar/2026:12:44:58 -0500] "GET /mohammed-bin-rashid-meets-with-prime-minister-of-iraqi-kurdistan-regional-government/ HTTP/1.1" 200 20349 "-" "Mozilla/5.0 (compatible; AhrefsBot/7.0; +http://ahrefs.com/robot/)"
74.7.243.195 - - [02/Mar/2026:12:46:01 -0500] "GET /dubai-electricity-and-water-authority-starts-trading-on-dubai-financial-market/ HTTP/1.1" 200 21844 "http://www.middleeastoday.com/?p=366" "Mozilla/5.0 AppleWebKit/537.36 (KHTML, like Gecko; compatible; GPTBot/1.3; +https://openai.com/gptbot)"
74.7.243.195 - - [02/Mar/2026:12:46:35 -0500] "GET /?p=8361 HTTP/1.1" 301 0 "http://www.middleeastoday.com/mohamed-bin-zayed-orders-disbursement-of-housing-loans-to-1347-citizens-in-abu-dhabi-worth-a-total-of-aed2-36bn/" "Mozilla/5.0 AppleWebKit/537.36 (KHTML, like Gecko; compatible; GPTBot/1.3; +https://openai.com/gptbot)"
74.7.243.195 - - [02/Mar/2026:12:46:36 -0500] "GET /mohamed-bin-zayed-orders-disbursement-of-housing-loans-to-1347-citizens-in-abu-dhabi-worth-a-total-of-aed2-36bn/ HTTP/1.1" 200 20695 "http://www.middleeastoday.com/?p=8361" "Mozilla/5.0 AppleWebKit/537.36 (KHTML, like Gecko; compatible; GPTBot/1.3; +https://openai.com/gptbot)"
74.7.243.195 - - [02/Mar/2026:12:46:51 -0500] "GET /?p=7279 HTTP/1.1" 301 0 "http://www.middleeastoday.com/expo-2020-dubai-crowned-past-50-years-signalled-promising-future-nahyan-bin-mubarak/" "Mozilla/5.0 AppleWebKit/537.36 (KHTML, like Gecko; compatible; GPTBot/1.3; +https://openai.com/gptbot)"
74.7.243.195 - - [02/Mar/2026:12:46:52 -0500] "GET /expo-2020-dubai-crowned-past-50-years-signalled-promising-future-nahyan-bin-mubarak/ HTTP/1.1" 200 21743 "http://www.middleeastoday.com/?p=7279" "Mozilla/5.0 AppleWebKit/537.36 (KHTML, like Gecko; compatible; GPTBot/1.3; +https://openai.com/gptbot)"
74.7.243.195 - - [02/Mar/2026:12:47:20 -0500] "GET /?p=7265 HTTP/1.1" 301 0 "http://www.middleeastoday.com/shamsheer-vayalil-contributes-aed1-million-to-1billion-meals-initiative/" "Mozilla/5.0 AppleWebKit/537.36 (KHTML, like Gecko; compatible; GPTBot/1.3; +https://openai.com/gptbot)"
162.213.253.84 - - [02/Mar/2026:12:47:46 -0500] "POST /wp-admin/admin-ajax.php?action=async_litespeed&nonce=ueypOXARdfTshVgH10LQCx9Z8lODdbSZ&litespeed_type=imgoptm HTTP/1.1" 200 21 "-" "WordPress/6.8.1; http://www.middleeastoday.com"
74.7.243.195 - - [02/Mar/2026:12:48:17 -0500] "GET /abu-dhabis-real-estate-transactions-exceed-11-3-billion-aed-in-q1-2022/ HTTP/1.1" 200 20528 "http://www.middleeastoday.com/?p=8389" "Mozilla/5.0 AppleWebKit/537.36 (KHTML, like Gecko; compatible; GPTBot/1.3; +https://openai.com/gptbot)"
52.187.236.124 - - [02/Mar/2026:12:48:54 -0500] "GET /wp-content/uploads/2022/03/Austrian-Chancellor-455x300.jpg HTTP/1.1" 200 25014 "-" "Mozilla/5.0 (compatible; BingIndexCrawler/1.0)"
142.44.225.228 - - [02/Mar/2026:12:49:01 -0500] "GET /emirates-scoops-5-global-accolades-at-ultra-and-apex-awards/ HTTP/1.1" 200 20979 "-" "Mozilla/5.0 (compatible; AhrefsBot/7.0; +http://ahrefs.com/robot/)"
3.235.215.92 - - [02/Mar/2026:12:49:18 -0500] "GET /dubai-hosts-the-15th-international-conference-on-challenges-in-environmental-science-and-engineering-2022-for-the-first-time-in-the-middle-east/ HTTP/1.1" 200 26534 "-" "Mozilla/5.0 AppleWebKit/537.36 (KHTML, like Gecko; compatible; Amazonbot/0.1; +https://developer.amazon.com/support/amazonbot) Chrome/119.0.6045.214 Safari/537.36"
74.7.243.195 - - [02/Mar/2026:12:49:31 -0500] "GET /uae-takes-part-at-iaeas-first-international-conference-on-nuclear-law/ HTTP/1.1" 200 21470 "http://www.middleeastoday.com/contracts-worth-aed-6-8-billion-awarded-to-smes-through-expo-2020-dubai/" "Mozilla/5.0 AppleWebKit/537.36 (KHTML, like Gecko; compatible; GPTBot/1.3; +https://openai.com/gptbot)"
74.7.243.195 - - [02/Mar/2026:12:49:42 -0500] "GET /bodour-al-qasimi-affirms-importance-of-cultural-diversity-representation-in-publishing-2/ HTTP/1.1" 200 21725 "http://www.middleeastoday.com/?p=9167" "Mozilla/5.0 AppleWebKit/537.36 (KHTML, like Gecko; compatible; GPTBot/1.3; +https://openai.com/gptbot)"
74.7.243.195 - - [02/Mar/2026:12:51:06 -0500] "GET /uae-president-vp-condole-king-salman-on-passing-of-mother-of-prince-fahd-bin-dhaar-bin-turki/ HTTP/1.1" 200 20113 "http://www.middleeastoday.com/shurooq-announces-eco-retreats-najd-al-meqsar-village-and-the-serai-wing-bait-khalid-bin-ibrahim/" "Mozilla/5.0 AppleWebKit/537.36 (KHTML, like Gecko; compatible; GPTBot/1.3; +https://openai.com/gptbot)"
162.213.253.84 - - [02/Mar/2026:12:46:22 -0500] "POST /wp-admin/admin-ajax.php?action=async_litespeed&nonce=Xh7QE8JrZNKRKVvZIRUDYaGKysWFKVDf&litespeed_type=imgoptm HTTP/1.1" 200 21 "-" "WordPress/6.8.1; http://www.middleeastoday.com"
74.7.243.195 - - [02/Mar/2026:12:47:21 -0500] "GET /shamsheer-vayalil-contributes-aed1-million-to-1billion-meals-initiative/ HTTP/1.1" 200 20821 "http://www.middleeastoday.com/?p=7265" "Mozilla/5.0 AppleWebKit/537.36 (KHTML, like Gecko; compatible; GPTBot/1.3; +https://openai.com/gptbot)"
162.213.253.84 - - [02/Mar/2026:12:47:45 -0500] "POST /wp-cron.php?doing_wp_cron=1772473665.8467199802398681640625 HTTP/1.1" 200 0 "-" "WordPress/6.8.1; http://www.middleeastoday.com"
74.7.243.195 - - [02/Mar/2026:12:47:44 -0500] "GET /?p=7205 HTTP/1.1" 301 0 "http://www.middleeastoday.com/legacy-of-expo-2020-dubais-vision-pavilion-will-live-on-as-part-of-district-2020/" "Mozilla/5.0 AppleWebKit/537.36 (KHTML, like Gecko; compatible; GPTBot/1.3; +https://openai.com/gptbot)"
74.7.243.195 - - [02/Mar/2026:12:47:45 -0500] "GET /legacy-of-expo-2020-dubais-vision-pavilion-will-live-on-as-part-of-district-2020/ HTTP/1.1" 200 23224 "http://www.middleeastoday.com/?p=7205" "Mozilla/5.0 AppleWebKit/537.36 (KHTML, like Gecko; compatible; GPTBot/1.3; +https://openai.com/gptbot)"
162.213.253.84 - - [02/Mar/2026:12:48:17 -0500] "POST /wp-cron.php?doing_wp_cron=1772473697.2853319644927978515625 HTTP/1.1" 200 0 "-" "WordPress/6.8.1; http://www.middleeastoday.com"
74.7.243.195 - - [02/Mar/2026:12:48:16 -0500] "GET /?p=8389 HTTP/1.1" 301 0 "http://www.middleeastoday.com/abu-dhabis-real-estate-transactions-exceed-11-3-billion-aed-in-q1-2022/" "Mozilla/5.0 AppleWebKit/537.36 (KHTML, like Gecko; compatible; GPTBot/1.3; +https://openai.com/gptbot)"
74.7.243.195 - - [02/Mar/2026:12:49:13 -0500] "GET /maserati-is-back-at-the-i-c-e-in-st-moritz-with-its-glowing-trident/ HTTP/1.1" 200 20588 "http://www.middleeastoday.com/new-uae-ambassadors-sworn-in-before-uae-president/" "Mozilla/5.0 AppleWebKit/537.36 (KHTML, like Gecko; compatible; GPTBot/1.3; +https://openai.com/gptbot)"
162.213.253.84 - - [02/Mar/2026:12:49:42 -0500] "POST /wp-cron.php?doing_wp_cron=1772473782.8166170120239257812500 HTTP/1.1" 200 0 "-" "WordPress/6.8.1; http://www.middleeastoday.com"
74.7.243.195 - - [02/Mar/2026:12:49:42 -0500] "GET /?p=9167 HTTP/1.1" 301 0 "http://www.middleeastoday.com/bodour-al-qasimi-affirms-importance-of-cultural-diversity-representation-in-publishing-2/" "Mozilla/5.0 AppleWebKit/537.36 (KHTML, like Gecko; compatible; GPTBot/1.3; +https://openai.com/gptbot)"
162.213.253.84 - - [02/Mar/2026:12:49:43 -0500] "POST /wp-admin/admin-ajax.php?action=async_litespeed&nonce=dt4fCKbpXoDYL4KvrWeUJBqK9JFtQmBk&litespeed_type=imgoptm HTTP/1.1" 200 21 "-" "WordPress/6.8.1; http://www.middleeastoday.com"
74.7.243.195 - - [02/Mar/2026:12:50:08 -0500] "GET /ruler-of-umm-al-qaiwain-receives-ambassador-of-bahrain/ HTTP/1.1" 200 20072 "http://www.middleeastoday.com/dubai-electricity-and-water-authority-starts-trading-on-dubai-financial-market/" "Mozilla/5.0 AppleWebKit/537.36 (KHTML, like Gecko; compatible; GPTBot/1.3; +https://openai.com/gptbot)"
43.135.107.95 - - [02/Mar/2026:12:50:14 -0500] "GET /wp-content/uploads/2022/03/Dominican-Republic-850x560.jpg HTTP/1.1" 200 97930 "-" "Mozilla/5.0 (Windows NT 10.0; Win64; x64) AppleWebKit/537.36"
74.7.243.195 - - [02/Mar/2026:12:50:30 -0500] "GET /mohamed-bin-zayed-sultan-of-oman-exchange-eid-al-fitr-greetings/ HTTP/1.1" 200 20147 "http://www.middleeastoday.com/mohamed-bin-zayed-orders-disbursement-of-housing-loans-to-1347-citizens-in-abu-dhabi-worth-a-total-of-aed2-36bn/" "Mozilla/5.0 AppleWebKit/537.36 (KHTML, like Gecko; compatible; GPTBot/1.3; +https://openai.com/gptbot)"
74.7.243.195 - - [02/Mar/2026:12:51:32 -0500] "GET /the-president-of-the-state-and-mohammed-bin-rashid-discuss-the-affairs-of-the-country-and-the-citizen-during-their-meeting-at-the-al-marmoom-rest-house/ HTTP/1.1" 200 20630 "http://www.middleeastoday.com/the-president-of-the-state-receives-the-sharjah-football-team-which-won-his-highnesss-cup/" "Mozilla/5.0 AppleWebKit/537.36 (KHTML, like Gecko; compatible; GPTBot/1.3; +https://openai.com/gptbot)"
74.7.243.195 - - [02/Mar/2026:12:52:25 -0500] "GET /?p=9584 HTTP/1.1" 301 0 "http://www.middleeastoday.com/sharjah-ruler-directs-sewa-support-for-sssd-beneficiaries-starting-emiratisation-in-private-schools/" "Mozilla/5.0 AppleWebKit/537.36 (KHTML, like Gecko; compatible; GPTBot/1.3; +https://openai.com/gptbot)"
74.7.243.195 - - [02/Mar/2026:12:52:26 -0500] "GET /sharjah-ruler-directs-sewa-support-for-sssd-beneficiaries-starting-emiratisation-in-private-schools/ HTTP/1.1" 200 21602 "http://www.middleeastoday.com/?p=9584" "Mozilla/5.0 AppleWebKit/537.36 (KHTML, like Gecko; compatible; GPTBot/1.3; +https://openai.com/gptbot)"
74.7.243.195 - - [02/Mar/2026:12:52:36 -0500] "GET /aldar-partners-with-nobu-hospitality-to-bring-luxury-hotel-and-residences-to-mamsha-beach-on-saadiyat-island/ HTTP/1.1" 200 21240 "http://www.middleeastoday.com/sharjah-ruler-directs-sewa-support-for-sssd-beneficiaries-starting-emiratisation-in-private-schools/" "Mozilla/5.0 AppleWebKit/537.36 (KHTML, like Gecko; compatible; GPTBot/1.3; +https://openai.com/gptbot)"
54.39.210.197 - - [02/Mar/2026:12:52:43 -0500] "GET /mohamed-bin-zayed-croatian-prime-minister-discuss-advancing-cooperation/ HTTP/1.1" 200 20601 "-" "Mozilla/5.0 (compatible; AhrefsBot/7.0; +http://ahrefs.com/robot/)"
74.7.243.195 - - [02/Mar/2026:12:53:23 -0500] "GET /house-of-wisdom-ramadaniyat-shopping-art-interactive-workshops-for-children-and-more/ HTTP/1.1" 200 21150 "http://www.middleeastoday.com/shamsheer-vayalil-contributes-aed1-million-to-1billion-meals-initiative/" "Mozilla/5.0 AppleWebKit/537.36 (KHTML, like Gecko; compatible; GPTBot/1.3; +https://openai.com/gptbot)"
20.151.217.152 - - [02/Mar/2026:12:54:00 -0500] "GET /wp-includes/SimplePie/cah.php HTTP/1.1" 301 0 "-" "-"
20.151.217.152 - - [02/Mar/2026:12:54:00 -0500] "GET /wp-includes/SimplePie/cah.php HTTP/1.1" 404 88984 "-" "-"
20.151.217.152 - - [02/Mar/2026:12:54:00 -0500] "GET /wp-content/plugins/pwnd/acp.php HTTP/1.1" 404 88984 "-" "-"
20.151.217.152 - - [02/Mar/2026:12:54:00 -0500] "GET /acp.php HTTP/1.1" 301 0 "-" "-"
20.151.217.152 - - [02/Mar/2026:12:54:00 -0500] "GET /muzu.php HTTP/1.1" 404 88984 "-" "-"
20.151.217.152 - - [02/Mar/2026:12:54:01 -0500] "GET /trx24.php HTTP/1.1" 404 88984 "-" "-"
20.151.217.152 - - [02/Mar/2026:12:54:01 -0500] "GET /wpo.php HTTP/1.1" 404 88984 "-" "-"
20.151.217.152 - - [02/Mar/2026:12:54:01 -0500] "GET /x123x.php HTTP/1.1" 301 0 "-" "-"
20.151.217.152 - - [02/Mar/2026:12:54:01 -0500] "GET /aq.php HTTP/1.1" 404 88984 "-" "-"
20.151.217.152 - - [02/Mar/2026:12:54:01 -0500] "GET /edit-tags.php HTTP/1.1" 301 0 "-" "-"
20.151.217.152 - - [02/Mar/2026:12:54:01 -0500] "GET /edit-tags.php HTTP/1.1" 404 88984 "-" "-"
20.151.217.152 - - [02/Mar/2026:12:54:01 -0500] "GET /as1337.php HTTP/1.1" 301 0 "-" "-"
20.151.217.152 - - [02/Mar/2026:12:54:01 -0500] "GET /Okxob.php HTTP/1.1" 301 0 "-" "-"
20.151.217.152 - - [02/Mar/2026:12:54:02 -0500] "GET /wolf-shell.php HTTP/1.1" 404 88984 "-" "-"
20.151.217.152 - - [02/Mar/2026:12:54:02 -0500] "GET /core.php HTTP/1.1" 404 88984 "-" "-"
20.151.217.152 - - [02/Mar/2026:12:54:02 -0500] "GET /zeal.php HTTP/1.1" 301 0 "-" "-"
20.151.217.152 - - [02/Mar/2026:12:54:02 -0500] "GET /zeal.php HTTP/1.1" 404 88984 "-" "-"
20.151.217.152 - - [02/Mar/2026:12:54:02 -0500] "GET /asf.php HTTP/1.1" 404 88984 "-" "-"
20.151.217.152 - - [02/Mar/2026:12:54:02 -0500] "GET /sa.php HTTP/1.1" 404 88984 "-" "-"
74.7.243.195 - - [02/Mar/2026:12:52:15 -0500] "GET /uae-ambassador-presents-credentials-to-president-of-ecuador/ HTTP/1.1" 200 20265 "http://www.middleeastoday.com/mohamed-bin-zayed-orders-disbursement-of-housing-loans-to-1347-citizens-in-abu-dhabi-worth-a-total-of-aed2-36bn/" "Mozilla/5.0 AppleWebKit/537.36 (KHTML, like Gecko; compatible; GPTBot/1.3; +https://openai.com/gptbot)"
162.213.253.84 - - [02/Mar/2026:12:52:26 -0500] "POST /wp-cron.php?doing_wp_cron=1772473946.3551239967346191406250 HTTP/1.1" 200 0 "-" "WordPress/6.8.1; http://www.middleeastoday.com"
162.213.253.84 - - [02/Mar/2026:12:52:26 -0500] "POST /wp-admin/admin-ajax.php?action=async_litespeed&nonce=whAD2VbLj5gURDFLQCNNc8rOrz0lGBvW&litespeed_type=imgoptm HTTP/1.1" 200 21 "-" "WordPress/6.8.1; http://www.middleeastoday.com"
74.7.243.195 - - [02/Mar/2026:12:53:05 -0500] "GET /etihad-airways-leads-sustainable-aviation-with-week-of-intensive-flight-tests-to-reduce-carbon-emissions/ HTTP/1.1" 200 21430 "http://www.middleeastoday.com/expo-2020-dubai-crowned-past-50-years-signalled-promising-future-nahyan-bin-mubarak/" "Mozilla/5.0 AppleWebKit/537.36 (KHTML, like Gecko; compatible; GPTBot/1.3; +https://openai.com/gptbot)"
20.151.217.152 - - [02/Mar/2026:12:53:59 -0500] "GET /wp-content/plugins/hellopress/wp_filemanager.php HTTP/1.1" 301 0 "-" "-"
20.151.217.152 - - [02/Mar/2026:12:54:00 -0500] "GET /wp-content/plugins/hellopress/wp_filemanager.php HTTP/1.1" 404 88984 "-" "-"
20.151.217.152 - - [02/Mar/2026:12:54:00 -0500] "GET /cah.php HTTP/1.1" 301 0 "-" "-"
20.151.217.152 - - [02/Mar/2026:12:54:00 -0500] "GET /cah.php HTTP/1.1" 404 88984 "-" "-"
20.151.217.152 - - [02/Mar/2026:12:54:00 -0500] "GET /wp-content/plugins/pwnd/acp.php HTTP/1.1" 301 0 "-" "-"
20.151.217.152 - - [02/Mar/2026:12:54:00 -0500] "GET /acp.php HTTP/1.1" 404 88984 "-" "-"
20.151.217.152 - - [02/Mar/2026:12:54:00 -0500] "GET /muzu.php HTTP/1.1" 301 0 "-" "-"
20.151.217.152 - - [02/Mar/2026:12:54:00 -0500] "GET /trx24.php HTTP/1.1" 301 0 "-" "-"
20.151.217.152 - - [02/Mar/2026:12:54:01 -0500] "GET /wpo.php HTTP/1.1" 301 0 "-" "-"
20.151.217.152 - - [02/Mar/2026:12:54:01 -0500] "GET /x123x.php HTTP/1.1" 404 88984 "-" "-"
20.151.217.152 - - [02/Mar/2026:12:54:01 -0500] "GET /aq.php HTTP/1.1" 301 0 "-" "-"
20.151.217.152 - - [02/Mar/2026:12:54:01 -0500] "GET /011i.php HTTP/1.1" 301 0 "-" "-"
20.151.217.152 - - [02/Mar/2026:12:54:01 -0500] "GET /011i.php HTTP/1.1" 404 88984 "-" "-"
20.151.217.152 - - [02/Mar/2026:12:54:01 -0500] "GET /as1337.php HTTP/1.1" 404 88984 "-" "-"
20.151.217.152 - - [02/Mar/2026:12:54:02 -0500] "GET /Okxob.php HTTP/1.1" 404 88984 "-" "-"
20.151.217.152 - - [02/Mar/2026:12:54:02 -0500] "GET /wolf-shell.php HTTP/1.1" 301 0 "-" "-"
20.151.217.152 - - [02/Mar/2026:12:54:02 -0500] "GET /core.php HTTP/1.1" 301 0 "-" "-"
20.151.217.152 - - [02/Mar/2026:12:54:02 -0500] "GET /asf.php HTTP/1.1" 301 0 "-" "-"
20.151.217.152 - - [02/Mar/2026:12:54:02 -0500] "GET /sa.php HTTP/1.1" 301 0 "-" "-"
74.7.243.195 - - [02/Mar/2026:12:54:26 -0500] "GET /uae-takes-part-in-3rd-g20-health-working-group-in-indonesia/ HTTP/1.1" 200 20770 "http://www.middleeastoday.com/bodour-al-qasimi-affirms-importance-of-cultural-diversity-representation-in-publishing-2/" "Mozilla/5.0 AppleWebKit/537.36 (KHTML, like Gecko; compatible; GPTBot/1.3; +https://openai.com/gptbot)"
162.213.253.84 - - [02/Mar/2026:12:54:55 -0500] "POST /wp-admin/admin-ajax.php?action=async_litespeed&nonce=CpFHFd3zd5j25RyqHe8bhFOzRUI8sqaP&litespeed_type=imgoptm HTTP/1.1" 200 21 "-" "WordPress/6.8.1; http://www.middleeastoday.com"
40.77.167.49 - - [02/Mar/2026:12:55:19 -0500] "GET /wp-content/uploads/2022/12/Sharjah-Ruler-1-scaled-455x300.jpg HTTP/1.1" 200 24369 "-" "Mozilla/5.0 AppleWebKit/537.36 (KHTML, like Gecko; compatible; bingbot/2.0; +http://www.bing.com/bingbot.htm) Chrome/116.0.1938.76 Safari/537.36"
162.213.253.84 - - [02/Mar/2026:12:55:25 -0500] "POST /wp-cron.php?doing_wp_cron=1772474125.9058570861816406250000 HTTP/1.1" 200 0 "-" "WordPress/6.8.1; http://www.middleeastoday.com"
74.7.243.195 - - [02/Mar/2026:12:54:04 -0500] "GET /discovery-land-and-dubai-south-sign-agreement-to-develop-luxury-golf-community/ HTTP/1.1" 200 20667 "http://www.middleeastoday.com/new-installation-by-emirati-artist-mohamed-ibrahim-at-la-biennale-di-venezia-unveiled-in-the-uae/" "Mozilla/5.0 AppleWebKit/537.36 (KHTML, like Gecko; compatible; GPTBot/1.3; +https://openai.com/gptbot)"
162.213.253.84 - - [02/Mar/2026:12:54:54 -0500] "POST /wp-cron.php?doing_wp_cron=1772474094.7769830226898193359375 HTTP/1.1" 200 0 "-" "WordPress/6.8.1; http://www.middleeastoday.com"
50.19.79.213 - - [02/Mar/2026:12:54:53 -0500] "GET /wp-json/wp/v2/posts/8454 HTTP/1.1" 200 2910 "-" "Mozilla/5.0 AppleWebKit/537.36 (KHTML, like Gecko; compatible; Amazonbot/0.1; +https://developer.amazon.com/support/amazonbot) Chrome/119.0.6045.214 Safari/537.36"
74.7.243.195 - - [02/Mar/2026:12:55:03 -0500] "GET /abdullah-bin-zayed-meets-eu-official-on-sidelines-of-g20-meetings/ HTTP/1.1" 200 20398 "http://www.middleeastoday.com/uae-leaders-congratulate-arab-islamic-leaders-on-eid-al-adha/" "Mozilla/5.0 AppleWebKit/537.36 (KHTML, like Gecko; compatible; GPTBot/1.3; +https://openai.com/gptbot)"
74.7.243.195 - - [02/Mar/2026:12:55:19 -0500] "GET /atm-returns-to-dubai-with-1500-exhibitors-representatives-from-112-destinations-and-an-anticipated-20000-attendees/ HTTP/1.1" 200 24509 "http://www.middleeastoday.com/with-eid-al-fitr-approaching-emirates-plans-to-add-22-extra-flights/" "Mozilla/5.0 AppleWebKit/537.36 (KHTML, like Gecko; compatible; GPTBot/1.3; +https://openai.com/gptbot)"
43.135.107.95 - - [02/Mar/2026:12:55:20 -0500] "GET /wp-content/uploads/2022/04/64c2ad33-5b41-4d59-be1b-293b254ded91-768x119.jpeg HTTP/1.1" 200 18202 "-" "Mozilla/5.0 (Windows NT 10.0; Win64; x64) AppleWebKit/537.36"
43.155.125.167 - - [02/Mar/2026:12:55:51 -0500] "GET /wp-content/uploads/2022/02/UAE-Malta-scaled-1-850x560.jpeg HTTP/1.1" 200 51301 "-" "Mozilla/5.0 (Windows NT 10.0; Win64; x64) AppleWebKit/537.36"
74.7.243.195 - - [02/Mar/2026:12:55:54 -0500] "GET /?p=8328 HTTP/1.1" 301 0 "http://www.middleeastoday.com/uae-takes-part-at-iaeas-first-international-conference-on-nuclear-law/" "Mozilla/5.0 AppleWebKit/537.36 (KHTML, like Gecko; compatible; GPTBot/1.3; +https://openai.com/gptbot)"
74.7.243.195 - - [02/Mar/2026:12:57:04 -0500] "GET /ruler-of-umm-al-qaiwain-receives-ambassador-of-bahrain/ HTTP/1.1" 200 20072 "http://www.middleeastoday.com/?p=369" "Mozilla/5.0 AppleWebKit/537.36 (KHTML, like Gecko; compatible; GPTBot/1.3; +https://openai.com/gptbot)"
162.213.253.84 - - [02/Mar/2026:12:57:44 -0500] "POST /wp-cron.php?doing_wp_cron=1772474264.3538060188293457031250 HTTP/1.1" 200 0 "-" "WordPress/6.8.1; http://www.middleeastoday.com"
162.213.253.84 - - [02/Mar/2026:12:58:27 -0500] "POST /wp-cron.php?doing_wp_cron=1772474307.2602920532226562500000 HTTP/1.1" 200 0 "-" "WordPress/6.8.1; http://www.middleeastoday.com"
74.7.243.195 - - [02/Mar/2026:12:58:26 -0500] "GET /?p=8562 HTTP/1.1" 301 0 "http://www.middleeastoday.com/uae-president-vp-condole-king-salman-on-passing-of-mother-of-prince-fahd-bin-dhaar-bin-turki/" "Mozilla/5.0 AppleWebKit/537.36 (KHTML, like Gecko; compatible; GPTBot/1.3; +https://openai.com/gptbot)"
74.7.243.195 - - [02/Mar/2026:12:58:27 -0500] "GET /uae-president-vp-condole-king-salman-on-passing-of-mother-of-prince-fahd-bin-dhaar-bin-turki/ HTTP/1.1" 200 20113 "http://www.middleeastoday.com/?p=8562" "Mozilla/5.0 AppleWebKit/537.36 (KHTML, like Gecko; compatible; GPTBot/1.3; +https://openai.com/gptbot)"
74.7.243.195 - - [02/Mar/2026:12:59:12 -0500] "GET /?p=8340 HTTP/1.1" 301 0 "http://www.middleeastoday.com/uae-ambassador-presents-credentials-to-president-of-ecuador/" "Mozilla/5.0 AppleWebKit/537.36 (KHTML, like Gecko; compatible; GPTBot/1.3; +https://openai.com/gptbot)"
74.7.243.195 - - [02/Mar/2026:12:59:13 -0500] "GET /uae-ambassador-presents-credentials-to-president-of-ecuador/ HTTP/1.1" 200 20265 "http://www.middleeastoday.com/?p=8340" "Mozilla/5.0 AppleWebKit/537.36 (KHTML, like Gecko; compatible; GPTBot/1.3; +https://openai.com/gptbot)"
74.7.243.195 - - [02/Mar/2026:12:55:25 -0500] "GET /?p=9773 HTTP/1.1" 301 0 "http://www.middleeastoday.com/maserati-is-back-at-the-i-c-e-in-st-moritz-with-its-glowing-trident/" "Mozilla/5.0 AppleWebKit/537.36 (KHTML, like Gecko; compatible; GPTBot/1.3; +https://openai.com/gptbot)"
74.7.243.195 - - [02/Mar/2026:12:55:26 -0500] "GET /maserati-is-back-at-the-i-c-e-in-st-moritz-with-its-glowing-trident/ HTTP/1.1" 200 20588 "http://www.middleeastoday.com/?p=9773" "Mozilla/5.0 AppleWebKit/537.36 (KHTML, like Gecko; compatible; GPTBot/1.3; +https://openai.com/gptbot)"
162.213.253.84 - - [02/Mar/2026:12:55:26 -0500] "POST /wp-admin/admin-ajax.php?action=async_litespeed&nonce=sIKN79fo2xLw6dGfN3Ti90ocH7S19AtZ&litespeed_type=imgoptm HTTP/1.1" 200 21 "-" "WordPress/6.8.1; http://www.middleeastoday.com"
74.7.243.195 - - [02/Mar/2026:12:55:55 -0500] "GET /uae-takes-part-at-iaeas-first-international-conference-on-nuclear-law/ HTTP/1.1" 200 21470 "http://www.middleeastoday.com/?p=8328" "Mozilla/5.0 AppleWebKit/537.36 (KHTML, like Gecko; compatible; GPTBot/1.3; +https://openai.com/gptbot)"
74.7.243.195 - - [02/Mar/2026:12:56:20 -0500] "GET /hebany-holding-sponsors-the-international-spanish-artist-at-art-dubai/ HTTP/1.1" 200 21096 "http://www.middleeastoday.com/maserati-is-back-at-the-i-c-e-in-st-moritz-with-its-glowing-trident/" "Mozilla/5.0 AppleWebKit/537.36 (KHTML, like Gecko; compatible; GPTBot/1.3; +https://openai.com/gptbot)"
74.7.243.195 - - [02/Mar/2026:12:57:03 -0500] "GET /?p=369 HTTP/1.1" 301 0 "http://www.middleeastoday.com/ruler-of-umm-al-qaiwain-receives-ambassador-of-bahrain/" "Mozilla/5.0 AppleWebKit/537.36 (KHTML, like Gecko; compatible; GPTBot/1.3; +https://openai.com/gptbot)"
74.7.243.195 - - [02/Mar/2026:12:57:43 -0500] "GET /?p=8364 HTTP/1.1" 301 0 "http://www.middleeastoday.com/mohamed-bin-zayed-sultan-of-oman-exchange-eid-al-fitr-greetings/" "Mozilla/5.0 AppleWebKit/537.36 (KHTML, like Gecko; compatible; GPTBot/1.3; +https://openai.com/gptbot)"
74.7.243.195 - - [02/Mar/2026:12:57:44 -0500] "GET /mohamed-bin-zayed-sultan-of-oman-exchange-eid-al-fitr-greetings/ HTTP/1.1" 200 20147 "http://www.middleeastoday.com/?p=8364" "Mozilla/5.0 AppleWebKit/537.36 (KHTML, like Gecko; compatible; GPTBot/1.3; +https://openai.com/gptbot)"
162.213.253.84 - - [02/Mar/2026:12:57:44 -0500] "POST /wp-admin/admin-ajax.php?action=async_litespeed&nonce=fTZlKAEuiBzfcFcqXtxyl6yLqRR4BR1h&litespeed_type=imgoptm HTTP/1.1" 200 21 "-" "WordPress/6.8.1; http://www.middleeastoday.com"
123.24.226.159 - - [02/Mar/2026:12:58:21 -0500] "GET http://www.middleeastoday.com/category/lifestyle/fashion/page/2/ HTTP/1.1" 200 21768 "-" "Mozilla/5.0 (Macintosh; Intel Mac OS X 10_13_6) AppleWebKit/537.36 (KHTML, like Gecko) Brave Chrome/88.0.4324.182 Safari/537.36"
162.213.253.84 - - [02/Mar/2026:12:58:27 -0500] "POST /wp-admin/admin-ajax.php?action=async_litespeed&nonce=baZfrBQmxyueOZvmIfhxBORzfbp7K5Gv&litespeed_type=imgoptm HTTP/1.1" 200 21 "-" "WordPress/6.8.1; http://www.middleeastoday.com"
74.7.243.195 - - [02/Mar/2026:12:58:46 -0500] "GET /?p=10001 HTTP/1.1" 301 0 "http://www.middleeastoday.com/the-president-of-the-state-and-mohammed-bin-rashid-discuss-the-affairs-of-the-country-and-the-citizen-during-their-meeting-at-the-al-marmoom-rest-house/" "Mozilla/5.0 AppleWebKit/537.36 (KHTML, like Gecko; compatible; GPTBot/1.3; +https://openai.com/gptbot)"
74.7.243.195 - - [02/Mar/2026:12:58:46 -0500] "GET /the-president-of-the-state-and-mohammed-bin-rashid-discuss-the-affairs-of-the-country-and-the-citizen-during-their-meeting-at-the-al-marmoom-rest-house/ HTTP/1.1" 200 20630 "http://www.middleeastoday.com/?p=10001" "Mozilla/5.0 AppleWebKit/537.36 (KHTML, like Gecko; compatible; GPTBot/1.3; +https://openai.com/gptbot)"
162.213.253.84 - - [02/Mar/2026:13:00:15 -0500] "POST /wp-cron.php?doing_wp_cron=1772474415.1784460544586181640625 HTTP/1.1" 200 0 "-" "WordPress/6.8.1; http://www.middleeastoday.com"
74.7.243.195 - - [02/Mar/2026:12:59:38 -0500] "GET /rak-tourism-development-authority-to-launch-rak-airventure-on-saturday/ HTTP/1.1" 200 21002 "http://www.middleeastoday.com/mohamed-bin-zayed-sultan-of-oman-exchange-eid-al-fitr-greetings/" "Mozilla/5.0 AppleWebKit/537.36 (KHTML, like Gecko; compatible; GPTBot/1.3; +https://openai.com/gptbot)"
74.7.243.195 - - [02/Mar/2026:13:00:14 -0500] "GET /?p=9581 HTTP/1.1" 301 0 "http://www.middleeastoday.com/aldar-partners-with-nobu-hospitality-to-bring-luxury-hotel-and-residences-to-mamsha-beach-on-saadiyat-island/" "Mozilla/5.0 AppleWebKit/537.36 (KHTML, like Gecko; compatible; GPTBot/1.3; +https://openai.com/gptbot)"
74.7.243.195 - - [02/Mar/2026:13:00:15 -0500] "GET /aldar-partners-with-nobu-hospitality-to-bring-luxury-hotel-and-residences-to-mamsha-beach-on-saadiyat-island/ HTTP/1.1" 200 21240 "http://www.middleeastoday.com/?p=9581" "Mozilla/5.0 AppleWebKit/537.36 (KHTML, like Gecko; compatible; GPTBot/1.3; +https://openai.com/gptbot)"
162.213.253.84 - - [02/Mar/2026:13:00:51 -0500] "POST /wp-admin/admin-ajax.php?action=async_litespeed&nonce=m5DGzlf76NaU1CFR6Ro2e1kahtd97osh&litespeed_type=imgoptm HTTP/1.1" 200 21 "-" "WordPress/6.8.1; http://www.middleeastoday.com"
74.7.243.195 - - [02/Mar/2026:13:01:39 -0500] "GET /house-of-wisdom-ramadaniyat-shopping-art-interactive-workshops-for-children-and-more/ HTTP/1.1" 200 21150 "http://www.middleeastoday.com/?p=7268" "Mozilla/5.0 AppleWebKit/537.36 (KHTML, like Gecko; compatible; GPTBot/1.3; +https://openai.com/gptbot)"
74.7.243.195 - - [02/Mar/2026:13:01:55 -0500] "GET /?p=8235 HTTP/1.1" 301 0 "http://www.middleeastoday.com/discovery-land-and-dubai-south-sign-agreement-to-develop-luxury-golf-community/" "Mozilla/5.0 AppleWebKit/537.36 (KHTML, like Gecko; compatible; GPTBot/1.3; +https://openai.com/gptbot)"
74.7.243.195 - - [02/Mar/2026:13:01:56 -0500] "GET /discovery-land-and-dubai-south-sign-agreement-to-develop-luxury-golf-community/ HTTP/1.1" 200 20667 "http://www.middleeastoday.com/?p=8235" "Mozilla/5.0 AppleWebKit/537.36 (KHTML, like Gecko; compatible; GPTBot/1.3; +https://openai.com/gptbot)"
74.7.243.195 - - [02/Mar/2026:13:02:17 -0500] "GET /uae-takes-part-in-3rd-g20-health-working-group-in-indonesia/ HTTP/1.1" 200 20770 "http://www.middleeastoday.com/?p=9170" "Mozilla/5.0 AppleWebKit/537.36 (KHTML, like Gecko; compatible; GPTBot/1.3; +https://openai.com/gptbot)"
162.213.253.84 - - [02/Mar/2026:13:02:41 -0500] "POST /wp-cron.php?doing_wp_cron=1772474561.4590029716491699218750 HTTP/1.1" 200 0 "-" "WordPress/6.8.1; http://www.middleeastoday.com"
74.7.243.195 - - [02/Mar/2026:13:02:41 -0500] "GET /abdullah-bin-zayed-meets-eu-official-on-sidelines-of-g20-meetings/ HTTP/1.1" 200 20398 "http://www.middleeastoday.com/?p=8825" "Mozilla/5.0 AppleWebKit/537.36 (KHTML, like Gecko; compatible; GPTBot/1.3; +https://openai.com/gptbot)"
74.7.243.195 - - [02/Mar/2026:13:03:09 -0500] "GET /?p=8304 HTTP/1.1" 301 0 "http://www.middleeastoday.com/atm-returns-to-dubai-with-1500-exhibitors-representatives-from-112-destinations-and-an-anticipated-20000-attendees/" "Mozilla/5.0 AppleWebKit/537.36 (KHTML, like Gecko; compatible; GPTBot/1.3; +https://openai.com/gptbot)"
74.7.243.195 - - [02/Mar/2026:13:03:10 -0500] "GET /atm-returns-to-dubai-with-1500-exhibitors-representatives-from-112-destinations-and-an-anticipated-20000-attendees/ HTTP/1.1" 200 24509 "http://www.middleeastoday.com/?p=8304" "Mozilla/5.0 AppleWebKit/537.36 (KHTML, like Gecko; compatible; GPTBot/1.3; +https://openai.com/gptbot)"
14.181.196.185 - - [02/Mar/2026:13:03:44 -0500] "GET /wp-content/uploads/2022/06/Etihad-1-850x560.jpg HTTP/1.1" 200 45898 "-" "Mozilla/5.0 (Windows NT 6.1; WOW64) AppleWebKit/535.1 (KHTML, like Gecko) Chrome/14.0.811.0 Safari/535.1"
74.7.243.195 - - [02/Mar/2026:13:03:49 -0500] "GET /fujairah-ruler-receives-chief-executive-officer-of-enoc-group/ HTTP/1.1" 200 20016 "http://www.middleeastoday.com/ruler-of-umm-al-qaiwain-receives-ambassador-of-bahrain/" "Mozilla/5.0 AppleWebKit/537.36 (KHTML, like Gecko; compatible; GPTBot/1.3; +https://openai.com/gptbot)"
142.44.225.112 - - [02/Mar/2026:13:00:24 -0500] "GET /sewa-wins-gold-level-of-harvard-international-business-award/ HTTP/1.1" 200 20387 "-" "Mozilla/5.0 (compatible; AhrefsBot/7.0; +http://ahrefs.com/robot/)"
162.213.253.84 - - [02/Mar/2026:13:00:50 -0500] "POST /wp-cron.php?doing_wp_cron=1772474450.6278350353240966796875 HTTP/1.1" 200 0 "-" "WordPress/6.8.1; http://www.middleeastoday.com"
74.7.243.195 - - [02/Mar/2026:13:00:49 -0500] "GET /?p=7284 HTTP/1.1" 301 0 "http://www.middleeastoday.com/etihad-airways-leads-sustainable-aviation-with-week-of-intensive-flight-tests-to-reduce-carbon-emissions/" "Mozilla/5.0 AppleWebKit/537.36 (KHTML, like Gecko; compatible; GPTBot/1.3; +https://openai.com/gptbot)"
74.7.243.195 - - [02/Mar/2026:13:00:50 -0500] "GET /etihad-airways-leads-sustainable-aviation-with-week-of-intensive-flight-tests-to-reduce-carbon-emissions/ HTTP/1.1" 200 21430 "http://www.middleeastoday.com/?p=7284" "Mozilla/5.0 AppleWebKit/537.36 (KHTML, like Gecko; compatible; GPTBot/1.3; +https://openai.com/gptbot)"
162.213.253.84 - - [02/Mar/2026:13:01:39 -0500] "POST /wp-cron.php?doing_wp_cron=1772474499.2124640941619873046875 HTTP/1.1" 200 0 "-" "WordPress/6.8.1; http://www.middleeastoday.com"
74.7.243.195 - - [02/Mar/2026:13:01:38 -0500] "GET /?p=7268 HTTP/1.1" 301 0 "http://www.middleeastoday.com/house-of-wisdom-ramadaniyat-shopping-art-interactive-workshops-for-children-and-more/" "Mozilla/5.0 AppleWebKit/537.36 (KHTML, like Gecko; compatible; GPTBot/1.3; +https://openai.com/gptbot)"
162.213.253.84 - - [02/Mar/2026:13:01:39 -0500] "POST /wp-admin/admin-ajax.php?action=async_litespeed&nonce=uIcBJktnmZnZQVSa0oTVLAySkmslT36G&litespeed_type=imgoptm HTTP/1.1" 200 21 "-" "WordPress/6.8.1; http://www.middleeastoday.com"
74.7.243.195 - - [02/Mar/2026:13:02:17 -0500] "GET /?p=9170 HTTP/1.1" 301 0 "http://www.middleeastoday.com/uae-takes-part-in-3rd-g20-health-working-group-in-indonesia/" "Mozilla/5.0 AppleWebKit/537.36 (KHTML, like Gecko; compatible; GPTBot/1.3; +https://openai.com/gptbot)"
74.7.243.195 - - [02/Mar/2026:13:02:40 -0500] "GET /?p=8825 HTTP/1.1" 301 0 "http://www.middleeastoday.com/abdullah-bin-zayed-meets-eu-official-on-sidelines-of-g20-meetings/" "Mozilla/5.0 AppleWebKit/537.36 (KHTML, like Gecko; compatible; GPTBot/1.3; +https://openai.com/gptbot)"
162.213.253.84 - - [02/Mar/2026:13:02:42 -0500] "POST /wp-admin/admin-ajax.php?action=async_litespeed&nonce=Ax1syYArvMA7ICOyEt1qdqHKQD4BP74T&litespeed_type=imgoptm HTTP/1.1" 200 21 "-" "WordPress/6.8.1; http://www.middleeastoday.com"
162.213.253.84 - - [02/Mar/2026:13:04:23 -0500] "POST /wp-cron.php?doing_wp_cron=1772474663.8057720661163330078125 HTTP/1.1" 200 0 "-" "WordPress/6.8.1; http://www.middleeastoday.com"
74.7.243.195 - - [02/Mar/2026:13:04:23 -0500] "GET /hebany-holding-sponsors-the-international-spanish-artist-at-art-dubai/ HTTP/1.1" 200 21096 "http://www.middleeastoday.com/?p=9776" "Mozilla/5.0 AppleWebKit/537.36 (KHTML, like Gecko; compatible; GPTBot/1.3; +https://openai.com/gptbot)"
74.7.243.195 - - [02/Mar/2026:13:04:39 -0500] "GET /uae-president-chairs-adnoc-board-of-directors-meeting/ HTTP/1.1" 200 23718 "http://www.middleeastoday.com/aldar-partners-with-nobu-hospitality-to-bring-luxury-hotel-and-residences-to-mamsha-beach-on-saadiyat-island/" "Mozilla/5.0 AppleWebKit/537.36 (KHTML, like Gecko; compatible; GPTBot/1.3; +https://openai.com/gptbot)"
74.7.243.195 - - [02/Mar/2026:13:05:08 -0500] "GET /eci-terminus-group-cooperate-to-strengthen-digital-infrastructure-projects-in-uae-and-abroad/ HTTP/1.1" 200 21077 "http://www.middleeastoday.com/discovery-land-and-dubai-south-sign-agreement-to-develop-luxury-golf-community/" "Mozilla/5.0 AppleWebKit/537.36 (KHTML, like Gecko; compatible; GPTBot/1.3; +https://openai.com/gptbot)"
74.7.243.195 - - [02/Mar/2026:13:05:34 -0500] "GET /abu-dhabi-international-airport-welcomes-first-sf-express-flight/ HTTP/1.1" 200 23221 "http://www.middleeastoday.com/the-president-of-the-state-and-mohammed-bin-rashid-discuss-the-affairs-of-the-country-and-the-citizen-during-their-meeting-at-the-al-marmoom-rest-house/" "Mozilla/5.0 AppleWebKit/537.36 (KHTML, like Gecko; compatible; GPTBot/1.3; +https://openai.com/gptbot)"
43.132.141.191 - - [02/Mar/2026:13:07:05 -0500] "GET /wp-content/uploads/2022/04/middle-east-today-logo-1.jpg HTTP/1.1" 200 34912 "-" "Mozilla/5.0 (Windows NT 10.0; Win64; x64) AppleWebKit/537.36"
74.7.243.195 - - [02/Mar/2026:13:07:11 -0500] "GET /chocolate-dessert-creation-masterclass-at-mondoux-in-partnership-with-dubai-food-festival/ HTTP/1.1" 200 20484 "http://www.middleeastoday.com/rak-tourism-development-authority-to-launch-rak-airventure-on-saturday/" "Mozilla/5.0 AppleWebKit/537.36 (KHTML, like Gecko; compatible; GPTBot/1.3; +https://openai.com/gptbot)"
74.7.243.195 - - [02/Mar/2026:13:07:35 -0500] "GET /winners-for-hipas-lights-instagram-photo-contest-announced/ HTTP/1.1" 200 20115 "http://www.middleeastoday.com/uae-president-vp-condole-king-salman-on-passing-of-mother-of-prince-fahd-bin-dhaar-bin-turki/" "Mozilla/5.0 AppleWebKit/537.36 (KHTML, like Gecko; compatible; GPTBot/1.3; +https://openai.com/gptbot)"
74.7.243.195 - - [02/Mar/2026:13:04:23 -0500] "GET /?p=9776 HTTP/1.1" 301 0 "http://www.middleeastoday.com/hebany-holding-sponsors-the-international-spanish-artist-at-art-dubai/" "Mozilla/5.0 AppleWebKit/537.36 (KHTML, like Gecko; compatible; GPTBot/1.3; +https://openai.com/gptbot)"
162.213.253.84 - - [02/Mar/2026:13:04:24 -0500] "POST /wp-admin/admin-ajax.php?action=async_litespeed&nonce=rC06uEpXWGqFQxqWmE4jvzNprF4AVi35&litespeed_type=imgoptm HTTP/1.1" 200 21 "-" "WordPress/6.8.1; http://www.middleeastoday.com"
74.7.243.195 - - [02/Mar/2026:13:04:53 -0500] "GET /five-out-of-this-world-things-to-do-at-dubais-museum-of-future-this-eid-al-adha/ HTTP/1.1" 200 21263 "http://www.middleeastoday.com/abdullah-bin-zayed-meets-eu-official-on-sidelines-of-g20-meetings/" "Mozilla/5.0 AppleWebKit/537.36 (KHTML, like Gecko; compatible; GPTBot/1.3; +https://openai.com/gptbot)"
74.7.243.195 - - [02/Mar/2026:13:05:57 -0500] "GET /shurooq-all-set-for-global-launch-of-new-hospitality-projects-at-atm-2022/ HTTP/1.1" 200 20920 "http://www.middleeastoday.com/uae-takes-part-at-iaeas-first-international-conference-on-nuclear-law/" "Mozilla/5.0 AppleWebKit/537.36 (KHTML, like Gecko; compatible; GPTBot/1.3; +https://openai.com/gptbot)"
162.213.253.84 - - [02/Mar/2026:13:06:43 -0500] "POST /wp-cron.php?doing_wp_cron=1772474803.1764791011810302734375 HTTP/1.1" 200 0 "-" "WordPress/6.8.1; http://www.middleeastoday.com"
74.7.243.195 - - [02/Mar/2026:13:06:42 -0500] "GET /?p=8367 HTTP/1.1" 301 0 "http://www.middleeastoday.com/rak-tourism-development-authority-to-launch-rak-airventure-on-saturday/" "Mozilla/5.0 AppleWebKit/537.36 (KHTML, like Gecko; compatible; GPTBot/1.3; +https://openai.com/gptbot)"
74.7.243.195 - - [02/Mar/2026:13:06:43 -0500] "GET /rak-tourism-development-authority-to-launch-rak-airventure-on-saturday/ HTTP/1.1" 200 21002 "http://www.middleeastoday.com/?p=8367" "Mozilla/5.0 AppleWebKit/537.36 (KHTML, like Gecko; compatible; GPTBot/1.3; +https://openai.com/gptbot)"
