162.213.253.84 - - [02/Mar/2026:15:19:00 -0500] "POST /wp-cron.php?doing_wp_cron=1772482740.4200890064239501953125 HTTP/1.1" 200 0 "-" "WordPress/6.8.1; http://www.middleeastoday.com"
74.7.243.195 - - [02/Mar/2026:15:18:59 -0500] "GET /category/travel-tourism/airlines/page/5/ HTTP/1.1" 200 20539 "http://www.middleeastoday.com/category/travel-tourism/airlines/" "Mozilla/5.0 AppleWebKit/537.36 (KHTML, like Gecko; compatible; GPTBot/1.3; +https://openai.com/gptbot)"
74.7.243.195 - - [02/Mar/2026:15:19:19 -0500] "GET /category/travel-tourism/page/2/ HTTP/1.1" 200 21668 "http://www.middleeastoday.com/category/travel-tourism/" "Mozilla/5.0 AppleWebKit/537.36 (KHTML, like Gecko; compatible; GPTBot/1.3; +https://openai.com/gptbot)"
162.213.253.84 - - [02/Mar/2026:15:19:24 -0500] "POST /wp-cron.php?doing_wp_cron=1772482764.8445279598236083984375 HTTP/1.1" 200 0 "-" "WordPress/6.8.1; http://www.middleeastoday.com"
74.7.243.195 - - [02/Mar/2026:15:19:24 -0500] "GET /?p=9240 HTTP/1.1" 301 0 "http://www.middleeastoday.com/uae-president-congratulates-king-charles-iii-on-his-crowning/" "Mozilla/5.0 AppleWebKit/537.36 (KHTML, like Gecko; compatible; GPTBot/1.3; +https://openai.com/gptbot)"
162.213.253.84 - - [02/Mar/2026:15:19:25 -0500] "POST /wp-admin/admin-ajax.php?action=async_litespeed&nonce=eOoMrl4TQx4rOKTmjJFLLxjEcqQXTVbv&litespeed_type=imgoptm HTTP/1.1" 200 21 "-" "WordPress/6.8.1; http://www.middleeastoday.com"
162.213.253.84 - - [02/Mar/2026:15:19:50 -0500] "POST /wp-cron.php?doing_wp_cron=1772482790.3919999599456787109375 HTTP/1.1" 200 0 "-" "WordPress/6.8.1; http://www.middleeastoday.com"
74.7.243.195 - - [02/Mar/2026:15:20:06 -0500] "GET /?p=9246 HTTP/1.1" 301 0 "http://www.middleeastoday.com/national-institute-for-health-specialties-accredits-corniche-hospital/" "Mozilla/5.0 AppleWebKit/537.36 (KHTML, like Gecko; compatible; GPTBot/1.3; +https://openai.com/gptbot)"
162.213.253.84 - - [02/Mar/2026:15:20:22 -0500] "POST /wp-cron.php?doing_wp_cron=1772482822.6944999694824218750000 HTTP/1.1" 200 0 "-" "WordPress/6.8.1; http://www.middleeastoday.com"
74.7.243.195 - - [02/Mar/2026:15:20:22 -0500] "GET /author/admin/page/69/ HTTP/1.1" 200 21222 "http://www.middleeastoday.com/author/admin/page/71/" "Mozilla/5.0 AppleWebKit/537.36 (KHTML, like Gecko; compatible; GPTBot/1.3; +https://openai.com/gptbot)"
216.73.216.24 - - [02/Mar/2026:15:19:25 -0500] "GET /author/admin/page/9/ HTTP/1.1" 200 21548 "http://www.middleeastoday.com/author/admin/page/9" "Mozilla/5.0 AppleWebKit/537.36 (KHTML, like Gecko; compatible; ClaudeBot/1.0; [email protected])"
74.7.243.195 - - [02/Mar/2026:15:19:32 -0500] "GET /uae-president-visits-ahmed-bin-sultan-al-mansouri/ HTTP/1.1" 200 20300 "http://www.middleeastoday.com/uae-president-congratulates-king-charles-iii-on-his-crowning/" "Mozilla/5.0 AppleWebKit/537.36 (KHTML, like Gecko; compatible; GPTBot/1.3; +https://openai.com/gptbot)"
74.7.243.195 - - [02/Mar/2026:15:19:38 -0500] "GET /category/travel-tourism/page/3/ HTTP/1.1" 200 21388 "http://www.middleeastoday.com/category/travel-tourism/" "Mozilla/5.0 AppleWebKit/537.36 (KHTML, like Gecko; compatible; GPTBot/1.3; +https://openai.com/gptbot)"
74.7.243.195 - - [02/Mar/2026:15:19:49 -0500] "GET /category/beauty-fashion/page/3/ HTTP/1.1" 200 21301 "http://www.middleeastoday.com/category/beauty-fashion/" "Mozilla/5.0 AppleWebKit/537.36 (KHTML, like Gecko; compatible; GPTBot/1.3; +https://openai.com/gptbot)"
40.77.167.13 - - [02/Mar/2026:15:19:54 -0500] "GET /wp-content/uploads/2022/08/COVID-19-deaths-455x300.jpg HTTP/1.1" 200 38413 "-" "Mozilla/5.0 AppleWebKit/537.36 (KHTML, like Gecko; compatible; bingbot/2.0; +http://www.bing.com/bingbot.htm) Chrome/116.0.1938.76 Safari/537.36"
74.7.243.195 - - [02/Mar/2026:15:20:07 -0500] "GET /national-institute-for-health-specialties-accredits-corniche-hospital/ HTTP/1.1" 200 20669 "http://www.middleeastoday.com/?p=9246" "Mozilla/5.0 AppleWebKit/537.36 (KHTML, like Gecko; compatible; GPTBot/1.3; +https://openai.com/gptbot)"
74.7.243.195 - - [02/Mar/2026:15:20:20 -0500] "GET /author/admin/page/38/ HTTP/1.1" 200 21366 "http://www.middleeastoday.com/author/admin/page/36/" "Mozilla/5.0 AppleWebKit/537.36 (KHTML, like Gecko; compatible; GPTBot/1.3; +https://openai.com/gptbot)"
74.7.243.195 - - [02/Mar/2026:15:20:23 -0500] "GET /author/admin/page/39/ HTTP/1.1" 200 21162 "http://www.middleeastoday.com/author/admin/page/37/" "Mozilla/5.0 AppleWebKit/537.36 (KHTML, like Gecko; compatible; GPTBot/1.3; +https://openai.com/gptbot)"
74.7.243.195 - - [02/Mar/2026:15:20:41 -0500] "GET /wp-json/oembed/1.0/embed?url=http%3A%2F%2Fwww.middleeastoday.com%2Fdubai-holding-launches-tickit-for-good-to-support-women-and-children-in-ramadan%2F HTTP/1.1" 200 2697 "http://www.middleeastoday.com/dubai-holding-launches-tickit-for-good-to-support-women-and-children-in-ramadan/" "Mozilla/5.0 AppleWebKit/537.36 (KHTML, like Gecko; compatible; GPTBot/1.3; +https://openai.com/gptbot)"
74.7.243.195 - - [02/Mar/2026:15:20:52 -0500] "GET /category/health-2/page/2/ HTTP/1.1" 200 21426 "http://www.middleeastoday.com/category/health-2/" "Mozilla/5.0 AppleWebKit/537.36 (KHTML, like Gecko; compatible; GPTBot/1.3; +https://openai.com/gptbot)"
216.73.216.24 - - [02/Mar/2026:15:20:53 -0500] "GET /author/admin/page/10/ HTTP/1.1" 200 21138 "http://www.middleeastoday.com/author/admin/page/10" "Mozilla/5.0 AppleWebKit/537.36 (KHTML, like Gecko; compatible; ClaudeBot/1.0; [email protected])"
74.7.243.195 - - [02/Mar/2026:15:21:12 -0500] "GET /category/travel-tourism/airlines/page/4/ HTTP/1.1" 200 21115 "http://www.middleeastoday.com/category/travel-tourism/airlines/page/3/" "Mozilla/5.0 AppleWebKit/537.36 (KHTML, like Gecko; compatible; GPTBot/1.3; +https://openai.com/gptbot)"
74.7.243.195 - - [02/Mar/2026:15:21:35 -0500] "GET /category/health-2/page/3/ HTTP/1.1" 200 21294 "http://www.middleeastoday.com/category/health-2/" "Mozilla/5.0 AppleWebKit/537.36 (KHTML, like Gecko; compatible; GPTBot/1.3; +https://openai.com/gptbot)"
74.7.243.195 - - [02/Mar/2026:15:21:38 -0500] "GET /category/beauty-fashion/page/6/ HTTP/1.1" 200 21408 "http://www.middleeastoday.com/category/beauty-fashion/page/7/" "Mozilla/5.0 AppleWebKit/537.36 (KHTML, like Gecko; compatible; GPTBot/1.3; +https://openai.com/gptbot)"
162.213.253.84 - - [02/Mar/2026:15:20:23 -0500] "POST /wp-admin/admin-ajax.php?action=async_litespeed&nonce=3Wb92CSprEw4IlViawFqIpubxspSsSqW&litespeed_type=imgoptm HTTP/1.1" 200 21 "-" "WordPress/6.8.1; http://www.middleeastoday.com"
162.213.253.84 - - [02/Mar/2026:15:20:24 -0500] "POST /wp-cron.php?doing_wp_cron=1772482824.5785300731658935546875 HTTP/1.1" 200 0 "-" "WordPress/6.8.1; http://www.middleeastoday.com"
74.7.243.195 - - [02/Mar/2026:15:20:24 -0500] "GET /author/admin/page/68/ HTTP/1.1" 200 21246 "http://www.middleeastoday.com/author/admin/page/70/" "Mozilla/5.0 AppleWebKit/537.36 (KHTML, like Gecko; compatible; GPTBot/1.3; +https://openai.com/gptbot)"
74.7.243.195 - - [02/Mar/2026:15:20:32 -0500] "GET /category/lifestyle/sports/feed/ HTTP/1.1" 200 4857 "http://www.middleeastoday.com/category/lifestyle/sports/" "Mozilla/5.0 AppleWebKit/537.36 (KHTML, like Gecko; compatible; GPTBot/1.3; +https://openai.com/gptbot)"
74.7.243.195 - - [02/Mar/2026:15:20:39 -0500] "GET /wp-json/oembed/1.0/embed?url=http%3A%2F%2Fwww.middleeastoday.com%2Fvisit-abu-dhabi-roadshow-in-tel-aviv-israel-concludes%2F HTTP/1.1" 200 2581 "http://www.middleeastoday.com/visit-abu-dhabi-roadshow-in-tel-aviv-israel-concludes/" "Mozilla/5.0 AppleWebKit/537.36 (KHTML, like Gecko; compatible; GPTBot/1.3; +https://openai.com/gptbot)"
74.7.243.195 - - [02/Mar/2026:15:20:47 -0500] "GET /wp-json/oembed/1.0/embed?url=http%3A%2F%2Fwww.middleeastoday.com%2Fgcc-secretary-general-reaffirms-gulf-states-support-for-stability-in-lebanon%2F HTTP/1.1" 200 2666 "http://www.middleeastoday.com/gcc-secretary-general-reaffirms-gulf-states-support-for-stability-in-lebanon/" "Mozilla/5.0 AppleWebKit/537.36 (KHTML, like Gecko; compatible; GPTBot/1.3; +https://openai.com/gptbot)"
216.73.216.24 - - [02/Mar/2026:15:20:53 -0500] "GET /author/admin/page/10 HTTP/1.1" 301 0 "-" "Mozilla/5.0 AppleWebKit/537.36 (KHTML, like Gecko; compatible; ClaudeBot/1.0; [email protected])"
74.7.243.195 - - [02/Mar/2026:15:21:39 -0500] "GET /category/beauty-fashion/page/5/ HTTP/1.1" 200 21577 "http://www.middleeastoday.com/category/beauty-fashion/page/7/" "Mozilla/5.0 AppleWebKit/537.36 (KHTML, like Gecko; compatible; GPTBot/1.3; +https://openai.com/gptbot)"
162.213.253.84 - - [02/Mar/2026:15:21:39 -0500] "POST /wp-admin/admin-ajax.php?action=async_litespeed&nonce=8MqsX4XxDhm1cHONjHIAT3DJy0388buh&litespeed_type=imgoptm HTTP/1.1" 200 21 "-" "WordPress/6.8.1; http://www.middleeastoday.com"
74.7.243.195 - - [02/Mar/2026:15:21:39 -0500] "GET /category/travel-tourism/page/4/ HTTP/1.1" 200 21712 "http://www.middleeastoday.com/category/travel-tourism/page/2/" "Mozilla/5.0 AppleWebKit/537.36 (KHTML, like Gecko; compatible; GPTBot/1.3; +https://openai.com/gptbot)"
74.7.243.195 - - [02/Mar/2026:15:21:43 -0500] "GET /category/travel-tourism/page/7/ HTTP/1.1" 200 21564 "http://www.middleeastoday.com/category/travel-tourism/page/9/" "Mozilla/5.0 AppleWebKit/537.36 (KHTML, like Gecko; compatible; GPTBot/1.3; +https://openai.com/gptbot)"
162.213.253.84 - - [02/Mar/2026:15:21:46 -0500] "POST /wp-cron.php?doing_wp_cron=1772482906.4727060794830322265625 HTTP/1.1" 200 0 "-" "WordPress/6.8.1; http://www.middleeastoday.com"
74.7.243.195 - - [02/Mar/2026:15:21:49 -0500] "GET /category/travel-tourism/page/5/ HTTP/1.1" 200 21568 "http://www.middleeastoday.com/category/travel-tourism/page/3/" "Mozilla/5.0 AppleWebKit/537.36 (KHTML, like Gecko; compatible; GPTBot/1.3; +https://openai.com/gptbot)"
74.7.243.195 - - [02/Mar/2026:15:21:51 -0500] "GET /category/beauty-fashion/page/4/ HTTP/1.1" 200 21365 "http://www.middleeastoday.com/category/beauty-fashion/page/2/" "Mozilla/5.0 AppleWebKit/537.36 (KHTML, like Gecko; compatible; GPTBot/1.3; +https://openai.com/gptbot)"
74.7.243.195 - - [02/Mar/2026:15:21:58 -0500] "GET /category/health-2/page/5/ HTTP/1.1" 200 21561 "http://www.middleeastoday.com/category/health-2/" "Mozilla/5.0 AppleWebKit/537.36 (KHTML, like Gecko; compatible; GPTBot/1.3; +https://openai.com/gptbot)"
162.213.253.84 - - [02/Mar/2026:15:21:38 -0500] "POST /wp-cron.php?doing_wp_cron=1772482898.5978488922119140625000 HTTP/1.1" 200 0 "-" "WordPress/6.8.1; http://www.middleeastoday.com"
216.73.216.24 - - [02/Mar/2026:15:21:37 -0500] "GET /?p=10929 HTTP/1.1" 301 0 "-" "Mozilla/5.0 AppleWebKit/537.36 (KHTML, like Gecko; compatible; ClaudeBot/1.0; [email protected])"
216.73.216.24 - - [02/Mar/2026:15:21:38 -0500] "GET /next50-discusses-uae-companies-access-to-investment-opportunities-in-new-economy-sectors/ HTTP/1.1" 200 21593 "http://www.middleeastoday.com/?p=10929" "Mozilla/5.0 AppleWebKit/537.36 (KHTML, like Gecko; compatible; ClaudeBot/1.0; [email protected])"
74.7.243.195 - - [02/Mar/2026:15:21:39 -0500] "GET /category/travel-tourism/page/8/ HTTP/1.1" 200 21551 "http://www.middleeastoday.com/category/travel-tourism/page/9/" "Mozilla/5.0 AppleWebKit/537.36 (KHTML, like Gecko; compatible; GPTBot/1.3; +https://openai.com/gptbot)"
216.73.216.24 - - [02/Mar/2026:15:21:45 -0500] "GET /?p=10924 HTTP/1.1" 301 0 "-" "Mozilla/5.0 AppleWebKit/537.36 (KHTML, like Gecko; compatible; ClaudeBot/1.0; [email protected])"
216.73.216.24 - - [02/Mar/2026:15:21:46 -0500] "GET /tahnoon-bin-zayed-meets-donald-trump-discusses-strategic-partnership-prospects/ HTTP/1.1" 200 21153 "http://www.middleeastoday.com/?p=10924" "Mozilla/5.0 AppleWebKit/537.36 (KHTML, like Gecko; compatible; ClaudeBot/1.0; [email protected])"
74.7.243.195 - - [02/Mar/2026:15:21:46 -0500] "GET /?p=9243 HTTP/1.1" 301 0 "http://www.middleeastoday.com/uae-president-visits-ahmed-bin-sultan-al-mansouri/" "Mozilla/5.0 AppleWebKit/537.36 (KHTML, like Gecko; compatible; GPTBot/1.3; +https://openai.com/gptbot)"
74.7.243.195 - - [02/Mar/2026:15:21:46 -0500] "GET /uae-president-visits-ahmed-bin-sultan-al-mansouri/ HTTP/1.1" 200 20300 "http://www.middleeastoday.com/?p=9243" "Mozilla/5.0 AppleWebKit/537.36 (KHTML, like Gecko; compatible; GPTBot/1.3; +https://openai.com/gptbot)"
162.213.253.84 - - [02/Mar/2026:15:22:22 -0500] "POST /wp-cron.php?doing_wp_cron=1772482942.8442299365997314453125 HTTP/1.1" 200 0 "-" "WordPress/6.8.1; http://www.middleeastoday.com"
74.7.243.195 - - [02/Mar/2026:15:22:42 -0500] "GET /category/lifestyle/travel/feed/ HTTP/1.1" 200 450 "http://www.middleeastoday.com/category/lifestyle/travel/" "Mozilla/5.0 AppleWebKit/537.36 (KHTML, like Gecko; compatible; GPTBot/1.3; +https://openai.com/gptbot)"
185.191.171.1 - - [02/Mar/2026:15:22:47 -0500] "GET /nyuads-arts-centre-to-host-exciting-line-up-of-events-in-october/ HTTP/1.1" 200 23975 "-" "Mozilla/5.0 (compatible; SemrushBot/7~bl; +http://www.semrush.com/bot.html)"
74.7.243.195 - - [02/Mar/2026:15:22:56 -0500] "GET /category/lifestyle/health/feed/ HTTP/1.1" 200 7103 "http://www.middleeastoday.com/category/lifestyle/health/" "Mozilla/5.0 AppleWebKit/537.36 (KHTML, like Gecko; compatible; GPTBot/1.3; +https://openai.com/gptbot)"
74.7.243.195 - - [02/Mar/2026:15:23:06 -0500] "GET /category/lifestyle/fashion/page/2/ HTTP/1.1" 200 19139 "http://www.middleeastoday.com/category/lifestyle/fashion/" "Mozilla/5.0 AppleWebKit/537.36 (KHTML, like Gecko; compatible; GPTBot/1.3; +https://openai.com/gptbot)"
162.213.253.84 - - [02/Mar/2026:15:23:10 -0500] "POST /wp-cron.php?doing_wp_cron=1772482990.1030371189117431640625 HTTP/1.1" 200 0 "-" "WordPress/6.8.1; http://www.middleeastoday.com"
74.7.243.195 - - [02/Mar/2026:15:23:09 -0500] "GET /category/home_side/page/3/ HTTP/1.1" 200 21351 "http://www.middleeastoday.com/category/home_side/" "Mozilla/5.0 AppleWebKit/537.36 (KHTML, like Gecko; compatible; GPTBot/1.3; +https://openai.com/gptbot)"
74.7.243.195 - - [02/Mar/2026:15:23:11 -0500] "GET /category/home_side/page/2/ HTTP/1.1" 200 21539 "http://www.middleeastoday.com/category/home_side/" "Mozilla/5.0 AppleWebKit/537.36 (KHTML, like Gecko; compatible; GPTBot/1.3; +https://openai.com/gptbot)"
74.7.243.195 - - [02/Mar/2026:15:22:00 -0500] "GET /author/admin/page/40/ HTTP/1.1" 200 21208 "http://www.middleeastoday.com/author/admin/page/38/" "Mozilla/5.0 AppleWebKit/537.36 (KHTML, like Gecko; compatible; GPTBot/1.3; +https://openai.com/gptbot)"
74.7.243.195 - - [02/Mar/2026:15:22:06 -0500] "GET /author/admin/page/41/ HTTP/1.1" 200 20883 "http://www.middleeastoday.com/author/admin/page/39/" "Mozilla/5.0 AppleWebKit/537.36 (KHTML, like Gecko; compatible; GPTBot/1.3; +https://openai.com/gptbot)"
74.7.243.195 - - [02/Mar/2026:15:22:11 -0500] "GET /author/admin/page/67/ HTTP/1.1" 200 21187 "http://www.middleeastoday.com/author/admin/page/69/" "Mozilla/5.0 AppleWebKit/537.36 (KHTML, like Gecko; compatible; GPTBot/1.3; +https://openai.com/gptbot)"
216.73.216.24 - - [02/Mar/2026:15:22:22 -0500] "GET /author/admin/page/11 HTTP/1.1" 301 0 "-" "Mozilla/5.0 AppleWebKit/537.36 (KHTML, like Gecko; compatible; ClaudeBot/1.0; [email protected])"
216.73.216.24 - - [02/Mar/2026:15:22:23 -0500] "GET /author/admin/page/11/ HTTP/1.1" 200 21129 "http://www.middleeastoday.com/author/admin/page/11" "Mozilla/5.0 AppleWebKit/537.36 (KHTML, like Gecko; compatible; ClaudeBot/1.0; [email protected])"
74.7.243.195 - - [02/Mar/2026:15:22:23 -0500] "GET /author/admin/page/66/ HTTP/1.1" 200 21355 "http://www.middleeastoday.com/author/admin/page/68/" "Mozilla/5.0 AppleWebKit/537.36 (KHTML, like Gecko; compatible; GPTBot/1.3; +https://openai.com/gptbot)"
162.213.253.84 - - [02/Mar/2026:15:22:23 -0500] "POST /wp-admin/admin-ajax.php?action=async_litespeed&nonce=WqZdeiKYcPwxjaRrRCgulSn7qNVk2TiG&litespeed_type=imgoptm HTTP/1.1" 200 21 "-" "WordPress/6.8.1; http://www.middleeastoday.com"
74.7.243.195 - - [02/Mar/2026:15:22:57 -0500] "GET /category/entertainment/ HTTP/1.1" 200 18922 "http://www.middleeastoday.com/difc-announces-future-sustainability-forum-in-dubai/" "Mozilla/5.0 AppleWebKit/537.36 (KHTML, like Gecko; compatible; GPTBot/1.3; +https://openai.com/gptbot)"
74.7.243.195 - - [02/Mar/2026:15:23:01 -0500] "GET /category/travel-tourism/destinations/feed/ HTTP/1.1" 200 14848 "http://www.middleeastoday.com/category/travel-tourism/destinations/" "Mozilla/5.0 AppleWebKit/537.36 (KHTML, like Gecko; compatible; GPTBot/1.3; +https://openai.com/gptbot)"
74.7.243.195 - - [02/Mar/2026:15:23:08 -0500] "GET /category/products/feed/ HTTP/1.1" 200 13107 "http://www.middleeastoday.com/category/products/" "Mozilla/5.0 AppleWebKit/537.36 (KHTML, like Gecko; compatible; GPTBot/1.3; +https://openai.com/gptbot)"
74.7.243.195 - - [02/Mar/2026:15:23:08 -0500] "GET /category/health-2/page/4/ HTTP/1.1" 200 21438 "http://www.middleeastoday.com/category/health-2/page/2/" "Mozilla/5.0 AppleWebKit/537.36 (KHTML, like Gecko; compatible; GPTBot/1.3; +https://openai.com/gptbot)"
74.7.243.195 - - [02/Mar/2026:15:23:12 -0500] "GET /category/exhibitions/page/5/ HTTP/1.1" 200 19114 "http://www.middleeastoday.com/category/exhibitions/" "Mozilla/5.0 AppleWebKit/537.36 (KHTML, like Gecko; compatible; GPTBot/1.3; +https://openai.com/gptbot)"
74.7.243.195 - - [02/Mar/2026:15:23:13 -0500] "GET /category/travel-tourism/page/6/ HTTP/1.1" 200 21516 "http://www.middleeastoday.com/category/travel-tourism/page/8/" "Mozilla/5.0 AppleWebKit/537.36 (KHTML, like Gecko; compatible; GPTBot/1.3; +https://openai.com/gptbot)"
74.7.243.195 - - [02/Mar/2026:15:23:18 -0500] "GET /wp-json/oembed/1.0/embed?url=http%3A%2F%2Fwww.middleeastoday.com%2Fshurooq-all-set-for-global-launch-of-new-hospitality-projects-at-atm-2022%2F HTTP/1.1" 200 2623 "http://www.middleeastoday.com/shurooq-all-set-for-global-launch-of-new-hospitality-projects-at-atm-2022/" "Mozilla/5.0 AppleWebKit/537.36 (KHTML, like Gecko; compatible; GPTBot/1.3; +https://openai.com/gptbot)"
162.213.253.84 - - [02/Mar/2026:15:23:30 -0500] "POST /wp-cron.php?doing_wp_cron=1772483010.7613730430603027343750 HTTP/1.1" 200 0 "-" "WordPress/6.8.1; http://www.middleeastoday.com"
74.7.243.195 - - [02/Mar/2026:15:23:40 -0500] "GET /category/business/page/2/ HTTP/1.1" 200 21557 "http://www.middleeastoday.com/category/business/" "Mozilla/5.0 AppleWebKit/537.36 (KHTML, like Gecko; compatible; GPTBot/1.3; +https://openai.com/gptbot)"
74.7.243.195 - - [02/Mar/2026:15:23:11 -0500] "GET /category/exhibitions/page/3/ HTTP/1.1" 200 21380 "http://www.middleeastoday.com/category/exhibitions/" "Mozilla/5.0 AppleWebKit/537.36 (KHTML, like Gecko; compatible; GPTBot/1.3; +https://openai.com/gptbot)"
74.7.243.195 - - [02/Mar/2026:15:23:14 -0500] "GET /category/exhibitions/page/2/ HTTP/1.1" 200 21374 "http://www.middleeastoday.com/category/exhibitions/" "Mozilla/5.0 AppleWebKit/537.36 (KHTML, like Gecko; compatible; GPTBot/1.3; +https://openai.com/gptbot)"
74.7.243.195 - - [02/Mar/2026:15:23:30 -0500] "GET /category/business/page/3/ HTTP/1.1" 200 21512 "http://www.middleeastoday.com/category/business/" "Mozilla/5.0 AppleWebKit/537.36 (KHTML, like Gecko; compatible; GPTBot/1.3; +https://openai.com/gptbot)"
162.213.253.84 - - [02/Mar/2026:15:23:31 -0500] "POST /wp-admin/admin-ajax.php?action=async_litespeed&nonce=Zoxzk71SnKpb9Q1BPfSsg5anAMSwWGuo&litespeed_type=imgoptm HTTP/1.1" 200 21 "-" "WordPress/6.8.1; http://www.middleeastoday.com"
162.213.253.84 - - [02/Mar/2026:15:24:13 -0500] "POST /wp-cron.php?doing_wp_cron=1772483053.2003149986267089843750 HTTP/1.1" 200 0 "-" "WordPress/6.8.1; http://www.middleeastoday.com"
74.7.243.195 - - [02/Mar/2026:15:24:12 -0500] "GET /author/admin/page/43/ HTTP/1.1" 200 20963 "http://www.middleeastoday.com/author/admin/page/41/" "Mozilla/5.0 AppleWebKit/537.36 (KHTML, like Gecko; compatible; GPTBot/1.3; +https://openai.com/gptbot)"
74.7.243.195 - - [02/Mar/2026:15:24:17 -0500] "GET /author/admin/page/65/ HTTP/1.1" 200 21201 "http://www.middleeastoday.com/author/admin/page/67/" "Mozilla/5.0 AppleWebKit/537.36 (KHTML, like Gecko; compatible; GPTBot/1.3; +https://openai.com/gptbot)"
74.7.243.195 - - [02/Mar/2026:15:24:21 -0500] "GET /wp-json/oembed/1.0/embed?url=http%3A%2F%2Fwww.middleeastoday.com%2Fworlds-first-hydrogen-powered-flying-boat-the-jet-set-to-launch-in-dubai%2F HTTP/1.1" 200 2681 "http://www.middleeastoday.com/worlds-first-hydrogen-powered-flying-boat-the-jet-set-to-launch-in-dubai/" "Mozilla/5.0 AppleWebKit/537.36 (KHTML, like Gecko; compatible; GPTBot/1.3; +https://openai.com/gptbot)"
74.7.243.195 - - [02/Mar/2026:15:24:22 -0500] "GET /author/admin/page/64/ HTTP/1.1" 200 21056 "http://www.middleeastoday.com/author/admin/page/66/" "Mozilla/5.0 AppleWebKit/537.36 (KHTML, like Gecko; compatible; GPTBot/1.3; +https://openai.com/gptbot)"
74.7.243.195 - - [02/Mar/2026:15:24:25 -0500] "GET /category/lifestyle/fashion/feed/ HTTP/1.1" 200 13217 "http://www.middleeastoday.com/category/lifestyle/fashion/" "Mozilla/5.0 AppleWebKit/537.36 (KHTML, like Gecko; compatible; GPTBot/1.3; +https://openai.com/gptbot)"
74.7.243.195 - - [02/Mar/2026:15:24:26 -0500] "GET /category/articles/ HTTP/1.1" 200 19220 "http://www.middleeastoday.com/difc-announces-future-sustainability-forum-in-dubai/" "Mozilla/5.0 AppleWebKit/537.36 (KHTML, like Gecko; compatible; GPTBot/1.3; +https://openai.com/gptbot)"
74.7.243.195 - - [02/Mar/2026:15:24:31 -0500] "GET /wp-json/oembed/1.0/embed?url=http%3A%2F%2Fwww.middleeastoday.com%2Fsupreme-committee-to-oversee-the-development-of-hatta-implements-series-of-projects%2F HTTP/1.1" 200 2661 "http://www.middleeastoday.com/supreme-committee-to-oversee-the-development-of-hatta-implements-series-of-projects/" "Mozilla/5.0 AppleWebKit/537.36 (KHTML, like Gecko; compatible; GPTBot/1.3; +https://openai.com/gptbot)"
74.7.243.195 - - [02/Mar/2026:15:24:36 -0500] "GET /wp-json/oembed/1.0/embed?url=http%3A%2F%2Fwww.middleeastoday.com%2Finaugural-i2u2-business-forum-organised-to-accelerate-joint-investment-in-key-sectors%2F HTTP/1.1" 200 2688 "http://www.middleeastoday.com/inaugural-i2u2-business-forum-organised-to-accelerate-joint-investment-in-key-sectors/" "Mozilla/5.0 AppleWebKit/537.36 (KHTML, like Gecko; compatible; GPTBot/1.3; +https://openai.com/gptbot)"
74.7.243.195 - - [02/Mar/2026:15:24:39 -0500] "GET /category/home_side/page/5/ HTTP/1.1" 200 21491 "http://www.middleeastoday.com/category/home_side/page/3/" "Mozilla/5.0 AppleWebKit/537.36 (KHTML, like Gecko; compatible; GPTBot/1.3; +https://openai.com/gptbot)"
74.7.243.195 - - [02/Mar/2026:15:24:58 -0500] "GET /category/home_side/page/4/ HTTP/1.1" 200 21531 "http://www.middleeastoday.com/category/home_side/page/3/" "Mozilla/5.0 AppleWebKit/537.36 (KHTML, like Gecko; compatible; GPTBot/1.3; +https://openai.com/gptbot)"
74.7.243.195 - - [02/Mar/2026:15:25:09 -0500] "GET /category/food/feed/ HTTP/1.1" 200 2970 "http://www.middleeastoday.com/category/food/" "Mozilla/5.0 AppleWebKit/537.36 (KHTML, like Gecko; compatible; GPTBot/1.3; +https://openai.com/gptbot)"
74.7.243.195 - - [02/Mar/2026:15:25:10 -0500] "GET /category/jobs/feed/ HTTP/1.1" 200 441 "http://www.middleeastoday.com/category/jobs/" "Mozilla/5.0 AppleWebKit/537.36 (KHTML, like Gecko; compatible; GPTBot/1.3; +https://openai.com/gptbot)"
74.7.243.195 - - [02/Mar/2026:15:25:13 -0500] "GET /category/real-estate/page/5/ HTTP/1.1" 200 20900 "http://www.middleeastoday.com/category/real-estate/page/6/" "Mozilla/5.0 AppleWebKit/537.36 (KHTML, like Gecko; compatible; GPTBot/1.3; +https://openai.com/gptbot)"
74.7.243.195 - - [02/Mar/2026:15:24:09 -0500] "GET /category/real-estate/page/6/ HTTP/1.1" 200 20031 "http://www.middleeastoday.com/category/real-estate/" "Mozilla/5.0 AppleWebKit/537.36 (KHTML, like Gecko; compatible; GPTBot/1.3; +https://openai.com/gptbot)"
74.7.243.195 - - [02/Mar/2026:15:24:12 -0500] "GET /category/real-estate/page/2/ HTTP/1.1" 200 20920 "http://www.middleeastoday.com/category/real-estate/" "Mozilla/5.0 AppleWebKit/537.36 (KHTML, like Gecko; compatible; GPTBot/1.3; +https://openai.com/gptbot)"
74.7.243.195 - - [02/Mar/2026:15:24:16 -0500] "GET /author/admin/page/42/ HTTP/1.1" 200 21117 "http://www.middleeastoday.com/author/admin/page/40/" "Mozilla/5.0 AppleWebKit/537.36 (KHTML, like Gecko; compatible; GPTBot/1.3; +https://openai.com/gptbot)"
74.7.243.195 - - [02/Mar/2026:15:24:20 -0500] "GET /category/real-estate/page/3/ HTTP/1.1" 200 20947 "http://www.middleeastoday.com/category/real-estate/" "Mozilla/5.0 AppleWebKit/537.36 (KHTML, like Gecko; compatible; GPTBot/1.3; +https://openai.com/gptbot)"
162.213.253.84 - - [02/Mar/2026:15:24:22 -0500] "POST /wp-cron.php?doing_wp_cron=1772483062.2533669471740722656250 HTTP/1.1" 200 0 "-" "WordPress/6.8.1; http://www.middleeastoday.com"
162.213.253.84 - - [02/Mar/2026:15:24:22 -0500] "POST /wp-admin/admin-ajax.php?action=async_litespeed&nonce=i1vwONeNXzerEh5ec8I8VFsElLfQt3Nx&litespeed_type=imgoptm HTTP/1.1" 200 21 "-" "WordPress/6.8.1; http://www.middleeastoday.com"
162.213.253.84 - - [02/Mar/2026:15:24:25 -0500] "POST /wp-cron.php?doing_wp_cron=1772483065.4657530784606933593750 HTTP/1.1" 200 0 "-" "WordPress/6.8.1; http://www.middleeastoday.com"
74.7.243.195 - - [02/Mar/2026:15:24:24 -0500] "GET /wp-json/oembed/1.0/embed?url=http%3A%2F%2Fwww.middleeastoday.com%2Faldar-generates-more-than-aed3-5-billion-in-sales-at-fahid-island-during-launch-week%2F HTTP/1.1" 200 2672 "http://www.middleeastoday.com/aldar-generates-more-than-aed3-5-billion-in-sales-at-fahid-island-during-launch-week/" "Mozilla/5.0 AppleWebKit/537.36 (KHTML, like Gecko; compatible; GPTBot/1.3; +https://openai.com/gptbot)"
182.42.105.144 - - [02/Mar/2026:15:24:59 -0500] "GET / HTTP/1.1" 200 38598 "-" "Mozilla/5.0 (iPhone; CPU iPhone OS 13_2_3 like Mac OS X) AppleWebKit/605.1.15 (KHTML, like Gecko) Version/13.0.3 Mobile/15E148 Safari/604.1"
74.7.243.195 - - [02/Mar/2026:15:25:09 -0500] "GET /category/exhibitions/page/4/ HTTP/1.1" 200 21470 "http://www.middleeastoday.com/category/exhibitions/page/3/" "Mozilla/5.0 AppleWebKit/537.36 (KHTML, like Gecko; compatible; GPTBot/1.3; +https://openai.com/gptbot)"
74.7.243.195 - - [02/Mar/2026:15:25:11 -0500] "GET /category/yoga/feed/ HTTP/1.1" 200 444 "http://www.middleeastoday.com/category/yoga/" "Mozilla/5.0 AppleWebKit/537.36 (KHTML, like Gecko; compatible; GPTBot/1.3; +https://openai.com/gptbot)"
74.7.243.195 - - [02/Mar/2026:15:25:11 -0500] "GET /category/business/page/5/ HTTP/1.1" 200 21606 "http://www.middleeastoday.com/category/business/page/3/" "Mozilla/5.0 AppleWebKit/537.36 (KHTML, like Gecko; compatible; GPTBot/1.3; +https://openai.com/gptbot)"
74.7.243.195 - - [02/Mar/2026:15:25:12 -0500] "GET /category/business/page/4/ HTTP/1.1" 200 21444 "http://www.middleeastoday.com/category/business/page/3/" "Mozilla/5.0 AppleWebKit/537.36 (KHTML, like Gecko; compatible; GPTBot/1.3; +https://openai.com/gptbot)"
74.7.243.195 - - [02/Mar/2026:15:25:12 -0500] "GET /category/art/feed/ HTTP/1.1" 200 15037 "http://www.middleeastoday.com/category/art/" "Mozilla/5.0 AppleWebKit/537.36 (KHTML, like Gecko; compatible; GPTBot/1.3; +https://openai.com/gptbot)"
74.7.243.195 - - [02/Mar/2026:15:25:13 -0500] "GET /category/education/page/3/ HTTP/1.1" 200 20810 "http://www.middleeastoday.com/category/education/" "Mozilla/5.0 AppleWebKit/537.36 (KHTML, like Gecko; compatible; GPTBot/1.3; +https://openai.com/gptbot)"
74.7.243.195 - - [02/Mar/2026:15:25:20 -0500] "GET /author/admin/page/44/ HTTP/1.1" 200 21161 "http://www.middleeastoday.com/author/admin/page/43/" "Mozilla/5.0 AppleWebKit/537.36 (KHTML, like Gecko; compatible; GPTBot/1.3; +https://openai.com/gptbot)"
37.59.204.141 - - [02/Mar/2026:15:25:22 -0500] "GET /robots.txt HTTP/1.1" 200 100 "-" "Mozilla/5.0 (compatible; AhrefsBot/7.0; +http://ahrefs.com/robot/)"
74.7.243.195 - - [02/Mar/2026:15:25:23 -0500] "GET /author/admin/page/63/ HTTP/1.1" 200 21073 "http://www.middleeastoday.com/author/admin/page/65/" "Mozilla/5.0 AppleWebKit/537.36 (KHTML, like Gecko; compatible; GPTBot/1.3; +https://openai.com/gptbot)"
162.213.253.84 - - [02/Mar/2026:15:25:24 -0500] "POST /wp-admin/admin-ajax.php?action=async_litespeed&nonce=PTngeCvBd2HE3529wKNtO4NsFHavwpeK&litespeed_type=imgoptm HTTP/1.1" 200 21 "-" "WordPress/6.8.1; http://www.middleeastoday.com"
54.39.210.196 - - [02/Mar/2026:15:25:25 -0500] "GET /uae-leaders-congratulate-italian-president-on-republic-day/ HTTP/1.1" 200 19880 "-" "Mozilla/5.0 (compatible; AhrefsBot/7.0; +http://ahrefs.com/robot/)"
74.7.243.195 - - [02/Mar/2026:15:25:27 -0500] "GET /category/lifestyle/page/3/ HTTP/1.1" 200 20854 "http://www.middleeastoday.com/category/lifestyle/" "Mozilla/5.0 AppleWebKit/537.36 (KHTML, like Gecko; compatible; GPTBot/1.3; +https://openai.com/gptbot)"
74.7.243.195 - - [02/Mar/2026:15:25:30 -0500] "GET /author/admin/page/62/ HTTP/1.1" 200 21172 "http://www.middleeastoday.com/author/admin/page/64/" "Mozilla/5.0 AppleWebKit/537.36 (KHTML, like Gecko; compatible; GPTBot/1.3; +https://openai.com/gptbot)"
74.7.243.195 - - [02/Mar/2026:15:25:39 -0500] "GET /category/business/page/11/ HTTP/1.1" 200 20269 "http://www.middleeastoday.com/category/business/" "Mozilla/5.0 AppleWebKit/537.36 (KHTML, like Gecko; compatible; GPTBot/1.3; +https://openai.com/gptbot)"
162.213.253.84 - - [02/Mar/2026:15:25:57 -0500] "POST /wp-cron.php?doing_wp_cron=1772483157.6842830181121826171875 HTTP/1.1" 200 0 "-" "WordPress/6.8.1; http://www.middleeastoday.com"
74.7.243.195 - - [02/Mar/2026:15:25:58 -0500] "GET /category/uncategorized/feed/ HTTP/1.1" 200 12063 "http://www.middleeastoday.com/category/uncategorized/" "Mozilla/5.0 AppleWebKit/537.36 (KHTML, like Gecko; compatible; GPTBot/1.3; +https://openai.com/gptbot)"
74.7.243.195 - - [02/Mar/2026:15:25:59 -0500] "GET /category/home_side/page/10/ HTTP/1.1" 200 19382 "http://www.middleeastoday.com/category/home_side/" "Mozilla/5.0 AppleWebKit/537.36 (KHTML, like Gecko; compatible; GPTBot/1.3; +https://openai.com/gptbot)"
74.7.243.195 - - [02/Mar/2026:15:25:59 -0500] "GET /wp-json/oembed/1.0/embed?url=http%3A%2F%2Fwww.middleeastoday.com%2Fworld-bank-approves-us250-million-in-additional-financing-for-the-education-support-program-in-morocco%2F HTTP/1.1" 200 2771 "http://www.middleeastoday.com/world-bank-approves-us250-million-in-additional-financing-for-the-education-support-program-in-morocco/" "Mozilla/5.0 AppleWebKit/537.36 (KHTML, like Gecko; compatible; GPTBot/1.3; +https://openai.com/gptbot)"
74.7.243.195 - - [02/Mar/2026:15:26:00 -0500] "GET /wp-json/oembed/1.0/embed?url=http%3A%2F%2Fwww.middleeastoday.com%2Frak-tourism-development-authority-to-launch-rak-airventure-on-saturday%2F HTTP/1.1" 200 2615 "http://www.middleeastoday.com/rak-tourism-development-authority-to-launch-rak-airventure-on-saturday/" "Mozilla/5.0 AppleWebKit/537.36 (KHTML, like Gecko; compatible; GPTBot/1.3; +https://openai.com/gptbot)"
74.7.243.195 - - [02/Mar/2026:15:26:01 -0500] "GET /category/home_side/page/7/ HTTP/1.1" 200 21399 "http://www.middleeastoday.com/category/home_side/page/5/" "Mozilla/5.0 AppleWebKit/537.36 (KHTML, like Gecko; compatible; GPTBot/1.3; +https://openai.com/gptbot)"
74.7.243.195 - - [02/Mar/2026:15:26:01 -0500] "GET /category/home_side/page/6/ HTTP/1.1" 200 21480 "http://www.middleeastoday.com/category/home_side/page/5/" "Mozilla/5.0 AppleWebKit/537.36 (KHTML, like Gecko; compatible; GPTBot/1.3; +https://openai.com/gptbot)"
74.7.243.195 - - [02/Mar/2026:15:25:14 -0500] "GET /category/real-estate/page/4/ HTTP/1.1" 200 20794 "http://www.middleeastoday.com/category/real-estate/page/6/" "Mozilla/5.0 AppleWebKit/537.36 (KHTML, like Gecko; compatible; GPTBot/1.3; +https://openai.com/gptbot)"
74.7.243.195 - - [02/Mar/2026:15:25:14 -0500] "GET /author/admin/page/45/ HTTP/1.1" 200 21244 "http://www.middleeastoday.com/author/admin/page/43/" "Mozilla/5.0 AppleWebKit/537.36 (KHTML, like Gecko; compatible; GPTBot/1.3; +https://openai.com/gptbot)"
74.7.243.195 - - [02/Mar/2026:15:25:21 -0500] "GET /category/lifestyle/page/2/ HTTP/1.1" 200 20769 "http://www.middleeastoday.com/category/lifestyle/" "Mozilla/5.0 AppleWebKit/537.36 (KHTML, like Gecko; compatible; GPTBot/1.3; +https://openai.com/gptbot)"
162.213.253.84 - - [02/Mar/2026:15:25:24 -0500] "POST /wp-cron.php?doing_wp_cron=1772483124.3639199733734130859375 HTTP/1.1" 200 0 "-" "WordPress/6.8.1; http://www.middleeastoday.com"
74.7.243.195 - - [02/Mar/2026:15:25:28 -0500] "GET /category/lifestyle/page/5/ HTTP/1.1" 200 20729 "http://www.middleeastoday.com/category/lifestyle/" "Mozilla/5.0 AppleWebKit/537.36 (KHTML, like Gecko; compatible; GPTBot/1.3; +https://openai.com/gptbot)"
74.7.243.195 - - [02/Mar/2026:15:25:31 -0500] "GET /category/education/page/2/ HTTP/1.1" 200 21243 "http://www.middleeastoday.com/category/education/" "Mozilla/5.0 AppleWebKit/537.36 (KHTML, like Gecko; compatible; GPTBot/1.3; +https://openai.com/gptbot)"
74.7.243.195 - - [02/Mar/2026:15:25:57 -0500] "GET /wp-json/oembed/1.0/embed?url=http%3A%2F%2Fwww.middleeastoday.com%2Fsharjah-old-cars-club-approves-launch-of-specialised-annual-festival%2F HTTP/1.1" 200 2605 "http://www.middleeastoday.com/sharjah-old-cars-club-approves-launch-of-specialised-annual-festival/" "Mozilla/5.0 AppleWebKit/537.36 (KHTML, like Gecko; compatible; GPTBot/1.3; +https://openai.com/gptbot)"
74.7.243.195 - - [02/Mar/2026:15:26:02 -0500] "GET /wp-json/oembed/1.0/embed?url=http%3A%2F%2Fwww.middleeastoday.com%2Fdubai-commercity-dubai-culture-sign-mou-to-support-and-incentivise-new-creative-economy-businesses%2F HTTP/1.1" 200 2754 "http://www.middleeastoday.com/dubai-commercity-dubai-culture-sign-mou-to-support-and-incentivise-new-creative-economy-businesses/" "Mozilla/5.0 AppleWebKit/537.36 (KHTML, like Gecko; compatible; GPTBot/1.3; +https://openai.com/gptbot)"
74.7.243.195 - - [02/Mar/2026:15:26:07 -0500] "GET /category/business/page/6/ HTTP/1.1" 200 21617 "http://www.middleeastoday.com/category/business/page/5/" "Mozilla/5.0 AppleWebKit/537.36 (KHTML, like Gecko; compatible; GPTBot/1.3; +https://openai.com/gptbot)"
74.7.243.195 - - [02/Mar/2026:15:26:13 -0500] "GET /wp-json/oembed/1.0/embed?url=http%3A%2F%2Fwww.middleeastoday.com%2Ftamkeen-startad-launch-emirati-women-achievers-campaign-to-celebrate-emirati-womens-day%2F HTTP/1.1" 200 2745 "http://www.middleeastoday.com/tamkeen-startad-launch-emirati-women-achievers-campaign-to-celebrate-emirati-womens-day/" "Mozilla/5.0 AppleWebKit/537.36 (KHTML, like Gecko; compatible; GPTBot/1.3; +https://openai.com/gptbot)"
162.213.253.84 - - [02/Mar/2026:15:26:29 -0500] "POST /wp-cron.php?doing_wp_cron=1772483189.5489408969879150390625 HTTP/1.1" 200 0 "-" "WordPress/6.8.1; http://www.middleeastoday.com"
74.7.243.195 - - [02/Mar/2026:15:26:29 -0500] "GET /wp-json/oembed/1.0/embed?url=http%3A%2F%2Fwww.middleeastoday.com%2Flondon-international-studies-and-research-center-lisrc-dubai-on-an-expansion-mode%2F HTTP/1.1" 200 2665 "http://www.middleeastoday.com/london-international-studies-and-research-center-lisrc-dubai-on-an-expansion-mode/" "Mozilla/5.0 AppleWebKit/537.36 (KHTML, like Gecko; compatible; GPTBot/1.3; +https://openai.com/gptbot)"
162.213.253.84 - - [02/Mar/2026:15:26:49 -0500] "POST /wp-cron.php?doing_wp_cron=1772483209.9728720188140869140625 HTTP/1.1" 200 0 "-" "WordPress/6.8.1; http://www.middleeastoday.com"
74.7.243.195 - - [02/Mar/2026:15:26:04 -0500] "GET /wp-json/oembed/1.0/embed?url=http%3A%2F%2Fwww.middleeastoday.com%2Fexpo-centre-sharjah-to-host-international-jewellery-designers-forum%2F HTTP/1.1" 200 2601 "http://www.middleeastoday.com/expo-centre-sharjah-to-host-international-jewellery-designers-forum/" "Mozilla/5.0 AppleWebKit/537.36 (KHTML, like Gecko; compatible; GPTBot/1.3; +https://openai.com/gptbot)"
74.7.243.195 - - [02/Mar/2026:15:26:05 -0500] "GET /wp-json/oembed/1.0/embed?url=http%3A%2F%2Fwww.middleeastoday.com%2Fuae-president-italian-prime-minister-discuss-strengthening-bilateral-relations-in-rome%2F HTTP/1.1" 200 2685 "http://www.middleeastoday.com/uae-president-italian-prime-minister-discuss-strengthening-bilateral-relations-in-rome/" "Mozilla/5.0 AppleWebKit/537.36 (KHTML, like Gecko; compatible; GPTBot/1.3; +https://openai.com/gptbot)"
74.7.243.195 - - [02/Mar/2026:15:26:09 -0500] "GET /category/business/page/7/ HTTP/1.1" 200 21588 "http://www.middleeastoday.com/category/business/page/5/" "Mozilla/5.0 AppleWebKit/537.36 (KHTML, like Gecko; compatible; GPTBot/1.3; +https://openai.com/gptbot)"
74.7.243.195 - - [02/Mar/2026:15:26:10 -0500] "GET /wp-json/oembed/1.0/embed?url=http%3A%2F%2Fwww.middleeastoday.com%2Fcabsat-2022-addresses-the-future-of-satellite-broadcast-and-content-industry%2F HTTP/1.1" 200 2641 "http://www.middleeastoday.com/cabsat-2022-addresses-the-future-of-satellite-broadcast-and-content-industry/" "Mozilla/5.0 AppleWebKit/537.36 (KHTML, like Gecko; compatible; GPTBot/1.3; +https://openai.com/gptbot)"
74.7.243.195 - - [02/Mar/2026:15:26:17 -0500] "GET /wp-json/oembed/1.0/embed?url=http%3A%2F%2Fwww.middleeastoday.com%2Fmohap-hosts-meeting-of-national-committee-for-the-promotion-of-mental-health%2F HTTP/1.1" 200 2640 "http://www.middleeastoday.com/mohap-hosts-meeting-of-national-committee-for-the-promotion-of-mental-health/" "Mozilla/5.0 AppleWebKit/537.36 (KHTML, like Gecko; compatible; GPTBot/1.3; +https://openai.com/gptbot)"
162.213.253.84 - - [02/Mar/2026:15:26:30 -0500] "POST /wp-admin/admin-ajax.php?action=async_litespeed&nonce=7pbeZVPtCfPRzVTXTpplKdyny4BxD67l&litespeed_type=imgoptm HTTP/1.1" 200 21 "-" "WordPress/6.8.1; http://www.middleeastoday.com"
74.7.243.195 - - [02/Mar/2026:15:26:59 -0500] "GET /category/lifestyle/page/4/ HTTP/1.1" 200 20697 "http://www.middleeastoday.com/category/lifestyle/page/2/" "Mozilla/5.0 AppleWebKit/537.36 (KHTML, like Gecko; compatible; GPTBot/1.3; +https://openai.com/gptbot)"
74.7.243.195 - - [02/Mar/2026:15:27:01 -0500] "GET /wp-json/oembed/1.0/embed?url=http%3A%2F%2Fwww.middleeastoday.com%2Fasas-real-estate-launches-second-phase-sales-of-al-rahmaniyah-commercial-lands%2F HTTP/1.1" 200 2695 "http://www.middleeastoday.com/asas-real-estate-launches-second-phase-sales-of-al-rahmaniyah-commercial-lands/" "Mozilla/5.0 AppleWebKit/537.36 (KHTML, like Gecko; compatible; GPTBot/1.3; +https://openai.com/gptbot)"
74.7.243.195 - - [02/Mar/2026:15:27:06 -0500] "GET /author/admin/page/60/ HTTP/1.1" 200 21120 "http://www.middleeastoday.com/author/admin/page/62/" "Mozilla/5.0 AppleWebKit/537.36 (KHTML, like Gecko; compatible; GPTBot/1.3; +https://openai.com/gptbot)"
74.7.243.195 - - [02/Mar/2026:15:27:12 -0500] "GET /category/business/page/9/ HTTP/1.1" 200 21239 "http://www.middleeastoday.com/category/business/page/11/" "Mozilla/5.0 AppleWebKit/537.36 (KHTML, like Gecko; compatible; GPTBot/1.3; +https://openai.com/gptbot)"
74.7.243.195 - - [02/Mar/2026:15:27:13 -0500] "GET /category/business/page/10/ HTTP/1.1" 200 21705 "http://www.middleeastoday.com/category/business/page/11/" "Mozilla/5.0 AppleWebKit/537.36 (KHTML, like Gecko; compatible; GPTBot/1.3; +https://openai.com/gptbot)"
162.213.253.84 - - [02/Mar/2026:15:27:26 -0500] "POST /wp-cron.php?doing_wp_cron=1772483246.2223420143127441406250 HTTP/1.1" 200 0 "-" "WordPress/6.8.1; http://www.middleeastoday.com"
74.7.243.195 - - [02/Mar/2026:15:26:49 -0500] "GET /author/admin/page/47/ HTTP/1.1" 200 21048 "http://www.middleeastoday.com/author/admin/page/45/" "Mozilla/5.0 AppleWebKit/537.36 (KHTML, like Gecko; compatible; GPTBot/1.3; +https://openai.com/gptbot)"
74.7.243.195 - - [02/Mar/2026:15:26:57 -0500] "GET /author/admin/page/46/ HTTP/1.1" 200 20982 "http://www.middleeastoday.com/author/admin/page/45/" "Mozilla/5.0 AppleWebKit/537.36 (KHTML, like Gecko; compatible; GPTBot/1.3; +https://openai.com/gptbot)"
74.7.243.195 - - [02/Mar/2026:15:27:02 -0500] "GET /author/admin/page/61/ HTTP/1.1" 200 21258 "http://www.middleeastoday.com/author/admin/page/63/" "Mozilla/5.0 AppleWebKit/537.36 (KHTML, like Gecko; compatible; GPTBot/1.3; +https://openai.com/gptbot)"
74.7.243.195 - - [02/Mar/2026:15:27:04 -0500] "GET /wp-json/oembed/1.0/embed?url=http%3A%2F%2Fwww.middleeastoday.com%2Fcbuae-launches-new-general-terms-and-conditions-for-its-standing-credit-and-liquidity-insurance-facilities%2F HTTP/1.1" 200 2782 "http://www.middleeastoday.com/cbuae-launches-new-general-terms-and-conditions-for-its-standing-credit-and-liquidity-insurance-facilities/" "Mozilla/5.0 AppleWebKit/537.36 (KHTML, like Gecko; compatible; GPTBot/1.3; +https://openai.com/gptbot)"
74.7.243.195 - - [02/Mar/2026:15:27:08 -0500] "GET /wp-json/oembed/1.0/embed?url=http%3A%2F%2Fwww.middleeastoday.com%2Fal-jalila-childrens-specialty-hospital-gulf-scientific-corporation-launch-pharmacogenomic-pilot-study%2F HTTP/1.1" 200 2811 "http://www.middleeastoday.com/al-jalila-childrens-specialty-hospital-gulf-scientific-corporation-launch-pharmacogenomic-pilot-study/" "Mozilla/5.0 AppleWebKit/537.36 (KHTML, like Gecko; compatible; GPTBot/1.3; +https://openai.com/gptbot)"
74.7.243.195 - - [02/Mar/2026:15:27:16 -0500] "GET /category/home_side/page/8/ HTTP/1.1" 200 20972 "http://www.middleeastoday.com/category/home_side/page/10/" "Mozilla/5.0 AppleWebKit/537.36 (KHTML, like Gecko; compatible; GPTBot/1.3; +https://openai.com/gptbot)"
74.7.243.195 - - [02/Mar/2026:15:27:17 -0500] "GET /category/home_side/page/9/ HTTP/1.1" 200 21245 "http://www.middleeastoday.com/category/home_side/page/10/" "Mozilla/5.0 AppleWebKit/537.36 (KHTML, like Gecko; compatible; GPTBot/1.3; +https://openai.com/gptbot)"
74.7.243.195 - - [02/Mar/2026:15:27:32 -0500] "GET /wp-json/oembed/1.0/embed?url=http%3A%2F%2Fwww.middleeastoday.com%2Fbodour-al-qasimi-affirms-importance-of-cultural-diversity-representation-in-publishing-2%2F HTTP/1.1" 200 2707 "http://www.middleeastoday.com/bodour-al-qasimi-affirms-importance-of-cultural-diversity-representation-in-publishing-2/" "Mozilla/5.0 AppleWebKit/537.36 (KHTML, like Gecko; compatible; GPTBot/1.3; +https://openai.com/gptbot)"
43.155.125.212 - - [02/Mar/2026:15:27:53 -0500] "GET /wp-content/uploads/2024/08/Spinneys-850x560.jpeg HTTP/1.1" 200 31136 "-" "Mozilla/5.0 (Windows NT 10.0; Win64; x64) AppleWebKit/537.36"
43.135.107.95 - - [02/Mar/2026:15:27:53 -0500] "GET /wp-content/uploads/2022/04/middle-east-today-logo-1.jpg HTTP/1.1" 200 34912 "-" "Mozilla/5.0 (Windows NT 10.0; Win64; x64) AppleWebKit/537.36"
74.7.243.195 - - [02/Mar/2026:15:28:02 -0500] "GET /category/business/page/8/ HTTP/1.1" 200 21078 "http://www.middleeastoday.com/category/business/page/6/" "Mozilla/5.0 AppleWebKit/537.36 (KHTML, like Gecko; compatible; GPTBot/1.3; +https://openai.com/gptbot)"
74.7.243.195 - - [02/Mar/2026:15:28:06 -0500] "GET /wp-json/oembed/1.0/embed?url=http%3A%2F%2Fwww.middleeastoday.com%2Fuae-president-at-major-economies-forum-peace-and-collaboration-essential-for-sustainable-economic-and-social-development%2F HTTP/1.1" 200 2869 "http://www.middleeastoday.com/uae-president-at-major-economies-forum-peace-and-collaboration-essential-for-sustainable-economic-and-social-development/" "Mozilla/5.0 AppleWebKit/537.36 (KHTML, like Gecko; compatible; GPTBot/1.3; +https://openai.com/gptbot)"
74.7.243.195 - - [02/Mar/2026:15:27:25 -0500] "GET /wp-json/oembed/1.0/embed?url=http%3A%2F%2Fwww.middleeastoday.com%2Fsaudi-aramco-records-110-billion-net-income-in-2021%2F HTTP/1.1" 200 2517 "http://www.middleeastoday.com/saudi-aramco-records-110-billion-net-income-in-2021/" "Mozilla/5.0 AppleWebKit/537.36 (KHTML, like Gecko; compatible; GPTBot/1.3; +https://openai.com/gptbot)"
162.213.253.84 - - [02/Mar/2026:15:27:26 -0500] "POST /wp-admin/admin-ajax.php?action=async_litespeed&nonce=eIO1OSH3BQcB3ZnzCvApkTdRAxklMF1a&litespeed_type=imgoptm HTTP/1.1" 200 21 "-" "WordPress/6.8.1; http://www.middleeastoday.com"
162.213.253.84 - - [02/Mar/2026:15:27:32 -0500] "POST /wp-cron.php?doing_wp_cron=1772483252.9794108867645263671875 HTTP/1.1" 200 0 "-" "WordPress/6.8.1; http://www.middleeastoday.com"
74.7.243.195 - - [02/Mar/2026:15:27:49 -0500] "GET /wp-json/oembed/1.0/embed?url=http%3A%2F%2Fwww.middleeastoday.com%2Fuae-advancing-stature-in-space-sector-due-to-its-peoples-determination-president%2F HTTP/1.1" 200 2688 "http://www.middleeastoday.com/uae-advancing-stature-in-space-sector-due-to-its-peoples-determination-president/" "Mozilla/5.0 AppleWebKit/537.36 (KHTML, like Gecko; compatible; GPTBot/1.3; +https://openai.com/gptbot)"
74.7.243.195 - - [02/Mar/2026:15:27:58 -0500] "GET /category/lifestyle/tech/feed/ HTTP/1.1" 200 4839 "http://www.middleeastoday.com/category/lifestyle/tech/" "Mozilla/5.0 AppleWebKit/537.36 (KHTML, like Gecko; compatible; GPTBot/1.3; +https://openai.com/gptbot)"
74.7.243.195 - - [02/Mar/2026:15:28:21 -0500] "GET /wp-json/oembed/1.0/embed?url=http%3A%2F%2Fwww.middleeastoday.com%2Fsankari-and-ihg-hotels-resorts-to-launch-the-worlds-first-upper-luxury-standalone-regent-residences-in-dubai%2F HTTP/1.1" 200 2833 "http://www.middleeastoday.com/sankari-and-ihg-hotels-resorts-to-launch-the-worlds-first-upper-luxury-standalone-regent-residences-in-dubai/" "Mozilla/5.0 AppleWebKit/537.36 (KHTML, like Gecko; compatible; GPTBot/1.3; +https://openai.com/gptbot)"
74.7.243.195 - - [02/Mar/2026:15:28:26 -0500] "GET /author/admin/page/49/ HTTP/1.1" 200 20973 "http://www.middleeastoday.com/author/admin/page/47/" "Mozilla/5.0 AppleWebKit/537.36 (KHTML, like Gecko; compatible; GPTBot/1.3; +https://openai.com/gptbot)"
74.7.243.195 - - [02/Mar/2026:15:28:37 -0500] "GET /wp-json/oembed/1.0/embed?url=http%3A%2F%2Fwww.middleeastoday.com%2Fcleveland-clinic-abu-dhabi-brings-lifesaving-ai-tech-for-diagnosing-treating-stroke%2F HTTP/1.1" 200 2693 "http://www.middleeastoday.com/cleveland-clinic-abu-dhabi-brings-lifesaving-ai-tech-for-diagnosing-treating-stroke/" "Mozilla/5.0 AppleWebKit/537.36 (KHTML, like Gecko; compatible; GPTBot/1.3; +https://openai.com/gptbot)"
54.39.136.186 - - [02/Mar/2026:15:28:49 -0500] "GET /legacy-of-expo-2020-dubais-vision-pavilion-will-live-on-as-part-of-district-2020/ HTTP/1.1" 200 23224 "-" "Mozilla/5.0 (compatible; AhrefsBot/7.0; +http://ahrefs.com/robot/)"
74.7.243.195 - - [02/Mar/2026:15:28:53 -0500] "GET /author/admin/page/59/ HTTP/1.1" 200 21161 "http://www.middleeastoday.com/author/admin/page/61/" "Mozilla/5.0 AppleWebKit/537.36 (KHTML, like Gecko; compatible; GPTBot/1.3; +https://openai.com/gptbot)"
74.7.243.195 - - [02/Mar/2026:15:29:11 -0500] "GET /wp-json/oembed/1.0/embed?url=http%3A%2F%2Fwww.middleeastoday.com%2Fnew-zealand-celebrates-biggest-expo-month-yet-with-calendar-of-cultural-happenings%2F HTTP/1.1" 200 2668 "http://www.middleeastoday.com/new-zealand-celebrates-biggest-expo-month-yet-with-calendar-of-cultural-happenings/" "Mozilla/5.0 AppleWebKit/537.36 (KHTML, like Gecko; compatible; GPTBot/1.3; +https://openai.com/gptbot)"
162.213.253.84 - - [02/Mar/2026:15:29:34 -0500] "POST /wp-cron.php?doing_wp_cron=1772483374.4018869400024414062500 HTTP/1.1" 200 0 "-" "WordPress/6.8.1; http://www.middleeastoday.com"
74.7.243.195 - - [02/Mar/2026:15:28:09 -0500] "GET /wp-json/oembed/1.0/embed?url=http%3A%2F%2Fwww.middleeastoday.com%2Fmansour-bin-zayed-attends-fifth-day-of-annual-festival-for-purebred-arabian-camel-racing%2F HTTP/1.1" 200 2707 "http://www.middleeastoday.com/mansour-bin-zayed-attends-fifth-day-of-annual-festival-for-purebred-arabian-camel-racing/" "Mozilla/5.0 AppleWebKit/537.36 (KHTML, like Gecko; compatible; GPTBot/1.3; +https://openai.com/gptbot)"
74.7.243.195 - - [02/Mar/2026:15:28:12 -0500] "GET /wp-json/oembed/1.0/embed?url=http%3A%2F%2Fwww.middleeastoday.com%2Fsharjah-light-festival-taps-into-local-photography-talent-in-collaboration-with-fotouae%2F HTTP/1.1" 200 2707 "http://www.middleeastoday.com/sharjah-light-festival-taps-into-local-photography-talent-in-collaboration-with-fotouae/" "Mozilla/5.0 AppleWebKit/537.36 (KHTML, like Gecko; compatible; GPTBot/1.3; +https://openai.com/gptbot)"
74.7.243.195 - - [02/Mar/2026:15:28:15 -0500] "GET /wp-json/oembed/1.0/embed?url=http%3A%2F%2Fwww.middleeastoday.com%2Fuae-president-malaysian-king-witness-conclusion-of-desert-tiger-6-joint-military-exercise%2F HTTP/1.1" 200 2745 "http://www.middleeastoday.com/uae-president-malaysian-king-witness-conclusion-of-desert-tiger-6-joint-military-exercise/" "Mozilla/5.0 AppleWebKit/537.36 (KHTML, like Gecko; compatible; GPTBot/1.3; +https://openai.com/gptbot)"
74.7.243.195 - - [02/Mar/2026:15:28:17 -0500] "GET /wp-json/oembed/1.0/embed?url=http%3A%2F%2Fwww.middleeastoday.com%2Fhis-highness-sheikh-mohammed-bin-rashid-reviews-cultural-district-project-in-dubai-south%2F HTTP/1.1" 200 2547 "http://www.middleeastoday.com/his-highness-sheikh-mohammed-bin-rashid-reviews-cultural-district-project-in-dubai-south/" "Mozilla/5.0 AppleWebKit/537.36 (KHTML, like Gecko; compatible; GPTBot/1.3; +https://openai.com/gptbot)"
162.213.253.84 - - [02/Mar/2026:15:28:22 -0500] "POST /wp-cron.php?doing_wp_cron=1772483302.3455550670623779296875 HTTP/1.1" 200 0 "-" "WordPress/6.8.1; http://www.middleeastoday.com"
162.213.253.84 - - [02/Mar/2026:15:28:22 -0500] "POST /wp-admin/admin-ajax.php?action=async_litespeed&nonce=Z533OaJEyTJHbuHKhYqYevbKNOKQTfU9&litespeed_type=imgoptm HTTP/1.1" 200 21 "-" "WordPress/6.8.1; http://www.middleeastoday.com"
162.213.253.84 - - [02/Mar/2026:15:28:33 -0500] "POST /wp-cron.php?doing_wp_cron=1772483313.4679129123687744140625 HTTP/1.1" 200 0 "-" "WordPress/6.8.1; http://www.middleeastoday.com"
74.7.243.195 - - [02/Mar/2026:15:28:32 -0500] "GET /author/admin/page/48/ HTTP/1.1" 200 21107 "http://www.middleeastoday.com/author/admin/page/47/" "Mozilla/5.0 AppleWebKit/537.36 (KHTML, like Gecko; compatible; GPTBot/1.3; +https://openai.com/gptbot)"
162.213.253.84 - - [02/Mar/2026:15:29:24 -0500] "POST /wp-cron.php?doing_wp_cron=1772483364.1382100582122802734375 HTTP/1.1" 200 0 "-" "WordPress/6.8.1; http://www.middleeastoday.com"
74.7.243.195 - - [02/Mar/2026:15:29:23 -0500] "GET /author/admin/page/58/ HTTP/1.1" 200 21287 "http://www.middleeastoday.com/author/admin/page/60/" "Mozilla/5.0 AppleWebKit/537.36 (KHTML, like Gecko; compatible; GPTBot/1.3; +https://openai.com/gptbot)"
