47.246.171.251 - - [02/Mar/2026:10:28:11 -0500] "GET http://www.middleeastoday.com/wp-content/plugins/elementor-1/assets/lib/font-awesome/css/fontawesome.min.css?ver=5.15.3 HTTP/1.1" 200 12164 "http://www.middleeastoday.com/masdar-park-design-earns-estidama-exemplar-sustainability-rating/" "Mozilla/5.0 (Macintosh; Intel Mac OS X 10_13_5) AppleWebKit/537.36 (KHTML, like Gecko) Chrome/69.0.3497.100 Safari/537.36"
47.246.171.220 - - [02/Mar/2026:10:28:11 -0500] "GET http://www.middleeastoday.com/wp-content/plugins/elementor-1/assets/lib/swiper/v8/css/swiper.min.css?ver=8.4.5 HTTP/1.1" 200 4248 "http://www.middleeastoday.com/masdar-park-design-earns-estidama-exemplar-sustainability-rating/" "Mozilla/5.0 (Macintosh; Intel Mac OS X 10_13_5) AppleWebKit/537.36 (KHTML, like Gecko) Chrome/69.0.3497.100 Safari/537.36"
47.246.171.207 - - [02/Mar/2026:10:28:11 -0500] "GET http://www.middleeastoday.com/wp-content/themes/digiqole/assets/css/all.css?ver=2.1.1 HTTP/1.1" 200 7048 "http://www.middleeastoday.com/masdar-park-design-earns-estidama-exemplar-sustainability-rating/" "Mozilla/5.0 (Macintosh; Intel Mac OS X 10_13_5) AppleWebKit/537.36 (KHTML, like Gecko) Chrome/69.0.3497.100 Safari/537.36"
40.77.167.247 - - [02/Mar/2026:10:22:27 -0500] "GET /dubai-records-aed10-4-billion-in-weekly-real-estate-transactions/ HTTP/1.1" 200 20335 "-" "Mozilla/5.0 AppleWebKit/537.36 (KHTML, like Gecko; compatible; bingbot/2.0; +http://www.bing.com/bingbot.htm) Chrome/116.0.1938.76 Safari/537.36"
185.191.171.11 - - [02/Mar/2026:10:27:36 -0500] "GET /category/national-news/page/7/ HTTP/1.1" 200 23876 "-" "Mozilla/5.0 (compatible; SemrushBot/7~bl; +http://www.semrush.com/bot.html)"
182.190.197.147 - - [02/Mar/2026:10:28:10 -0500] "GET http://www.middleeastoday.com/masdar-park-design-earns-estidama-exemplar-sustainability-rating/ HTTP/1.1" 200 23710 "-" "Mozilla/5.0 (Macintosh; Intel Mac OS X 10_13_5) AppleWebKit/537.36 (KHTML, like Gecko) Chrome/69.0.3497.100 Safari/537.36"
47.246.171.163 - - [02/Mar/2026:10:28:11 -0500] "GET http://www.middleeastoday.com/wp-content/themes/digiqole/assets/css/bootstrap.min.css?ver=2.1.1 HTTP/1.1" 200 18543 "http://www.middleeastoday.com/masdar-park-design-earns-estidama-exemplar-sustainability-rating/" "Mozilla/5.0 (Macintosh; Intel Mac OS X 10_13_5) AppleWebKit/537.36 (KHTML, like Gecko) Chrome/69.0.3497.100 Safari/537.36"
47.246.171.209 - - [02/Mar/2026:10:28:11 -0500] "GET http://www.middleeastoday.com/wp-content/plugins/elementskit-lite/widgets/init/assets/css/widget-styles.css?ver=3.5.0 HTTP/1.1" 200 48223 "http://www.middleeastoday.com/masdar-park-design-earns-estidama-exemplar-sustainability-rating/" "Mozilla/5.0 (Macintosh; Intel Mac OS X 10_13_5) AppleWebKit/537.36 (KHTML, like Gecko) Chrome/69.0.3497.100 Safari/537.36"
47.246.171.168 - - [02/Mar/2026:10:28:11 -0500] "GET http://www.middleeastoday.com/wp-content/plugins/contact-form-7/includes/css/styles.css?ver=6.0.6 HTTP/1.1" 200 890 "http://www.middleeastoday.com/masdar-park-design-earns-estidama-exemplar-sustainability-rating/" "Mozilla/5.0 (Macintosh; Intel Mac OS X 10_13_5) AppleWebKit/537.36 (KHTML, like Gecko) Chrome/69.0.3497.100 Safari/537.36"
47.246.171.207 - - [02/Mar/2026:10:28:11 -0500] "GET http://www.middleeastoday.com/wp-content/plugins/elementskit-lite/widgets/init/assets/css/responsive.css?ver=3.5.0 HTTP/1.1" 200 2859 "http://www.middleeastoday.com/masdar-park-design-earns-estidama-exemplar-sustainability-rating/" "Mozilla/5.0 (Macintosh; Intel Mac OS X 10_13_5) AppleWebKit/537.36 (KHTML, like Gecko) Chrome/69.0.3497.100 Safari/537.36"
47.246.171.139 - - [02/Mar/2026:10:28:11 -0500] "GET http://www.middleeastoday.com/wp-content/uploads/elementor/css/post-9.css?ver=1747657839 HTTP/1.1" 200 334 "http://www.middleeastoday.com/masdar-park-design-earns-estidama-exemplar-sustainability-rating/" "Mozilla/5.0 (Macintosh; Intel Mac OS X 10_13_5) AppleWebKit/537.36 (KHTML, like Gecko) Chrome/69.0.3497.100 Safari/537.36"
47.246.171.166 - - [02/Mar/2026:10:28:11 -0500] "GET http://www.middleeastoday.com/wp-content/uploads/elementor/css/global.css?ver=1747657840 HTTP/1.1" 200 3340 "http://www.middleeastoday.com/masdar-park-design-earns-estidama-exemplar-sustainability-rating/" "Mozilla/5.0 (Macintosh; Intel Mac OS X 10_13_5) AppleWebKit/537.36 (KHTML, like Gecko) Chrome/69.0.3497.100 Safari/537.36"
47.246.171.207 - - [02/Mar/2026:10:28:13 -0500] "GET http://www.middleeastoday.com/wp-content/plugins/elementskit-lite/modules/elementskit-icon-pack/assets/css/ekiticons.css?ver=3.5.0 HTTP/1.1" 200 11776 "http://www.middleeastoday.com/masdar-park-design-earns-estidama-exemplar-sustainability-rating/" "Mozilla/5.0 (Macintosh; Intel Mac OS X 10_13_5) AppleWebKit/537.36 (KHTML, like Gecko) Chrome/69.0.3497.100 Safari/537.36"
47.246.171.187 - - [02/Mar/2026:10:28:14 -0500] "GET http://www.middleeastoday.com/wp-content/themes/digiqole/assets/css/master.css?ver=2.1.1 HTTP/1.1" 200 43295 "http://www.middleeastoday.com/masdar-park-design-earns-estidama-exemplar-sustainability-rating/" "Mozilla/5.0 (Macintosh; Intel Mac OS X 10_13_5) AppleWebKit/537.36 (KHTML, like Gecko) Chrome/69.0.3497.100 Safari/537.36"
47.246.171.153 - - [02/Mar/2026:10:28:12 -0500] "GET http://www.middleeastoday.com/wp-content/themes/digiqole/assets/css/icon-font.css?ver=2.1.1 HTTP/1.1" 200 1106 "http://www.middleeastoday.com/masdar-park-design-earns-estidama-exemplar-sustainability-rating/" "Mozilla/5.0 (Macintosh; Intel Mac OS X 10_13_5) AppleWebKit/537.36 (KHTML, like Gecko) Chrome/69.0.3497.100 Safari/537.36"
47.246.171.180 - - [02/Mar/2026:10:28:12 -0500] "GET http://www.middleeastoday.com/wp-content/plugins/elementor-1/assets/lib/font-awesome/css/solid.min.css?ver=5.15.3 HTTP/1.1" 200 286 "http://www.middleeastoday.com/masdar-park-design-earns-estidama-exemplar-sustainability-rating/" "Mozilla/5.0 (Macintosh; Intel Mac OS X 10_13_5) AppleWebKit/537.36 (KHTML, like Gecko) Chrome/69.0.3497.100 Safari/537.36"
162.213.253.84 - - [02/Mar/2026:10:28:15 -0500] "POST /wp-cron.php?doing_wp_cron=1772465295.2575390338897705078125 HTTP/1.1" 200 0 "-" "WordPress/6.8.1; http://www.middleeastoday.com"
52.204.89.12 - - [02/Mar/2026:10:28:14 -0500] "GET /wp-json/oembed/1.0/embed?url=http://www.middleeastoday.com/new-uae-ambassadors-sworn-in-before-uae-president/ HTTP/1.1" 200 2509 "-" "Mozilla/5.0 AppleWebKit/537.36 (KHTML, like Gecko; compatible; Amazonbot/0.1; +https://developer.amazon.com/support/amazonbot) Chrome/119.0.6045.214 Safari/537.36"
47.246.171.198 - - [02/Mar/2026:10:28:20 -0500] "GET http://www.middleeastoday.com/wp-content/themes/digiqole/assets/fonts/iconfont.ttf?5i53bc HTTP/1.1" 200 27432 "http://www.middleeastoday.com/wp-content/themes/digiqole/assets/css/icon-font.css?ver=2.1.1" "Mozilla/5.0 (Macintosh; Intel Mac OS X 10_13_5) AppleWebKit/537.36 (KHTML, like Gecko) Chrome/69.0.3497.100 Safari/537.36"
47.246.171.217 - - [02/Mar/2026:10:28:20 -0500] "GET http://www.middleeastoday.com/wp-content/plugins/elementor-1/assets/lib/font-awesome/webfonts/fa-solid-900.woff2 HTTP/1.1" 200 78196 "http://www.middleeastoday.com/wp-content/plugins/elementor-1/assets/lib/font-awesome/css/solid.min.css?ver=5.15.3" "Mozilla/5.0 (Macintosh; Intel Mac OS X 10_13_5) AppleWebKit/537.36 (KHTML, like Gecko) Chrome/69.0.3497.100 Safari/537.36"
142.44.228.1 - - [02/Mar/2026:10:31:44 -0500] "GET /wetex-dubai-solar-show-2022-attracts-1750-companies-from-55-countries/ HTTP/1.1" 200 21902 "-" "Mozilla/5.0 (compatible; AhrefsBot/7.0; +http://ahrefs.com/robot/)"
162.213.253.84 - - [02/Mar/2026:10:28:15 -0500] "POST /wp-admin/admin-ajax.php?action=async_litespeed&nonce=PZw5hzN3CO1l3Q666aIgCvk3m1YQ5h1u&litespeed_type=imgoptm HTTP/1.1" 200 21 "-" "WordPress/6.8.1; http://www.middleeastoday.com"
47.246.171.206 - - [02/Mar/2026:10:28:19 -0500] "GET http://www.middleeastoday.com/wp-includes/css/dist/block-library/style.min.css?ver=6.8.1 HTTP/1.1" 200 14358 "http://www.middleeastoday.com/masdar-park-design-earns-estidama-exemplar-sustainability-rating/" "Mozilla/5.0 (Macintosh; Intel Mac OS X 10_13_5) AppleWebKit/537.36 (KHTML, like Gecko) Chrome/69.0.3497.100 Safari/537.36"
14.191.164.227 - - [02/Mar/2026:10:32:36 -0500] "GET http://www.middleeastoday.com/dubai-electricity-and-water-authority-starts-trading-on-dubai-financial-market/ HTTP/1.1" 200 24653 "-" "Mozilla/5.0 (Windows NT 10.0; Win64; x64) AppleWebKit/537.36 (KHTML, like Gecko) Chrome/80.0.3987.132 Safari/537.36"
40.77.167.16 - - [02/Mar/2026:10:35:43 -0500] "GET /abu-dhabi-international-airport-welcomes-first-sf-express-flight/ HTTP/1.1" 200 23221 "-" "Mozilla/5.0 AppleWebKit/537.36 (KHTML, like Gecko; compatible; bingbot/2.0; +http://www.bing.com/bingbot.htm) Chrome/116.0.1938.76 Safari/537.36"
201.141.20.80 - - [02/Mar/2026:10:48:40 -0500] "GET http://www.middleeastoday.com/uae-russian-presidents-hold-talks-in-moscow-to-strengthen-strategic-partnership/ HTTP/1.1" 200 24302 "-" "Mozilla/5.0 (Windows NT 10.0; WOW64) AppleWebKit/537.36 (KHTML, like Gecko) Chrome/84.0.4147.89 Safari/537.36"
142.44.220.84 - - [02/Mar/2026:10:50:42 -0500] "GET / HTTP/1.1" 200 32232 "-" "Mozilla/5.0 (compatible; AhrefsBot/7.0; +http://ahrefs.com/robot/)"
52.202.233.37 - - [02/Mar/2026:10:38:41 -0500] "GET /wp-json/oembed/1.0/embed?url=http://www.middleeastoday.com/international-reports-real-estate-key-driver-of-uae-economic-growth/ HTTP/1.1" 200 2606 "-" "Mozilla/5.0 AppleWebKit/537.36 (KHTML, like Gecko; compatible; Amazonbot/0.1; +https://developer.amazon.com/support/amazonbot) Chrome/119.0.6045.214 Safari/537.36"
85.208.96.198 - - [02/Mar/2026:10:47:35 -0500] "GET /air-arabia-abu-dhabi-launches-seasonal-flights-to-sarajevo/ HTTP/1.1" 200 22922 "-" "Mozilla/5.0 (compatible; SemrushBot/7~bl; +http://www.semrush.com/bot.html)"
43.155.125.12 - - [02/Mar/2026:10:51:55 -0500] "GET /wp-content/uploads/2022/05/Dubai-Airport-1-850x560.jpg HTTP/1.1" 200 43334 "-" "Mozilla/5.0 (Windows NT 10.0; Win64; x64) AppleWebKit/537.36"
40.77.167.78 - - [02/Mar/2026:10:52:34 -0500] "GET /wp-content/uploads/2022/02/resident-of-Turkey-455x300.jpg HTTP/1.1" 200 30893 "-" "Mozilla/5.0 AppleWebKit/537.36 (KHTML, like Gecko; compatible; bingbot/2.0; +http://www.bing.com/bingbot.htm) Chrome/116.0.1938.76 Safari/537.36"
43.155.125.12 - - [02/Mar/2026:10:57:36 -0500] "GET /wp-content/uploads/2022/04/64c2ad33-5b41-4d59-be1b-293b254ded91-768x119.jpeg HTTP/1.1" 200 18202 "-" "Mozilla/5.0 (Windows NT 10.0; Win64; x64) AppleWebKit/537.36"
74.7.243.195 - - [02/Mar/2026:10:57:41 -0500] "GET /difc-announces-future-sustainability-forum-in-dubai/ HTTP/1.1" 200 21719 "https://www.pscaluminium.com" "Mozilla/5.0 AppleWebKit/537.36 (KHTML, like Gecko; compatible; GPTBot/1.3; +https://openai.com/gptbot)"
57.129.81.227 - - [02/Mar/2026:10:58:48 -0500] "GET /wp-content/uploads/2023/03/mabel-1002x1024.jpeg HTTP/1.1" 200 131551 "-" "Mozilla/5.0 (Windows NT 10.0; Win64; x64) AppleWebKit/537.36 (KHTML, like Gecko) Chrome/139.0.0.0 Safari/537.36"
74.7.243.195 - - [02/Mar/2026:10:58:49 -0500] "GET /category/real-estate/ HTTP/1.1" 200 21131 "http://www.middleeastoday.com/difc-announces-future-sustainability-forum-in-dubai/" "Mozilla/5.0 AppleWebKit/537.36 (KHTML, like Gecko; compatible; GPTBot/1.3; +https://openai.com/gptbot)"
74.7.243.195 - - [02/Mar/2026:10:58:54 -0500] "GET /wp-content/plugins/elementor-pro/assets/js/elements-handlers.min.js?ver=3.6.5 HTTP/1.1" 200 5254 "http://www.middleeastoday.com/difc-announces-future-sustainability-forum-in-dubai/" "Mozilla/5.0 AppleWebKit/537.36 (KHTML, like Gecko; compatible; GPTBot/1.3; +https://openai.com/gptbot)"
74.7.243.195 - - [02/Mar/2026:10:58:59 -0500] "GET /category/dubai-expo/ HTTP/1.1" 200 19479 "http://www.middleeastoday.com/difc-announces-future-sustainability-forum-in-dubai/" "Mozilla/5.0 AppleWebKit/537.36 (KHTML, like Gecko; compatible; GPTBot/1.3; +https://openai.com/gptbot)"
74.7.243.195 - - [02/Mar/2026:10:59:01 -0500] "GET /category/travel-tourism/destinations/ HTTP/1.1" 200 21557 "http://www.middleeastoday.com/difc-announces-future-sustainability-forum-in-dubai/" "Mozilla/5.0 AppleWebKit/537.36 (KHTML, like Gecko; compatible; GPTBot/1.3; +https://openai.com/gptbot)"
74.7.243.195 - - [02/Mar/2026:10:59:02 -0500] "GET /wp-content/plugins/elementskit-lite/widgets/init/assets/css/responsive.css?ver=3.5.0 HTTP/1.1" 200 2859 "http://www.middleeastoday.com/difc-announces-future-sustainability-forum-in-dubai/" "Mozilla/5.0 AppleWebKit/537.36 (KHTML, like Gecko; compatible; GPTBot/1.3; +https://openai.com/gptbot)"
162.213.253.84 - - [02/Mar/2026:10:59:03 -0500] "POST /wp-cron.php?doing_wp_cron=1772467143.2273650169372558593750 HTTP/1.1" 200 0 "-" "WordPress/6.8.1; http://www.middleeastoday.com"
74.7.243.195 - - [02/Mar/2026:10:59:04 -0500] "GET /category/beauty-fashion/ HTTP/1.1" 200 21564 "http://www.middleeastoday.com/difc-announces-future-sustainability-forum-in-dubai/" "Mozilla/5.0 AppleWebKit/537.36 (KHTML, like Gecko; compatible; GPTBot/1.3; +https://openai.com/gptbot)"
162.213.253.84 - - [02/Mar/2026:10:59:04 -0500] "POST /wp-admin/admin-ajax.php?action=async_litespeed&nonce=QaZcJP3P3gFqVUMWWw5VYH0wxyNCfNWJ&litespeed_type=imgoptm HTTP/1.1" 200 21 "-" "WordPress/6.8.1; http://www.middleeastoday.com"
74.7.243.195 - - [02/Mar/2026:10:59:05 -0500] "GET /difc-announces-future-sustainability-forum-in-dubai/ HTTP/1.1" 200 21719 "http://www.middleeastoday.com/?p=10203" "Mozilla/5.0 AppleWebKit/537.36 (KHTML, like Gecko; compatible; GPTBot/1.3; +https://openai.com/gptbot)"
43.155.125.238 - - [02/Mar/2026:10:51:41 -0500] "GET /wp-content/uploads/2022/04/64c2ad33-5b41-4d59-be1b-293b254ded91-768x119.jpeg HTTP/1.1" 200 18202 "-" "Mozilla/5.0 (Windows NT 10.0; Win64; x64) AppleWebKit/537.36"
43.155.125.12 - - [02/Mar/2026:10:57:36 -0500] "GET /wp-content/uploads/2025/12/UAE-President-1-850x560.jpg HTTP/1.1" 200 75091 "-" "Mozilla/5.0 (Windows NT 10.0; Win64; x64) AppleWebKit/537.36"
185.191.171.15 - - [02/Mar/2026:10:58:06 -0500] "GET /indulge-in-7-vegetarian-varieties-this-veganuary/ HTTP/1.1" 200 22927 "-" "Mozilla/5.0 (compatible; SemrushBot/7~bl; +http://www.semrush.com/bot.html)"
74.7.243.195 - - [02/Mar/2026:10:58:40 -0500] "GET /wp-content/themes/digiqole/assets/css/bootstrap.min.css?ver=2.1.1 HTTP/1.1" 200 18543 "http://www.middleeastoday.com/difc-announces-future-sustainability-forum-in-dubai/" "Mozilla/5.0 AppleWebKit/537.36 (KHTML, like Gecko; compatible; GPTBot/1.3; +https://openai.com/gptbot)"
74.7.243.195 - - [02/Mar/2026:10:58:50 -0500] "GET /wp-content/themes/digiqole/assets/css/icon-font.css?ver=2.1.1 HTTP/1.1" 200 1106 "http://www.middleeastoday.com/difc-announces-future-sustainability-forum-in-dubai/" "Mozilla/5.0 AppleWebKit/537.36 (KHTML, like Gecko; compatible; GPTBot/1.3; +https://openai.com/gptbot)"
74.7.243.195 - - [02/Mar/2026:10:58:51 -0500] "GET /category/products/ HTTP/1.1" 200 21558 "http://www.middleeastoday.com/difc-announces-future-sustainability-forum-in-dubai/" "Mozilla/5.0 AppleWebKit/537.36 (KHTML, like Gecko; compatible; GPTBot/1.3; +https://openai.com/gptbot)"
74.7.243.195 - - [02/Mar/2026:10:58:57 -0500] "GET /wp-content/plugins/elementor-1/assets/lib/animations/animations.min.css?ver=3.21.1 HTTP/1.1" 200 2442 "http://www.middleeastoday.com/difc-announces-future-sustainability-forum-in-dubai/" "Mozilla/5.0 AppleWebKit/537.36 (KHTML, like Gecko; compatible; GPTBot/1.3; +https://openai.com/gptbot)"
43.157.172.39 - - [02/Mar/2026:10:59:02 -0500] "GET / HTTP/1.1" 301 0 "-" "Mozilla/5.0 (iPhone; CPU iPhone OS 13_2_3 like Mac OS X) AppleWebKit/605.1.15 (KHTML, like Gecko) Version/13.0.3 Mobile/15E148 Safari/604.1"
43.157.172.39 - - [02/Mar/2026:10:59:03 -0500] "GET / HTTP/1.1" 200 38598 "http://middleeastoday.com" "Mozilla/5.0 (iPhone; CPU iPhone OS 13_2_3 like Mac OS X) AppleWebKit/605.1.15 (KHTML, like Gecko) Version/13.0.3 Mobile/15E148 Safari/604.1"
74.7.243.195 - - [02/Mar/2026:10:59:04 -0500] "GET /?p=10203 HTTP/1.1" 301 0 "http://www.middleeastoday.com/difc-announces-future-sustainability-forum-in-dubai/" "Mozilla/5.0 AppleWebKit/537.36 (KHTML, like Gecko; compatible; GPTBot/1.3; +https://openai.com/gptbot)"
74.7.243.195 - - [02/Mar/2026:10:59:07 -0500] "GET /uae-president-holds-official-reception-for-indian-pm/ HTTP/1.1" 200 20736 "http://www.middleeastoday.com/difc-announces-future-sustainability-forum-in-dubai/" "Mozilla/5.0 AppleWebKit/537.36 (KHTML, like Gecko; compatible; GPTBot/1.3; +https://openai.com/gptbot)"
74.7.243.195 - - [02/Mar/2026:10:59:47 -0500] "GET /uae-russian-presidents-hold-talks-in-moscow-to-strengthen-strategic-partnership/ HTTP/1.1" 200 21452 "http://www.middleeastoday.com/difc-announces-future-sustainability-forum-in-dubai/" "Mozilla/5.0 AppleWebKit/537.36 (KHTML, like Gecko; compatible; GPTBot/1.3; +https://openai.com/gptbot)"
74.7.243.195 - - [02/Mar/2026:10:59:59 -0500] "GET /gold-tops-us5000-per-ounce-first-time-ever/ HTTP/1.1" 200 19710 "http://www.middleeastoday.com/difc-announces-future-sustainability-forum-in-dubai/" "Mozilla/5.0 AppleWebKit/537.36 (KHTML, like Gecko; compatible; GPTBot/1.3; +https://openai.com/gptbot)"
74.7.243.195 - - [02/Mar/2026:11:00:01 -0500] "GET /cop28-president-designate-advances-innovative-climate-finance-leveraging-public-business-and-philanthropic-capital/ HTTP/1.1" 200 24570 "http://www.middleeastoday.com/difc-announces-future-sustainability-forum-in-dubai/" "Mozilla/5.0 AppleWebKit/537.36 (KHTML, like Gecko; compatible; GPTBot/1.3; +https://openai.com/gptbot)"
74.7.243.195 - - [02/Mar/2026:11:00:02 -0500] "GET /author/admin/ HTTP/1.1" 200 20806 "http://www.middleeastoday.com/difc-announces-future-sustainability-forum-in-dubai/" "Mozilla/5.0 AppleWebKit/537.36 (KHTML, like Gecko; compatible; GPTBot/1.3; +https://openai.com/gptbot)"
74.7.243.195 - - [02/Mar/2026:11:00:04 -0500] "GET /feed/ HTTP/1.1" 200 11070 "http://www.middleeastoday.com/difc-announces-future-sustainability-forum-in-dubai/" "Mozilla/5.0 AppleWebKit/537.36 (KHTML, like Gecko; compatible; GPTBot/1.3; +https://openai.com/gptbot)"
162.213.253.84 - - [02/Mar/2026:11:00:08 -0500] "POST /wp-cron.php?doing_wp_cron=1772467208.3927319049835205078125 HTTP/1.1" 200 0 "-" "WordPress/6.8.1; http://www.middleeastoday.com"
74.7.243.195 - - [02/Mar/2026:11:00:07 -0500] "GET /xmlrpc.php?rsd HTTP/1.1" 200 299 "http://www.middleeastoday.com/difc-announces-future-sustainability-forum-in-dubai/" "Mozilla/5.0 AppleWebKit/537.36 (KHTML, like Gecko; compatible; GPTBot/1.3; +https://openai.com/gptbot)"
162.213.253.84 - - [02/Mar/2026:11:00:09 -0500] "POST /wp-admin/admin-ajax.php?action=async_litespeed&nonce=3O0PMXlmkPstuSVnqT5Jk9JFfxtXyKYu&litespeed_type=imgoptm HTTP/1.1" 200 21 "-" "WordPress/6.8.1; http://www.middleeastoday.com"
74.7.243.195 - - [02/Mar/2026:11:00:12 -0500] "GET /category/uncategorized/ HTTP/1.1" 200 20741 "http://www.middleeastoday.com/difc-announces-future-sustainability-forum-in-dubai/" "Mozilla/5.0 AppleWebKit/537.36 (KHTML, like Gecko; compatible; GPTBot/1.3; +https://openai.com/gptbot)"
74.7.243.195 - - [02/Mar/2026:11:00:14 -0500] "GET /rolls-royce-motor-cars-dubai-lifts-the-veil-on-centenary-phantom-series/ HTTP/1.1" 200 20741 "http://www.middleeastoday.com/category/products/" "Mozilla/5.0 AppleWebKit/537.36 (KHTML, like Gecko; compatible; GPTBot/1.3; +https://openai.com/gptbot)"
74.7.243.195 - - [02/Mar/2026:11:00:14 -0500] "GET /get-set-to-take-on-the-sun-with-summer-survival-kit-from-sesderma/ HTTP/1.1" 200 21129 "http://www.middleeastoday.com/category/products/" "Mozilla/5.0 AppleWebKit/537.36 (KHTML, like Gecko; compatible; GPTBot/1.3; +https://openai.com/gptbot)"
74.7.243.195 - - [02/Mar/2026:11:00:15 -0500] "GET /international-reports-real-estate-key-driver-of-uae-economic-growth/ HTTP/1.1" 200 21377 "http://www.middleeastoday.com/category/real-estate/" "Mozilla/5.0 AppleWebKit/537.36 (KHTML, like Gecko; compatible; GPTBot/1.3; +https://openai.com/gptbot)"
74.7.243.195 - - [02/Mar/2026:11:00:16 -0500] "GET /honeywell-aviator-hi-fi-audio-system-that-promises-superior-sound-quality-and-sophistication/ HTTP/1.1" 200 22032 "http://www.middleeastoday.com/category/products/" "Mozilla/5.0 AppleWebKit/537.36 (KHTML, like Gecko; compatible; GPTBot/1.3; +https://openai.com/gptbot)"
74.7.243.195 - - [02/Mar/2026:11:00:17 -0500] "GET /evelina-yanchenko-walking-high-on-the-wall-of-fame/ HTTP/1.1" 200 21147 "http://www.middleeastoday.com/category/beauty-fashion/" "Mozilla/5.0 AppleWebKit/537.36 (KHTML, like Gecko; compatible; GPTBot/1.3; +https://openai.com/gptbot)"
74.7.243.195 - - [02/Mar/2026:11:00:18 -0500] "GET /abu-dhabi-heritage-authority-showcases-emirati-culture-at-moroccos-tan-tan-moussem/ HTTP/1.1" 200 20942 "http://www.middleeastoday.com/category/travel-tourism/destinations/" "Mozilla/5.0 AppleWebKit/537.36 (KHTML, like Gecko; compatible; GPTBot/1.3; +https://openai.com/gptbot)"
74.7.243.195 - - [02/Mar/2026:11:00:32 -0500] "GET /on-behalf-of-uae-president-crown-prince-of-abu-dhabi-arrives-in-new-delhi-to-participate-in-india-ai-impact-summit/ HTTP/1.1" 200 20516 "http://www.middleeastoday.com/?p=11250" "Mozilla/5.0 AppleWebKit/537.36 (KHTML, like Gecko; compatible; GPTBot/1.3; +https://openai.com/gptbot)"
74.7.243.195 - - [02/Mar/2026:11:01:15 -0500] "GET /wp-content/uploads/2026/02/AI-850x560.jpg HTTP/1.1" 200 48406 "http://www.middleeastoday.com/on-behalf-of-uae-president-crown-prince-of-abu-dhabi-arrives-in-new-delhi-to-participate-in-india-ai-impact-summit/" "Mozilla/5.0 AppleWebKit/537.36 (KHTML, like Gecko; compatible; GPTBot/1.3; +https://openai.com/gptbot)"
74.7.243.195 - - [02/Mar/2026:10:59:05 -0500] "GET /on-behalf-of-uae-president-crown-prince-of-abu-dhabi-arrives-in-new-delhi-to-participate-in-india-ai-impact-summit/ HTTP/1.1" 200 20516 "http://www.middleeastoday.com/difc-announces-future-sustainability-forum-in-dubai/" "Mozilla/5.0 AppleWebKit/537.36 (KHTML, like Gecko; compatible; GPTBot/1.3; +https://openai.com/gptbot)"
74.7.243.195 - - [02/Mar/2026:10:59:10 -0500] "GET /fame-king-vasu-jit-kalia-takes-the-centre-stage-with-the-media-strategist-of-the-year-award/ HTTP/1.1" 200 20437 "http://www.middleeastoday.com/difc-announces-future-sustainability-forum-in-dubai/" "Mozilla/5.0 AppleWebKit/537.36 (KHTML, like Gecko; compatible; GPTBot/1.3; +https://openai.com/gptbot)"
74.7.243.195 - - [02/Mar/2026:10:59:18 -0500] "GET /uae-and-gabon-presidents-discuss-strengthening-bilateral-ties/ HTTP/1.1" 200 20349 "http://www.middleeastoday.com/difc-announces-future-sustainability-forum-in-dubai/" "Mozilla/5.0 AppleWebKit/537.36 (KHTML, like Gecko; compatible; GPTBot/1.3; +https://openai.com/gptbot)"
74.7.243.195 - - [02/Mar/2026:11:00:02 -0500] "GET /wp-content/plugins/elementor-pro/modules/lottie/assets/animations/default.json HTTP/1.1" 200 112811 "http://www.middleeastoday.com/difc-announces-future-sustainability-forum-in-dubai/" "Mozilla/5.0 AppleWebKit/537.36 (KHTML, like Gecko; compatible; GPTBot/1.3; +https://openai.com/gptbot)"
74.7.243.195 - - [02/Mar/2026:11:00:12 -0500] "GET /category/news/ HTTP/1.1" 200 19207 "http://www.middleeastoday.com/difc-announces-future-sustainability-forum-in-dubai/" "Mozilla/5.0 AppleWebKit/537.36 (KHTML, like Gecko; compatible; GPTBot/1.3; +https://openai.com/gptbot)"
74.7.243.195 - - [02/Mar/2026:11:00:13 -0500] "GET /category/national-news/ HTTP/1.1" 200 20727 "http://www.middleeastoday.com/difc-announces-future-sustainability-forum-in-dubai/" "Mozilla/5.0 AppleWebKit/537.36 (KHTML, like Gecko; compatible; GPTBot/1.3; +https://openai.com/gptbot)"
74.7.243.195 - - [02/Mar/2026:11:00:13 -0500] "GET /sankari-and-ihg-hotels-resorts-to-launch-the-worlds-first-upper-luxury-standalone-regent-residences-in-dubai/ HTTP/1.1" 200 20961 "http://www.middleeastoday.com/category/real-estate/" "Mozilla/5.0 AppleWebKit/537.36 (KHTML, like Gecko; compatible; GPTBot/1.3; +https://openai.com/gptbot)"
74.7.243.195 - - [02/Mar/2026:11:00:15 -0500] "GET /joby-to-launch-air-taxi-service-in-uae/ HTTP/1.1" 200 21962 "http://www.middleeastoday.com/category/products/" "Mozilla/5.0 AppleWebKit/537.36 (KHTML, like Gecko; compatible; GPTBot/1.3; +https://openai.com/gptbot)"
74.7.243.195 - - [02/Mar/2026:11:00:16 -0500] "GET /arada-kicks-off-construction-at-armani-beach-residences-at-palm-jumeirah-with-award-of-first-contract/ HTTP/1.1" 200 21343 "http://www.middleeastoday.com/category/real-estate/" "Mozilla/5.0 AppleWebKit/537.36 (KHTML, like Gecko; compatible; GPTBot/1.3; +https://openai.com/gptbot)"
162.213.253.84 - - [02/Mar/2026:11:00:31 -0500] "POST /wp-cron.php?doing_wp_cron=1772467231.9273378849029541015625 HTTP/1.1" 200 0 "-" "WordPress/6.8.1; http://www.middleeastoday.com"
74.7.243.195 - - [02/Mar/2026:11:00:31 -0500] "GET /?p=11250 HTTP/1.1" 301 0 "http://www.middleeastoday.com/on-behalf-of-uae-president-crown-prince-of-abu-dhabi-arrives-in-new-delhi-to-participate-in-india-ai-impact-summit/" "Mozilla/5.0 AppleWebKit/537.36 (KHTML, like Gecko; compatible; GPTBot/1.3; +https://openai.com/gptbot)"
162.213.253.84 - - [02/Mar/2026:11:00:33 -0500] "POST /wp-admin/admin-ajax.php?action=async_litespeed&nonce=AANRCqMRplzxHn1KEUaouucsB68MtbbX&litespeed_type=imgoptm HTTP/1.1" 200 21 "-" "WordPress/6.8.1; http://www.middleeastoday.com"
74.7.243.195 - - [02/Mar/2026:11:00:57 -0500] "GET /wp-content/uploads/2026/02/AI-1024x683.jpg HTTP/1.1" 200 64256 "http://www.middleeastoday.com/on-behalf-of-uae-president-crown-prince-of-abu-dhabi-arrives-in-new-delhi-to-participate-in-india-ai-impact-summit/" "Mozilla/5.0 AppleWebKit/537.36 (KHTML, like Gecko; compatible; GPTBot/1.3; +https://openai.com/gptbot)"
162.213.253.84 - - [02/Mar/2026:11:01:25 -0500] "POST /wp-cron.php?doing_wp_cron=1772467285.0958449840545654296875 HTTP/1.1" 200 0 "-" "WordPress/6.8.1; http://www.middleeastoday.com"
162.213.253.84 - - [02/Mar/2026:11:01:25 -0500] "POST /wp-admin/admin-ajax.php?action=async_litespeed&nonce=Lc6KMgHGA0S86lxnTVoB3RWBnIrzsmyb&litespeed_type=imgoptm HTTP/1.1" 200 21 "-" "WordPress/6.8.1; http://www.middleeastoday.com"
74.7.243.195 - - [02/Mar/2026:11:01:25 -0500] "GET /?p=11246 HTTP/1.1" 301 0 "http://www.middleeastoday.com/uae-and-gabon-presidents-discuss-strengthening-bilateral-ties/" "Mozilla/5.0 AppleWebKit/537.36 (KHTML, like Gecko; compatible; GPTBot/1.3; +https://openai.com/gptbot)"
74.7.243.195 - - [02/Mar/2026:11:01:28 -0500] "GET /wp-content/uploads/2026/02/Millionarie-Lifestyle-wards-1024x683.jpeg HTTP/1.1" 200 228442 "http://www.middleeastoday.com/fame-king-vasu-jit-kalia-takes-the-centre-stage-with-the-media-strategist-of-the-year-award/" "Mozilla/5.0 AppleWebKit/537.36 (KHTML, like Gecko; compatible; GPTBot/1.3; +https://openai.com/gptbot)"
74.7.243.195 - - [02/Mar/2026:11:01:29 -0500] "GET /wp-content/uploads/2026/02/Gabon-1024x683.jpg HTTP/1.1" 200 96256 "http://www.middleeastoday.com/uae-and-gabon-presidents-discuss-strengthening-bilateral-ties/" "Mozilla/5.0 AppleWebKit/537.36 (KHTML, like Gecko; compatible; GPTBot/1.3; +https://openai.com/gptbot)"
74.7.243.195 - - [02/Mar/2026:11:01:29 -0500] "GET /?p=11235 HTTP/1.1" 301 0 "http://www.middleeastoday.com/uae-russian-presidents-hold-talks-in-moscow-to-strengthen-strategic-partnership/" "Mozilla/5.0 AppleWebKit/537.36 (KHTML, like Gecko; compatible; GPTBot/1.3; +https://openai.com/gptbot)"
74.7.243.195 - - [02/Mar/2026:11:01:32 -0500] "GET /gold-tops-us5000-per-ounce-first-time-ever/ HTTP/1.1" 200 19710 "http://www.middleeastoday.com/?p=11238" "Mozilla/5.0 AppleWebKit/537.36 (KHTML, like Gecko; compatible; GPTBot/1.3; +https://openai.com/gptbot)"
74.7.243.195 - - [02/Mar/2026:11:01:34 -0500] "GET /cop28-president-designate-advances-innovative-climate-finance-leveraging-public-business-and-philanthropic-capital/ HTTP/1.1" 200 24570 "http://www.middleeastoday.com/?p=10200" "Mozilla/5.0 AppleWebKit/537.36 (KHTML, like Gecko; compatible; GPTBot/1.3; +https://openai.com/gptbot)"
74.7.243.195 - - [02/Mar/2026:11:01:35 -0500] "GET /wp-content/uploads/2026/01/Gold-1-1024x683.jpg HTTP/1.1" 200 62856 "http://www.middleeastoday.com/gold-tops-us5000-per-ounce-first-time-ever/" "Mozilla/5.0 AppleWebKit/537.36 (KHTML, like Gecko; compatible; GPTBot/1.3; +https://openai.com/gptbot)"
74.7.243.195 - - [02/Mar/2026:11:01:43 -0500] "GET /wp-content/uploads/2026/01/Russia-1-850x560.jpg HTTP/1.1" 200 83420 "http://www.middleeastoday.com/author/admin/" "Mozilla/5.0 AppleWebKit/537.36 (KHTML, like Gecko; compatible; GPTBot/1.3; +https://openai.com/gptbot)"
74.7.243.195 - - [02/Mar/2026:11:01:51 -0500] "GET /?p=10676 HTTP/1.1" 301 0 "http://www.middleeastoday.com/sankari-and-ihg-hotels-resorts-to-launch-the-worlds-first-upper-luxury-standalone-regent-residences-in-dubai/" "Mozilla/5.0 AppleWebKit/537.36 (KHTML, like Gecko; compatible; GPTBot/1.3; +https://openai.com/gptbot)"
74.7.243.195 - - [02/Mar/2026:11:01:51 -0500] "GET /sankari-and-ihg-hotels-resorts-to-launch-the-worlds-first-upper-luxury-standalone-regent-residences-in-dubai/ HTTP/1.1" 200 20961 "http://www.middleeastoday.com/?p=10676" "Mozilla/5.0 AppleWebKit/537.36 (KHTML, like Gecko; compatible; GPTBot/1.3; +https://openai.com/gptbot)"
74.7.243.195 - - [02/Mar/2026:11:02:10 -0500] "GET /?p=10185 HTTP/1.1" 301 0 "http://www.middleeastoday.com/get-set-to-take-on-the-sun-with-summer-survival-kit-from-sesderma/" "Mozilla/5.0 AppleWebKit/537.36 (KHTML, like Gecko; compatible; GPTBot/1.3; +https://openai.com/gptbot)"
74.7.243.195 - - [02/Mar/2026:11:02:11 -0500] "GET /get-set-to-take-on-the-sun-with-summer-survival-kit-from-sesderma/ HTTP/1.1" 200 21129 "http://www.middleeastoday.com/?p=10185" "Mozilla/5.0 AppleWebKit/537.36 (KHTML, like Gecko; compatible; GPTBot/1.3; +https://openai.com/gptbot)"
74.7.243.195 - - [02/Mar/2026:11:01:17 -0500] "GET /?p=10205 HTTP/1.1" 301 0 "http://www.middleeastoday.com/uae-president-holds-official-reception-for-indian-pm/" "Mozilla/5.0 AppleWebKit/537.36 (KHTML, like Gecko; compatible; GPTBot/1.3; +https://openai.com/gptbot)"
74.7.243.195 - - [02/Mar/2026:11:01:18 -0500] "GET /uae-president-holds-official-reception-for-indian-pm/ HTTP/1.1" 200 20736 "http://www.middleeastoday.com/?p=10205" "Mozilla/5.0 AppleWebKit/537.36 (KHTML, like Gecko; compatible; GPTBot/1.3; +https://openai.com/gptbot)"
74.7.243.195 - - [02/Mar/2026:11:01:21 -0500] "GET /wp-content/uploads/2026/02/Gabon-850x560.jpg HTTP/1.1" 200 72627 "http://www.middleeastoday.com/on-behalf-of-uae-president-crown-prince-of-abu-dhabi-arrives-in-new-delhi-to-participate-in-india-ai-impact-summit/" "Mozilla/5.0 AppleWebKit/537.36 (KHTML, like Gecko; compatible; GPTBot/1.3; +https://openai.com/gptbot)"
74.7.243.195 - - [02/Mar/2026:11:01:24 -0500] "GET /?p=11242 HTTP/1.1" 301 0 "http://www.middleeastoday.com/fame-king-vasu-jit-kalia-takes-the-centre-stage-with-the-media-strategist-of-the-year-award/" "Mozilla/5.0 AppleWebKit/537.36 (KHTML, like Gecko; compatible; GPTBot/1.3; +https://openai.com/gptbot)"
74.7.243.195 - - [02/Mar/2026:11:01:25 -0500] "GET /fame-king-vasu-jit-kalia-takes-the-centre-stage-with-the-media-strategist-of-the-year-award/ HTTP/1.1" 200 20437 "http://www.middleeastoday.com/?p=11242" "Mozilla/5.0 AppleWebKit/537.36 (KHTML, like Gecko; compatible; GPTBot/1.3; +https://openai.com/gptbot)"
74.7.243.195 - - [02/Mar/2026:11:01:26 -0500] "GET /uae-and-gabon-presidents-discuss-strengthening-bilateral-ties/ HTTP/1.1" 200 20349 "http://www.middleeastoday.com/?p=11246" "Mozilla/5.0 AppleWebKit/537.36 (KHTML, like Gecko; compatible; GPTBot/1.3; +https://openai.com/gptbot)"
74.7.243.195 - - [02/Mar/2026:11:01:27 -0500] "GET /wp-content/uploads/2026/01/Gold-1-850x560.jpg HTTP/1.1" 200 46957 "http://www.middleeastoday.com/fame-king-vasu-jit-kalia-takes-the-centre-stage-with-the-media-strategist-of-the-year-award/" "Mozilla/5.0 AppleWebKit/537.36 (KHTML, like Gecko; compatible; GPTBot/1.3; +https://openai.com/gptbot)"
162.213.253.84 - - [02/Mar/2026:11:01:30 -0500] "POST /wp-cron.php?doing_wp_cron=1772467290.4002220630645751953125 HTTP/1.1" 200 0 "-" "WordPress/6.8.1; http://www.middleeastoday.com"
74.7.243.195 - - [02/Mar/2026:11:01:30 -0500] "GET /uae-russian-presidents-hold-talks-in-moscow-to-strengthen-strategic-partnership/ HTTP/1.1" 200 21452 "http://www.middleeastoday.com/?p=11235" "Mozilla/5.0 AppleWebKit/537.36 (KHTML, like Gecko; compatible; GPTBot/1.3; +https://openai.com/gptbot)"
74.7.243.195 - - [02/Mar/2026:11:01:31 -0500] "GET /?p=11238 HTTP/1.1" 301 0 "http://www.middleeastoday.com/gold-tops-us5000-per-ounce-first-time-ever/" "Mozilla/5.0 AppleWebKit/537.36 (KHTML, like Gecko; compatible; GPTBot/1.3; +https://openai.com/gptbot)"
74.7.243.195 - - [02/Mar/2026:11:01:33 -0500] "GET /?p=10200 HTTP/1.1" 301 0 "http://www.middleeastoday.com/cop28-president-designate-advances-innovative-climate-finance-leveraging-public-business-and-philanthropic-capital/" "Mozilla/5.0 AppleWebKit/537.36 (KHTML, like Gecko; compatible; GPTBot/1.3; +https://openai.com/gptbot)"
74.7.243.195 - - [02/Mar/2026:11:02:13 -0500] "GET /?p=10438 HTTP/1.1" 301 0 "http://www.middleeastoday.com/joby-to-launch-air-taxi-service-in-uae/" "Mozilla/5.0 AppleWebKit/537.36 (KHTML, like Gecko; compatible; GPTBot/1.3; +https://openai.com/gptbot)"
74.7.243.195 - - [02/Mar/2026:11:02:16 -0500] "GET /?p=10765 HTTP/1.1" 301 0 "http://www.middleeastoday.com/arada-kicks-off-construction-at-armani-beach-residences-at-palm-jumeirah-with-award-of-first-contract/" "Mozilla/5.0 AppleWebKit/537.36 (KHTML, like Gecko; compatible; GPTBot/1.3; +https://openai.com/gptbot)"
74.7.243.195 - - [02/Mar/2026:11:02:14 -0500] "GET /joby-to-launch-air-taxi-service-in-uae/ HTTP/1.1" 200 21962 "http://www.middleeastoday.com/?p=10438" "Mozilla/5.0 AppleWebKit/537.36 (KHTML, like Gecko; compatible; GPTBot/1.3; +https://openai.com/gptbot)"
74.7.243.195 - - [02/Mar/2026:11:02:19 -0500] "GET /?p=10688 HTTP/1.1" 301 0 "http://www.middleeastoday.com/honeywell-aviator-hi-fi-audio-system-that-promises-superior-sound-quality-and-sophistication/" "Mozilla/5.0 AppleWebKit/537.36 (KHTML, like Gecko; compatible; GPTBot/1.3; +https://openai.com/gptbot)"
74.7.243.195 - - [02/Mar/2026:11:02:19 -0500] "GET /honeywell-aviator-hi-fi-audio-system-that-promises-superior-sound-quality-and-sophistication/ HTTP/1.1" 200 22032 "http://www.middleeastoday.com/?p=10688" "Mozilla/5.0 AppleWebKit/537.36 (KHTML, like Gecko; compatible; GPTBot/1.3; +https://openai.com/gptbot)"
74.7.243.195 - - [02/Mar/2026:11:02:21 -0500] "GET /evelina-yanchenko-walking-high-on-the-wall-of-fame/ HTTP/1.1" 200 21147 "http://www.middleeastoday.com/?p=10581" "Mozilla/5.0 AppleWebKit/537.36 (KHTML, like Gecko; compatible; GPTBot/1.3; +https://openai.com/gptbot)"
162.213.253.84 - - [02/Mar/2026:11:02:22 -0500] "POST /wp-cron.php?doing_wp_cron=1772467342.7750670909881591796875 HTTP/1.1" 200 0 "-" "WordPress/6.8.1; http://www.middleeastoday.com"
74.7.243.195 - - [02/Mar/2026:11:02:22 -0500] "GET /abu-dhabi-heritage-authority-showcases-emirati-culture-at-moroccos-tan-tan-moussem/ HTTP/1.1" 200 20942 "http://www.middleeastoday.com/?p=10601" "Mozilla/5.0 AppleWebKit/537.36 (KHTML, like Gecko; compatible; GPTBot/1.3; +https://openai.com/gptbot)"
162.213.253.84 - - [02/Mar/2026:11:02:25 -0500] "POST /wp-cron.php?doing_wp_cron=1772467345.7373769283294677734375 HTTP/1.1" 200 0 "-" "WordPress/6.8.1; http://www.middleeastoday.com"
74.7.243.195 - - [02/Mar/2026:11:02:25 -0500] "GET /?p=11171 HTTP/1.1" 301 0 "http://www.middleeastoday.com/rolls-royce-motor-cars-dubai-lifts-the-veil-on-centenary-phantom-series/" "Mozilla/5.0 AppleWebKit/537.36 (KHTML, like Gecko; compatible; GPTBot/1.3; +https://openai.com/gptbot)"
74.7.243.195 - - [02/Mar/2026:11:02:25 -0500] "GET /rolls-royce-motor-cars-dubai-lifts-the-veil-on-centenary-phantom-series/ HTTP/1.1" 200 20741 "http://www.middleeastoday.com/?p=11171" "Mozilla/5.0 AppleWebKit/537.36 (KHTML, like Gecko; compatible; GPTBot/1.3; +https://openai.com/gptbot)"
74.7.243.195 - - [02/Mar/2026:11:02:41 -0500] "GET /wp-content/uploads/2026/01/Dubai-850x560.jpg HTTP/1.1" 200 105243 "http://www.middleeastoday.com/author/admin/" "Mozilla/5.0 AppleWebKit/537.36 (KHTML, like Gecko; compatible; GPTBot/1.3; +https://openai.com/gptbot)"
74.7.243.195 - - [02/Mar/2026:11:02:41 -0500] "GET /wp-content/uploads/2026/01/ADNOC-Gas--850x560.jpeg HTTP/1.1" 200 71923 "http://www.middleeastoday.com/uae-russian-presidents-hold-talks-in-moscow-to-strengthen-strategic-partnership/" "Mozilla/5.0 AppleWebKit/537.36 (KHTML, like Gecko; compatible; GPTBot/1.3; +https://openai.com/gptbot)"
74.7.243.195 - - [02/Mar/2026:11:02:44 -0500] "GET /uae-president-receives-credentials-of-newly-appointed-ambassadors/ HTTP/1.1" 200 20797 "http://www.middleeastoday.com/category/national-news/" "Mozilla/5.0 AppleWebKit/537.36 (KHTML, like Gecko; compatible; GPTBot/1.3; +https://openai.com/gptbot)"
74.7.243.195 - - [02/Mar/2026:11:02:48 -0500] "GET /wp-content/uploads/2026/02/Millionarie-Lifestyle-wards-850x560.jpeg HTTP/1.1" 200 171124 "http://www.middleeastoday.com/fame-king-vasu-jit-kalia-takes-the-centre-stage-with-the-media-strategist-of-the-year-award/" "Mozilla/5.0 AppleWebKit/537.36 (KHTML, like Gecko; compatible; GPTBot/1.3; +https://openai.com/gptbot)"
74.7.243.195 - - [02/Mar/2026:11:03:08 -0500] "GET /wp-content/uploads/2026/01/Russia-850x560.jpg HTTP/1.1" 200 125052 "http://www.middleeastoday.com/uae-russian-presidents-hold-talks-in-moscow-to-strengthen-strategic-partnership/" "Mozilla/5.0 AppleWebKit/537.36 (KHTML, like Gecko; compatible; GPTBot/1.3; +https://openai.com/gptbot)"
74.7.243.195 - - [02/Mar/2026:11:02:17 -0500] "GET /arada-kicks-off-construction-at-armani-beach-residences-at-palm-jumeirah-with-award-of-first-contract/ HTTP/1.1" 200 21343 "http://www.middleeastoday.com/?p=10765" "Mozilla/5.0 AppleWebKit/537.36 (KHTML, like Gecko; compatible; GPTBot/1.3; +https://openai.com/gptbot)"
74.7.243.195 - - [02/Mar/2026:11:02:20 -0500] "GET /?p=10581 HTTP/1.1" 301 0 "http://www.middleeastoday.com/evelina-yanchenko-walking-high-on-the-wall-of-fame/" "Mozilla/5.0 AppleWebKit/537.36 (KHTML, like Gecko; compatible; GPTBot/1.3; +https://openai.com/gptbot)"
74.7.243.195 - - [02/Mar/2026:11:02:22 -0500] "GET /?p=10601 HTTP/1.1" 301 0 "http://www.middleeastoday.com/abu-dhabi-heritage-authority-showcases-emirati-culture-at-moroccos-tan-tan-moussem/" "Mozilla/5.0 AppleWebKit/537.36 (KHTML, like Gecko; compatible; GPTBot/1.3; +https://openai.com/gptbot)"
162.213.253.84 - - [02/Mar/2026:11:02:23 -0500] "POST /wp-admin/admin-ajax.php?action=async_litespeed&nonce=gmfzWb629MI1KZPpCw6LcWZhAp5A7KAB&litespeed_type=imgoptm HTTP/1.1" 200 21 "-" "WordPress/6.8.1; http://www.middleeastoday.com"
74.7.243.195 - - [02/Mar/2026:11:02:37 -0500] "GET /?p=11113 HTTP/1.1" 301 0 "http://www.middleeastoday.com/international-reports-real-estate-key-driver-of-uae-economic-growth/" "Mozilla/5.0 AppleWebKit/537.36 (KHTML, like Gecko; compatible; GPTBot/1.3; +https://openai.com/gptbot)"
74.7.243.195 - - [02/Mar/2026:11:02:38 -0500] "GET /international-reports-real-estate-key-driver-of-uae-economic-growth/ HTTP/1.1" 200 21377 "http://www.middleeastoday.com/?p=11113" "Mozilla/5.0 AppleWebKit/537.36 (KHTML, like Gecko; compatible; GPTBot/1.3; +https://openai.com/gptbot)"
74.7.243.195 - - [02/Mar/2026:11:02:40 -0500] "GET /mohammed-bin-rashid-attends-33rd-arab-league-summit-in-bahrain/ HTTP/1.1" 200 21743 "http://www.middleeastoday.com/category/uncategorized/" "Mozilla/5.0 AppleWebKit/537.36 (KHTML, like Gecko; compatible; GPTBot/1.3; +https://openai.com/gptbot)"
74.7.243.195 - - [02/Mar/2026:11:02:40 -0500] "GET /wp-content/uploads/2023/07/THE-Young-University-Rankings-850x560.jpg HTTP/1.1" 200 134791 "http://www.middleeastoday.com/get-set-to-take-on-the-sun-with-summer-survival-kit-from-sesderma/" "Mozilla/5.0 AppleWebKit/537.36 (KHTML, like Gecko; compatible; GPTBot/1.3; +https://openai.com/gptbot)"
74.7.243.195 - - [02/Mar/2026:11:02:42 -0500] "GET /mansour-bin-zayed-meets-emir-of-qatar-in-sharm-el-sheikh/ HTTP/1.1" 200 20214 "http://www.middleeastoday.com/category/uncategorized/" "Mozilla/5.0 AppleWebKit/537.36 (KHTML, like Gecko; compatible; GPTBot/1.3; +https://openai.com/gptbot)"
74.7.243.195 - - [02/Mar/2026:11:03:15 -0500] "GET /i-love-being-in-dubai-and-i-could-be-a-bond-baddie-shah-rukh-khan/ HTTP/1.1" 200 21034 "http://www.middleeastoday.com/joby-to-launch-air-taxi-service-in-uae/" "Mozilla/5.0 AppleWebKit/537.36 (KHTML, like Gecko; compatible; GPTBot/1.3; +https://openai.com/gptbot)"
74.7.243.195 - - [02/Mar/2026:11:03:16 -0500] "GET /uae-president-receives-prime-minister-of-kurdistan-region-of-iraq/ HTTP/1.1" 200 20202 "http://www.middleeastoday.com/category/national-news/" "Mozilla/5.0 AppleWebKit/537.36 (KHTML, like Gecko; compatible; GPTBot/1.3; +https://openai.com/gptbot)"
74.7.243.195 - - [02/Mar/2026:11:03:17 -0500] "GET /uae-participates-in-brics-tourism-ministers-meeting-in-moscow/ HTTP/1.1" 200 20543 "http://www.middleeastoday.com/abu-dhabi-heritage-authority-showcases-emirati-culture-at-moroccos-tan-tan-moussem/" "Mozilla/5.0 AppleWebKit/537.36 (KHTML, like Gecko; compatible; GPTBot/1.3; +https://openai.com/gptbot)"
74.7.243.195 - - [02/Mar/2026:11:03:17 -0500] "GET /sheikh-zayed-festival-planning-to-host-one-of-the-largest-new-years-eve-celebrations-in-the-uae/ HTTP/1.1" 200 21057 "http://www.middleeastoday.com/category/uncategorized/" "Mozilla/5.0 AppleWebKit/537.36 (KHTML, like Gecko; compatible; GPTBot/1.3; +https://openai.com/gptbot)"
74.7.243.195 - - [02/Mar/2026:11:03:19 -0500] "GET /adnoc-gas-sees-potential-to-advance-ruwais-lng-commercial-start/ HTTP/1.1" 200 21720 "http://www.middleeastoday.com/uae-russian-presidents-hold-talks-in-moscow-to-strengthen-strategic-partnership/" "Mozilla/5.0 AppleWebKit/537.36 (KHTML, like Gecko; compatible; GPTBot/1.3; +https://openai.com/gptbot)"
74.7.243.195 - - [02/Mar/2026:11:03:19 -0500] "GET /sharjah-illuminates-paris-with-its-unesco-arab-culture-award/ HTTP/1.1" 200 22146 "http://www.middleeastoday.com/arada-kicks-off-construction-at-armani-beach-residences-at-palm-jumeirah-with-award-of-first-contract/" "Mozilla/5.0 AppleWebKit/537.36 (KHTML, like Gecko; compatible; GPTBot/1.3; +https://openai.com/gptbot)"
74.7.243.195 - - [02/Mar/2026:11:03:20 -0500] "GET /taraf-unveils-w-residences-in-al-maryah-island-bringing-distinctive-luxury-living-to-abu-dhabi/ HTTP/1.1" 200 21321 "http://www.middleeastoday.com/honeywell-aviator-hi-fi-audio-system-that-promises-superior-sound-quality-and-sophistication/" "Mozilla/5.0 AppleWebKit/537.36 (KHTML, like Gecko; compatible; GPTBot/1.3; +https://openai.com/gptbot)"
74.7.243.195 - - [02/Mar/2026:11:03:28 -0500] "GET /wp-content/uploads/2026/01/Russia-1024x683.jpg HTTP/1.1" 200 172308 "http://www.middleeastoday.com/uae-russian-presidents-hold-talks-in-moscow-to-strengthen-strategic-partnership/" "Mozilla/5.0 AppleWebKit/537.36 (KHTML, like Gecko; compatible; GPTBot/1.3; +https://openai.com/gptbot)"
74.7.243.195 - - [02/Mar/2026:11:03:42 -0500] "GET /uae-president-emir-of-qatar-discuss-fraternal-ties-regional-developments-in-phone-call/ HTTP/1.1" 200 20025 "http://www.middleeastoday.com/author/admin/" "Mozilla/5.0 AppleWebKit/537.36 (KHTML, like Gecko; compatible; GPTBot/1.3; +https://openai.com/gptbot)"
74.7.243.195 - - [02/Mar/2026:11:03:43 -0500] "GET /uae-leaders-congratulate-prime-minister-of-finland-on-formation-of-new-government/ HTTP/1.1" 200 20437 "http://www.middleeastoday.com/cop28-president-designate-advances-innovative-climate-finance-leveraging-public-business-and-philanthropic-capital/" "Mozilla/5.0 AppleWebKit/537.36 (KHTML, like Gecko; compatible; GPTBot/1.3; +https://openai.com/gptbot)"
74.7.243.195 - - [02/Mar/2026:11:03:44 -0500] "GET /his-highness-sheikh-mohammed-bin-rashid-reviews-cultural-district-project-in-dubai-south/ HTTP/1.1" 200 21434 "http://www.middleeastoday.com/category/news/" "Mozilla/5.0 AppleWebKit/537.36 (KHTML, like Gecko; compatible; GPTBot/1.3; +https://openai.com/gptbot)"
162.213.253.84 - - [02/Mar/2026:11:03:43 -0500] "POST /wp-admin/admin-ajax.php?action=async_litespeed&nonce=DzhNVKpx7yaO0Uhtvkk9uHmiPjzo3gZG&litespeed_type=imgoptm HTTP/1.1" 200 21 "-" "WordPress/6.8.1; http://www.middleeastoday.com"
74.7.243.195 - - [02/Mar/2026:11:03:44 -0500] "GET /hamdan-bin-mohammed-concludes-official-visit-to-kuwait/ HTTP/1.1" 200 20338 "http://www.middleeastoday.com/sankari-and-ihg-hotels-resorts-to-launch-the-worlds-first-upper-luxury-standalone-regent-residences-in-dubai/" "Mozilla/5.0 AppleWebKit/537.36 (KHTML, like Gecko; compatible; GPTBot/1.3; +https://openai.com/gptbot)"
74.7.243.195 - - [02/Mar/2026:11:03:45 -0500] "GET /supreme-committee-to-oversee-the-development-of-hatta-implements-series-of-projects/ HTTP/1.1" 200 27964 "http://www.middleeastoday.com/category/travel-tourism/destinations/" "Mozilla/5.0 AppleWebKit/537.36 (KHTML, like Gecko; compatible; GPTBot/1.3; +https://openai.com/gptbot)"
216.73.216.24 - - [02/Mar/2026:11:04:05 -0500] "GET /author/admin/page/4 HTTP/1.1" 301 0 "-" "Mozilla/5.0 AppleWebKit/537.36 (KHTML, like Gecko; compatible; ClaudeBot/1.0; [email protected])"
162.213.253.84 - - [02/Mar/2026:11:04:05 -0500] "POST /wp-cron.php?doing_wp_cron=1772467445.2477779388427734375000 HTTP/1.1" 200 0 "-" "WordPress/6.8.1; http://www.middleeastoday.com"
216.73.216.24 - - [02/Mar/2026:11:04:05 -0500] "GET /author/admin/page/4/ HTTP/1.1" 200 21223 "http://www.middleeastoday.com/author/admin/page/4" "Mozilla/5.0 AppleWebKit/537.36 (KHTML, like Gecko; compatible; ClaudeBot/1.0; [email protected])"
74.7.243.195 - - [02/Mar/2026:11:03:40 -0500] "GET /adek-indias-ministry-of-education-partner-to-establish-first-iit-delhi-international-campus-in-abu-dhabi/ HTTP/1.1" 200 22019 "http://www.middleeastoday.com/uae-president-holds-official-reception-for-indian-pm/" "Mozilla/5.0 AppleWebKit/537.36 (KHTML, like Gecko; compatible; GPTBot/1.3; +https://openai.com/gptbot)"
162.213.253.84 - - [02/Mar/2026:11:03:42 -0500] "POST /wp-cron.php?doing_wp_cron=1772467422.9883639812469482421875 HTTP/1.1" 200 0 "-" "WordPress/6.8.1; http://www.middleeastoday.com"
74.7.243.195 - - [02/Mar/2026:11:03:45 -0500] "GET /dubais-heritage-and-vibrant-history-highlighted-in-washington/ HTTP/1.1" 200 21036 "http://www.middleeastoday.com/category/travel-tourism/destinations/" "Mozilla/5.0 AppleWebKit/537.36 (KHTML, like Gecko; compatible; GPTBot/1.3; +https://openai.com/gptbot)"
74.7.243.195 - - [02/Mar/2026:11:03:46 -0500] "GET /wp-content/uploads/2025/08/Russian-850x560.jpg HTTP/1.1" 200 42109 "http://www.middleeastoday.com/category/uncategorized/" "Mozilla/5.0 AppleWebKit/537.36 (KHTML, like Gecko; compatible; GPTBot/1.3; +https://openai.com/gptbot)"
74.7.243.195 - - [02/Mar/2026:11:03:53 -0500] "GET /uae-leaders-congratulate-new-ethiopean-president/ HTTP/1.1" 200 19940 "http://www.middleeastoday.com/honeywell-aviator-hi-fi-audio-system-that-promises-superior-sound-quality-and-sophistication/" "Mozilla/5.0 AppleWebKit/537.36 (KHTML, like Gecko; compatible; GPTBot/1.3; +https://openai.com/gptbot)"
74.7.243.195 - - [02/Mar/2026:11:04:00 -0500] "GET /dubai-south-announces-successful-first-stage-trials-of-autonomous-vehicle/ HTTP/1.1" 200 21093 "http://www.middleeastoday.com/category/products/" "Mozilla/5.0 AppleWebKit/537.36 (KHTML, like Gecko; compatible; GPTBot/1.3; +https://openai.com/gptbot)"
216.73.216.24 - - [02/Mar/2026:11:04:04 -0500] "GET /robots.txt HTTP/1.1" 200 100 "-" "Mozilla/5.0 AppleWebKit/537.36 (KHTML, like Gecko; compatible; ClaudeBot/1.0; [email protected])"
216.73.216.24 - - [02/Mar/2026:11:04:04 -0500] "GET /author/admin/page/5 HTTP/1.1" 301 0 "-" "Mozilla/5.0 AppleWebKit/537.36 (KHTML, like Gecko; compatible; ClaudeBot/1.0; [email protected])"
74.7.243.195 - - [02/Mar/2026:11:04:06 -0500] "GET /?p=10556 HTTP/1.1" 301 0 "http://www.middleeastoday.com/mohammed-bin-rashid-attends-33rd-arab-league-summit-in-bahrain/" "Mozilla/5.0 AppleWebKit/537.36 (KHTML, like Gecko; compatible; GPTBot/1.3; +https://openai.com/gptbot)"
74.7.243.195 - - [02/Mar/2026:11:04:15 -0500] "GET /?p=11148 HTTP/1.1" 301 0 "http://www.middleeastoday.com/uae-president-receives-credentials-of-newly-appointed-ambassadors/" "Mozilla/5.0 AppleWebKit/537.36 (KHTML, like Gecko; compatible; GPTBot/1.3; +https://openai.com/gptbot)"
74.7.243.195 - - [02/Mar/2026:11:04:16 -0500] "GET /uae-president-receives-turkish-foreign-minister/ HTTP/1.1" 200 20509 "http://www.middleeastoday.com/mohammed-bin-rashid-attends-33rd-arab-league-summit-in-bahrain/" "Mozilla/5.0 AppleWebKit/537.36 (KHTML, like Gecko; compatible; GPTBot/1.3; +https://openai.com/gptbot)"
74.7.243.195 - - [02/Mar/2026:11:04:17 -0500] "GET /alef-group-announces-launch-of-samr-2-in-hayyan/ HTTP/1.1" 200 20438 "http://www.middleeastoday.com/category/real-estate/" "Mozilla/5.0 AppleWebKit/537.36 (KHTML, like Gecko; compatible; GPTBot/1.3; +https://openai.com/gptbot)"
74.7.243.195 - - [02/Mar/2026:11:04:24 -0500] "GET /al-montazah-parks-launches-exciting-summer-campaign/ HTTP/1.1" 200 22440 "http://www.middleeastoday.com/category/travel-tourism/destinations/" "Mozilla/5.0 AppleWebKit/537.36 (KHTML, like Gecko; compatible; GPTBot/1.3; +https://openai.com/gptbot)"
74.7.243.195 - - [02/Mar/2026:11:04:27 -0500] "GET /uae-president-king-of-bahrain-discuss-bilateral-ties-regional-developments/ HTTP/1.1" 200 20872 "http://www.middleeastoday.com/category/national-news/" "Mozilla/5.0 AppleWebKit/537.36 (KHTML, like Gecko; compatible; GPTBot/1.3; +https://openai.com/gptbot)"
74.7.243.195 - - [02/Mar/2026:11:04:29 -0500] "GET /?p=10442 HTTP/1.1" 301 0 "http://www.middleeastoday.com/i-love-being-in-dubai-and-i-could-be-a-bond-baddie-shah-rukh-khan/" "Mozilla/5.0 AppleWebKit/537.36 (KHTML, like Gecko; compatible; GPTBot/1.3; +https://openai.com/gptbot)"
74.7.243.195 - - [02/Mar/2026:11:04:30 -0500] "GET /i-love-being-in-dubai-and-i-could-be-a-bond-baddie-shah-rukh-khan/ HTTP/1.1" 200 21034 "http://www.middleeastoday.com/?p=10442" "Mozilla/5.0 AppleWebKit/537.36 (KHTML, like Gecko; compatible; GPTBot/1.3; +https://openai.com/gptbot)"
