162.213.253.84 - - [02/Mar/2026:13:06:43 -0500] "POST /wp-admin/admin-ajax.php?action=async_litespeed&nonce=W3yabiLTHh1oQ3zugHjdzwQ6eyOtYjr2&litespeed_type=imgoptm HTTP/1.1" 200 21 "-" "WordPress/6.8.1; http://www.middleeastoday.com"
74.7.243.195 - - [02/Mar/2026:13:07:50 -0500] "GET /flydubai-announces-record-profit-of-aed1-2-billion-for-2022/ HTTP/1.1" 200 23793 "http://www.middleeastoday.com/hebany-holding-sponsors-the-international-spanish-artist-at-art-dubai/" "Mozilla/5.0 AppleWebKit/537.36 (KHTML, like Gecko; compatible; GPTBot/1.3; +https://openai.com/gptbot)"
142.44.233.131 - - [02/Mar/2026:13:07:59 -0500] "GET /luxembourg-celebrates-national-day-at-expo-2020-dubai/ HTTP/1.1" 200 21392 "-" "Mozilla/5.0 (compatible; AhrefsBot/7.0; +http://ahrefs.com/robot/)"
74.7.243.195 - - [02/Mar/2026:13:08:30 -0500] "GET /dubai-international-financial-centre-records-strong-growth-in-h1-2022/ HTTP/1.1" 200 23767 "http://www.middleeastoday.com/uae-takes-part-in-3rd-g20-health-working-group-in-indonesia/" "Mozilla/5.0 AppleWebKit/537.36 (KHTML, like Gecko; compatible; GPTBot/1.3; +https://openai.com/gptbot)"
74.7.243.195 - - [02/Mar/2026:13:09:13 -0500] "GET /dubai-to-host-relocated-ifos-congress-in-2023/ HTTP/1.1" 200 21373 "http://www.middleeastoday.com/etihad-airways-leads-sustainable-aviation-with-week-of-intensive-flight-tests-to-reduce-carbon-emissions/" "Mozilla/5.0 AppleWebKit/537.36 (KHTML, like Gecko; compatible; GPTBot/1.3; +https://openai.com/gptbot)"
45.161.190.250 - - [02/Mar/2026:13:09:50 -0500] "GET http://www.middleeastoday.com/maktoum-bin-mohammed-offers-condolences-over-death-of-queen-elizabeth-ii/ HTTP/1.1" 200 23093 "-" "Mozilla/5.0 (Windows NT 10.0; Win64; x64) AppleWebKit/537.36 (KHTML, like Gecko) Chrome/71.0.3578.98 Safari/537.36"
85.208.96.197 - - [02/Mar/2026:13:10:18 -0500] "GET / HTTP/1.1" 200 38563 "-" "Mozilla/5.0 (compatible; SemrushBot/7~bl; +http://www.semrush.com/bot.html)"
74.7.243.195 - - [02/Mar/2026:13:10:32 -0500] "GET /author/admin/page/17/ HTTP/1.1" 200 21369 "http://www.middleeastoday.com/author/admin/page/16/" "Mozilla/5.0 AppleWebKit/537.36 (KHTML, like Gecko; compatible; GPTBot/1.3; +https://openai.com/gptbot)"
14.243.162.72 - - [02/Mar/2026:13:10:38 -0500] "GET http://www.middleeastoday.com/category/travel-tourism/page/5/ HTTP/1.1" 200 24419 "-" "Mozilla/5.0 (Windows NT 6.3; Win64; x64) AppleWebKit/537.36 (KHTML, like Gecko) Chrome/105.0.0.0 Safari/537.36"
74.7.243.195 - - [02/Mar/2026:13:10:53 -0500] "GET /?p=367 HTTP/1.1" 301 0 "http://www.middleeastoday.com/fujairah-ruler-receives-chief-executive-officer-of-enoc-group/" "Mozilla/5.0 AppleWebKit/537.36 (KHTML, like Gecko; compatible; GPTBot/1.3; +https://openai.com/gptbot)"
74.7.243.195 - - [02/Mar/2026:13:10:54 -0500] "GET /fujairah-ruler-receives-chief-executive-officer-of-enoc-group/ HTTP/1.1" 200 20016 "http://www.middleeastoday.com/?p=367" "Mozilla/5.0 AppleWebKit/537.36 (KHTML, like Gecko; compatible; GPTBot/1.3; +https://openai.com/gptbot)"
162.213.253.84 - - [02/Mar/2026:13:10:54 -0500] "POST /wp-admin/admin-ajax.php?action=async_litespeed&nonce=c1xQrShCRr02qVh24uActyrsrNaMHfdk&litespeed_type=imgoptm HTTP/1.1" 200 21 "-" "WordPress/6.8.1; http://www.middleeastoday.com"
74.7.243.195 - - [02/Mar/2026:13:11:15 -0500] "GET /most-noble-numbers-charity-auction-collects-aed53-million-for-1billion-meals-in-less-than-two-hours-in-dubai/ HTTP/1.1" 200 21912 "http://www.middleeastoday.com/fujairah-ruler-receives-chief-executive-officer-of-enoc-group/" "Mozilla/5.0 AppleWebKit/537.36 (KHTML, like Gecko; compatible; GPTBot/1.3; +https://openai.com/gptbot)"
43.155.125.172 - - [02/Mar/2026:13:11:19 -0500] "GET /wp-content/uploads/2022/04/64c2ad33-5b41-4d59-be1b-293b254ded91-768x119.jpeg HTTP/1.1" 200 18202 "-" "Mozilla/5.0 (Windows NT 10.0; Win64; x64) AppleWebKit/537.36"
162.213.253.84 - - [02/Mar/2026:13:11:42 -0500] "POST /wp-cron.php?doing_wp_cron=1772475102.7667379379272460937500 HTTP/1.1" 200 0 "-" "WordPress/6.8.1; http://www.middleeastoday.com"
74.7.243.195 - - [02/Mar/2026:13:11:55 -0500] "GET /five-out-of-this-world-things-to-do-at-dubais-museum-of-future-this-eid-al-adha/ HTTP/1.1" 200 21263 "http://www.middleeastoday.com/?p=8822" "Mozilla/5.0 AppleWebKit/537.36 (KHTML, like Gecko; compatible; GPTBot/1.3; +https://openai.com/gptbot)"
74.7.243.195 - - [02/Mar/2026:13:12:13 -0500] "GET /eci-terminus-group-cooperate-to-strengthen-digital-infrastructure-projects-in-uae-and-abroad/ HTTP/1.1" 200 21077 "http://www.middleeastoday.com/?p=7290" "Mozilla/5.0 AppleWebKit/537.36 (KHTML, like Gecko; compatible; GPTBot/1.3; +https://openai.com/gptbot)"
74.7.243.195 - - [02/Mar/2026:13:08:46 -0500] "GET /35-growth-rate-of-new-membership-in-ajman-chamber-during-2021/ HTTP/1.1" 200 20852 "http://www.middleeastoday.com/house-of-wisdom-ramadaniyat-shopping-art-interactive-workshops-for-children-and-more/" "Mozilla/5.0 AppleWebKit/537.36 (KHTML, like Gecko; compatible; GPTBot/1.3; +https://openai.com/gptbot)"
43.135.107.176 - - [02/Mar/2026:13:10:34 -0500] "GET /wp-content/uploads/2022/03/Museum-of-the-Future-850x560.jpg HTTP/1.1" 200 82123 "-" "Mozilla/5.0 (Windows NT 10.0; Win64; x64) AppleWebKit/537.36"
162.213.253.84 - - [02/Mar/2026:13:10:54 -0500] "POST /wp-cron.php?doing_wp_cron=1772475054.2589499950408935546875 HTTP/1.1" 200 0 "-" "WordPress/6.8.1; http://www.middleeastoday.com"
74.7.243.195 - - [02/Mar/2026:13:11:42 -0500] "GET /?p=9578 HTTP/1.1" 301 0 "http://www.middleeastoday.com/uae-president-chairs-adnoc-board-of-directors-meeting/" "Mozilla/5.0 AppleWebKit/537.36 (KHTML, like Gecko; compatible; GPTBot/1.3; +https://openai.com/gptbot)"
74.7.243.195 - - [02/Mar/2026:13:11:42 -0500] "GET /uae-president-chairs-adnoc-board-of-directors-meeting/ HTTP/1.1" 200 23718 "http://www.middleeastoday.com/?p=9578" "Mozilla/5.0 AppleWebKit/537.36 (KHTML, like Gecko; compatible; GPTBot/1.3; +https://openai.com/gptbot)"
162.213.253.84 - - [02/Mar/2026:13:11:43 -0500] "POST /wp-admin/admin-ajax.php?action=async_litespeed&nonce=aEENCdT8nunRCJdTq7kKlQuVei62egfY&litespeed_type=imgoptm HTTP/1.1" 200 21 "-" "WordPress/6.8.1; http://www.middleeastoday.com"
162.213.253.84 - - [02/Mar/2026:13:11:55 -0500] "POST /wp-cron.php?doing_wp_cron=1772475115.1872520446777343750000 HTTP/1.1" 200 0 "-" "WordPress/6.8.1; http://www.middleeastoday.com"
74.7.243.195 - - [02/Mar/2026:13:11:54 -0500] "GET /?p=8822 HTTP/1.1" 301 0 "http://www.middleeastoday.com/five-out-of-this-world-things-to-do-at-dubais-museum-of-future-this-eid-al-adha/" "Mozilla/5.0 AppleWebKit/537.36 (KHTML, like Gecko; compatible; GPTBot/1.3; +https://openai.com/gptbot)"
74.7.243.195 - - [02/Mar/2026:13:12:12 -0500] "GET /?p=7290 HTTP/1.1" 301 0 "http://www.middleeastoday.com/eci-terminus-group-cooperate-to-strengthen-digital-infrastructure-projects-in-uae-and-abroad/" "Mozilla/5.0 AppleWebKit/537.36 (KHTML, like Gecko; compatible; GPTBot/1.3; +https://openai.com/gptbot)"
207.180.11.217 - - [02/Mar/2026:13:12:37 -0500] "GET /wp-json/oembed/1.0/embed?url=http%3A%2F%2Fwww.middleeastoday.com%2Fspeakers-of-arab-parliaments-condemns-houthis-terrorist-attack-on-civil-areas-and-vital-facilities-in-saudi-arabia-uae%2F&format=xml HTTP/1.1" 200 1345 "-" "Mozilla/5.0 (Macintosh; Intel Mac OS X 10_15_7) AppleWebKit/537.36 (KHTML, like Gecko) Chrome/135.0.0.0 Safari/537.36"
162.213.253.84 - - [02/Mar/2026:13:12:48 -0500] "POST /wp-cron.php?doing_wp_cron=1772475168.5064799785614013671875 HTTP/1.1" 200 0 "-" "WordPress/6.8.1; http://www.middleeastoday.com"
162.213.253.84 - - [02/Mar/2026:13:13:34 -0500] "POST /wp-cron.php?doing_wp_cron=1772475214.7996330261230468750000 HTTP/1.1" 200 0 "-" "WordPress/6.8.1; http://www.middleeastoday.com"
74.7.243.195 - - [02/Mar/2026:13:13:34 -0500] "GET /?p=8337 HTTP/1.1" 301 0 "http://www.middleeastoday.com/shurooq-all-set-for-global-launch-of-new-hospitality-projects-at-atm-2022/" "Mozilla/5.0 AppleWebKit/537.36 (KHTML, like Gecko; compatible; GPTBot/1.3; +https://openai.com/gptbot)"
74.7.243.195 - - [02/Mar/2026:13:13:35 -0500] "GET /shurooq-all-set-for-global-launch-of-new-hospitality-projects-at-atm-2022/ HTTP/1.1" 200 20920 "http://www.middleeastoday.com/?p=8337" "Mozilla/5.0 AppleWebKit/537.36 (KHTML, like Gecko; compatible; GPTBot/1.3; +https://openai.com/gptbot)"
74.7.243.195 - - [02/Mar/2026:13:14:17 -0500] "GET /?p=8370 HTTP/1.1" 301 0 "http://www.middleeastoday.com/chocolate-dessert-creation-masterclass-at-mondoux-in-partnership-with-dubai-food-festival/" "Mozilla/5.0 AppleWebKit/537.36 (KHTML, like Gecko; compatible; GPTBot/1.3; +https://openai.com/gptbot)"
74.7.243.195 - - [02/Mar/2026:13:12:47 -0500] "GET /?p=9998 HTTP/1.1" 301 0 "http://www.middleeastoday.com/abu-dhabi-international-airport-welcomes-first-sf-express-flight/" "Mozilla/5.0 AppleWebKit/537.36 (KHTML, like Gecko; compatible; GPTBot/1.3; +https://openai.com/gptbot)"
74.7.243.195 - - [02/Mar/2026:13:12:48 -0500] "GET /abu-dhabi-international-airport-welcomes-first-sf-express-flight/ HTTP/1.1" 200 23221 "http://www.middleeastoday.com/?p=9998" "Mozilla/5.0 AppleWebKit/537.36 (KHTML, like Gecko; compatible; GPTBot/1.3; +https://openai.com/gptbot)"
162.213.253.84 - - [02/Mar/2026:13:13:35 -0500] "POST /wp-admin/admin-ajax.php?action=async_litespeed&nonce=k4ayabqz4h5akJO8tvpJYMIQ4vVQKHiJ&litespeed_type=imgoptm HTTP/1.1" 200 21 "-" "WordPress/6.8.1; http://www.middleeastoday.com"
74.7.243.195 - - [02/Mar/2026:13:13:52 -0500] "GET /sedd-intensifies-inspection-campaigns-during-eid-al-adha/ HTTP/1.1" 200 20972 "http://www.middleeastoday.com/five-out-of-this-world-things-to-do-at-dubais-museum-of-future-this-eid-al-adha/" "Mozilla/5.0 AppleWebKit/537.36 (KHTML, like Gecko; compatible; GPTBot/1.3; +https://openai.com/gptbot)"
162.213.253.84 - - [02/Mar/2026:13:14:43 -0500] "POST /wp-cron.php?doing_wp_cron=1772475283.1696920394897460937500 HTTP/1.1" 200 0 "-" "WordPress/6.8.1; http://www.middleeastoday.com"
74.7.243.195 - - [02/Mar/2026:13:14:43 -0500] "GET /winners-for-hipas-lights-instagram-photo-contest-announced/ HTTP/1.1" 200 20115 "http://www.middleeastoday.com/?p=8565" "Mozilla/5.0 AppleWebKit/537.36 (KHTML, like Gecko; compatible; GPTBot/1.3; +https://openai.com/gptbot)"
162.213.253.84 - - [02/Mar/2026:13:14:54 -0500] "POST /wp-cron.php?doing_wp_cron=1772475294.3168570995330810546875 HTTP/1.1" 200 0 "-" "WordPress/6.8.1; http://www.middleeastoday.com"
74.7.243.195 - - [02/Mar/2026:13:14:54 -0500] "GET /dubai-international-financial-centre-records-strong-growth-in-h1-2022/ HTTP/1.1" 200 23767 "http://www.middleeastoday.com/?p=9176" "Mozilla/5.0 AppleWebKit/537.36 (KHTML, like Gecko; compatible; GPTBot/1.3; +https://openai.com/gptbot)"
54.39.89.234 - - [02/Mar/2026:13:15:26 -0500] "GET /mohamed-bin-zayed-arrives-in-sharm-el-sheikh/ HTTP/1.1" 200 20299 "-" "Mozilla/5.0 (compatible; AhrefsBot/7.0; +http://ahrefs.com/robot/)"
162.213.253.84 - - [02/Mar/2026:13:15:35 -0500] "POST /wp-cron.php?doing_wp_cron=1772475335.7515590190887451171875 HTTP/1.1" 200 0 "-" "WordPress/6.8.1; http://www.middleeastoday.com"
74.7.243.195 - - [02/Mar/2026:13:16:13 -0500] "GET /?p=7287 HTTP/1.1" 301 0 "http://www.middleeastoday.com/dubai-to-host-relocated-ifos-congress-in-2023/" "Mozilla/5.0 AppleWebKit/537.36 (KHTML, like Gecko; compatible; GPTBot/1.3; +https://openai.com/gptbot)"
74.7.243.195 - - [02/Mar/2026:13:16:34 -0500] "GET /?p=7271 HTTP/1.1" 301 0 "http://www.middleeastoday.com/35-growth-rate-of-new-membership-in-ajman-chamber-during-2021/" "Mozilla/5.0 AppleWebKit/537.36 (KHTML, like Gecko; compatible; GPTBot/1.3; +https://openai.com/gptbot)"
74.7.243.195 - - [02/Mar/2026:13:16:35 -0500] "GET /35-growth-rate-of-new-membership-in-ajman-chamber-during-2021/ HTTP/1.1" 200 20852 "http://www.middleeastoday.com/?p=7271" "Mozilla/5.0 AppleWebKit/537.36 (KHTML, like Gecko; compatible; GPTBot/1.3; +https://openai.com/gptbot)"
74.7.243.195 - - [02/Mar/2026:13:16:53 -0500] "GET /uae-leaders-congratulate-italian-president-on-republic-day/ HTTP/1.1" 200 19880 "http://www.middleeastoday.com/winners-for-hipas-lights-instagram-photo-contest-announced/" "Mozilla/5.0 AppleWebKit/537.36 (KHTML, like Gecko; compatible; GPTBot/1.3; +https://openai.com/gptbot)"
74.7.243.195 - - [02/Mar/2026:13:17:19 -0500] "GET /zole-bazaar-lorina-jewels-join-hands-for-black-november-with-exciting-deals/ HTTP/1.1" 200 20834 "http://www.middleeastoday.com/uae-president-chairs-adnoc-board-of-directors-meeting/" "Mozilla/5.0 AppleWebKit/537.36 (KHTML, like Gecko; compatible; GPTBot/1.3; +https://openai.com/gptbot)"
74.7.243.195 - - [02/Mar/2026:13:14:18 -0500] "GET /chocolate-dessert-creation-masterclass-at-mondoux-in-partnership-with-dubai-food-festival/ HTTP/1.1" 200 20484 "http://www.middleeastoday.com/?p=8370" "Mozilla/5.0 AppleWebKit/537.36 (KHTML, like Gecko; compatible; GPTBot/1.3; +https://openai.com/gptbot)"
74.7.243.195 - - [02/Mar/2026:13:14:42 -0500] "GET /?p=8565 HTTP/1.1" 301 0 "http://www.middleeastoday.com/winners-for-hipas-lights-instagram-photo-contest-announced/" "Mozilla/5.0 AppleWebKit/537.36 (KHTML, like Gecko; compatible; GPTBot/1.3; +https://openai.com/gptbot)"
162.213.253.84 - - [02/Mar/2026:13:14:43 -0500] "POST /wp-admin/admin-ajax.php?action=async_litespeed&nonce=A3S5C5L6p8LMz0eT4ll1K3mqD0W7GjNS&litespeed_type=imgoptm HTTP/1.1" 200 21 "-" "WordPress/6.8.1; http://www.middleeastoday.com"
74.7.243.195 - - [02/Mar/2026:13:14:53 -0500] "GET /?p=9176 HTTP/1.1" 301 0 "http://www.middleeastoday.com/dubai-international-financial-centre-records-strong-growth-in-h1-2022/" "Mozilla/5.0 AppleWebKit/537.36 (KHTML, like Gecko; compatible; GPTBot/1.3; +https://openai.com/gptbot)"
74.7.243.195 - - [02/Mar/2026:13:15:35 -0500] "GET /?p=9780 HTTP/1.1" 301 0 "http://www.middleeastoday.com/flydubai-announces-record-profit-of-aed1-2-billion-for-2022/" "Mozilla/5.0 AppleWebKit/537.36 (KHTML, like Gecko; compatible; GPTBot/1.3; +https://openai.com/gptbot)"
74.7.243.195 - - [02/Mar/2026:13:15:35 -0500] "GET /flydubai-announces-record-profit-of-aed1-2-billion-for-2022/ HTTP/1.1" 200 23793 "http://www.middleeastoday.com/?p=9780" "Mozilla/5.0 AppleWebKit/537.36 (KHTML, like Gecko; compatible; GPTBot/1.3; +https://openai.com/gptbot)"
74.7.243.195 - - [02/Mar/2026:13:16:14 -0500] "GET /dubai-to-host-relocated-ifos-congress-in-2023/ HTTP/1.1" 200 21373 "http://www.middleeastoday.com/?p=7287" "Mozilla/5.0 AppleWebKit/537.36 (KHTML, like Gecko; compatible; GPTBot/1.3; +https://openai.com/gptbot)"
162.213.253.84 - - [02/Mar/2026:13:16:35 -0500] "POST /wp-cron.php?doing_wp_cron=1772475395.5838720798492431640625 HTTP/1.1" 200 0 "-" "WordPress/6.8.1; http://www.middleeastoday.com"
162.213.253.84 - - [02/Mar/2026:13:16:36 -0500] "POST /wp-admin/admin-ajax.php?action=async_litespeed&nonce=jgEWtwMULKtMI2xGJFWeJ8ekwLHl9HUs&litespeed_type=imgoptm HTTP/1.1" 200 21 "-" "WordPress/6.8.1; http://www.middleeastoday.com"
74.7.243.195 - - [02/Mar/2026:13:17:34 -0500] "GET /cypriot-president-receives-abdullah-bin-zayed/ HTTP/1.1" 200 22338 "http://www.middleeastoday.com/abu-dhabi-international-airport-welcomes-first-sf-express-flight/" "Mozilla/5.0 AppleWebKit/537.36 (KHTML, like Gecko; compatible; GPTBot/1.3; +https://openai.com/gptbot)"
162.213.253.84 - - [02/Mar/2026:13:17:49 -0500] "POST /wp-cron.php?doing_wp_cron=1772475469.0559139251708984375000 HTTP/1.1" 200 0 "-" "WordPress/6.8.1; http://www.middleeastoday.com"
74.7.243.195 - - [02/Mar/2026:13:17:48 -0500] "GET /?p=365 HTTP/1.1" 301 0 "http://www.middleeastoday.com/most-noble-numbers-charity-auction-collects-aed53-million-for-1billion-meals-in-less-than-two-hours-in-dubai/" "Mozilla/5.0 AppleWebKit/537.36 (KHTML, like Gecko; compatible; GPTBot/1.3; +https://openai.com/gptbot)"
74.7.243.195 - - [02/Mar/2026:13:17:49 -0500] "GET /most-noble-numbers-charity-auction-collects-aed53-million-for-1billion-meals-in-less-than-two-hours-in-dubai/ HTTP/1.1" 200 21912 "http://www.middleeastoday.com/?p=365" "Mozilla/5.0 AppleWebKit/537.36 (KHTML, like Gecko; compatible; GPTBot/1.3; +https://openai.com/gptbot)"
74.7.243.195 - - [02/Mar/2026:13:19:18 -0500] "GET /author/admin/page/19/ HTTP/1.1" 200 21429 "http://www.middleeastoday.com/author/admin/page/17/" "Mozilla/5.0 AppleWebKit/537.36 (KHTML, like Gecko; compatible; GPTBot/1.3; +https://openai.com/gptbot)"
74.7.243.195 - - [02/Mar/2026:13:20:00 -0500] "GET /sedd-intensifies-inspection-campaigns-during-eid-al-adha/ HTTP/1.1" 200 20972 "http://www.middleeastoday.com/?p=8819" "Mozilla/5.0 AppleWebKit/537.36 (KHTML, like Gecko; compatible; GPTBot/1.3; +https://openai.com/gptbot)"
74.7.243.195 - - [02/Mar/2026:13:20:10 -0500] "GET /abu-dhabi-international-hunting-and-equestrian-exhibition-launches-specialised-heritage-art-competitions/ HTTP/1.1" 200 21853 "http://www.middleeastoday.com/sedd-intensifies-inspection-campaigns-during-eid-al-adha/" "Mozilla/5.0 AppleWebKit/537.36 (KHTML, like Gecko; compatible; GPTBot/1.3; +https://openai.com/gptbot)"
74.7.243.195 - - [02/Mar/2026:13:20:35 -0500] "GET /author/admin/page/88/ HTTP/1.1" 200 21150 "http://www.middleeastoday.com/author/admin/page/90/" "Mozilla/5.0 AppleWebKit/537.36 (KHTML, like Gecko; compatible; GPTBot/1.3; +https://openai.com/gptbot)"
74.7.243.195 - - [02/Mar/2026:13:20:55 -0500] "GET /category/national-news/page/21/ HTTP/1.1" 200 21132 "http://www.middleeastoday.com/category/national-news/page/23/" "Mozilla/5.0 AppleWebKit/537.36 (KHTML, like Gecko; compatible; GPTBot/1.3; +https://openai.com/gptbot)"
74.7.243.195 - - [02/Mar/2026:13:21:37 -0500] "GET /category/national-news/page/22/ HTTP/1.1" 200 20855 "http://www.middleeastoday.com/category/national-news/page/24/" "Mozilla/5.0 AppleWebKit/537.36 (KHTML, like Gecko; compatible; GPTBot/1.3; +https://openai.com/gptbot)"
74.7.243.195 - - [02/Mar/2026:13:22:02 -0500] "GET /category/national-news/page/6/ HTTP/1.1" 200 21029 "http://www.middleeastoday.com/category/national-news/page/4/" "Mozilla/5.0 AppleWebKit/537.36 (KHTML, like Gecko; compatible; GPTBot/1.3; +https://openai.com/gptbot)"
74.7.243.195 - - [02/Mar/2026:13:22:16 -0500] "GET /category/national-news/page/5/ HTTP/1.1" 200 21206 "http://www.middleeastoday.com/category/national-news/page/3/" "Mozilla/5.0 AppleWebKit/537.36 (KHTML, like Gecko; compatible; GPTBot/1.3; +https://openai.com/gptbot)"
162.213.253.84 - - [02/Mar/2026:13:22:37 -0500] "POST /wp-cron.php?doing_wp_cron=1772475757.0269930362701416015625 HTTP/1.1" 200 0 "-" "WordPress/6.8.1; http://www.middleeastoday.com"
74.7.243.195 - - [02/Mar/2026:13:22:49 -0500] "GET /?p=9574 HTTP/1.1" 301 0 "http://www.middleeastoday.com/zole-bazaar-lorina-jewels-join-hands-for-black-november-with-exciting-deals/" "Mozilla/5.0 AppleWebKit/537.36 (KHTML, like Gecko; compatible; GPTBot/1.3; +https://openai.com/gptbot)"
74.7.243.195 - - [02/Mar/2026:13:22:50 -0500] "GET /zole-bazaar-lorina-jewels-join-hands-for-black-november-with-exciting-deals/ HTTP/1.1" 200 20834 "http://www.middleeastoday.com/?p=9574" "Mozilla/5.0 AppleWebKit/537.36 (KHTML, like Gecko; compatible; GPTBot/1.3; +https://openai.com/gptbot)"
74.7.243.195 - - [02/Mar/2026:13:24:04 -0500] "GET /?p=9181 HTTP/1.1" 301 0 "http://www.middleeastoday.com/egypt-hosts-launching-of-18th-sharjah-narrative-forum/" "Mozilla/5.0 AppleWebKit/537.36 (KHTML, like Gecko; compatible; GPTBot/1.3; +https://openai.com/gptbot)"
74.7.243.195 - - [02/Mar/2026:13:24:05 -0500] "GET /egypt-hosts-launching-of-18th-sharjah-narrative-forum/ HTTP/1.1" 200 20453 "http://www.middleeastoday.com/?p=9181" "Mozilla/5.0 AppleWebKit/537.36 (KHTML, like Gecko; compatible; GPTBot/1.3; +https://openai.com/gptbot)"
162.213.253.84 - - [02/Mar/2026:13:17:49 -0500] "POST /wp-admin/admin-ajax.php?action=async_litespeed&nonce=Z1xStNaleeQ7u7TtVPxZL7eFTHKmIbIV&litespeed_type=imgoptm HTTP/1.1" 200 21 "-" "WordPress/6.8.1; http://www.middleeastoday.com"
74.7.243.195 - - [02/Mar/2026:13:18:06 -0500] "GET /egypt-hosts-launching-of-18th-sharjah-narrative-forum/ HTTP/1.1" 200 20453 "http://www.middleeastoday.com/dubai-international-financial-centre-records-strong-growth-in-h1-2022/" "Mozilla/5.0 AppleWebKit/537.36 (KHTML, like Gecko; compatible; GPTBot/1.3; +https://openai.com/gptbot)"
74.7.243.195 - - [02/Mar/2026:13:18:46 -0500] "GET /international-mother-language-day-2023-dubai/ HTTP/1.1" 200 21273 "http://www.middleeastoday.com/flydubai-announces-record-profit-of-aed1-2-billion-for-2022/" "Mozilla/5.0 AppleWebKit/537.36 (KHTML, like Gecko; compatible; GPTBot/1.3; +https://openai.com/gptbot)"
51.161.65.220 - - [02/Mar/2026:13:19:12 -0500] "GET /author/admin/page/62/ HTTP/1.1" 200 21172 "-" "Mozilla/5.0 (compatible; AhrefsBot/7.0; +http://ahrefs.com/robot/)"
74.7.243.195 - - [02/Mar/2026:13:19:41 -0500] "GET /author/admin/page/18/ HTTP/1.1" 200 21402 "http://www.middleeastoday.com/author/admin/page/16/" "Mozilla/5.0 AppleWebKit/537.36 (KHTML, like Gecko; compatible; GPTBot/1.3; +https://openai.com/gptbot)"
74.7.243.195 - - [02/Mar/2026:13:19:48 -0500] "GET /author/admin/page/89/ HTTP/1.1" 200 21062 "http://www.middleeastoday.com/author/admin/page/90/" "Mozilla/5.0 AppleWebKit/537.36 (KHTML, like Gecko; compatible; GPTBot/1.3; +https://openai.com/gptbot)"
74.7.243.195 - - [02/Mar/2026:13:20:00 -0500] "GET /?p=8819 HTTP/1.1" 301 0 "http://www.middleeastoday.com/sedd-intensifies-inspection-campaigns-during-eid-al-adha/" "Mozilla/5.0 AppleWebKit/537.36 (KHTML, like Gecko; compatible; GPTBot/1.3; +https://openai.com/gptbot)"
162.213.253.84 - - [02/Mar/2026:13:21:37 -0500] "POST /wp-cron.php?doing_wp_cron=1772475697.8746829032897949218750 HTTP/1.1" 200 0 "-" "WordPress/6.8.1; http://www.middleeastoday.com"
162.213.253.84 - - [02/Mar/2026:13:21:38 -0500] "POST /wp-admin/admin-ajax.php?action=async_litespeed&nonce=9Dd8UvpkDbiJyUp2HFr8Dr62RIYEcb2U&litespeed_type=imgoptm HTTP/1.1" 200 21 "-" "WordPress/6.8.1; http://www.middleeastoday.com"
74.7.243.195 - - [02/Mar/2026:13:22:36 -0500] "GET /?p=8569 HTTP/1.1" 301 0 "http://www.middleeastoday.com/uae-leaders-congratulate-italian-president-on-republic-day/" "Mozilla/5.0 AppleWebKit/537.36 (KHTML, like Gecko; compatible; GPTBot/1.3; +https://openai.com/gptbot)"
74.7.243.195 - - [02/Mar/2026:13:22:37 -0500] "GET /uae-leaders-congratulate-italian-president-on-republic-day/ HTTP/1.1" 200 19880 "http://www.middleeastoday.com/?p=8569" "Mozilla/5.0 AppleWebKit/537.36 (KHTML, like Gecko; compatible; GPTBot/1.3; +https://openai.com/gptbot)"
74.7.243.195 - - [02/Mar/2026:13:23:11 -0500] "GET /?p=9995 HTTP/1.1" 301 0 "http://www.middleeastoday.com/cypriot-president-receives-abdullah-bin-zayed/" "Mozilla/5.0 AppleWebKit/537.36 (KHTML, like Gecko; compatible; GPTBot/1.3; +https://openai.com/gptbot)"
74.7.243.195 - - [02/Mar/2026:13:23:12 -0500] "GET /cypriot-president-receives-abdullah-bin-zayed/ HTTP/1.1" 200 22338 "http://www.middleeastoday.com/?p=9995" "Mozilla/5.0 AppleWebKit/537.36 (KHTML, like Gecko; compatible; GPTBot/1.3; +https://openai.com/gptbot)"
74.7.243.195 - - [02/Mar/2026:13:23:37 -0500] "GET /the-head-of-state-and-his-two-deputies-congratulate-the-president-of-tanzania-on-the-occasion-of-union-day/ HTTP/1.1" 200 20078 "http://www.middleeastoday.com/cypriot-president-receives-abdullah-bin-zayed/" "Mozilla/5.0 AppleWebKit/537.36 (KHTML, like Gecko; compatible; GPTBot/1.3; +https://openai.com/gptbot)"
162.213.253.84 - - [02/Mar/2026:13:24:53 -0500] "POST /wp-cron.php?doing_wp_cron=1772475893.9566359519958496093750 HTTP/1.1" 200 0 "-" "WordPress/6.8.1; http://www.middleeastoday.com"
162.213.253.84 - - [02/Mar/2026:13:24:54 -0500] "POST /wp-admin/admin-ajax.php?action=async_litespeed&nonce=Vf05oUFir5SG5UnFGMZ95ALY5oAFG0WY&litespeed_type=imgoptm HTTP/1.1" 200 21 "-" "WordPress/6.8.1; http://www.middleeastoday.com"
74.7.243.195 - - [02/Mar/2026:13:25:08 -0500] "GET /uae-president-receives-prime-minister-of-italy/ HTTP/1.1" 200 21526 "http://www.middleeastoday.com/international-mother-language-day-2023-dubai/" "Mozilla/5.0 AppleWebKit/537.36 (KHTML, like Gecko; compatible; GPTBot/1.3; +https://openai.com/gptbot)"
170.246.165.113 - - [02/Mar/2026:13:25:49 -0500] "GET http://www.middleeastoday.com/adnec-group-unveils-agenda-of-isnr-talks-programme/ HTTP/1.1" 200 24410 "-" "Mozilla/5.0 (Windows NT 10.0; WOW64) AppleWebKit/537.36 (KHTML, like Gecko) Chrome/108.0.5359.95 Safari/537.36 QIHU 360SE"
47.246.171.215 - - [02/Mar/2026:13:25:50 -0500] "GET http://www.middleeastoday.com/wp-content/themes/digiqole/assets/css/icon-font.css?ver=2.1.1 HTTP/1.1" 200 1106 "http://www.middleeastoday.com/adnec-group-unveils-agenda-of-isnr-talks-programme/" "Mozilla/5.0 (Windows NT 10.0; WOW64) AppleWebKit/537.36 (KHTML, like Gecko) Chrome/108.0.5359.95 Safari/537.36 QIHU 360SE"
47.246.171.135 - - [02/Mar/2026:13:25:50 -0500] "GET http://www.middleeastoday.com/wp-content/plugins/elementskit-lite/modules/elementskit-icon-pack/assets/css/ekiticons.css?ver=3.5.0 HTTP/1.1" 200 11776 "http://www.middleeastoday.com/adnec-group-unveils-agenda-of-isnr-talks-programme/" "Mozilla/5.0 (Windows NT 10.0; WOW64) AppleWebKit/537.36 (KHTML, like Gecko) Chrome/108.0.5359.95 Safari/537.36 QIHU 360SE"
47.246.171.232 - - [02/Mar/2026:13:25:50 -0500] "GET http://www.middleeastoday.com/wp-content/themes/digiqole/assets/css/all.css?ver=2.1.1 HTTP/1.1" 200 7048 "http://www.middleeastoday.com/adnec-group-unveils-agenda-of-isnr-talks-programme/" "Mozilla/5.0 (Windows NT 10.0; WOW64) AppleWebKit/537.36 (KHTML, like Gecko) Chrome/108.0.5359.95 Safari/537.36 QIHU 360SE"
47.246.171.154 - - [02/Mar/2026:13:25:50 -0500] "GET http://www.middleeastoday.com/wp-content/plugins/elementor-1/assets/css/widget-icon-list.min.css HTTP/1.1" 200 866 "http://www.middleeastoday.com/adnec-group-unveils-agenda-of-isnr-talks-programme/" "Mozilla/5.0 (Windows NT 10.0; WOW64) AppleWebKit/537.36 (KHTML, like Gecko) Chrome/108.0.5359.95 Safari/537.36 QIHU 360SE"
47.246.171.176 - - [02/Mar/2026:13:25:50 -0500] "GET http://www.middleeastoday.com/wp-content/uploads/elementor/css/post-3932.css?ver=1762520240 HTTP/1.1" 200 1066 "http://www.middleeastoday.com/adnec-group-unveils-agenda-of-isnr-talks-programme/" "Mozilla/5.0 (Windows NT 10.0; WOW64) AppleWebKit/537.36 (KHTML, like Gecko) Chrome/108.0.5359.95 Safari/537.36 QIHU 360SE"
47.246.171.234 - - [02/Mar/2026:13:25:50 -0500] "GET http://www.middleeastoday.com/wp-content/plugins/elementor-1/assets/lib/swiper/v8/css/swiper.min.css?ver=8.4.5 HTTP/1.1" 200 4248 "http://www.middleeastoday.com/adnec-group-unveils-agenda-of-isnr-talks-programme/" "Mozilla/5.0 (Windows NT 10.0; WOW64) AppleWebKit/537.36 (KHTML, like Gecko) Chrome/108.0.5359.95 Safari/537.36 QIHU 360SE"
47.246.171.200 - - [02/Mar/2026:13:25:50 -0500] "GET http://www.middleeastoday.com/wp-content/uploads/elementor/css/post-9.css?ver=1747657839 HTTP/1.1" 200 334 "http://www.middleeastoday.com/adnec-group-unveils-agenda-of-isnr-talks-programme/" "Mozilla/5.0 (Windows NT 10.0; WOW64) AppleWebKit/537.36 (KHTML, like Gecko) Chrome/108.0.5359.95 Safari/537.36 QIHU 360SE"
47.246.171.246 - - [02/Mar/2026:13:25:50 -0500] "GET http://www.middleeastoday.com/wp-content/uploads/elementor/css/global.css?ver=1747657840 HTTP/1.1" 200 3340 "http://www.middleeastoday.com/adnec-group-unveils-agenda-of-isnr-talks-programme/" "Mozilla/5.0 (Windows NT 10.0; WOW64) AppleWebKit/537.36 (KHTML, like Gecko) Chrome/108.0.5359.95 Safari/537.36 QIHU 360SE"
74.7.243.195 - - [02/Mar/2026:13:24:39 -0500] "GET /mohammed-bin-rashid-approves-dubai-countryside-and-rural-areas-development-master-plan/ HTTP/1.1" 200 25337 "http://www.middleeastoday.com/zole-bazaar-lorina-jewels-join-hands-for-black-november-with-exciting-deals/" "Mozilla/5.0 AppleWebKit/537.36 (KHTML, like Gecko; compatible; GPTBot/1.3; +https://openai.com/gptbot)"
74.7.243.195 - - [02/Mar/2026:13:24:53 -0500] "GET /?p=9792 HTTP/1.1" 301 0 "http://www.middleeastoday.com/international-mother-language-day-2023-dubai/" "Mozilla/5.0 AppleWebKit/537.36 (KHTML, like Gecko; compatible; GPTBot/1.3; +https://openai.com/gptbot)"
74.7.243.195 - - [02/Mar/2026:13:24:54 -0500] "GET /international-mother-language-day-2023-dubai/ HTTP/1.1" 200 21273 "http://www.middleeastoday.com/?p=9792" "Mozilla/5.0 AppleWebKit/537.36 (KHTML, like Gecko; compatible; GPTBot/1.3; +https://openai.com/gptbot)"
40.77.167.5 - - [02/Mar/2026:13:25:12 -0500] "GET /mohammed-bin-rashid-attends-33rd-arab-league-summit-in-bahrain/ HTTP/1.1" 200 21743 "-" "Mozilla/5.0 AppleWebKit/537.36 (KHTML, like Gecko; compatible; bingbot/2.0; +http://www.bing.com/bingbot.htm) Chrome/116.0.1938.76 Safari/537.36"
74.7.243.195 - - [02/Mar/2026:13:25:24 -0500] "GET /buckingham-palace-announces-death-of-queen-elizabeth-ii/ HTTP/1.1" 200 19894 "http://www.middleeastoday.com/egypt-hosts-launching-of-18th-sharjah-narrative-forum/" "Mozilla/5.0 AppleWebKit/537.36 (KHTML, like Gecko; compatible; GPTBot/1.3; +https://openai.com/gptbot)"
52.167.144.209 - - [02/Mar/2026:13:25:43 -0500] "GET /wp-includes/js/jquery/jquery-migrate.min.js?ver=3.4.1 HTTP/1.1" 200 4678 "-" "Mozilla/5.0 AppleWebKit/537.36 (KHTML, like Gecko; compatible; bingbot/2.0; +http://www.bing.com/bingbot.htm) Chrome/116.0.1938.76 Safari/537.36"
74.7.243.195 - - [02/Mar/2026:13:25:49 -0500] "GET /dnata-invests-100-million-in-green-operations/ HTTP/1.1" 200 21078 "http://www.middleeastoday.com/uae-leaders-congratulate-italian-president-on-republic-day/" "Mozilla/5.0 AppleWebKit/537.36 (KHTML, like Gecko; compatible; GPTBot/1.3; +https://openai.com/gptbot)"
47.246.171.218 - - [02/Mar/2026:13:25:50 -0500] "GET http://www.middleeastoday.com/wp-content/plugins/elementskit-lite/widgets/init/assets/css/responsive.css?ver=3.5.0 HTTP/1.1" 200 2859 "http://www.middleeastoday.com/adnec-group-unveils-agenda-of-isnr-talks-programme/" "Mozilla/5.0 (Windows NT 10.0; WOW64) AppleWebKit/537.36 (KHTML, like Gecko) Chrome/108.0.5359.95 Safari/537.36 QIHU 360SE"
47.246.171.224 - - [02/Mar/2026:13:25:50 -0500] "GET http://www.middleeastoday.com/wp-includes/css/dist/block-library/style.min.css?ver=6.8.1 HTTP/1.1" 200 14358 "http://www.middleeastoday.com/adnec-group-unveils-agenda-of-isnr-talks-programme/" "Mozilla/5.0 (Windows NT 10.0; WOW64) AppleWebKit/537.36 (KHTML, like Gecko) Chrome/108.0.5359.95 Safari/537.36 QIHU 360SE"
47.246.171.173 - - [02/Mar/2026:13:25:50 -0500] "GET http://www.middleeastoday.com/wp-content/plugins/accesspress-social-counter/css/frontend.css?ver=1.9.2 HTTP/1.1" 200 2295 "http://www.middleeastoday.com/adnec-group-unveils-agenda-of-isnr-talks-programme/" "Mozilla/5.0 (Windows NT 10.0; WOW64) AppleWebKit/537.36 (KHTML, like Gecko) Chrome/108.0.5359.95 Safari/537.36 QIHU 360SE"
47.246.171.226 - - [02/Mar/2026:13:25:50 -0500] "GET http://www.middleeastoday.com/wp-content/plugins/elementskit-lite/widgets/init/assets/css/widget-styles.css?ver=3.5.0 HTTP/1.1" 200 48223 "http://www.middleeastoday.com/adnec-group-unveils-agenda-of-isnr-talks-programme/" "Mozilla/5.0 (Windows NT 10.0; WOW64) AppleWebKit/537.36 (KHTML, like Gecko) Chrome/108.0.5359.95 Safari/537.36 QIHU 360SE"
47.246.171.149 - - [02/Mar/2026:13:25:50 -0500] "GET http://www.middleeastoday.com/wp-content/plugins/accesspress-social-counter/css/fontawesome-all.css?ver=1.9.2 HTTP/1.1" 200 8084 "http://www.middleeastoday.com/adnec-group-unveils-agenda-of-isnr-talks-programme/" "Mozilla/5.0 (Windows NT 10.0; WOW64) AppleWebKit/537.36 (KHTML, like Gecko) Chrome/108.0.5359.95 Safari/537.36 QIHU 360SE"
47.246.171.249 - - [02/Mar/2026:13:25:50 -0500] "GET http://www.middleeastoday.com/wp-content/plugins/elementor-1/assets/lib/eicons/css/elementor-icons.min.css?ver=5.29.0 HTTP/1.1" 200 3724 "http://www.middleeastoday.com/adnec-group-unveils-agenda-of-isnr-talks-programme/" "Mozilla/5.0 (Windows NT 10.0; WOW64) AppleWebKit/537.36 (KHTML, like Gecko) Chrome/108.0.5359.95 Safari/537.36 QIHU 360SE"
47.246.171.222 - - [02/Mar/2026:13:25:50 -0500] "GET http://www.middleeastoday.com/wp-content/plugins/elementor-1/assets/lib/animations/animations.min.css?ver=3.21.1 HTTP/1.1" 200 2442 "http://www.middleeastoday.com/adnec-group-unveils-agenda-of-isnr-talks-programme/" "Mozilla/5.0 (Windows NT 10.0; WOW64) AppleWebKit/537.36 (KHTML, like Gecko) Chrome/108.0.5359.95 Safari/537.36 QIHU 360SE"
47.246.171.217 - - [02/Mar/2026:13:25:51 -0500] "GET http://www.middleeastoday.com/wp-content/themes/digiqole/assets/fonts/iconfont.ttf?5i53bc HTTP/1.1" 200 27432 "http://www.middleeastoday.com/wp-content/themes/digiqole/assets/css/icon-font.css?ver=2.1.1" "Mozilla/5.0 (Windows NT 10.0; WOW64) AppleWebKit/537.36 (KHTML, like Gecko) Chrome/108.0.5359.95 Safari/537.36 QIHU 360SE"
47.246.171.145 - - [02/Mar/2026:13:25:51 -0500] "GET http://www.middleeastoday.com/wp-content/plugins/elementor-1/assets/lib/font-awesome/webfonts/fa-solid-900.woff2 HTTP/1.1" 200 78196 "http://www.middleeastoday.com/wp-content/plugins/elementor-1/assets/lib/font-awesome/css/solid.min.css?ver=5.15.3" "Mozilla/5.0 (Windows NT 10.0; WOW64) AppleWebKit/537.36 (KHTML, like Gecko) Chrome/108.0.5359.95 Safari/537.36 QIHU 360SE"
162.213.253.84 - - [02/Mar/2026:13:26:19 -0500] "POST /wp-cron.php?doing_wp_cron=1772475979.3851180076599121093750 HTTP/1.1" 200 0 "-" "WordPress/6.8.1; http://www.middleeastoday.com"
74.7.243.195 - - [02/Mar/2026:13:26:19 -0500] "GET /abu-dhabi-international-hunting-and-equestrian-exhibition-launches-specialised-heritage-art-competitions/ HTTP/1.1" 200 21853 "http://www.middleeastoday.com/?p=8816" "Mozilla/5.0 AppleWebKit/537.36 (KHTML, like Gecko; compatible; GPTBot/1.3; +https://openai.com/gptbot)"
54.39.6.255 - - [02/Mar/2026:13:26:46 -0500] "GET /wetex-dubai-solar-show-2022-attracts-1750-companies-from-55-countries/ HTTP/1.1" 200 21902 "-" "Mozilla/5.0 (compatible; AhrefsBot/7.0; +http://ahrefs.com/robot/)"
74.7.243.195 - - [02/Mar/2026:13:27:15 -0500] "GET /uae-leaders-congratulate-us-president-on-independence-day/ HTTP/1.1" 200 19992 "http://www.middleeastoday.com/category/national-news/page/21/" "Mozilla/5.0 AppleWebKit/537.36 (KHTML, like Gecko; compatible; GPTBot/1.3; +https://openai.com/gptbot)"
74.7.243.195 - - [02/Mar/2026:13:27:45 -0500] "GET /uae-president-vp-preside-over-swearing-in-of-newly-appointed-ministers-of-state/ HTTP/1.1" 200 20786 "http://www.middleeastoday.com/category/national-news/page/22/" "Mozilla/5.0 AppleWebKit/537.36 (KHTML, like Gecko; compatible; GPTBot/1.3; +https://openai.com/gptbot)"
74.7.243.195 - - [02/Mar/2026:13:28:06 -0500] "GET /uae-president-at-major-economies-forum-peace-and-collaboration-essential-for-sustainable-economic-and-social-development/ HTTP/1.1" 200 21600 "http://www.middleeastoday.com/category/national-news/page/21/" "Mozilla/5.0 AppleWebKit/537.36 (KHTML, like Gecko; compatible; GPTBot/1.3; +https://openai.com/gptbot)"
74.7.243.195 - - [02/Mar/2026:13:28:37 -0500] "GET /uae-leaders-congratulate-president-of-philippines-on-independence-day/ HTTP/1.1" 200 19875 "http://www.middleeastoday.com/category/national-news/page/22/" "Mozilla/5.0 AppleWebKit/537.36 (KHTML, like Gecko; compatible; GPTBot/1.3; +https://openai.com/gptbot)"
74.7.243.195 - - [02/Mar/2026:13:28:56 -0500] "GET /uae-leaders-congratulate-president-of-seychelles-on-independence-day/ HTTP/1.1" 200 19958 "http://www.middleeastoday.com/category/national-news/page/21/" "Mozilla/5.0 AppleWebKit/537.36 (KHTML, like Gecko; compatible; GPTBot/1.3; +https://openai.com/gptbot)"
47.246.171.141 - - [02/Mar/2026:13:25:50 -0500] "GET http://www.middleeastoday.com/wp-content/plugins/elementor-1/assets/lib/font-awesome/css/fontawesome.min.css?ver=5.15.3 HTTP/1.1" 200 12164 "http://www.middleeastoday.com/adnec-group-unveils-agenda-of-isnr-talks-programme/" "Mozilla/5.0 (Windows NT 10.0; WOW64) AppleWebKit/537.36 (KHTML, like Gecko) Chrome/108.0.5359.95 Safari/537.36 QIHU 360SE"
47.246.171.166 - - [02/Mar/2026:13:25:51 -0500] "GET http://www.middleeastoday.com/wp-content/plugins/elementskit-lite/modules/elementskit-icon-pack/assets/fonts/elementskit.woff?y24e1e HTTP/1.1" 200 459560 "http://www.middleeastoday.com/wp-content/plugins/elementskit-lite/modules/elementskit-icon-pack/assets/css/ekiticons.css?ver=3.5.0" "Mozilla/5.0 (Windows NT 10.0; WOW64) AppleWebKit/537.36 (KHTML, like Gecko) Chrome/108.0.5359.95 Safari/537.36 QIHU 360SE"
137.184.214.148 - - [02/Mar/2026:13:25:58 -0500] "GET /wp-content/uploads/2022/03/Joint-Reconstruction-850x560.jpg HTTP/1.1" 200 92663 "http://www.middleeastoday.com/" "Mozilla/5.0 (Windows NT 10.0; Win64; x64) AppleWebKit/537.36 (KHTML, like Gecko) Chrome/103.0.0.0 Safari/537.36"
167.99.7.187 - - [02/Mar/2026:13:25:58 -0500] "GET /wp-content/uploads/2022/01/Bayer-Middle-East-850x560.jpg HTTP/1.1" 200 57988 "http://www.middleeastoday.com/" "Mozilla/5.0 (Windows NT 10.0; Win64; x64) AppleWebKit/537.36 (KHTML, like Gecko) Chrome/103.0.0.0 Safari/537.36"
74.7.243.195 - - [02/Mar/2026:13:26:18 -0500] "GET /?p=8816 HTTP/1.1" 301 0 "http://www.middleeastoday.com/abu-dhabi-international-hunting-and-equestrian-exhibition-launches-specialised-heritage-art-competitions/" "Mozilla/5.0 AppleWebKit/537.36 (KHTML, like Gecko; compatible; GPTBot/1.3; +https://openai.com/gptbot)"
162.213.253.84 - - [02/Mar/2026:13:26:20 -0500] "POST /wp-admin/admin-ajax.php?action=async_litespeed&nonce=D3WHu7GmaJ62dEVO8n77Z5WpL85QE2FU&litespeed_type=imgoptm HTTP/1.1" 200 21 "-" "WordPress/6.8.1; http://www.middleeastoday.com"
74.7.243.195 - - [02/Mar/2026:13:26:46 -0500] "GET /sharjahs-historic-buildings-on-isescos-final-list/ HTTP/1.1" 200 20441 "http://www.middleeastoday.com/abu-dhabi-international-hunting-and-equestrian-exhibition-launches-specialised-heritage-art-competitions/" "Mozilla/5.0 AppleWebKit/537.36 (KHTML, like Gecko; compatible; GPTBot/1.3; +https://openai.com/gptbot)"
162.213.253.84 - - [02/Mar/2026:13:30:10 -0500] "POST /wp-cron.php?doing_wp_cron=1772476210.6884829998016357421875 HTTP/1.1" 200 0 "-" "WordPress/6.8.1; http://www.middleeastoday.com"
74.7.243.195 - - [02/Mar/2026:13:30:09 -0500] "GET /?p=9991 HTTP/1.1" 301 0 "http://www.middleeastoday.com/the-head-of-state-and-his-two-deputies-congratulate-the-president-of-tanzania-on-the-occasion-of-union-day/" "Mozilla/5.0 AppleWebKit/537.36 (KHTML, like Gecko; compatible; GPTBot/1.3; +https://openai.com/gptbot)"
162.213.253.84 - - [02/Mar/2026:13:30:11 -0500] "POST /wp-admin/admin-ajax.php?action=async_litespeed&nonce=NJNii3eojYDd4aiBDBea1omHrzyiwZJT&litespeed_type=imgoptm HTTP/1.1" 200 21 "-" "WordPress/6.8.1; http://www.middleeastoday.com"
74.7.243.195 - - [02/Mar/2026:13:30:36 -0500] "GET /uae-foreign-minister-cypriot-counterpart-discuss-developing-ties/ HTTP/1.1" 200 20181 "http://www.middleeastoday.com/category/national-news/page/21/" "Mozilla/5.0 AppleWebKit/537.36 (KHTML, like Gecko; compatible; GPTBot/1.3; +https://openai.com/gptbot)"
74.7.243.195 - - [02/Mar/2026:13:32:00 -0500] "GET /?p=9795 HTTP/1.1" 301 0 "http://www.middleeastoday.com/uae-president-receives-prime-minister-of-italy/" "Mozilla/5.0 AppleWebKit/537.36 (KHTML, like Gecko; compatible; GPTBot/1.3; +https://openai.com/gptbot)"
74.7.243.195 - - [02/Mar/2026:13:32:01 -0500] "GET /uae-president-receives-prime-minister-of-italy/ HTTP/1.1" 200 21526 "http://www.middleeastoday.com/?p=9795" "Mozilla/5.0 AppleWebKit/537.36 (KHTML, like Gecko; compatible; GPTBot/1.3; +https://openai.com/gptbot)"
74.7.243.195 - - [02/Mar/2026:13:29:19 -0500] "GET /uae-president-receives-indonesian-minister-of-maritime-affairs/ HTTP/1.1" 200 20585 "http://www.middleeastoday.com/category/national-news/page/21/" "Mozilla/5.0 AppleWebKit/537.36 (KHTML, like Gecko; compatible; GPTBot/1.3; +https://openai.com/gptbot)"
74.7.243.195 - - [02/Mar/2026:13:29:47 -0500] "GET /uae-president-king-of-jordan-discuss-brotherly-relations-cooperation-and-joint-action/ HTTP/1.1" 200 20772 "http://www.middleeastoday.com/category/national-news/page/21/" "Mozilla/5.0 AppleWebKit/537.36 (KHTML, like Gecko; compatible; GPTBot/1.3; +https://openai.com/gptbot)"
74.7.243.195 - - [02/Mar/2026:13:30:10 -0500] "GET /the-head-of-state-and-his-two-deputies-congratulate-the-president-of-tanzania-on-the-occasion-of-union-day/ HTTP/1.1" 200 20078 "http://www.middleeastoday.com/?p=9991" "Mozilla/5.0 AppleWebKit/537.36 (KHTML, like Gecko; compatible; GPTBot/1.3; +https://openai.com/gptbot)"
74.7.243.195 - - [02/Mar/2026:13:30:57 -0500] "GET /?p=9571 HTTP/1.1" 301 0 "http://www.middleeastoday.com/mohammed-bin-rashid-approves-dubai-countryside-and-rural-areas-development-master-plan/" "Mozilla/5.0 AppleWebKit/537.36 (KHTML, like Gecko; compatible; GPTBot/1.3; +https://openai.com/gptbot)"
74.7.243.195 - - [02/Mar/2026:13:30:58 -0500] "GET /mohammed-bin-rashid-approves-dubai-countryside-and-rural-areas-development-master-plan/ HTTP/1.1" 200 25337 "http://www.middleeastoday.com/?p=9571" "Mozilla/5.0 AppleWebKit/537.36 (KHTML, like Gecko; compatible; GPTBot/1.3; +https://openai.com/gptbot)"
74.7.243.195 - - [02/Mar/2026:13:31:24 -0500] "GET /uae-president-receives-president-of-rwanda/ HTTP/1.1" 200 20433 "http://www.middleeastoday.com/category/national-news/page/22/" "Mozilla/5.0 AppleWebKit/537.36 (KHTML, like Gecko; compatible; GPTBot/1.3; +https://openai.com/gptbot)"
162.213.253.84 - - [02/Mar/2026:13:32:01 -0500] "POST /wp-cron.php?doing_wp_cron=1772476321.1301200389862060546875 HTTP/1.1" 200 0 "-" "WordPress/6.8.1; http://www.middleeastoday.com"
162.213.253.84 - - [02/Mar/2026:13:32:01 -0500] "POST /wp-admin/admin-ajax.php?action=async_litespeed&nonce=oRU4k1yt8RX6JgrxgaTqrr0zd94ZrLL8&litespeed_type=imgoptm HTTP/1.1" 200 0 "-" "WordPress/6.8.1; http://www.middleeastoday.com"
74.7.243.195 - - [02/Mar/2026:13:32:39 -0500] "GET /buckingham-palace-announces-death-of-queen-elizabeth-ii/ HTTP/1.1" 200 19894 "http://www.middleeastoday.com/?p=9190" "Mozilla/5.0 AppleWebKit/537.36 (KHTML, like Gecko; compatible; GPTBot/1.3; +https://openai.com/gptbot)"
162.213.253.84 - - [02/Mar/2026:13:33:10 -0500] "POST /wp-cron.php?doing_wp_cron=1772476390.2488250732421875000000 HTTP/1.1" 200 0 "-" "WordPress/6.8.1; http://www.middleeastoday.com"
74.7.243.195 - - [02/Mar/2026:13:33:09 -0500] "GET /?p=8572 HTTP/1.1" 301 0 "http://www.middleeastoday.com/dnata-invests-100-million-in-green-operations/" "Mozilla/5.0 AppleWebKit/537.36 (KHTML, like Gecko; compatible; GPTBot/1.3; +https://openai.com/gptbot)"
74.7.243.195 - - [02/Mar/2026:13:33:33 -0500] "GET /sharjah-ruler-attends-honouring-ceremony-of-iccrom-award-winners/ HTTP/1.1" 200 21453 "http://www.middleeastoday.com/dnata-invests-100-million-in-green-operations/" "Mozilla/5.0 AppleWebKit/537.36 (KHTML, like Gecko; compatible; GPTBot/1.3; +https://openai.com/gptbot)"
114.119.154.115 - - [02/Mar/2026:13:33:38 -0500] "GET /uae-ministry-of-education-and-wef-to-equip-1-billion-people-for-labour-market-by-2030 HTTP/1.1" 301 0 "http://www.middleeastoday.com/category/education" "Mozilla/5.0 (Linux; Android 7.0;) AppleWebKit/537.36 (KHTML, like Gecko) Mobile Safari/537.36 (compatible; PetalBot;+https://webmaster.petalsearch.com/site/petalbot)"
162.213.253.84 - - [02/Mar/2026:13:33:39 -0500] "POST /wp-admin/admin-ajax.php?action=async_litespeed&nonce=YNKivJGCIYVv311gVJUjEWINnvks4fCv&litespeed_type=imgoptm HTTP/1.1" 200 21 "-" "WordPress/6.8.1; http://www.middleeastoday.com"
162.213.253.84 - - [02/Mar/2026:13:32:39 -0500] "POST /wp-cron.php?doing_wp_cron=1772476359.3782880306243896484375 HTTP/1.1" 200 0 "-" "WordPress/6.8.1; http://www.middleeastoday.com"
74.7.243.195 - - [02/Mar/2026:13:32:38 -0500] "GET /?p=9190 HTTP/1.1" 301 0 "http://www.middleeastoday.com/buckingham-palace-announces-death-of-queen-elizabeth-ii/" "Mozilla/5.0 AppleWebKit/537.36 (KHTML, like Gecko; compatible; GPTBot/1.3; +https://openai.com/gptbot)"
162.213.253.84 - - [02/Mar/2026:13:32:40 -0500] "POST /wp-admin/admin-ajax.php?action=async_litespeed&nonce=XCb2BZWZoOmpGP9T0H4J1buq3ibaOjln&litespeed_type=imgoptm HTTP/1.1" 200 21 "-" "WordPress/6.8.1; http://www.middleeastoday.com"
74.7.243.195 - - [02/Mar/2026:13:33:10 -0500] "GET /dnata-invests-100-million-in-green-operations/ HTTP/1.1" 200 21078 "http://www.middleeastoday.com/?p=8572" "Mozilla/5.0 AppleWebKit/537.36 (KHTML, like Gecko; compatible; GPTBot/1.3; +https://openai.com/gptbot)"
162.213.253.84 - - [02/Mar/2026:13:33:39 -0500] "POST /wp-cron.php?doing_wp_cron=1772476419.0340809822082519531250 HTTP/1.1" 200 0 "-" "WordPress/6.8.1; http://www.middleeastoday.com"
114.119.154.115 - - [02/Mar/2026:13:33:40 -0500] "GET /uae-ministry-of-education-and-wef-to-equip-1-billion-people-for-labour-market-by-2030/ HTTP/1.1" 200 27921 "http://www.middleeastoday.com/category/education" "Mozilla/5.0 (Linux; Android 7.0;) AppleWebKit/537.36 (KHTML, like Gecko) Mobile Safari/537.36 (compatible; PetalBot;+https://webmaster.petalsearch.com/site/petalbot)"
74.7.243.195 - - [02/Mar/2026:13:33:51 -0500] "GET /sharjahs-historic-buildings-on-isescos-final-list/ HTTP/1.1" 200 20441 "http://www.middleeastoday.com/?p=8813" "Mozilla/5.0 AppleWebKit/537.36 (KHTML, like Gecko; compatible; GPTBot/1.3; +https://openai.com/gptbot)"
74.7.243.195 - - [02/Mar/2026:13:34:12 -0500] "GET /?p=8800 HTTP/1.1" 301 0 "http://www.middleeastoday.com/uae-leaders-congratulate-us-president-on-independence-day/" "Mozilla/5.0 AppleWebKit/537.36 (KHTML, like Gecko; compatible; GPTBot/1.3; +https://openai.com/gptbot)"
74.7.243.195 - - [02/Mar/2026:13:34:13 -0500] "GET /uae-leaders-congratulate-us-president-on-independence-day/ HTTP/1.1" 200 19992 "http://www.middleeastoday.com/?p=8800" "Mozilla/5.0 AppleWebKit/537.36 (KHTML, like Gecko; compatible; GPTBot/1.3; +https://openai.com/gptbot)"
74.7.243.195 - - [02/Mar/2026:13:34:43 -0500] "GET /sewa-wins-gold-level-of-harvard-international-business-award/ HTTP/1.1" 200 20387 "http://www.middleeastoday.com/uae-president-vp-preside-over-swearing-in-of-newly-appointed-ministers-of-state/" "Mozilla/5.0 AppleWebKit/537.36 (KHTML, like Gecko; compatible; GPTBot/1.3; +https://openai.com/gptbot)"
114.119.137.98 - - [02/Mar/2026:13:34:55 -0500] "GET /uae-leaders-congratulate-greek-president-on-independence-day/ HTTP/1.1" 200 22859 "http://www.middleeastoday.com/dahc-axdev-global-pfizer-global-medical-grants-partner-for-chronically-ill-patients-enhanced-cared" "Mozilla/5.0 (Linux; Android 7.0;) AppleWebKit/537.36 (KHTML, like Gecko) Mobile Safari/537.36 (compatible; PetalBot;+https://webmaster.petalsearch.com/site/petalbot)"
74.7.243.195 - - [02/Mar/2026:13:35:24 -0500] "GET /uae-president-at-major-economies-forum-peace-and-collaboration-essential-for-sustainable-economic-and-social-development/ HTTP/1.1" 200 21600 "http://www.middleeastoday.com/?p=8703" "Mozilla/5.0 AppleWebKit/537.36 (KHTML, like Gecko; compatible; GPTBot/1.3; +https://openai.com/gptbot)"
162.213.253.84 - - [02/Mar/2026:13:35:25 -0500] "POST /wp-admin/admin-ajax.php?action=async_litespeed&nonce=ucTrt1XDINzeoATVzvebe3htZ0FaO4yB&litespeed_type=imgoptm HTTP/1.1" 200 21 "-" "WordPress/6.8.1; http://www.middleeastoday.com"
43.135.107.111 - - [02/Mar/2026:13:35:29 -0500] "GET /wp-content/uploads/2024/12/Open-Auction-850x560.jpeg HTTP/1.1" 200 117561 "-" "Mozilla/5.0 (Windows NT 10.0; Win64; x64) AppleWebKit/537.36"
162.213.253.84 - - [02/Mar/2026:13:33:51 -0500] "POST /wp-cron.php?doing_wp_cron=1772476431.6047780513763427734375 HTTP/1.1" 200 0 "-" "WordPress/6.8.1; http://www.middleeastoday.com"
74.7.243.195 - - [02/Mar/2026:13:33:50 -0500] "GET /?p=8813 HTTP/1.1" 301 0 "http://www.middleeastoday.com/sharjahs-historic-buildings-on-isescos-final-list/" "Mozilla/5.0 AppleWebKit/537.36 (KHTML, like Gecko; compatible; GPTBot/1.3; +https://openai.com/gptbot)"
54.39.6.172 - - [02/Mar/2026:13:34:31 -0500] "GET /mohamed-ahmed-ibrahim-between-sunrise-and-sunset-exhibition-to-open-in-april-at-venice-biennale/ HTTP/1.1" 200 22342 "-" "Mozilla/5.0 (compatible; AhrefsBot/7.0; +http://ahrefs.com/robot/)"
162.213.253.84 - - [02/Mar/2026:13:35:24 -0500] "POST /wp-cron.php?doing_wp_cron=1772476524.7944409847259521484375 HTTP/1.1" 200 0 "-" "WordPress/6.8.1; http://www.middleeastoday.com"
74.7.243.195 - - [02/Mar/2026:13:35:24 -0500] "GET /?p=8703 HTTP/1.1" 301 0 "http://www.middleeastoday.com/uae-president-at-major-economies-forum-peace-and-collaboration-essential-for-sustainable-economic-and-social-development/" "Mozilla/5.0 AppleWebKit/537.36 (KHTML, like Gecko; compatible; GPTBot/1.3; +https://openai.com/gptbot)"
43.135.107.165 - - [02/Mar/2026:13:35:29 -0500] "GET /wp-content/uploads/2022/04/64c2ad33-5b41-4d59-be1b-293b254ded91-768x119.jpeg HTTP/1.1" 200 18202 "-" "Mozilla/5.0 (Windows NT 10.0; Win64; x64) AppleWebKit/537.36"
74.7.243.195 - - [02/Mar/2026:13:36:18 -0500] "GET /?p=8763 HTTP/1.1" 301 0 "http://www.middleeastoday.com/uae-leaders-congratulate-president-of-seychelles-on-independence-day/" "Mozilla/5.0 AppleWebKit/537.36 (KHTML, like Gecko; compatible; GPTBot/1.3; +https://openai.com/gptbot)"
114.119.138.37 - - [02/Mar/2026:13:36:18 -0500] "GET /time-hotels-celebrates-10th-anniversary HTTP/1.1" 301 0 "https://www.middleeastoday.com/author/admin/page/89" "Mozilla/5.0 (Linux; Android 7.0;) AppleWebKit/537.36 (KHTML, like Gecko) Mobile Safari/537.36 (compatible; PetalBot;+https://webmaster.petalsearch.com/site/petalbot)"
74.7.243.195 - - [02/Mar/2026:13:36:19 -0500] "GET /uae-leaders-congratulate-president-of-seychelles-on-independence-day/ HTTP/1.1" 200 19958 "http://www.middleeastoday.com/?p=8763" "Mozilla/5.0 AppleWebKit/537.36 (KHTML, like Gecko; compatible; GPTBot/1.3; +https://openai.com/gptbot)"
114.119.138.37 - - [02/Mar/2026:13:36:20 -0500] "GET /time-hotels-celebrates-10th-anniversary/ HTTP/1.1" 200 24593 "https://www.middleeastoday.com/author/admin/page/89" "Mozilla/5.0 (Linux; Android 7.0;) AppleWebKit/537.36 (KHTML, like Gecko) Mobile Safari/537.36 (compatible; PetalBot;+https://webmaster.petalsearch.com/site/petalbot)"
74.7.243.195 - - [02/Mar/2026:13:36:37 -0500] "GET /uae-president-receives-indonesian-minister-of-maritime-affairs/ HTTP/1.1" 200 20585 "http://www.middleeastoday.com/?p=8688" "Mozilla/5.0 AppleWebKit/537.36 (KHTML, like Gecko; compatible; GPTBot/1.3; +https://openai.com/gptbot)"
