162.213.253.84 - - [02/Mar/2026:15:41:24 -0500] "POST /wp-admin/admin-ajax.php?action=async_litespeed&nonce=6eo7zaJQL1KAJ9PJ5VoqECYMIoOeSKxw&litespeed_type=imgoptm HTTP/1.1" 200 21 "-" "WordPress/6.8.1; http://www.middleeastoday.com"
43.155.125.69 - - [02/Mar/2026:15:41:43 -0500] "GET /wp-content/uploads/2022/05/Noura-Al-Kaabi-850x560.jpg HTTP/1.1" 200 82270 "-" "Mozilla/5.0 (Windows NT 10.0; Win64; x64) AppleWebKit/537.36"
162.213.253.84 - - [02/Mar/2026:15:40:38 -0500] "POST /wp-cron.php?doing_wp_cron=1772484038.2686479091644287109375 HTTP/1.1" 200 0 "-" "WordPress/6.8.1; http://www.middleeastoday.com"
162.213.253.84 - - [02/Mar/2026:15:40:40 -0500] "POST /wp-cron.php?doing_wp_cron=1772484040.5330569744110107421875 HTTP/1.1" 200 0 "-" "WordPress/6.8.1; http://www.middleeastoday.com"
74.7.243.195 - - [02/Mar/2026:15:40:39 -0500] "GET /wp-json/oembed/1.0/embed?url=http%3A%2F%2Fwww.middleeastoday.com%2Fuae-a-leader-in-womens-representation-in-governance-says-uncdf-executive-secretary%2F HTTP/1.1" 200 2704 "http://www.middleeastoday.com/uae-a-leader-in-womens-representation-in-governance-says-uncdf-executive-secretary/" "Mozilla/5.0 AppleWebKit/537.36 (KHTML, like Gecko; compatible; GPTBot/1.3; +https://openai.com/gptbot)"
74.7.243.195 - - [02/Mar/2026:15:40:47 -0500] "GET /wp-json/oembed/1.0/embed?url=http%3A%2F%2Fwww.middleeastoday.com%2Fenvironment-agency-abu-dhabi-releases-batch-of-rescued-and-rehabilitated-sea-turtles%2F HTTP/1.1" 200 2706 "http://www.middleeastoday.com/environment-agency-abu-dhabi-releases-batch-of-rescued-and-rehabilitated-sea-turtles/" "Mozilla/5.0 AppleWebKit/537.36 (KHTML, like Gecko; compatible; GPTBot/1.3; +https://openai.com/gptbot)"
74.7.243.195 - - [02/Mar/2026:15:40:55 -0500] "GET /wp-json/oembed/1.0/embed?url=http%3A%2F%2Fwww.middleeastoday.com%2Farada-launches-robinia-third-residential-phase-of-sharjahs-forest-community-masaar%2F HTTP/1.1" 200 2700 "http://www.middleeastoday.com/arada-launches-robinia-third-residential-phase-of-sharjahs-forest-community-masaar/" "Mozilla/5.0 AppleWebKit/537.36 (KHTML, like Gecko; compatible; GPTBot/1.3; +https://openai.com/gptbot)"
74.7.243.195 - - [02/Mar/2026:15:40:57 -0500] "GET /wp-json/oembed/1.0/embed?url=http%3A%2F%2Fwww.middleeastoday.com%2Fpresident-of-sharjah-institute-for-heritage-receives-ambassador-of-north-macedonia%2F HTTP/1.1" 200 2686 "http://www.middleeastoday.com/president-of-sharjah-institute-for-heritage-receives-ambassador-of-north-macedonia/" "Mozilla/5.0 AppleWebKit/537.36 (KHTML, like Gecko; compatible; GPTBot/1.3; +https://openai.com/gptbot)"
74.7.243.195 - - [02/Mar/2026:15:40:58 -0500] "GET /wp-json/oembed/1.0/embed?url=http%3A%2F%2Fwww.middleeastoday.com%2Fal-majaz-amphitheatre-national-arab-orchestra-sign-agreement-to-revive-arab-musicals%2F HTTP/1.1" 200 2693 "http://www.middleeastoday.com/al-majaz-amphitheatre-national-arab-orchestra-sign-agreement-to-revive-arab-musicals/" "Mozilla/5.0 AppleWebKit/537.36 (KHTML, like Gecko; compatible; GPTBot/1.3; +https://openai.com/gptbot)"
162.213.253.84 - - [02/Mar/2026:15:41:23 -0500] "POST /wp-cron.php?doing_wp_cron=1772484083.5219709873199462890625 HTTP/1.1" 200 0 "-" "WordPress/6.8.1; http://www.middleeastoday.com"
74.7.243.195 - - [02/Mar/2026:15:41:22 -0500] "GET /wp-json/oembed/1.0/embed?url=http%3A%2F%2Fwww.middleeastoday.com%2Fmohamed-bin-zayed-president-of-ghana-review-advancing-bilateral-relations%2F HTTP/1.1" 200 2620 "http://www.middleeastoday.com/mohamed-bin-zayed-president-of-ghana-review-advancing-bilateral-relations/" "Mozilla/5.0 AppleWebKit/537.36 (KHTML, like Gecko; compatible; GPTBot/1.3; +https://openai.com/gptbot)"
162.213.253.84 - - [02/Mar/2026:15:41:39 -0500] "POST /wp-cron.php?doing_wp_cron=1772484099.0309660434722900390625 HTTP/1.1" 200 0 "-" "WordPress/6.8.1; http://www.middleeastoday.com"
74.7.243.195 - - [02/Mar/2026:15:41:38 -0500] "GET /wp-json/oembed/1.0/embed?url=http%3A%2F%2Fwww.middleeastoday.com%2Fsharjah-ramadan-festival-continues-its-exceptional-activities-and-experiences%2F HTTP/1.1" 200 2700 "http://www.middleeastoday.com/sharjah-ramadan-festival-continues-its-exceptional-activities-and-experiences/" "Mozilla/5.0 AppleWebKit/537.36 (KHTML, like Gecko; compatible; GPTBot/1.3; +https://openai.com/gptbot)"
74.7.243.195 - - [02/Mar/2026:15:41:46 -0500] "GET /category/conferences/feed/ HTTP/1.1" 200 9992 "http://www.middleeastoday.com/category/conferences/" "Mozilla/5.0 AppleWebKit/537.36 (KHTML, like Gecko; compatible; GPTBot/1.3; +https://openai.com/gptbot)"
74.7.243.195 - - [02/Mar/2026:15:41:43 -0500] "GET /wp-json/oembed/1.0/embed?url=http%3A%2F%2Fwww.middleeastoday.com%2Flouvre-abu-dhabi-announces-regions-most-comprehensive-impressionist-exhibition%2F HTTP/1.1" 200 2678 "http://www.middleeastoday.com/louvre-abu-dhabi-announces-regions-most-comprehensive-impressionist-exhibition/" "Mozilla/5.0 AppleWebKit/537.36 (KHTML, like Gecko; compatible; GPTBot/1.3; +https://openai.com/gptbot)"
74.7.243.195 - - [02/Mar/2026:15:41:45 -0500] "GET /wp-json/oembed/1.0/embed?url=http%3A%2F%2Fwww.middleeastoday.com%2Fintegrated-transport-centre-launches-emirates-1st-trial-operation-for-autonomous-delivery-vehicles%2F HTTP/1.1" 200 2782 "http://www.middleeastoday.com/integrated-transport-centre-launches-emirates-1st-trial-operation-for-autonomous-delivery-vehicles/" "Mozilla/5.0 AppleWebKit/537.36 (KHTML, like Gecko; compatible; GPTBot/1.3; +https://openai.com/gptbot)"
74.7.243.195 - - [02/Mar/2026:15:41:47 -0500] "GET /wp-json/oembed/1.0/embed?url=http%3A%2F%2Fwww.middleeastoday.com%2Faed2-53-billion-worth-of-transactions-registered-in-dubai-on-the-first-working-friday-of-2022%2F HTTP/1.1" 200 2762 "http://www.middleeastoday.com/aed2-53-billion-worth-of-transactions-registered-in-dubai-on-the-first-working-friday-of-2022/" "Mozilla/5.0 AppleWebKit/537.36 (KHTML, like Gecko; compatible; GPTBot/1.3; +https://openai.com/gptbot)"
74.7.243.195 - - [02/Mar/2026:15:41:47 -0500] "GET /wp-json/oembed/1.0/embed?url=http%3A%2F%2Fwww.middleeastoday.com%2Fegypt-hosts-launching-of-18th-sharjah-narrative-forum%2F HTTP/1.1" 200 2535 "http://www.middleeastoday.com/egypt-hosts-launching-of-18th-sharjah-narrative-forum/" "Mozilla/5.0 AppleWebKit/537.36 (KHTML, like Gecko; compatible; GPTBot/1.3; +https://openai.com/gptbot)"
74.7.243.195 - - [02/Mar/2026:15:41:49 -0500] "GET /wp-json/oembed/1.0/embed?url=http%3A%2F%2Fwww.middleeastoday.com%2Fbeing-muskaan-events-creates-an-unforgettable-evening-with-miss-uae-international-2024-and-gulf-achievers-2024%2F HTTP/1.1" 200 2819 "http://www.middleeastoday.com/being-muskaan-events-creates-an-unforgettable-evening-with-miss-uae-international-2024-and-gulf-achievers-2024/" "Mozilla/5.0 AppleWebKit/537.36 (KHTML, like Gecko; compatible; GPTBot/1.3; +https://openai.com/gptbot)"
74.7.243.195 - - [02/Mar/2026:15:41:52 -0500] "GET /wp-json/oembed/1.0/embed?url=http%3A%2F%2Fwww.middleeastoday.com%2Fsba-to-unveil-full-agenda-of-13th-edition-of-sharjah-childrens-reading-festival-on-tuesday%2F HTTP/1.1" 200 2725 "http://www.middleeastoday.com/sba-to-unveil-full-agenda-of-13th-edition-of-sharjah-childrens-reading-festival-on-tuesday/" "Mozilla/5.0 AppleWebKit/537.36 (KHTML, like Gecko; compatible; GPTBot/1.3; +https://openai.com/gptbot)"
74.7.243.195 - - [02/Mar/2026:15:41:53 -0500] "GET /category/exhibitions/feed/ HTTP/1.1" 200 11556 "http://www.middleeastoday.com/category/exhibitions/" "Mozilla/5.0 AppleWebKit/537.36 (KHTML, like Gecko; compatible; GPTBot/1.3; +https://openai.com/gptbot)"
74.7.243.195 - - [02/Mar/2026:15:41:54 -0500] "GET /wp-json/oembed/1.0/embed?url=http%3A%2F%2Fwww.middleeastoday.com%2Fdubai-culture-announces-programme-for-10th-edition-of-sikka-art-and-design-festival%2F HTTP/1.1" 200 2677 "http://www.middleeastoday.com/dubai-culture-announces-programme-for-10th-edition-of-sikka-art-and-design-festival/" "Mozilla/5.0 AppleWebKit/537.36 (KHTML, like Gecko; compatible; GPTBot/1.3; +https://openai.com/gptbot)"
162.213.253.84 - - [02/Mar/2026:15:42:35 -0500] "POST /wp-cron.php?doing_wp_cron=1772484155.2039198875427246093750 HTTP/1.1" 200 0 "-" "WordPress/6.8.1; http://www.middleeastoday.com"
162.213.253.84 - - [02/Mar/2026:15:42:59 -0500] "POST /wp-cron.php?doing_wp_cron=1772484179.5879349708557128906250 HTTP/1.1" 200 0 "-" "WordPress/6.8.1; http://www.middleeastoday.com"
74.7.243.195 - - [02/Mar/2026:15:41:50 -0500] "GET /wp-json/oembed/1.0/embed?url=http%3A%2F%2Fwww.middleeastoday.com%2Fdubais-nakheel-awards-3-construction-contracts-worth-1-4bln-for-palm-jebel-ali-villas%2F HTTP/1.1" 200 2744 "http://www.middleeastoday.com/dubais-nakheel-awards-3-construction-contracts-worth-1-4bln-for-palm-jebel-ali-villas/" "Mozilla/5.0 AppleWebKit/537.36 (KHTML, like Gecko; compatible; GPTBot/1.3; +https://openai.com/gptbot)"
74.7.243.195 - - [02/Mar/2026:15:41:51 -0500] "GET /wp-json/oembed/1.0/embed?url=http%3A%2F%2Fwww.middleeastoday.com%2Fetihad-cargos-inaugural-freighter-flight-to-ezhou-huahu-airport-in-china-arrives-on-august-18%2F HTTP/1.1" 200 2741 "http://www.middleeastoday.com/etihad-cargos-inaugural-freighter-flight-to-ezhou-huahu-airport-in-china-arrives-on-august-18/" "Mozilla/5.0 AppleWebKit/537.36 (KHTML, like Gecko; compatible; GPTBot/1.3; +https://openai.com/gptbot)"
74.7.243.195 - - [02/Mar/2026:15:41:52 -0500] "GET /wp-json/oembed/1.0/embed?url=http%3A%2F%2Fwww.middleeastoday.com%2Fregistration-for-first-global-spark-ar-hackathon-challenge-closes-on-june-17%2F HTTP/1.1" 200 2649 "http://www.middleeastoday.com/registration-for-first-global-spark-ar-hackathon-challenge-closes-on-june-17/" "Mozilla/5.0 AppleWebKit/537.36 (KHTML, like Gecko; compatible; GPTBot/1.3; +https://openai.com/gptbot)"
74.7.243.195 - - [02/Mar/2026:15:41:55 -0500] "GET /wp-json/oembed/1.0/embed?url=http%3A%2F%2Fwww.middleeastoday.com%2Fetihad-launches-five-summer-services-growing-network-to-over-70-destinations%2F HTTP/1.1" 200 2636 "http://www.middleeastoday.com/etihad-launches-five-summer-services-growing-network-to-over-70-destinations/" "Mozilla/5.0 AppleWebKit/537.36 (KHTML, like Gecko; compatible; GPTBot/1.3; +https://openai.com/gptbot)"
74.7.243.195 - - [02/Mar/2026:15:42:34 -0500] "GET /wp-json/oembed/1.0/embed?url=http%3A%2F%2Fwww.middleeastoday.com%2Fsheikh-zayed-festival-sets-three-guinness-world-records-with-largest-40-minute-fireworks-display%2F HTTP/1.1" 200 2748 "http://www.middleeastoday.com/sheikh-zayed-festival-sets-three-guinness-world-records-with-largest-40-minute-fireworks-display/" "Mozilla/5.0 AppleWebKit/537.36 (KHTML, like Gecko; compatible; GPTBot/1.3; +https://openai.com/gptbot)"
162.213.253.84 - - [02/Mar/2026:15:42:35 -0500] "POST /wp-admin/admin-ajax.php?action=async_litespeed&nonce=88plnbqMJIqSYzkHsNQTtyjOdBSVmqSi&litespeed_type=imgoptm HTTP/1.1" 200 21 "-" "WordPress/6.8.1; http://www.middleeastoday.com"
15.235.27.194 - - [02/Mar/2026:15:42:48 -0500] "GET /uae-leaders-congratulate-president-of-ukraine-on-independence-day/ HTTP/1.1" 200 19901 "-" "Mozilla/5.0 (compatible; AhrefsBot/7.0; +http://ahrefs.com/robot/)"
74.7.243.195 - - [02/Mar/2026:15:42:59 -0500] "GET /wp-json/oembed/1.0/embed?url=http%3A%2F%2Fwww.middleeastoday.com%2Fuae-president-vp-congratulate-queen-elizabeth-ii-on-70th-anniversary-of-accession-to-throne%2F HTTP/1.1" 200 2724 "http://www.middleeastoday.com/uae-president-vp-congratulate-queen-elizabeth-ii-on-70th-anniversary-of-accession-to-throne/" "Mozilla/5.0 AppleWebKit/537.36 (KHTML, like Gecko; compatible; GPTBot/1.3; +https://openai.com/gptbot)"
74.7.243.195 - - [02/Mar/2026:15:43:13 -0500] "GET /wp-json/oembed/1.0/embed?url=http%3A%2F%2Fwww.middleeastoday.com%2Fuae-president-king-of-bahrain-discuss-bilateral-ties-regional-developments%2F HTTP/1.1" 200 2633 "http://www.middleeastoday.com/uae-president-king-of-bahrain-discuss-bilateral-ties-regional-developments/" "Mozilla/5.0 AppleWebKit/537.36 (KHTML, like Gecko; compatible; GPTBot/1.3; +https://openai.com/gptbot)"
74.7.243.195 - - [02/Mar/2026:15:43:19 -0500] "GET /wp-json/oembed/1.0/embed?url=http%3A%2F%2Fwww.middleeastoday.com%2Fair-arabia-abu-dhabi-launches-inaugural-flights-to-yekaterinburg-in-russia%2F HTTP/1.1" 200 2624 "http://www.middleeastoday.com/air-arabia-abu-dhabi-launches-inaugural-flights-to-yekaterinburg-in-russia/" "Mozilla/5.0 AppleWebKit/537.36 (KHTML, like Gecko; compatible; GPTBot/1.3; +https://openai.com/gptbot)"
74.7.243.195 - - [02/Mar/2026:15:43:04 -0500] "GET /wp-json/oembed/1.0/embed?url=http%3A%2F%2Fwww.middleeastoday.com%2Ffbp-international-stepping-into-the-10th-year-of-fulfilling-your-australian-dreams%2F HTTP/1.1" 200 2682 "http://www.middleeastoday.com/fbp-international-stepping-into-the-10th-year-of-fulfilling-your-australian-dreams/" "Mozilla/5.0 AppleWebKit/537.36 (KHTML, like Gecko; compatible; GPTBot/1.3; +https://openai.com/gptbot)"
74.7.243.195 - - [02/Mar/2026:15:43:20 -0500] "GET /wp-json/oembed/1.0/embed?url=http%3A%2F%2Fwww.middleeastoday.com%2Fuae-and-brics-partnership-seeking-to-enhance-global-development-prosperity%2F HTTP/1.1" 200 2628 "http://www.middleeastoday.com/uae-and-brics-partnership-seeking-to-enhance-global-development-prosperity/" "Mozilla/5.0 AppleWebKit/537.36 (KHTML, like Gecko; compatible; GPTBot/1.3; +https://openai.com/gptbot)"
74.7.243.195 - - [02/Mar/2026:15:43:21 -0500] "GET /wp-json/oembed/1.0/embed?url=http%3A%2F%2Fwww.middleeastoday.com%2Fabdullah-bin-zayed-participates-in-g20-foreign-ministers-meeting-reiterates-uaes-support-of-indonesias-efforts%2F HTTP/1.1" 200 2882 "http://www.middleeastoday.com/abdullah-bin-zayed-participates-in-g20-foreign-ministers-meeting-reiterates-uaes-support-of-indonesias-efforts/" "Mozilla/5.0 AppleWebKit/537.36 (KHTML, like Gecko; compatible; GPTBot/1.3; +https://openai.com/gptbot)"
162.213.253.84 - - [02/Mar/2026:15:43:22 -0500] "POST /wp-cron.php?doing_wp_cron=1772484202.5354099273681640625000 HTTP/1.1" 200 0 "-" "WordPress/6.8.1; http://www.middleeastoday.com"
74.7.243.195 - - [02/Mar/2026:15:43:21 -0500] "GET /wp-json/oembed/1.0/embed?url=http%3A%2F%2Fwww.middleeastoday.com%2Fabu-dhabi-heritage-authority-showcases-emirati-culture-at-moroccos-tan-tan-moussem%2F HTTP/1.1" 200 2682 "http://www.middleeastoday.com/abu-dhabi-heritage-authority-showcases-emirati-culture-at-moroccos-tan-tan-moussem/" "Mozilla/5.0 AppleWebKit/537.36 (KHTML, like Gecko; compatible; GPTBot/1.3; +https://openai.com/gptbot)"
162.213.253.84 - - [02/Mar/2026:15:43:23 -0500] "POST /wp-admin/admin-ajax.php?action=async_litespeed&nonce=cjrt5TAqZKQywigR06WPjnDZ2aBCNmll&litespeed_type=imgoptm HTTP/1.1" 200 21 "-" "WordPress/6.8.1; http://www.middleeastoday.com"
162.213.253.84 - - [02/Mar/2026:15:43:24 -0500] "POST /wp-cron.php?doing_wp_cron=1772484204.3600289821624755859375 HTTP/1.1" 200 0 "-" "WordPress/6.8.1; http://www.middleeastoday.com"
74.7.243.195 - - [02/Mar/2026:15:43:23 -0500] "GET /wp-json/oembed/1.0/embed?url=http%3A%2F%2Fwww.middleeastoday.com%2Fcommemoration-day-deepens-values-of-loyalty-and-belonging-to-the-nation-uae-president%2F HTTP/1.1" 200 2688 "http://www.middleeastoday.com/commemoration-day-deepens-values-of-loyalty-and-belonging-to-the-nation-uae-president/" "Mozilla/5.0 AppleWebKit/537.36 (KHTML, like Gecko; compatible; GPTBot/1.3; +https://openai.com/gptbot)"
74.7.243.195 - - [02/Mar/2026:15:43:51 -0500] "GET /wp-json/oembed/1.0/embed?url=http%3A%2F%2Fwww.middleeastoday.com%2Fmohamed-ahmed-ibrahim-between-sunrise-and-sunset-exhibition-to-open-in-april-at-venice-biennale%2F HTTP/1.1" 200 2788 "http://www.middleeastoday.com/mohamed-ahmed-ibrahim-between-sunrise-and-sunset-exhibition-to-open-in-april-at-venice-biennale/" "Mozilla/5.0 AppleWebKit/537.36 (KHTML, like Gecko; compatible; GPTBot/1.3; +https://openai.com/gptbot)"
162.213.253.84 - - [02/Mar/2026:15:44:22 -0500] "POST /wp-cron.php?doing_wp_cron=1772484262.9502530097961425781250 HTTP/1.1" 200 0 "-" "WordPress/6.8.1; http://www.middleeastoday.com"
162.213.253.84 - - [02/Mar/2026:15:44:23 -0500] "POST /wp-admin/admin-ajax.php?action=async_litespeed&nonce=hlFDJIHUsOmOuBxrF85udwX1z5NJWdc6&litespeed_type=imgoptm HTTP/1.1" 200 21 "-" "WordPress/6.8.1; http://www.middleeastoday.com"
74.7.243.195 - - [02/Mar/2026:15:43:22 -0500] "GET /wp-json/oembed/1.0/embed?url=http%3A%2F%2Fwww.middleeastoday.com%2Fuae-president-king-of-jordan-discuss-brotherly-relations-cooperation-and-joint-action%2F HTTP/1.1" 200 2693 "http://www.middleeastoday.com/uae-president-king-of-jordan-discuss-brotherly-relations-cooperation-and-joint-action/" "Mozilla/5.0 AppleWebKit/537.36 (KHTML, like Gecko; compatible; GPTBot/1.3; +https://openai.com/gptbot)"
74.7.243.195 - - [02/Mar/2026:15:43:29 -0500] "GET /wp-json/oembed/1.0/embed?url=http%3A%2F%2Fwww.middleeastoday.com%2Fworld-health-assembly-unanimously-endorses-uaes-proposal-to-promote-quality-of-life%2F HTTP/1.1" 200 2701 "http://www.middleeastoday.com/world-health-assembly-unanimously-endorses-uaes-proposal-to-promote-quality-of-life/" "Mozilla/5.0 AppleWebKit/537.36 (KHTML, like Gecko; compatible; GPTBot/1.3; +https://openai.com/gptbot)"
74.7.243.195 - - [02/Mar/2026:15:43:36 -0500] "GET /wp-json/oembed/1.0/embed?url=http%3A%2F%2Fwww.middleeastoday.com%2Fuae-president-leads-delegation-at-gcc-asean-summit-inaugurated-by-saudi-crown-prince%2F HTTP/1.1" 200 2684 "http://www.middleeastoday.com/uae-president-leads-delegation-at-gcc-asean-summit-inaugurated-by-saudi-crown-prince/" "Mozilla/5.0 AppleWebKit/537.36 (KHTML, like Gecko; compatible; GPTBot/1.3; +https://openai.com/gptbot)"
74.7.243.195 - - [02/Mar/2026:15:44:22 -0500] "GET /wp-json/oembed/1.0/embed?url=http%3A%2F%2Fwww.middleeastoday.com%2Fabu-dhabi-chamber-discusses-cementing-cooperation-with-philippine-business-council%2F HTTP/1.1" 200 2676 "http://www.middleeastoday.com/abu-dhabi-chamber-discusses-cementing-cooperation-with-philippine-business-council/" "Mozilla/5.0 AppleWebKit/537.36 (KHTML, like Gecko; compatible; GPTBot/1.3; +https://openai.com/gptbot)"
162.213.253.84 - - [02/Mar/2026:15:44:32 -0500] "POST /wp-cron.php?doing_wp_cron=1772484272.8270699977874755859375 HTTP/1.1" 200 0 "-" "WordPress/6.8.1; http://www.middleeastoday.com"
74.7.243.195 - - [02/Mar/2026:15:44:32 -0500] "GET /wp-json/oembed/1.0/embed?url=http%3A%2F%2Fwww.middleeastoday.com%2Fmohamed-bin-zayed-austrian-chancellor-deliberate-strengthening-bilateral-relations%2F HTTP/1.1" 200 2679 "http://www.middleeastoday.com/mohamed-bin-zayed-austrian-chancellor-deliberate-strengthening-bilateral-relations/" "Mozilla/5.0 AppleWebKit/537.36 (KHTML, like Gecko; compatible; GPTBot/1.3; +https://openai.com/gptbot)"
74.7.243.195 - - [02/Mar/2026:15:44:37 -0500] "GET /wp-json/oembed/1.0/embed?url=http%3A%2F%2Fwww.middleeastoday.com%2Fthe-head-of-state-arrives-in-cairo-on-an-official-visit-and-the-egyptian-president-is-at-the-forefront-of-his-reception%2F HTTP/1.1" 200 2865 "http://www.middleeastoday.com/the-head-of-state-arrives-in-cairo-on-an-official-visit-and-the-egyptian-president-is-at-the-forefront-of-his-reception/" "Mozilla/5.0 AppleWebKit/537.36 (KHTML, like Gecko; compatible; GPTBot/1.3; +https://openai.com/gptbot)"
74.7.243.195 - - [02/Mar/2026:15:44:40 -0500] "GET /wp-json/oembed/1.0/embed?url=http%3A%2F%2Fwww.middleeastoday.com%2Fcbuae-issues-notice-outlining-measures-taken-to-alleviate-burden-of-rising-interest-rates-on-residential-mortgage-loans-for-uae-nationals%2F HTTP/1.1" 200 2945 "http://www.middleeastoday.com/cbuae-issues-notice-outlining-measures-taken-to-alleviate-burden-of-rising-interest-rates-on-residential-mortgage-loans-for-uae-nationals/" "Mozilla/5.0 AppleWebKit/537.36 (KHTML, like Gecko; compatible; GPTBot/1.3; +https://openai.com/gptbot)"
74.7.243.195 - - [02/Mar/2026:15:44:42 -0500] "GET /wp-json/oembed/1.0/embed?url=http%3A%2F%2Fwww.middleeastoday.com%2Fdubai-aerospace-enterprise-reports-186-growth-in-profit-in-the-first-six-months%2F HTTP/1.1" 200 2671 "http://www.middleeastoday.com/dubai-aerospace-enterprise-reports-186-growth-in-profit-in-the-first-six-months/" "Mozilla/5.0 AppleWebKit/537.36 (KHTML, like Gecko; compatible; GPTBot/1.3; +https://openai.com/gptbot)"
74.7.243.195 - - [02/Mar/2026:15:44:40 -0500] "GET /wp-json/oembed/1.0/embed?url=http%3A%2F%2Fwww.middleeastoday.com%2Fmaktoum-bin-mohammed-meets-with-co-founder-and-ceo-of-snap-inc%2F HTTP/1.1" 200 2577 "http://www.middleeastoday.com/maktoum-bin-mohammed-meets-with-co-founder-and-ceo-of-snap-inc/" "Mozilla/5.0 AppleWebKit/537.36 (KHTML, like Gecko; compatible; GPTBot/1.3; +https://openai.com/gptbot)"
74.7.243.195 - - [02/Mar/2026:15:44:41 -0500] "GET /wp-json/oembed/1.0/embed?url=http%3A%2F%2Fwww.middleeastoday.com%2Fhead-of-executive-department-of-policy-and-cooperation-receives-chief-of-australian-defence-force%2F HTTP/1.1" 200 2759 "http://www.middleeastoday.com/head-of-executive-department-of-policy-and-cooperation-receives-chief-of-australian-defence-force/" "Mozilla/5.0 AppleWebKit/537.36 (KHTML, like Gecko; compatible; GPTBot/1.3; +https://openai.com/gptbot)"
74.7.243.195 - - [02/Mar/2026:15:44:42 -0500] "GET /wp-json/oembed/1.0/embed?url=http%3A%2F%2Fwww.middleeastoday.com%2Fhoor-al-qasimi-inaugurates-regions-first-retrospective-exhibition-of-late-artist-aref-el-rayess%2F HTTP/1.1" 200 2757 "http://www.middleeastoday.com/hoor-al-qasimi-inaugurates-regions-first-retrospective-exhibition-of-late-artist-aref-el-rayess/" "Mozilla/5.0 AppleWebKit/537.36 (KHTML, like Gecko; compatible; GPTBot/1.3; +https://openai.com/gptbot)"
74.7.243.195 - - [02/Mar/2026:15:44:46 -0500] "GET /wp-json/oembed/1.0/embed?url=http%3A%2F%2Fwww.middleeastoday.com%2Fexpo-centre-sharjah-to-attract-visitors-with-17-diverse-exhibitions-till-year-end%2F HTTP/1.1" 200 2671 "http://www.middleeastoday.com/expo-centre-sharjah-to-attract-visitors-with-17-diverse-exhibitions-till-year-end/" "Mozilla/5.0 AppleWebKit/537.36 (KHTML, like Gecko; compatible; GPTBot/1.3; +https://openai.com/gptbot)"
74.7.243.195 - - [02/Mar/2026:15:44:49 -0500] "GET /wp-json/oembed/1.0/embed?url=http%3A%2F%2Fwww.middleeastoday.com%2Fsaif-bin-zayed-heads-uae-delegation-to-39th-arab-ministers-of-interior-council%2F HTTP/1.1" 200 2660 "http://www.middleeastoday.com/saif-bin-zayed-heads-uae-delegation-to-39th-arab-ministers-of-interior-council/" "Mozilla/5.0 AppleWebKit/537.36 (KHTML, like Gecko; compatible; GPTBot/1.3; +https://openai.com/gptbot)"
162.213.253.84 - - [02/Mar/2026:15:45:32 -0500] "POST /wp-cron.php?doing_wp_cron=1772484332.9137320518493652343750 HTTP/1.1" 200 0 "-" "WordPress/6.8.1; http://www.middleeastoday.com"
74.7.243.195 - - [02/Mar/2026:15:45:32 -0500] "GET /wp-json/oembed/1.0/embed?url=http%3A%2F%2Fwww.middleeastoday.com%2Fdlds-moasher-tracks-highest-ever-number-of-quarterly-real-estate-transactions-since-2010%2F HTTP/1.1" 200 2736 "http://www.middleeastoday.com/dlds-moasher-tracks-highest-ever-number-of-quarterly-real-estate-transactions-since-2010/" "Mozilla/5.0 AppleWebKit/537.36 (KHTML, like Gecko; compatible; GPTBot/1.3; +https://openai.com/gptbot)"
74.7.243.195 - - [02/Mar/2026:15:45:54 -0500] "GET /wp-json/oembed/1.0/embed?url=http%3A%2F%2Fwww.middleeastoday.com%2Fdelta-wealth-partners-announces-strategic-investment-in-taka-sports-at-gitex-global-2025%2F HTTP/1.1" 200 2733 "http://www.middleeastoday.com/delta-wealth-partners-announces-strategic-investment-in-taka-sports-at-gitex-global-2025/" "Mozilla/5.0 AppleWebKit/537.36 (KHTML, like Gecko; compatible; GPTBot/1.3; +https://openai.com/gptbot)"
162.213.253.84 - - [02/Mar/2026:15:46:22 -0500] "POST /wp-cron.php?doing_wp_cron=1772484382.7127308845520019531250 HTTP/1.1" 200 0 "-" "WordPress/6.8.1; http://www.middleeastoday.com"
162.213.253.84 - - [02/Mar/2026:15:46:23 -0500] "POST /wp-admin/admin-ajax.php?action=async_litespeed&nonce=Tz6HxI7o9gx8sdP2uzb0z7Uca3eDOCS4&litespeed_type=imgoptm HTTP/1.1" 200 21 "-" "WordPress/6.8.1; http://www.middleeastoday.com"
74.7.243.195 - - [02/Mar/2026:15:44:43 -0500] "GET /wp-json/oembed/1.0/embed?url=http%3A%2F%2Fwww.middleeastoday.com%2Fmohammed-bin-rashid-directs-urgent-aid-worth-aed50-million-to-flood-hit-pakistan%2F HTTP/1.1" 200 2666 "http://www.middleeastoday.com/mohammed-bin-rashid-directs-urgent-aid-worth-aed50-million-to-flood-hit-pakistan/" "Mozilla/5.0 AppleWebKit/537.36 (KHTML, like Gecko; compatible; GPTBot/1.3; +https://openai.com/gptbot)"
74.7.243.195 - - [02/Mar/2026:15:45:09 -0500] "GET /wp-json/oembed/1.0/embed?url=http%3A%2F%2Fwww.middleeastoday.com%2Fdubai-holding-entertainment-al-jalila-hospital-partner-to-launches-happiness-programme%2F HTTP/1.1" 200 2705 "http://www.middleeastoday.com/dubai-holding-entertainment-al-jalila-hospital-partner-to-launches-happiness-programme/" "Mozilla/5.0 AppleWebKit/537.36 (KHTML, like Gecko; compatible; GPTBot/1.3; +https://openai.com/gptbot)"
162.213.253.84 - - [02/Mar/2026:15:45:33 -0500] "POST /wp-admin/admin-ajax.php?action=async_litespeed&nonce=JE0ZPq67BHMRQTIvi4Svf84VlsTHSlCP&litespeed_type=imgoptm HTTP/1.1" 200 21 "-" "WordPress/6.8.1; http://www.middleeastoday.com"
162.213.253.84 - - [02/Mar/2026:15:45:55 -0500] "POST /wp-cron.php?doing_wp_cron=1772484355.4245059490203857421875 HTTP/1.1" 200 0 "-" "WordPress/6.8.1; http://www.middleeastoday.com"
74.7.243.195 - - [02/Mar/2026:15:46:14 -0500] "GET /wp-json/oembed/1.0/embed?url=http%3A%2F%2Fwww.middleeastoday.com%2Fuae-french-presidents-discuss-bilateral-ties-in-paris-witness-signing-of-uae-france-framework-for-cooperation-in-artificial-intelligence%2F HTTP/1.1" 200 2949 "http://www.middleeastoday.com/uae-french-presidents-discuss-bilateral-ties-in-paris-witness-signing-of-uae-france-framework-for-cooperation-in-artificial-intelligence/" "Mozilla/5.0 AppleWebKit/537.36 (KHTML, like Gecko; compatible; GPTBot/1.3; +https://openai.com/gptbot)"
74.7.243.195 - - [02/Mar/2026:15:46:18 -0500] "GET /wp-json/oembed/1.0/embed?url=http%3A%2F%2Fwww.middleeastoday.com%2Fdubai-awqaf-and-minor-affairs-foundation-launches-endowment-projects-worth-aed-56-2-million%2F HTTP/1.1" 200 2714 "http://www.middleeastoday.com/dubai-awqaf-and-minor-affairs-foundation-launches-endowment-projects-worth-aed-56-2-million/" "Mozilla/5.0 AppleWebKit/537.36 (KHTML, like Gecko; compatible; GPTBot/1.3; +https://openai.com/gptbot)"
74.7.243.195 - - [02/Mar/2026:15:46:22 -0500] "GET /wp-json/oembed/1.0/embed?url=http%3A%2F%2Fwww.middleeastoday.com%2Fmohamed-bin-zayed-president-of-seychelles-discuss-enhancing-bilateral-relations%2F HTTP/1.1" 200 2672 "http://www.middleeastoday.com/mohamed-bin-zayed-president-of-seychelles-discuss-enhancing-bilateral-relations/" "Mozilla/5.0 AppleWebKit/537.36 (KHTML, like Gecko; compatible; GPTBot/1.3; +https://openai.com/gptbot)"
74.7.243.195 - - [02/Mar/2026:15:46:23 -0500] "GET /wp-json/oembed/1.0/embed?url=http%3A%2F%2Fwww.middleeastoday.com%2Fyas-theme-parks-clymb-abu-dhabi-qasr-al-watan-named-as-top-choices-for-travelers-in-2022-by-tripadvisor%2F HTTP/1.1" 200 2785 "http://www.middleeastoday.com/yas-theme-parks-clymb-abu-dhabi-qasr-al-watan-named-as-top-choices-for-travelers-in-2022-by-tripadvisor/" "Mozilla/5.0 AppleWebKit/537.36 (KHTML, like Gecko; compatible; GPTBot/1.3; +https://openai.com/gptbot)"
162.213.253.84 - - [02/Mar/2026:15:46:29 -0500] "POST /wp-cron.php?doing_wp_cron=1772484389.3289949893951416015625 HTTP/1.1" 200 0 "-" "WordPress/6.8.1; http://www.middleeastoday.com"
74.7.243.195 - - [02/Mar/2026:15:47:39 -0500] "GET /wp-json/oembed/1.0/embed?url=http%3A%2F%2Fwww.middleeastoday.com%2Fmohammed-bin-rashid-meets-with-senior-officials-of-emirates-airline-and-group%2F HTTP/1.1" 200 2650 "http://www.middleeastoday.com/mohammed-bin-rashid-meets-with-senior-officials-of-emirates-airline-and-group/" "Mozilla/5.0 AppleWebKit/537.36 (KHTML, like Gecko; compatible; GPTBot/1.3; +https://openai.com/gptbot)"
162.213.253.84 - - [02/Mar/2026:15:47:50 -0500] "POST /wp-cron.php?doing_wp_cron=1772484470.3699688911437988281250 HTTP/1.1" 200 0 "-" "WordPress/6.8.1; http://www.middleeastoday.com"
74.7.243.195 - - [02/Mar/2026:15:46:28 -0500] "GET /wp-json/oembed/1.0/embed?url=http%3A%2F%2Fwww.middleeastoday.com%2Fuzbekistan-to-host-2nd-world-conference-on-early-childhood-care-and-education%2F HTTP/1.1" 200 2643 "http://www.middleeastoday.com/uzbekistan-to-host-2nd-world-conference-on-early-childhood-care-and-education/" "Mozilla/5.0 AppleWebKit/537.36 (KHTML, like Gecko; compatible; GPTBot/1.3; +https://openai.com/gptbot)"
74.7.243.195 - - [02/Mar/2026:15:46:40 -0500] "GET /wp-json/oembed/1.0/embed?url=http%3A%2F%2Fwww.middleeastoday.com%2Fkuwaits-amiri-diwan-announces-demise-of-sheikh-nawaf-al-ahmad-al-jaber-al-sabah%2F HTTP/1.1" 200 2676 "http://www.middleeastoday.com/kuwaits-amiri-diwan-announces-demise-of-sheikh-nawaf-al-ahmad-al-jaber-al-sabah/" "Mozilla/5.0 AppleWebKit/537.36 (KHTML, like Gecko; compatible; GPTBot/1.3; +https://openai.com/gptbot)"
74.7.243.195 - - [02/Mar/2026:15:46:46 -0500] "GET /wp-json/oembed/1.0/embed?url=http%3A%2F%2Fwww.middleeastoday.com%2Fmohammed-bin-rashid-attends-second-dubai-breeze-up-sale-held-at-meydan-racecourse%2F HTTP/1.1" 200 2661 "http://www.middleeastoday.com/mohammed-bin-rashid-attends-second-dubai-breeze-up-sale-held-at-meydan-racecourse/" "Mozilla/5.0 AppleWebKit/537.36 (KHTML, like Gecko; compatible; GPTBot/1.3; +https://openai.com/gptbot)"
74.7.243.195 - - [02/Mar/2026:15:46:53 -0500] "GET /wp-json/oembed/1.0/embed?url=http%3A%2F%2Fwww.middleeastoday.com%2Fuae-president-vp-congratulate-king-charles-iii-on-his-ascension-to-the-throne%2F HTTP/1.1" 200 2672 "http://www.middleeastoday.com/uae-president-vp-congratulate-king-charles-iii-on-his-ascension-to-the-throne/" "Mozilla/5.0 AppleWebKit/537.36 (KHTML, like Gecko; compatible; GPTBot/1.3; +https://openai.com/gptbot)"
74.7.243.195 - - [02/Mar/2026:15:47:06 -0500] "GET /wp-json/oembed/1.0/embed?url=http%3A%2F%2Fwww.middleeastoday.com%2Fuae-leaders-condole-king-salman-on-death-of-princess-seetah-bint-jalawi-bin-saud%2F HTTP/1.1" 200 2575 "http://www.middleeastoday.com/uae-leaders-condole-king-salman-on-death-of-princess-seetah-bint-jalawi-bin-saud/" "Mozilla/5.0 AppleWebKit/537.36 (KHTML, like Gecko; compatible; GPTBot/1.3; +https://openai.com/gptbot)"
162.213.253.84 - - [02/Mar/2026:15:47:39 -0500] "POST /wp-cron.php?doing_wp_cron=1772484459.9187510013580322265625 HTTP/1.1" 200 0 "-" "WordPress/6.8.1; http://www.middleeastoday.com"
162.213.253.84 - - [02/Mar/2026:15:47:40 -0500] "POST /wp-admin/admin-ajax.php?action=async_litespeed&nonce=Lr6dF8O5Fh4Ho69kBC4dDP6d9z52Nnij&litespeed_type=imgoptm HTTP/1.1" 200 21 "-" "WordPress/6.8.1; http://www.middleeastoday.com"
74.7.243.195 - - [02/Mar/2026:15:47:51 -0500] "GET /wp-json/oembed/1.0/embed?url=http%3A%2F%2Fwww.middleeastoday.com%2Fcondolences-offered-by-mohamed-bin-zayedon-on-the-death-of-mai-rashid-al-fattan%2F HTTP/1.1" 200 2661 "http://www.middleeastoday.com/condolences-offered-by-mohamed-bin-zayedon-on-the-death-of-mai-rashid-al-fattan/" "Mozilla/5.0 AppleWebKit/537.36 (KHTML, like Gecko; compatible; GPTBot/1.3; +https://openai.com/gptbot)"
74.7.243.195 - - [02/Mar/2026:15:47:52 -0500] "GET /wp-json/oembed/1.0/embed?url=http%3A%2F%2Fwww.middleeastoday.com%2Fdubai-metro-hits-new-milestone-with-over-two-billion-riders-since-inauguration%2F HTTP/1.1" 200 2648 "http://www.middleeastoday.com/dubai-metro-hits-new-milestone-with-over-two-billion-riders-since-inauguration/" "Mozilla/5.0 AppleWebKit/537.36 (KHTML, like Gecko; compatible; GPTBot/1.3; +https://openai.com/gptbot)"
74.7.243.195 - - [02/Mar/2026:15:47:53 -0500] "GET /wp-json/oembed/1.0/embed?url=http%3A%2F%2Fwww.middleeastoday.com%2Fflydubai-to-operate-flights-to-select-destinations-from-dubai-world-central%2F HTTP/1.1" 200 2550 "http://www.middleeastoday.com/flydubai-to-operate-flights-to-select-destinations-from-dubai-world-central/" "Mozilla/5.0 AppleWebKit/537.36 (KHTML, like Gecko; compatible; GPTBot/1.3; +https://openai.com/gptbot)"
74.7.243.195 - - [02/Mar/2026:15:47:49 -0500] "GET /wp-json/oembed/1.0/embed?url=http%3A%2F%2Fwww.middleeastoday.com%2Fatm-on-track-for-record-attendance-as-visitor-registrations-double-year-on-year%2F HTTP/1.1" 200 2645 "http://www.middleeastoday.com/atm-on-track-for-record-attendance-as-visitor-registrations-double-year-on-year/" "Mozilla/5.0 AppleWebKit/537.36 (KHTML, like Gecko; compatible; GPTBot/1.3; +https://openai.com/gptbot)"
74.7.243.195 - - [02/Mar/2026:15:47:53 -0500] "GET /wp-json/oembed/1.0/embed?url=http%3A%2F%2Fwww.middleeastoday.com%2Fuae-egypt-discuss-cooperation-to-counter-money-laundering-and-terrorist-financing%2F HTTP/1.1" 200 2680 "http://www.middleeastoday.com/uae-egypt-discuss-cooperation-to-counter-money-laundering-and-terrorist-financing/" "Mozilla/5.0 AppleWebKit/537.36 (KHTML, like Gecko; compatible; GPTBot/1.3; +https://openai.com/gptbot)"
74.7.243.195 - - [02/Mar/2026:15:47:59 -0500] "GET /wp-json/oembed/1.0/embed?url=http%3A%2F%2Fwww.middleeastoday.com%2Fdepartment-of-health-abu-dhabi-boosts-sectors-preparedness-for-cyber-challenges%2F HTTP/1.1" 200 2703 "http://www.middleeastoday.com/department-of-health-abu-dhabi-boosts-sectors-preparedness-for-cyber-challenges/" "Mozilla/5.0 AppleWebKit/537.36 (KHTML, like Gecko; compatible; GPTBot/1.3; +https://openai.com/gptbot)"
74.7.243.195 - - [02/Mar/2026:15:48:02 -0500] "GET /wp-json/oembed/1.0/embed?url=http%3A%2F%2Fwww.middleeastoday.com%2Fuae-president-receives-secretary-of-supreme-national-security-council-of-iran%2F HTTP/1.1" 200 2645 "http://www.middleeastoday.com/uae-president-receives-secretary-of-supreme-national-security-council-of-iran/" "Mozilla/5.0 AppleWebKit/537.36 (KHTML, like Gecko; compatible; GPTBot/1.3; +https://openai.com/gptbot)"
74.7.243.195 - - [02/Mar/2026:15:48:08 -0500] "GET /wp-json/oembed/1.0/embed?url=http%3A%2F%2Fwww.middleeastoday.com%2Fmohammed-bin-rashid-announces-major-structural-change-in-educational-system%2F HTTP/1.1" 200 2641 "http://www.middleeastoday.com/mohammed-bin-rashid-announces-major-structural-change-in-educational-system/" "Mozilla/5.0 AppleWebKit/537.36 (KHTML, like Gecko; compatible; GPTBot/1.3; +https://openai.com/gptbot)"
74.7.243.195 - - [02/Mar/2026:15:48:12 -0500] "GET /wp-json/oembed/1.0/embed?url=http%3A%2F%2Fwww.middleeastoday.com%2Fuae-a-model-of-a-developed-respected-nation-recognised-worldwide-sharjah-ruler%2F HTTP/1.1" 200 2650 "http://www.middleeastoday.com/uae-a-model-of-a-developed-respected-nation-recognised-worldwide-sharjah-ruler/" "Mozilla/5.0 AppleWebKit/537.36 (KHTML, like Gecko; compatible; GPTBot/1.3; +https://openai.com/gptbot)"
54.221.203.24 - - [02/Mar/2026:15:48:26 -0500] "GET /dxb-tops-air-connectivity-ranking-in-asia-pacific-middle-east/ HTTP/1.1" 200 23414 "-" "Mozilla/5.0 AppleWebKit/537.36 (KHTML, like Gecko; compatible; Amazonbot/0.1; +https://developer.amazon.com/support/amazonbot) Chrome/119.0.6045.214 Safari/537.36"
162.213.253.84 - - [02/Mar/2026:15:48:55 -0500] "POST /wp-cron.php?doing_wp_cron=1772484535.1712939739227294921875 HTTP/1.1" 200 0 "-" "WordPress/6.8.1; http://www.middleeastoday.com"
74.7.243.195 - - [02/Mar/2026:15:49:06 -0500] "GET /wp-json/oembed/1.0/embed?url=http%3A%2F%2Fwww.middleeastoday.com%2Fuae-leaders-congratulate-prime-minister-of-finland-on-formation-of-new-government%2F HTTP/1.1" 200 2663 "http://www.middleeastoday.com/uae-leaders-congratulate-prime-minister-of-finland-on-formation-of-new-government/" "Mozilla/5.0 AppleWebKit/537.36 (KHTML, like Gecko; compatible; GPTBot/1.3; +https://openai.com/gptbot)"
74.7.243.195 - - [02/Mar/2026:15:49:09 -0500] "GET /wp-json/oembed/1.0/embed?url=http%3A%2F%2Fwww.middleeastoday.com%2Fuae-russian-presidents-hold-talks-in-moscow-to-strengthen-strategic-partnership%2F HTTP/1.1" 200 2651 "http://www.middleeastoday.com/uae-russian-presidents-hold-talks-in-moscow-to-strengthen-strategic-partnership/" "Mozilla/5.0 AppleWebKit/537.36 (KHTML, like Gecko; compatible; GPTBot/1.3; +https://openai.com/gptbot)"
74.7.243.195 - - [02/Mar/2026:15:47:56 -0500] "GET /wp-json/oembed/1.0/embed?url=http%3A%2F%2Fwww.middleeastoday.com%2Fuae-austria-hold-joint-economic-committee-meeting-to-strengthen-cooperation%2F HTTP/1.1" 200 2634 "http://www.middleeastoday.com/uae-austria-hold-joint-economic-committee-meeting-to-strengthen-cooperation/" "Mozilla/5.0 AppleWebKit/537.36 (KHTML, like Gecko; compatible; GPTBot/1.3; +https://openai.com/gptbot)"
162.213.253.84 - - [02/Mar/2026:15:48:37 -0500] "POST /wp-cron.php?doing_wp_cron=1772484517.3408300876617431640625 HTTP/1.1" 200 0 "-" "WordPress/6.8.1; http://www.middleeastoday.com"
74.7.243.195 - - [02/Mar/2026:15:48:36 -0500] "GET /wp-json/oembed/1.0/embed?url=http%3A%2F%2Fwww.middleeastoday.com%2Fdubai-electricity-and-water-authority-starts-trading-on-dubai-financial-market%2F HTTP/1.1" 200 2655 "http://www.middleeastoday.com/dubai-electricity-and-water-authority-starts-trading-on-dubai-financial-market/" "Mozilla/5.0 AppleWebKit/537.36 (KHTML, like Gecko; compatible; GPTBot/1.3; +https://openai.com/gptbot)"
162.213.253.84 - - [02/Mar/2026:15:48:38 -0500] "POST /wp-admin/admin-ajax.php?action=async_litespeed&nonce=TmHyBYdiukIBTjcDjZLfwRsQf9Fs0orm&litespeed_type=imgoptm HTTP/1.1" 200 21 "-" "WordPress/6.8.1; http://www.middleeastoday.com"
74.7.243.195 - - [02/Mar/2026:15:48:54 -0500] "GET /wp-json/oembed/1.0/embed?url=http%3A%2F%2Fwww.middleeastoday.com%2Femirates-to-introduce-premium-economy-to-five-more-cities-starting-from-december%2F HTTP/1.1" 200 2669 "http://www.middleeastoday.com/emirates-to-introduce-premium-economy-to-five-more-cities-starting-from-december/" "Mozilla/5.0 AppleWebKit/537.36 (KHTML, like Gecko; compatible; GPTBot/1.3; +https://openai.com/gptbot)"
74.7.243.195 - - [02/Mar/2026:15:49:12 -0500] "GET /wp-json/oembed/1.0/embed?url=http%3A%2F%2Fwww.middleeastoday.com%2Farabian-travel-market-changes-2022-dates-to-accommodate-new-uae-working-week%2F HTTP/1.1" 200 2636 "http://www.middleeastoday.com/arabian-travel-market-changes-2022-dates-to-accommodate-new-uae-working-week/" "Mozilla/5.0 AppleWebKit/537.36 (KHTML, like Gecko; compatible; GPTBot/1.3; +https://openai.com/gptbot)"
74.7.243.195 - - [02/Mar/2026:15:49:18 -0500] "GET /wp-json/oembed/1.0/embed?url=http%3A%2F%2Fwww.middleeastoday.com%2Fair-arabia-named-most-punctual-airline-in-2021-at-moscow-domodedovo-airport%2F HTTP/1.1" 200 2677 "http://www.middleeastoday.com/air-arabia-named-most-punctual-airline-in-2021-at-moscow-domodedovo-airport/" "Mozilla/5.0 AppleWebKit/537.36 (KHTML, like Gecko; compatible; GPTBot/1.3; +https://openai.com/gptbot)"
162.213.253.84 - - [02/Mar/2026:15:49:25 -0500] "POST /wp-admin/admin-ajax.php?action=async_litespeed&nonce=RZAxwq3KRkDegePwrst1l38CISZfKMUG&litespeed_type=imgoptm HTTP/1.1" 200 21 "-" "WordPress/6.8.1; http://www.middleeastoday.com"
74.7.243.195 - - [02/Mar/2026:15:49:39 -0500] "GET /wp-json/oembed/1.0/embed?url=http%3A%2F%2Fwww.middleeastoday.com%2Fbu-dhabi-art-opens-beyond-emerging-artists-exhibition-at-la-biennale-di-venezia%2F HTTP/1.1" 200 2703 "http://www.middleeastoday.com/bu-dhabi-art-opens-beyond-emerging-artists-exhibition-at-la-biennale-di-venezia/" "Mozilla/5.0 AppleWebKit/537.36 (KHTML, like Gecko; compatible; GPTBot/1.3; +https://openai.com/gptbot)"
74.7.243.195 - - [02/Mar/2026:15:49:57 -0500] "GET /wp-json/oembed/1.0/embed?url=http%3A%2F%2Fwww.middleeastoday.com%2Ffor-the-first-time-in-history-olympic-games-paris-2024-opening-ceremony-takes-place-outside-a-stadium%2F HTTP/1.1" 200 2769 "http://www.middleeastoday.com/for-the-first-time-in-history-olympic-games-paris-2024-opening-ceremony-takes-place-outside-a-stadium/" "Mozilla/5.0 AppleWebKit/537.36 (KHTML, like Gecko; compatible; GPTBot/1.3; +https://openai.com/gptbot)"
52.167.144.190 - - [02/Mar/2026:15:50:06 -0500] "GET /erc-implements-8th-phase-of-campaign-against-eye-disease-in-morocco/ HTTP/1.1" 200 20508 "-" "Mozilla/5.0 AppleWebKit/537.36 (KHTML, like Gecko; compatible; bingbot/2.0; +http://www.bing.com/bingbot.htm) Chrome/116.0.1938.76 Safari/537.36"
74.7.243.195 - - [02/Mar/2026:15:49:11 -0500] "GET /wp-json/oembed/1.0/embed?url=http%3A%2F%2Fwww.middleeastoday.com%2Fworlds-largest-mental-health-congress-for-children-and-adolescents-opens-at-dwtc%2F HTTP/1.1" 200 2696 "http://www.middleeastoday.com/worlds-largest-mental-health-congress-for-children-and-adolescents-opens-at-dwtc/" "Mozilla/5.0 AppleWebKit/537.36 (KHTML, like Gecko; compatible; GPTBot/1.3; +https://openai.com/gptbot)"
162.213.253.84 - - [02/Mar/2026:15:49:24 -0500] "POST /wp-cron.php?doing_wp_cron=1772484564.4675929546356201171875 HTTP/1.1" 200 0 "-" "WordPress/6.8.1; http://www.middleeastoday.com"
74.7.243.195 - - [02/Mar/2026:15:49:23 -0500] "GET /wp-json/oembed/1.0/embed?url=http%3A%2F%2Fwww.middleeastoday.com%2Faim-2022-organises-pre-conference-activities-aimed-at-attracting-new-investments%2F HTTP/1.1" 200 2655 "http://www.middleeastoday.com/aim-2022-organises-pre-conference-activities-aimed-at-attracting-new-investments/" "Mozilla/5.0 AppleWebKit/537.36 (KHTML, like Gecko; compatible; GPTBot/1.3; +https://openai.com/gptbot)"
162.213.253.84 - - [02/Mar/2026:15:49:36 -0500] "POST /wp-cron.php?doing_wp_cron=1772484576.0452580451965332031250 HTTP/1.1" 200 0 "-" "WordPress/6.8.1; http://www.middleeastoday.com"
74.7.243.195 - - [02/Mar/2026:15:49:35 -0500] "GET /wp-json/oembed/1.0/embed?url=http%3A%2F%2Fwww.middleeastoday.com%2Fthe-head-of-state-discusses-with-the-french-president-in-paris-the-strengthening-of-the-strategic-partnership-between-the-two-countries%2F HTTP/1.1" 200 2930 "http://www.middleeastoday.com/the-head-of-state-discusses-with-the-french-president-in-paris-the-strengthening-of-the-strategic-partnership-between-the-two-countries/" "Mozilla/5.0 AppleWebKit/537.36 (KHTML, like Gecko; compatible; GPTBot/1.3; +https://openai.com/gptbot)"
74.7.243.195 - - [02/Mar/2026:15:49:42 -0500] "GET /wp-json/oembed/1.0/embed?url=http%3A%2F%2Fwww.middleeastoday.com%2Fabdullah-bin-zayed-antony-blinken-discuss-latest-regional-global-developments%2F HTTP/1.1" 200 2653 "http://www.middleeastoday.com/abdullah-bin-zayed-antony-blinken-discuss-latest-regional-global-developments/" "Mozilla/5.0 AppleWebKit/537.36 (KHTML, like Gecko; compatible; GPTBot/1.3; +https://openai.com/gptbot)"
15.235.96.60 - - [02/Mar/2026:15:49:55 -0500] "GET /author/admin/page/84/ HTTP/1.1" 200 21240 "-" "Mozilla/5.0 (compatible; AhrefsBot/7.0; +http://ahrefs.com/robot/)"
52.167.144.190 - - [02/Mar/2026:15:50:26 -0500] "GET /wp-includes/js/jquery/ui/core.min.js?ver=1.13.3 HTTP/1.1" 200 6812 "-" "Mozilla/5.0 AppleWebKit/537.36 (KHTML, like Gecko; compatible; bingbot/2.0; +http://www.bing.com/bingbot.htm) Chrome/116.0.1938.76 Safari/537.36"
52.167.144.190 - - [02/Mar/2026:15:50:26 -0500] "GET /wp-content/plugins/elementor-1/assets/lib/eicons/fonts/eicons.ttf?5.29.0= HTTP/1.1" 200 218428 "-" "Mozilla/5.0 AppleWebKit/537.36 (KHTML, like Gecko; compatible; bingbot/2.0; +http://www.bing.com/bingbot.htm) Chrome/116.0.1938.76 Safari/537.36"
52.167.144.190 - - [02/Mar/2026:15:50:26 -0500] "GET /wp-content/plugins/elementor-1/assets/lib/eicons/fonts/eicons.woff?5.29.0= HTTP/1.1" 200 118748 "-" "Mozilla/5.0 AppleWebKit/537.36 (KHTML, like Gecko; compatible; bingbot/2.0; +http://www.bing.com/bingbot.htm) Chrome/116.0.1938.76 Safari/537.36"
40.77.167.73 - - [02/Mar/2026:15:50:30 -0500] "GET /wp-content/plugins/elementor-1/assets/lib/eicons/fonts/eicons.woff2?5.29.0= HTTP/1.1" 200 96924 "-" "Mozilla/5.0 AppleWebKit/537.36 (KHTML, like Gecko; compatible; bingbot/2.0; +http://www.bing.com/bingbot.htm) Chrome/116.0.1938.76 Safari/537.36"
74.7.243.195 - - [02/Mar/2026:15:50:33 -0500] "GET /wp-json/oembed/1.0/embed?url=http%3A%2F%2Fwww.middleeastoday.com%2Fuae-slovenia-explore-ways-to-enhance-investment-cooperation-unlock-new-opportunities%2F HTTP/1.1" 200 2681 "http://www.middleeastoday.com/uae-slovenia-explore-ways-to-enhance-investment-cooperation-unlock-new-opportunities/" "Mozilla/5.0 AppleWebKit/537.36 (KHTML, like Gecko; compatible; GPTBot/1.3; +https://openai.com/gptbot)"
52.167.144.233 - - [02/Mar/2026:15:50:19 -0500] "GET /wp-content/plugins/elementskit-lite/modules/elementskit-icon-pack/assets/fonts/elementskit.woff?y24e1e= HTTP/1.1" 200 459560 "-" "Mozilla/5.0 AppleWebKit/537.36 (KHTML, like Gecko; compatible; bingbot/2.0; +http://www.bing.com/bingbot.htm) Chrome/116.0.1938.76 Safari/537.36"
162.213.253.84 - - [02/Mar/2026:15:50:34 -0500] "POST /wp-cron.php?doing_wp_cron=1772484634.2706758975982666015625 HTTP/1.1" 200 0 "-" "WordPress/6.8.1; http://www.middleeastoday.com"
162.213.253.84 - - [02/Mar/2026:15:50:34 -0500] "POST /wp-admin/admin-ajax.php?action=async_litespeed&nonce=KOtCJ70xwclE3dFa8YZZGFmtP9CjrKcI&litespeed_type=imgoptm HTTP/1.1" 200 21 "-" "WordPress/6.8.1; http://www.middleeastoday.com"
74.7.243.195 - - [02/Mar/2026:15:50:49 -0500] "GET /wp-json/oembed/1.0/embed?url=http%3A%2F%2Fwww.middleeastoday.com%2Fabdullah-bin-zayed-french-fm-review-consolidating-strategic-partnership%2F HTTP/1.1" 200 2614 "http://www.middleeastoday.com/abdullah-bin-zayed-french-fm-review-consolidating-strategic-partnership/" "Mozilla/5.0 AppleWebKit/537.36 (KHTML, like Gecko; compatible; GPTBot/1.3; +https://openai.com/gptbot)"
74.7.243.195 - - [02/Mar/2026:15:50:50 -0500] "GET /wp-json/oembed/1.0/embed?url=http%3A%2F%2Fwww.middleeastoday.com%2Fhamdan-bin-mohammed-leads-4th-edition-of-dubai-run-as-over-193000-fitness-enthusiasts-transform-sheikh-zayed-road-into-a-giant-running-track%2F HTTP/1.1" 200 2969 "http://www.middleeastoday.com/hamdan-bin-mohammed-leads-4th-edition-of-dubai-run-as-over-193000-fitness-enthusiasts-transform-sheikh-zayed-road-into-a-giant-running-track/" "Mozilla/5.0 AppleWebKit/537.36 (KHTML, like Gecko; compatible; GPTBot/1.3; +https://openai.com/gptbot)"
74.7.243.195 - - [02/Mar/2026:15:50:51 -0500] "GET /wp-json/oembed/1.0/embed?url=http%3A%2F%2Fwww.middleeastoday.com%2Fdubai-multi-commodities-centre-reports-its-best-ever-h1-performance-registering-1469-new-companies%2F HTTP/1.1" 200 2773 "http://www.middleeastoday.com/dubai-multi-commodities-centre-reports-its-best-ever-h1-performance-registering-1469-new-companies/" "Mozilla/5.0 AppleWebKit/537.36 (KHTML, like Gecko; compatible; GPTBot/1.3; +https://openai.com/gptbot)"
74.7.243.195 - - [02/Mar/2026:15:50:52 -0500] "GET /wp-json/oembed/1.0/embed?url=http%3A%2F%2Fwww.middleeastoday.com%2Fguinea-bissau-president-leads-expo-2020-dubai-national-day-celebrations-for-africas-shining-star%2F HTTP/1.1" 200 2793 "http://www.middleeastoday.com/guinea-bissau-president-leads-expo-2020-dubai-national-day-celebrations-for-africas-shining-star/" "Mozilla/5.0 AppleWebKit/537.36 (KHTML, like Gecko; compatible; GPTBot/1.3; +https://openai.com/gptbot)"
74.7.243.195 - - [02/Mar/2026:15:50:58 -0500] "GET /wp-json/oembed/1.0/embed?url=http%3A%2F%2Fwww.middleeastoday.com%2Fomniyat-to-illuminates-the-palm-jumeirah-sky-once-more-to-announce-launch-of-ava-at-palm-jumeriah%2F HTTP/1.1" 200 2742 "http://www.middleeastoday.com/omniyat-to-illuminates-the-palm-jumeirah-sky-once-more-to-announce-launch-of-ava-at-palm-jumeriah/" "Mozilla/5.0 AppleWebKit/537.36 (KHTML, like Gecko; compatible; GPTBot/1.3; +https://openai.com/gptbot)"
74.7.243.195 - - [02/Mar/2026:15:51:02 -0500] "GET /wp-json/oembed/1.0/embed?url=http%3A%2F%2Fwww.middleeastoday.com%2Fanalysis-expo-2020-dubai-a-future-story-that-generations-will-proudly-narrate%2F HTTP/1.1" 200 2653 "http://www.middleeastoday.com/analysis-expo-2020-dubai-a-future-story-that-generations-will-proudly-narrate/" "Mozilla/5.0 AppleWebKit/537.36 (KHTML, like Gecko; compatible; GPTBot/1.3; +https://openai.com/gptbot)"
74.7.243.195 - - [02/Mar/2026:15:51:35 -0500] "GET /wp-json/oembed/1.0/embed?url=http%3A%2F%2Fwww.middleeastoday.com%2Fdifc-launches-first-global-family-business-private-wealth-centre%2F HTTP/1.1" 200 2574 "http://www.middleeastoday.com/difc-launches-first-global-family-business-private-wealth-centre/" "Mozilla/5.0 AppleWebKit/537.36 (KHTML, like Gecko; compatible; GPTBot/1.3; +https://openai.com/gptbot)"
162.213.253.84 - - [02/Mar/2026:15:50:46 -0500] "POST /wp-cron.php?doing_wp_cron=1772484646.3161289691925048828125 HTTP/1.1" 200 0 "-" "WordPress/6.8.1; http://www.middleeastoday.com"
74.7.243.195 - - [02/Mar/2026:15:50:45 -0500] "GET /wp-json/oembed/1.0/embed?url=http%3A%2F%2Fwww.middleeastoday.com%2Fkalimat-foundation-concludes-successful-participation-in-bologna-childrens-book-fair-2022%2F HTTP/1.1" 200 2738 "http://www.middleeastoday.com/kalimat-foundation-concludes-successful-participation-in-bologna-childrens-book-fair-2022/" "Mozilla/5.0 AppleWebKit/537.36 (KHTML, like Gecko; compatible; GPTBot/1.3; +https://openai.com/gptbot)"
74.7.243.195 - - [02/Mar/2026:15:50:51 -0500] "GET /wp-json/oembed/1.0/embed?url=http%3A%2F%2Fwww.middleeastoday.com%2Fleading-healthcare-experts-to-explore-future-of-precision-medicine-in-region-at-pmes-2023%2F HTTP/1.1" 200 2712 "http://www.middleeastoday.com/leading-healthcare-experts-to-explore-future-of-precision-medicine-in-region-at-pmes-2023/" "Mozilla/5.0 AppleWebKit/537.36 (KHTML, like Gecko; compatible; GPTBot/1.3; +https://openai.com/gptbot)"
74.7.243.195 - - [02/Mar/2026:15:51:09 -0500] "GET /wp-json/oembed/1.0/embed?url=http%3A%2F%2Fwww.middleeastoday.com%2Fmansour-bin-zayed-approves-2022-2023-season-programme-of-emirates-international-endurance-village%2F HTTP/1.1" 200 2749 "http://www.middleeastoday.com/mansour-bin-zayed-approves-2022-2023-season-programme-of-emirates-international-endurance-village/" "Mozilla/5.0 AppleWebKit/537.36 (KHTML, like Gecko; compatible; GPTBot/1.3; +https://openai.com/gptbot)"
74.7.243.195 - - [02/Mar/2026:15:51:13 -0500] "GET /wp-json/oembed/1.0/embed?url=http%3A%2F%2Fwww.middleeastoday.com%2Fuae-leaders-congratulate-iranian-president-on-islamic-revolution-day-anniversary%2F HTTP/1.1" 200 2575 "http://www.middleeastoday.com/uae-leaders-congratulate-iranian-president-on-islamic-revolution-day-anniversary/" "Mozilla/5.0 AppleWebKit/537.36 (KHTML, like Gecko; compatible; GPTBot/1.3; +https://openai.com/gptbot)"
