74.7.243.195 - - [02/Mar/2026:16:04:06 -0500] "GET /wp-json/oembed/1.0/embed?url=http%3A%2F%2Fwww.middleeastoday.com%2Fal-bowardi-visits-pavilions-of-japan-china-syria-at-expo-2020-dubai%2F HTTP/1.1" 200 2598 "http://www.middleeastoday.com/al-bowardi-visits-pavilions-of-japan-china-syria-at-expo-2020-dubai/" "Mozilla/5.0 AppleWebKit/537.36 (KHTML, like Gecko; compatible; GPTBot/1.3; +https://openai.com/gptbot)"
74.7.243.195 - - [02/Mar/2026:16:04:13 -0500] "GET /wp-json/oembed/1.0/embed?url=http%3A%2F%2Fwww.middleeastoday.com%2Fshurooq-announces-eco-retreats-najd-al-meqsar-village-and-the-serai-wing-bait-khalid-bin-ibrahim%2F HTTP/1.1" 200 2752 "http://www.middleeastoday.com/shurooq-announces-eco-retreats-najd-al-meqsar-village-and-the-serai-wing-bait-khalid-bin-ibrahim/" "Mozilla/5.0 AppleWebKit/537.36 (KHTML, like Gecko; compatible; GPTBot/1.3; +https://openai.com/gptbot)"
162.213.253.84 - - [02/Mar/2026:16:04:23 -0500] "POST /wp-cron.php?doing_wp_cron=1772485463.3916180133819580078125 HTTP/1.1" 200 0 "-" "WordPress/6.8.1; http://www.middleeastoday.com"
162.213.253.84 - - [02/Mar/2026:16:04:24 -0500] "POST /wp-admin/admin-ajax.php?action=async_litespeed&nonce=idM6NbqOGshRj8vPzu8apck0JGblNsLI&litespeed_type=imgoptm HTTP/1.1" 200 21 "-" "WordPress/6.8.1; http://www.middleeastoday.com"
15.235.27.95 - - [02/Mar/2026:16:04:28 -0500] "GET /qatar-2022-witnesses-highest-attendance-in-fifa-world-cup-history/ HTTP/1.1" 200 22066 "-" "Mozilla/5.0 (compatible; AhrefsBot/7.0; +http://ahrefs.com/robot/)"
74.7.243.195 - - [02/Mar/2026:16:04:37 -0500] "GET /wp-json/oembed/1.0/embed?url=http%3A%2F%2Fwww.middleeastoday.com%2Faldar-properties-to-acquire-four-commercial-towers-in-adgm-from-mubadala-investment-company%2F HTTP/1.1" 200 2720 "http://www.middleeastoday.com/aldar-properties-to-acquire-four-commercial-towers-in-adgm-from-mubadala-investment-company/" "Mozilla/5.0 AppleWebKit/537.36 (KHTML, like Gecko; compatible; GPTBot/1.3; +https://openai.com/gptbot)"
74.7.243.195 - - [02/Mar/2026:16:04:42 -0500] "GET /wp-json/oembed/1.0/embed?url=http%3A%2F%2Fwww.middleeastoday.com%2Fazizi-developments-ties-up-with-trent-building-materials-trading-llc-for-vinyl-flooring-at-riviera%2F HTTP/1.1" 200 2755 "http://www.middleeastoday.com/azizi-developments-ties-up-with-trent-building-materials-trading-llc-for-vinyl-flooring-at-riviera/" "Mozilla/5.0 AppleWebKit/537.36 (KHTML, like Gecko; compatible; GPTBot/1.3; +https://openai.com/gptbot)"
74.7.243.195 - - [02/Mar/2026:16:04:50 -0500] "GET /wp-json/oembed/1.0/embed?url=http%3A%2F%2Fwww.middleeastoday.com%2Fin-an-industry-first-sharjah-government-led-tatweer-signs-youth-wellbeing-program-with-empwr%2F HTTP/1.1" 200 2726 "http://www.middleeastoday.com/in-an-industry-first-sharjah-government-led-tatweer-signs-youth-wellbeing-program-with-empwr/" "Mozilla/5.0 AppleWebKit/537.36 (KHTML, like Gecko; compatible; GPTBot/1.3; +https://openai.com/gptbot)"
74.7.243.195 - - [02/Mar/2026:16:04:52 -0500] "GET /wp-json/oembed/1.0/embed?url=http%3A%2F%2Fwww.middleeastoday.com%2Fget-set-to-take-on-the-sun-with-summer-survival-kit-from-sesderma%2F HTTP/1.1" 200 2608 "http://www.middleeastoday.com/get-set-to-take-on-the-sun-with-summer-survival-kit-from-sesderma/" "Mozilla/5.0 AppleWebKit/537.36 (KHTML, like Gecko; compatible; GPTBot/1.3; +https://openai.com/gptbot)"
74.7.243.195 - - [02/Mar/2026:16:03:59 -0500] "GET /wp-json/oembed/1.0/embed?url=http%3A%2F%2Fwww.middleeastoday.com%2Fkhalifa-bin-zayed-issues-new-family-business-ownership-governance-law%2F HTTP/1.1" 200 2520 "http://www.middleeastoday.com/khalifa-bin-zayed-issues-new-family-business-ownership-governance-law/" "Mozilla/5.0 AppleWebKit/537.36 (KHTML, like Gecko; compatible; GPTBot/1.3; +https://openai.com/gptbot)"
74.7.243.195 - - [02/Mar/2026:16:04:08 -0500] "GET /wp-json/oembed/1.0/embed?url=http%3A%2F%2Fwww.middleeastoday.com%2Fmohammed-bin-rashid-approves-dubai-governments-general-budget-for-2022-2024-with-aed181-billion-expenditure%2F HTTP/1.1" 200 2731 "http://www.middleeastoday.com/mohammed-bin-rashid-approves-dubai-governments-general-budget-for-2022-2024-with-aed181-billion-expenditure/" "Mozilla/5.0 AppleWebKit/537.36 (KHTML, like Gecko; compatible; GPTBot/1.3; +https://openai.com/gptbot)"
74.7.243.195 - - [02/Mar/2026:16:04:10 -0500] "GET /wp-json/oembed/1.0/embed?url=http%3A%2F%2Fwww.middleeastoday.com%2Ftaraf-unveils-w-residences-in-al-maryah-island-bringing-distinctive-luxury-living-to-abu-dhabi%2F HTTP/1.1" 200 2722 "http://www.middleeastoday.com/taraf-unveils-w-residences-in-al-maryah-island-bringing-distinctive-luxury-living-to-abu-dhabi/" "Mozilla/5.0 AppleWebKit/537.36 (KHTML, like Gecko; compatible; GPTBot/1.3; +https://openai.com/gptbot)"
74.7.243.195 - - [02/Mar/2026:16:04:19 -0500] "GET /wp-json/oembed/1.0/embed?url=http%3A%2F%2Fwww.middleeastoday.com%2Fnoura-al-kaabi-meets-with-ifpi-board-members-affirms-uaes-focus-on-nurturing-a-thriving-ecosystem%2F HTTP/1.1" 200 2770 "http://www.middleeastoday.com/noura-al-kaabi-meets-with-ifpi-board-members-affirms-uaes-focus-on-nurturing-a-thriving-ecosystem/" "Mozilla/5.0 AppleWebKit/537.36 (KHTML, like Gecko; compatible; GPTBot/1.3; +https://openai.com/gptbot)"
74.7.243.195 - - [02/Mar/2026:16:04:22 -0500] "GET /wp-json/oembed/1.0/embed?url=http%3A%2F%2Fwww.middleeastoday.com%2Flatifa-bint-mohammed-president-of-czech-republic-discuss-enhancing-cultural-cooperation%2F HTTP/1.1" 200 2712 "http://www.middleeastoday.com/latifa-bint-mohammed-president-of-czech-republic-discuss-enhancing-cultural-cooperation/" "Mozilla/5.0 AppleWebKit/537.36 (KHTML, like Gecko; compatible; GPTBot/1.3; +https://openai.com/gptbot)"
162.213.253.84 - - [02/Mar/2026:16:04:26 -0500] "POST /wp-cron.php?doing_wp_cron=1772485466.1165809631347656250000 HTTP/1.1" 200 0 "-" "WordPress/6.8.1; http://www.middleeastoday.com"
74.7.243.195 - - [02/Mar/2026:16:04:25 -0500] "GET /wp-json/oembed/1.0/embed?url=http%3A%2F%2Fwww.middleeastoday.com%2Fuae-leaders-congratulate-chadian-transitional-military-council-leader-and-president-on-independence-day%2F HTTP/1.1" 200 2781 "http://www.middleeastoday.com/uae-leaders-congratulate-chadian-transitional-military-council-leader-and-president-on-independence-day/" "Mozilla/5.0 AppleWebKit/537.36 (KHTML, like Gecko; compatible; GPTBot/1.3; +https://openai.com/gptbot)"
74.7.243.195 - - [02/Mar/2026:16:04:28 -0500] "GET /wp-json/oembed/1.0/embed?url=http%3A%2F%2Fwww.middleeastoday.com%2Fleading-local-and-international-businesses-organisations-and-educational-institutions-to-establish-offices-at-expo-city-dubai%2F HTTP/1.1" 200 2890 "http://www.middleeastoday.com/leading-local-and-international-businesses-organisations-and-educational-institutions-to-establish-offices-at-expo-city-dubai/" "Mozilla/5.0 AppleWebKit/537.36 (KHTML, like Gecko; compatible; GPTBot/1.3; +https://openai.com/gptbot)"
74.7.243.195 - - [02/Mar/2026:16:04:55 -0500] "GET /wp-json/oembed/1.0/embed?url=http%3A%2F%2Fwww.middleeastoday.com%2Fmohamed-bin-zayed-pm-of-pakistan-review-advancing-relations-discuss-regional-international-developments%2F HTTP/1.1" 200 2785 "http://www.middleeastoday.com/mohamed-bin-zayed-pm-of-pakistan-review-advancing-relations-discuss-regional-international-developments/" "Mozilla/5.0 AppleWebKit/537.36 (KHTML, like Gecko; compatible; GPTBot/1.3; +https://openai.com/gptbot)"
74.7.243.195 - - [02/Mar/2026:16:04:59 -0500] "GET /wp-json/oembed/1.0/embed?url=http%3A%2F%2Fwww.middleeastoday.com%2Fgulfood-manufacturing-2022-set-to-tackle-global-food-system-challenges%2F HTTP/1.1" 200 2613 "http://www.middleeastoday.com/gulfood-manufacturing-2022-set-to-tackle-global-food-system-challenges/" "Mozilla/5.0 AppleWebKit/537.36 (KHTML, like Gecko; compatible; GPTBot/1.3; +https://openai.com/gptbot)"
74.7.243.195 - - [02/Mar/2026:16:05:00 -0500] "GET /wp-json/oembed/1.0/embed?url=http%3A%2F%2Fwww.middleeastoday.com%2Fuae-president-confers-first-class-order-of-zayed-ii-on-us-ambassador%2F HTTP/1.1" 200 2610 "http://www.middleeastoday.com/uae-president-confers-first-class-order-of-zayed-ii-on-us-ambassador/" "Mozilla/5.0 AppleWebKit/537.36 (KHTML, like Gecko; compatible; GPTBot/1.3; +https://openai.com/gptbot)"
74.7.243.195 - - [02/Mar/2026:16:05:01 -0500] "GET /wp-json/oembed/1.0/embed?url=http%3A%2F%2Fwww.middleeastoday.com%2Fmohammed-bin-rashid-meets-with-prime-minister-of-spain-at-expo-2020-dubai%2F HTTP/1.1" 200 2617 "http://www.middleeastoday.com/mohammed-bin-rashid-meets-with-prime-minister-of-spain-at-expo-2020-dubai/" "Mozilla/5.0 AppleWebKit/537.36 (KHTML, like Gecko; compatible; GPTBot/1.3; +https://openai.com/gptbot)"
74.7.243.195 - - [02/Mar/2026:16:05:05 -0500] "GET /wp-json/oembed/1.0/embed?url=http%3A%2F%2Fwww.middleeastoday.com%2Ffab-facilitated-over-9-bn-worth-of-sustainable-projects-in-2022-ceo%2F HTTP/1.1" 200 2583 "http://www.middleeastoday.com/fab-facilitated-over-9-bn-worth-of-sustainable-projects-in-2022-ceo/" "Mozilla/5.0 AppleWebKit/537.36 (KHTML, like Gecko; compatible; GPTBot/1.3; +https://openai.com/gptbot)"
74.7.243.195 - - [02/Mar/2026:16:05:09 -0500] "GET /wp-json/oembed/1.0/embed?url=http%3A%2F%2Fwww.middleeastoday.com%2Fvenice-prepares-for-opening-of-18th-international-architecture-exhibition-casting-a-light-on-africa%2F HTTP/1.1" 200 2751 "http://www.middleeastoday.com/venice-prepares-for-opening-of-18th-international-architecture-exhibition-casting-a-light-on-africa/" "Mozilla/5.0 AppleWebKit/537.36 (KHTML, like Gecko; compatible; GPTBot/1.3; +https://openai.com/gptbot)"
74.7.243.195 - - [02/Mar/2026:16:05:13 -0500] "GET /wp-json/oembed/1.0/embed?url=http%3A%2F%2Fwww.middleeastoday.com%2Fuae-uzbekistan-governments-expand-strategic-partnership-for-three-years%2F HTTP/1.1" 200 2619 "http://www.middleeastoday.com/uae-uzbekistan-governments-expand-strategic-partnership-for-three-years/" "Mozilla/5.0 AppleWebKit/537.36 (KHTML, like Gecko; compatible; GPTBot/1.3; +https://openai.com/gptbot)"
74.7.243.195 - - [02/Mar/2026:16:05:19 -0500] "GET /wp-json/oembed/1.0/embed?url=http%3A%2F%2Fwww.middleeastoday.com%2Fmohamed-bin-zayed-attends-iftar-banquet-hosted-by-king-of-morocco%2F HTTP/1.1" 200 2587 "http://www.middleeastoday.com/mohamed-bin-zayed-attends-iftar-banquet-hosted-by-king-of-morocco/" "Mozilla/5.0 AppleWebKit/537.36 (KHTML, like Gecko; compatible; GPTBot/1.3; +https://openai.com/gptbot)"
162.213.253.84 - - [02/Mar/2026:16:05:22 -0500] "POST /wp-cron.php?doing_wp_cron=1772485522.9128789901733398437500 HTTP/1.1" 200 0 "-" "WordPress/6.8.1; http://www.middleeastoday.com"
162.213.253.84 - - [02/Mar/2026:16:05:23 -0500] "POST /wp-admin/admin-ajax.php?action=async_litespeed&nonce=pvaMDUQDXhkXBpswlvJAytUijebWVRcT&litespeed_type=imgoptm HTTP/1.1" 200 21 "-" "WordPress/6.8.1; http://www.middleeastoday.com"
162.213.253.84 - - [02/Mar/2026:16:05:25 -0500] "POST /wp-cron.php?doing_wp_cron=1772485525.7430579662322998046875 HTTP/1.1" 200 0 "-" "WordPress/6.8.1; http://www.middleeastoday.com"
74.7.243.195 - - [02/Mar/2026:16:05:36 -0500] "GET /wp-json/oembed/1.0/embed?url=http%3A%2F%2Fwww.middleeastoday.com%2Fredtag-launches-vibrant-spring-collection-endorsed-by-myriam-fares%2F HTTP/1.1" 200 2629 "http://www.middleeastoday.com/redtag-launches-vibrant-spring-collection-endorsed-by-myriam-fares/" "Mozilla/5.0 AppleWebKit/537.36 (KHTML, like Gecko; compatible; GPTBot/1.3; +https://openai.com/gptbot)"
74.7.243.195 - - [02/Mar/2026:16:04:54 -0500] "GET /wp-json/oembed/1.0/embed?url=http%3A%2F%2Fwww.middleeastoday.com%2Fun-chief-urges-rich-nations-to-open-wallets-and-hearts-for-developing-countries-to-purchase-ukrainian-grain%2F HTTP/1.1" 200 2833 "http://www.middleeastoday.com/un-chief-urges-rich-nations-to-open-wallets-and-hearts-for-developing-countries-to-purchase-ukrainian-grain/" "Mozilla/5.0 AppleWebKit/537.36 (KHTML, like Gecko; compatible; GPTBot/1.3; +https://openai.com/gptbot)"
74.7.243.195 - - [02/Mar/2026:16:04:57 -0500] "GET /wp-json/oembed/1.0/embed?url=http%3A%2F%2Fwww.middleeastoday.com%2Fdha-opens-pfizer-biontech-vaccine-booking-slots-for-children-aged-5-11%2F HTTP/1.1" 200 2600 "http://www.middleeastoday.com/dha-opens-pfizer-biontech-vaccine-booking-slots-for-children-aged-5-11/" "Mozilla/5.0 AppleWebKit/537.36 (KHTML, like Gecko; compatible; GPTBot/1.3; +https://openai.com/gptbot)"
74.7.243.195 - - [02/Mar/2026:16:05:02 -0500] "GET /wp-json/oembed/1.0/embed?url=http%3A%2F%2Fwww.middleeastoday.com%2Fworld-crossed-tragic-milestone-of-1-million-reported-covid-19-deaths-who%2F HTTP/1.1" 200 2625 "http://www.middleeastoday.com/world-crossed-tragic-milestone-of-1-million-reported-covid-19-deaths-who/" "Mozilla/5.0 AppleWebKit/537.36 (KHTML, like Gecko; compatible; GPTBot/1.3; +https://openai.com/gptbot)"
74.7.243.195 - - [02/Mar/2026:16:05:22 -0500] "GET /wp-json/oembed/1.0/embed?url=http%3A%2F%2Fwww.middleeastoday.com%2Faed-1-billion-manta-bay-luxury-project-unveiled-in-ras-al-khaimah%2F HTTP/1.1" 200 2586 "http://www.middleeastoday.com/aed-1-billion-manta-bay-luxury-project-unveiled-in-ras-al-khaimah/" "Mozilla/5.0 AppleWebKit/537.36 (KHTML, like Gecko; compatible; GPTBot/1.3; +https://openai.com/gptbot)"
74.7.243.195 - - [02/Mar/2026:16:05:25 -0500] "GET /wp-json/oembed/1.0/embed?url=http%3A%2F%2Fwww.middleeastoday.com%2Fabdullah-bin-zayed-meets-uk-secretary-of-state-for-energy-security%2F HTTP/1.1" 200 2597 "http://www.middleeastoday.com/abdullah-bin-zayed-meets-uk-secretary-of-state-for-energy-security/" "Mozilla/5.0 AppleWebKit/537.36 (KHTML, like Gecko; compatible; GPTBot/1.3; +https://openai.com/gptbot)"
74.7.243.195 - - [02/Mar/2026:16:05:26 -0500] "GET /wp-json/oembed/1.0/embed?url=http%3A%2F%2Fwww.middleeastoday.com%2Fsamsungs-bespoke-refrigerator-brings-in-a-new-era-of-customization%2F HTTP/1.1" 200 2598 "http://www.middleeastoday.com/samsungs-bespoke-refrigerator-brings-in-a-new-era-of-customization/" "Mozilla/5.0 AppleWebKit/537.36 (KHTML, like Gecko; compatible; GPTBot/1.3; +https://openai.com/gptbot)"
74.7.243.195 - - [02/Mar/2026:16:05:30 -0500] "GET /wp-json/oembed/1.0/embed?url=http%3A%2F%2Fwww.middleeastoday.com%2Fabdullah-bin-zayed-lavrov-discuss-uae-russia-strategic-partnership%2F HTTP/1.1" 200 2586 "http://www.middleeastoday.com/abdullah-bin-zayed-lavrov-discuss-uae-russia-strategic-partnership/" "Mozilla/5.0 AppleWebKit/537.36 (KHTML, like Gecko; compatible; GPTBot/1.3; +https://openai.com/gptbot)"
200.50.223.146 - - [02/Mar/2026:16:05:37 -0500] "GET http://www.middleeastoday.com/uae-delegation-explores-bilateral-opportunities-at-select-usa-investment-summit/ HTTP/1.1" 200 25227 "-" "Mozilla/5.0 (Macintosh; Intel Mac OS X 10_15_7) AppleWebKit/537.36 (KHTML, like Gecko) Chrome/132.0.0.0 Safari/537.36"
47.246.164.148 - - [02/Mar/2026:16:05:38 -0500] "GET http://www.middleeastoday.com/wp-content/plugins/elementor-1/assets/lib/font-awesome/css/fontawesome.min.css?ver=5.15.3 HTTP/1.1" 200 12164 "http://www.middleeastoday.com/uae-delegation-explores-bilateral-opportunities-at-select-usa-investment-summit/" "Mozilla/5.0 (Macintosh; Intel Mac OS X 10_15_7) AppleWebKit/537.36 (KHTML, like Gecko) Chrome/132.0.0.0 Safari/537.36"
47.246.164.151 - - [02/Mar/2026:16:05:38 -0500] "GET http://www.middleeastoday.com/wp-includes/css/dist/block-library/style.min.css?ver=6.8.1 HTTP/1.1" 200 14358 "http://www.middleeastoday.com/uae-delegation-explores-bilateral-opportunities-at-select-usa-investment-summit/" "Mozilla/5.0 (Macintosh; Intel Mac OS X 10_15_7) AppleWebKit/537.36 (KHTML, like Gecko) Chrome/132.0.0.0 Safari/537.36"
47.246.164.142 - - [02/Mar/2026:16:05:38 -0500] "GET http://www.middleeastoday.com/wp-content/plugins/elementskit-lite/widgets/init/assets/css/widget-styles.css?ver=3.5.0 HTTP/1.1" 200 48223 "http://www.middleeastoday.com/uae-delegation-explores-bilateral-opportunities-at-select-usa-investment-summit/" "Mozilla/5.0 (Macintosh; Intel Mac OS X 10_15_7) AppleWebKit/537.36 (KHTML, like Gecko) Chrome/132.0.0.0 Safari/537.36"
47.246.164.153 - - [02/Mar/2026:16:05:38 -0500] "GET http://www.middleeastoday.com/wp-content/plugins/elementor-1/assets/css/frontend-lite.min.css?ver=3.21.1 HTTP/1.1" 200 13067 "http://www.middleeastoday.com/uae-delegation-explores-bilateral-opportunities-at-select-usa-investment-summit/" "Mozilla/5.0 (Macintosh; Intel Mac OS X 10_15_7) AppleWebKit/537.36 (KHTML, like Gecko) Chrome/132.0.0.0 Safari/537.36"
47.246.164.136 - - [02/Mar/2026:16:05:38 -0500] "GET http://www.middleeastoday.com/wp-content/plugins/accesspress-social-counter/css/frontend.css?ver=1.9.2 HTTP/1.1" 200 2295 "http://www.middleeastoday.com/uae-delegation-explores-bilateral-opportunities-at-select-usa-investment-summit/" "Mozilla/5.0 (Macintosh; Intel Mac OS X 10_15_7) AppleWebKit/537.36 (KHTML, like Gecko) Chrome/132.0.0.0 Safari/537.36"
47.246.164.154 - - [02/Mar/2026:16:05:38 -0500] "GET http://www.middleeastoday.com/wp-content/plugins/elementor-1/assets/lib/font-awesome/css/solid.min.css?ver=5.15.3 HTTP/1.1" 200 286 "http://www.middleeastoday.com/uae-delegation-explores-bilateral-opportunities-at-select-usa-investment-summit/" "Mozilla/5.0 (Macintosh; Intel Mac OS X 10_15_7) AppleWebKit/537.36 (KHTML, like Gecko) Chrome/132.0.0.0 Safari/537.36"
47.246.164.135 - - [02/Mar/2026:16:05:38 -0500] "GET http://www.middleeastoday.com/wp-content/plugins/elementor-1/assets/lib/eicons/css/elementor-icons.min.css?ver=5.29.0 HTTP/1.1" 200 3724 "http://www.middleeastoday.com/uae-delegation-explores-bilateral-opportunities-at-select-usa-investment-summit/" "Mozilla/5.0 (Macintosh; Intel Mac OS X 10_15_7) AppleWebKit/537.36 (KHTML, like Gecko) Chrome/132.0.0.0 Safari/537.36"
47.246.164.136 - - [02/Mar/2026:16:05:38 -0500] "GET http://www.middleeastoday.com/wp-content/themes/digiqole/assets/css/bootstrap.min.css?ver=2.1.1 HTTP/1.1" 200 18543 "http://www.middleeastoday.com/uae-delegation-explores-bilateral-opportunities-at-select-usa-investment-summit/" "Mozilla/5.0 (Macintosh; Intel Mac OS X 10_15_7) AppleWebKit/537.36 (KHTML, like Gecko) Chrome/132.0.0.0 Safari/537.36"
47.246.164.137 - - [02/Mar/2026:16:05:38 -0500] "GET http://www.middleeastoday.com/wp-content/plugins/elementor-pro/assets/css/frontend-lite.min.css?ver=3.6.5 HTTP/1.1" 200 1505 "http://www.middleeastoday.com/uae-delegation-explores-bilateral-opportunities-at-select-usa-investment-summit/" "Mozilla/5.0 (Macintosh; Intel Mac OS X 10_15_7) AppleWebKit/537.36 (KHTML, like Gecko) Chrome/132.0.0.0 Safari/537.36"
74.7.243.195 - - [02/Mar/2026:16:05:38 -0500] "GET /wp-json/oembed/1.0/embed?url=http%3A%2F%2Fwww.middleeastoday.com%2Fcelebrity-skincare-expert-nicole-zysk-judges-fashion-factor-season-5%2F HTTP/1.1" 200 2598 "http://www.middleeastoday.com/celebrity-skincare-expert-nicole-zysk-judges-fashion-factor-season-5/" "Mozilla/5.0 AppleWebKit/537.36 (KHTML, like Gecko; compatible; GPTBot/1.3; +https://openai.com/gptbot)"
74.7.243.195 - - [02/Mar/2026:16:05:39 -0500] "GET /category/dubai-expo/feed/ HTTP/1.1" 200 5905 "http://www.middleeastoday.com/category/dubai-expo/" "Mozilla/5.0 AppleWebKit/537.36 (KHTML, like Gecko; compatible; GPTBot/1.3; +https://openai.com/gptbot)"
74.7.243.195 - - [02/Mar/2026:16:05:37 -0500] "GET /wp-json/oembed/1.0/embed?url=http%3A%2F%2Fwww.middleeastoday.com%2Fsaqr-ghobash-receives-ambassadors-of-china-czech-republic-mongolia%2F HTTP/1.1" 200 2604 "http://www.middleeastoday.com/saqr-ghobash-receives-ambassadors-of-china-czech-republic-mongolia/" "Mozilla/5.0 AppleWebKit/537.36 (KHTML, like Gecko; compatible; GPTBot/1.3; +https://openai.com/gptbot)"
47.246.164.148 - - [02/Mar/2026:16:05:38 -0500] "GET http://www.middleeastoday.com/wp-content/plugins/accesspress-social-counter/css/fontawesome-all.css?ver=1.9.2 HTTP/1.1" 200 8084 "http://www.middleeastoday.com/uae-delegation-explores-bilateral-opportunities-at-select-usa-investment-summit/" "Mozilla/5.0 (Macintosh; Intel Mac OS X 10_15_7) AppleWebKit/537.36 (KHTML, like Gecko) Chrome/132.0.0.0 Safari/537.36"
47.246.164.131 - - [02/Mar/2026:16:05:38 -0500] "GET http://www.middleeastoday.com/wp-content/themes/digiqole/assets/css/icon-font.css?ver=2.1.1 HTTP/1.1" 200 1106 "http://www.middleeastoday.com/uae-delegation-explores-bilateral-opportunities-at-select-usa-investment-summit/" "Mozilla/5.0 (Macintosh; Intel Mac OS X 10_15_7) AppleWebKit/537.36 (KHTML, like Gecko) Chrome/132.0.0.0 Safari/537.36"
47.246.164.144 - - [02/Mar/2026:16:05:38 -0500] "GET http://www.middleeastoday.com/wp-content/plugins/contact-form-7/includes/css/styles.css?ver=6.0.6 HTTP/1.1" 200 890 "http://www.middleeastoday.com/uae-delegation-explores-bilateral-opportunities-at-select-usa-investment-summit/" "Mozilla/5.0 (Macintosh; Intel Mac OS X 10_15_7) AppleWebKit/537.36 (KHTML, like Gecko) Chrome/132.0.0.0 Safari/537.36"
47.246.164.140 - - [02/Mar/2026:16:05:38 -0500] "GET http://www.middleeastoday.com/wp-content/themes/digiqole/assets/css/all.css?ver=2.1.1 HTTP/1.1" 200 7048 "http://www.middleeastoday.com/uae-delegation-explores-bilateral-opportunities-at-select-usa-investment-summit/" "Mozilla/5.0 (Macintosh; Intel Mac OS X 10_15_7) AppleWebKit/537.36 (KHTML, like Gecko) Chrome/132.0.0.0 Safari/537.36"
47.246.164.141 - - [02/Mar/2026:16:05:38 -0500] "GET http://www.middleeastoday.com/wp-content/themes/digiqole/assets/css/master.css?ver=2.1.1 HTTP/1.1" 200 43295 "http://www.middleeastoday.com/uae-delegation-explores-bilateral-opportunities-at-select-usa-investment-summit/" "Mozilla/5.0 (Macintosh; Intel Mac OS X 10_15_7) AppleWebKit/537.36 (KHTML, like Gecko) Chrome/132.0.0.0 Safari/537.36"
47.246.164.135 - - [02/Mar/2026:16:05:38 -0500] "GET http://www.middleeastoday.com/wp-content/plugins/elementskit-lite/widgets/init/assets/css/responsive.css?ver=3.5.0 HTTP/1.1" 200 2859 "http://www.middleeastoday.com/uae-delegation-explores-bilateral-opportunities-at-select-usa-investment-summit/" "Mozilla/5.0 (Macintosh; Intel Mac OS X 10_15_7) AppleWebKit/537.36 (KHTML, like Gecko) Chrome/132.0.0.0 Safari/537.36"
47.246.164.154 - - [02/Mar/2026:16:05:38 -0500] "GET http://www.middleeastoday.com/wp-content/plugins/elementor-1/assets/lib/animations/animations.min.css?ver=3.21.1 HTTP/1.1" 200 2442 "http://www.middleeastoday.com/uae-delegation-explores-bilateral-opportunities-at-select-usa-investment-summit/" "Mozilla/5.0 (Macintosh; Intel Mac OS X 10_15_7) AppleWebKit/537.36 (KHTML, like Gecko) Chrome/132.0.0.0 Safari/537.36"
47.246.164.132 - - [02/Mar/2026:16:05:39 -0500] "GET http://www.middleeastoday.com/wp-content/themes/digiqole/assets/fonts/iconfont.ttf?5i53bc HTTP/1.1" 200 27432 "http://www.middleeastoday.com/wp-content/themes/digiqole/assets/css/icon-font.css?ver=2.1.1" "Mozilla/5.0 (Macintosh; Intel Mac OS X 10_15_7) AppleWebKit/537.36 (KHTML, like Gecko) Chrome/132.0.0.0 Safari/537.36"
47.246.164.156 - - [02/Mar/2026:16:05:39 -0500] "GET http://www.middleeastoday.com/wp-content/plugins/elementskit-lite/modules/elementskit-icon-pack/assets/fonts/elementskit.woff?y24e1e HTTP/1.1" 200 459560 "http://www.middleeastoday.com/wp-content/plugins/elementskit-lite/modules/elementskit-icon-pack/assets/css/ekiticons.css?ver=3.5.0" "Mozilla/5.0 (Macintosh; Intel Mac OS X 10_15_7) AppleWebKit/537.36 (KHTML, like Gecko) Chrome/132.0.0.0 Safari/537.36"
47.246.164.138 - - [02/Mar/2026:16:05:39 -0500] "GET http://www.middleeastoday.com/wp-content/plugins/elementor-1/assets/lib/font-awesome/webfonts/fa-solid-900.woff2 HTTP/1.1" 200 78196 "http://www.middleeastoday.com/wp-content/plugins/elementor-1/assets/lib/font-awesome/css/solid.min.css?ver=5.15.3" "Mozilla/5.0 (Macintosh; Intel Mac OS X 10_15_7) AppleWebKit/537.36 (KHTML, like Gecko) Chrome/132.0.0.0 Safari/537.36"
74.7.243.195 - - [02/Mar/2026:16:05:40 -0500] "GET /wp-json/oembed/1.0/embed?url=http%3A%2F%2Fwww.middleeastoday.com%2Fmohammed-bin-rashid-meets-with-the-king-of-belgium-at-expo-2020-dubai%2F HTTP/1.1" 200 2607 "http://www.middleeastoday.com/mohammed-bin-rashid-meets-with-the-king-of-belgium-at-expo-2020-dubai/" "Mozilla/5.0 AppleWebKit/537.36 (KHTML, like Gecko; compatible; GPTBot/1.3; +https://openai.com/gptbot)"
74.7.243.195 - - [02/Mar/2026:16:05:41 -0500] "GET /wp-json/oembed/1.0/embed?url=http%3A%2F%2Fwww.middleeastoday.com%2Flegacy-of-expo-2020-dubais-vision-pavilion-will-live-on-as-part-of-district-2020%2F HTTP/1.1" 200 2722 "http://www.middleeastoday.com/legacy-of-expo-2020-dubais-vision-pavilion-will-live-on-as-part-of-district-2020/" "Mozilla/5.0 AppleWebKit/537.36 (KHTML, like Gecko; compatible; GPTBot/1.3; +https://openai.com/gptbot)"
74.7.243.195 - - [02/Mar/2026:16:05:49 -0500] "GET /wp-json/oembed/1.0/embed?url=http%3A%2F%2Fwww.middleeastoday.com%2Fuae-shares-its-sustainability-journey-at-international-horticultural-exhibition-floriade-expo-2022%2F HTTP/1.1" 200 2780 "http://www.middleeastoday.com/uae-shares-its-sustainability-journey-at-international-horticultural-exhibition-floriade-expo-2022/" "Mozilla/5.0 AppleWebKit/537.36 (KHTML, like Gecko; compatible; GPTBot/1.3; +https://openai.com/gptbot)"
74.7.243.195 - - [02/Mar/2026:16:05:39 -0500] "GET /wp-json/oembed/1.0/embed?url=http%3A%2F%2Fwww.middleeastoday.com%2Fmohammed-bin-rashid-attends-graduation-ceremony-of-46th-batch-of-cadet-officers-of-zayed-ii-mohammed-bin-rashid-attends-graduation-ceremony-of-46th-batch-of-cadet-officers-of-zayed-ii-military-college%2F HTTP/1.1" 200 3263 "http://www.middleeastoday.com/mohammed-bin-rashid-attends-graduation-ceremony-of-46th-batch-of-cadet-officers-of-zayed-ii-mohammed-bin-rashid-attends-graduation-ceremony-of-46th-batch-of-cadet-officers-of-zayed-ii-military-college/" "Mozilla/5.0 AppleWebKit/537.36 (KHTML, like Gecko; compatible; GPTBot/1.3; +https://openai.com/gptbot)"
74.7.243.195 - - [02/Mar/2026:16:05:59 -0500] "GET /wp-json/oembed/1.0/embed?url=http%3A%2F%2Fwww.middleeastoday.com%2Frolls-royce-motor-cars-dubai-lifts-the-veil-on-centenary-phantom-series%2F HTTP/1.1" 200 2596 "http://www.middleeastoday.com/rolls-royce-motor-cars-dubai-lifts-the-veil-on-centenary-phantom-series/" "Mozilla/5.0 AppleWebKit/537.36 (KHTML, like Gecko; compatible; GPTBot/1.3; +https://openai.com/gptbot)"
74.7.243.195 - - [02/Mar/2026:16:06:07 -0500] "GET /wp-json/oembed/1.0/embed?url=http%3A%2F%2Fwww.middleeastoday.com%2Fqatar-2022-witnesses-highest-attendance-in-fifa-world-cup-history%2F HTTP/1.1" 200 2582 "http://www.middleeastoday.com/qatar-2022-witnesses-highest-attendance-in-fifa-world-cup-history/" "Mozilla/5.0 AppleWebKit/537.36 (KHTML, like Gecko; compatible; GPTBot/1.3; +https://openai.com/gptbot)"
74.7.243.195 - - [02/Mar/2026:16:06:15 -0500] "GET /wp-json/oembed/1.0/embed?url=http%3A%2F%2Fwww.middleeastoday.com%2Falef-group-announces-launch-of-samr-2-in-hayyan%2F HTTP/1.1" 200 2484 "http://www.middleeastoday.com/alef-group-announces-launch-of-samr-2-in-hayyan/" "Mozilla/5.0 AppleWebKit/537.36 (KHTML, like Gecko; compatible; GPTBot/1.3; +https://openai.com/gptbot)"
74.7.243.195 - - [02/Mar/2026:16:06:20 -0500] "GET /wp-json/oembed/1.0/embed?url=http%3A%2F%2Fwww.middleeastoday.com%2Fdp-world-launches-new-digital-platform-to-streamline-customs-procedures%2F HTTP/1.1" 200 2610 "http://www.middleeastoday.com/dp-world-launches-new-digital-platform-to-streamline-customs-procedures/" "Mozilla/5.0 AppleWebKit/537.36 (KHTML, like Gecko; compatible; GPTBot/1.3; +https://openai.com/gptbot)"
74.7.243.195 - - [02/Mar/2026:16:06:24 -0500] "GET /wp-json/oembed/1.0/embed?url=http%3A%2F%2Fwww.middleeastoday.com%2Femirates-drift-championship-returns-to-yas-marina-circuit-for-new-season%2F HTTP/1.1" 200 2626 "http://www.middleeastoday.com/emirates-drift-championship-returns-to-yas-marina-circuit-for-new-season/" "Mozilla/5.0 AppleWebKit/537.36 (KHTML, like Gecko; compatible; GPTBot/1.3; +https://openai.com/gptbot)"
162.213.253.84 - - [02/Mar/2026:16:06:29 -0500] "POST /wp-cron.php?doing_wp_cron=1772485589.9387209415435791015625 HTTP/1.1" 200 0 "-" "WordPress/6.8.1; http://www.middleeastoday.com"
74.7.243.195 - - [02/Mar/2026:16:06:29 -0500] "GET /wp-json/oembed/1.0/embed?url=http%3A%2F%2Fwww.middleeastoday.com%2Fuae-president-attends-fraternal-consultative-al-alameim-meeting-in-egypt%2F HTTP/1.1" 200 2663 "http://www.middleeastoday.com/uae-president-attends-fraternal-consultative-al-alameim-meeting-in-egypt/" "Mozilla/5.0 AppleWebKit/537.36 (KHTML, like Gecko; compatible; GPTBot/1.3; +https://openai.com/gptbot)"
74.7.243.195 - - [02/Mar/2026:16:06:39 -0500] "GET /wp-json/oembed/1.0/embed?url=http%3A%2F%2Fwww.middleeastoday.com%2Fuae-leaders-congratulate-governor-general-of-new-zealand-on-national-day%2F HTTP/1.1" 200 2535 "http://www.middleeastoday.com/uae-leaders-congratulate-governor-general-of-new-zealand-on-national-day/" "Mozilla/5.0 AppleWebKit/537.36 (KHTML, like Gecko; compatible; GPTBot/1.3; +https://openai.com/gptbot)"
74.7.243.195 - - [02/Mar/2026:16:06:43 -0500] "GET /wp-json/oembed/1.0/embed?url=http%3A%2F%2Fwww.middleeastoday.com%2Fexperience-the-magic-mamiya-diamonds-spring-2025-collection-arrives%2F HTTP/1.1" 200 2622 "http://www.middleeastoday.com/experience-the-magic-mamiya-diamonds-spring-2025-collection-arrives/" "Mozilla/5.0 AppleWebKit/537.36 (KHTML, like Gecko; compatible; GPTBot/1.3; +https://openai.com/gptbot)"
74.7.243.195 - - [02/Mar/2026:16:06:51 -0500] "GET /wp-json/oembed/1.0/embed?url=http%3A%2F%2Fwww.middleeastoday.com%2F6th-sharjah-entrepreneurship-festival-to-attract-over-100-startups%2F HTTP/1.1" 200 2612 "http://www.middleeastoday.com/6th-sharjah-entrepreneurship-festival-to-attract-over-100-startups/" "Mozilla/5.0 AppleWebKit/537.36 (KHTML, like Gecko; compatible; GPTBot/1.3; +https://openai.com/gptbot)"
74.7.243.195 - - [02/Mar/2026:16:05:51 -0500] "GET /wp-json/oembed/1.0/embed?url=http%3A%2F%2Fwww.middleeastoday.com%2Fdubai-culture-announces-dates-for-al-marmoom-film-in-the-desert-festival%2F HTTP/1.1" 200 2659 "http://www.middleeastoday.com/dubai-culture-announces-dates-for-al-marmoom-film-in-the-desert-festival/" "Mozilla/5.0 AppleWebKit/537.36 (KHTML, like Gecko; compatible; GPTBot/1.3; +https://openai.com/gptbot)"
74.7.243.195 - - [02/Mar/2026:16:05:52 -0500] "GET /wp-json/oembed/1.0/embed?url=http%3A%2F%2Fwww.middleeastoday.com%2Fservomex-establishes-new-middle-east-hub-at-abu-dhabi-airports-free-zone%2F HTTP/1.1" 200 2615 "http://www.middleeastoday.com/servomex-establishes-new-middle-east-hub-at-abu-dhabi-airports-free-zone/" "Mozilla/5.0 AppleWebKit/537.36 (KHTML, like Gecko; compatible; GPTBot/1.3; +https://openai.com/gptbot)"
162.213.253.84 - - [02/Mar/2026:16:06:25 -0500] "POST /wp-cron.php?doing_wp_cron=1772485585.1269319057464599609375 HTTP/1.1" 200 0 "-" "WordPress/6.8.1; http://www.middleeastoday.com"
162.213.253.84 - - [02/Mar/2026:16:06:25 -0500] "POST /wp-admin/admin-ajax.php?action=async_litespeed&nonce=apSzI0JDBHiv7ksEyd1V4CnaA6CtxxOq&litespeed_type=imgoptm HTTP/1.1" 200 21 "-" "WordPress/6.8.1; http://www.middleeastoday.com"
74.7.243.195 - - [02/Mar/2026:16:06:30 -0500] "GET /wp-json/oembed/1.0/embed?url=http%3A%2F%2Fwww.middleeastoday.com%2Fabu-dhabi-hosts-inaugural-mena-edition-of-bitcoin-conference-in-december%2F HTTP/1.1" 200 2619 "http://www.middleeastoday.com/abu-dhabi-hosts-inaugural-mena-edition-of-bitcoin-conference-in-december/" "Mozilla/5.0 AppleWebKit/537.36 (KHTML, like Gecko; compatible; GPTBot/1.3; +https://openai.com/gptbot)"
74.7.243.195 - - [02/Mar/2026:16:06:32 -0500] "GET /wp-json/oembed/1.0/embed?url=http%3A%2F%2Fwww.middleeastoday.com%2Fuae-president-receives-condolences-from-emir-of-qatar-for-emirati-martyrs%2F HTTP/1.1" 200 2625 "http://www.middleeastoday.com/uae-president-receives-condolences-from-emir-of-qatar-for-emirati-martyrs/" "Mozilla/5.0 AppleWebKit/537.36 (KHTML, like Gecko; compatible; GPTBot/1.3; +https://openai.com/gptbot)"
74.7.243.195 - - [02/Mar/2026:16:06:35 -0500] "GET /wp-json/oembed/1.0/embed?url=http%3A%2F%2Fwww.middleeastoday.com%2Fuae-leaders-congratulate-governor-general-of-bahamas-on-independence-day%2F HTTP/1.1" 200 2626 "http://www.middleeastoday.com/uae-leaders-congratulate-governor-general-of-bahamas-on-independence-day/" "Mozilla/5.0 AppleWebKit/537.36 (KHTML, like Gecko; compatible; GPTBot/1.3; +https://openai.com/gptbot)"
74.7.243.195 - - [02/Mar/2026:16:06:41 -0500] "GET /wp-json/oembed/1.0/embed?url=http%3A%2F%2Fwww.middleeastoday.com%2Fmasdar-continues-to-strengthen-its-leading-stature-in-clean-energy-sector%2F HTTP/1.1" 200 2618 "http://www.middleeastoday.com/masdar-continues-to-strengthen-its-leading-stature-in-clean-energy-sector/" "Mozilla/5.0 AppleWebKit/537.36 (KHTML, like Gecko; compatible; GPTBot/1.3; +https://openai.com/gptbot)"
74.7.243.195 - - [02/Mar/2026:16:06:42 -0500] "GET /wp-json/oembed/1.0/embed?url=http%3A%2F%2Fwww.middleeastoday.com%2Fabu-dhabi-polytechnic-comptia-cooperate-to-develop-students-skills-in-it%2F HTTP/1.1" 200 2652 "http://www.middleeastoday.com/abu-dhabi-polytechnic-comptia-cooperate-to-develop-students-skills-in-it/" "Mozilla/5.0 AppleWebKit/537.36 (KHTML, like Gecko; compatible; GPTBot/1.3; +https://openai.com/gptbot)"
74.7.243.195 - - [02/Mar/2026:16:07:01 -0500] "GET /wp-json/oembed/1.0/embed?url=http%3A%2F%2Fwww.middleeastoday.com%2Fuae-president-performs-eid-al-adha-prayer-at-sheikh-zayed-grand-mosque%2F HTTP/1.1" 200 2617 "http://www.middleeastoday.com/uae-president-performs-eid-al-adha-prayer-at-sheikh-zayed-grand-mosque/" "Mozilla/5.0 AppleWebKit/537.36 (KHTML, like Gecko; compatible; GPTBot/1.3; +https://openai.com/gptbot)"
43.155.125.69 - - [02/Mar/2026:16:07:03 -0500] "GET /wp-content/uploads/2022/04/64c2ad33-5b41-4d59-be1b-293b254ded91-768x119.jpeg HTTP/1.1" 200 18202 "-" "Mozilla/5.0 (Windows NT 10.0; Win64; x64) AppleWebKit/537.36"
74.7.243.195 - - [02/Mar/2026:16:06:56 -0500] "GET /wp-json/oembed/1.0/embed?url=http%3A%2F%2Fwww.middleeastoday.com%2Fhamdan-bin-mohammed-performs-eid-al-fitr-prayer-at-zabeel-grand-mosque%2F HTTP/1.1" 200 2616 "http://www.middleeastoday.com/hamdan-bin-mohammed-performs-eid-al-fitr-prayer-at-zabeel-grand-mosque/" "Mozilla/5.0 AppleWebKit/537.36 (KHTML, like Gecko; compatible; GPTBot/1.3; +https://openai.com/gptbot)"
74.7.243.195 - - [02/Mar/2026:16:07:04 -0500] "GET /wp-json/oembed/1.0/embed?url=http%3A%2F%2Fwww.middleeastoday.com%2Fyas-island-welcomes-eid-al-fitr-with-fireworks-display-music-concerts%2F HTTP/1.1" 200 2605 "http://www.middleeastoday.com/yas-island-welcomes-eid-al-fitr-with-fireworks-display-music-concerts/" "Mozilla/5.0 AppleWebKit/537.36 (KHTML, like Gecko; compatible; GPTBot/1.3; +https://openai.com/gptbot)"
74.7.243.195 - - [02/Mar/2026:16:07:19 -0500] "GET /category/real-estate/feed/ HTTP/1.1" 200 12558 "http://www.middleeastoday.com/category/real-estate/" "Mozilla/5.0 AppleWebKit/537.36 (KHTML, like Gecko; compatible; GPTBot/1.3; +https://openai.com/gptbot)"
162.213.253.84 - - [02/Mar/2026:16:07:24 -0500] "POST /wp-cron.php?doing_wp_cron=1772485644.8723568916320800781250 HTTP/1.1" 200 0 "-" "WordPress/6.8.1; http://www.middleeastoday.com"
74.7.243.195 - - [02/Mar/2026:16:07:24 -0500] "GET /wp-json/oembed/1.0/embed?url=http%3A%2F%2Fwww.middleeastoday.com%2Fadnoc-announces-record-6-billion-investments-to-enable-drilling-growth%2F HTTP/1.1" 200 2605 "http://www.middleeastoday.com/adnoc-announces-record-6-billion-investments-to-enable-drilling-growth/" "Mozilla/5.0 AppleWebKit/537.36 (KHTML, like Gecko; compatible; GPTBot/1.3; +https://openai.com/gptbot)"
74.7.243.195 - - [02/Mar/2026:16:07:29 -0500] "GET /wp-json/oembed/1.0/embed?url=http%3A%2F%2Fwww.middleeastoday.com%2Fsharjah-airport-authority-explores-latest-trends-at-air-cargo-india-2022%2F HTTP/1.1" 200 2627 "http://www.middleeastoday.com/sharjah-airport-authority-explores-latest-trends-at-air-cargo-india-2022/" "Mozilla/5.0 AppleWebKit/537.36 (KHTML, like Gecko; compatible; GPTBot/1.3; +https://openai.com/gptbot)"
74.7.243.195 - - [02/Mar/2026:16:07:31 -0500] "GET /wp-json/oembed/1.0/embed?url=http%3A%2F%2Fwww.middleeastoday.com%2Fsaif-bin-zayed-meets-saudi-minister-of-interior-at-expo-2020-dubai%2F HTTP/1.1" 200 2600 "http://www.middleeastoday.com/saif-bin-zayed-meets-saudi-minister-of-interior-at-expo-2020-dubai/" "Mozilla/5.0 AppleWebKit/537.36 (KHTML, like Gecko; compatible; GPTBot/1.3; +https://openai.com/gptbot)"
74.7.243.195 - - [02/Mar/2026:16:07:48 -0500] "GET /wp-json/oembed/1.0/embed?url=http%3A%2F%2Fwww.middleeastoday.com%2Femirati-citizens-accounted-for-one-third-of-expo-2020-dubai-employees%2F HTTP/1.1" 200 2608 "http://www.middleeastoday.com/emirati-citizens-accounted-for-one-third-of-expo-2020-dubai-employees/" "Mozilla/5.0 AppleWebKit/537.36 (KHTML, like Gecko; compatible; GPTBot/1.3; +https://openai.com/gptbot)"
74.7.243.195 - - [02/Mar/2026:16:07:54 -0500] "GET /wp-json/oembed/1.0/embed?url=http%3A%2F%2Fwww.middleeastoday.com%2Fuae-accounts-for-77-of-gcc-investments-in-latin-america-over-2016-2021-period-whitepaper%2F HTTP/1.1" 200 2703 "http://www.middleeastoday.com/uae-accounts-for-77-of-gcc-investments-in-latin-america-over-2016-2021-period-whitepaper/" "Mozilla/5.0 AppleWebKit/537.36 (KHTML, like Gecko; compatible; GPTBot/1.3; +https://openai.com/gptbot)"
74.7.243.195 - - [02/Mar/2026:16:07:54 -0500] "GET /wp-json/oembed/1.0/embed?url=http%3A%2F%2Fwww.middleeastoday.com%2Fsharjahs-aed25-billion-coastal-development-to-enhance-emirates-real-estate-landscape%2F HTTP/1.1" 200 2722 "http://www.middleeastoday.com/sharjahs-aed25-billion-coastal-development-to-enhance-emirates-real-estate-landscape/" "Mozilla/5.0 AppleWebKit/537.36 (KHTML, like Gecko; compatible; GPTBot/1.3; +https://openai.com/gptbot)"
74.7.243.195 - - [02/Mar/2026:16:07:13 -0500] "GET /wp-json/oembed/1.0/embed?url=http%3A%2F%2Fwww.middleeastoday.com%2Fabdullah-bin-zayed-hungarian-foreign-minister-discuss-consolidating-cooperation-partnership%2F HTTP/1.1" 200 2734 "http://www.middleeastoday.com/abdullah-bin-zayed-hungarian-foreign-minister-discuss-consolidating-cooperation-partnership/" "Mozilla/5.0 AppleWebKit/537.36 (KHTML, like Gecko; compatible; GPTBot/1.3; +https://openai.com/gptbot)"
74.7.243.195 - - [02/Mar/2026:16:07:20 -0500] "GET /wp-json/oembed/1.0/embed?url=http%3A%2F%2Fwww.middleeastoday.com%2F117th-open-auction-for-number-plates-generates-over-aed81-million%2F HTTP/1.1" 200 2585 "http://www.middleeastoday.com/117th-open-auction-for-number-plates-generates-over-aed81-million/" "Mozilla/5.0 AppleWebKit/537.36 (KHTML, like Gecko; compatible; GPTBot/1.3; +https://openai.com/gptbot)"
162.213.253.84 - - [02/Mar/2026:16:07:25 -0500] "POST /wp-admin/admin-ajax.php?action=async_litespeed&nonce=Rx9mkLwWT35j7xt9cd7y3u4B750j4Vuz&litespeed_type=imgoptm HTTP/1.1" 200 21 "-" "WordPress/6.8.1; http://www.middleeastoday.com"
162.213.253.84 - - [02/Mar/2026:16:07:30 -0500] "POST /wp-cron.php?doing_wp_cron=1772485650.0183360576629638671875 HTTP/1.1" 200 0 "-" "WordPress/6.8.1; http://www.middleeastoday.com"
43.155.125.69 - - [02/Mar/2026:16:07:34 -0500] "GET /wp-content/uploads/2024/04/busiest-international-airport-850x560.jpg HTTP/1.1" 200 101401 "-" "Mozilla/5.0 (Windows NT 10.0; Win64; x64) AppleWebKit/537.36"
74.7.243.195 - - [02/Mar/2026:16:07:39 -0500] "GET /wp-json/oembed/1.0/embed?url=http%3A%2F%2Fwww.middleeastoday.com%2Fcleveland-clinic-abu-dhabi-completes-50-successful-deep-brain-stimulation-implants-for-parkinsons-treatment%2F HTTP/1.1" 200 2809 "http://www.middleeastoday.com/cleveland-clinic-abu-dhabi-completes-50-successful-deep-brain-stimulation-implants-for-parkinsons-treatment/" "Mozilla/5.0 AppleWebKit/537.36 (KHTML, like Gecko; compatible; GPTBot/1.3; +https://openai.com/gptbot)"
74.7.243.195 - - [02/Mar/2026:16:07:42 -0500] "GET /wp-json/oembed/1.0/embed?url=http%3A%2F%2Fwww.middleeastoday.com%2Fuae-president-receives-emirati-jiu-jitsu-champions-in-world-games-2022%2F HTTP/1.1" 200 2613 "http://www.middleeastoday.com/uae-president-receives-emirati-jiu-jitsu-champions-in-world-games-2022/" "Mozilla/5.0 AppleWebKit/537.36 (KHTML, like Gecko; compatible; GPTBot/1.3; +https://openai.com/gptbot)"
74.7.243.195 - - [02/Mar/2026:16:07:45 -0500] "GET /wp-json/oembed/1.0/embed?url=http%3A%2F%2Fwww.middleeastoday.com%2Fglobal-investors-upbeat-on-expo-2020-as-property-sector-gains-momentum%2F HTTP/1.1" 200 2627 "http://www.middleeastoday.com/global-investors-upbeat-on-expo-2020-as-property-sector-gains-momentum/" "Mozilla/5.0 AppleWebKit/537.36 (KHTML, like Gecko; compatible; GPTBot/1.3; +https://openai.com/gptbot)"
74.7.243.195 - - [02/Mar/2026:16:08:00 -0500] "GET /wp-json/oembed/1.0/embed?url=http%3A%2F%2Fwww.middleeastoday.com%2Fabdullah-bin-zayed-meets-omani-minister-of-foreign-affairs-in-muscat%2F HTTP/1.1" 200 2599 "http://www.middleeastoday.com/abdullah-bin-zayed-meets-omani-minister-of-foreign-affairs-in-muscat/" "Mozilla/5.0 AppleWebKit/537.36 (KHTML, like Gecko; compatible; GPTBot/1.3; +https://openai.com/gptbot)"
74.7.243.195 - - [02/Mar/2026:16:08:00 -0500] "GET /wp-json/oembed/1.0/embed?url=http%3A%2F%2Fwww.middleeastoday.com%2Fuae-president-receives-prime-minister-of-kurdistan-region-of-iraq%2F HTTP/1.1" 200 2578 "http://www.middleeastoday.com/uae-president-receives-prime-minister-of-kurdistan-region-of-iraq/" "Mozilla/5.0 AppleWebKit/537.36 (KHTML, like Gecko; compatible; GPTBot/1.3; +https://openai.com/gptbot)"
74.7.243.195 - - [02/Mar/2026:16:08:01 -0500] "GET /wp-json/oembed/1.0/embed?url=http%3A%2F%2Fwww.middleeastoday.com%2Ferc-implements-8th-phase-of-campaign-against-eye-disease-in-morocco%2F HTTP/1.1" 200 2589 "http://www.middleeastoday.com/erc-implements-8th-phase-of-campaign-against-eye-disease-in-morocco/" "Mozilla/5.0 AppleWebKit/537.36 (KHTML, like Gecko; compatible; GPTBot/1.3; +https://openai.com/gptbot)"
74.7.243.195 - - [02/Mar/2026:16:07:55 -0500] "GET /wp-json/oembed/1.0/embed?url=http%3A%2F%2Fwww.middleeastoday.com%2Fdubai-international-financial-centre-records-strong-growth-in-h1-2022%2F HTTP/1.1" 200 2596 "http://www.middleeastoday.com/dubai-international-financial-centre-records-strong-growth-in-h1-2022/" "Mozilla/5.0 AppleWebKit/537.36 (KHTML, like Gecko; compatible; GPTBot/1.3; +https://openai.com/gptbot)"
74.7.243.195 - - [02/Mar/2026:16:07:56 -0500] "GET /wp-json/oembed/1.0/embed?url=http%3A%2F%2Fwww.middleeastoday.com%2Fmohamed-bin-zayed-croatian-prime-minister-discuss-advancing-cooperation%2F HTTP/1.1" 200 2628 "http://www.middleeastoday.com/mohamed-bin-zayed-croatian-prime-minister-discuss-advancing-cooperation/" "Mozilla/5.0 AppleWebKit/537.36 (KHTML, like Gecko; compatible; GPTBot/1.3; +https://openai.com/gptbot)"
74.7.243.195 - - [02/Mar/2026:16:07:58 -0500] "GET /wp-json/oembed/1.0/embed?url=http%3A%2F%2Fwww.middleeastoday.com%2Fmother-of-the-uae-supports-women-across-the-globe-nahyan-bin-mubarak%2F HTTP/1.1" 200 2649 "http://www.middleeastoday.com/mother-of-the-uae-supports-women-across-the-globe-nahyan-bin-mubarak/" "Mozilla/5.0 AppleWebKit/537.36 (KHTML, like Gecko; compatible; GPTBot/1.3; +https://openai.com/gptbot)"
162.213.253.84 - - [02/Mar/2026:16:08:25 -0500] "POST /wp-cron.php?doing_wp_cron=1772485705.5030410289764404296875 HTTP/1.1" 200 0 "-" "WordPress/6.8.1; http://www.middleeastoday.com"
162.213.253.84 - - [02/Mar/2026:16:08:26 -0500] "POST /wp-admin/admin-ajax.php?action=async_litespeed&nonce=dR8GybbVJHqdubzVsQefKcnrYlkTYt7q&litespeed_type=imgoptm HTTP/1.1" 200 21 "-" "WordPress/6.8.1; http://www.middleeastoday.com"
74.7.243.195 - - [02/Mar/2026:16:08:29 -0500] "GET /wp-json/oembed/1.0/embed?url=http%3A%2F%2Fwww.middleeastoday.com%2Fpresident-of-kazakhstan-awards-jubilee-medal-to-suroor-bin-mohammed%2F HTTP/1.1" 200 2606 "http://www.middleeastoday.com/president-of-kazakhstan-awards-jubilee-medal-to-suroor-bin-mohammed/" "Mozilla/5.0 AppleWebKit/537.36 (KHTML, like Gecko; compatible; GPTBot/1.3; +https://openai.com/gptbot)"
74.7.243.195 - - [02/Mar/2026:16:08:36 -0500] "GET /wp-json/oembed/1.0/embed?url=http%3A%2F%2Fwww.middleeastoday.com%2Fuae-leaders-congratulate-pope-francis-on-his-countrys-national-day%2F HTTP/1.1" 200 2526 "http://www.middleeastoday.com/uae-leaders-congratulate-pope-francis-on-his-countrys-national-day/" "Mozilla/5.0 AppleWebKit/537.36 (KHTML, like Gecko; compatible; GPTBot/1.3; +https://openai.com/gptbot)"
74.7.243.195 - - [02/Mar/2026:16:08:48 -0500] "GET /wp-json/oembed/1.0/embed?url=http%3A%2F%2Fwww.middleeastoday.com%2Fexpo-centre-sharjah-concludes-participation-in-ufis-mea-conference%2F HTTP/1.1" 200 2616 "http://www.middleeastoday.com/expo-centre-sharjah-concludes-participation-in-ufis-mea-conference/" "Mozilla/5.0 AppleWebKit/537.36 (KHTML, like Gecko; compatible; GPTBot/1.3; +https://openai.com/gptbot)"
74.7.243.195 - - [02/Mar/2026:16:08:54 -0500] "GET /wp-json/oembed/1.0/embed?url=http%3A%2F%2Fwww.middleeastoday.com%2Fuae-president-emir-of-qatar-discuss-relations-regional-developments%2F HTTP/1.1" 200 2602 "http://www.middleeastoday.com/uae-president-emir-of-qatar-discuss-relations-regional-developments/" "Mozilla/5.0 AppleWebKit/537.36 (KHTML, like Gecko; compatible; GPTBot/1.3; +https://openai.com/gptbot)"
74.7.243.195 - - [02/Mar/2026:16:08:56 -0500] "GET /wp-json/oembed/1.0/embed?url=http%3A%2F%2Fwww.middleeastoday.com%2Finternational-reports-real-estate-key-driver-of-uae-economic-growth%2F HTTP/1.1" 200 2606 "http://www.middleeastoday.com/international-reports-real-estate-key-driver-of-uae-economic-growth/" "Mozilla/5.0 AppleWebKit/537.36 (KHTML, like Gecko; compatible; GPTBot/1.3; +https://openai.com/gptbot)"
74.7.243.195 - - [02/Mar/2026:16:08:12 -0500] "GET /wp-json/oembed/1.0/embed?url=http%3A%2F%2Fwww.middleeastoday.com%2Frapid-growth-of-hydrogen-economy-hints-at-new-power-dynamics-irena%2F HTTP/1.1" 200 2585 "http://www.middleeastoday.com/rapid-growth-of-hydrogen-economy-hints-at-new-power-dynamics-irena/" "Mozilla/5.0 AppleWebKit/537.36 (KHTML, like Gecko; compatible; GPTBot/1.3; +https://openai.com/gptbot)"
74.7.243.195 - - [02/Mar/2026:16:08:16 -0500] "GET /wp-json/oembed/1.0/embed?url=http%3A%2F%2Fwww.middleeastoday.com%2Fdubai-showcases-enduring-appeal-as-leading-cruise-hub-at-seatrade-cruise-global-2022%2F HTTP/1.1" 200 2694 "http://www.middleeastoday.com/dubai-showcases-enduring-appeal-as-leading-cruise-hub-at-seatrade-cruise-global-2022/" "Mozilla/5.0 AppleWebKit/537.36 (KHTML, like Gecko; compatible; GPTBot/1.3; +https://openai.com/gptbot)"
74.7.243.195 - - [02/Mar/2026:16:08:25 -0500] "GET /wp-json/oembed/1.0/embed?url=http%3A%2F%2Fwww.middleeastoday.com%2Fmagnati-ajman-bank-partner-to-enhance-financial-solutions-for-smes%2F HTTP/1.1" 200 2587 "http://www.middleeastoday.com/magnati-ajman-bank-partner-to-enhance-financial-solutions-for-smes/" "Mozilla/5.0 AppleWebKit/537.36 (KHTML, like Gecko; compatible; GPTBot/1.3; +https://openai.com/gptbot)"
162.213.253.84 - - [02/Mar/2026:16:08:29 -0500] "POST /wp-cron.php?doing_wp_cron=1772485709.7627840042114257812500 HTTP/1.1" 200 0 "-" "WordPress/6.8.1; http://www.middleeastoday.com"
74.7.243.195 - - [02/Mar/2026:16:08:32 -0500] "GET /wp-json/oembed/1.0/embed?url=http%3A%2F%2Fwww.middleeastoday.com%2Fmohamed-bin-zayed-congratulates-president-of-france-on-re-election%2F HTTP/1.1" 200 2598 "http://www.middleeastoday.com/mohamed-bin-zayed-congratulates-president-of-france-on-re-election/" "Mozilla/5.0 AppleWebKit/537.36 (KHTML, like Gecko; compatible; GPTBot/1.3; +https://openai.com/gptbot)"
14.236.3.247 - - [02/Mar/2026:16:08:52 -0500] "GET http://www.middleeastoday.com/noura-al-kaabi-meets-with-ifpi-board-members-affirms-uaes-focus-on-nurturing-a-thriving-ecosystem/ HTTP/1.1" 200 24458 "-" "Mozilla/5.0 (Windows NT 6.2; WOW64) AppleWebKit/537.36 (KHTML, like Gecko) Chrome/30.0.1599.17 Safari/537.36"
74.7.243.195 - - [02/Mar/2026:16:08:58 -0500] "GET /wp-json/oembed/1.0/embed?url=http%3A%2F%2Fwww.middleeastoday.com%2Fmohap-to-intensify-efforts-to-reduce-hypertension-prevalence-in-uae%2F HTTP/1.1" 200 2625 "http://www.middleeastoday.com/mohap-to-intensify-efforts-to-reduce-hypertension-prevalence-in-uae/" "Mozilla/5.0 AppleWebKit/537.36 (KHTML, like Gecko; compatible; GPTBot/1.3; +https://openai.com/gptbot)"
74.7.243.195 - - [02/Mar/2026:16:09:00 -0500] "GET /wp-json/oembed/1.0/embed?url=http%3A%2F%2Fwww.middleeastoday.com%2Ftiger-properties-successfully-completes-the-handover-of-nobles-tower%2F HTTP/1.1" 200 2597 "http://www.middleeastoday.com/tiger-properties-successfully-completes-the-handover-of-nobles-tower/" "Mozilla/5.0 AppleWebKit/537.36 (KHTML, like Gecko; compatible; GPTBot/1.3; +https://openai.com/gptbot)"
74.7.243.195 - - [02/Mar/2026:16:09:06 -0500] "GET /wp-json/oembed/1.0/embed?url=http%3A%2F%2Fwww.middleeastoday.com%2Fn-general-assembly-pays-tribute-to-late-sheikh-khalifa-bin-zayed%2F HTTP/1.1" 200 2583 "http://www.middleeastoday.com/n-general-assembly-pays-tribute-to-late-sheikh-khalifa-bin-zayed/" "Mozilla/5.0 AppleWebKit/537.36 (KHTML, like Gecko; compatible; GPTBot/1.3; +https://openai.com/gptbot)"
74.7.243.195 - - [02/Mar/2026:16:09:09 -0500] "GET /wp-json/oembed/1.0/embed?url=http%3A%2F%2Fwww.middleeastoday.com%2Fworlds-smallest-injectable-dissolvable-pacemaker-developed-by-scientists%2F HTTP/1.1" 200 2649 "http://www.middleeastoday.com/worlds-smallest-injectable-dissolvable-pacemaker-developed-by-scientists/" "Mozilla/5.0 AppleWebKit/537.36 (KHTML, like Gecko; compatible; GPTBot/1.3; +https://openai.com/gptbot)"
142.44.228.22 - - [02/Mar/2026:16:09:11 -0500] "GET /lord-abbett-expands-global-presence-selecting-difc-for-first-middle-east-branch/ HTTP/1.1" 200 20934 "-" "Mozilla/5.0 (compatible; AhrefsBot/7.0; +http://ahrefs.com/robot/)"
74.7.243.195 - - [02/Mar/2026:16:09:17 -0500] "GET /wp-json/oembed/1.0/embed?url=http%3A%2F%2Fwww.middleeastoday.com%2Fsultan-bin-ahmed-inaugurates-sharjah-international-film-festival%2F HTTP/1.1" 200 2582 "http://www.middleeastoday.com/sultan-bin-ahmed-inaugurates-sharjah-international-film-festival/" "Mozilla/5.0 AppleWebKit/537.36 (KHTML, like Gecko; compatible; GPTBot/1.3; +https://openai.com/gptbot)"
