74.7.243.195 - - [02/Mar/2026:11:41:38 -0500] "GET /wp-json/oembed/1.0/embed?format=xml&url=http%3A%2F%2Fwww.middleeastoday.com%2Fdubai-records-over-aed1-8-bn-in-realty-transactions-tuesday%2F HTTP/1.1" 200 1188 "http://www.middleeastoday.com/dubai-records-over-aed1-8-bn-in-realty-transactions-tuesday/" "Mozilla/5.0 AppleWebKit/537.36 (KHTML, like Gecko; compatible; GPTBot/1.3; +https://openai.com/gptbot)"
74.7.243.195 - - [02/Mar/2026:11:41:40 -0500] "GET /?p=10615 HTTP/1.1" 301 0 "http://www.middleeastoday.com/for-the-first-time-in-history-olympic-games-paris-2024-opening-ceremony-takes-place-outside-a-stadium/" "Mozilla/5.0 AppleWebKit/537.36 (KHTML, like Gecko; compatible; GPTBot/1.3; +https://openai.com/gptbot)"
74.7.243.195 - - [02/Mar/2026:11:41:41 -0500] "GET /?p=10618 HTTP/1.1" 301 0 "http://www.middleeastoday.com/abu-dhabi-powerboat-team-gears-up-for-fastest-lap-in-uim-f2-world-championship/" "Mozilla/5.0 AppleWebKit/537.36 (KHTML, like Gecko; compatible; GPTBot/1.3; +https://openai.com/gptbot)"
74.7.243.195 - - [02/Mar/2026:11:41:42 -0500] "GET /abu-dhabi-powerboat-team-gears-up-for-fastest-lap-in-uim-f2-world-championship/ HTTP/1.1" 200 20363 "http://www.middleeastoday.com/?p=10618" "Mozilla/5.0 AppleWebKit/537.36 (KHTML, like Gecko; compatible; GPTBot/1.3; +https://openai.com/gptbot)"
74.7.243.195 - - [02/Mar/2026:11:41:46 -0500] "GET /?p=11025 HTTP/1.1" 301 0 "http://www.middleeastoday.com/stomp-live-makes-uae-debut/" "Mozilla/5.0 AppleWebKit/537.36 (KHTML, like Gecko; compatible; GPTBot/1.3; +https://openai.com/gptbot)"
74.7.243.195 - - [02/Mar/2026:11:41:47 -0500] "GET /stomp-live-makes-uae-debut/ HTTP/1.1" 200 20523 "http://www.middleeastoday.com/?p=11025" "Mozilla/5.0 AppleWebKit/537.36 (KHTML, like Gecko; compatible; GPTBot/1.3; +https://openai.com/gptbot)"
74.7.243.195 - - [02/Mar/2026:11:41:49 -0500] "GET /emaar-properties-records-half-yearly-sales-of-aed17-6-billion/ HTTP/1.1" 200 21827 "http://www.middleeastoday.com/?p=9057" "Mozilla/5.0 AppleWebKit/537.36 (KHTML, like Gecko; compatible; GPTBot/1.3; +https://openai.com/gptbot)"
74.7.243.195 - - [02/Mar/2026:11:41:49 -0500] "GET /?p=9683 HTTP/1.1" 301 0 "http://www.middleeastoday.com/dubai-records-over-aed1-8-bn-in-realty-transactions-tuesday/" "Mozilla/5.0 AppleWebKit/537.36 (KHTML, like Gecko; compatible; GPTBot/1.3; +https://openai.com/gptbot)"
74.7.243.195 - - [02/Mar/2026:11:41:50 -0500] "GET /dubai-records-over-aed1-8-bn-in-realty-transactions-tuesday/ HTTP/1.1" 200 24459 "http://www.middleeastoday.com/?p=9683" "Mozilla/5.0 AppleWebKit/537.36 (KHTML, like Gecko; compatible; GPTBot/1.3; +https://openai.com/gptbot)"
74.7.243.195 - - [02/Mar/2026:11:41:25 -0500] "GET /?p=9026 HTTP/1.1" 301 0 "http://www.middleeastoday.com/abdullah-bin-zayed-receives-zambian-counterpart/" "Mozilla/5.0 AppleWebKit/537.36 (KHTML, like Gecko; compatible; GPTBot/1.3; +https://openai.com/gptbot)"
162.213.253.84 - - [02/Mar/2026:11:41:31 -0500] "POST /wp-cron.php?doing_wp_cron=1772469691.3469319343566894531250 HTTP/1.1" 200 0 "-" "WordPress/6.8.1; http://www.middleeastoday.com"
74.7.243.195 - - [02/Mar/2026:11:41:30 -0500] "GET /?p=6758 HTTP/1.1" 301 0 "http://www.middleeastoday.com/saif-bin-zayed-meets-singapores-senior-minister-and-coordinating-minister-for-national-security/" "Mozilla/5.0 AppleWebKit/537.36 (KHTML, like Gecko; compatible; GPTBot/1.3; +https://openai.com/gptbot)"
74.7.243.195 - - [02/Mar/2026:11:41:37 -0500] "GET /uae-intends-to-join-world-boxing/ HTTP/1.1" 200 20731 "http://www.middleeastoday.com/?p=10916" "Mozilla/5.0 AppleWebKit/537.36 (KHTML, like Gecko; compatible; GPTBot/1.3; +https://openai.com/gptbot)"
74.7.243.195 - - [02/Mar/2026:11:41:41 -0500] "GET /for-the-first-time-in-history-olympic-games-paris-2024-opening-ceremony-takes-place-outside-a-stadium/ HTTP/1.1" 200 20486 "http://www.middleeastoday.com/?p=10615" "Mozilla/5.0 AppleWebKit/537.36 (KHTML, like Gecko; compatible; GPTBot/1.3; +https://openai.com/gptbot)"
74.7.243.195 - - [02/Mar/2026:11:41:43 -0500] "GET /?p=10746 HTTP/1.1" 301 0 "http://www.middleeastoday.com/10746-2/" "Mozilla/5.0 AppleWebKit/537.36 (KHTML, like Gecko; compatible; GPTBot/1.3; +https://openai.com/gptbot)"
74.7.243.195 - - [02/Mar/2026:11:41:44 -0500] "GET /10746-2/ HTTP/1.1" 200 21329 "http://www.middleeastoday.com/?p=10746" "Mozilla/5.0 AppleWebKit/537.36 (KHTML, like Gecko; compatible; GPTBot/1.3; +https://openai.com/gptbot)"
74.7.243.195 - - [02/Mar/2026:11:41:44 -0500] "GET /?p=10238 HTTP/1.1" 301 0 "http://www.middleeastoday.com/10238-2/" "Mozilla/5.0 AppleWebKit/537.36 (KHTML, like Gecko; compatible; GPTBot/1.3; +https://openai.com/gptbot)"
74.7.243.195 - - [02/Mar/2026:11:41:46 -0500] "GET /10238-2/ HTTP/1.1" 200 24798 "http://www.middleeastoday.com/?p=10238" "Mozilla/5.0 AppleWebKit/537.36 (KHTML, like Gecko; compatible; GPTBot/1.3; +https://openai.com/gptbot)"
74.7.243.195 - - [02/Mar/2026:11:41:48 -0500] "GET /?p=9057 HTTP/1.1" 301 0 "http://www.middleeastoday.com/emaar-properties-records-half-yearly-sales-of-aed17-6-billion/" "Mozilla/5.0 AppleWebKit/537.36 (KHTML, like Gecko; compatible; GPTBot/1.3; +https://openai.com/gptbot)"
74.7.243.195 - - [02/Mar/2026:11:41:51 -0500] "GET /?p=8451 HTTP/1.1" 301 0 "http://www.middleeastoday.com/ahmed-bin-saeed-opens-arabian-travel-market-2022/" "Mozilla/5.0 AppleWebKit/537.36 (KHTML, like Gecko; compatible; GPTBot/1.3; +https://openai.com/gptbot)"
74.7.243.195 - - [02/Mar/2026:11:42:07 -0500] "GET /?p=8482 HTTP/1.1" 301 0 "http://www.middleeastoday.com/sharjah-ruler-congratulates-sheikh-mohamed-bin-zayed-on-his-election-as-uae-president/" "Mozilla/5.0 AppleWebKit/537.36 (KHTML, like Gecko; compatible; GPTBot/1.3; +https://openai.com/gptbot)"
74.7.243.195 - - [02/Mar/2026:11:42:12 -0500] "GET /?p=10887 HTTP/1.1" 301 0 "http://www.middleeastoday.com/uae-president-exchanges-medals-gifts-with-italian-president-during-dinner-banquet-hosted-in-his-honour/" "Mozilla/5.0 AppleWebKit/537.36 (KHTML, like Gecko; compatible; GPTBot/1.3; +https://openai.com/gptbot)"
74.7.243.195 - - [02/Mar/2026:11:42:13 -0500] "GET /?p=10403 HTTP/1.1" 301 0 "http://www.middleeastoday.com/accompanied-by-khaled-bin-mohamed-bin-zayed-theyazin-bin-haitham-al-said-visits-louvre-abu-dhabi/" "Mozilla/5.0 AppleWebKit/537.36 (KHTML, like Gecko; compatible; GPTBot/1.3; +https://openai.com/gptbot)"
74.7.243.195 - - [02/Mar/2026:11:42:14 -0500] "GET /accompanied-by-khaled-bin-mohamed-bin-zayed-theyazin-bin-haitham-al-said-visits-louvre-abu-dhabi/ HTTP/1.1" 200 21031 "http://www.middleeastoday.com/?p=10403" "Mozilla/5.0 AppleWebKit/537.36 (KHTML, like Gecko; compatible; GPTBot/1.3; +https://openai.com/gptbot)"
74.7.243.195 - - [02/Mar/2026:11:41:51 -0500] "GET /ahmed-bin-saeed-opens-arabian-travel-market-2022/ HTTP/1.1" 200 21731 "http://www.middleeastoday.com/?p=8451" "Mozilla/5.0 AppleWebKit/537.36 (KHTML, like Gecko; compatible; GPTBot/1.3; +https://openai.com/gptbot)"
74.7.243.195 - - [02/Mar/2026:11:41:56 -0500] "GET /?p=9112 HTTP/1.1" 301 0 "http://www.middleeastoday.com/ajman-crown-prince-receives-ambassador-of-fiji/" "Mozilla/5.0 AppleWebKit/537.36 (KHTML, like Gecko; compatible; GPTBot/1.3; +https://openai.com/gptbot)"
74.7.243.195 - - [02/Mar/2026:11:41:57 -0500] "GET /ajman-crown-prince-receives-ambassador-of-fiji/ HTTP/1.1" 200 20072 "http://www.middleeastoday.com/?p=9112" "Mozilla/5.0 AppleWebKit/537.36 (KHTML, like Gecko; compatible; GPTBot/1.3; +https://openai.com/gptbot)"
74.7.243.195 - - [02/Mar/2026:11:42:07 -0500] "GET /sharjah-ruler-congratulates-sheikh-mohamed-bin-zayed-on-his-election-as-uae-president/ HTTP/1.1" 200 20415 "http://www.middleeastoday.com/?p=8482" "Mozilla/5.0 AppleWebKit/537.36 (KHTML, like Gecko; compatible; GPTBot/1.3; +https://openai.com/gptbot)"
74.7.243.195 - - [02/Mar/2026:11:42:13 -0500] "GET /uae-president-exchanges-medals-gifts-with-italian-president-during-dinner-banquet-hosted-in-his-honour/ HTTP/1.1" 200 20734 "http://www.middleeastoday.com/?p=10887" "Mozilla/5.0 AppleWebKit/537.36 (KHTML, like Gecko; compatible; GPTBot/1.3; +https://openai.com/gptbot)"
74.7.243.195 - - [02/Mar/2026:11:42:14 -0500] "GET /?p=8873 HTTP/1.1" 301 0 "http://www.middleeastoday.com/uae-president-us-president-discuss-bilateral-relations-on-sidelines-of-jeddah-security-and-development-summit/" "Mozilla/5.0 AppleWebKit/537.36 (KHTML, like Gecko; compatible; GPTBot/1.3; +https://openai.com/gptbot)"
74.7.243.195 - - [02/Mar/2026:11:42:15 -0500] "GET /uae-president-us-president-discuss-bilateral-relations-on-sidelines-of-jeddah-security-and-development-summit/ HTTP/1.1" 200 21107 "http://www.middleeastoday.com/?p=8873" "Mozilla/5.0 AppleWebKit/537.36 (KHTML, like Gecko; compatible; GPTBot/1.3; +https://openai.com/gptbot)"
74.7.243.195 - - [02/Mar/2026:11:42:15 -0500] "GET /?p=9100 HTTP/1.1" 301 0 "http://www.middleeastoday.com/uae-president-attends-fraternal-consultative-al-alameim-meeting-in-egypt/" "Mozilla/5.0 AppleWebKit/537.36 (KHTML, like Gecko; compatible; GPTBot/1.3; +https://openai.com/gptbot)"
74.7.243.195 - - [02/Mar/2026:11:42:16 -0500] "GET /uae-president-attends-fraternal-consultative-al-alameim-meeting-in-egypt/ HTTP/1.1" 200 20803 "http://www.middleeastoday.com/?p=9100" "Mozilla/5.0 AppleWebKit/537.36 (KHTML, like Gecko; compatible; GPTBot/1.3; +https://openai.com/gptbot)"
74.7.243.195 - - [02/Mar/2026:11:42:16 -0500] "GET /wp-json/wp/v2/posts/10615 HTTP/1.1" 200 4117 "http://www.middleeastoday.com/for-the-first-time-in-history-olympic-games-paris-2024-opening-ceremony-takes-place-outside-a-stadium/" "Mozilla/5.0 AppleWebKit/537.36 (KHTML, like Gecko; compatible; GPTBot/1.3; +https://openai.com/gptbot)"
74.7.243.195 - - [02/Mar/2026:11:42:19 -0500] "GET /uae-leaders-congratulate-president-of-ukraine-on-independence-day/ HTTP/1.1" 200 19901 "http://www.middleeastoday.com/ajman-crown-prince-receives-ambassador-of-fiji/" "Mozilla/5.0 AppleWebKit/537.36 (KHTML, like Gecko; compatible; GPTBot/1.3; +https://openai.com/gptbot)"
74.7.243.195 - - [02/Mar/2026:11:42:20 -0500] "GET /mariam-almheiri-thani-al-zeyoudi-attend-french-embassy-reception/ HTTP/1.1" 200 20173 "http://www.middleeastoday.com/uae-president-us-president-discuss-bilateral-relations-on-sidelines-of-jeddah-security-and-development-summit/" "Mozilla/5.0 AppleWebKit/537.36 (KHTML, like Gecko; compatible; GPTBot/1.3; +https://openai.com/gptbot)"
74.7.243.195 - - [02/Mar/2026:11:42:21 -0500] "GET /worlds-largest-mental-health-congress-for-children-and-adolescents-opens-at-dwtc/ HTTP/1.1" 200 26034 "http://www.middleeastoday.com/dubai-health-authority-wins-international-data-corporation-award/" "Mozilla/5.0 AppleWebKit/537.36 (KHTML, like Gecko; compatible; GPTBot/1.3; +https://openai.com/gptbot)"
74.7.243.195 - - [02/Mar/2026:11:42:23 -0500] "GET /uae-president-accepts-more-condolences-from-world-leaders-delegations-on-passing-of-sheikh-khalifa/ HTTP/1.1" 200 22203 "http://www.middleeastoday.com/sharjah-ruler-congratulates-sheikh-mohamed-bin-zayed-on-his-election-as-uae-president/" "Mozilla/5.0 AppleWebKit/537.36 (KHTML, like Gecko; compatible; GPTBot/1.3; +https://openai.com/gptbot)"
74.7.243.195 - - [02/Mar/2026:11:42:24 -0500] "GET /uae-leaders-congratulate-ecuadors-president-on-independence-day/ HTTP/1.1" 200 19914 "http://www.middleeastoday.com/abdullah-bin-zayed-receives-zambian-counterpart/" "Mozilla/5.0 AppleWebKit/537.36 (KHTML, like Gecko; compatible; GPTBot/1.3; +https://openai.com/gptbot)"
74.7.243.195 - - [02/Mar/2026:11:42:24 -0500] "GET /welcoming-one-million-visitors-dubai-opera-to-celebrate-sixth-anniversary/ HTTP/1.1" 200 21697 "http://www.middleeastoday.com/emaar-properties-records-half-yearly-sales-of-aed17-6-billion/" "Mozilla/5.0 AppleWebKit/537.36 (KHTML, like Gecko; compatible; GPTBot/1.3; +https://openai.com/gptbot)"
74.7.243.195 - - [02/Mar/2026:11:42:25 -0500] "GET /abdullah-bin-zayed-receives-greek-counterpart/ HTTP/1.1" 200 20331 "http://www.middleeastoday.com/dubai-records-over-aed1-8-bn-in-realty-transactions-tuesday/" "Mozilla/5.0 AppleWebKit/537.36 (KHTML, like Gecko; compatible; GPTBot/1.3; +https://openai.com/gptbot)"
74.7.243.195 - - [02/Mar/2026:11:42:26 -0500] "GET /nahyan-bin-mubarak-honours-255-graduates-of-university-of-dubai/ HTTP/1.1" 200 23803 "http://www.middleeastoday.com/abdullah-bin-zayed-meets-uk-secretary-of-state-for-energy-security/" "Mozilla/5.0 AppleWebKit/537.36 (KHTML, like Gecko; compatible; GPTBot/1.3; +https://openai.com/gptbot)"
74.7.243.195 - - [02/Mar/2026:11:42:27 -0500] "GET /purehealth-proposes-aed343-million-dividend-following-strong-first-year-post-listing/ HTTP/1.1" 200 20170 "http://www.middleeastoday.com/uae-intends-to-join-world-boxing/" "Mozilla/5.0 AppleWebKit/537.36 (KHTML, like Gecko; compatible; GPTBot/1.3; +https://openai.com/gptbot)"
74.7.243.195 - - [02/Mar/2026:11:42:38 -0500] "GET /higher-committee-for-development-and-citizens-affairs-approves-immediate-allocation-of-2000-residential-land-plots-at-umm-nahad-fourth/ HTTP/1.1" 200 21177 "http://www.middleeastoday.com/dubai-health-authority-visa-sign-mou/" "Mozilla/5.0 AppleWebKit/537.36 (KHTML, like Gecko; compatible; GPTBot/1.3; +https://openai.com/gptbot)"
74.7.243.195 - - [02/Mar/2026:11:42:40 -0500] "GET /10549-2/ HTTP/1.1" 200 19571 "http://www.middleeastoday.com/uae-president-receives-turkish-foreign-minister/" "Mozilla/5.0 AppleWebKit/537.36 (KHTML, like Gecko; compatible; GPTBot/1.3; +https://openai.com/gptbot)"
74.7.243.195 - - [02/Mar/2026:11:42:43 -0500] "GET /10792-2/ HTTP/1.1" 200 20331 "http://www.middleeastoday.com/uae-president-uk-prime-minister-discuss-bilateral-relations/" "Mozilla/5.0 AppleWebKit/537.36 (KHTML, like Gecko; compatible; GPTBot/1.3; +https://openai.com/gptbot)"
74.7.243.195 - - [02/Mar/2026:11:42:46 -0500] "GET /uae-accounts-for-77-of-gcc-investments-in-latin-america-over-2016-2021-period-whitepaper/ HTTP/1.1" 200 21999 "http://www.middleeastoday.com/mohamed-bin-zayed-arrives-in-sharm-el-sheikh/" "Mozilla/5.0 AppleWebKit/537.36 (KHTML, like Gecko; compatible; GPTBot/1.3; +https://openai.com/gptbot)"
74.7.243.195 - - [02/Mar/2026:11:42:47 -0500] "GET /53rd-wjmes-unveils-luxurious-gold-collections-international-artifacts/ HTTP/1.1" 200 20757 "http://www.middleeastoday.com/category/beauty-fashion/" "Mozilla/5.0 AppleWebKit/537.36 (KHTML, like Gecko; compatible; GPTBot/1.3; +https://openai.com/gptbot)"
74.7.243.195 - - [02/Mar/2026:11:42:49 -0500] "GET /wp-json/wp/v2/posts/8882 HTTP/1.1" 200 4802 "http://www.middleeastoday.com/sharjah-summer-campaign-2022-kicks-off/" "Mozilla/5.0 AppleWebKit/537.36 (KHTML, like Gecko; compatible; GPTBot/1.3; +https://openai.com/gptbot)"
74.7.243.195 - - [02/Mar/2026:11:42:17 -0500] "GET /fame-king-vasu-jit-kalia-graces-lst-event-as-guest-of-honour/ HTTP/1.1" 200 20574 "http://www.middleeastoday.com/uae-president-exchanges-medals-gifts-with-italian-president-during-dinner-banquet-hosted-in-his-honour/" "Mozilla/5.0 AppleWebKit/537.36 (KHTML, like Gecko; compatible; GPTBot/1.3; +https://openai.com/gptbot)"
74.7.243.195 - - [02/Mar/2026:11:42:18 -0500] "GET /noticeable-increase-in-japans-imports-of-uae-crude-oil-in-march/ HTTP/1.1" 200 20073 "http://www.middleeastoday.com/ahmed-bin-saeed-opens-arabian-travel-market-2022/" "Mozilla/5.0 AppleWebKit/537.36 (KHTML, like Gecko; compatible; GPTBot/1.3; +https://openai.com/gptbot)"
74.7.243.195 - - [02/Mar/2026:11:42:18 -0500] "GET /uae-all-set-to-become-global-cryptocurrency-market-hub/ HTTP/1.1" 200 20930 "http://www.middleeastoday.com/mansour-bin-zayed-attends-fifth-day-of-annual-festival-for-purebred-arabian-camel-racing/" "Mozilla/5.0 AppleWebKit/537.36 (KHTML, like Gecko; compatible; GPTBot/1.3; +https://openai.com/gptbot)"
74.7.243.195 - - [02/Mar/2026:11:42:24 -0500] "GET /dubai-health-authority-achieves-acgme-i-accreditation/ HTTP/1.1" 200 21153 "http://www.middleeastoday.com/uae-leaders-congratulate-president-of-peru-on-independence-day/" "Mozilla/5.0 AppleWebKit/537.36 (KHTML, like Gecko; compatible; GPTBot/1.3; +https://openai.com/gptbot)"
74.7.243.195 - - [02/Mar/2026:11:42:25 -0500] "GET /uae-president-arrives-in-india-to-participate-in-g20-summit/ HTTP/1.1" 200 20457 "http://www.middleeastoday.com/uae-leaders-congratulate-president-of-singapore-on-election-win/" "Mozilla/5.0 AppleWebKit/537.36 (KHTML, like Gecko; compatible; GPTBot/1.3; +https://openai.com/gptbot)"
74.7.243.195 - - [02/Mar/2026:11:42:26 -0500] "GET /uae-president-issues-law-changing-national-archives-to-national-archives-library/ HTTP/1.1" 200 21276 "http://www.middleeastoday.com/mohamed-ahmed-ibrahim-between-sunrise-and-sunset-exhibition-to-open-in-april-at-venice-biennale/" "Mozilla/5.0 AppleWebKit/537.36 (KHTML, like Gecko; compatible; GPTBot/1.3; +https://openai.com/gptbot)"
74.7.243.195 - - [02/Mar/2026:11:42:28 -0500] "GET /mohammed-bin-rashid-meets-with-climate-policy-and-space-sector-decision-makers-attending-space-agencies-leaders-summit-at-cop28/ HTTP/1.1" 200 21674 "http://www.middleeastoday.com/accompanied-by-khaled-bin-mohamed-bin-zayed-theyazin-bin-haitham-al-said-visits-louvre-abu-dhabi/" "Mozilla/5.0 AppleWebKit/537.36 (KHTML, like Gecko; compatible; GPTBot/1.3; +https://openai.com/gptbot)"
74.7.243.195 - - [02/Mar/2026:11:42:29 -0500] "GET /saif-bin-zayed-visits-moroccan-pavilions-at-expo-2020-dubai/ HTTP/1.1" 200 19963 "http://www.middleeastoday.com/saif-bin-zayed-meets-singapores-senior-minister-and-coordinating-minister-for-national-security/" "Mozilla/5.0 AppleWebKit/537.36 (KHTML, like Gecko; compatible; GPTBot/1.3; +https://openai.com/gptbot)"
74.7.243.195 - - [02/Mar/2026:11:42:46 -0500] "GET /10795-2/ HTTP/1.1" 200 20353 "http://www.middleeastoday.com/category/travel-tourism/destinations/" "Mozilla/5.0 AppleWebKit/537.36 (KHTML, like Gecko; compatible; GPTBot/1.3; +https://openai.com/gptbot)"
162.213.253.84 - - [02/Mar/2026:11:42:48 -0500] "POST /wp-cron.php?doing_wp_cron=1772469768.6919610500335693359375 HTTP/1.1" 200 0 "-" "WordPress/6.8.1; http://www.middleeastoday.com"
74.7.243.195 - - [02/Mar/2026:11:42:47 -0500] "GET /wp-json/oembed/1.0/embed?url=http%3A%2F%2Fwww.middleeastoday.com%2Fzayed-national-museum-establishes-fund-for-research-into-uae-culture-and-history%2F HTTP/1.1" 200 2661 "http://www.middleeastoday.com/zayed-national-museum-establishes-fund-for-research-into-uae-culture-and-history/" "Mozilla/5.0 AppleWebKit/537.36 (KHTML, like Gecko; compatible; GPTBot/1.3; +https://openai.com/gptbot)"
162.213.253.84 - - [02/Mar/2026:11:42:49 -0500] "POST /wp-admin/admin-ajax.php?action=async_litespeed&nonce=V0yatLF3XY0KOQrdX8c9RSbsZsPg9Bxn&litespeed_type=imgoptm HTTP/1.1" 200 21 "-" "WordPress/6.8.1; http://www.middleeastoday.com"
74.7.243.195 - - [02/Mar/2026:11:42:50 -0500] "GET /author/admin/feed/ HTTP/1.1" 200 11051 "http://www.middleeastoday.com/author/admin/" "Mozilla/5.0 AppleWebKit/537.36 (KHTML, like Gecko; compatible; GPTBot/1.3; +https://openai.com/gptbot)"
74.7.243.195 - - [02/Mar/2026:11:42:51 -0500] "GET /category/news/feed/ HTTP/1.1" 200 5003 "http://www.middleeastoday.com/category/news/" "Mozilla/5.0 AppleWebKit/537.36 (KHTML, like Gecko; compatible; GPTBot/1.3; +https://openai.com/gptbot)"
74.7.243.195 - - [02/Mar/2026:11:42:52 -0500] "GET /category/national-news/feed/ HTTP/1.1" 200 7273 "http://www.middleeastoday.com/category/national-news/" "Mozilla/5.0 AppleWebKit/537.36 (KHTML, like Gecko; compatible; GPTBot/1.3; +https://openai.com/gptbot)"
74.7.243.195 - - [02/Mar/2026:11:42:53 -0500] "GET /author/admin/page/3/ HTTP/1.1" 200 21137 "http://www.middleeastoday.com/author/admin/" "Mozilla/5.0 AppleWebKit/537.36 (KHTML, like Gecko; compatible; GPTBot/1.3; +https://openai.com/gptbot)"
74.7.243.195 - - [02/Mar/2026:11:42:57 -0500] "GET /author/admin/page/2/ HTTP/1.1" 200 21295 "http://www.middleeastoday.com/author/admin/" "Mozilla/5.0 AppleWebKit/537.36 (KHTML, like Gecko; compatible; GPTBot/1.3; +https://openai.com/gptbot)"
74.7.243.195 - - [02/Mar/2026:11:43:00 -0500] "GET /?p=10891 HTTP/1.1" 301 0 "http://www.middleeastoday.com/fame-king-vasu-jit-kalia-graces-lst-event-as-guest-of-honour/" "Mozilla/5.0 AppleWebKit/537.36 (KHTML, like Gecko; compatible; GPTBot/1.3; +https://openai.com/gptbot)"
74.7.243.195 - - [02/Mar/2026:11:43:01 -0500] "GET /?p=10511 HTTP/1.1" 301 0 "http://www.middleeastoday.com/uae-all-set-to-become-global-cryptocurrency-market-hub/" "Mozilla/5.0 AppleWebKit/537.36 (KHTML, like Gecko; compatible; GPTBot/1.3; +https://openai.com/gptbot)"
74.7.243.195 - - [02/Mar/2026:11:43:02 -0500] "GET /uae-all-set-to-become-global-cryptocurrency-market-hub/ HTTP/1.1" 200 20930 "http://www.middleeastoday.com/?p=10511" "Mozilla/5.0 AppleWebKit/537.36 (KHTML, like Gecko; compatible; GPTBot/1.3; +https://openai.com/gptbot)"
74.7.243.195 - - [02/Mar/2026:11:43:02 -0500] "GET /?p=8448 HTTP/1.1" 301 0 "http://www.middleeastoday.com/noticeable-increase-in-japans-imports-of-uae-crude-oil-in-march/" "Mozilla/5.0 AppleWebKit/537.36 (KHTML, like Gecko; compatible; GPTBot/1.3; +https://openai.com/gptbot)"
74.7.243.195 - - [02/Mar/2026:11:43:04 -0500] "GET /mariam-almheiri-thani-al-zeyoudi-attend-french-embassy-reception/ HTTP/1.1" 200 20173 "http://www.middleeastoday.com/?p=8870" "Mozilla/5.0 AppleWebKit/537.36 (KHTML, like Gecko; compatible; GPTBot/1.3; +https://openai.com/gptbot)"
74.7.243.195 - - [02/Mar/2026:11:43:08 -0500] "GET /worlds-largest-mental-health-congress-for-children-and-adolescents-opens-at-dwtc/ HTTP/1.1" 200 26034 "http://www.middleeastoday.com/?p=9631" "Mozilla/5.0 AppleWebKit/537.36 (KHTML, like Gecko; compatible; GPTBot/1.3; +https://openai.com/gptbot)"
74.7.243.195 - - [02/Mar/2026:11:43:10 -0500] "GET /uae-president-accepts-more-condolences-from-world-leaders-delegations-on-passing-of-sheikh-khalifa/ HTTP/1.1" 200 22203 "http://www.middleeastoday.com/?p=8485" "Mozilla/5.0 AppleWebKit/537.36 (KHTML, like Gecko; compatible; GPTBot/1.3; +https://openai.com/gptbot)"
74.7.243.195 - - [02/Mar/2026:11:43:12 -0500] "GET /?p=8953 HTTP/1.1" 301 0 "http://www.middleeastoday.com/dubai-health-authority-achieves-acgme-i-accreditation/" "Mozilla/5.0 AppleWebKit/537.36 (KHTML, like Gecko; compatible; GPTBot/1.3; +https://openai.com/gptbot)"
74.7.243.195 - - [02/Mar/2026:11:43:13 -0500] "GET /dubai-health-authority-achieves-acgme-i-accreditation/ HTTP/1.1" 200 21153 "http://www.middleeastoday.com/?p=8953" "Mozilla/5.0 AppleWebKit/537.36 (KHTML, like Gecko; compatible; GPTBot/1.3; +https://openai.com/gptbot)"
74.7.243.195 - - [02/Mar/2026:11:43:21 -0500] "GET /welcoming-one-million-visitors-dubai-opera-to-celebrate-sixth-anniversary/ HTTP/1.1" 200 21697 "http://www.middleeastoday.com/?p=9054" "Mozilla/5.0 AppleWebKit/537.36 (KHTML, like Gecko; compatible; GPTBot/1.3; +https://openai.com/gptbot)"
74.7.243.195 - - [02/Mar/2026:11:42:51 -0500] "GET /author/admin/page/103/ HTTP/1.1" 200 20557 "http://www.middleeastoday.com/author/admin/" "Mozilla/5.0 AppleWebKit/537.36 (KHTML, like Gecko; compatible; GPTBot/1.3; +https://openai.com/gptbot)"
74.7.243.195 - - [02/Mar/2026:11:42:57 -0500] "GET /category/national-news/page/30/ HTTP/1.1" 200 20882 "http://www.middleeastoday.com/category/national-news/" "Mozilla/5.0 AppleWebKit/537.36 (KHTML, like Gecko; compatible; GPTBot/1.3; +https://openai.com/gptbot)"
162.213.253.84 - - [02/Mar/2026:11:42:58 -0500] "POST /wp-cron.php?doing_wp_cron=1772469778.9567430019378662109375 HTTP/1.1" 200 0 "-" "WordPress/6.8.1; http://www.middleeastoday.com"
74.7.243.195 - - [02/Mar/2026:11:42:58 -0500] "GET /category/national-news/page/2/ HTTP/1.1" 200 21048 "http://www.middleeastoday.com/category/national-news/" "Mozilla/5.0 AppleWebKit/537.36 (KHTML, like Gecko; compatible; GPTBot/1.3; +https://openai.com/gptbot)"
74.7.243.195 - - [02/Mar/2026:11:43:01 -0500] "GET /fame-king-vasu-jit-kalia-graces-lst-event-as-guest-of-honour/ HTTP/1.1" 200 20574 "http://www.middleeastoday.com/?p=10891" "Mozilla/5.0 AppleWebKit/537.36 (KHTML, like Gecko; compatible; GPTBot/1.3; +https://openai.com/gptbot)"
74.7.243.195 - - [02/Mar/2026:11:43:03 -0500] "GET /noticeable-increase-in-japans-imports-of-uae-crude-oil-in-march/ HTTP/1.1" 200 20073 "http://www.middleeastoday.com/?p=8448" "Mozilla/5.0 AppleWebKit/537.36 (KHTML, like Gecko; compatible; GPTBot/1.3; +https://openai.com/gptbot)"
74.7.243.195 - - [02/Mar/2026:11:43:03 -0500] "GET /?p=8870 HTTP/1.1" 301 0 "http://www.middleeastoday.com/mariam-almheiri-thani-al-zeyoudi-attend-french-embassy-reception/" "Mozilla/5.0 AppleWebKit/537.36 (KHTML, like Gecko; compatible; GPTBot/1.3; +https://openai.com/gptbot)"
74.7.243.195 - - [02/Mar/2026:11:43:07 -0500] "GET /?p=9631 HTTP/1.1" 301 0 "http://www.middleeastoday.com/worlds-largest-mental-health-congress-for-children-and-adolescents-opens-at-dwtc/" "Mozilla/5.0 AppleWebKit/537.36 (KHTML, like Gecko; compatible; GPTBot/1.3; +https://openai.com/gptbot)"
74.7.243.195 - - [02/Mar/2026:11:43:09 -0500] "GET /?p=8485 HTTP/1.1" 301 0 "http://www.middleeastoday.com/uae-president-accepts-more-condolences-from-world-leaders-delegations-on-passing-of-sheikh-khalifa/" "Mozilla/5.0 AppleWebKit/537.36 (KHTML, like Gecko; compatible; GPTBot/1.3; +https://openai.com/gptbot)"
74.7.243.195 - - [02/Mar/2026:11:43:17 -0500] "GET /?p=9029 HTTP/1.1" 301 0 "http://www.middleeastoday.com/uae-leaders-congratulate-ecuadors-president-on-independence-day/" "Mozilla/5.0 AppleWebKit/537.36 (KHTML, like Gecko; compatible; GPTBot/1.3; +https://openai.com/gptbot)"
74.7.243.195 - - [02/Mar/2026:11:43:17 -0500] "GET /uae-leaders-congratulate-ecuadors-president-on-independence-day/ HTTP/1.1" 200 19914 "http://www.middleeastoday.com/?p=9029" "Mozilla/5.0 AppleWebKit/537.36 (KHTML, like Gecko; compatible; GPTBot/1.3; +https://openai.com/gptbot)"
74.7.243.195 - - [02/Mar/2026:11:43:20 -0500] "GET /?p=9054 HTTP/1.1" 301 0 "http://www.middleeastoday.com/welcoming-one-million-visitors-dubai-opera-to-celebrate-sixth-anniversary/" "Mozilla/5.0 AppleWebKit/537.36 (KHTML, like Gecko; compatible; GPTBot/1.3; +https://openai.com/gptbot)"
74.7.243.195 - - [02/Mar/2026:11:43:21 -0500] "GET /?p=10297 HTTP/1.1" 301 0 "http://www.middleeastoday.com/uae-president-arrives-in-india-to-participate-in-g20-summit/" "Mozilla/5.0 AppleWebKit/537.36 (KHTML, like Gecko; compatible; GPTBot/1.3; +https://openai.com/gptbot)"
74.7.243.195 - - [02/Mar/2026:11:43:23 -0500] "GET /purehealth-proposes-aed343-million-dividend-following-strong-first-year-post-listing/ HTTP/1.1" 200 20170 "http://www.middleeastoday.com/?p=10913" "Mozilla/5.0 AppleWebKit/537.36 (KHTML, like Gecko; compatible; GPTBot/1.3; +https://openai.com/gptbot)"
162.213.253.84 - - [02/Mar/2026:11:43:23 -0500] "POST /wp-admin/admin-ajax.php?action=async_litespeed&nonce=PKfaLJYA4DNVxp1tGfbwnD6Wlj0rNjTH&litespeed_type=imgoptm HTTP/1.1" 200 21 "-" "WordPress/6.8.1; http://www.middleeastoday.com"
162.213.253.84 - - [02/Mar/2026:11:43:22 -0500] "POST /wp-cron.php?doing_wp_cron=1772469802.6470038890838623046875 HTTP/1.1" 200 0 "-" "WordPress/6.8.1; http://www.middleeastoday.com"
74.7.243.195 - - [02/Mar/2026:11:43:22 -0500] "GET /uae-president-arrives-in-india-to-participate-in-g20-summit/ HTTP/1.1" 200 20457 "http://www.middleeastoday.com/?p=10297" "Mozilla/5.0 AppleWebKit/537.36 (KHTML, like Gecko; compatible; GPTBot/1.3; +https://openai.com/gptbot)"
74.7.243.195 - - [02/Mar/2026:11:43:23 -0500] "GET /?p=10913 HTTP/1.1" 301 0 "http://www.middleeastoday.com/purehealth-proposes-aed343-million-dividend-following-strong-first-year-post-listing/" "Mozilla/5.0 AppleWebKit/537.36 (KHTML, like Gecko; compatible; GPTBot/1.3; +https://openai.com/gptbot)"
119.28.112.103 - - [02/Mar/2026:11:43:23 -0500] "GET /?post_type=post&p=366 HTTP/1.1" 301 0 "-" "Sogou web spider/4.0(+http://www.sogou.com/docs/help/webmasters.htm#07)"
74.7.243.195 - - [02/Mar/2026:11:43:25 -0500] "GET /mohammed-bin-rashid-meets-with-climate-policy-and-space-sector-decision-makers-attending-space-agencies-leaders-summit-at-cop28/ HTTP/1.1" 200 21674 "http://www.middleeastoday.com/?p=10399" "Mozilla/5.0 AppleWebKit/537.36 (KHTML, like Gecko; compatible; GPTBot/1.3; +https://openai.com/gptbot)"
162.213.253.84 - - [02/Mar/2026:11:43:27 -0500] "POST /wp-cron.php?doing_wp_cron=1772469807.4543321132659912109375 HTTP/1.1" 200 0 "-" "WordPress/6.8.1; http://www.middleeastoday.com"
74.7.243.195 - - [02/Mar/2026:11:43:28 -0500] "GET /uae-president-issues-law-changing-national-archives-to-national-archives-library/ HTTP/1.1" 200 21276 "http://www.middleeastoday.com/?p=6714" "Mozilla/5.0 AppleWebKit/537.36 (KHTML, like Gecko; compatible; GPTBot/1.3; +https://openai.com/gptbot)"
74.7.243.195 - - [02/Mar/2026:11:43:28 -0500] "GET /?p=10549 HTTP/1.1" 301 0 "http://www.middleeastoday.com/10549-2/" "Mozilla/5.0 AppleWebKit/537.36 (KHTML, like Gecko; compatible; GPTBot/1.3; +https://openai.com/gptbot)"
74.7.243.195 - - [02/Mar/2026:11:43:29 -0500] "GET /10549-2/ HTTP/1.1" 200 19571 "http://www.middleeastoday.com/?p=10549" "Mozilla/5.0 AppleWebKit/537.36 (KHTML, like Gecko; compatible; GPTBot/1.3; +https://openai.com/gptbot)"
74.7.243.195 - - [02/Mar/2026:11:43:30 -0500] "GET /10792-2/ HTTP/1.1" 200 20331 "http://www.middleeastoday.com/?p=10792" "Mozilla/5.0 AppleWebKit/537.36 (KHTML, like Gecko; compatible; GPTBot/1.3; +https://openai.com/gptbot)"
74.7.243.195 - - [02/Mar/2026:11:43:31 -0500] "GET /?p=10448 HTTP/1.1" 301 0 "http://www.middleeastoday.com/53rd-wjmes-unveils-luxurious-gold-collections-international-artifacts/" "Mozilla/5.0 AppleWebKit/537.36 (KHTML, like Gecko; compatible; GPTBot/1.3; +https://openai.com/gptbot)"
74.7.243.195 - - [02/Mar/2026:11:43:31 -0500] "GET /53rd-wjmes-unveils-luxurious-gold-collections-international-artifacts/ HTTP/1.1" 200 20757 "http://www.middleeastoday.com/?p=10448" "Mozilla/5.0 AppleWebKit/537.36 (KHTML, like Gecko; compatible; GPTBot/1.3; +https://openai.com/gptbot)"
74.7.243.195 - - [02/Mar/2026:11:43:32 -0500] "GET /uae-accounts-for-77-of-gcc-investments-in-latin-america-over-2016-2021-period-whitepaper/ HTTP/1.1" 200 21999 "http://www.middleeastoday.com/?p=7126" "Mozilla/5.0 AppleWebKit/537.36 (KHTML, like Gecko; compatible; GPTBot/1.3; +https://openai.com/gptbot)"
74.7.243.195 - - [02/Mar/2026:11:43:32 -0500] "GET /?p=9685 HTTP/1.1" 301 0 "http://www.middleeastoday.com/abdullah-bin-zayed-receives-greek-counterpart/" "Mozilla/5.0 AppleWebKit/537.36 (KHTML, like Gecko; compatible; GPTBot/1.3; +https://openai.com/gptbot)"
74.7.243.195 - - [02/Mar/2026:11:43:33 -0500] "GET /?p=8919 HTTP/1.1" 301 0 "http://www.middleeastoday.com/higher-committee-for-development-and-citizens-affairs-approves-immediate-allocation-of-2000-residential-land-plots-at-umm-nahad-fourth/" "Mozilla/5.0 AppleWebKit/537.36 (KHTML, like Gecko; compatible; GPTBot/1.3; +https://openai.com/gptbot)"
119.28.112.103 - - [02/Mar/2026:11:43:24 -0500] "GET /dubai-electricity-and-water-authority-starts-trading-on-dubai-financial-market/ HTTP/1.1" 200 24653 "-" "Sogou web spider/4.0(+http://www.sogou.com/docs/help/webmasters.htm#07)"
74.7.243.195 - - [02/Mar/2026:11:43:24 -0500] "GET /?p=10399 HTTP/1.1" 301 0 "http://www.middleeastoday.com/mohammed-bin-rashid-meets-with-climate-policy-and-space-sector-decision-makers-attending-space-agencies-leaders-summit-at-cop28/" "Mozilla/5.0 AppleWebKit/537.36 (KHTML, like Gecko; compatible; GPTBot/1.3; +https://openai.com/gptbot)"
74.7.243.195 - - [02/Mar/2026:11:43:26 -0500] "GET /?p=10067 HTTP/1.1" 301 0 "http://www.middleeastoday.com/nahyan-bin-mubarak-honours-255-graduates-of-university-of-dubai/" "Mozilla/5.0 AppleWebKit/537.36 (KHTML, like Gecko; compatible; GPTBot/1.3; +https://openai.com/gptbot)"
74.7.243.195 - - [02/Mar/2026:11:43:27 -0500] "GET /nahyan-bin-mubarak-honours-255-graduates-of-university-of-dubai/ HTTP/1.1" 200 23803 "http://www.middleeastoday.com/?p=10067" "Mozilla/5.0 AppleWebKit/537.36 (KHTML, like Gecko; compatible; GPTBot/1.3; +https://openai.com/gptbot)"
74.7.243.195 - - [02/Mar/2026:11:43:27 -0500] "GET /?p=6714 HTTP/1.1" 301 0 "http://www.middleeastoday.com/uae-president-issues-law-changing-national-archives-to-national-archives-library/" "Mozilla/5.0 AppleWebKit/537.36 (KHTML, like Gecko; compatible; GPTBot/1.3; +https://openai.com/gptbot)"
74.7.243.195 - - [02/Mar/2026:11:43:29 -0500] "GET /?p=10792 HTTP/1.1" 301 0 "http://www.middleeastoday.com/10792-2/" "Mozilla/5.0 AppleWebKit/537.36 (KHTML, like Gecko; compatible; GPTBot/1.3; +https://openai.com/gptbot)"
74.7.243.195 - - [02/Mar/2026:11:43:30 -0500] "GET /?p=10795 HTTP/1.1" 301 0 "http://www.middleeastoday.com/10795-2/" "Mozilla/5.0 AppleWebKit/537.36 (KHTML, like Gecko; compatible; GPTBot/1.3; +https://openai.com/gptbot)"
74.7.243.195 - - [02/Mar/2026:11:43:30 -0500] "GET /10795-2/ HTTP/1.1" 200 20353 "http://www.middleeastoday.com/?p=10795" "Mozilla/5.0 AppleWebKit/537.36 (KHTML, like Gecko; compatible; GPTBot/1.3; +https://openai.com/gptbot)"
74.7.243.195 - - [02/Mar/2026:11:43:31 -0500] "GET /?p=7126 HTTP/1.1" 301 0 "http://www.middleeastoday.com/uae-accounts-for-77-of-gcc-investments-in-latin-america-over-2016-2021-period-whitepaper/" "Mozilla/5.0 AppleWebKit/537.36 (KHTML, like Gecko; compatible; GPTBot/1.3; +https://openai.com/gptbot)"
74.7.243.195 - - [02/Mar/2026:11:43:33 -0500] "GET /abdullah-bin-zayed-receives-greek-counterpart/ HTTP/1.1" 200 20331 "http://www.middleeastoday.com/?p=9685" "Mozilla/5.0 AppleWebKit/537.36 (KHTML, like Gecko; compatible; GPTBot/1.3; +https://openai.com/gptbot)"
74.7.243.195 - - [02/Mar/2026:11:43:34 -0500] "GET /?p=6761 HTTP/1.1" 301 0 "http://www.middleeastoday.com/saif-bin-zayed-visits-moroccan-pavilions-at-expo-2020-dubai/" "Mozilla/5.0 AppleWebKit/537.36 (KHTML, like Gecko; compatible; GPTBot/1.3; +https://openai.com/gptbot)"
74.7.243.195 - - [02/Mar/2026:11:43:34 -0500] "GET /saif-bin-zayed-visits-moroccan-pavilions-at-expo-2020-dubai/ HTTP/1.1" 200 19963 "http://www.middleeastoday.com/?p=6761" "Mozilla/5.0 AppleWebKit/537.36 (KHTML, like Gecko; compatible; GPTBot/1.3; +https://openai.com/gptbot)"
74.7.243.195 - - [02/Mar/2026:11:43:35 -0500] "GET /?p=9115 HTTP/1.1" 301 0 "http://www.middleeastoday.com/uae-leaders-congratulate-president-of-ukraine-on-independence-day/" "Mozilla/5.0 AppleWebKit/537.36 (KHTML, like Gecko; compatible; GPTBot/1.3; +https://openai.com/gptbot)"
74.7.243.195 - - [02/Mar/2026:11:43:35 -0500] "GET /hamdan-bin-mohammed-opens-arab-health-and-medlab-middle-east/ HTTP/1.1" 200 21828 "http://www.middleeastoday.com/saif-bin-zayed-visits-moroccan-pavilions-at-expo-2020-dubai/" "Mozilla/5.0 AppleWebKit/537.36 (KHTML, like Gecko; compatible; GPTBot/1.3; +https://openai.com/gptbot)"
74.7.243.195 - - [02/Mar/2026:11:43:39 -0500] "GET /president-of-south-korea-arrives-in-uae-on-official-visit/ HTTP/1.1" 200 19937 "http://www.middleeastoday.com/category/national-news/page/30/" "Mozilla/5.0 AppleWebKit/537.36 (KHTML, like Gecko; compatible; GPTBot/1.3; +https://openai.com/gptbot)"
74.7.243.195 - - [02/Mar/2026:11:43:45 -0500] "GET /ad-ports-group-bags-seven-harvard-business-council-international-awards/ HTTP/1.1" 200 23897 "http://www.middleeastoday.com/abdullah-bin-zayed-receives-greek-counterpart/" "Mozilla/5.0 AppleWebKit/537.36 (KHTML, like Gecko; compatible; GPTBot/1.3; +https://openai.com/gptbot)"
74.7.243.195 - - [02/Mar/2026:11:43:47 -0500] "GET /uae-leaders-congratulate-new-kazakh-pm-on-his-appointment/ HTTP/1.1" 200 19907 "http://www.middleeastoday.com/category/national-news/page/30/" "Mozilla/5.0 AppleWebKit/537.36 (KHTML, like Gecko; compatible; GPTBot/1.3; +https://openai.com/gptbot)"
74.7.243.195 - - [02/Mar/2026:11:43:48 -0500] "GET /air-arabia-abu-dhabi-launches-seasonal-flights-to-sarajevo/ HTTP/1.1" 200 20132 "http://www.middleeastoday.com/noticeable-increase-in-japans-imports-of-uae-crude-oil-in-march/" "Mozilla/5.0 AppleWebKit/537.36 (KHTML, like Gecko; compatible; GPTBot/1.3; +https://openai.com/gptbot)"
74.7.243.195 - - [02/Mar/2026:11:43:48 -0500] "GET /uae-president-confers-medal-of-independence-on-ambassador-of-korea/ HTTP/1.1" 200 20300 "http://www.middleeastoday.com/category/national-news/page/30/" "Mozilla/5.0 AppleWebKit/537.36 (KHTML, like Gecko; compatible; GPTBot/1.3; +https://openai.com/gptbot)"
74.7.243.195 - - [02/Mar/2026:11:43:49 -0500] "GET /sultan-of-oman-mourns-death-of-sheikh-khalifa-bin-zayed/ HTTP/1.1" 200 20034 "http://www.middleeastoday.com/uae-president-accepts-more-condolences-from-world-leaders-delegations-on-passing-of-sheikh-khalifa/" "Mozilla/5.0 AppleWebKit/537.36 (KHTML, like Gecko; compatible; GPTBot/1.3; +https://openai.com/gptbot)"
74.7.243.195 - - [02/Mar/2026:11:43:50 -0500] "GET /masdar-continues-to-strengthen-its-leading-stature-in-clean-energy-sector/ HTTP/1.1" 200 23799 "http://www.middleeastoday.com/author/admin/page/103/" "Mozilla/5.0 AppleWebKit/537.36 (KHTML, like Gecko; compatible; GPTBot/1.3; +https://openai.com/gptbot)"
74.7.243.195 - - [02/Mar/2026:11:43:50 -0500] "GET /azizi-developments-ties-up-with-trent-building-materials-trading-llc-for-vinyl-flooring-at-riviera/ HTTP/1.1" 200 21424 "http://www.middleeastoday.com/higher-committee-for-development-and-citizens-affairs-approves-immediate-allocation-of-2000-residential-land-plots-at-umm-nahad-fourth/" "Mozilla/5.0 AppleWebKit/537.36 (KHTML, like Gecko; compatible; GPTBot/1.3; +https://openai.com/gptbot)"
74.7.243.195 - - [02/Mar/2026:11:43:51 -0500] "GET /dubai-expands-its-beach-tourism-offering-with-the-opening-of-three-new-beaches-for-night-swimming/ HTTP/1.1" 200 22899 "http://www.middleeastoday.com/nahyan-bin-mubarak-honours-255-graduates-of-university-of-dubai/" "Mozilla/5.0 AppleWebKit/537.36 (KHTML, like Gecko; compatible; GPTBot/1.3; +https://openai.com/gptbot)"
74.7.243.195 - - [02/Mar/2026:11:43:59 -0500] "GET /flydubai-to-operate-flights-to-select-destinations-from-dubai-world-central/ HTTP/1.1" 200 21046 "http://www.middleeastoday.com/uae-accounts-for-77-of-gcc-investments-in-latin-america-over-2016-2021-period-whitepaper/" "Mozilla/5.0 AppleWebKit/537.36 (KHTML, like Gecko; compatible; GPTBot/1.3; +https://openai.com/gptbot)"
74.7.243.195 - - [02/Mar/2026:11:43:59 -0500] "GET /abu-dhabi-grand-kingfish-championship-concludes/ HTTP/1.1" 200 21271 "http://www.middleeastoday.com/10549-2/" "Mozilla/5.0 AppleWebKit/537.36 (KHTML, like Gecko; compatible; GPTBot/1.3; +https://openai.com/gptbot)"
74.7.243.195 - - [02/Mar/2026:11:44:00 -0500] "GET /uae-president-italian-prime-minister-discuss-strengthening-bilateral-relations-in-rome/ HTTP/1.1" 200 20826 "http://www.middleeastoday.com/fame-king-vasu-jit-kalia-graces-lst-event-as-guest-of-honour/" "Mozilla/5.0 AppleWebKit/537.36 (KHTML, like Gecko; compatible; GPTBot/1.3; +https://openai.com/gptbot)"
74.7.243.195 - - [02/Mar/2026:11:43:34 -0500] "GET /higher-committee-for-development-and-citizens-affairs-approves-immediate-allocation-of-2000-residential-land-plots-at-umm-nahad-fourth/ HTTP/1.1" 200 21177 "http://www.middleeastoday.com/?p=8919" "Mozilla/5.0 AppleWebKit/537.36 (KHTML, like Gecko; compatible; GPTBot/1.3; +https://openai.com/gptbot)"
74.7.243.195 - - [02/Mar/2026:11:43:35 -0500] "GET /uae-leaders-congratulate-president-of-ukraine-on-independence-day/ HTTP/1.1" 200 19901 "http://www.middleeastoday.com/?p=9115" "Mozilla/5.0 AppleWebKit/537.36 (KHTML, like Gecko; compatible; GPTBot/1.3; +https://openai.com/gptbot)"
74.7.243.195 - - [02/Mar/2026:11:43:54 -0500] "GET /mohammed-bin-rashid-issues-six-decrees-regulating-dubai-chambers-their-boards-of-directors/ HTTP/1.1" 200 22343 "http://www.middleeastoday.com/category/national-news/page/30/" "Mozilla/5.0 AppleWebKit/537.36 (KHTML, like Gecko; compatible; GPTBot/1.3; +https://openai.com/gptbot)"
74.7.243.195 - - [02/Mar/2026:11:43:56 -0500] "GET /uae-leaders-congratulate-ignazio-cassis-on-his-election-as-president-of-swiss-confederation/ HTTP/1.1" 200 19934 "http://www.middleeastoday.com/author/admin/page/103/" "Mozilla/5.0 AppleWebKit/537.36 (KHTML, like Gecko; compatible; GPTBot/1.3; +https://openai.com/gptbot)"
74.7.243.195 - - [02/Mar/2026:11:43:57 -0500] "GET /adihex-attracts-broad-participation-of-painters-artists/ HTTP/1.1" 200 21016 "http://www.middleeastoday.com/welcoming-one-million-visitors-dubai-opera-to-celebrate-sixth-anniversary/" "Mozilla/5.0 AppleWebKit/537.36 (KHTML, like Gecko; compatible; GPTBot/1.3; +https://openai.com/gptbot)"
74.7.243.195 - - [02/Mar/2026:11:43:58 -0500] "GET /uae-president-king-of-jordan-discuss-regional-developments/ HTTP/1.1" 200 20263 "http://www.middleeastoday.com/uae-all-set-to-become-global-cryptocurrency-market-hub/" "Mozilla/5.0 AppleWebKit/537.36 (KHTML, like Gecko; compatible; GPTBot/1.3; +https://openai.com/gptbot)"
74.7.243.195 - - [02/Mar/2026:11:43:59 -0500] "GET /mohammed-bin-rashid-visits-newly-constructed-infinity-bridge/ HTTP/1.1" 200 22138 "http://www.middleeastoday.com/category/national-news/page/30/" "Mozilla/5.0 AppleWebKit/537.36 (KHTML, like Gecko; compatible; GPTBot/1.3; +https://openai.com/gptbot)"
74.7.243.195 - - [02/Mar/2026:11:44:00 -0500] "GET /louvre-abu-dhabi-announces-regions-most-comprehensive-impressionist-exhibition/ HTTP/1.1" 200 21160 "http://www.middleeastoday.com/uae-leaders-congratulate-ecuadors-president-on-independence-day/" "Mozilla/5.0 AppleWebKit/537.36 (KHTML, like Gecko; compatible; GPTBot/1.3; +https://openai.com/gptbot)"
74.7.243.195 - - [02/Mar/2026:11:44:01 -0500] "GET /uae-cabinet-approves-executive-regulations-of-labour-relations-law-and-industrial-property-rights-law/ HTTP/1.1" 200 22846 "http://www.middleeastoday.com/category/national-news/page/30/" "Mozilla/5.0 AppleWebKit/537.36 (KHTML, like Gecko; compatible; GPTBot/1.3; +https://openai.com/gptbot)"
74.7.243.195 - - [02/Mar/2026:11:44:03 -0500] "GET /mohamed-bin-zayed-directs-treatment-for-3-year-old-afghan-boy-with-cancer/ HTTP/1.1" 200 20851 "http://www.middleeastoday.com/author/admin/page/103/" "Mozilla/5.0 AppleWebKit/537.36 (KHTML, like Gecko; compatible; GPTBot/1.3; +https://openai.com/gptbot)"
74.7.243.195 - - [02/Mar/2026:11:44:04 -0500] "GET /mohammed-bin-rashid-meets-with-king-charles-iii-on-sidelines-of-cop28-in-dubai/ HTTP/1.1" 200 20406 "http://www.middleeastoday.com/mohammed-bin-rashid-meets-with-climate-policy-and-space-sector-decision-makers-attending-space-agencies-leaders-summit-at-cop28/" "Mozilla/5.0 AppleWebKit/537.36 (KHTML, like Gecko; compatible; GPTBot/1.3; +https://openai.com/gptbot)"
74.7.243.195 - - [02/Mar/2026:11:44:04 -0500] "GET /aldar-launches-yas-park-gate-at-aed1-15-billion/ HTTP/1.1" 200 20386 "http://www.middleeastoday.com/uae-leaders-congratulate-president-of-ukraine-on-independence-day/" "Mozilla/5.0 AppleWebKit/537.36 (KHTML, like Gecko; compatible; GPTBot/1.3; +https://openai.com/gptbot)"
74.7.243.195 - - [02/Mar/2026:11:44:01 -0500] "GET /president-of-finland-receives-message-from-uae-president-during-meeting-with-abdullah-bin-zayed/ HTTP/1.1" 200 20716 "http://www.middleeastoday.com/purehealth-proposes-aed343-million-dividend-following-strong-first-year-post-listing/" "Mozilla/5.0 AppleWebKit/537.36 (KHTML, like Gecko; compatible; GPTBot/1.3; +https://openai.com/gptbot)"
74.7.243.195 - - [02/Mar/2026:11:44:02 -0500] "GET /uae-president-receives-leaders-of-space-agencies-participating-in-abu-dhabi-space-dialogue/ HTTP/1.1" 200 21664 "http://www.middleeastoday.com/worlds-largest-mental-health-congress-for-children-and-adolescents-opens-at-dwtc/" "Mozilla/5.0 AppleWebKit/537.36 (KHTML, like Gecko; compatible; GPTBot/1.3; +https://openai.com/gptbot)"
74.7.243.195 - - [02/Mar/2026:11:44:03 -0500] "GET /uae-egyptian-presidents-discuss-bilateral-cooperation-regional-developments/ HTTP/1.1" 200 21171 "http://www.middleeastoday.com/uae-president-arrives-in-india-to-participate-in-g20-summit/" "Mozilla/5.0 AppleWebKit/537.36 (KHTML, like Gecko; compatible; GPTBot/1.3; +https://openai.com/gptbot)"
43.135.107.111 - - [02/Mar/2026:11:44:06 -0500] "GET /wp-content/uploads/2022/04/64c2ad33-5b41-4d59-be1b-293b254ded91-768x119.jpeg HTTP/1.1" 200 18202 "-" "Mozilla/5.0 (Windows NT 10.0; Win64; x64) AppleWebKit/537.36"
74.7.243.195 - - [02/Mar/2026:11:44:06 -0500] "GET /sheikh-zayed-festival-sets-three-guinness-world-records-with-largest-40-minute-fireworks-display/ HTTP/1.1" 200 20527 "http://www.middleeastoday.com/author/admin/page/103/" "Mozilla/5.0 AppleWebKit/537.36 (KHTML, like Gecko; compatible; GPTBot/1.3; +https://openai.com/gptbot)"
74.7.243.195 - - [02/Mar/2026:11:44:06 -0500] "GET /nahyan-bin-mubarak-attends-cuds-11th-convocation-ceremony-at-expo-2020-dubai/ HTTP/1.1" 200 21236 "http://www.middleeastoday.com/uae-president-issues-law-changing-national-archives-to-national-archives-library/" "Mozilla/5.0 AppleWebKit/537.36 (KHTML, like Gecko; compatible; GPTBot/1.3; +https://openai.com/gptbot)"
74.7.243.195 - - [02/Mar/2026:11:44:11 -0500] "GET /expo-2020-passes-half-way-mark-with-just-87-days-left/ HTTP/1.1" 200 21758 "http://www.middleeastoday.com/author/admin/page/103/" "Mozilla/5.0 AppleWebKit/537.36 (KHTML, like Gecko; compatible; GPTBot/1.3; +https://openai.com/gptbot)"
74.7.243.195 - - [02/Mar/2026:11:44:17 -0500] "GET /mohammed-bin-rashid-approves-dubai-governments-general-budget-for-2022-2024-with-aed181-billion-expenditure/ HTTP/1.1" 200 23317 "http://www.middleeastoday.com/author/admin/page/103/" "Mozilla/5.0 AppleWebKit/537.36 (KHTML, like Gecko; compatible; GPTBot/1.3; +https://openai.com/gptbot)"
74.7.243.195 - - [02/Mar/2026:11:44:19 -0500] "GET /?p=6684 HTTP/1.1" 301 0 "http://www.middleeastoday.com/president-of-south-korea-arrives-in-uae-on-official-visit/" "Mozilla/5.0 AppleWebKit/537.36 (KHTML, like Gecko; compatible; GPTBot/1.3; +https://openai.com/gptbot)"
74.7.243.195 - - [02/Mar/2026:11:44:21 -0500] "GET /global-council-for-tolerance-and-peace-calls-on-international-community-to-put-stop-to-houthi-militia/ HTTP/1.1" 200 20422 "http://www.middleeastoday.com/hamdan-bin-mohammed-opens-arab-health-and-medlab-middle-east/" "Mozilla/5.0 AppleWebKit/537.36 (KHTML, like Gecko; compatible; GPTBot/1.3; +https://openai.com/gptbot)"
162.213.253.84 - - [02/Mar/2026:11:44:24 -0500] "POST /wp-cron.php?doing_wp_cron=1772469864.3402979373931884765625 HTTP/1.1" 200 0 "-" "WordPress/6.8.1; http://www.middleeastoday.com"
74.7.243.195 - - [02/Mar/2026:11:44:24 -0500] "GET /ad-ports-group-bags-seven-harvard-business-council-international-awards/ HTTP/1.1" 200 23897 "http://www.middleeastoday.com/?p=9688" "Mozilla/5.0 AppleWebKit/537.36 (KHTML, like Gecko; compatible; GPTBot/1.3; +https://openai.com/gptbot)"
162.213.253.84 - - [02/Mar/2026:11:44:25 -0500] "POST /wp-admin/admin-ajax.php?action=async_litespeed&nonce=CcM6Z3mf32ubpci7NluiYi36QiRIAG2C&litespeed_type=imgoptm HTTP/1.1" 200 21 "-" "WordPress/6.8.1; http://www.middleeastoday.com"
74.7.243.195 - - [02/Mar/2026:11:44:26 -0500] "GET /dubai-hosts-the-15th-international-conference-on-challenges-in-environmental-science-and-engineering-2022-for-the-first-time-in-the-middle-east/ HTTP/1.1" 200 23224 "http://www.middleeastoday.com/ad-ports-group-bags-seven-harvard-business-council-international-awards/" "Mozilla/5.0 AppleWebKit/537.36 (KHTML, like Gecko; compatible; GPTBot/1.3; +https://openai.com/gptbot)"
74.7.243.195 - - [02/Mar/2026:11:44:30 -0500] "GET /uae-defying-pandemic-with-expo-2020-dubai-says-portugals-secretary-of-state-for-foreign-affairs-and-cooperation/ HTTP/1.1" 200 20537 "http://www.middleeastoday.com/president-of-south-korea-arrives-in-uae-on-official-visit/" "Mozilla/5.0 AppleWebKit/537.36 (KHTML, like Gecko; compatible; GPTBot/1.3; +https://openai.com/gptbot)"
162.213.253.84 - - [02/Mar/2026:11:44:31 -0500] "POST /wp-cron.php?doing_wp_cron=1772469871.2993700504302978515625 HTTP/1.1" 200 0 "-" "WordPress/6.8.1; http://www.middleeastoday.com"
74.7.243.195 - - [02/Mar/2026:11:44:30 -0500] "GET /?p=6655 HTTP/1.1" 301 0 "http://www.middleeastoday.com/uae-leaders-congratulate-new-kazakh-pm-on-his-appointment/" "Mozilla/5.0 AppleWebKit/537.36 (KHTML, like Gecko; compatible; GPTBot/1.3; +https://openai.com/gptbot)"
74.7.243.195 - - [02/Mar/2026:11:44:31 -0500] "GET /?p=8445 HTTP/1.1" 301 0 "http://www.middleeastoday.com/air-arabia-abu-dhabi-launches-seasonal-flights-to-sarajevo/" "Mozilla/5.0 AppleWebKit/537.36 (KHTML, like Gecko; compatible; GPTBot/1.3; +https://openai.com/gptbot)"
74.7.243.195 - - [02/Mar/2026:11:44:32 -0500] "GET /air-arabia-abu-dhabi-launches-seasonal-flights-to-sarajevo/ HTTP/1.1" 200 20132 "http://www.middleeastoday.com/?p=8445" "Mozilla/5.0 AppleWebKit/537.36 (KHTML, like Gecko; compatible; GPTBot/1.3; +https://openai.com/gptbot)"
74.7.243.195 - - [02/Mar/2026:11:44:32 -0500] "GET /?p=8488 HTTP/1.1" 301 0 "http://www.middleeastoday.com/sultan-of-oman-mourns-death-of-sheikh-khalifa-bin-zayed/" "Mozilla/5.0 AppleWebKit/537.36 (KHTML, like Gecko; compatible; GPTBot/1.3; +https://openai.com/gptbot)"
74.7.243.195 - - [02/Mar/2026:11:44:33 -0500] "GET /?p=10063 HTTP/1.1" 301 0 "http://www.middleeastoday.com/dubai-expands-its-beach-tourism-offering-with-the-opening-of-three-new-beaches-for-night-swimming/" "Mozilla/5.0 AppleWebKit/537.36 (KHTML, like Gecko; compatible; GPTBot/1.3; +https://openai.com/gptbot)"
74.7.243.195 - - [02/Mar/2026:11:44:33 -0500] "GET /dubai-expands-its-beach-tourism-offering-with-the-opening-of-three-new-beaches-for-night-swimming/ HTTP/1.1" 200 22899 "http://www.middleeastoday.com/?p=10063" "Mozilla/5.0 AppleWebKit/537.36 (KHTML, like Gecko; compatible; GPTBot/1.3; +https://openai.com/gptbot)"
74.7.243.195 - - [02/Mar/2026:11:44:34 -0500] "GET /?p=8922 HTTP/1.1" 301 0 "http://www.middleeastoday.com/azizi-developments-ties-up-with-trent-building-materials-trading-llc-for-vinyl-flooring-at-riviera/" "Mozilla/5.0 AppleWebKit/537.36 (KHTML, like Gecko; compatible; GPTBot/1.3; +https://openai.com/gptbot)"
74.7.243.195 - - [02/Mar/2026:11:44:34 -0500] "GET /azizi-developments-ties-up-with-trent-building-materials-trading-llc-for-vinyl-flooring-at-riviera/ HTTP/1.1" 200 21424 "http://www.middleeastoday.com/?p=8922" "Mozilla/5.0 AppleWebKit/537.36 (KHTML, like Gecko; compatible; GPTBot/1.3; +https://openai.com/gptbot)"
