74.7.243.195 - - [02/Mar/2026:11:36:26 -0500] "GET /king-salman-admitted-to-hospital-for-medical-checkups/ HTTP/1.1" 200 19897 "http://www.middleeastoday.com/khaled-bin-mohamed-bin-zayed-pays-a-visit-to-world-utilities-congress-2022/" "Mozilla/5.0 AppleWebKit/537.36 (KHTML, like Gecko; compatible; GPTBot/1.3; +https://openai.com/gptbot)"
74.7.243.195 - - [02/Mar/2026:11:36:28 -0500] "GET /uae-president-uk-prime-minister-discuss-bilateral-relations/ HTTP/1.1" 200 20561 "http://www.middleeastoday.com/?p=10789" "Mozilla/5.0 AppleWebKit/537.36 (KHTML, like Gecko; compatible; GPTBot/1.3; +https://openai.com/gptbot)"
162.213.253.84 - - [02/Mar/2026:11:36:28 -0500] "POST /wp-admin/admin-ajax.php?action=async_litespeed&nonce=CWvc8bkwJz0o5ZWH7BghCveznaOhHd72&litespeed_type=imgoptm HTTP/1.1" 200 21 "-" "WordPress/6.8.1; http://www.middleeastoday.com"
185.191.171.19 - - [02/Mar/2026:11:36:41 -0500] "GET /robots.txt HTTP/1.1" 200 117 "-" "Mozilla/5.0 (compatible; SemrushBot/7~bl; +http://www.semrush.com/bot.html)"
185.191.171.19 - - [02/Mar/2026:11:36:41 -0500] "GET /mohammed-bin-rashid-receives-scholars-guests-of-uae-president-dubai-international-quran-award-delegation/ HTTP/1.1" 200 23263 "-" "Mozilla/5.0 (compatible; SemrushBot/7~bl; +http://www.semrush.com/bot.html)"
74.7.243.195 - - [02/Mar/2026:11:36:31 -0500] "GET /masdar-park-design-earns-estidama-exemplar-sustainability-rating/ HTTP/1.1" 200 23708 "http://www.middleeastoday.com/eva-jewellers-spreading-sparkle-with-their-diamond-collection/" "Mozilla/5.0 AppleWebKit/537.36 (KHTML, like Gecko; compatible; GPTBot/1.3; +https://openai.com/gptbot)"
162.213.253.84 - - [02/Mar/2026:11:36:50 -0500] "POST /wp-cron.php?doing_wp_cron=1772469410.4740989208221435546875 HTTP/1.1" 200 0 "-" "WordPress/6.8.1; http://www.middleeastoday.com"
74.7.243.195 - - [02/Mar/2026:11:36:56 -0500] "GET /president-khalifa-passes-away/ HTTP/1.1" 200 20070 "http://www.middleeastoday.com/dubai-holding-entertainment-al-jalila-hospital-partner-to-launches-happiness-programme/" "Mozilla/5.0 AppleWebKit/537.36 (KHTML, like Gecko; compatible; GPTBot/1.3; +https://openai.com/gptbot)"
74.7.243.195 - - [02/Mar/2026:11:36:59 -0500] "GET /sharjah-ruler-initiates-3rd-phase-of-health-insurance-system/ HTTP/1.1" 200 21719 "http://www.middleeastoday.com/mansour-bin-zayed-awards-hamdan-bin-mohammed-the-order-of-the-mother-of-the-nation/" "Mozilla/5.0 AppleWebKit/537.36 (KHTML, like Gecko; compatible; GPTBot/1.3; +https://openai.com/gptbot)"
74.7.243.195 - - [02/Mar/2026:11:37:11 -0500] "GET /spinneys-approves-interim-dividend-of-aed103-million-for-h1-24/ HTTP/1.1" 200 20495 "http://www.middleeastoday.com/uaes-first-sar-satellite-launched-for-earth-observation/" "Mozilla/5.0 AppleWebKit/537.36 (KHTML, like Gecko; compatible; GPTBot/1.3; +https://openai.com/gptbot)"
74.7.243.195 - - [02/Mar/2026:11:37:15 -0500] "GET /sharjah-shopping-promotions-kicks-off-2023-edition/ HTTP/1.1" 200 20872 "http://www.middleeastoday.com/brand-dubai-launches-most-beautiful-photo-and-video-reel-in-hatta-competition/" "Mozilla/5.0 AppleWebKit/537.36 (KHTML, like Gecko; compatible; GPTBot/1.3; +https://openai.com/gptbot)"
74.7.243.195 - - [02/Mar/2026:11:37:17 -0500] "GET /experience-the-magic-mamiya-diamonds-spring-2025-collection-arrives/ HTTP/1.1" 200 21007 "http://www.middleeastoday.com/uae-president-receives-sultan-of-dawoodi-bohra-community/" "Mozilla/5.0 AppleWebKit/537.36 (KHTML, like Gecko; compatible; GPTBot/1.3; +https://openai.com/gptbot)"
74.7.243.195 - - [02/Mar/2026:11:37:18 -0500] "GET /adnoc-gas-reports-revenue-of-aed-38-9-billion-in-h1-2023/ HTTP/1.1" 200 21679 "http://www.middleeastoday.com/uae-and-egyptian-presidents-discuss-brotherly-ties/" "Mozilla/5.0 AppleWebKit/537.36 (KHTML, like Gecko; compatible; GPTBot/1.3; +https://openai.com/gptbot)"
74.7.243.195 - - [02/Mar/2026:11:37:18 -0500] "GET /astrazenca-g42-healthcare-enter-strategic-partnership-to-manufacture-pharmaceutical-products-in-abu-dhabi/ HTTP/1.1" 200 26153 "http://www.middleeastoday.com/5000-visitors-attended-sharjah-entrepreneurial-festival-so-far/" "Mozilla/5.0 AppleWebKit/537.36 (KHTML, like Gecko; compatible; GPTBot/1.3; +https://openai.com/gptbot)"
74.7.243.195 - - [02/Mar/2026:11:37:19 -0500] "GET /wp-json/wp/v2/posts/11231 HTTP/1.1" 200 7007 "http://www.middleeastoday.com/adnoc-gas-sees-potential-to-advance-ruwais-lng-commercial-start/" "Mozilla/5.0 AppleWebKit/537.36 (KHTML, like Gecko; compatible; GPTBot/1.3; +https://openai.com/gptbot)"
74.7.243.195 - - [02/Mar/2026:11:37:20 -0500] "GET /dubai-international-named-worlds-busiest-international-airport-for-10th-consecutive-year/ HTTP/1.1" 200 21768 "http://www.middleeastoday.com/louvre-abu-dhabi-attracts-over-1-2-million-visitors-in-2023/" "Mozilla/5.0 AppleWebKit/537.36 (KHTML, like Gecko; compatible; GPTBot/1.3; +https://openai.com/gptbot)"
74.7.243.195 - - [02/Mar/2026:11:37:21 -0500] "GET /hasher-bin-maktoum-officially-opens-cabsat-2023-and-integrate-middle-east-2023/ HTTP/1.1" 200 25581 "http://www.middleeastoday.com/uae-president-president-of-kazakhstan-review-bilateral-ties/" "Mozilla/5.0 AppleWebKit/537.36 (KHTML, like Gecko; compatible; GPTBot/1.3; +https://openai.com/gptbot)"
74.7.243.195 - - [02/Mar/2026:11:36:43 -0500] "GET /uae-will-remain-a-main-trusted-partner-in-global-drive-to-achieve-stability-and-prosperity-uae-president-at-jeddah-security-and-development-summit/ HTTP/1.1" 200 22170 "http://www.middleeastoday.com/sharjah-summer-campaign-2022-kicks-off/" "Mozilla/5.0 AppleWebKit/537.36 (KHTML, like Gecko; compatible; GPTBot/1.3; +https://openai.com/gptbot)"
74.7.243.195 - - [02/Mar/2026:11:36:47 -0500] "GET /new-zealand-celebrates-biggest-expo-month-yet-with-calendar-of-cultural-happenings/ HTTP/1.1" 200 22660 "http://www.middleeastoday.com/in-an-industry-first-sharjah-government-led-tatweer-signs-youth-wellbeing-program-with-empwr/" "Mozilla/5.0 AppleWebKit/537.36 (KHTML, like Gecko; compatible; GPTBot/1.3; +https://openai.com/gptbot)"
35.173.18.61 - - [02/Mar/2026:11:36:49 -0500] "GET /wp-json/oembed/1.0/embed?url=http://www.middleeastoday.com/dubai-based-fashion-label-fajr-al-sabah-sells-49-stake-for-e100-million-following-jewelry-fashion-week-showcase/ HTTP/1.1" 200 2826 "-" "Mozilla/5.0 AppleWebKit/537.36 (KHTML, like Gecko; compatible; Amazonbot/0.1; +https://developer.amazon.com/support/amazonbot) Chrome/119.0.6045.214 Safari/537.36"
74.7.243.195 - - [02/Mar/2026:11:36:59 -0500] "GET /aed10-9-billion-in-weeklong-real-estate-transactions-in-dubai/ HTTP/1.1" 200 20300 "http://www.middleeastoday.com/nicole-zysk-aesthetics-eyes-the-uae-market/" "Mozilla/5.0 AppleWebKit/537.36 (KHTML, like Gecko; compatible; GPTBot/1.3; +https://openai.com/gptbot)"
74.7.243.195 - - [02/Mar/2026:11:37:00 -0500] "GET /nama-un-women-economically-empower-340000-women-globally/ HTTP/1.1" 200 23372 "http://www.middleeastoday.com/emirates-signs-mou-to-promote-tourism-to-the-bahamas/" "Mozilla/5.0 AppleWebKit/537.36 (KHTML, like Gecko; compatible; GPTBot/1.3; +https://openai.com/gptbot)"
74.7.243.195 - - [02/Mar/2026:11:37:18 -0500] "GET /3-pilot-robots-launched-to-deliver-products-in-dubais-sustainable-city/ HTTP/1.1" 200 20360 "http://www.middleeastoday.com/category/products/" "Mozilla/5.0 AppleWebKit/537.36 (KHTML, like Gecko; compatible; GPTBot/1.3; +https://openai.com/gptbot)"
74.7.243.195 - - [02/Mar/2026:11:37:22 -0500] "GET /10919-2/ HTTP/1.1" 200 22254 "http://www.middleeastoday.com/tahnoon-bin-zayed-meets-donald-trump-discusses-strategic-partnership-prospects/" "Mozilla/5.0 AppleWebKit/537.36 (KHTML, like Gecko; compatible; GPTBot/1.3; +https://openai.com/gptbot)"
74.7.243.195 - - [02/Mar/2026:11:37:23 -0500] "GET /mohammed-bin-rashid-visits-idex-in-abu-dhabi/ HTTP/1.1" 200 21342 "http://www.middleeastoday.com/?p=10874" "Mozilla/5.0 AppleWebKit/537.36 (KHTML, like Gecko; compatible; GPTBot/1.3; +https://openai.com/gptbot)"
162.213.253.84 - - [02/Mar/2026:11:37:24 -0500] "POST /wp-admin/admin-ajax.php?action=async_litespeed&nonce=GWhJyGDi9mkJOHtQa3pVDV868sI2UOxZ&litespeed_type=imgoptm HTTP/1.1" 200 21 "-" "WordPress/6.8.1; http://www.middleeastoday.com"
162.213.253.84 - - [02/Mar/2026:11:37:29 -0500] "POST /wp-cron.php?doing_wp_cron=1772469449.0368399620056152343750 HTTP/1.1" 200 0 "-" "WordPress/6.8.1; http://www.middleeastoday.com"
74.7.243.195 - - [02/Mar/2026:11:37:33 -0500] "GET /?p=9103 HTTP/1.1" 301 0 "http://www.middleeastoday.com/nobel-laureate-wole-soyinka-joins-nyu-abu-dhabi-faculty/" "Mozilla/5.0 AppleWebKit/537.36 (KHTML, like Gecko; compatible; GPTBot/1.3; +https://openai.com/gptbot)"
74.7.243.195 - - [02/Mar/2026:11:37:34 -0500] "GET /nobel-laureate-wole-soyinka-joins-nyu-abu-dhabi-faculty/ HTTP/1.1" 200 20988 "http://www.middleeastoday.com/?p=9103" "Mozilla/5.0 AppleWebKit/537.36 (KHTML, like Gecko; compatible; GPTBot/1.3; +https://openai.com/gptbot)"
74.7.243.195 - - [02/Mar/2026:11:37:50 -0500] "GET /?p=9023 HTTP/1.1" 301 0 "http://www.middleeastoday.com/difc-launches-first-global-family-business-private-wealth-centre/" "Mozilla/5.0 AppleWebKit/537.36 (KHTML, like Gecko; compatible; GPTBot/1.3; +https://openai.com/gptbot)"
74.7.243.195 - - [02/Mar/2026:11:37:21 -0500] "GET /being-muskaan-events-creates-an-unforgettable-evening-with-miss-uae-international-2024-and-gulf-achievers-2024/ HTTP/1.1" 200 21438 "http://www.middleeastoday.com/category/beauty-fashion/" "Mozilla/5.0 AppleWebKit/537.36 (KHTML, like Gecko; compatible; GPTBot/1.3; +https://openai.com/gptbot)"
162.213.253.84 - - [02/Mar/2026:11:37:23 -0500] "POST /wp-cron.php?doing_wp_cron=1772469443.4885220527648925781250 HTTP/1.1" 200 0 "-" "WordPress/6.8.1; http://www.middleeastoday.com"
74.7.243.195 - - [02/Mar/2026:11:37:22 -0500] "GET /?p=10874 HTTP/1.1" 301 0 "http://www.middleeastoday.com/mohammed-bin-rashid-visits-idex-in-abu-dhabi/" "Mozilla/5.0 AppleWebKit/537.36 (KHTML, like Gecko; compatible; GPTBot/1.3; +https://openai.com/gptbot)"
74.7.243.195 - - [02/Mar/2026:11:37:28 -0500] "GET /?p=8961 HTTP/1.1" 301 0 "http://www.middleeastoday.com/mohammed-bin-rashid-congratulates-new-kuwaiti-pm-on-his-appointment/" "Mozilla/5.0 AppleWebKit/537.36 (KHTML, like Gecko; compatible; GPTBot/1.3; +https://openai.com/gptbot)"
74.7.243.195 - - [02/Mar/2026:11:37:29 -0500] "GET /mohammed-bin-rashid-congratulates-new-kuwaiti-pm-on-his-appointment/ HTTP/1.1" 200 19877 "http://www.middleeastoday.com/?p=8961" "Mozilla/5.0 AppleWebKit/537.36 (KHTML, like Gecko; compatible; GPTBot/1.3; +https://openai.com/gptbot)"
74.7.243.195 - - [02/Mar/2026:11:37:46 -0500] "GET /?p=9109 HTTP/1.1" 301 0 "http://www.middleeastoday.com/tamkeen-startad-launch-emirati-women-achievers-campaign-to-celebrate-emirati-womens-day/" "Mozilla/5.0 AppleWebKit/537.36 (KHTML, like Gecko; compatible; GPTBot/1.3; +https://openai.com/gptbot)"
74.7.243.195 - - [02/Mar/2026:11:37:47 -0500] "GET /tamkeen-startad-launch-emirati-women-achievers-campaign-to-celebrate-emirati-womens-day/ HTTP/1.1" 200 22930 "http://www.middleeastoday.com/?p=9109" "Mozilla/5.0 AppleWebKit/537.36 (KHTML, like Gecko; compatible; GPTBot/1.3; +https://openai.com/gptbot)"
74.7.243.195 - - [02/Mar/2026:11:37:51 -0500] "GET /difc-launches-first-global-family-business-private-wealth-centre/ HTTP/1.1" 200 21379 "http://www.middleeastoday.com/?p=9023" "Mozilla/5.0 AppleWebKit/537.36 (KHTML, like Gecko; compatible; GPTBot/1.3; +https://openai.com/gptbot)"
74.7.243.195 - - [02/Mar/2026:11:37:51 -0500] "GET /?p=9060 HTTP/1.1" 301 0 "http://www.middleeastoday.com/uae-leaders-congratulate-indian-president-on-independence-day/" "Mozilla/5.0 AppleWebKit/537.36 (KHTML, like Gecko; compatible; GPTBot/1.3; +https://openai.com/gptbot)"
74.7.243.195 - - [02/Mar/2026:11:37:52 -0500] "GET /uae-leaders-congratulate-indian-president-on-independence-day/ HTTP/1.1" 200 19942 "http://www.middleeastoday.com/?p=9060" "Mozilla/5.0 AppleWebKit/537.36 (KHTML, like Gecko; compatible; GPTBot/1.3; +https://openai.com/gptbot)"
74.7.243.195 - - [02/Mar/2026:11:37:57 -0500] "GET /?p=9097 HTTP/1.1" 301 0 "http://www.middleeastoday.com/etihad-airways-boosts-flights-to-new-york-jfk-this-winter/" "Mozilla/5.0 AppleWebKit/537.36 (KHTML, like Gecko; compatible; GPTBot/1.3; +https://openai.com/gptbot)"
74.7.243.195 - - [02/Mar/2026:11:38:02 -0500] "GET /mohammed-bin-rashid-receives-shabab-al-ahli-football-club-following-four-trophy-season/ HTTP/1.1" 200 20789 "http://www.middleeastoday.com/?p=11022" "Mozilla/5.0 AppleWebKit/537.36 (KHTML, like Gecko; compatible; GPTBot/1.3; +https://openai.com/gptbot)"
74.7.243.195 - - [02/Mar/2026:11:38:09 -0500] "GET /hipa-announces-winners-for-eleventh-season-of-nature/ HTTP/1.1" 200 22868 "http://www.middleeastoday.com/mohammed-bin-rashid-congratulates-new-kuwaiti-pm-on-his-appointment/" "Mozilla/5.0 AppleWebKit/537.36 (KHTML, like Gecko; compatible; GPTBot/1.3; +https://openai.com/gptbot)"
74.7.243.195 - - [02/Mar/2026:11:38:13 -0500] "GET /new-zealand-celebrates-biggest-expo-month-yet-with-calendar-of-cultural-happenings/ HTTP/1.1" 200 22660 "http://www.middleeastoday.com/?p=6719" "Mozilla/5.0 AppleWebKit/537.36 (KHTML, like Gecko; compatible; GPTBot/1.3; +https://openai.com/gptbot)"
74.7.243.195 - - [02/Mar/2026:11:37:58 -0500] "GET /etihad-airways-boosts-flights-to-new-york-jfk-this-winter/ HTTP/1.1" 200 20630 "http://www.middleeastoday.com/?p=9097" "Mozilla/5.0 AppleWebKit/537.36 (KHTML, like Gecko; compatible; GPTBot/1.3; +https://openai.com/gptbot)"
74.7.243.195 - - [02/Mar/2026:11:38:01 -0500] "GET /?p=11022 HTTP/1.1" 301 0 "http://www.middleeastoday.com/mohammed-bin-rashid-receives-shabab-al-ahli-football-club-following-four-trophy-season/" "Mozilla/5.0 AppleWebKit/537.36 (KHTML, like Gecko; compatible; GPTBot/1.3; +https://openai.com/gptbot)"
74.7.243.195 - - [02/Mar/2026:11:38:04 -0500] "GET /?p=10287 HTTP/1.1" 301 0 "http://www.middleeastoday.com/masdar-park-design-earns-estidama-exemplar-sustainability-rating/" "Mozilla/5.0 AppleWebKit/537.36 (KHTML, like Gecko; compatible; GPTBot/1.3; +https://openai.com/gptbot)"
74.7.243.195 - - [02/Mar/2026:11:38:05 -0500] "GET /masdar-park-design-earns-estidama-exemplar-sustainability-rating/ HTTP/1.1" 200 23708 "http://www.middleeastoday.com/?p=10287" "Mozilla/5.0 AppleWebKit/537.36 (KHTML, like Gecko; compatible; GPTBot/1.3; +https://openai.com/gptbot)"
74.7.243.195 - - [02/Mar/2026:11:38:07 -0500] "GET /?p=8454 HTTP/1.1" 301 0 "http://www.middleeastoday.com/king-salman-admitted-to-hospital-for-medical-checkups/" "Mozilla/5.0 AppleWebKit/537.36 (KHTML, like Gecko; compatible; GPTBot/1.3; +https://openai.com/gptbot)"
74.7.243.195 - - [02/Mar/2026:11:38:07 -0500] "GET /king-salman-admitted-to-hospital-for-medical-checkups/ HTTP/1.1" 200 19897 "http://www.middleeastoday.com/?p=8454" "Mozilla/5.0 AppleWebKit/537.36 (KHTML, like Gecko; compatible; GPTBot/1.3; +https://openai.com/gptbot)"
74.7.243.195 - - [02/Mar/2026:11:38:10 -0500] "GET /?p=8879 HTTP/1.1" 301 0 "http://www.middleeastoday.com/uae-will-remain-a-main-trusted-partner-in-global-drive-to-achieve-stability-and-prosperity-uae-president-at-jeddah-security-and-development-summit/" "Mozilla/5.0 AppleWebKit/537.36 (KHTML, like Gecko; compatible; GPTBot/1.3; +https://openai.com/gptbot)"
74.7.243.195 - - [02/Mar/2026:11:38:11 -0500] "GET /uae-will-remain-a-main-trusted-partner-in-global-drive-to-achieve-stability-and-prosperity-uae-president-at-jeddah-security-and-development-summit/ HTTP/1.1" 200 22170 "http://www.middleeastoday.com/?p=8879" "Mozilla/5.0 AppleWebKit/537.36 (KHTML, like Gecko; compatible; GPTBot/1.3; +https://openai.com/gptbot)"
74.7.243.195 - - [02/Mar/2026:11:38:12 -0500] "GET /?p=6719 HTTP/1.1" 301 0 "http://www.middleeastoday.com/new-zealand-celebrates-biggest-expo-month-yet-with-calendar-of-cultural-happenings/" "Mozilla/5.0 AppleWebKit/537.36 (KHTML, like Gecko; compatible; GPTBot/1.3; +https://openai.com/gptbot)"
74.7.243.195 - - [02/Mar/2026:11:38:14 -0500] "GET /?p=8477 HTTP/1.1" 301 0 "http://www.middleeastoday.com/president-khalifa-passes-away/" "Mozilla/5.0 AppleWebKit/537.36 (KHTML, like Gecko; compatible; GPTBot/1.3; +https://openai.com/gptbot)"
74.7.243.195 - - [02/Mar/2026:11:38:14 -0500] "GET /president-khalifa-passes-away/ HTTP/1.1" 200 20070 "http://www.middleeastoday.com/?p=8477" "Mozilla/5.0 AppleWebKit/537.36 (KHTML, like Gecko; compatible; GPTBot/1.3; +https://openai.com/gptbot)"
162.213.253.84 - - [02/Mar/2026:11:38:27 -0500] "POST /wp-cron.php?doing_wp_cron=1772469507.3837139606475830078125 HTTP/1.1" 200 0 "-" "WordPress/6.8.1; http://www.middleeastoday.com"
74.7.243.195 - - [02/Mar/2026:11:38:26 -0500] "GET /?p=10627 HTTP/1.1" 301 0 "http://www.middleeastoday.com/spinneys-approves-interim-dividend-of-aed103-million-for-h1-24/" "Mozilla/5.0 AppleWebKit/537.36 (KHTML, like Gecko; compatible; GPTBot/1.3; +https://openai.com/gptbot)"
74.7.243.195 - - [02/Mar/2026:11:38:27 -0500] "GET /spinneys-approves-interim-dividend-of-aed103-million-for-h1-24/ HTTP/1.1" 200 20495 "http://www.middleeastoday.com/?p=10627" "Mozilla/5.0 AppleWebKit/537.36 (KHTML, like Gecko; compatible; GPTBot/1.3; +https://openai.com/gptbot)"
74.7.243.195 - - [02/Mar/2026:11:38:18 -0500] "GET /?p=9638 HTTP/1.1" 301 0 "http://www.middleeastoday.com/sharjah-ruler-initiates-3rd-phase-of-health-insurance-system/" "Mozilla/5.0 AppleWebKit/537.36 (KHTML, like Gecko; compatible; GPTBot/1.3; +https://openai.com/gptbot)"
74.7.243.195 - - [02/Mar/2026:11:38:19 -0500] "GET /sharjah-ruler-initiates-3rd-phase-of-health-insurance-system/ HTTP/1.1" 200 21719 "http://www.middleeastoday.com/?p=9638" "Mozilla/5.0 AppleWebKit/537.36 (KHTML, like Gecko; compatible; GPTBot/1.3; +https://openai.com/gptbot)"
162.213.253.84 - - [02/Mar/2026:11:38:28 -0500] "POST /wp-admin/admin-ajax.php?action=async_litespeed&nonce=wYVBQgJfPZbo9O1cRzyKqKKgPpNdEECJ&litespeed_type=imgoptm HTTP/1.1" 200 21 "-" "WordPress/6.8.1; http://www.middleeastoday.com"
74.7.243.195 - - [02/Mar/2026:11:38:33 -0500] "GET /?p=10409 HTTP/1.1" 301 0 "http://www.middleeastoday.com/sharjah-shopping-promotions-kicks-off-2023-edition/" "Mozilla/5.0 AppleWebKit/537.36 (KHTML, like Gecko; compatible; GPTBot/1.3; +https://openai.com/gptbot)"
74.7.243.195 - - [02/Mar/2026:11:38:44 -0500] "GET /?p=11037 HTTP/1.1" 301 0 "http://www.middleeastoday.com/experience-the-magic-mamiya-diamonds-spring-2025-collection-arrives/" "Mozilla/5.0 AppleWebKit/537.36 (KHTML, like Gecko; compatible; GPTBot/1.3; +https://openai.com/gptbot)"
74.7.243.195 - - [02/Mar/2026:11:38:45 -0500] "GET /experience-the-magic-mamiya-diamonds-spring-2025-collection-arrives/ HTTP/1.1" 200 21007 "http://www.middleeastoday.com/?p=11037" "Mozilla/5.0 AppleWebKit/537.36 (KHTML, like Gecko; compatible; GPTBot/1.3; +https://openai.com/gptbot)"
74.7.243.195 - - [02/Mar/2026:11:38:48 -0500] "GET /3-pilot-robots-launched-to-deliver-products-in-dubais-sustainable-city/ HTTP/1.1" 200 20360 "http://www.middleeastoday.com/?p=10612" "Mozilla/5.0 AppleWebKit/537.36 (KHTML, like Gecko; compatible; GPTBot/1.3; +https://openai.com/gptbot)"
74.7.243.195 - - [02/Mar/2026:11:38:48 -0500] "GET /?p=10242 HTTP/1.1" 301 0 "http://www.middleeastoday.com/adnoc-gas-reports-revenue-of-aed-38-9-billion-in-h1-2023/" "Mozilla/5.0 AppleWebKit/537.36 (KHTML, like Gecko; compatible; GPTBot/1.3; +https://openai.com/gptbot)"
74.7.243.195 - - [02/Mar/2026:11:38:50 -0500] "GET /?p=10505 HTTP/1.1" 301 0 "http://www.middleeastoday.com/dubai-international-named-worlds-busiest-international-airport-for-10th-consecutive-year/" "Mozilla/5.0 AppleWebKit/537.36 (KHTML, like Gecko; compatible; GPTBot/1.3; +https://openai.com/gptbot)"
74.7.243.195 - - [02/Mar/2026:11:38:50 -0500] "GET /dubai-international-named-worlds-busiest-international-airport-for-10th-consecutive-year/ HTTP/1.1" 200 21768 "http://www.middleeastoday.com/?p=10505" "Mozilla/5.0 AppleWebKit/537.36 (KHTML, like Gecko; compatible; GPTBot/1.3; +https://openai.com/gptbot)"
74.7.243.195 - - [02/Mar/2026:11:38:51 -0500] "GET /hasher-bin-maktoum-officially-opens-cabsat-2023-and-integrate-middle-east-2023/ HTTP/1.1" 200 25581 "http://www.middleeastoday.com/?p=10073" "Mozilla/5.0 AppleWebKit/537.36 (KHTML, like Gecko; compatible; GPTBot/1.3; +https://openai.com/gptbot)"
74.7.243.195 - - [02/Mar/2026:11:38:51 -0500] "GET /?p=10699 HTTP/1.1" 301 0 "http://www.middleeastoday.com/being-muskaan-events-creates-an-unforgettable-evening-with-miss-uae-international-2024-and-gulf-achievers-2024/" "Mozilla/5.0 AppleWebKit/537.36 (KHTML, like Gecko; compatible; GPTBot/1.3; +https://openai.com/gptbot)"
74.7.243.195 - - [02/Mar/2026:11:38:52 -0500] "GET /?p=10919 HTTP/1.1" 301 0 "http://www.middleeastoday.com/10919-2/" "Mozilla/5.0 AppleWebKit/537.36 (KHTML, like Gecko; compatible; GPTBot/1.3; +https://openai.com/gptbot)"
74.7.243.195 - - [02/Mar/2026:11:38:53 -0500] "GET /astrazenca-g42-healthcare-enter-strategic-partnership-to-manufacture-pharmaceutical-products-in-abu-dhabi/ HTTP/1.1" 200 26153 "http://www.middleeastoday.com/?p=9680" "Mozilla/5.0 AppleWebKit/537.36 (KHTML, like Gecko; compatible; GPTBot/1.3; +https://openai.com/gptbot)"
162.213.253.84 - - [02/Mar/2026:11:38:33 -0500] "POST /wp-cron.php?doing_wp_cron=1772469513.9029591083526611328125 HTTP/1.1" 200 0 "-" "WordPress/6.8.1; http://www.middleeastoday.com"
74.7.243.195 - - [02/Mar/2026:11:38:34 -0500] "GET /sharjah-shopping-promotions-kicks-off-2023-edition/ HTTP/1.1" 200 20872 "http://www.middleeastoday.com/?p=10409" "Mozilla/5.0 AppleWebKit/537.36 (KHTML, like Gecko; compatible; GPTBot/1.3; +https://openai.com/gptbot)"
74.7.243.195 - - [02/Mar/2026:11:38:47 -0500] "GET /?p=10612 HTTP/1.1" 301 0 "http://www.middleeastoday.com/3-pilot-robots-launched-to-deliver-products-in-dubais-sustainable-city/" "Mozilla/5.0 AppleWebKit/537.36 (KHTML, like Gecko; compatible; GPTBot/1.3; +https://openai.com/gptbot)"
74.7.243.195 - - [02/Mar/2026:11:38:49 -0500] "GET /adnoc-gas-reports-revenue-of-aed-38-9-billion-in-h1-2023/ HTTP/1.1" 200 21679 "http://www.middleeastoday.com/?p=10242" "Mozilla/5.0 AppleWebKit/537.36 (KHTML, like Gecko; compatible; GPTBot/1.3; +https://openai.com/gptbot)"
74.7.243.195 - - [02/Mar/2026:11:38:50 -0500] "GET /?p=10073 HTTP/1.1" 301 0 "http://www.middleeastoday.com/hasher-bin-maktoum-officially-opens-cabsat-2023-and-integrate-middle-east-2023/" "Mozilla/5.0 AppleWebKit/537.36 (KHTML, like Gecko; compatible; GPTBot/1.3; +https://openai.com/gptbot)"
74.7.243.195 - - [02/Mar/2026:11:38:52 -0500] "GET /being-muskaan-events-creates-an-unforgettable-evening-with-miss-uae-international-2024-and-gulf-achievers-2024/ HTTP/1.1" 200 21438 "http://www.middleeastoday.com/?p=10699" "Mozilla/5.0 AppleWebKit/537.36 (KHTML, like Gecko; compatible; GPTBot/1.3; +https://openai.com/gptbot)"
74.7.243.195 - - [02/Mar/2026:11:38:53 -0500] "GET /10919-2/ HTTP/1.1" 200 22254 "http://www.middleeastoday.com/?p=10919" "Mozilla/5.0 AppleWebKit/537.36 (KHTML, like Gecko; compatible; GPTBot/1.3; +https://openai.com/gptbot)"
74.7.243.195 - - [02/Mar/2026:11:38:53 -0500] "GET /?p=9680 HTTP/1.1" 301 0 "http://www.middleeastoday.com/astrazenca-g42-healthcare-enter-strategic-partnership-to-manufacture-pharmaceutical-products-in-abu-dhabi/" "Mozilla/5.0 AppleWebKit/537.36 (KHTML, like Gecko; compatible; GPTBot/1.3; +https://openai.com/gptbot)"
74.7.243.195 - - [02/Mar/2026:11:38:56 -0500] "GET /?p=6755 HTTP/1.1" 301 0 "http://www.middleeastoday.com/nama-un-women-economically-empower-340000-women-globally/" "Mozilla/5.0 AppleWebKit/537.36 (KHTML, like Gecko; compatible; GPTBot/1.3; +https://openai.com/gptbot)"
74.7.243.195 - - [02/Mar/2026:11:38:57 -0500] "GET /nama-un-women-economically-empower-340000-women-globally/ HTTP/1.1" 200 23372 "http://www.middleeastoday.com/?p=6755" "Mozilla/5.0 AppleWebKit/537.36 (KHTML, like Gecko; compatible; GPTBot/1.3; +https://openai.com/gptbot)"
165.22.235.3 - - [02/Mar/2026:11:39:00 -0500] "GET / HTTP/1.1" 200 260705 "-" "Mozilla/5.0 (l9scan/2.0.4383e2335323e2331323e2236313; +https://leakix.net)"
165.22.235.3 - - [02/Mar/2026:11:39:01 -0500] "GET /console/ HTTP/1.1" 404 19177 "-" "Mozilla/5.0 (l9scan/2.0.4383e2335323e2331323e2236313; +https://leakix.net)"
74.7.243.195 - - [02/Mar/2026:11:39:02 -0500] "GET /indulge-in-luxury-with-natuzzi-italia-icons-this-dss/ HTTP/1.1" 200 20260 "http://www.middleeastoday.com/uae-will-remain-a-main-trusted-partner-in-global-drive-to-achieve-stability-and-prosperity-uae-president-at-jeddah-security-and-development-summit/" "Mozilla/5.0 AppleWebKit/537.36 (KHTML, like Gecko; compatible; GPTBot/1.3; +https://openai.com/gptbot)"
165.22.235.3 - - [02/Mar/2026:11:39:02 -0500] "GET /server HTTP/1.1" 404 19177 "-" "Mozilla/5.0 (l9scan/2.0.4383e2335323e2331323e2236313; +https://leakix.net)"
165.22.235.3 - - [02/Mar/2026:11:39:05 -0500] "GET /about HTTP/1.1" 301 0 "-" "Mozilla/5.0 (l9scan/2.0.4383e2335323e2331323e2236313; +https://leakix.net)"
165.22.235.3 - - [02/Mar/2026:11:39:06 -0500] "GET /login.action HTTP/1.1" 404 19171 "-" "Mozilla/5.0 (l9scan/2.0.4383e2335323e2331323e2236313; +https://leakix.net)"
74.7.243.195 - - [02/Mar/2026:11:38:58 -0500] "GET /?p=8911 HTTP/1.1" 301 0 "http://www.middleeastoday.com/aed10-9-billion-in-weeklong-real-estate-transactions-in-dubai/" "Mozilla/5.0 AppleWebKit/537.36 (KHTML, like Gecko; compatible; GPTBot/1.3; +https://openai.com/gptbot)"
74.7.243.195 - - [02/Mar/2026:11:38:59 -0500] "GET /aed10-9-billion-in-weeklong-real-estate-transactions-in-dubai/ HTTP/1.1" 200 20300 "http://www.middleeastoday.com/?p=8911" "Mozilla/5.0 AppleWebKit/537.36 (KHTML, like Gecko; compatible; GPTBot/1.3; +https://openai.com/gptbot)"
74.7.243.195 - - [02/Mar/2026:11:39:00 -0500] "GET /air-arabia-abu-dhabi-starts-its-seasonal-flights-to-tbilisi/ HTTP/1.1" 200 20011 "http://www.middleeastoday.com/president-khalifa-passes-away/" "Mozilla/5.0 AppleWebKit/537.36 (KHTML, like Gecko; compatible; GPTBot/1.3; +https://openai.com/gptbot)"
74.7.243.195 - - [02/Mar/2026:11:39:01 -0500] "GET /get-to-experience-dance-and-fitness-with-deanna-at-dd-dance-studio-dxb/ HTTP/1.1" 200 20265 "http://www.middleeastoday.com/mohammed-bin-rashid-visits-idex-in-abu-dhabi/" "Mozilla/5.0 AppleWebKit/537.36 (KHTML, like Gecko; compatible; GPTBot/1.3; +https://openai.com/gptbot)"
74.7.243.195 - - [02/Mar/2026:11:39:03 -0500] "GET /abdullah-bin-zayed-meets-uk-secretary-of-state-for-energy-security/ HTTP/1.1" 200 22646 "http://www.middleeastoday.com/hasher-bin-maktoum-officially-opens-cabsat-2023-and-integrate-middle-east-2023/" "Mozilla/5.0 AppleWebKit/537.36 (KHTML, like Gecko; compatible; GPTBot/1.3; +https://openai.com/gptbot)"
165.22.235.3 - - [02/Mar/2026:11:39:07 -0500] "GET /v2/_catalog HTTP/1.1" 404 19178 "-" "Mozilla/5.0 (l9scan/2.0.4383e2335323e2331323e2236313; +https://leakix.net)"
74.7.243.195 - - [02/Mar/2026:11:39:09 -0500] "GET /kuwaits-amiri-diwan-announces-demise-of-sheikh-nawaf-al-ahmad-al-jaber-al-sabah/ HTTP/1.1" 200 20139 "http://www.middleeastoday.com/sharjah-shopping-promotions-kicks-off-2023-edition/" "Mozilla/5.0 AppleWebKit/537.36 (KHTML, like Gecko; compatible; GPTBot/1.3; +https://openai.com/gptbot)"
165.22.235.3 - - [02/Mar/2026:11:39:10 -0500] "GET /.env HTTP/1.1" 301 0 "-" "Mozilla/5.0 (l9scan/2.0.4383e2335323e2331323e2236313; +https://leakix.net)"
165.22.235.3 - - [02/Mar/2026:11:39:15 -0500] "POST /graphql HTTP/1.1" 404 19128 "-" "Mozilla/5.0 (l9scan/2.0.4383e2335323e2331323e2236313; +https://leakix.net)"
165.22.235.3 - - [02/Mar/2026:11:39:16 -0500] "POST /api HTTP/1.1" 404 19128 "-" "Mozilla/5.0 (l9scan/2.0.4383e2335323e2331323e2236313; +https://leakix.net)"
74.7.243.195 - - [02/Mar/2026:11:39:17 -0500] "GET /?p=8958 HTTP/1.1" 301 0 "http://www.middleeastoday.com/hipa-announces-winners-for-eleventh-season-of-nature/" "Mozilla/5.0 AppleWebKit/537.36 (KHTML, like Gecko; compatible; GPTBot/1.3; +https://openai.com/gptbot)"
165.22.235.3 - - [02/Mar/2026:11:39:17 -0500] "POST /api/graphql HTTP/1.1" 404 19128 "-" "Mozilla/5.0 (l9scan/2.0.4383e2335323e2331323e2236313; +https://leakix.net)"
165.22.235.3 - - [02/Mar/2026:11:39:18 -0500] "POST /graphql/api HTTP/1.1" 404 19122 "-" "Mozilla/5.0 (l9scan/2.0.4383e2335323e2331323e2236313; +https://leakix.net)"
165.22.235.3 - - [02/Mar/2026:11:39:19 -0500] "POST /api/gql HTTP/1.1" 404 19122 "-" "Mozilla/5.0 (l9scan/2.0.4383e2335323e2331323e2236313; +https://leakix.net)"
165.22.235.3 - - [02/Mar/2026:11:39:20 -0500] "GET /s/4383e2335323e2331323e2236313/_/;/META-INF/maven/com.atlassian.jira/jira-webapp-dist/pom.properties HTTP/1.1" 404 19177 "-" "Mozilla/5.0 (l9scan/2.0.4383e2335323e2331323e2236313; +https://leakix.net)"
165.22.235.3 - - [02/Mar/2026:11:39:21 -0500] "GET /config.json HTTP/1.1" 404 19177 "-" "Mozilla/5.0 (l9scan/2.0.4383e2335323e2331323e2236313; +https://leakix.net)"
162.213.253.84 - - [02/Mar/2026:11:39:22 -0500] "POST /wp-admin/admin-ajax.php?action=async_litespeed&nonce=7ton9gNd2B4yKoC9Mn63nZrQPn1XpUNr&litespeed_type=imgoptm HTTP/1.1" 200 21 "-" "WordPress/6.8.1; http://www.middleeastoday.com"
165.22.235.3 - - [02/Mar/2026:11:39:08 -0500] "GET /.DS_Store HTTP/1.1" 404 19178 "-" "Mozilla/5.0 (l9scan/2.0.4383e2335323e2331323e2236313; +https://leakix.net)"
165.22.235.3 - - [02/Mar/2026:11:39:12 -0500] "GET /ecp/Current/exporttool/microsoft.exchange.ediscovery.exporttool.application HTTP/1.1" 404 19177 "-" "Mozilla/5.0 (l9scan/2.0.4383e2335323e2331323e2236313; +https://leakix.net)"
165.22.235.3 - - [02/Mar/2026:11:39:14 -0500] "GET /.git/config HTTP/1.1" 403 1242 "-" "Mozilla/5.0 (l9scan/2.0.4383e2335323e2331323e2236313; +https://leakix.net)"
74.7.243.195 - - [02/Mar/2026:11:39:18 -0500] "GET /hipa-announces-winners-for-eleventh-season-of-nature/ HTTP/1.1" 200 22868 "http://www.middleeastoday.com/?p=8958" "Mozilla/5.0 AppleWebKit/537.36 (KHTML, like Gecko; compatible; GPTBot/1.3; +https://openai.com/gptbot)"
162.213.253.84 - - [02/Mar/2026:11:39:22 -0500] "POST /wp-cron.php?doing_wp_cron=1772469562.3239710330963134765625 HTTP/1.1" 200 0 "-" "WordPress/6.8.1; http://www.middleeastoday.com"
165.22.235.3 - - [02/Mar/2026:11:39:23 -0500] "GET /telescope/requests HTTP/1.1" 404 19177 "-" "Mozilla/5.0 (l9scan/2.0.4383e2335323e2331323e2236313; +https://leakix.net)"
165.22.235.3 - - [02/Mar/2026:11:39:24 -0500] "GET /info.php HTTP/1.1" 404 19171 "-" "Mozilla/5.0 (l9scan/2.0.4383e2335323e2331323e2236313; +https://leakix.net)"
165.22.235.3 - - [02/Mar/2026:11:39:25 -0500] "GET /.well-known/security.txt HTTP/1.1" 404 19171 "-" "Mozilla/5.0 (l9scan/2.0.4383e2335323e2331323e2236313; +https://leakix.net)"
165.22.235.3 - - [02/Mar/2026:11:39:26 -0500] "GET /actuator/env HTTP/1.1" 301 0 "-" "Mozilla/5.0 (l9scan/2.0.4383e2335323e2331323e2236313; +https://leakix.net)"
165.22.235.3 - - [02/Mar/2026:11:39:29 -0500] "GET /swagger/index.html HTTP/1.1" 404 19177 "-" "Mozilla/5.0 (l9scan/2.0.4383e2335323e2331323e2236313; +https://leakix.net)"
165.22.235.3 - - [02/Mar/2026:11:39:31 -0500] "GET /swagger/swagger-ui.html HTTP/1.1" 404 19177 "-" "Mozilla/5.0 (l9scan/2.0.4383e2335323e2331323e2236313; +https://leakix.net)"
165.22.235.3 - - [02/Mar/2026:11:39:32 -0500] "GET /webjars/swagger-ui/index.html HTTP/1.1" 404 19177 "-" "Mozilla/5.0 (l9scan/2.0.4383e2335323e2331323e2236313; +https://leakix.net)"
165.22.235.3 - - [02/Mar/2026:11:39:34 -0500] "GET /swagger/v1/swagger.json HTTP/1.1" 404 19178 "-" "Mozilla/5.0 (l9scan/2.0.4383e2335323e2331323e2236313; +https://leakix.net)"
165.22.235.3 - - [02/Mar/2026:11:39:37 -0500] "GET /api-docs/swagger.json HTTP/1.1" 404 19178 "-" "Mozilla/5.0 (l9scan/2.0.4383e2335323e2331323e2236313; +https://leakix.net)"
165.22.235.3 - - [02/Mar/2026:11:39:38 -0500] "GET /api/swagger.json HTTP/1.1" 404 19178 "-" "Mozilla/5.0 (l9scan/2.0.4383e2335323e2331323e2236313; +https://leakix.net)"
165.22.235.3 - - [02/Mar/2026:11:39:39 -0500] "GET /@vite/env HTTP/1.1" 301 0 "-" "Mozilla/5.0 (l9scan/2.0.4383e2335323e2331323e2236313; +https://leakix.net)"
165.22.235.3 - - [02/Mar/2026:11:39:40 -0500] "GET /.vscode/sftp.json HTTP/1.1" 404 19177 "-" "Mozilla/5.0 (l9scan/2.0.4383e2335323e2331323e2236313; +https://leakix.net)"
165.22.235.3 - - [02/Mar/2026:11:39:41 -0500] "OPTIONS / HTTP/1.1" 200 0 "-" "Mozilla/5.0 (l9scan/2.0.4383e2335323e2331323e2236313; +https://leakix.net)"
74.7.243.195 - - [02/Mar/2026:11:39:42 -0500] "GET /uae-leaders-congratulate-president-of-peru-on-independence-day/ HTTP/1.1" 200 19970 "http://www.middleeastoday.com/hipa-announces-winners-for-eleventh-season-of-nature/" "Mozilla/5.0 AppleWebKit/537.36 (KHTML, like Gecko; compatible; GPTBot/1.3; +https://openai.com/gptbot)"
165.22.235.3 - - [02/Mar/2026:11:39:42 -0500] "GET /?rest_route=/wp/v2/users/ HTTP/1.1" 200 760 "-" "Mozilla/5.0 (l9scan/2.0.4383e2335323e2331323e2236313; +https://leakix.net)"
165.22.235.3 - - [02/Mar/2026:11:39:43 -0500] "GET /debug/default/view?panel=config HTTP/1.1" 404 19178 "-" "Mozilla/5.0 (l9scan/2.0.4383e2335323e2331323e2236313; +https://leakix.net)"
162.213.253.84 - - [02/Mar/2026:11:39:24 -0500] "POST /wp-cron.php?doing_wp_cron=1772469564.3089909553527832031250 HTTP/1.1" 200 0 "-" "WordPress/6.8.1; http://www.middleeastoday.com"
165.22.235.3 - - [02/Mar/2026:11:39:28 -0500] "GET /swagger-ui.html HTTP/1.1" 404 19178 "-" "Mozilla/5.0 (l9scan/2.0.4383e2335323e2331323e2236313; +https://leakix.net)"
165.22.235.3 - - [02/Mar/2026:11:39:33 -0500] "GET /swagger.json HTTP/1.1" 404 19171 "-" "Mozilla/5.0 (l9scan/2.0.4383e2335323e2331323e2236313; +https://leakix.net)"
165.22.235.3 - - [02/Mar/2026:11:39:35 -0500] "GET /v2/api-docs HTTP/1.1" 404 19178 "-" "Mozilla/5.0 (l9scan/2.0.4383e2335323e2331323e2236313; +https://leakix.net)"
165.22.235.3 - - [02/Mar/2026:11:39:36 -0500] "GET /v3/api-docs HTTP/1.1" 404 19178 "-" "Mozilla/5.0 (l9scan/2.0.4383e2335323e2331323e2236313; +https://leakix.net)"
74.7.243.195 - - [02/Mar/2026:11:39:50 -0500] "GET /uae-leaders-congratulate-president-of-singapore-on-election-win/ HTTP/1.1" 200 20364 "http://www.middleeastoday.com/masdar-park-design-earns-estidama-exemplar-sustainability-rating/" "Mozilla/5.0 AppleWebKit/537.36 (KHTML, like Gecko; compatible; GPTBot/1.3; +https://openai.com/gptbot)"
74.7.243.195 - - [02/Mar/2026:11:39:52 -0500] "GET /ajman-crown-prince-receives-ambassador-of-fiji/ HTTP/1.1" 200 20072 "http://www.middleeastoday.com/tamkeen-startad-launch-emirati-women-achievers-campaign-to-celebrate-emirati-womens-day/" "Mozilla/5.0 AppleWebKit/537.36 (KHTML, like Gecko; compatible; GPTBot/1.3; +https://openai.com/gptbot)"
74.7.243.195 - - [02/Mar/2026:11:39:53 -0500] "GET /uae-president-attends-fraternal-consultative-al-alameim-meeting-in-egypt/ HTTP/1.1" 200 20803 "http://www.middleeastoday.com/etihad-airways-boosts-flights-to-new-york-jfk-this-winter/" "Mozilla/5.0 AppleWebKit/537.36 (KHTML, like Gecko; compatible; GPTBot/1.3; +https://openai.com/gptbot)"
74.7.243.195 - - [02/Mar/2026:11:39:54 -0500] "GET /dubai-health-authority-wins-international-data-corporation-award/ HTTP/1.1" 200 22784 "http://www.middleeastoday.com/sharjah-ruler-initiates-3rd-phase-of-health-insurance-system/" "Mozilla/5.0 AppleWebKit/537.36 (KHTML, like Gecko; compatible; GPTBot/1.3; +https://openai.com/gptbot)"
74.7.243.195 - - [02/Mar/2026:11:39:55 -0500] "GET /dubai-health-authority-visa-sign-mou/ HTTP/1.1" 200 21087 "http://www.middleeastoday.com/aed10-9-billion-in-weeklong-real-estate-transactions-in-dubai/" "Mozilla/5.0 AppleWebKit/537.36 (KHTML, like Gecko; compatible; GPTBot/1.3; +https://openai.com/gptbot)"
74.7.243.195 - - [02/Mar/2026:11:39:56 -0500] "GET /abdullah-bin-zayed-receives-zambian-counterpart/ HTTP/1.1" 200 20168 "http://www.middleeastoday.com/difc-launches-first-global-family-business-private-wealth-centre/" "Mozilla/5.0 AppleWebKit/537.36 (KHTML, like Gecko; compatible; GPTBot/1.3; +https://openai.com/gptbot)"
74.7.243.195 - - [02/Mar/2026:11:39:59 -0500] "GET /uae-intends-to-join-world-boxing/ HTTP/1.1" 200 20731 "http://www.middleeastoday.com/10919-2/" "Mozilla/5.0 AppleWebKit/537.36 (KHTML, like Gecko; compatible; GPTBot/1.3; +https://openai.com/gptbot)"
74.7.243.195 - - [02/Mar/2026:11:40:00 -0500] "GET /dubai-records-over-aed1-8-bn-in-realty-transactions-tuesday/ HTTP/1.1" 200 24459 "http://www.middleeastoday.com/astrazenca-g42-healthcare-enter-strategic-partnership-to-manufacture-pharmaceutical-products-in-abu-dhabi/" "Mozilla/5.0 AppleWebKit/537.36 (KHTML, like Gecko; compatible; GPTBot/1.3; +https://openai.com/gptbot)"
74.7.243.195 - - [02/Mar/2026:11:40:01 -0500] "GET /emaar-properties-records-half-yearly-sales-of-aed17-6-billion/ HTTP/1.1" 200 21827 "http://www.middleeastoday.com/uae-leaders-congratulate-indian-president-on-independence-day/" "Mozilla/5.0 AppleWebKit/537.36 (KHTML, like Gecko; compatible; GPTBot/1.3; +https://openai.com/gptbot)"
74.7.243.195 - - [02/Mar/2026:11:39:49 -0500] "GET /mohamed-ahmed-ibrahim-between-sunrise-and-sunset-exhibition-to-open-in-april-at-venice-biennale/ HTTP/1.1" 200 22342 "http://www.middleeastoday.com/new-zealand-celebrates-biggest-expo-month-yet-with-calendar-of-cultural-happenings/" "Mozilla/5.0 AppleWebKit/537.36 (KHTML, like Gecko; compatible; GPTBot/1.3; +https://openai.com/gptbot)"
74.7.243.195 - - [02/Mar/2026:11:39:50 -0500] "GET /mansour-bin-zayed-attends-fifth-day-of-annual-festival-for-purebred-arabian-camel-racing/ HTTP/1.1" 200 20382 "http://www.middleeastoday.com/dubai-international-named-worlds-busiest-international-airport-for-10th-consecutive-year/" "Mozilla/5.0 AppleWebKit/537.36 (KHTML, like Gecko; compatible; GPTBot/1.3; +https://openai.com/gptbot)"
74.7.243.195 - - [02/Mar/2026:11:39:59 -0500] "GET /saif-bin-zayed-meets-singapores-senior-minister-and-coordinating-minister-for-national-security/ HTTP/1.1" 200 20100 "http://www.middleeastoday.com/nama-un-women-economically-empower-340000-women-globally/" "Mozilla/5.0 AppleWebKit/537.36 (KHTML, like Gecko; compatible; GPTBot/1.3; +https://openai.com/gptbot)"
74.7.243.195 - - [02/Mar/2026:11:39:59 -0500] "GET /abu-dhabi-powerboat-team-gears-up-for-fastest-lap-in-uim-f2-world-championship/ HTTP/1.1" 200 20363 "http://www.middleeastoday.com/spinneys-approves-interim-dividend-of-aed103-million-for-h1-24/" "Mozilla/5.0 AppleWebKit/537.36 (KHTML, like Gecko; compatible; GPTBot/1.3; +https://openai.com/gptbot)"
74.7.243.195 - - [02/Mar/2026:11:40:02 -0500] "GET /for-the-first-time-in-history-olympic-games-paris-2024-opening-ceremony-takes-place-outside-a-stadium/ HTTP/1.1" 200 20486 "http://www.middleeastoday.com/3-pilot-robots-launched-to-deliver-products-in-dubais-sustainable-city/" "Mozilla/5.0 AppleWebKit/537.36 (KHTML, like Gecko; compatible; GPTBot/1.3; +https://openai.com/gptbot)"
74.7.243.195 - - [02/Mar/2026:11:40:02 -0500] "GET /ahmed-bin-saeed-opens-arabian-travel-market-2022/ HTTP/1.1" 200 21731 "http://www.middleeastoday.com/king-salman-admitted-to-hospital-for-medical-checkups/" "Mozilla/5.0 AppleWebKit/537.36 (KHTML, like Gecko; compatible; GPTBot/1.3; +https://openai.com/gptbot)"
74.7.243.195 - - [02/Mar/2026:11:40:10 -0500] "GET /10746-2/ HTTP/1.1" 200 21329 "http://www.middleeastoday.com/magnati-ajman-bank-partner-to-enhance-financial-solutions-for-smes/" "Mozilla/5.0 AppleWebKit/537.36 (KHTML, like Gecko; compatible; GPTBot/1.3; +https://openai.com/gptbot)"
74.7.243.195 - - [02/Mar/2026:11:40:17 -0500] "GET /10238-2/ HTTP/1.1" 200 24798 "http://www.middleeastoday.com/bahrains-king-receives-uae-president-at-his-residence-in-abu-dhabi/" "Mozilla/5.0 AppleWebKit/537.36 (KHTML, like Gecko; compatible; GPTBot/1.3; +https://openai.com/gptbot)"
162.213.253.84 - - [02/Mar/2026:11:40:33 -0500] "POST /wp-cron.php?doing_wp_cron=1772469633.4503340721130371093750 HTTP/1.1" 200 0 "-" "WordPress/6.8.1; http://www.middleeastoday.com"
74.7.243.195 - - [02/Mar/2026:11:40:33 -0500] "GET /air-arabia-abu-dhabi-starts-its-seasonal-flights-to-tbilisi/ HTTP/1.1" 200 20011 "http://www.middleeastoday.com/?p=8480" "Mozilla/5.0 AppleWebKit/537.36 (KHTML, like Gecko; compatible; GPTBot/1.3; +https://openai.com/gptbot)"
162.213.253.84 - - [02/Mar/2026:11:40:42 -0500] "POST /wp-cron.php?doing_wp_cron=1772469642.4425110816955566406250 HTTP/1.1" 200 0 "-" "WordPress/6.8.1; http://www.middleeastoday.com"
74.7.243.195 - - [02/Mar/2026:11:40:45 -0500] "GET /abdullah-bin-zayed-meets-uk-secretary-of-state-for-energy-security/ HTTP/1.1" 200 22646 "http://www.middleeastoday.com/?p=10070" "Mozilla/5.0 AppleWebKit/537.36 (KHTML, like Gecko; compatible; GPTBot/1.3; +https://openai.com/gptbot)"
74.7.243.195 - - [02/Mar/2026:11:40:46 -0500] "GET /?p=10406 HTTP/1.1" 301 0 "http://www.middleeastoday.com/kuwaits-amiri-diwan-announces-demise-of-sheikh-nawaf-al-ahmad-al-jaber-al-sabah/" "Mozilla/5.0 AppleWebKit/537.36 (KHTML, like Gecko; compatible; GPTBot/1.3; +https://openai.com/gptbot)"
74.7.243.195 - - [02/Mar/2026:11:40:01 -0500] "GET /stomp-live-makes-uae-debut/ HTTP/1.1" 200 20523 "http://www.middleeastoday.com/mohammed-bin-rashid-receives-shabab-al-ahli-football-club-following-four-trophy-season/" "Mozilla/5.0 AppleWebKit/537.36 (KHTML, like Gecko; compatible; GPTBot/1.3; +https://openai.com/gptbot)"
74.7.243.195 - - [02/Mar/2026:11:40:03 -0500] "GET /wp-json/wp/v2/posts/10874 HTTP/1.1" 200 6189 "http://www.middleeastoday.com/mohammed-bin-rashid-visits-idex-in-abu-dhabi/" "Mozilla/5.0 AppleWebKit/537.36 (KHTML, like Gecko; compatible; GPTBot/1.3; +https://openai.com/gptbot)"
74.7.243.195 - - [02/Mar/2026:11:40:32 -0500] "GET /?p=8480 HTTP/1.1" 301 0 "http://www.middleeastoday.com/air-arabia-abu-dhabi-starts-its-seasonal-flights-to-tbilisi/" "Mozilla/5.0 AppleWebKit/537.36 (KHTML, like Gecko; compatible; GPTBot/1.3; +https://openai.com/gptbot)"
162.213.253.84 - - [02/Mar/2026:11:40:34 -0500] "POST /wp-admin/admin-ajax.php?action=async_litespeed&nonce=EeiwqrkkmPTUsiQLzw4kcBLIzSE6dquT&litespeed_type=imgoptm HTTP/1.1" 200 21 "-" "WordPress/6.8.1; http://www.middleeastoday.com"
74.7.243.195 - - [02/Mar/2026:11:40:41 -0500] "GET /?p=10881 HTTP/1.1" 301 0 "http://www.middleeastoday.com/get-to-experience-dance-and-fitness-with-deanna-at-dd-dance-studio-dxb/" "Mozilla/5.0 AppleWebKit/537.36 (KHTML, like Gecko; compatible; GPTBot/1.3; +https://openai.com/gptbot)"
74.7.243.195 - - [02/Mar/2026:11:40:42 -0500] "GET /get-to-experience-dance-and-fitness-with-deanna-at-dd-dance-studio-dxb/ HTTP/1.1" 200 20265 "http://www.middleeastoday.com/?p=10881" "Mozilla/5.0 AppleWebKit/537.36 (KHTML, like Gecko; compatible; GPTBot/1.3; +https://openai.com/gptbot)"
74.7.243.195 - - [02/Mar/2026:11:40:44 -0500] "GET /?p=10070 HTTP/1.1" 301 0 "http://www.middleeastoday.com/abdullah-bin-zayed-meets-uk-secretary-of-state-for-energy-security/" "Mozilla/5.0 AppleWebKit/537.36 (KHTML, like Gecko; compatible; GPTBot/1.3; +https://openai.com/gptbot)"
74.7.243.195 - - [02/Mar/2026:11:40:47 -0500] "GET /kuwaits-amiri-diwan-announces-demise-of-sheikh-nawaf-al-ahmad-al-jaber-al-sabah/ HTTP/1.1" 200 20139 "http://www.middleeastoday.com/?p=10406" "Mozilla/5.0 AppleWebKit/537.36 (KHTML, like Gecko; compatible; GPTBot/1.3; +https://openai.com/gptbot)"
74.7.243.195 - - [02/Mar/2026:11:40:50 -0500] "GET /accompanied-by-khaled-bin-mohamed-bin-zayed-theyazin-bin-haitham-al-said-visits-louvre-abu-dhabi/ HTTP/1.1" 200 21031 "http://www.middleeastoday.com/kuwaits-amiri-diwan-announces-demise-of-sheikh-nawaf-al-ahmad-al-jaber-al-sabah/" "Mozilla/5.0 AppleWebKit/537.36 (KHTML, like Gecko; compatible; GPTBot/1.3; +https://openai.com/gptbot)"
74.7.243.195 - - [02/Mar/2026:11:41:00 -0500] "GET /?p=8956 HTTP/1.1" 301 0 "http://www.middleeastoday.com/uae-leaders-congratulate-president-of-peru-on-independence-day/" "Mozilla/5.0 AppleWebKit/537.36 (KHTML, like Gecko; compatible; GPTBot/1.3; +https://openai.com/gptbot)"
74.7.243.195 - - [02/Mar/2026:11:41:01 -0500] "GET /uae-leaders-congratulate-president-of-peru-on-independence-day/ HTTP/1.1" 200 19970 "http://www.middleeastoday.com/?p=8956" "Mozilla/5.0 AppleWebKit/537.36 (KHTML, like Gecko; compatible; GPTBot/1.3; +https://openai.com/gptbot)"
74.7.243.195 - - [02/Mar/2026:11:41:03 -0500] "GET /mohamed-ahmed-ibrahim-between-sunrise-and-sunset-exhibition-to-open-in-april-at-venice-biennale/ HTTP/1.1" 200 22342 "http://www.middleeastoday.com/?p=6716" "Mozilla/5.0 AppleWebKit/537.36 (KHTML, like Gecko; compatible; GPTBot/1.3; +https://openai.com/gptbot)"
74.7.243.195 - - [02/Mar/2026:11:41:03 -0500] "GET /?p=10508 HTTP/1.1" 301 0 "http://www.middleeastoday.com/mansour-bin-zayed-attends-fifth-day-of-annual-festival-for-purebred-arabian-camel-racing/" "Mozilla/5.0 AppleWebKit/537.36 (KHTML, like Gecko; compatible; GPTBot/1.3; +https://openai.com/gptbot)"
74.7.243.195 - - [02/Mar/2026:11:41:04 -0500] "GET /?p=10292 HTTP/1.1" 301 0 "http://www.middleeastoday.com/uae-leaders-congratulate-president-of-singapore-on-election-win/" "Mozilla/5.0 AppleWebKit/537.36 (KHTML, like Gecko; compatible; GPTBot/1.3; +https://openai.com/gptbot)"
74.7.243.195 - - [02/Mar/2026:11:41:08 -0500] "GET /?p=9635 HTTP/1.1" 301 0 "http://www.middleeastoday.com/dubai-health-authority-wins-international-data-corporation-award/" "Mozilla/5.0 AppleWebKit/537.36 (KHTML, like Gecko; compatible; GPTBot/1.3; +https://openai.com/gptbot)"
74.7.243.195 - - [02/Mar/2026:11:40:48 -0500] "GET /?p=8876 HTTP/1.1" 301 0 "http://www.middleeastoday.com/indulge-in-luxury-with-natuzzi-italia-icons-this-dss/" "Mozilla/5.0 AppleWebKit/537.36 (KHTML, like Gecko; compatible; GPTBot/1.3; +https://openai.com/gptbot)"
74.7.243.195 - - [02/Mar/2026:11:40:49 -0500] "GET /indulge-in-luxury-with-natuzzi-italia-icons-this-dss/ HTTP/1.1" 200 20260 "http://www.middleeastoday.com/?p=8876" "Mozilla/5.0 AppleWebKit/537.36 (KHTML, like Gecko; compatible; GPTBot/1.3; +https://openai.com/gptbot)"
74.7.243.195 - - [02/Mar/2026:11:40:49 -0500] "GET /sharjah-ruler-congratulates-sheikh-mohamed-bin-zayed-on-his-election-as-uae-president/ HTTP/1.1" 200 20415 "http://www.middleeastoday.com/air-arabia-abu-dhabi-starts-its-seasonal-flights-to-tbilisi/" "Mozilla/5.0 AppleWebKit/537.36 (KHTML, like Gecko; compatible; GPTBot/1.3; +https://openai.com/gptbot)"
74.7.243.195 - - [02/Mar/2026:11:40:52 -0500] "GET /uae-president-exchanges-medals-gifts-with-italian-president-during-dinner-banquet-hosted-in-his-honour/ HTTP/1.1" 200 20734 "http://www.middleeastoday.com/get-to-experience-dance-and-fitness-with-deanna-at-dd-dance-studio-dxb/" "Mozilla/5.0 AppleWebKit/537.36 (KHTML, like Gecko; compatible; GPTBot/1.3; +https://openai.com/gptbot)"
74.7.243.195 - - [02/Mar/2026:11:40:59 -0500] "GET /uae-president-us-president-discuss-bilateral-relations-on-sidelines-of-jeddah-security-and-development-summit/ HTTP/1.1" 200 21107 "http://www.middleeastoday.com/indulge-in-luxury-with-natuzzi-italia-icons-this-dss/" "Mozilla/5.0 AppleWebKit/537.36 (KHTML, like Gecko; compatible; GPTBot/1.3; +https://openai.com/gptbot)"
74.7.243.195 - - [02/Mar/2026:11:41:02 -0500] "GET /?p=6716 HTTP/1.1" 301 0 "http://www.middleeastoday.com/mohamed-ahmed-ibrahim-between-sunrise-and-sunset-exhibition-to-open-in-april-at-venice-biennale/" "Mozilla/5.0 AppleWebKit/537.36 (KHTML, like Gecko; compatible; GPTBot/1.3; +https://openai.com/gptbot)"
74.7.243.195 - - [02/Mar/2026:11:41:04 -0500] "GET /mansour-bin-zayed-attends-fifth-day-of-annual-festival-for-purebred-arabian-camel-racing/ HTTP/1.1" 200 20382 "http://www.middleeastoday.com/?p=10508" "Mozilla/5.0 AppleWebKit/537.36 (KHTML, like Gecko; compatible; GPTBot/1.3; +https://openai.com/gptbot)"
74.7.243.195 - - [02/Mar/2026:11:41:05 -0500] "GET /uae-leaders-congratulate-president-of-singapore-on-election-win/ HTTP/1.1" 200 20364 "http://www.middleeastoday.com/?p=10292" "Mozilla/5.0 AppleWebKit/537.36 (KHTML, like Gecko; compatible; GPTBot/1.3; +https://openai.com/gptbot)"
74.7.243.195 - - [02/Mar/2026:11:41:09 -0500] "GET /dubai-health-authority-wins-international-data-corporation-award/ HTTP/1.1" 200 22784 "http://www.middleeastoday.com/?p=9635" "Mozilla/5.0 AppleWebKit/537.36 (KHTML, like Gecko; compatible; GPTBot/1.3; +https://openai.com/gptbot)"
74.7.243.195 - - [02/Mar/2026:11:41:15 -0500] "GET /?p=8915 HTTP/1.1" 301 0 "http://www.middleeastoday.com/dubai-health-authority-visa-sign-mou/" "Mozilla/5.0 AppleWebKit/537.36 (KHTML, like Gecko; compatible; GPTBot/1.3; +https://openai.com/gptbot)"
74.7.243.195 - - [02/Mar/2026:11:41:15 -0500] "GET /dubai-health-authority-visa-sign-mou/ HTTP/1.1" 200 21087 "http://www.middleeastoday.com/?p=8915" "Mozilla/5.0 AppleWebKit/537.36 (KHTML, like Gecko; compatible; GPTBot/1.3; +https://openai.com/gptbot)"
162.213.253.84 - - [02/Mar/2026:11:41:26 -0500] "POST /wp-cron.php?doing_wp_cron=1772469686.4021079540252685546875 HTTP/1.1" 200 0 "-" "WordPress/6.8.1; http://www.middleeastoday.com"
74.7.243.195 - - [02/Mar/2026:11:41:26 -0500] "GET /abdullah-bin-zayed-receives-zambian-counterpart/ HTTP/1.1" 200 20168 "http://www.middleeastoday.com/?p=9026" "Mozilla/5.0 AppleWebKit/537.36 (KHTML, like Gecko; compatible; GPTBot/1.3; +https://openai.com/gptbot)"
162.213.253.84 - - [02/Mar/2026:11:41:27 -0500] "POST /wp-admin/admin-ajax.php?action=async_litespeed&nonce=93Dm39msOLbfvoboBi4R83MaDqfQl27F&litespeed_type=imgoptm HTTP/1.1" 200 21 "-" "WordPress/6.8.1; http://www.middleeastoday.com"
74.7.243.195 - - [02/Mar/2026:11:41:31 -0500] "GET /saif-bin-zayed-meets-singapores-senior-minister-and-coordinating-minister-for-national-security/ HTTP/1.1" 200 20100 "http://www.middleeastoday.com/?p=6758" "Mozilla/5.0 AppleWebKit/537.36 (KHTML, like Gecko; compatible; GPTBot/1.3; +https://openai.com/gptbot)"
74.7.243.195 - - [02/Mar/2026:11:41:37 -0500] "GET /?p=10916 HTTP/1.1" 301 0 "http://www.middleeastoday.com/uae-intends-to-join-world-boxing/" "Mozilla/5.0 AppleWebKit/537.36 (KHTML, like Gecko; compatible; GPTBot/1.3; +https://openai.com/gptbot)"
