74.7.243.195 - - [02/Mar/2026:12:18:15 -0500] "GET /sultan-al-qasimi-approves-jawaher-boston-medical-district-project-to-bring-world-class-healthcare-and-research-opportunities-to-uae/ HTTP/1.1" 200 25071 "http://www.middleeastoday.com/on-behalf-of-the-uae-president-mansour-bin-zayed-arrives-in-london-for-king-charles-coronation/" "Mozilla/5.0 AppleWebKit/537.36 (KHTML, like Gecko; compatible; GPTBot/1.3; +https://openai.com/gptbot)"
167.99.210.137 - - [02/Mar/2026:12:18:17 -0500] "GET /.git/config HTTP/1.1" 403 1242 "-" "Mozilla/5.0 (l9scan/2.0.4383e2335323e2331323e2236313; +https://leakix.net)"
167.99.210.137 - - [02/Mar/2026:12:18:18 -0500] "POST /graphql HTTP/1.1" 404 19141 "-" "Mozilla/5.0 (l9scan/2.0.4383e2335323e2331323e2236313; +https://leakix.net)"
167.99.210.137 - - [02/Mar/2026:12:18:19 -0500] "POST /api HTTP/1.1" 404 19141 "-" "Mozilla/5.0 (l9scan/2.0.4383e2335323e2331323e2236313; +https://leakix.net)"
167.99.210.137 - - [02/Mar/2026:12:18:21 -0500] "POST /graphql/api HTTP/1.1" 404 19141 "-" "Mozilla/5.0 (l9scan/2.0.4383e2335323e2331323e2236313; +https://leakix.net)"
162.213.253.84 - - [02/Mar/2026:12:18:25 -0500] "POST /wp-cron.php?doing_wp_cron=1772471905.1481020450592041015625 HTTP/1.1" 200 0 "-" "WordPress/6.8.1; http://www.middleeastoday.com"
167.99.210.137 - - [02/Mar/2026:12:18:24 -0500] "GET /s/4383e2335323e2331323e2236313/_/;/META-INF/maven/com.atlassian.jira/jira-webapp-dist/pom.properties HTTP/1.1" 301 0 "-" "Mozilla/5.0 (l9scan/2.0.4383e2335323e2331323e2236313; +https://leakix.net)"
167.99.210.137 - - [02/Mar/2026:12:18:26 -0500] "GET /telescope/requests HTTP/1.1" 301 0 "-" "Mozilla/5.0 (l9scan/2.0.4383e2335323e2331323e2236313; +https://leakix.net)"
167.99.210.137 - - [02/Mar/2026:12:18:29 -0500] "GET /actuator/env HTTP/1.1" 301 0 "-" "Mozilla/5.0 (l9scan/2.0.4383e2335323e2331323e2236313; +https://leakix.net)"
167.99.210.137 - - [02/Mar/2026:12:18:31 -0500] "GET /swagger-ui.html HTTP/1.1" 301 0 "-" "Mozilla/5.0 (l9scan/2.0.4383e2335323e2331323e2236313; +https://leakix.net)"
162.213.253.84 - - [02/Mar/2026:12:17:55 -0500] "POST /wp-cron.php?doing_wp_cron=1772471875.6383359432220458984375 HTTP/1.1" 200 0 "-" "WordPress/6.8.1; http://www.middleeastoday.com"
74.7.243.195 - - [02/Mar/2026:12:17:55 -0500] "GET /abu-dhabi-hosts-the-uae-bulgarian-business-forum/ HTTP/1.1" 200 21995 "http://www.middleeastoday.com/?p=9156" "Mozilla/5.0 AppleWebKit/537.36 (KHTML, like Gecko; compatible; GPTBot/1.3; +https://openai.com/gptbot)"
74.7.243.195 - - [02/Mar/2026:12:17:58 -0500] "GET /?p=10015 HTTP/1.1" 301 0 "http://www.middleeastoday.com/on-behalf-of-the-uae-president-mansour-bin-zayed-arrives-in-london-for-king-charles-coronation/" "Mozilla/5.0 AppleWebKit/537.36 (KHTML, like Gecko; compatible; GPTBot/1.3; +https://openai.com/gptbot)"
74.7.243.195 - - [02/Mar/2026:12:17:59 -0500] "GET /on-behalf-of-the-uae-president-mansour-bin-zayed-arrives-in-london-for-king-charles-coronation/ HTTP/1.1" 200 23503 "http://www.middleeastoday.com/?p=10015" "Mozilla/5.0 AppleWebKit/537.36 (KHTML, like Gecko; compatible; GPTBot/1.3; +https://openai.com/gptbot)"
74.7.243.195 - - [02/Mar/2026:12:18:02 -0500] "GET /uae-president-performs-eid-al-adha-prayer-at-sheikh-zayed-grand-mosque/ HTTP/1.1" 200 20754 "http://www.middleeastoday.com/?p=8833" "Mozilla/5.0 AppleWebKit/537.36 (KHTML, like Gecko; compatible; GPTBot/1.3; +https://openai.com/gptbot)"
167.99.210.137 - - [02/Mar/2026:12:18:02 -0500] "GET / HTTP/1.1" 301 0 "-" "Mozilla/5.0 (l9scan/2.0.4383e2335323e2331323e2236313; +https://leakix.net)"
167.99.210.137 - - [02/Mar/2026:12:18:08 -0500] "GET /about HTTP/1.1" 301 0 "-" "Mozilla/5.0 (l9scan/2.0.4383e2335323e2331323e2236313; +https://leakix.net)"
167.99.210.137 - - [02/Mar/2026:12:18:09 -0500] "GET /login.action HTTP/1.1" 301 0 "-" "Mozilla/5.0 (l9scan/2.0.4383e2335323e2331323e2236313; +https://leakix.net)"
167.99.210.137 - - [02/Mar/2026:12:18:10 -0500] "GET /v2/_catalog HTTP/1.1" 301 0 "-" "Mozilla/5.0 (l9scan/2.0.4383e2335323e2331323e2236313; +https://leakix.net)"
167.99.210.137 - - [02/Mar/2026:12:18:11 -0500] "GET /.DS_Store HTTP/1.1" 301 0 "-" "Mozilla/5.0 (l9scan/2.0.4383e2335323e2331323e2236313; +https://leakix.net)"
167.99.210.137 - - [02/Mar/2026:12:18:15 -0500] "GET /ecp/Current/exporttool/microsoft.exchange.ediscovery.exporttool.application HTTP/1.1" 301 0 "-" "Mozilla/5.0 (l9scan/2.0.4383e2335323e2331323e2236313; +https://leakix.net)"
167.99.210.137 - - [02/Mar/2026:12:18:20 -0500] "POST /api/graphql HTTP/1.1" 404 19141 "-" "Mozilla/5.0 (l9scan/2.0.4383e2335323e2331323e2236313; +https://leakix.net)"
162.213.253.84 - - [02/Mar/2026:12:18:22 -0500] "POST /wp-cron.php?doing_wp_cron=1772471902.3858599662780761718750 HTTP/1.1" 200 0 "-" "WordPress/6.8.1; http://www.middleeastoday.com"
162.213.253.84 - - [02/Mar/2026:12:18:23 -0500] "POST /wp-admin/admin-ajax.php?action=async_litespeed&nonce=DnFkH19eoWutyuyBjVL7yTRiZ5IFOBZe&litespeed_type=imgoptm HTTP/1.1" 200 21 "-" "WordPress/6.8.1; http://www.middleeastoday.com"
167.99.210.137 - - [02/Mar/2026:12:18:23 -0500] "POST /api/gql HTTP/1.1" 404 19141 "-" "Mozilla/5.0 (l9scan/2.0.4383e2335323e2331323e2236313; +https://leakix.net)"
167.99.210.137 - - [02/Mar/2026:12:18:25 -0500] "GET /config.json HTTP/1.1" 301 0 "-" "Mozilla/5.0 (l9scan/2.0.4383e2335323e2331323e2236313; +https://leakix.net)"
167.99.210.137 - - [02/Mar/2026:12:18:27 -0500] "GET /info.php HTTP/1.1" 301 0 "-" "Mozilla/5.0 (l9scan/2.0.4383e2335323e2331323e2236313; +https://leakix.net)"
167.99.210.137 - - [02/Mar/2026:12:18:28 -0500] "GET /.well-known/security.txt HTTP/1.1" 301 0 "-" "Mozilla/5.0 (l9scan/2.0.4383e2335323e2331323e2236313; +https://leakix.net)"
167.99.210.137 - - [02/Mar/2026:12:18:32 -0500] "GET /swagger/index.html HTTP/1.1" 301 0 "-" "Mozilla/5.0 (l9scan/2.0.4383e2335323e2331323e2236313; +https://leakix.net)"
167.99.210.137 - - [02/Mar/2026:12:18:34 -0500] "GET /webjars/swagger-ui/index.html HTTP/1.1" 301 0 "-" "Mozilla/5.0 (l9scan/2.0.4383e2335323e2331323e2236313; +https://leakix.net)"
74.7.243.195 - - [02/Mar/2026:12:18:35 -0500] "GET /?p=8537 HTTP/1.1" 301 0 "http://www.middleeastoday.com/noura-al-kaabi-meets-with-ifpi-board-members-affirms-uaes-focus-on-nurturing-a-thriving-ecosystem/" "Mozilla/5.0 AppleWebKit/537.36 (KHTML, like Gecko; compatible; GPTBot/1.3; +https://openai.com/gptbot)"
74.7.243.195 - - [02/Mar/2026:12:18:36 -0500] "GET /noura-al-kaabi-meets-with-ifpi-board-members-affirms-uaes-focus-on-nurturing-a-thriving-ecosystem/ HTTP/1.1" 200 21651 "http://www.middleeastoday.com/?p=8537" "Mozilla/5.0 AppleWebKit/537.36 (KHTML, like Gecko; compatible; GPTBot/1.3; +https://openai.com/gptbot)"
167.99.210.137 - - [02/Mar/2026:12:18:40 -0500] "GET /api-docs/swagger.json HTTP/1.1" 301 0 "-" "Mozilla/5.0 (l9scan/2.0.4383e2335323e2331323e2236313; +https://leakix.net)"
167.99.210.137 - - [02/Mar/2026:12:18:43 -0500] "GET /.vscode/sftp.json HTTP/1.1" 301 0 "-" "Mozilla/5.0 (l9scan/2.0.4383e2335323e2331323e2236313; +https://leakix.net)"
167.99.210.137 - - [02/Mar/2026:12:18:46 -0500] "GET /debug/default/view?panel=config HTTP/1.1" 301 0 "-" "Mozilla/5.0 (l9scan/2.0.4383e2335323e2331323e2236313; +https://leakix.net)"
74.7.243.195 - - [02/Mar/2026:12:19:10 -0500] "GET /supermodel-tyra-banks-chooses-abu-dhabi-for-her-brands-global-expansion/ HTTP/1.1" 200 20603 "http://www.middleeastoday.com/noura-al-kaabi-meets-with-ifpi-board-members-affirms-uaes-focus-on-nurturing-a-thriving-ecosystem/" "Mozilla/5.0 AppleWebKit/537.36 (KHTML, like Gecko; compatible; GPTBot/1.3; +https://openai.com/gptbot)"
43.155.125.172 - - [02/Mar/2026:12:19:25 -0500] "GET /wp-content/uploads/2022/07/Jeddah-Security-and-Development-scaled-850x560.jpg HTTP/1.1" 200 92384 "-" "Mozilla/5.0 (Windows NT 10.0; Win64; x64) AppleWebKit/537.36"
52.167.144.202 - - [02/Mar/2026:12:19:39 -0500] "GET /models-set-the-ramp-on-fire-at-dubai-fashion-factor/ HTTP/1.1" 200 20249 "-" "Mozilla/5.0 AppleWebKit/537.36 (KHTML, like Gecko; compatible; bingbot/2.0; +http://www.bing.com/bingbot.htm) Chrome/116.0.1938.76 Safari/537.36"
162.213.253.84 - - [02/Mar/2026:12:19:57 -0500] "POST /wp-cron.php?doing_wp_cron=1772471997.4869170188903808593750 HTTP/1.1" 200 0 "-" "WordPress/6.8.1; http://www.middleeastoday.com"
74.7.243.195 - - [02/Mar/2026:12:19:56 -0500] "GET /?p=10356 HTTP/1.1" 301 0 "http://www.middleeastoday.com/uae-president-leads-delegation-at-gcc-asean-summit-inaugurated-by-saudi-crown-prince/" "Mozilla/5.0 AppleWebKit/537.36 (KHTML, like Gecko; compatible; GPTBot/1.3; +https://openai.com/gptbot)"
43.135.107.165 - - [02/Mar/2026:12:20:01 -0500] "GET /wp-content/uploads/2023/03/UAE-President-1-850x560.jpg HTTP/1.1" 200 60807 "-" "Mozilla/5.0 (Windows NT 10.0; Win64; x64) AppleWebKit/537.36"
162.213.253.84 - - [02/Mar/2026:12:20:22 -0500] "POST /wp-cron.php?doing_wp_cron=1772472022.4949059486389160156250 HTTP/1.1" 200 0 "-" "WordPress/6.8.1; http://www.middleeastoday.com"
74.7.243.195 - - [02/Mar/2026:12:20:21 -0500] "GET /?p=8258 HTTP/1.1" 301 0 "http://www.middleeastoday.com/sultan-bin-ahmed-graces-ceremony-of-university-of-sharjahs-alumni-association/" "Mozilla/5.0 AppleWebKit/537.36 (KHTML, like Gecko; compatible; GPTBot/1.3; +https://openai.com/gptbot)"
74.7.243.195 - - [02/Mar/2026:12:20:30 -0500] "GET /uae-uk-host-joint-technical-workshops-under-uae-uk-partnership-to-tackle-illicit-financial-flows/ HTTP/1.1" 200 21423 "http://www.middleeastoday.com/?p=7211" "Mozilla/5.0 AppleWebKit/537.36 (KHTML, like Gecko; compatible; GPTBot/1.3; +https://openai.com/gptbot)"
74.7.243.195 - - [02/Mar/2026:12:20:31 -0500] "GET /limination-of-malaria-uae-role-model-for-combating-infectious-diseases-locally-and-internationally/ HTTP/1.1" 200 21078 "http://www.middleeastoday.com/?p=8279" "Mozilla/5.0 AppleWebKit/537.36 (KHTML, like Gecko; compatible; GPTBot/1.3; +https://openai.com/gptbot)"
74.7.243.195 - - [02/Mar/2026:12:20:36 -0500] "GET /?p=10341 HTTP/1.1" 301 0 "http://www.middleeastoday.com/mohammed-bin-rashid-opens-gitex-global/" "Mozilla/5.0 AppleWebKit/537.36 (KHTML, like Gecko; compatible; GPTBot/1.3; +https://openai.com/gptbot)"
167.99.210.137 - - [02/Mar/2026:12:18:33 -0500] "GET /swagger/swagger-ui.html HTTP/1.1" 301 0 "-" "Mozilla/5.0 (l9scan/2.0.4383e2335323e2331323e2236313; +https://leakix.net)"
167.99.210.137 - - [02/Mar/2026:12:18:35 -0500] "GET /swagger.json HTTP/1.1" 301 0 "-" "Mozilla/5.0 (l9scan/2.0.4383e2335323e2331323e2236313; +https://leakix.net)"
167.99.210.137 - - [02/Mar/2026:12:18:37 -0500] "GET /swagger/v1/swagger.json HTTP/1.1" 301 0 "-" "Mozilla/5.0 (l9scan/2.0.4383e2335323e2331323e2236313; +https://leakix.net)"
167.99.210.137 - - [02/Mar/2026:12:18:38 -0500] "GET /v2/api-docs HTTP/1.1" 301 0 "-" "Mozilla/5.0 (l9scan/2.0.4383e2335323e2331323e2236313; +https://leakix.net)"
167.99.210.137 - - [02/Mar/2026:12:18:39 -0500] "GET /v3/api-docs HTTP/1.1" 301 0 "-" "Mozilla/5.0 (l9scan/2.0.4383e2335323e2331323e2236313; +https://leakix.net)"
167.99.210.137 - - [02/Mar/2026:12:18:41 -0500] "GET /api/swagger.json HTTP/1.1" 301 0 "-" "Mozilla/5.0 (l9scan/2.0.4383e2335323e2331323e2236313; +https://leakix.net)"
167.99.210.137 - - [02/Mar/2026:12:18:42 -0500] "GET /@vite/env HTTP/1.1" 301 0 "-" "Mozilla/5.0 (l9scan/2.0.4383e2335323e2331323e2236313; +https://leakix.net)"
167.99.210.137 - - [02/Mar/2026:12:18:44 -0500] "OPTIONS / HTTP/1.1" 200 0 "-" "Mozilla/5.0 (l9scan/2.0.4383e2335323e2331323e2236313; +https://leakix.net)"
167.99.210.137 - - [02/Mar/2026:12:18:45 -0500] "GET /?rest_route=/wp/v2/users/ HTTP/1.1" 200 760 "-" "Mozilla/5.0 (l9scan/2.0.4383e2335323e2331323e2236313; +https://leakix.net)"
43.155.125.238 - - [02/Mar/2026:12:19:50 -0500] "GET /wp-content/uploads/2022/04/middle-east-today-logo-1.jpg HTTP/1.1" 200 34912 "-" "Mozilla/5.0 (Windows NT 10.0; Win64; x64) AppleWebKit/537.36"
74.7.243.195 - - [02/Mar/2026:12:19:57 -0500] "GET /uae-president-leads-delegation-at-gcc-asean-summit-inaugurated-by-saudi-crown-prince/ HTTP/1.1" 200 24621 "http://www.middleeastoday.com/?p=10356" "Mozilla/5.0 AppleWebKit/537.36 (KHTML, like Gecko; compatible; GPTBot/1.3; +https://openai.com/gptbot)"
43.155.125.238 - - [02/Mar/2026:12:20:12 -0500] "GET /wp-content/uploads/2022/04/64c2ad33-5b41-4d59-be1b-293b254ded91-768x119.jpeg HTTP/1.1" 200 18202 "-" "Mozilla/5.0 (Windows NT 10.0; Win64; x64) AppleWebKit/537.36"
74.7.243.195 - - [02/Mar/2026:12:20:22 -0500] "GET /sultan-bin-ahmed-graces-ceremony-of-university-of-sharjahs-alumni-association/ HTTP/1.1" 200 21759 "http://www.middleeastoday.com/?p=8258" "Mozilla/5.0 AppleWebKit/537.36 (KHTML, like Gecko; compatible; GPTBot/1.3; +https://openai.com/gptbot)"
162.213.253.84 - - [02/Mar/2026:12:20:23 -0500] "POST /wp-admin/admin-ajax.php?action=async_litespeed&nonce=U25hc3d6RSV8Q0dCjgtV75bQhiAhsBAA&litespeed_type=imgoptm HTTP/1.1" 200 21 "-" "WordPress/6.8.1; http://www.middleeastoday.com"
162.213.253.84 - - [02/Mar/2026:12:20:30 -0500] "POST /wp-cron.php?doing_wp_cron=1772472030.2858119010925292968750 HTTP/1.1" 200 0 "-" "WordPress/6.8.1; http://www.middleeastoday.com"
74.7.243.195 - - [02/Mar/2026:12:20:29 -0500] "GET /?p=7211 HTTP/1.1" 301 0 "http://www.middleeastoday.com/uae-uk-host-joint-technical-workshops-under-uae-uk-partnership-to-tackle-illicit-financial-flows/" "Mozilla/5.0 AppleWebKit/537.36 (KHTML, like Gecko; compatible; GPTBot/1.3; +https://openai.com/gptbot)"
74.7.243.195 - - [02/Mar/2026:12:20:30 -0500] "GET /?p=8279 HTTP/1.1" 301 0 "http://www.middleeastoday.com/limination-of-malaria-uae-role-model-for-combating-infectious-diseases-locally-and-internationally/" "Mozilla/5.0 AppleWebKit/537.36 (KHTML, like Gecko; compatible; GPTBot/1.3; +https://openai.com/gptbot)"
43.135.107.25 - - [02/Mar/2026:12:20:42 -0500] "GET /wp-content/uploads/2022/08/Canadian-University-Dubai-850x560.jpg HTTP/1.1" 200 129104 "-" "Mozilla/5.0 (Windows NT 10.0; Win64; x64) AppleWebKit/537.36"
43.135.107.125 - - [02/Mar/2026:12:21:04 -0500] "GET /wp-content/uploads/2022/04/64c2ad33-5b41-4d59-be1b-293b254ded91-768x119.jpeg HTTP/1.1" 200 18202 "-" "Mozilla/5.0 (Windows NT 10.0; Win64; x64) AppleWebKit/537.36"
74.7.243.195 - - [02/Mar/2026:12:20:36 -0500] "GET /mohammed-bin-rashid-opens-gitex-global/ HTTP/1.1" 200 26584 "http://www.middleeastoday.com/?p=10341" "Mozilla/5.0 AppleWebKit/537.36 (KHTML, like Gecko; compatible; GPTBot/1.3; +https://openai.com/gptbot)"
74.7.243.195 - - [02/Mar/2026:12:20:47 -0500] "GET /?p=8376 HTTP/1.1" 301 0 "http://www.middleeastoday.com/abdullah-bin-zayed-world-leaders-hail-expo-2020-dubai-as-unifying-event-fostering-innovation-and-sustainable-future/" "Mozilla/5.0 AppleWebKit/537.36 (KHTML, like Gecko; compatible; GPTBot/1.3; +https://openai.com/gptbot)"
74.7.243.195 - - [02/Mar/2026:12:20:48 -0500] "GET /abdullah-bin-zayed-world-leaders-hail-expo-2020-dubai-as-unifying-event-fostering-innovation-and-sustainable-future/ HTTP/1.1" 200 23612 "http://www.middleeastoday.com/?p=8376" "Mozilla/5.0 AppleWebKit/537.36 (KHTML, like Gecko; compatible; GPTBot/1.3; +https://openai.com/gptbot)"
52.167.144.202 - - [02/Mar/2026:12:20:58 -0500] "GET /wp-content/uploads/2023/09/Eva-Gems-wedding-Main-850x560.png HTTP/1.1" 200 605604 "-" "Mozilla/5.0 AppleWebKit/537.36 (KHTML, like Gecko; compatible; bingbot/2.0; +http://www.bing.com/bingbot.htm) Chrome/116.0.1938.76 Safari/537.36"
74.7.243.195 - - [02/Mar/2026:12:21:21 -0500] "GET /?p=8307 HTTP/1.1" 301 0 "http://www.middleeastoday.com/with-eid-al-fitr-approaching-emirates-plans-to-add-22-extra-flights/" "Mozilla/5.0 AppleWebKit/537.36 (KHTML, like Gecko; compatible; GPTBot/1.3; +https://openai.com/gptbot)"
74.7.243.195 - - [02/Mar/2026:12:21:21 -0500] "GET /with-eid-al-fitr-approaching-emirates-plans-to-add-22-extra-flights/ HTTP/1.1" 200 20349 "http://www.middleeastoday.com/?p=8307" "Mozilla/5.0 AppleWebKit/537.36 (KHTML, like Gecko; compatible; GPTBot/1.3; +https://openai.com/gptbot)"
162.213.253.84 - - [02/Mar/2026:12:21:51 -0500] "POST /wp-cron.php?doing_wp_cron=1772472111.1987531185150146484375 HTTP/1.1" 200 0 "-" "WordPress/6.8.1; http://www.middleeastoday.com"
74.7.243.195 - - [02/Mar/2026:12:21:50 -0500] "GET /?p=8313 HTTP/1.1" 301 0 "http://www.middleeastoday.com/medyaf-launches-explore-tourism-industry-in-dubai/" "Mozilla/5.0 AppleWebKit/537.36 (KHTML, like Gecko; compatible; GPTBot/1.3; +https://openai.com/gptbot)"
74.7.243.195 - - [02/Mar/2026:12:22:29 -0500] "GET /sharjah-childrens-reading-festival-announces-extended-celebration-of-books-and-creativity/ HTTP/1.1" 200 21449 "http://www.middleeastoday.com/?p=7262" "Mozilla/5.0 AppleWebKit/537.36 (KHTML, like Gecko; compatible; GPTBot/1.3; +https://openai.com/gptbot)"
162.213.253.84 - - [02/Mar/2026:12:22:30 -0500] "POST /wp-admin/admin-ajax.php?action=async_litespeed&nonce=CUWwWANWeOFrUxznv51KipDQi8pBVMB8&litespeed_type=imgoptm HTTP/1.1" 200 21 "-" "WordPress/6.8.1; http://www.middleeastoday.com"
162.213.253.84 - - [02/Mar/2026:12:23:11 -0500] "POST /wp-cron.php?doing_wp_cron=1772472191.0353250503540039062500 HTTP/1.1" 200 0 "-" "WordPress/6.8.1; http://www.middleeastoday.com"
74.7.243.195 - - [02/Mar/2026:12:23:10 -0500] "GET /?p=8288 HTTP/1.1" 301 0 "http://www.middleeastoday.com/sba-to-unveil-full-agenda-of-13th-edition-of-sharjah-childrens-reading-festival-on-tuesday/" "Mozilla/5.0 AppleWebKit/537.36 (KHTML, like Gecko; compatible; GPTBot/1.3; +https://openai.com/gptbot)"
74.7.243.195 - - [02/Mar/2026:12:23:20 -0500] "GET /?p=8547 HTTP/1.1" 301 0 "http://www.middleeastoday.com/nahyan-bin-mubarak-visits-31st-edition-of-abu-dhabi-international-book-fair/" "Mozilla/5.0 AppleWebKit/537.36 (KHTML, like Gecko; compatible; GPTBot/1.3; +https://openai.com/gptbot)"
74.7.243.195 - - [02/Mar/2026:12:23:20 -0500] "GET /nahyan-bin-mubarak-visits-31st-edition-of-abu-dhabi-international-book-fair/ HTTP/1.1" 200 20121 "http://www.middleeastoday.com/?p=8547" "Mozilla/5.0 AppleWebKit/537.36 (KHTML, like Gecko; compatible; GPTBot/1.3; +https://openai.com/gptbot)"
3.141.195.14 - - [02/Mar/2026:12:21:38 -0500] "GET /robots.txt HTTP/1.1" 200 117 "http://www.middleeastoday.com/robots.txt" "Mozilla/5.0 (Macintosh; Intel Mac OS X 10_15_7) AppleWebKit/605.1.15 (KHTML, like Gecko) Version/17.2 Safari/605.1.1"
74.7.243.195 - - [02/Mar/2026:12:21:51 -0500] "GET /medyaf-launches-explore-tourism-industry-in-dubai/ HTTP/1.1" 200 20934 "http://www.middleeastoday.com/?p=8313" "Mozilla/5.0 AppleWebKit/537.36 (KHTML, like Gecko; compatible; GPTBot/1.3; +https://openai.com/gptbot)"
162.213.253.84 - - [02/Mar/2026:12:22:29 -0500] "POST /wp-cron.php?doing_wp_cron=1772472149.6821498870849609375000 HTTP/1.1" 200 0 "-" "WordPress/6.8.1; http://www.middleeastoday.com"
74.7.243.195 - - [02/Mar/2026:12:22:28 -0500] "GET /?p=7262 HTTP/1.1" 301 0 "http://www.middleeastoday.com/sharjah-childrens-reading-festival-announces-extended-celebration-of-books-and-creativity/" "Mozilla/5.0 AppleWebKit/537.36 (KHTML, like Gecko; compatible; GPTBot/1.3; +https://openai.com/gptbot)"
40.77.167.16 - - [02/Mar/2026:12:22:57 -0500] "GET /wp-content/uploads/2022/05/Jordan-on-Independence-Day-850x560.jpeg HTTP/1.1" 200 66016 "-" "Mozilla/5.0 AppleWebKit/537.36 (KHTML, like Gecko; compatible; bingbot/2.0; +http://www.bing.com/bingbot.htm) Chrome/116.0.1938.76 Safari/537.36"
74.7.243.195 - - [02/Mar/2026:12:23:11 -0500] "GET /sba-to-unveil-full-agenda-of-13th-edition-of-sharjah-childrens-reading-festival-on-tuesday/ HTTP/1.1" 200 20700 "http://www.middleeastoday.com/?p=8288" "Mozilla/5.0 AppleWebKit/537.36 (KHTML, like Gecko; compatible; GPTBot/1.3; +https://openai.com/gptbot)"
74.7.243.195 - - [02/Mar/2026:12:23:14 -0500] "GET /?p=8382 HTTP/1.1" 301 0 "http://www.middleeastoday.com/mohamed-bin-zayed-pm-of-pakistan-review-advancing-relations-discuss-regional-international-developments/" "Mozilla/5.0 AppleWebKit/537.36 (KHTML, like Gecko; compatible; GPTBot/1.3; +https://openai.com/gptbot)"
74.7.243.195 - - [02/Mar/2026:12:23:15 -0500] "GET /mohamed-bin-zayed-pm-of-pakistan-review-advancing-relations-discuss-regional-international-developments/ HTTP/1.1" 200 20953 "http://www.middleeastoday.com/?p=8382" "Mozilla/5.0 AppleWebKit/537.36 (KHTML, like Gecko; compatible; GPTBot/1.3; +https://openai.com/gptbot)"
162.213.253.84 - - [02/Mar/2026:12:23:30 -0500] "POST /wp-cron.php?doing_wp_cron=1772472210.3137509822845458984375 HTTP/1.1" 200 0 "-" "WordPress/6.8.1; http://www.middleeastoday.com"
74.7.243.195 - - [02/Mar/2026:12:23:29 -0500] "GET /?p=10012 HTTP/1.1" 301 0 "http://www.middleeastoday.com/sultan-al-qasimi-approves-jawaher-boston-medical-district-project-to-bring-world-class-healthcare-and-research-opportunities-to-uae/" "Mozilla/5.0 AppleWebKit/537.36 (KHTML, like Gecko; compatible; GPTBot/1.3; +https://openai.com/gptbot)"
162.213.253.84 - - [02/Mar/2026:12:24:30 -0500] "POST /wp-cron.php?doing_wp_cron=1772472270.8208699226379394531250 HTTP/1.1" 200 0 "-" "WordPress/6.8.1; http://www.middleeastoday.com"
74.7.243.195 - - [02/Mar/2026:12:24:30 -0500] "GET /ras-al-khaimah-tourism-development-authority-named-one-of-uaes-best-workplaces/ HTTP/1.1" 200 21597 "http://www.middleeastoday.com/?p=7274" "Mozilla/5.0 AppleWebKit/537.36 (KHTML, like Gecko; compatible; GPTBot/1.3; +https://openai.com/gptbot)"
162.213.253.84 - - [02/Mar/2026:12:25:25 -0500] "POST /wp-cron.php?doing_wp_cron=1772472325.0585739612579345703125 HTTP/1.1" 200 0 "-" "WordPress/6.8.1; http://www.middleeastoday.com"
74.7.243.195 - - [02/Mar/2026:12:25:25 -0500] "GET /expo-centre-sharjah-to-attract-visitors-with-17-diverse-exhibitions-till-year-end/ HTTP/1.1" 200 21188 "http://www.middleeastoday.com/?p=7202" "Mozilla/5.0 AppleWebKit/537.36 (KHTML, like Gecko; compatible; GPTBot/1.3; +https://openai.com/gptbot)"
74.7.243.195 - - [02/Mar/2026:12:25:51 -0500] "GET /supermodel-tyra-banks-chooses-abu-dhabi-for-her-brands-global-expansion/ HTTP/1.1" 200 20603 "http://www.middleeastoday.com/?p=8544" "Mozilla/5.0 AppleWebKit/537.36 (KHTML, like Gecko; compatible; GPTBot/1.3; +https://openai.com/gptbot)"
74.7.243.195 - - [02/Mar/2026:12:23:30 -0500] "GET /sultan-al-qasimi-approves-jawaher-boston-medical-district-project-to-bring-world-class-healthcare-and-research-opportunities-to-uae/ HTTP/1.1" 200 25071 "http://www.middleeastoday.com/?p=10012" "Mozilla/5.0 AppleWebKit/537.36 (KHTML, like Gecko; compatible; GPTBot/1.3; +https://openai.com/gptbot)"
162.213.253.84 - - [02/Mar/2026:12:23:31 -0500] "POST /wp-admin/admin-ajax.php?action=async_litespeed&nonce=3PRB3nZX4M6xS3d0ixej0uzBNAizhU8F&litespeed_type=imgoptm HTTP/1.1" 200 21 "-" "WordPress/6.8.1; http://www.middleeastoday.com"
162.213.253.84 - - [02/Mar/2026:12:23:47 -0500] "POST /wp-cron.php?doing_wp_cron=1772472226.8820879459381103515625 HTTP/1.1" 200 0 "-" "WordPress/6.8.1; http://www.middleeastoday.com"
74.7.243.195 - - [02/Mar/2026:12:23:46 -0500] "GET /?p=8553 HTTP/1.1" 301 0 "http://www.middleeastoday.com/uae-president-receives-jordanian-and-egyptian-pms/" "Mozilla/5.0 AppleWebKit/537.36 (KHTML, like Gecko; compatible; GPTBot/1.3; +https://openai.com/gptbot)"
74.7.243.195 - - [02/Mar/2026:12:23:47 -0500] "GET /uae-president-receives-jordanian-and-egyptian-pms/ HTTP/1.1" 200 20884 "http://www.middleeastoday.com/?p=8553" "Mozilla/5.0 AppleWebKit/537.36 (KHTML, like Gecko; compatible; GPTBot/1.3; +https://openai.com/gptbot)"
74.7.243.195 - - [02/Mar/2026:12:24:30 -0500] "GET /?p=7274 HTTP/1.1" 301 0 "http://www.middleeastoday.com/ras-al-khaimah-tourism-development-authority-named-one-of-uaes-best-workplaces/" "Mozilla/5.0 AppleWebKit/537.36 (KHTML, like Gecko; compatible; GPTBot/1.3; +https://openai.com/gptbot)"
162.213.253.84 - - [02/Mar/2026:12:24:31 -0500] "POST /wp-admin/admin-ajax.php?action=async_litespeed&nonce=CYhV4841o1wBduptyyFjiwmRlsLZWyPF&litespeed_type=imgoptm HTTP/1.1" 200 21 "-" "WordPress/6.8.1; http://www.middleeastoday.com"
74.7.243.195 - - [02/Mar/2026:12:25:24 -0500] "GET /?p=7202 HTTP/1.1" 301 0 "http://www.middleeastoday.com/expo-centre-sharjah-to-attract-visitors-with-17-diverse-exhibitions-till-year-end/" "Mozilla/5.0 AppleWebKit/537.36 (KHTML, like Gecko; compatible; GPTBot/1.3; +https://openai.com/gptbot)"
162.213.253.84 - - [02/Mar/2026:12:25:25 -0500] "POST /wp-admin/admin-ajax.php?action=async_litespeed&nonce=Hb1dRNLQjcqS6KTWDRWutq8wRxVNw8EJ&litespeed_type=imgoptm HTTP/1.1" 200 21 "-" "WordPress/6.8.1; http://www.middleeastoday.com"
162.213.253.84 - - [02/Mar/2026:12:25:51 -0500] "POST /wp-cron.php?doing_wp_cron=1772472351.1648030281066894531250 HTTP/1.1" 200 0 "-" "WordPress/6.8.1; http://www.middleeastoday.com"
74.7.243.195 - - [02/Mar/2026:12:25:50 -0500] "GET /?p=8544 HTTP/1.1" 301 0 "http://www.middleeastoday.com/supermodel-tyra-banks-chooses-abu-dhabi-for-her-brands-global-expansion/" "Mozilla/5.0 AppleWebKit/537.36 (KHTML, like Gecko; compatible; GPTBot/1.3; +https://openai.com/gptbot)"
74.7.243.195 - - [02/Mar/2026:12:26:14 -0500] "GET /redtag-launches-arab-star-myriam-fares-endorsed-ramadan-collection/ HTTP/1.1" 200 21313 "http://www.middleeastoday.com/sultan-bin-ahmed-graces-ceremony-of-university-of-sharjahs-alumni-association/" "Mozilla/5.0 AppleWebKit/537.36 (KHTML, like Gecko; compatible; GPTBot/1.3; +https://openai.com/gptbot)"
74.7.243.195 - - [02/Mar/2026:12:26:26 -0500] "GET /sharjah-ruler-meets-chief-editors-media-personalities/ HTTP/1.1" 200 22628 "http://www.middleeastoday.com/ras-al-khaimah-tourism-development-authority-named-one-of-uaes-best-workplaces/" "Mozilla/5.0 AppleWebKit/537.36 (KHTML, like Gecko; compatible; GPTBot/1.3; +https://openai.com/gptbot)"
74.7.243.195 - - [02/Mar/2026:12:27:12 -0500] "GET /saqr-ghobash-receives-ambassadors-of-china-czech-republic-mongolia/ HTTP/1.1" 200 20480 "http://www.middleeastoday.com/abu-dhabi-hosts-the-uae-bulgarian-business-forum/" "Mozilla/5.0 AppleWebKit/537.36 (KHTML, like Gecko; compatible; GPTBot/1.3; +https://openai.com/gptbot)"
43.135.107.165 - - [02/Mar/2026:12:27:41 -0500] "GET /wp-content/uploads/2023/03/Bu-1-850x560.jpg HTTP/1.1" 200 105490 "-" "Mozilla/5.0 (Windows NT 10.0; Win64; x64) AppleWebKit/537.36"
74.7.243.195 - - [02/Mar/2026:12:28:16 -0500] "GET /uae-delegation-explores-bilateral-opportunities-at-select-usa-investment-summit/ HTTP/1.1" 200 25224 "http://www.middleeastoday.com/sultan-al-qasimi-approves-jawaher-boston-medical-district-project-to-bring-world-class-healthcare-and-research-opportunities-to-uae/" "Mozilla/5.0 AppleWebKit/537.36 (KHTML, like Gecko; compatible; GPTBot/1.3; +https://openai.com/gptbot)"
74.7.243.195 - - [02/Mar/2026:12:28:48 -0500] "GET /weekly-real-estate-and-properties-transactions-worth-aed-6-3-bn-recorded-in-dubai/ HTTP/1.1" 200 20325 "http://www.middleeastoday.com/limination-of-malaria-uae-role-model-for-combating-infectious-diseases-locally-and-internationally/" "Mozilla/5.0 AppleWebKit/537.36 (KHTML, like Gecko; compatible; GPTBot/1.3; +https://openai.com/gptbot)"
162.213.253.84 - - [02/Mar/2026:12:28:56 -0500] "POST /wp-cron.php?doing_wp_cron=1772472536.3620979785919189453125 HTTP/1.1" 200 0 "-" "WordPress/6.8.1; http://www.middleeastoday.com"
74.7.243.195 - - [02/Mar/2026:12:28:54 -0500] "GET /opec-daily-basket-price-stands-at-116-50-a-barrel-thursday/ HTTP/1.1" 200 20107 "http://www.middleeastoday.com/uae-president-receives-jordanian-and-egyptian-pms/" "Mozilla/5.0 AppleWebKit/537.36 (KHTML, like Gecko; compatible; GPTBot/1.3; +https://openai.com/gptbot)"
162.213.253.84 - - [02/Mar/2026:12:28:58 -0500] "POST /wp-admin/admin-ajax.php?action=async_litespeed&nonce=67039p8ZiSqMSc52kiz08u3YbqlBjwle&litespeed_type=imgoptm HTTP/1.1" 200 0 "-" "WordPress/6.8.1; http://www.middleeastoday.com"
74.7.243.195 - - [02/Mar/2026:12:29:15 -0500] "GET /dubai-to-open-uaes-first-robotic-biobank-in-2023/ HTTP/1.1" 200 22252 "http://www.middleeastoday.com/abdullah-bin-zayed-world-leaders-hail-expo-2020-dubai-as-unifying-event-fostering-innovation-and-sustainable-future/" "Mozilla/5.0 AppleWebKit/537.36 (KHTML, like Gecko; compatible; GPTBot/1.3; +https://openai.com/gptbot)"
74.7.243.195 - - [02/Mar/2026:12:29:50 -0500] "GET /fab-facilitated-over-9-bn-worth-of-sustainable-projects-in-2022-ceo/ HTTP/1.1" 200 24083 "http://www.middleeastoday.com/uae-president-malaysian-king-witness-conclusion-of-desert-tiger-6-joint-military-exercise/" "Mozilla/5.0 AppleWebKit/537.36 (KHTML, like Gecko; compatible; GPTBot/1.3; +https://openai.com/gptbot)"
74.7.243.195 - - [02/Mar/2026:12:30:19 -0500] "GET /dlds-moasher-tracks-highest-ever-number-of-quarterly-real-estate-transactions-since-2010/ HTTP/1.1" 200 21036 "http://www.middleeastoday.com/mohamed-bin-zayed-attends-final-ramadan-majlis-lecture-on-technology-driven-institutional-growth/" "Mozilla/5.0 AppleWebKit/537.36 (KHTML, like Gecko; compatible; GPTBot/1.3; +https://openai.com/gptbot)"
74.7.243.195 - - [02/Mar/2026:12:30:59 -0500] "GET /ski-dubais-dxb-snow-run-to-kick-off-11th-june/ HTTP/1.1" 200 20432 "http://www.middleeastoday.com/uae-leaders-congratulate-king-of-jordan-on-independence-day/" "Mozilla/5.0 AppleWebKit/537.36 (KHTML, like Gecko; compatible; GPTBot/1.3; +https://openai.com/gptbot)"
74.7.243.195 - - [02/Mar/2026:12:31:12 -0500] "GET /the-expand-north-star-2023-exhibition-showcases-cutting-edge-technology/ HTTP/1.1" 200 21192 "http://www.middleeastoday.com/uae-president-leads-delegation-at-gcc-asean-summit-inaugurated-by-saudi-crown-prince/" "Mozilla/5.0 AppleWebKit/537.36 (KHTML, like Gecko; compatible; GPTBot/1.3; +https://openai.com/gptbot)"
162.213.253.84 - - [02/Mar/2026:12:31:23 -0500] "POST /wp-cron.php?doing_wp_cron=1772472683.1232879161834716796875 HTTP/1.1" 200 0 "-" "WordPress/6.8.1; http://www.middleeastoday.com"
74.7.243.195 - - [02/Mar/2026:12:31:23 -0500] "GET /redtag-launches-arab-star-myriam-fares-endorsed-ramadan-collection/ HTTP/1.1" 200 21313 "http://www.middleeastoday.com/?p=8249" "Mozilla/5.0 AppleWebKit/537.36 (KHTML, like Gecko; compatible; GPTBot/1.3; +https://openai.com/gptbot)"
162.213.253.84 - - [02/Mar/2026:12:31:23 -0500] "POST /wp-admin/admin-ajax.php?action=async_litespeed&nonce=jHam5hM49GcSC2jnYZ6rFPeKIHdEsTA2&litespeed_type=imgoptm HTTP/1.1" 200 21 "-" "WordPress/6.8.1; http://www.middleeastoday.com"
74.7.243.195 - - [02/Mar/2026:12:26:31 -0500] "GET /uae-a-leader-in-womens-representation-in-governance-says-uncdf-executive-secretary/ HTTP/1.1" 200 20922 "http://www.middleeastoday.com/mohamed-bin-zayed-pm-of-pakistan-review-advancing-relations-discuss-regional-international-developments/" "Mozilla/5.0 AppleWebKit/537.36 (KHTML, like Gecko; compatible; GPTBot/1.3; +https://openai.com/gptbot)"
74.7.243.195 - - [02/Mar/2026:12:26:43 -0500] "GET /uaebby-launches-etisalat-award-for-arabic-childrens-literature/ HTTP/1.1" 200 21578 "http://www.middleeastoday.com/uae-uk-host-joint-technical-workshops-under-uae-uk-partnership-to-tackle-illicit-financial-flows/" "Mozilla/5.0 AppleWebKit/537.36 (KHTML, like Gecko; compatible; GPTBot/1.3; +https://openai.com/gptbot)"
74.7.243.195 - - [02/Mar/2026:12:27:38 -0500] "GET /abdullah-bin-zayed-participates-in-gcc-ministerial-councils-extraordinary-session-in-muscat/ HTTP/1.1" 200 22037 "http://www.middleeastoday.com/mohammed-bin-rashid-opens-gitex-global/" "Mozilla/5.0 AppleWebKit/537.36 (KHTML, like Gecko; compatible; GPTBot/1.3; +https://openai.com/gptbot)"
43.135.107.125 - - [02/Mar/2026:12:28:14 -0500] "GET /wp-content/uploads/2022/04/middle-east-today-logo-1.jpg HTTP/1.1" 200 34912 "-" "Mozilla/5.0 (Windows NT 10.0; Win64; x64) AppleWebKit/537.36"
74.7.243.195 - - [02/Mar/2026:12:28:41 -0500] "GET /abdullah-bin-zayed-participates-in-g20-foreign-ministers-meeting-reiterates-uaes-support-of-indonesias-efforts/ HTTP/1.1" 200 21044 "http://www.middleeastoday.com/uae-president-performs-eid-al-adha-prayer-at-sheikh-zayed-grand-mosque/" "Mozilla/5.0 AppleWebKit/537.36 (KHTML, like Gecko; compatible; GPTBot/1.3; +https://openai.com/gptbot)"
74.7.243.195 - - [02/Mar/2026:12:29:34 -0500] "GET /sharjah-ruler-pardons-333-prisoners-ahead-of-uaes-51st-national-day/ HTTP/1.1" 200 21114 "http://www.middleeastoday.com/khair-al-emarat-launched-to-promote-uae-agricultural-produce/" "Mozilla/5.0 AppleWebKit/537.36 (KHTML, like Gecko; compatible; GPTBot/1.3; +https://openai.com/gptbot)"
74.7.243.195 - - [02/Mar/2026:12:30:44 -0500] "GET /dubai-food-festival-all-set-to-start-from-2nd-may/ HTTP/1.1" 200 20116 "http://www.middleeastoday.com/mohamed-bin-zayed-attends-ramadan-lecture-on-solving-global-challenges-through-innovation-at-majlis-mohamed-bin-zayed/" "Mozilla/5.0 AppleWebKit/537.36 (KHTML, like Gecko; compatible; GPTBot/1.3; +https://openai.com/gptbot)"
74.7.243.195 - - [02/Mar/2026:12:31:22 -0500] "GET /?p=8249 HTTP/1.1" 301 0 "http://www.middleeastoday.com/redtag-launches-arab-star-myriam-fares-endorsed-ramadan-collection/" "Mozilla/5.0 AppleWebKit/537.36 (KHTML, like Gecko; compatible; GPTBot/1.3; +https://openai.com/gptbot)"
74.7.243.195 - - [02/Mar/2026:12:31:37 -0500] "GET /?p=7208 HTTP/1.1" 301 0 "http://www.middleeastoday.com/uaebby-launches-etisalat-award-for-arabic-childrens-literature/" "Mozilla/5.0 AppleWebKit/537.36 (KHTML, like Gecko; compatible; GPTBot/1.3; +https://openai.com/gptbot)"
74.7.243.195 - - [02/Mar/2026:12:31:38 -0500] "GET /uaebby-launches-etisalat-award-for-arabic-childrens-literature/ HTTP/1.1" 200 21578 "http://www.middleeastoday.com/?p=7208" "Mozilla/5.0 AppleWebKit/537.36 (KHTML, like Gecko; compatible; GPTBot/1.3; +https://openai.com/gptbot)"
74.7.243.195 - - [02/Mar/2026:12:32:04 -0500] "GET /saqr-ghobash-receives-ambassadors-of-china-czech-republic-mongolia/ HTTP/1.1" 200 20480 "http://www.middleeastoday.com/?p=9159" "Mozilla/5.0 AppleWebKit/537.36 (KHTML, like Gecko; compatible; GPTBot/1.3; +https://openai.com/gptbot)"
74.7.243.195 - - [02/Mar/2026:12:32:30 -0500] "GET /uae-a-leader-in-womens-representation-in-governance-says-uncdf-executive-secretary/ HTTP/1.1" 200 20922 "http://www.middleeastoday.com/?p=8385" "Mozilla/5.0 AppleWebKit/537.36 (KHTML, like Gecko; compatible; GPTBot/1.3; +https://openai.com/gptbot)"
162.213.253.84 - - [02/Mar/2026:12:32:54 -0500] "POST /wp-cron.php?doing_wp_cron=1772472774.6125760078430175781250 HTTP/1.1" 200 0 "-" "WordPress/6.8.1; http://www.middleeastoday.com"
162.213.253.84 - - [02/Mar/2026:12:33:24 -0500] "POST /wp-cron.php?doing_wp_cron=1772472804.2381129264831542968750 HTTP/1.1" 200 0 "-" "WordPress/6.8.1; http://www.middleeastoday.com"
74.7.243.195 - - [02/Mar/2026:12:33:24 -0500] "GET /uae-delegation-explores-bilateral-opportunities-at-select-usa-investment-summit/ HTTP/1.1" 200 25224 "http://www.middleeastoday.com/?p=10009" "Mozilla/5.0 AppleWebKit/537.36 (KHTML, like Gecko; compatible; GPTBot/1.3; +https://openai.com/gptbot)"
74.7.243.195 - - [02/Mar/2026:12:33:31 -0500] "GET /?p=8830 HTTP/1.1" 301 0 "http://www.middleeastoday.com/abdullah-bin-zayed-participates-in-g20-foreign-ministers-meeting-reiterates-uaes-support-of-indonesias-efforts/" "Mozilla/5.0 AppleWebKit/537.36 (KHTML, like Gecko; compatible; GPTBot/1.3; +https://openai.com/gptbot)"
74.7.243.195 - - [02/Mar/2026:12:33:32 -0500] "GET /abdullah-bin-zayed-participates-in-g20-foreign-ministers-meeting-reiterates-uaes-support-of-indonesias-efforts/ HTTP/1.1" 200 21044 "http://www.middleeastoday.com/?p=8830" "Mozilla/5.0 AppleWebKit/537.36 (KHTML, like Gecko; compatible; GPTBot/1.3; +https://openai.com/gptbot)"
74.7.243.195 - - [02/Mar/2026:12:33:41 -0500] "GET /?p=8267 HTTP/1.1" 301 0 "http://www.middleeastoday.com/weekly-real-estate-and-properties-transactions-worth-aed-6-3-bn-recorded-in-dubai/" "Mozilla/5.0 AppleWebKit/537.36 (KHTML, like Gecko; compatible; GPTBot/1.3; +https://openai.com/gptbot)"
74.7.243.195 - - [02/Mar/2026:12:33:51 -0500] "GET /?p=8373 HTTP/1.1" 301 0 "http://www.middleeastoday.com/dubai-to-open-uaes-first-robotic-biobank-in-2023/" "Mozilla/5.0 AppleWebKit/537.36 (KHTML, like Gecko; compatible; GPTBot/1.3; +https://openai.com/gptbot)"
74.7.243.195 - - [02/Mar/2026:12:34:15 -0500] "GET /?p=8556 HTTP/1.1" 301 0 "http://www.middleeastoday.com/opec-daily-basket-price-stands-at-116-50-a-barrel-thursday/" "Mozilla/5.0 AppleWebKit/537.36 (KHTML, like Gecko; compatible; GPTBot/1.3; +https://openai.com/gptbot)"
74.7.243.195 - - [02/Mar/2026:12:31:31 -0500] "GET /?p=364 HTTP/1.1" 301 0 "http://www.middleeastoday.com/sharjah-ruler-meets-chief-editors-media-personalities/" "Mozilla/5.0 AppleWebKit/537.36 (KHTML, like Gecko; compatible; GPTBot/1.3; +https://openai.com/gptbot)"
74.7.243.195 - - [02/Mar/2026:12:31:31 -0500] "GET /sharjah-ruler-meets-chief-editors-media-personalities/ HTTP/1.1" 200 22628 "http://www.middleeastoday.com/?p=364" "Mozilla/5.0 AppleWebKit/537.36 (KHTML, like Gecko; compatible; GPTBot/1.3; +https://openai.com/gptbot)"
74.7.243.195 - - [02/Mar/2026:12:32:03 -0500] "GET /?p=9159 HTTP/1.1" 301 0 "http://www.middleeastoday.com/saqr-ghobash-receives-ambassadors-of-china-czech-republic-mongolia/" "Mozilla/5.0 AppleWebKit/537.36 (KHTML, like Gecko; compatible; GPTBot/1.3; +https://openai.com/gptbot)"
162.213.253.84 - - [02/Mar/2026:12:32:29 -0500] "POST /wp-cron.php?doing_wp_cron=1772472749.9179260730743408203125 HTTP/1.1" 200 0 "-" "WordPress/6.8.1; http://www.middleeastoday.com"
74.7.243.195 - - [02/Mar/2026:12:32:29 -0500] "GET /?p=8385 HTTP/1.1" 301 0 "http://www.middleeastoday.com/uae-a-leader-in-womens-representation-in-governance-says-uncdf-executive-secretary/" "Mozilla/5.0 AppleWebKit/537.36 (KHTML, like Gecko; compatible; GPTBot/1.3; +https://openai.com/gptbot)"
162.213.253.84 - - [02/Mar/2026:12:32:30 -0500] "POST /wp-admin/admin-ajax.php?action=async_litespeed&nonce=2UL8QfsZWQA0E92hNmonL3zFKhAtPUkV&litespeed_type=imgoptm HTTP/1.1" 200 21 "-" "WordPress/6.8.1; http://www.middleeastoday.com"
74.7.243.195 - - [02/Mar/2026:12:32:53 -0500] "GET /?p=10344 HTTP/1.1" 301 0 "http://www.middleeastoday.com/abdullah-bin-zayed-participates-in-gcc-ministerial-councils-extraordinary-session-in-muscat/" "Mozilla/5.0 AppleWebKit/537.36 (KHTML, like Gecko; compatible; GPTBot/1.3; +https://openai.com/gptbot)"
74.7.243.195 - - [02/Mar/2026:12:32:54 -0500] "GET /abdullah-bin-zayed-participates-in-gcc-ministerial-councils-extraordinary-session-in-muscat/ HTTP/1.1" 200 22037 "http://www.middleeastoday.com/?p=10344" "Mozilla/5.0 AppleWebKit/537.36 (KHTML, like Gecko; compatible; GPTBot/1.3; +https://openai.com/gptbot)"
74.7.243.195 - - [02/Mar/2026:12:33:23 -0500] "GET /?p=10009 HTTP/1.1" 301 0 "http://www.middleeastoday.com/uae-delegation-explores-bilateral-opportunities-at-select-usa-investment-summit/" "Mozilla/5.0 AppleWebKit/537.36 (KHTML, like Gecko; compatible; GPTBot/1.3; +https://openai.com/gptbot)"
162.213.253.84 - - [02/Mar/2026:12:33:24 -0500] "POST /wp-admin/admin-ajax.php?action=async_litespeed&nonce=PO9J86WywtPK03Hq1LSBOILO4qwIxvLx&litespeed_type=imgoptm HTTP/1.1" 200 21 "-" "WordPress/6.8.1; http://www.middleeastoday.com"
162.213.253.84 - - [02/Mar/2026:12:33:31 -0500] "POST /wp-cron.php?doing_wp_cron=1772472811.9074480533599853515625 HTTP/1.1" 200 0 "-" "WordPress/6.8.1; http://www.middleeastoday.com"
74.7.243.195 - - [02/Mar/2026:12:33:42 -0500] "GET /weekly-real-estate-and-properties-transactions-worth-aed-6-3-bn-recorded-in-dubai/ HTTP/1.1" 200 20325 "http://www.middleeastoday.com/?p=8267" "Mozilla/5.0 AppleWebKit/537.36 (KHTML, like Gecko; compatible; GPTBot/1.3; +https://openai.com/gptbot)"
74.7.243.195 - - [02/Mar/2026:12:33:51 -0500] "GET /dubai-to-open-uaes-first-robotic-biobank-in-2023/ HTTP/1.1" 200 22252 "http://www.middleeastoday.com/?p=8373" "Mozilla/5.0 AppleWebKit/537.36 (KHTML, like Gecko; compatible; GPTBot/1.3; +https://openai.com/gptbot)"
74.7.243.195 - - [02/Mar/2026:12:34:16 -0500] "GET /opec-daily-basket-price-stands-at-116-50-a-barrel-thursday/ HTTP/1.1" 200 20107 "http://www.middleeastoday.com/?p=8556" "Mozilla/5.0 AppleWebKit/537.36 (KHTML, like Gecko; compatible; GPTBot/1.3; +https://openai.com/gptbot)"
74.7.243.195 - - [02/Mar/2026:12:34:46 -0500] "GET /?p=9590 HTTP/1.1" 301 0 "http://www.middleeastoday.com/sharjah-ruler-pardons-333-prisoners-ahead-of-uaes-51st-national-day/" "Mozilla/5.0 AppleWebKit/537.36 (KHTML, like Gecko; compatible; GPTBot/1.3; +https://openai.com/gptbot)"
162.213.253.84 - - [02/Mar/2026:12:35:14 -0500] "POST /wp-cron.php?doing_wp_cron=1772472914.0627110004425048828125 HTTP/1.1" 200 0 "-" "WordPress/6.8.1; http://www.middleeastoday.com"
74.7.243.195 - - [02/Mar/2026:12:35:13 -0500] "GET /?p=9766 HTTP/1.1" 301 0 "http://www.middleeastoday.com/fab-facilitated-over-9-bn-worth-of-sustainable-projects-in-2022-ceo/" "Mozilla/5.0 AppleWebKit/537.36 (KHTML, like Gecko; compatible; GPTBot/1.3; +https://openai.com/gptbot)"
162.213.253.84 - - [02/Mar/2026:12:35:42 -0500] "POST /wp-cron.php?doing_wp_cron=1772472942.7394928932189941406250 HTTP/1.1" 200 0 "-" "WordPress/6.8.1; http://www.middleeastoday.com"
74.7.243.195 - - [02/Mar/2026:12:35:42 -0500] "GET /?p=8322 HTTP/1.1" 301 0 "http://www.middleeastoday.com/dlds-moasher-tracks-highest-ever-number-of-quarterly-real-estate-transactions-since-2010/" "Mozilla/5.0 AppleWebKit/537.36 (KHTML, like Gecko; compatible; GPTBot/1.3; +https://openai.com/gptbot)"
43.173.172.71 - - [02/Mar/2026:12:35:48 -0500] "GET /category/lifestyle/page/3/ HTTP/1.1" 200 23473 "-" "Mozilla/5.0 (Windows NT 10.0; Win64; x64) AppleWebKit/537.36 (KHTML, like Gecko) Chrome/116.0.0.0 Safari/537.36"
74.7.243.195 - - [02/Mar/2026:12:35:53 -0500] "GET /?p=8264 HTTP/1.1" 301 0 "http://www.middleeastoday.com/dubai-food-festival-all-set-to-start-from-2nd-may/" "Mozilla/5.0 AppleWebKit/537.36 (KHTML, like Gecko; compatible; GPTBot/1.3; +https://openai.com/gptbot)"
74.7.243.195 - - [02/Mar/2026:12:35:54 -0500] "GET /dubai-food-festival-all-set-to-start-from-2nd-may/ HTTP/1.1" 200 20116 "http://www.middleeastoday.com/?p=8264" "Mozilla/5.0 AppleWebKit/537.36 (KHTML, like Gecko; compatible; GPTBot/1.3; +https://openai.com/gptbot)"
148.113.128.20 - - [02/Mar/2026:12:35:55 -0500] "GET / HTTP/1.1" 200 32232 "-" "Mozilla/5.0 (compatible; AhrefsBot/7.0; +http://ahrefs.com/robot/)"
162.213.253.84 - - [02/Mar/2026:12:36:24 -0500] "POST /wp-cron.php?doing_wp_cron=1772472984.0147950649261474609375 HTTP/1.1" 200 0 "-" "WordPress/6.8.1; http://www.middleeastoday.com"
74.7.243.195 - - [02/Mar/2026:12:36:24 -0500] "GET /the-expand-north-star-2023-exhibition-showcases-cutting-edge-technology/ HTTP/1.1" 200 21192 "http://www.middleeastoday.com/?p=10352" "Mozilla/5.0 AppleWebKit/537.36 (KHTML, like Gecko; compatible; GPTBot/1.3; +https://openai.com/gptbot)"
216.73.216.24 - - [02/Mar/2026:12:36:29 -0500] "GET /robots.txt HTTP/1.1" 200 100 "-" "Mozilla/5.0 AppleWebKit/537.36 (KHTML, like Gecko; compatible; ClaudeBot/1.0; [email protected])"
162.213.253.84 - - [02/Mar/2026:12:36:31 -0500] "POST /wp-cron.php?doing_wp_cron=1772472991.3557629585266113281250 HTTP/1.1" 200 0 "-" "WordPress/6.8.1; http://www.middleeastoday.com"
216.73.216.24 - - [02/Mar/2026:12:36:31 -0500] "GET /author/admin/page/6/ HTTP/1.1" 200 21332 "http://www.middleeastoday.com/author/admin/page/6" "Mozilla/5.0 AppleWebKit/537.36 (KHTML, like Gecko; compatible; ClaudeBot/1.0; [email protected])"
74.7.243.195 - - [02/Mar/2026:12:37:29 -0500] "GET /ministerial-development-council-discusses-meeting-initiatives-and-legislations-to-support-government-work/ HTTP/1.1" 200 20234 "http://www.middleeastoday.com/saqr-ghobash-receives-ambassadors-of-china-czech-republic-mongolia/" "Mozilla/5.0 AppleWebKit/537.36 (KHTML, like Gecko; compatible; GPTBot/1.3; +https://openai.com/gptbot)"
74.7.243.195 - - [02/Mar/2026:12:38:10 -0500] "GET /new-installation-by-emirati-artist-mohamed-ibrahim-at-la-biennale-di-venezia-unveiled-in-the-uae/ HTTP/1.1" 200 22046 "http://www.middleeastoday.com/redtag-launches-arab-star-myriam-fares-endorsed-ramadan-collection/" "Mozilla/5.0 AppleWebKit/537.36 (KHTML, like Gecko; compatible; GPTBot/1.3; +https://openai.com/gptbot)"
162.213.253.84 - - [02/Mar/2026:12:34:46 -0500] "POST /wp-cron.php?doing_wp_cron=1772472886.9127089977264404296875 HTTP/1.1" 200 0 "-" "WordPress/6.8.1; http://www.middleeastoday.com"
74.7.243.195 - - [02/Mar/2026:12:34:47 -0500] "GET /sharjah-ruler-pardons-333-prisoners-ahead-of-uaes-51st-national-day/ HTTP/1.1" 200 21114 "http://www.middleeastoday.com/?p=9590" "Mozilla/5.0 AppleWebKit/537.36 (KHTML, like Gecko; compatible; GPTBot/1.3; +https://openai.com/gptbot)"
162.213.253.84 - - [02/Mar/2026:12:34:47 -0500] "POST /wp-admin/admin-ajax.php?action=async_litespeed&nonce=QBxnbTv6o1D987uLOA9Wt82pzAmT1wRA&litespeed_type=imgoptm HTTP/1.1" 200 21 "-" "WordPress/6.8.1; http://www.middleeastoday.com"
74.7.243.195 - - [02/Mar/2026:12:35:14 -0500] "GET /fab-facilitated-over-9-bn-worth-of-sustainable-projects-in-2022-ceo/ HTTP/1.1" 200 24083 "http://www.middleeastoday.com/?p=9766" "Mozilla/5.0 AppleWebKit/537.36 (KHTML, like Gecko; compatible; GPTBot/1.3; +https://openai.com/gptbot)"
74.7.243.195 - - [02/Mar/2026:12:35:42 -0500] "GET /dlds-moasher-tracks-highest-ever-number-of-quarterly-real-estate-transactions-since-2010/ HTTP/1.1" 200 21036 "http://www.middleeastoday.com/?p=8322" "Mozilla/5.0 AppleWebKit/537.36 (KHTML, like Gecko; compatible; GPTBot/1.3; +https://openai.com/gptbot)"
162.213.253.84 - - [02/Mar/2026:12:35:43 -0500] "POST /wp-admin/admin-ajax.php?action=async_litespeed&nonce=ONrbBhMLFJxADOI4mbffFf40R7uNaEVi&litespeed_type=imgoptm HTTP/1.1" 200 21 "-" "WordPress/6.8.1; http://www.middleeastoday.com"
74.7.243.195 - - [02/Mar/2026:12:36:07 -0500] "GET /?p=8527 HTTP/1.1" 301 0 "http://www.middleeastoday.com/ski-dubais-dxb-snow-run-to-kick-off-11th-june/" "Mozilla/5.0 AppleWebKit/537.36 (KHTML, like Gecko; compatible; GPTBot/1.3; +https://openai.com/gptbot)"
74.7.243.195 - - [02/Mar/2026:12:36:08 -0500] "GET /ski-dubais-dxb-snow-run-to-kick-off-11th-june/ HTTP/1.1" 200 20432 "http://www.middleeastoday.com/?p=8527" "Mozilla/5.0 AppleWebKit/537.36 (KHTML, like Gecko; compatible; GPTBot/1.3; +https://openai.com/gptbot)"
74.7.243.195 - - [02/Mar/2026:12:36:23 -0500] "GET /?p=10352 HTTP/1.1" 301 0 "http://www.middleeastoday.com/the-expand-north-star-2023-exhibition-showcases-cutting-edge-technology/" "Mozilla/5.0 AppleWebKit/537.36 (KHTML, like Gecko; compatible; GPTBot/1.3; +https://openai.com/gptbot)"
162.213.253.84 - - [02/Mar/2026:12:36:24 -0500] "POST /wp-admin/admin-ajax.php?action=async_litespeed&nonce=RMeWHpGkqbKHDH9gpKVA1FBVObOIzmgF&litespeed_type=imgoptm HTTP/1.1" 200 21 "-" "WordPress/6.8.1; http://www.middleeastoday.com"
216.73.216.24 - - [02/Mar/2026:12:36:30 -0500] "GET /author/admin/page/6 HTTP/1.1" 301 0 "-" "Mozilla/5.0 AppleWebKit/537.36 (KHTML, like Gecko; compatible; ClaudeBot/1.0; [email protected])"
74.7.243.195 - - [02/Mar/2026:12:36:49 -0500] "GET /wp-json/oembed/1.0/embed?format=xml&url=http%3A%2F%2Fwww.middleeastoday.com%2Fabdullah-bin-zayed-participates-in-g20-foreign-ministers-meeting-reiterates-uaes-support-of-indonesias-efforts%2F HTTP/1.1" 200 1246 "http://www.middleeastoday.com/abdullah-bin-zayed-participates-in-g20-foreign-ministers-meeting-reiterates-uaes-support-of-indonesias-efforts/" "Mozilla/5.0 AppleWebKit/537.36 (KHTML, like Gecko; compatible; GPTBot/1.3; +https://openai.com/gptbot)"
74.7.243.195 - - [02/Mar/2026:12:38:41 -0500] "GET /new-uae-ambassadors-sworn-in-before-uae-president/ HTTP/1.1" 200 21455 "http://www.middleeastoday.com/fab-facilitated-over-9-bn-worth-of-sustainable-projects-in-2022-ceo/" "Mozilla/5.0 AppleWebKit/537.36 (KHTML, like Gecko; compatible; GPTBot/1.3; +https://openai.com/gptbot)"
74.7.243.195 - - [02/Mar/2026:12:38:53 -0500] "GET /the-president-of-the-state-receives-the-sharjah-football-team-which-won-his-highnesss-cup/ HTTP/1.1" 200 20531 "http://www.middleeastoday.com/uae-delegation-explores-bilateral-opportunities-at-select-usa-investment-summit/" "Mozilla/5.0 AppleWebKit/537.36 (KHTML, like Gecko; compatible; GPTBot/1.3; +https://openai.com/gptbot)"
74.7.243.195 - - [02/Mar/2026:12:39:03 -0500] "GET /shurooq-announces-eco-retreats-najd-al-meqsar-village-and-the-serai-wing-bait-khalid-bin-ibrahim/ HTTP/1.1" 200 23658 "http://www.middleeastoday.com/opec-daily-basket-price-stands-at-116-50-a-barrel-thursday/" "Mozilla/5.0 AppleWebKit/537.36 (KHTML, like Gecko; compatible; GPTBot/1.3; +https://openai.com/gptbot)"
74.7.243.195 - - [02/Mar/2026:12:41:12 -0500] "GET /mohamed-bin-zayed-orders-disbursement-of-housing-loans-to-1347-citizens-in-abu-dhabi-worth-a-total-of-aed2-36bn/ HTTP/1.1" 200 20695 "http://www.middleeastoday.com/category/national-news/page/24/" "Mozilla/5.0 AppleWebKit/537.36 (KHTML, like Gecko; compatible; GPTBot/1.3; +https://openai.com/gptbot)"
74.7.243.195 - - [02/Mar/2026:12:41:27 -0500] "GET /shamsheer-vayalil-contributes-aed1-million-to-1billion-meals-initiative/ HTTP/1.1" 200 20821 "http://www.middleeastoday.com/sharjah-childrens-reading-festival-announces-extended-celebration-of-books-and-creativity/" "Mozilla/5.0 AppleWebKit/537.36 (KHTML, like Gecko; compatible; GPTBot/1.3; +https://openai.com/gptbot)"
74.7.243.195 - - [02/Mar/2026:12:41:34 -0500] "GET /abu-dhabis-real-estate-transactions-exceed-11-3-billion-aed-in-q1-2022/ HTTP/1.1" 200 20528 "http://www.middleeastoday.com/hamdan-bin-mohammed-performs-eid-al-fitr-prayer-at-zabeel-grand-mosque/" "Mozilla/5.0 AppleWebKit/537.36 (KHTML, like Gecko; compatible; GPTBot/1.3; +https://openai.com/gptbot)"
162.213.253.84 - - [02/Mar/2026:12:42:00 -0500] "POST /wp-cron.php?doing_wp_cron=1772473320.2623240947723388671875 HTTP/1.1" 200 0 "-" "WordPress/6.8.1; http://www.middleeastoday.com"
34.106.221.59 - - [02/Mar/2026:12:42:00 -0500] "HEAD /new-installation-by-emirati-artist-mohamed-ibrahim-at-la-biennale-di-venezia-unveiled-in-the-uae/ HTTP/1.1" 200 0 "http://middleeastoday.com/new/" "Mozilla/5.0 (Linux; Android 14; Xiaomi 14 Pro) AppleWebKit/537.36 (KHTML, like Gecko) Chrome/126.0.6478.33 Mobile Safari/537.36"
34.106.221.59 - - [02/Mar/2026:12:42:00 -0500] "HEAD /wordpress/ HTTP/1.1" 301 0 "-" "Mozilla/5.0 (iPhone; CPU iPhone OS 17_5 like Mac OS X) AppleWebKit/605.1.15 (KHTML, like Gecko) Version/17.5 Mobile/15E148 Safari/604.1"
