129.153.58.249 - - [11/Jun/2026:21:33:30 -0400] "GET /wp-login.php?redirect_to=https%3A%2F%2Ftejoversea.com%2Fwp-admin%2Findex.php&reauth=1 HTTP/1.1" 200 2273 "https://tejoversea.com/wp-login.php" "Mozilla/5.0 (Macintosh; Intel Mac OS X 10_15_7; rv:93.0) Gecko/20100101 Firefox/93.0"
129.153.58.249 - - [11/Jun/2026:21:33:35 -0400] "GET /wp-login.php?redirect_to=https%3A%2F%2Ftejoversea.com%2Fwp-admin%2Findex.php&reauth=1 HTTP/1.1" 200 2273 "https://tejoversea.com/wp-login.php" "Mozilla/5.0 (Macintosh; Intel Mac OS X 10_15_7; rv:93.0) Gecko/20100101 Firefox/93.0"
129.153.58.249 - - [11/Jun/2026:21:33:37 -0400] "GET /wp-admin/index.php HTTP/1.1" 302 0 "https://tejoversea.com/wp-login.php" "Mozilla/5.0 (X11; Linux x86_64) AppleWebKit/537.36 (KHTML, like Gecko) Chrome/92.0.4515.131 Safari/537.36"
129.153.58.249 - - [11/Jun/2026:21:33:05 -0400] "GET /wp-login.php?redirect_to=https%3A%2F%2Ftejoversea.com%2Fwp-admin%2Findex.php&reauth=1 HTTP/1.1" 200 2273 "https://tejoversea.com/wp-login.php" "Mozilla/5.0 (Macintosh; Intel Mac OS X 10_15_7) AppleWebKit/537.36 (KHTML, like Gecko) Chrome/91.0.4472.124 Safari/537.36"
162.213.253.84 - - [11/Jun/2026:21:33:12 -0400] "POST /wp-cron.php?doing_wp_cron=1781227992.3610670566558837890625 HTTP/1.1" 200 0 "https://tejoversea.com/wp-cron.php?doing_wp_cron=1781227992.3610670566558837890625" "WordPress/6.0.2; https://tejoversea.com"
129.153.58.249 - - [11/Jun/2026:21:33:16 -0400] "GET /wp-login.php?redirect_to=https%3A%2F%2Ftejoversea.com%2Fwp-admin%2Findex.php&reauth=1 HTTP/1.1" 200 2273 "https://tejoversea.com/wp-login.php" "Mozilla/5.0 (Macintosh; Intel Mac OS X 10_15_7) AppleWebKit/605.1.15 (KHTML, like Gecko) Version/15.0 Safari/605.1.15"
162.213.253.84 - - [11/Jun/2026:21:33:21 -0400] "POST /wp-admin/admin-ajax.php?action=async_litespeed&nonce=3fd19ed21d&litespeed_type=imgoptm HTTP/1.1" 200 0 "https://tejoversea.com/wp-admin/admin-ajax.php?action=async_litespeed&nonce=3fd19ed21d&litespeed_type=imgoptm" "WordPress/6.0.2; https://tejoversea.com"
129.153.58.249 - - [11/Jun/2026:21:33:20 -0400] "GET /wp-admin/index.php HTTP/1.1" 302 0 "https://tejoversea.com/wp-login.php" "Mozilla/5.0 (Macintosh; Intel Mac OS X 10_15_7) AppleWebKit/605.1.15 (KHTML, like Gecko) Version/15.0 Safari/605.1.15"
129.153.58.249 - - [11/Jun/2026:21:33:27 -0400] "GET /wp-admin/index.php HTTP/1.1" 302 0 "https://tejoversea.com/wp-login.php" "Mozilla/5.0 (Macintosh; Intel Mac OS X 10_15_7; rv:93.0) Gecko/20100101 Firefox/93.0"
129.153.58.249 - - [11/Jun/2026:21:33:32 -0400] "GET /wp-admin/index.php HTTP/1.1" 302 0 "https://tejoversea.com/wp-login.php" "Mozilla/5.0 (Macintosh; Intel Mac OS X 10_15_7; rv:93.0) Gecko/20100101 Firefox/93.0"
162.213.253.84 - - [11/Jun/2026:21:33:44 -0400] "POST /wp-cron.php?doing_wp_cron=1781228024.4633870124816894531250 HTTP/1.1" 200 0 "https://tejoversea.com/wp-cron.php?doing_wp_cron=1781228024.4633870124816894531250" "WordPress/6.0.2; https://tejoversea.com"
129.153.58.249 - - [11/Jun/2026:21:33:48 -0400] "GET /wp-admin/index.php HTTP/1.1" 302 0 "https://tejoversea.com/wp-login.php" "Mozilla/5.0 (X11; Linux x86_64) AppleWebKit/537.36 (KHTML, like Gecko) Chrome/93.0.4577.63 Safari/537.36"
129.153.58.249 - - [11/Jun/2026:21:33:52 -0400] "GET /wp-login.php?redirect_to=https%3A%2F%2Ftejoversea.com%2Fwp-admin%2Findex.php&reauth=1 HTTP/1.1" 200 2273 "https://tejoversea.com/wp-login.php" "Mozilla/5.0 (X11; Linux x86_64) AppleWebKit/537.36 (KHTML, like Gecko) Chrome/93.0.4577.63 Safari/537.36"
129.153.58.249 - - [11/Jun/2026:21:33:56 -0400] "GET /wp-login.php?redirect_to=https%3A%2F%2Ftejoversea.com%2Fwp-admin%2Findex.php&reauth=1 HTTP/1.1" 200 2273 "https://tejoversea.com/wp-login.php" "Mozilla/5.0 (X11; Linux x86_64) AppleWebKit/537.36 (KHTML, like Gecko) Chrome/93.0.4577.63 Safari/537.36"
129.153.58.249 - - [11/Jun/2026:21:34:07 -0400] "GET /wp-login.php?redirect_to=https%3A%2F%2Ftejoversea.com%2Fwp-admin%2Findex.php&reauth=1 HTTP/1.1" 200 2273 "https://tejoversea.com/wp-login.php" "Mozilla/5.0 (Macintosh; Intel Mac OS X 10_15_7) AppleWebKit/605.1.15 (KHTML, like Gecko) Version/14.1.1 Safari/605.1.15"
162.213.253.84 - - [11/Jun/2026:21:34:12 -0400] "POST /wp-cron.php?doing_wp_cron=1781228052.5498859882354736328125 HTTP/1.1" 200 0 "https://tejoversea.com/wp-cron.php?doing_wp_cron=1781228052.5498859882354736328125" "WordPress/6.0.2; https://tejoversea.com"
129.153.58.249 - - [11/Jun/2026:21:34:16 -0400] "GET /wp-admin/index.php HTTP/1.1" 302 0 "https://tejoversea.com/wp-login.php" "Mozilla/5.0 (Macintosh; Intel Mac OS X 10_15_7; rv:91.0) Gecko/20100101 Firefox/91.0"
129.153.58.249 - - [11/Jun/2026:21:34:19 -0400] "GET /wp-login.php?redirect_to=https%3A%2F%2Ftejoversea.com%2Fwp-admin%2Findex.php&reauth=1 HTTP/1.1" 200 2273 "https://tejoversea.com/wp-login.php" "Mozilla/5.0 (Macintosh; Intel Mac OS X 10_15_7; rv:91.0) Gecko/20100101 Firefox/91.0"
129.153.58.249 - - [11/Jun/2026:21:33:39 -0400] "GET /wp-login.php?redirect_to=https%3A%2F%2Ftejoversea.com%2Fwp-admin%2Findex.php&reauth=1 HTTP/1.1" 200 2273 "https://tejoversea.com/wp-login.php" "Mozilla/5.0 (X11; Linux x86_64) AppleWebKit/537.36 (KHTML, like Gecko) Chrome/92.0.4515.131 Safari/537.36"
129.153.58.249 - - [11/Jun/2026:21:33:42 -0400] "GET /wp-admin/index.php HTTP/1.1" 302 0 "https://tejoversea.com/wp-login.php" "Mozilla/5.0 (X11; Linux x86_64) AppleWebKit/537.36 (KHTML, like Gecko) Chrome/92.0.4515.131 Safari/537.36"
129.153.58.249 - - [11/Jun/2026:21:33:45 -0400] "GET /wp-login.php?redirect_to=https%3A%2F%2Ftejoversea.com%2Fwp-admin%2Findex.php&reauth=1 HTTP/1.1" 200 2273 "https://tejoversea.com/wp-login.php" "Mozilla/5.0 (X11; Linux x86_64) AppleWebKit/537.36 (KHTML, like Gecko) Chrome/92.0.4515.131 Safari/537.36"
129.153.58.249 - - [11/Jun/2026:21:33:54 -0400] "GET /wp-admin/index.php HTTP/1.1" 302 0 "https://tejoversea.com/wp-login.php" "Mozilla/5.0 (X11; Linux x86_64) AppleWebKit/537.36 (KHTML, like Gecko) Chrome/93.0.4577.63 Safari/537.36"
129.153.58.249 - - [11/Jun/2026:21:33:58 -0400] "GET /wp-admin/index.php HTTP/1.1" 302 0 "https://tejoversea.com/wp-login.php" "Mozilla/5.0 (Macintosh; Intel Mac OS X 10_15_7) AppleWebKit/605.1.15 (KHTML, like Gecko) Version/14.1.1 Safari/605.1.15"
129.153.58.249 - - [11/Jun/2026:21:34:01 -0400] "GET /wp-login.php?redirect_to=https%3A%2F%2Ftejoversea.com%2Fwp-admin%2Findex.php&reauth=1 HTTP/1.1" 200 2273 "https://tejoversea.com/wp-login.php" "Mozilla/5.0 (Macintosh; Intel Mac OS X 10_15_7) AppleWebKit/605.1.15 (KHTML, like Gecko) Version/14.1.1 Safari/605.1.15"
129.153.58.249 - - [11/Jun/2026:21:34:04 -0400] "GET /wp-admin/index.php HTTP/1.1" 302 0 "https://tejoversea.com/wp-login.php" "Mozilla/5.0 (Macintosh; Intel Mac OS X 10_15_7) AppleWebKit/605.1.15 (KHTML, like Gecko) Version/14.1.1 Safari/605.1.15"
129.153.58.249 - - [11/Jun/2026:21:34:09 -0400] "GET /wp-admin/index.php HTTP/1.1" 302 0 "https://tejoversea.com/wp-login.php" "Mozilla/5.0 (Macintosh; Intel Mac OS X 10_15_7; rv:91.0) Gecko/20100101 Firefox/91.0"
129.153.58.249 - - [11/Jun/2026:21:34:13 -0400] "GET /wp-login.php?redirect_to=https%3A%2F%2Ftejoversea.com%2Fwp-admin%2Findex.php&reauth=1 HTTP/1.1" 200 2273 "https://tejoversea.com/wp-login.php" "Mozilla/5.0 (Macintosh; Intel Mac OS X 10_15_7; rv:91.0) Gecko/20100101 Firefox/91.0"
162.213.253.84 - - [11/Jun/2026:21:34:18 -0400] "POST /wp-cron.php?doing_wp_cron=1781228058.5627710819244384765625 HTTP/1.1" 200 0 "https://tejoversea.com/wp-cron.php?doing_wp_cron=1781228058.5627710819244384765625" "WordPress/6.0.2; https://tejoversea.com"
162.213.253.84 - - [11/Jun/2026:21:34:21 -0400] "POST /wp-admin/admin-ajax.php?action=async_litespeed&nonce=3fd19ed21d&litespeed_type=imgoptm HTTP/1.1" 200 0 "https://tejoversea.com/wp-admin/admin-ajax.php?action=async_litespeed&nonce=3fd19ed21d&litespeed_type=imgoptm" "WordPress/6.0.2; https://tejoversea.com"
129.153.58.249 - - [11/Jun/2026:21:34:29 -0400] "GET /wp-admin/index.php HTTP/1.1" 302 0 "https://tejoversea.com/wp-login.php" "Mozilla/5.0 (Windows NT 6.1; Win64; x64) AppleWebKit/537.36 (KHTML, like Gecko) Chrome/90.0.4430.212 Safari/537.36"
129.153.58.249 - - [11/Jun/2026:21:34:32 -0400] "GET /wp-login.php?redirect_to=https%3A%2F%2Ftejoversea.com%2Fwp-admin%2Findex.php&reauth=1 HTTP/1.1" 200 2273 "https://tejoversea.com/wp-login.php" "Mozilla/5.0 (Windows NT 6.1; Win64; x64) AppleWebKit/537.36 (KHTML, like Gecko) Chrome/90.0.4430.212 Safari/537.36"
129.153.58.249 - - [11/Jun/2026:21:34:34 -0400] "GET /wp-admin/index.php HTTP/1.1" 302 0 "https://tejoversea.com/wp-login.php" "Mozilla/5.0 (X11; Linux x86_64) AppleWebKit/537.36 (KHTML, like Gecko) Chrome/92.0.4515.131 Safari/537.36"
129.153.58.249 - - [11/Jun/2026:21:34:38 -0400] "GET /wp-login.php?redirect_to=https%3A%2F%2Ftejoversea.com%2Fwp-admin%2Findex.php&reauth=1 HTTP/1.1" 200 2273 "https://tejoversea.com/wp-login.php" "Mozilla/5.0 (X11; Linux x86_64) AppleWebKit/537.36 (KHTML, like Gecko) Chrome/92.0.4515.131 Safari/537.36"
129.153.58.249 - - [11/Jun/2026:21:34:42 -0400] "GET /wp-admin/index.php HTTP/1.1" 302 0 "https://tejoversea.com/wp-login.php" "Mozilla/5.0 (X11; Linux x86_64) AppleWebKit/537.36 (KHTML, like Gecko) Chrome/92.0.4515.131 Safari/537.36"
129.153.58.249 - - [11/Jun/2026:21:34:47 -0400] "GET /wp-admin/index.php HTTP/1.1" 302 0 "https://tejoversea.com/wp-login.php" "Mozilla/5.0 (Macintosh; Intel Mac OS X 10_15_7) AppleWebKit/605.1.15 (KHTML, like Gecko) Version/14.1 Safari/605.1.15"
129.153.58.249 - - [11/Jun/2026:21:34:59 -0400] "GET /wp-admin/index.php HTTP/1.1" 302 0 "https://tejoversea.com/wp-login.php" "Mozilla/5.0 (Windows NT 10.0; Win64; x64) AppleWebKit/537.36 (KHTML, like Gecko) Chrome/93.0.4577.63 Safari/537.36"
129.153.58.249 - - [11/Jun/2026:21:35:02 -0400] "GET /wp-login.php?redirect_to=https%3A%2F%2Ftejoversea.com%2Fwp-admin%2Findex.php&reauth=1 HTTP/1.1" 200 2273 "https://tejoversea.com/wp-login.php" "Mozilla/5.0 (Windows NT 10.0; Win64; x64) AppleWebKit/537.36 (KHTML, like Gecko) Chrome/93.0.4577.63 Safari/537.36"
129.153.58.249 - - [11/Jun/2026:21:35:05 -0400] "GET /wp-admin/index.php HTTP/1.1" 302 0 "https://tejoversea.com/wp-login.php" "Mozilla/5.0 (Windows NT 10.0; Win64; x64) AppleWebKit/537.36 (KHTML, like Gecko) Chrome/93.0.4577.63 Safari/537.36"
162.213.253.84 - - [11/Jun/2026:21:35:13 -0400] "POST /wp-cron.php?doing_wp_cron=1781228113.2418038845062255859375 HTTP/1.1" 200 0 "https://tejoversea.com/wp-cron.php?doing_wp_cron=1781228113.2418038845062255859375" "WordPress/6.0.2; https://tejoversea.com"
129.153.58.249 - - [11/Jun/2026:21:35:10 -0400] "GET /wp-admin/index.php HTTP/1.1" 302 0 "https://tejoversea.com/wp-login.php" "Mozilla/5.0 (Windows NT 6.1; Win64; x64; rv:89.0) Gecko/20100101 Firefox/89.0.2"
129.153.58.249 - - [11/Jun/2026:21:35:14 -0400] "GET /wp-login.php?redirect_to=https%3A%2F%2Ftejoversea.com%2Fwp-admin%2Findex.php&reauth=1 HTTP/1.1" 200 2273 "https://tejoversea.com/wp-login.php" "Mozilla/5.0 (Windows NT 6.1; Win64; x64; rv:89.0) Gecko/20100101 Firefox/89.0.2"
162.213.253.84 - - [11/Jun/2026:21:35:20 -0400] "POST /wp-cron.php?doing_wp_cron=1781228120.0679349899291992187500 HTTP/1.1" 200 0 "https://tejoversea.com/wp-cron.php?doing_wp_cron=1781228120.0679349899291992187500" "WordPress/6.0.2; https://tejoversea.com"
129.153.58.249 - - [11/Jun/2026:21:35:17 -0400] "GET /wp-admin/index.php HTTP/1.1" 302 0 "https://tejoversea.com/wp-login.php" "Mozilla/5.0 (Windows NT 6.1; Win64; x64; rv:89.0) Gecko/20100101 Firefox/89.0.2"
162.213.253.84 - - [11/Jun/2026:21:35:23 -0400] "POST /wp-admin/admin-ajax.php?action=async_litespeed&nonce=3fd19ed21d&litespeed_type=imgoptm HTTP/1.1" 200 0 "https://tejoversea.com/wp-admin/admin-ajax.php?action=async_litespeed&nonce=3fd19ed21d&litespeed_type=imgoptm" "WordPress/6.0.2; https://tejoversea.com"
129.153.58.249 - - [11/Jun/2026:21:35:25 -0400] "GET /wp-admin/index.php HTTP/1.1" 302 0 "https://tejoversea.com/wp-login.php" "Mozilla/5.0 (Windows NT 10.0; Win64; x64) AppleWebKit/537.36 (KHTML, like Gecko) Chrome/91.0.4472.124 Safari/537.36"
129.153.58.249 - - [11/Jun/2026:21:35:28 -0400] "GET /wp-login.php?redirect_to=https%3A%2F%2Ftejoversea.com%2Fwp-admin%2Findex.php&reauth=1 HTTP/1.1" 200 2273 "https://tejoversea.com/wp-login.php" "Mozilla/5.0 (Windows NT 10.0; Win64; x64) AppleWebKit/537.36 (KHTML, like Gecko) Chrome/91.0.4472.124 Safari/537.36"
129.153.58.249 - - [11/Jun/2026:21:35:34 -0400] "GET /wp-login.php?redirect_to=https%3A%2F%2Ftejoversea.com%2Fwp-admin%2Findex.php&reauth=1 HTTP/1.1" 200 2273 "https://tejoversea.com/wp-login.php" "Mozilla/5.0 (Windows NT 10.0; Win64; x64) AppleWebKit/537.36 (KHTML, like Gecko) Chrome/91.0.4472.124 Safari/537.36"
129.153.58.249 - - [11/Jun/2026:21:35:39 -0400] "GET /wp-login.php?redirect_to=https%3A%2F%2Ftejoversea.com%2Fwp-admin%2Findex.php&reauth=1 HTTP/1.1" 200 2273 "https://tejoversea.com/wp-login.php" "Mozilla/5.0 (Macintosh; Intel Mac OS X 10_15_7) AppleWebKit/537.36 (KHTML, like Gecko) Chrome/91.0.4472.124 Safari/537.36"
129.153.58.249 - - [11/Jun/2026:21:34:22 -0400] "GET /wp-admin/index.php HTTP/1.1" 302 0 "https://tejoversea.com/wp-login.php" "Mozilla/5.0 (Windows NT 6.1; Win64; x64) AppleWebKit/537.36 (KHTML, like Gecko) Chrome/90.0.4430.212 Safari/537.36"
129.153.58.249 - - [11/Jun/2026:21:34:26 -0400] "GET /wp-login.php?redirect_to=https%3A%2F%2Ftejoversea.com%2Fwp-admin%2Findex.php&reauth=1 HTTP/1.1" 200 2273 "https://tejoversea.com/wp-login.php" "Mozilla/5.0 (Windows NT 6.1; Win64; x64) AppleWebKit/537.36 (KHTML, like Gecko) Chrome/90.0.4430.212 Safari/537.36"
129.153.58.249 - - [11/Jun/2026:21:34:44 -0400] "GET /wp-login.php?redirect_to=https%3A%2F%2Ftejoversea.com%2Fwp-admin%2Findex.php&reauth=1 HTTP/1.1" 200 2273 "https://tejoversea.com/wp-login.php" "Mozilla/5.0 (X11; Linux x86_64) AppleWebKit/537.36 (KHTML, like Gecko) Chrome/92.0.4515.131 Safari/537.36"
129.153.58.249 - - [11/Jun/2026:21:34:51 -0400] "GET /wp-login.php?redirect_to=https%3A%2F%2Ftejoversea.com%2Fwp-admin%2Findex.php&reauth=1 HTTP/1.1" 200 2273 "https://tejoversea.com/wp-login.php" "Mozilla/5.0 (Macintosh; Intel Mac OS X 10_15_7) AppleWebKit/605.1.15 (KHTML, like Gecko) Version/14.1 Safari/605.1.15"
129.153.58.249 - - [11/Jun/2026:21:34:54 -0400] "GET /wp-admin/index.php HTTP/1.1" 302 0 "https://tejoversea.com/wp-login.php" "Mozilla/5.0 (Macintosh; Intel Mac OS X 10_15_7) AppleWebKit/605.1.15 (KHTML, like Gecko) Version/14.1 Safari/605.1.15"
129.153.58.249 - - [11/Jun/2026:21:34:57 -0400] "GET /wp-login.php?redirect_to=https%3A%2F%2Ftejoversea.com%2Fwp-admin%2Findex.php&reauth=1 HTTP/1.1" 200 2273 "https://tejoversea.com/wp-login.php" "Mozilla/5.0 (Macintosh; Intel Mac OS X 10_15_7) AppleWebKit/605.1.15 (KHTML, like Gecko) Version/14.1 Safari/605.1.15"
129.153.58.249 - - [11/Jun/2026:21:35:08 -0400] "GET /wp-login.php?redirect_to=https%3A%2F%2Ftejoversea.com%2Fwp-admin%2Findex.php&reauth=1 HTTP/1.1" 200 2273 "https://tejoversea.com/wp-login.php" "Mozilla/5.0 (Windows NT 10.0; Win64; x64) AppleWebKit/537.36 (KHTML, like Gecko) Chrome/93.0.4577.63 Safari/537.36"
129.153.58.249 - - [11/Jun/2026:21:35:21 -0400] "GET /wp-login.php?redirect_to=https%3A%2F%2Ftejoversea.com%2Fwp-admin%2Findex.php&reauth=1 HTTP/1.1" 200 2273 "https://tejoversea.com/wp-login.php" "Mozilla/5.0 (Windows NT 6.1; Win64; x64; rv:89.0) Gecko/20100101 Firefox/89.0.2"
129.153.58.249 - - [11/Jun/2026:21:35:31 -0400] "GET /wp-admin/index.php HTTP/1.1" 302 0 "https://tejoversea.com/wp-login.php" "Mozilla/5.0 (Windows NT 10.0; Win64; x64) AppleWebKit/537.36 (KHTML, like Gecko) Chrome/91.0.4472.124 Safari/537.36"
129.153.58.249 - - [11/Jun/2026:21:35:36 -0400] "GET /wp-admin/index.php HTTP/1.1" 302 0 "https://tejoversea.com/wp-login.php" "Mozilla/5.0 (Macintosh; Intel Mac OS X 10_15_7) AppleWebKit/537.36 (KHTML, like Gecko) Chrome/91.0.4472.124 Safari/537.36"
129.153.58.249 - - [11/Jun/2026:21:35:44 -0400] "GET /wp-login.php?redirect_to=https%3A%2F%2Ftejoversea.com%2Fwp-admin%2Findex.php&reauth=1 HTTP/1.1" 200 2273 "https://tejoversea.com/wp-login.php" "Mozilla/5.0 (Macintosh; Intel Mac OS X 10_15_7) AppleWebKit/537.36 (KHTML, like Gecko) Chrome/91.0.4472.124 Safari/537.36"
129.153.58.249 - - [11/Jun/2026:21:35:54 -0400] "GET /wp-login.php?redirect_to=https%3A%2F%2Ftejoversea.com%2Fwp-admin%2Findex.php&reauth=1 HTTP/1.1" 200 2273 "https://tejoversea.com/wp-login.php" "Mozilla/5.0 (X11; Linux x86_64; rv:90.0) Gecko/20100101 Firefox/90.0.1"
129.153.58.249 - - [11/Jun/2026:21:36:05 -0400] "GET /wp-login.php?redirect_to=https%3A%2F%2Ftejoversea.com%2Fwp-admin%2Findex.php&reauth=1 HTTP/1.1" 200 2273 "https://tejoversea.com/wp-login.php" "Mozilla/5.0 (Windows NT 10.0; Win64; x64) AppleWebKit/605.1.15 (KHTML, like Gecko) Version/14.1 Safari/605.1.15"
129.153.58.249 - - [11/Jun/2026:21:36:13 -0400] "GET /wp-admin/index.php HTTP/1.1" 302 0 "https://tejoversea.com/wp-login.php" "Mozilla/5.0 (Windows NT 10.0; Win64; x64) AppleWebKit/605.1.15 (KHTML, like Gecko) Version/14.1.1 Safari/605.1.15"
129.153.58.249 - - [11/Jun/2026:21:35:41 -0400] "GET /wp-admin/index.php HTTP/1.1" 302 0 "https://tejoversea.com/wp-login.php" "Mozilla/5.0 (Macintosh; Intel Mac OS X 10_15_7) AppleWebKit/537.36 (KHTML, like Gecko) Chrome/91.0.4472.124 Safari/537.36"
129.153.58.249 - - [11/Jun/2026:21:35:46 -0400] "GET /wp-admin/index.php HTTP/1.1" 302 0 "https://tejoversea.com/wp-login.php" "Mozilla/5.0 (X11; Linux x86_64; rv:90.0) Gecko/20100101 Firefox/90.0.1"
129.153.58.249 - - [11/Jun/2026:21:35:50 -0400] "GET /wp-login.php?redirect_to=https%3A%2F%2Ftejoversea.com%2Fwp-admin%2Findex.php&reauth=1 HTTP/1.1" 200 2273 "https://tejoversea.com/wp-login.php" "Mozilla/5.0 (X11; Linux x86_64; rv:90.0) Gecko/20100101 Firefox/90.0.1"
129.153.58.249 - - [11/Jun/2026:21:35:52 -0400] "GET /wp-admin/index.php HTTP/1.1" 302 0 "https://tejoversea.com/wp-login.php" "Mozilla/5.0 (X11; Linux x86_64; rv:90.0) Gecko/20100101 Firefox/90.0.1"
129.153.58.249 - - [11/Jun/2026:21:35:57 -0400] "GET /wp-admin/index.php HTTP/1.1" 302 0 "https://tejoversea.com/wp-login.php" "Mozilla/5.0 (Windows NT 10.0; Win64; x64) AppleWebKit/605.1.15 (KHTML, like Gecko) Version/14.1 Safari/605.1.15"
129.153.58.249 - - [11/Jun/2026:21:35:59 -0400] "GET /wp-login.php?redirect_to=https%3A%2F%2Ftejoversea.com%2Fwp-admin%2Findex.php&reauth=1 HTTP/1.1" 200 2273 "https://tejoversea.com/wp-login.php" "Mozilla/5.0 (Windows NT 10.0; Win64; x64) AppleWebKit/605.1.15 (KHTML, like Gecko) Version/14.1 Safari/605.1.15"
129.153.58.249 - - [11/Jun/2026:21:36:01 -0400] "GET /wp-admin/index.php HTTP/1.1" 302 0 "https://tejoversea.com/wp-login.php" "Mozilla/5.0 (Windows NT 10.0; Win64; x64) AppleWebKit/605.1.15 (KHTML, like Gecko) Version/14.1 Safari/605.1.15"
129.153.58.249 - - [11/Jun/2026:21:36:07 -0400] "GET /wp-admin/index.php HTTP/1.1" 302 0 "https://tejoversea.com/wp-login.php" "Mozilla/5.0 (Windows NT 10.0; Win64; x64) AppleWebKit/605.1.15 (KHTML, like Gecko) Version/14.1.1 Safari/605.1.15"
162.213.253.84 - - [11/Jun/2026:21:36:12 -0400] "POST /wp-cron.php?doing_wp_cron=1781228172.0556130409240722656250 HTTP/1.1" 200 0 "https://tejoversea.com/wp-cron.php?doing_wp_cron=1781228172.0556130409240722656250" "WordPress/6.0.2; https://tejoversea.com"
129.153.58.249 - - [11/Jun/2026:21:36:10 -0400] "GET /wp-login.php?redirect_to=https%3A%2F%2Ftejoversea.com%2Fwp-admin%2Findex.php&reauth=1 HTTP/1.1" 200 2273 "https://tejoversea.com/wp-login.php" "Mozilla/5.0 (Windows NT 10.0; Win64; x64) AppleWebKit/605.1.15 (KHTML, like Gecko) Version/14.1.1 Safari/605.1.15"
129.153.58.249 - - [11/Jun/2026:21:36:16 -0400] "GET /wp-login.php?redirect_to=https%3A%2F%2Ftejoversea.com%2Fwp-admin%2Findex.php&reauth=1 HTTP/1.1" 200 2273 "https://tejoversea.com/wp-login.php" "Mozilla/5.0 (Windows NT 10.0; Win64; x64) AppleWebKit/605.1.15 (KHTML, like Gecko) Version/14.1.1 Safari/605.1.15"
129.153.58.249 - - [11/Jun/2026:21:36:19 -0400] "GET /wp-admin/index.php HTTP/1.1" 302 0 "https://tejoversea.com/wp-login.php" "Mozilla/5.0 (Macintosh; Intel Mac OS X 10_15_7) AppleWebKit/537.36 (KHTML, like Gecko) Chrome/93.0.4577.63 Safari/537.36"
129.153.58.249 - - [11/Jun/2026:21:36:25 -0400] "GET /wp-admin/index.php HTTP/1.1" 302 0 "https://tejoversea.com/wp-login.php" "Mozilla/5.0 (Macintosh; Intel Mac OS X 10_15_7) AppleWebKit/537.36 (KHTML, like Gecko) Chrome/93.0.4577.63 Safari/537.36"
129.153.58.249 - - [11/Jun/2026:21:36:28 -0400] "GET /wp-login.php?redirect_to=https%3A%2F%2Ftejoversea.com%2Fwp-admin%2Findex.php&reauth=1 HTTP/1.1" 200 2273 "https://tejoversea.com/wp-login.php" "Mozilla/5.0 (Macintosh; Intel Mac OS X 10_15_7) AppleWebKit/537.36 (KHTML, like Gecko) Chrome/93.0.4577.63 Safari/537.36"
129.153.58.249 - - [11/Jun/2026:21:36:37 -0400] "GET /wp-login.php?redirect_to=https%3A%2F%2Ftejoversea.com%2Fwp-admin%2Findex.php&reauth=1 HTTP/1.1" 200 2273 "https://tejoversea.com/wp-login.php" "Mozilla/5.0 (Windows NT 6.1; Win64; x64; rv:92.0) Gecko/20100101 Firefox/92.0"
162.213.253.84 - - [11/Jun/2026:21:36:18 -0400] "POST /wp-cron.php?doing_wp_cron=1781228178.0597178936004638671875 HTTP/1.1" 200 0 "https://tejoversea.com/wp-cron.php?doing_wp_cron=1781228178.0597178936004638671875" "WordPress/6.0.2; https://tejoversea.com"
162.213.253.84 - - [11/Jun/2026:21:36:21 -0400] "POST /wp-admin/admin-ajax.php?action=async_litespeed&nonce=3fd19ed21d&litespeed_type=imgoptm HTTP/1.1" 200 0 "https://tejoversea.com/wp-admin/admin-ajax.php?action=async_litespeed&nonce=3fd19ed21d&litespeed_type=imgoptm" "WordPress/6.0.2; https://tejoversea.com"
129.153.58.249 - - [11/Jun/2026:21:36:23 -0400] "GET /wp-login.php?redirect_to=https%3A%2F%2Ftejoversea.com%2Fwp-admin%2Findex.php&reauth=1 HTTP/1.1" 200 2273 "https://tejoversea.com/wp-login.php" "Mozilla/5.0 (Macintosh; Intel Mac OS X 10_15_7) AppleWebKit/537.36 (KHTML, like Gecko) Chrome/93.0.4577.63 Safari/537.36"
129.153.58.249 - - [11/Jun/2026:21:36:30 -0400] "GET /wp-admin/index.php HTTP/1.1" 302 0 "https://tejoversea.com/wp-login.php" "Mozilla/5.0 (Windows NT 6.1; Win64; x64; rv:92.0) Gecko/20100101 Firefox/92.0"
129.153.58.249 - - [11/Jun/2026:21:36:32 -0400] "GET /wp-login.php?redirect_to=https%3A%2F%2Ftejoversea.com%2Fwp-admin%2Findex.php&reauth=1 HTTP/1.1" 200 2273 "https://tejoversea.com/wp-login.php" "Mozilla/5.0 (Windows NT 6.1; Win64; x64; rv:92.0) Gecko/20100101 Firefox/92.0"
129.153.58.249 - - [11/Jun/2026:21:36:35 -0400] "GET /wp-admin/index.php HTTP/1.1" 302 0 "https://tejoversea.com/wp-login.php" "Mozilla/5.0 (Windows NT 6.1; Win64; x64; rv:92.0) Gecko/20100101 Firefox/92.0"
129.153.58.249 - - [11/Jun/2026:21:36:39 -0400] "GET /wp-admin/index.php HTTP/1.1" 302 0 "https://tejoversea.com/wp-login.php" "Mozilla/5.0 (Macintosh; Intel Mac OS X 10_15_7) AppleWebKit/537.36 (KHTML, like Gecko) Chrome/91.0.4472.124 Safari/537.36"
129.153.58.249 - - [11/Jun/2026:21:36:44 -0400] "GET /wp-admin/index.php HTTP/1.1" 302 0 "https://tejoversea.com/wp-login.php" "Mozilla/5.0 (Macintosh; Intel Mac OS X 10_15_7) AppleWebKit/537.36 (KHTML, like Gecko) Chrome/91.0.4472.124 Safari/537.36"
129.153.58.249 - - [11/Jun/2026:21:36:47 -0400] "GET /wp-login.php?redirect_to=https%3A%2F%2Ftejoversea.com%2Fwp-admin%2Findex.php&reauth=1 HTTP/1.1" 200 2273 "https://tejoversea.com/wp-login.php" "Mozilla/5.0 (Macintosh; Intel Mac OS X 10_15_7) AppleWebKit/537.36 (KHTML, like Gecko) Chrome/91.0.4472.124 Safari/537.36"
129.153.58.249 - - [11/Jun/2026:21:36:55 -0400] "GET /wp-admin/index.php HTTP/1.1" 302 0 "https://tejoversea.com/wp-login.php" "Mozilla/5.0 (X11; Linux x86_64) AppleWebKit/537.36 (KHTML, like Gecko) Chrome/91.0.4472.124 Safari/537.36"
129.153.58.249 - - [11/Jun/2026:21:36:57 -0400] "GET /wp-login.php?redirect_to=https%3A%2F%2Ftejoversea.com%2Fwp-admin%2Findex.php&reauth=1 HTTP/1.1" 200 2273 "https://tejoversea.com/wp-login.php" "Mozilla/5.0 (X11; Linux x86_64) AppleWebKit/537.36 (KHTML, like Gecko) Chrome/91.0.4472.124 Safari/537.36"
129.153.58.249 - - [11/Jun/2026:21:37:06 -0400] "GET /wp-admin/index.php HTTP/1.1" 302 0 "https://tejoversea.com/wp-login.php" "Mozilla/5.0 (Windows NT 10.0; Win64; x64) AppleWebKit/605.1.15 (KHTML, like Gecko) Version/14.0.3 Safari/605.1.15"
129.153.58.249 - - [11/Jun/2026:21:37:12 -0400] "GET /wp-admin/index.php HTTP/1.1" 302 0 "https://tejoversea.com/wp-login.php" "Mozilla/5.0 (Windows NT 10.0; Win64; x64; rv:90.0) Gecko/20100101 Firefox/90.0.1"
162.213.253.84 - - [11/Jun/2026:21:37:18 -0400] "POST /wp-cron.php?doing_wp_cron=1781228238.2458739280700683593750 HTTP/1.1" 200 0 "https://tejoversea.com/wp-cron.php?doing_wp_cron=1781228238.2458739280700683593750" "WordPress/6.0.2; https://tejoversea.com"
162.213.253.84 - - [11/Jun/2026:21:37:20 -0400] "POST /wp-admin/admin-ajax.php?action=async_litespeed&nonce=3fd19ed21d&litespeed_type=imgoptm HTTP/1.1" 200 0 "https://tejoversea.com/wp-admin/admin-ajax.php?action=async_litespeed&nonce=3fd19ed21d&litespeed_type=imgoptm" "WordPress/6.0.2; https://tejoversea.com"
129.153.58.249 - - [11/Jun/2026:21:36:42 -0400] "GET /wp-login.php?redirect_to=https%3A%2F%2Ftejoversea.com%2Fwp-admin%2Findex.php&reauth=1 HTTP/1.1" 200 2273 "https://tejoversea.com/wp-login.php" "Mozilla/5.0 (Macintosh; Intel Mac OS X 10_15_7) AppleWebKit/537.36 (KHTML, like Gecko) Chrome/91.0.4472.124 Safari/537.36"
129.153.58.249 - - [11/Jun/2026:21:36:50 -0400] "GET /wp-admin/index.php HTTP/1.1" 302 0 "https://tejoversea.com/wp-login.php" "Mozilla/5.0 (X11; Linux x86_64) AppleWebKit/537.36 (KHTML, like Gecko) Chrome/91.0.4472.124 Safari/537.36"
129.153.58.249 - - [11/Jun/2026:21:36:53 -0400] "GET /wp-login.php?redirect_to=https%3A%2F%2Ftejoversea.com%2Fwp-admin%2Findex.php&reauth=1 HTTP/1.1" 200 2273 "https://tejoversea.com/wp-login.php" "Mozilla/5.0 (X11; Linux x86_64) AppleWebKit/537.36 (KHTML, like Gecko) Chrome/91.0.4472.124 Safari/537.36"
129.153.58.249 - - [11/Jun/2026:21:36:59 -0400] "GET /wp-admin/index.php HTTP/1.1" 302 0 "https://tejoversea.com/wp-login.php" "Mozilla/5.0 (Windows NT 10.0; Win64; x64) AppleWebKit/605.1.15 (KHTML, like Gecko) Version/14.0.3 Safari/605.1.15"
129.153.58.249 - - [11/Jun/2026:21:37:02 -0400] "GET /wp-login.php?redirect_to=https%3A%2F%2Ftejoversea.com%2Fwp-admin%2Findex.php&reauth=1 HTTP/1.1" 200 2273 "https://tejoversea.com/wp-login.php" "Mozilla/5.0 (Windows NT 10.0; Win64; x64) AppleWebKit/605.1.15 (KHTML, like Gecko) Version/14.0.3 Safari/605.1.15"
162.213.253.84 - - [11/Jun/2026:21:37:11 -0400] "POST /wp-cron.php?doing_wp_cron=1781228231.3481459617614746093750 HTTP/1.1" 200 0 "https://tejoversea.com/wp-cron.php?doing_wp_cron=1781228231.3481459617614746093750" "WordPress/6.0.2; https://tejoversea.com"
129.153.58.249 - - [11/Jun/2026:21:37:09 -0400] "GET /wp-login.php?redirect_to=https%3A%2F%2Ftejoversea.com%2Fwp-admin%2Findex.php&reauth=1 HTTP/1.1" 200 2273 "https://tejoversea.com/wp-login.php" "Mozilla/5.0 (Windows NT 10.0; Win64; x64) AppleWebKit/605.1.15 (KHTML, like Gecko) Version/14.0.3 Safari/605.1.15"
129.153.58.249 - - [11/Jun/2026:21:37:16 -0400] "GET /wp-login.php?redirect_to=https%3A%2F%2Ftejoversea.com%2Fwp-admin%2Findex.php&reauth=1 HTTP/1.1" 200 2273 "https://tejoversea.com/wp-login.php" "Mozilla/5.0 (Windows NT 10.0; Win64; x64; rv:90.0) Gecko/20100101 Firefox/90.0.1"
129.153.58.249 - - [11/Jun/2026:21:37:19 -0400] "GET /wp-admin/index.php HTTP/1.1" 302 0 "https://tejoversea.com/wp-login.php" "Mozilla/5.0 (Windows NT 10.0; Win64; x64; rv:90.0) Gecko/20100101 Firefox/90.0.1"
129.153.58.249 - - [11/Jun/2026:21:37:23 -0400] "GET /wp-login.php?redirect_to=https%3A%2F%2Ftejoversea.com%2Fwp-admin%2Findex.php&reauth=1 HTTP/1.1" 200 2273 "https://tejoversea.com/wp-login.php" "Mozilla/5.0 (Windows NT 10.0; Win64; x64; rv:90.0) Gecko/20100101 Firefox/90.0.1"
129.153.58.249 - - [11/Jun/2026:21:37:31 -0400] "GET /wp-admin/index.php HTTP/1.1" 302 0 "https://tejoversea.com/wp-login.php" "Mozilla/5.0 (Windows NT 10.0; Win64; x64) AppleWebKit/537.36 (KHTML, like Gecko) Chrome/92.0.4515.131 Safari/537.36"
129.153.58.249 - - [11/Jun/2026:21:37:35 -0400] "GET /wp-login.php?redirect_to=https%3A%2F%2Ftejoversea.com%2Fwp-admin%2Findex.php&reauth=1 HTTP/1.1" 200 2273 "https://tejoversea.com/wp-login.php" "Mozilla/5.0 (Windows NT 10.0; Win64; x64) AppleWebKit/537.36 (KHTML, like Gecko) Chrome/92.0.4515.131 Safari/537.36"
110.249.201.57 - - [11/Jun/2026:21:43:45 -0400] "GET /robots.txt HTTP/1.1" 200 281 "-" "Mozilla/5.0 (Linux; Android 5.0) AppleWebKit/537.36 (KHTML, like Gecko) Mobile Safari/537.36 (compatible; Bytespider; https://zhanzhang.toutiao.com/)"
129.153.58.249 - - [11/Jun/2026:21:37:25 -0400] "GET /wp-admin/index.php HTTP/1.1" 302 0 "https://tejoversea.com/wp-login.php" "Mozilla/5.0 (Windows NT 10.0; Win64; x64) AppleWebKit/537.36 (KHTML, like Gecko) Chrome/92.0.4515.131 Safari/537.36"
129.153.58.249 - - [11/Jun/2026:21:37:28 -0400] "GET /wp-login.php?redirect_to=https%3A%2F%2Ftejoversea.com%2Fwp-admin%2Findex.php&reauth=1 HTTP/1.1" 200 2273 "https://tejoversea.com/wp-login.php" "Mozilla/5.0 (Windows NT 10.0; Win64; x64) AppleWebKit/537.36 (KHTML, like Gecko) Chrome/92.0.4515.131 Safari/537.36"
162.213.253.84 - - [11/Jun/2026:22:26:17 -0400] "POST /wp-cron.php?doing_wp_cron=1781231177.7688279151916503906250 HTTP/1.1" 200 0 "https://tejoversea.com/wp-cron.php?doing_wp_cron=1781231177.7688279151916503906250" "WordPress/6.0.2; https://tejoversea.com"
205.185.116.245 - - [11/Jun/2026:22:26:16 -0400] "POST /wp-login.php HTTP/1.1" 200 6700 "-" "Mozilla/5.0 (Windows NT 10.0; Win64; x64) AppleWebKit/537.36 (KHTML, like Gecko) Chrome/121.0.0.0 Safari/537.36 Edg/121.0.0.0"
162.213.253.84 - - [11/Jun/2026:22:26:18 -0400] "POST /wp-admin/admin-ajax.php?action=async_litespeed&nonce=3fd19ed21d&litespeed_type=imgoptm HTTP/1.1" 200 0 "https://tejoversea.com/wp-admin/admin-ajax.php?action=async_litespeed&nonce=3fd19ed21d&litespeed_type=imgoptm" "WordPress/6.0.2; https://tejoversea.com"
205.185.116.245 - - [11/Jun/2026:22:22:38 -0400] "GET /wp-login.php HTTP/1.1" 200 6507 "-" "Mozilla/5.0 (Windows NT 10.0; Win64; x64) AppleWebKit/537.36 (KHTML, like Gecko) Chrome/121.0.0.0 Safari/537.36 Edg/121.0.0.0"
45.61.188.26 - - [11/Jun/2026:23:37:58 -0400] "GET /wp-login.php HTTP/1.1" 200 6507 "-" "Mozilla/5.0 (X11; Ubuntu; Linux x86_64; rv:122.0) Gecko/20100101 Firefox/122.0"
162.213.253.84 - - [11/Jun/2026:23:37:59 -0400] "POST /wp-cron.php?doing_wp_cron=1781235479.6729509830474853515625 HTTP/1.1" 200 0 "https://tejoversea.com/wp-cron.php?doing_wp_cron=1781235479.6729509830474853515625" "WordPress/6.0.2; https://tejoversea.com"
162.213.253.84 - - [11/Jun/2026:23:38:00 -0400] "POST /wp-admin/admin-ajax.php?action=async_litespeed&nonce=3fd19ed21d&litespeed_type=imgoptm HTTP/1.1" 200 0 "https://tejoversea.com/wp-admin/admin-ajax.php?action=async_litespeed&nonce=3fd19ed21d&litespeed_type=imgoptm" "WordPress/6.0.2; https://tejoversea.com"
45.61.188.26 - - [11/Jun/2026:23:37:59 -0400] "POST /wp-login.php HTTP/1.1" 200 6700 "-" "Mozilla/5.0 (X11; Ubuntu; Linux x86_64; rv:122.0) Gecko/20100101 Firefox/122.0"
205.185.127.250 - - [11/Jun/2026:23:57:00 -0400] "GET /wp-login.php HTTP/1.1" 200 6507 "-" "Mozilla/5.0 (Macintosh; Intel Mac OS X 10.15; rv:123.0) Gecko/20100101 Firefox/123.0"
162.213.253.84 - - [11/Jun/2026:23:57:01 -0400] "POST /wp-cron.php?doing_wp_cron=1781236621.4728920459747314453125 HTTP/1.1" 200 0 "https://tejoversea.com/wp-cron.php?doing_wp_cron=1781236621.4728920459747314453125" "WordPress/6.0.2; https://tejoversea.com"
205.185.127.250 - - [11/Jun/2026:23:57:00 -0400] "POST /wp-login.php HTTP/1.1" 200 6700 "-" "Mozilla/5.0 (Macintosh; Intel Mac OS X 10.15; rv:123.0) Gecko/20100101 Firefox/123.0"
162.213.253.84 - - [11/Jun/2026:23:57:01 -0400] "POST /wp-admin/admin-ajax.php?action=async_litespeed&nonce=3fd19ed21d&litespeed_type=imgoptm HTTP/1.1" 200 0 "https://tejoversea.com/wp-admin/admin-ajax.php?action=async_litespeed&nonce=3fd19ed21d&litespeed_type=imgoptm" "WordPress/6.0.2; https://tejoversea.com"
210.87.70.11 - - [12/Jun/2026:00:28:48 -0400] "GET /robots.txt HTTP/1.1" 200 281 "-" "Mozilla/5.0 (Macintosh; Intel Mac OS X 13_5_0) AppleWebKit/537.36 (KHTML, like Gecko) Chrome/133.0.6943.53 Safari/537.36"
45.61.186.169 - - [12/Jun/2026:00:57:55 -0400] "GET /wp-login.php HTTP/1.1" 200 6507 "-" "Mozilla/5.0 (iPad; CPU OS 7_1_2 like Mac OS X) AppleWebKit/537.51.2 (KHTML, like Gecko) Version/7.0 Mobile/11D257 Safari/9537.53"
205.185.120.21 - - [12/Jun/2026:00:59:16 -0400] "GET /wp-login.php HTTP/1.1" 200 6507 "-" "Mozilla/5.0 (Macintosh; Intel Mac OS X 10_7_5) AppleWebKit/537.77.4 (KHTML, like Gecko) Version/6.1.5 Safari/537.77.4"
45.61.186.169 - - [12/Jun/2026:00:58:16 -0400] "POST /wp-login.php HTTP/1.1" 200 6700 "-" "Mozilla/5.0 (iPad; CPU OS 7_1_2 like Mac OS X) AppleWebKit/537.51.2 (KHTML, like Gecko) Version/7.0 Mobile/11D257 Safari/9537.53"
205.185.120.21 - - [12/Jun/2026:00:59:36 -0400] "POST /wp-login.php HTTP/1.1" 200 6700 "-" "Mozilla/5.0 (Macintosh; Intel Mac OS X 10_7_5) AppleWebKit/537.77.4 (KHTML, like Gecko) Version/6.1.5 Safari/537.77.4"
162.213.253.84 - - [12/Jun/2026:01:07:27 -0400] "POST /wp-cron.php?doing_wp_cron=1781240847.0066850185394287109375 HTTP/1.1" 200 0 "https://tejoversea.com/wp-cron.php?doing_wp_cron=1781240847.0066850185394287109375" "WordPress/6.0.2; https://tejoversea.com"
198.98.59.131 - - [12/Jun/2026:01:07:26 -0400] "POST /wp-login.php HTTP/1.1" 200 6700 "-" "Mozilla/5.0 (Macintosh; Intel Mac OS X 10_10) AppleWebKit/600.1.3 (KHTML, like Gecko) Version/8.0 Safari/600.1.3"
162.213.253.84 - - [12/Jun/2026:01:07:27 -0400] "POST /wp-admin/admin-ajax.php?action=async_litespeed&nonce=3fd19ed21d&litespeed_type=imgoptm HTTP/1.1" 200 0 "https://tejoversea.com/wp-admin/admin-ajax.php?action=async_litespeed&nonce=3fd19ed21d&litespeed_type=imgoptm" "WordPress/6.0.2; https://tejoversea.com"
198.98.59.131 - - [12/Jun/2026:01:06:23 -0400] "GET /wp-login.php HTTP/1.1" 200 6507 "-" "Mozilla/5.0 (Macintosh; Intel Mac OS X 10_10) AppleWebKit/600.1.3 (KHTML, like Gecko) Version/8.0 Safari/600.1.3"
162.213.253.84 - - [12/Jun/2026:01:32:49 -0400] "POST /wp-cron.php?doing_wp_cron=1781242369.6367421150207519531250 HTTP/1.1" 200 0 "https://tejoversea.com/wp-cron.php?doing_wp_cron=1781242369.6367421150207519531250" "WordPress/6.0.2; https://tejoversea.com"
155.138.225.147 - - [12/Jun/2026:01:32:50 -0400] "GET /admin.php HTTP/1.1" 404 6987 "-" "Mozilla/5.0 (Windows NT 10.0; Win64; x64) AppleWebKit/537.36 (KHTML, like Gecko) Chrome/120.0.0.0 Safari/537.36"
155.138.225.147 - - [12/Jun/2026:01:32:51 -0400] "GET /goods.php HTTP/1.1" 404 6984 "-" "Mozilla/5.0 (Windows NT 10.0; Win64; x64) AppleWebKit/537.36 (KHTML, like Gecko) Chrome/120.0.0.0 Safari/537.36"
155.138.225.147 - - [12/Jun/2026:01:32:53 -0400] "GET /404.php HTTP/1.1" 404 6981 "-" "Mozilla/5.0 (Windows NT 10.0; Win64; x64) AppleWebKit/537.36 (KHTML, like Gecko) Chrome/120.0.0.0 Safari/537.36"
155.138.225.147 - - [12/Jun/2026:01:32:53 -0400] "GET /wk/index.php HTTP/1.1" 301 0 "-" "Mozilla/5.0 (Windows NT 10.0; Win64; x64) AppleWebKit/537.36 (KHTML, like Gecko) Chrome/120.0.0.0 Safari/537.36"
155.138.225.147 - - [12/Jun/2026:01:32:54 -0400] "GET /term.php HTTP/1.1" 404 6983 "-" "Mozilla/5.0 (Windows NT 10.0; Win64; x64) AppleWebKit/537.36 (KHTML, like Gecko) Chrome/120.0.0.0 Safari/537.36"
155.138.225.147 - - [12/Jun/2026:01:32:55 -0400] "GET /ioxi-o.php HTTP/1.1" 404 6977 "-" "Mozilla/5.0 (Windows NT 10.0; Win64; x64) AppleWebKit/537.36 (KHTML, like Gecko) Chrome/120.0.0.0 Safari/537.36"
155.138.225.147 - - [12/Jun/2026:01:32:56 -0400] "GET /1.php HTTP/1.1" 404 6974 "-" "Mozilla/5.0 (Windows NT 10.0; Win64; x64) AppleWebKit/537.36 (KHTML, like Gecko) Chrome/120.0.0.0 Safari/537.36"
155.138.225.147 - - [12/Jun/2026:01:32:56 -0400] "GET /alfa.php HTTP/1.1" 404 6983 "-" "Mozilla/5.0 (Windows NT 10.0; Win64; x64) AppleWebKit/537.36 (KHTML, like Gecko) Chrome/120.0.0.0 Safari/537.36"
155.138.225.147 - - [12/Jun/2026:01:32:58 -0400] "GET /classwithtostring.php HTTP/1.1" 404 6990 "-" "Mozilla/5.0 (Windows NT 10.0; Win64; x64) AppleWebKit/537.36 (KHTML, like Gecko) Chrome/120.0.0.0 Safari/537.36"
155.138.225.147 - - [12/Jun/2026:01:32:59 -0400] "GET /wp-admin/ HTTP/1.1" 302 0 "-" "Mozilla/5.0 (Windows NT 10.0; Win64; x64) AppleWebKit/537.36 (KHTML, like Gecko) Chrome/120.0.0.0 Safari/537.36"
155.138.225.147 - - [12/Jun/2026:01:33:01 -0400] "GET /deepseek_d.php HTTP/1.1" 404 6987 "-" "Mozilla/5.0 (Windows NT 10.0; Win64; x64) AppleWebKit/537.36 (KHTML, like Gecko) Chrome/120.0.0.0 Safari/537.36"
155.138.225.147 - - [12/Jun/2026:01:33:03 -0400] "GET /nw.php HTTP/1.1" 404 6973 "-" "Mozilla/5.0 (Windows NT 10.0; Win64; x64) AppleWebKit/537.36 (KHTML, like Gecko) Chrome/120.0.0.0 Safari/537.36"
155.138.225.147 - - [12/Jun/2026:01:33:03 -0400] "GET /xleet.php HTTP/1.1" 404 6984 "-" "Mozilla/5.0 (Windows NT 10.0; Win64; x64) AppleWebKit/537.36 (KHTML, like Gecko) Chrome/120.0.0.0 Safari/537.36"
155.138.225.147 - - [12/Jun/2026:01:33:04 -0400] "GET /wp.php HTTP/1.1" 404 6973 "-" "Mozilla/5.0 (Windows NT 10.0; Win64; x64) AppleWebKit/537.36 (KHTML, like Gecko) Chrome/120.0.0.0 Safari/537.36"
155.138.225.147 - - [12/Jun/2026:01:33:06 -0400] "GET /as.php HTTP/1.1" 404 6982 "-" "Mozilla/5.0 (Windows NT 10.0; Win64; x64) AppleWebKit/537.36 (KHTML, like Gecko) Chrome/120.0.0.0 Safari/537.36"
155.138.225.147 - - [12/Jun/2026:01:33:08 -0400] "GET /wp-content/admin.php HTTP/1.1" 404 6972 "-" "Mozilla/5.0 (Windows NT 10.0; Win64; x64) AppleWebKit/537.36 (KHTML, like Gecko) Chrome/120.0.0.0 Safari/537.36"
155.138.225.147 - - [12/Jun/2026:01:33:09 -0400] "GET /222.php HTTP/1.1" 404 6972 "-" "Mozilla/5.0 (Windows NT 10.0; Win64; x64) AppleWebKit/537.36 (KHTML, like Gecko) Chrome/120.0.0.0 Safari/537.36"
155.138.225.147 - - [12/Jun/2026:01:33:10 -0400] "GET /info.php HTTP/1.1" 404 6981 "-" "Mozilla/5.0 (Windows NT 10.0; Win64; x64) AppleWebKit/537.36 (KHTML, like Gecko) Chrome/120.0.0.0 Safari/537.36"
155.138.225.147 - - [12/Jun/2026:01:32:48 -0400] "GET /inputs.php HTTP/1.1" 404 6979 "-" "Mozilla/5.0 (Windows NT 10.0; Win64; x64) AppleWebKit/537.36 (KHTML, like Gecko) Chrome/120.0.0.0 Safari/537.36"
162.213.253.84 - - [12/Jun/2026:01:32:50 -0400] "POST /wp-admin/admin-ajax.php?action=async_litespeed&nonce=3fd19ed21d&litespeed_type=imgoptm HTTP/1.1" 200 0 "https://tejoversea.com/wp-admin/admin-ajax.php?action=async_litespeed&nonce=3fd19ed21d&litespeed_type=imgoptm" "WordPress/6.0.2; https://tejoversea.com"
155.138.225.147 - - [12/Jun/2026:01:32:52 -0400] "GET /file.php HTTP/1.1" 404 6983 "-" "Mozilla/5.0 (Windows NT 10.0; Win64; x64) AppleWebKit/537.36 (KHTML, like Gecko) Chrome/120.0.0.0 Safari/537.36"
155.138.225.147 - - [12/Jun/2026:01:32:52 -0400] "GET /adminfuns.php HTTP/1.1" 404 6985 "-" "Mozilla/5.0 (Windows NT 10.0; Win64; x64) AppleWebKit/537.36 (KHTML, like Gecko) Chrome/120.0.0.0 Safari/537.36"
155.138.225.147 - - [12/Jun/2026:01:32:54 -0400] "GET /about.php HTTP/1.1" 404 6985 "-" "Mozilla/5.0 (Windows NT 10.0; Win64; x64) AppleWebKit/537.36 (KHTML, like Gecko) Chrome/120.0.0.0 Safari/537.36"
155.138.225.147 - - [12/Jun/2026:01:32:57 -0400] "GET /edit.php HTTP/1.1" 404 6983 "-" "Mozilla/5.0 (Windows NT 10.0; Win64; x64) AppleWebKit/537.36 (KHTML, like Gecko) Chrome/120.0.0.0 Safari/537.36"
155.138.225.147 - - [12/Jun/2026:01:32:57 -0400] "GET /elp.php HTTP/1.1" 404 6980 "-" "Mozilla/5.0 (Windows NT 10.0; Win64; x64) AppleWebKit/537.36 (KHTML, like Gecko) Chrome/120.0.0.0 Safari/537.36"
155.138.225.147 - - [12/Jun/2026:01:32:59 -0400] "GET /666.php HTTP/1.1" 404 6980 "-" "Mozilla/5.0 (Windows NT 10.0; Win64; x64) AppleWebKit/537.36 (KHTML, like Gecko) Chrome/120.0.0.0 Safari/537.36"
155.138.225.147 - - [12/Jun/2026:01:33:00 -0400] "GET /ws54.php HTTP/1.1" 404 6982 "-" "Mozilla/5.0 (Windows NT 10.0; Win64; x64) AppleWebKit/537.36 (KHTML, like Gecko) Chrome/120.0.0.0 Safari/537.36"
155.138.225.147 - - [12/Jun/2026:01:33:02 -0400] "GET /function/function.php HTTP/1.1" 404 6976 "-" "Mozilla/5.0 (Windows NT 10.0; Win64; x64) AppleWebKit/537.36 (KHTML, like Gecko) Chrome/120.0.0.0 Safari/537.36"
155.138.225.147 - - [12/Jun/2026:01:33:05 -0400] "GET /155.php HTTP/1.1" 404 6982 "-" "Mozilla/5.0 (Windows NT 10.0; Win64; x64) AppleWebKit/537.36 (KHTML, like Gecko) Chrome/120.0.0.0 Safari/537.36"
155.138.225.147 - - [12/Jun/2026:01:33:05 -0400] "GET /96i.php HTTP/1.1" 404 6982 "-" "Mozilla/5.0 (Windows NT 10.0; Win64; x64) AppleWebKit/537.36 (KHTML, like Gecko) Chrome/120.0.0.0 Safari/537.36"
155.138.225.147 - - [12/Jun/2026:01:33:06 -0400] "GET /min.php HTTP/1.1" 404 6981 "-" "Mozilla/5.0 (Windows NT 10.0; Win64; x64) AppleWebKit/537.36 (KHTML, like Gecko) Chrome/120.0.0.0 Safari/537.36"
155.138.225.147 - - [12/Jun/2026:01:33:07 -0400] "GET /.well-known/ HTTP/1.1" 404 6984 "-" "Mozilla/5.0 (Windows NT 10.0; Win64; x64) AppleWebKit/537.36 (KHTML, like Gecko) Chrome/120.0.0.0 Safari/537.36"
155.138.225.147 - - [12/Jun/2026:01:33:08 -0400] "GET /php8.php HTTP/1.1" 404 6984 "-" "Mozilla/5.0 (Windows NT 10.0; Win64; x64) AppleWebKit/537.36 (KHTML, like Gecko) Chrome/120.0.0.0 Safari/537.36"
155.138.225.147 - - [12/Jun/2026:01:33:09 -0400] "GET /wp-content/themes/pridmag/il.php HTTP/1.1" 404 6973 "-" "Mozilla/5.0 (Windows NT 10.0; Win64; x64) AppleWebKit/537.36 (KHTML, like Gecko) Chrome/120.0.0.0 Safari/537.36"
162.213.253.84 - - [12/Jun/2026:01:33:11 -0400] "POST /wp-cron.php?doing_wp_cron=1781242391.3414130210876464843750 HTTP/1.1" 200 0 "https://tejoversea.com/wp-cron.php?doing_wp_cron=1781242391.3414130210876464843750" "WordPress/6.0.2; https://tejoversea.com"
155.138.225.147 - - [12/Jun/2026:01:33:13 -0400] "GET /wp-content/index.php HTTP/1.1" 200 0 "-" "Mozilla/5.0 (Windows NT 10.0; Win64; x64) AppleWebKit/537.36 (KHTML, like Gecko) Chrome/120.0.0.0 Safari/537.36"
155.138.225.147 - - [12/Jun/2026:01:33:13 -0400] "GET /vx.php HTTP/1.1" 404 6974 "-" "Mozilla/5.0 (Windows NT 10.0; Win64; x64) AppleWebKit/537.36 (KHTML, like Gecko) Chrome/120.0.0.0 Safari/537.36"
155.138.225.147 - - [12/Jun/2026:01:33:13 -0400] "GET /admin/controller/extension/ HTTP/1.1" 404 6977 "-" "Mozilla/5.0 (Windows NT 10.0; Win64; x64) AppleWebKit/537.36 (KHTML, like Gecko) Chrome/120.0.0.0 Safari/537.36"
155.138.225.147 - - [12/Jun/2026:01:33:14 -0400] "GET /wp-admin/wp.php HTTP/1.1" 404 6987 "-" "Mozilla/5.0 (Windows NT 10.0; Win64; x64) AppleWebKit/537.36 (KHTML, like Gecko) Chrome/120.0.0.0 Safari/537.36"
162.213.253.84 - - [12/Jun/2026:01:33:18 -0400] "POST /wp-cron.php?doing_wp_cron=1781242398.3594250679016113281250 HTTP/1.1" 200 0 "https://tejoversea.com/wp-cron.php?doing_wp_cron=1781242398.3594250679016113281250" "WordPress/6.0.2; https://tejoversea.com"
155.138.225.147 - - [12/Jun/2026:01:33:19 -0400] "GET /cgi-bin/ HTTP/1.1" 403 1242 "-" "Mozilla/5.0 (Windows NT 10.0; Win64; x64) AppleWebKit/537.36 (KHTML, like Gecko) Chrome/120.0.0.0 Safari/537.36"
162.213.253.84 - - [12/Jun/2026:01:33:18 -0400] "POST /wp-admin/admin-ajax.php?action=async_litespeed&nonce=3fd19ed21d&litespeed_type=imgoptm HTTP/1.1" 200 21 "https://tejoversea.com/wp-admin/admin-ajax.php?action=async_litespeed&nonce=3fd19ed21d&litespeed_type=imgoptm" "WordPress/6.0.2; https://tejoversea.com"
155.138.225.147 - - [12/Jun/2026:01:33:19 -0400] "GET /x.php HTTP/1.1" 404 6973 "-" "Mozilla/5.0 (Windows NT 10.0; Win64; x64) AppleWebKit/537.36 (KHTML, like Gecko) Chrome/120.0.0.0 Safari/537.36"
155.138.225.147 - - [12/Jun/2026:01:33:21 -0400] "GET /abcd.php HTTP/1.1" 404 6983 "-" "Mozilla/5.0 (Windows NT 10.0; Win64; x64) AppleWebKit/537.36 (KHTML, like Gecko) Chrome/120.0.0.0 Safari/537.36"
155.138.225.147 - - [12/Jun/2026:01:33:21 -0400] "GET /wp-good.php HTTP/1.1" 404 6982 "-" "Mozilla/5.0 (Windows NT 10.0; Win64; x64) AppleWebKit/537.36 (KHTML, like Gecko) Chrome/120.0.0.0 Safari/537.36"
155.138.225.147 - - [12/Jun/2026:01:33:23 -0400] "GET /edit-tags.php HTTP/1.1" 404 6984 "-" "Mozilla/5.0 (Windows NT 10.0; Win64; x64) AppleWebKit/537.36 (KHTML, like Gecko) Chrome/120.0.0.0 Safari/537.36"
155.138.225.147 - - [12/Jun/2026:01:33:24 -0400] "GET /wp-content/themes/admin.php HTTP/1.1" 404 6970 "-" "Mozilla/5.0 (Windows NT 10.0; Win64; x64) AppleWebKit/537.36 (KHTML, like Gecko) Chrome/120.0.0.0 Safari/537.36"
155.138.225.147 - - [12/Jun/2026:01:33:24 -0400] "GET /h.php HTTP/1.1" 404 6971 "-" "Mozilla/5.0 (Windows NT 10.0; Win64; x64) AppleWebKit/537.36 (KHTML, like Gecko) Chrome/120.0.0.0 Safari/537.36"
155.138.225.147 - - [12/Jun/2026:01:33:27 -0400] "GET /w1.php HTTP/1.1" 404 6983 "-" "Mozilla/5.0 (Windows NT 10.0; Win64; x64) AppleWebKit/537.36 (KHTML, like Gecko) Chrome/120.0.0.0 Safari/537.36"
155.138.225.147 - - [12/Jun/2026:01:33:28 -0400] "GET /wp-includes/fonts/ HTTP/1.1" 403 1242 "-" "Mozilla/5.0 (Windows NT 10.0; Win64; x64) AppleWebKit/537.36 (KHTML, like Gecko) Chrome/120.0.0.0 Safari/537.36"
155.138.225.147 - - [12/Jun/2026:01:33:28 -0400] "GET /default.php HTTP/1.1" 404 6975 "-" "Mozilla/5.0 (Windows NT 10.0; Win64; x64) AppleWebKit/537.36 (KHTML, like Gecko) Chrome/120.0.0.0 Safari/537.36"
155.138.225.147 - - [12/Jun/2026:01:33:29 -0400] "GET /wp-content/uploads/ HTTP/1.1" 403 1242 "-" "Mozilla/5.0 (Windows NT 10.0; Win64; x64) AppleWebKit/537.36 (KHTML, like Gecko) Chrome/120.0.0.0 Safari/537.36"
155.138.225.147 - - [12/Jun/2026:01:33:30 -0400] "GET /wp-content/themes/index.php HTTP/1.1" 200 0 "-" "Mozilla/5.0 (Windows NT 10.0; Win64; x64) AppleWebKit/537.36 (KHTML, like Gecko) Chrome/120.0.0.0 Safari/537.36"
155.138.225.147 - - [12/Jun/2026:01:33:30 -0400] "GET /gecko-new.php HTTP/1.1" 404 6985 "-" "Mozilla/5.0 (Windows NT 10.0; Win64; x64) AppleWebKit/537.36 (KHTML, like Gecko) Chrome/120.0.0.0 Safari/537.36"
155.138.225.147 - - [12/Jun/2026:01:33:32 -0400] "GET /wp-includes/fonts/index.php HTTP/1.1" 301 0 "-" "Mozilla/5.0 (Windows NT 10.0; Win64; x64) AppleWebKit/537.36 (KHTML, like Gecko) Chrome/120.0.0.0 Safari/537.36"
155.138.225.147 - - [12/Jun/2026:01:33:12 -0400] "GET /a.php HTTP/1.1" 404 6972 "-" "Mozilla/5.0 (Windows NT 10.0; Win64; x64) AppleWebKit/537.36 (KHTML, like Gecko) Chrome/120.0.0.0 Safari/537.36"
155.138.225.147 - - [12/Jun/2026:01:33:12 -0400] "GET /chosen.php HTTP/1.1" 404 6977 "-" "Mozilla/5.0 (Windows NT 10.0; Win64; x64) AppleWebKit/537.36 (KHTML, like Gecko) Chrome/120.0.0.0 Safari/537.36"
155.138.225.147 - - [12/Jun/2026:01:33:14 -0400] "GET /wap.php HTTP/1.1" 404 6972 "-" "Mozilla/5.0 (Windows NT 10.0; Win64; x64) AppleWebKit/537.36 (KHTML, like Gecko) Chrome/120.0.0.0 Safari/537.36"
155.138.225.147 - - [12/Jun/2026:01:33:15 -0400] "GET /bgymj.php HTTP/1.1" 404 6984 "-" "Mozilla/5.0 (Windows NT 10.0; Win64; x64) AppleWebKit/537.36 (KHTML, like Gecko) Chrome/120.0.0.0 Safari/537.36"
155.138.225.147 - - [12/Jun/2026:01:33:16 -0400] "GET /aa.php HTTP/1.1" 404 6982 "-" "Mozilla/5.0 (Windows NT 10.0; Win64; x64) AppleWebKit/537.36 (KHTML, like Gecko) Chrome/120.0.0.0 Safari/537.36"
155.138.225.147 - - [12/Jun/2026:01:33:16 -0400] "GET /wp-mail.php HTTP/1.1" 403 952 "-" "Mozilla/5.0 (Windows NT 10.0; Win64; x64) AppleWebKit/537.36 (KHTML, like Gecko) Chrome/120.0.0.0 Safari/537.36"
155.138.225.147 - - [12/Jun/2026:01:33:17 -0400] "GET /bolt.php HTTP/1.1" 404 6984 "-" "Mozilla/5.0 (Windows NT 10.0; Win64; x64) AppleWebKit/537.36 (KHTML, like Gecko) Chrome/120.0.0.0 Safari/537.36"
155.138.225.147 - - [12/Jun/2026:01:33:17 -0400] "GET /bthil.php HTTP/1.1" 404 6985 "-" "Mozilla/5.0 (Windows NT 10.0; Win64; x64) AppleWebKit/537.36 (KHTML, like Gecko) Chrome/120.0.0.0 Safari/537.36"
155.138.225.147 - - [12/Jun/2026:01:33:20 -0400] "GET /index/function.php HTTP/1.1" 404 6979 "-" "Mozilla/5.0 (Windows NT 10.0; Win64; x64) AppleWebKit/537.36 (KHTML, like Gecko) Chrome/120.0.0.0 Safari/537.36"
155.138.225.147 - - [12/Jun/2026:01:33:20 -0400] "GET /aaa.php HTTP/1.1" 404 6972 "-" "Mozilla/5.0 (Windows NT 10.0; Win64; x64) AppleWebKit/537.36 (KHTML, like Gecko) Chrome/120.0.0.0 Safari/537.36"
155.138.225.147 - - [12/Jun/2026:01:33:22 -0400] "GET /simple.php HTTP/1.1" 404 6971 "-" "Mozilla/5.0 (Windows NT 10.0; Win64; x64) AppleWebKit/537.36 (KHTML, like Gecko) Chrome/120.0.0.0 Safari/537.36"
155.138.225.147 - - [12/Jun/2026:01:33:23 -0400] "GET /u.php HTTP/1.1" 404 6972 "-" "Mozilla/5.0 (Windows NT 10.0; Win64; x64) AppleWebKit/537.36 (KHTML, like Gecko) Chrome/120.0.0.0 Safari/537.36"
155.138.225.147 - - [12/Jun/2026:01:33:25 -0400] "GET /ms-edit.php HTTP/1.1" 404 6984 "-" "Mozilla/5.0 (Windows NT 10.0; Win64; x64) AppleWebKit/537.36 (KHTML, like Gecko) Chrome/120.0.0.0 Safari/537.36"
155.138.225.147 - - [12/Jun/2026:01:33:26 -0400] "GET /a7.php HTTP/1.1" 404 6983 "-" "Mozilla/5.0 (Windows NT 10.0; Win64; x64) AppleWebKit/537.36 (KHTML, like Gecko) Chrome/120.0.0.0 Safari/537.36"
155.138.225.147 - - [12/Jun/2026:01:33:26 -0400] "GET /manager.php HTTP/1.1" 404 6984 "-" "Mozilla/5.0 (Windows NT 10.0; Win64; x64) AppleWebKit/537.36 (KHTML, like Gecko) Chrome/120.0.0.0 Safari/537.36"
155.138.225.147 - - [12/Jun/2026:01:33:28 -0400] "GET /wp-login.php HTTP/1.1" 200 2031 "-" "Mozilla/5.0 (Windows NT 10.0; Win64; x64) AppleWebKit/537.36 (KHTML, like Gecko) Chrome/120.0.0.0 Safari/537.36"
155.138.225.147 - - [12/Jun/2026:01:33:29 -0400] "GET /i.php HTTP/1.1" 404 6972 "-" "Mozilla/5.0 (Windows NT 10.0; Win64; x64) AppleWebKit/537.36 (KHTML, like Gecko) Chrome/120.0.0.0 Safari/537.36"
155.138.225.147 - - [12/Jun/2026:01:33:30 -0400] "GET /wp-includes/Requests/library/index.php HTTP/1.1" 301 0 "-" "Mozilla/5.0 (Windows NT 10.0; Win64; x64) AppleWebKit/537.36 (KHTML, like Gecko) Chrome/120.0.0.0 Safari/537.36"
155.138.225.147 - - [12/Jun/2026:01:33:31 -0400] "GET /NewFile.php HTTP/1.1" 404 6986 "-" "Mozilla/5.0 (Windows NT 10.0; Win64; x64) AppleWebKit/537.36 (KHTML, like Gecko) Chrome/120.0.0.0 Safari/537.36"
155.138.225.147 - - [12/Jun/2026:01:33:31 -0400] "GET /wp-Blogs.php HTTP/1.1" 404 6990 "-" "Mozilla/5.0 (Windows NT 10.0; Win64; x64) AppleWebKit/537.36 (KHTML, like Gecko) Chrome/120.0.0.0 Safari/537.36"
155.138.225.147 - - [12/Jun/2026:01:33:33 -0400] "GET /cv.php HTTP/1.1" 404 6975 "-" "Mozilla/5.0 (Windows NT 10.0; Win64; x64) AppleWebKit/537.36 (KHTML, like Gecko) Chrome/120.0.0.0 Safari/537.36"
