155.138.225.147 - - [12/Jun/2026:01:33:35 -0400] "GET /atex1.php HTTP/1.1" 404 6985 "-" "Mozilla/5.0 (Windows NT 10.0; Win64; x64) AppleWebKit/537.36 (KHTML, like Gecko) Chrome/120.0.0.0 Safari/537.36"
155.138.225.147 - - [12/Jun/2026:01:33:37 -0400] "GET /archive.php HTTP/1.1" 404 6984 "-" "Mozilla/5.0 (Windows NT 10.0; Win64; x64) AppleWebKit/537.36 (KHTML, like Gecko) Chrome/120.0.0.0 Safari/537.36"
155.138.225.147 - - [12/Jun/2026:01:33:38 -0400] "GET /sagax1.php HTTP/1.1" 404 6978 "-" "Mozilla/5.0 (Windows NT 10.0; Win64; x64) AppleWebKit/537.36 (KHTML, like Gecko) Chrome/120.0.0.0 Safari/537.36"
155.138.225.147 - - [12/Jun/2026:01:33:39 -0400] "GET /wpc.php HTTP/1.1" 404 6970 "-" "Mozilla/5.0 (Windows NT 10.0; Win64; x64) AppleWebKit/537.36 (KHTML, like Gecko) Chrome/120.0.0.0 Safari/537.36"
155.138.225.147 - - [12/Jun/2026:01:33:43 -0400] "GET /wp-blink.php HTTP/1.1" 404 6985 "-" "Mozilla/5.0 (Windows NT 10.0; Win64; x64) AppleWebKit/537.36 (KHTML, like Gecko) Chrome/120.0.0.0 Safari/537.36"
162.213.253.84 - - [12/Jun/2026:01:33:44 -0400] "POST /wp-cron.php?doing_wp_cron=1781242424.3465609550476074218750 HTTP/1.1" 200 0 "https://tejoversea.com/wp-cron.php?doing_wp_cron=1781242424.3465609550476074218750" "WordPress/6.0.2; https://tejoversea.com"
155.138.225.147 - - [12/Jun/2026:01:33:45 -0400] "GET /wp-content/ HTTP/1.1" 200 0 "-" "Mozilla/5.0 (Windows NT 10.0; Win64; x64) AppleWebKit/537.36 (KHTML, like Gecko) Chrome/120.0.0.0 Safari/537.36"
155.138.225.147 - - [12/Jun/2026:01:33:45 -0400] "GET /2.php HTTP/1.1" 404 6972 "-" "Mozilla/5.0 (Windows NT 10.0; Win64; x64) AppleWebKit/537.36 (KHTML, like Gecko) Chrome/120.0.0.0 Safari/537.36"
155.138.225.147 - - [12/Jun/2026:01:33:47 -0400] "GET /atomlib.php HTTP/1.1" 404 6985 "-" "Mozilla/5.0 (Windows NT 10.0; Win64; x64) AppleWebKit/537.36 (KHTML, like Gecko) Chrome/120.0.0.0 Safari/537.36"
155.138.225.147 - - [12/Jun/2026:01:33:47 -0400] "GET /rip.php HTTP/1.1" 404 6980 "-" "Mozilla/5.0 (Windows NT 10.0; Win64; x64) AppleWebKit/537.36 (KHTML, like Gecko) Chrome/120.0.0.0 Safari/537.36"
155.138.225.147 - - [12/Jun/2026:01:33:48 -0400] "GET /p.php HTTP/1.1" 404 6973 "-" "Mozilla/5.0 (Windows NT 10.0; Win64; x64) AppleWebKit/537.36 (KHTML, like Gecko) Chrome/120.0.0.0 Safari/537.36"
155.138.225.147 - - [12/Jun/2026:01:33:49 -0400] "GET /php.php HTTP/1.1" 404 6972 "-" "Mozilla/5.0 (Windows NT 10.0; Win64; x64) AppleWebKit/537.36 (KHTML, like Gecko) Chrome/120.0.0.0 Safari/537.36"
155.138.225.147 - - [12/Jun/2026:01:33:32 -0400] "GET /themes.php HTTP/1.1" 404 6970 "-" "Mozilla/5.0 (Windows NT 10.0; Win64; x64) AppleWebKit/537.36 (KHTML, like Gecko) Chrome/120.0.0.0 Safari/537.36"
155.138.225.147 - - [12/Jun/2026:01:33:34 -0400] "GET /wp-admin/js/ HTTP/1.1" 403 1242 "-" "Mozilla/5.0 (Windows NT 10.0; Win64; x64) AppleWebKit/537.36 (KHTML, like Gecko) Chrome/120.0.0.0 Safari/537.36"
155.138.225.147 - - [12/Jun/2026:01:33:34 -0400] "GET /wp-content/uploads/index.php HTTP/1.1" 301 0 "-" "Mozilla/5.0 (Windows NT 10.0; Win64; x64) AppleWebKit/537.36 (KHTML, like Gecko) Chrome/120.0.0.0 Safari/537.36"
155.138.225.147 - - [12/Jun/2026:01:33:34 -0400] "GET /ws83.php HTTP/1.1" 404 6983 "-" "Mozilla/5.0 (Windows NT 10.0; Win64; x64) AppleWebKit/537.36 (KHTML, like Gecko) Chrome/120.0.0.0 Safari/537.36"
155.138.225.147 - - [12/Jun/2026:01:33:36 -0400] "GET /class-t.api.php HTTP/1.1" 404 6980 "-" "Mozilla/5.0 (Windows NT 10.0; Win64; x64) AppleWebKit/537.36 (KHTML, like Gecko) Chrome/120.0.0.0 Safari/537.36"
155.138.225.147 - - [12/Jun/2026:01:33:36 -0400] "GET /w.php HTTP/1.1" 404 6975 "-" "Mozilla/5.0 (Windows NT 10.0; Win64; x64) AppleWebKit/537.36 (KHTML, like Gecko) Chrome/120.0.0.0 Safari/537.36"
155.138.225.147 - - [12/Jun/2026:01:33:37 -0400] "GET /bless.php HTTP/1.1" 404 6985 "-" "Mozilla/5.0 (Windows NT 10.0; Win64; x64) AppleWebKit/537.36 (KHTML, like Gecko) Chrome/120.0.0.0 Safari/537.36"
155.138.225.147 - - [12/Jun/2026:01:33:39 -0400] "GET /fone1.php HTTP/1.1" 404 6985 "-" "Mozilla/5.0 (Windows NT 10.0; Win64; x64) AppleWebKit/537.36 (KHTML, like Gecko) Chrome/120.0.0.0 Safari/537.36"
155.138.225.147 - - [12/Jun/2026:01:33:40 -0400] "GET /ncx.php HTTP/1.1" 404 6972 "-" "Mozilla/5.0 (Windows NT 10.0; Win64; x64) AppleWebKit/537.36 (KHTML, like Gecko) Chrome/120.0.0.0 Safari/537.36"
155.138.225.147 - - [12/Jun/2026:01:33:41 -0400] "GET /wp-admin/js/index.php HTTP/1.1" 301 0 "-" "Mozilla/5.0 (Windows NT 10.0; Win64; x64) AppleWebKit/537.36 (KHTML, like Gecko) Chrome/120.0.0.0 Safari/537.36"
155.138.225.147 - - [12/Jun/2026:01:33:41 -0400] "GET /wso.php HTTP/1.1" 404 6971 "-" "Mozilla/5.0 (Windows NT 10.0; Win64; x64) AppleWebKit/537.36 (KHTML, like Gecko) Chrome/120.0.0.0 Safari/537.36"
155.138.225.147 - - [12/Jun/2026:01:33:42 -0400] "GET /zup.php73 HTTP/1.1" 404 6986 "-" "Mozilla/5.0 (Windows NT 10.0; Win64; x64) AppleWebKit/537.36 (KHTML, like Gecko) Chrome/120.0.0.0 Safari/537.36"
155.138.225.147 - - [12/Jun/2026:01:33:42 -0400] "GET /k.php HTTP/1.1" 404 6973 "-" "Mozilla/5.0 (Windows NT 10.0; Win64; x64) AppleWebKit/537.36 (KHTML, like Gecko) Chrome/120.0.0.0 Safari/537.36"
155.138.225.147 - - [12/Jun/2026:01:33:43 -0400] "GET /randkeyword.PhP7 HTTP/1.1" 404 6981 "-" "Mozilla/5.0 (Windows NT 10.0; Win64; x64) AppleWebKit/537.36 (KHTML, like Gecko) Chrome/120.0.0.0 Safari/537.36"
155.138.225.147 - - [12/Jun/2026:01:33:45 -0400] "GET /wp-admin/css/colors/ectoplasm/ HTTP/1.1" 403 1242 "-" "Mozilla/5.0 (Windows NT 10.0; Win64; x64) AppleWebKit/537.36 (KHTML, like Gecko) Chrome/120.0.0.0 Safari/537.36"
155.138.225.147 - - [12/Jun/2026:01:33:45 -0400] "GET /ww5.php HTTP/1.1" 404 6970 "-" "Mozilla/5.0 (Windows NT 10.0; Win64; x64) AppleWebKit/537.36 (KHTML, like Gecko) Chrome/120.0.0.0 Safari/537.36"
155.138.225.147 - - [12/Jun/2026:01:33:46 -0400] "GET /wp-admin/classwithtostring.php HTTP/1.1" 404 6982 "-" "Mozilla/5.0 (Windows NT 10.0; Win64; x64) AppleWebKit/537.36 (KHTML, like Gecko) Chrome/120.0.0.0 Safari/537.36"
162.213.253.84 - - [12/Jun/2026:01:44:19 -0400] "POST /wp-admin/admin-ajax.php?action=async_litespeed&nonce=3fd19ed21d&litespeed_type=imgoptm HTTP/1.1" 200 21 "https://tejoversea.com/wp-admin/admin-ajax.php?action=async_litespeed&nonce=3fd19ed21d&litespeed_type=imgoptm" "WordPress/6.0.2; https://tejoversea.com"
51.89.39.36 - - [12/Jun/2026:01:44:18 -0400] "GET /wp-content/plugins/updraftplus/css/updraftplus-notices.css HTTP/1.1" 404 28822 "-" "Mozilla/5.0 (Windows NT 10.0; Win64; x64) AppleWebKit/537.36 (KHTML, like Gecko) Chrome/148.0.0.0 Safari/537.36"
162.213.253.84 - - [12/Jun/2026:01:44:18 -0400] "POST /wp-cron.php?doing_wp_cron=1781243058.8131361007690429687500 HTTP/1.1" 200 0 "https://tejoversea.com/wp-cron.php?doing_wp_cron=1781243058.8131361007690429687500" "WordPress/6.0.2; https://tejoversea.com"
51.89.39.36 - - [12/Jun/2026:01:44:18 -0400] "GET /blog-verify HTTP/1.1" 404 28775 "-" "Mozilla/5.0 (X11; Linux x86_64; rv:150.0) Gecko/20100101 Firefox/150.0"
205.185.127.250 - - [12/Jun/2026:02:04:24 -0400] "GET /wp-login.php HTTP/1.1" 200 6507 "-" "Mozilla/5.0 (Macintosh; Intel Mac OS X 10_15_7)"
162.213.253.84 - - [12/Jun/2026:02:05:10 -0400] "POST /wp-cron.php?doing_wp_cron=1781244310.8055770397186279296875 HTTP/1.1" 200 0 "https://tejoversea.com/wp-cron.php?doing_wp_cron=1781244310.8055770397186279296875" "WordPress/6.0.2; https://tejoversea.com"
205.185.127.250 - - [12/Jun/2026:02:05:10 -0400] "POST /wp-login.php HTTP/1.1" 200 6700 "-" "Mozilla/5.0 (Macintosh; Intel Mac OS X 10_15_7)"
162.213.253.84 - - [12/Jun/2026:02:05:11 -0400] "POST /wp-admin/admin-ajax.php?action=async_litespeed&nonce=3fd19ed21d&litespeed_type=imgoptm HTTP/1.1" 200 0 "https://tejoversea.com/wp-admin/admin-ajax.php?action=async_litespeed&nonce=3fd19ed21d&litespeed_type=imgoptm" "WordPress/6.0.2; https://tejoversea.com"
162.213.253.84 - - [12/Jun/2026:02:14:33 -0400] "POST /wp-admin/admin-ajax.php?action=async_litespeed&nonce=3fd19ed21d&litespeed_type=imgoptm HTTP/1.1" 200 0 "https://tejoversea.com/wp-admin/admin-ajax.php?action=async_litespeed&nonce=3fd19ed21d&litespeed_type=imgoptm" "WordPress/6.0.2; https://tejoversea.com"
209.141.46.91 - - [12/Jun/2026:02:13:44 -0400] "GET /wp-login.php HTTP/1.1" 200 6507 "-" "Mozilla/5.0 (Windows NT 6.1) AppleWebKit/537.36 (KHTML, like Gecko) Chrome/36.0.1985.143 Safari/537.36"
162.213.253.84 - - [12/Jun/2026:02:14:32 -0400] "POST /wp-cron.php?doing_wp_cron=1781244872.6195890903472900390625 HTTP/1.1" 200 0 "https://tejoversea.com/wp-cron.php?doing_wp_cron=1781244872.6195890903472900390625" "WordPress/6.0.2; https://tejoversea.com"
209.141.46.91 - - [12/Jun/2026:02:14:32 -0400] "POST /wp-login.php HTTP/1.1" 200 6700 "-" "Mozilla/5.0 (Windows NT 6.1) AppleWebKit/537.36 (KHTML, like Gecko) Chrome/36.0.1985.143 Safari/537.36"
162.213.253.84 - - [12/Jun/2026:02:21:08 -0400] "GET / HTTP/1.1" 200 19176 "https://tejoversea.com/" "WordPress/6.0.2; http://tejoversea.com"
18.201.147.115 - - [12/Jun/2026:04:55:34 -0400] "GET / HTTP/1.0" 200 83574 "-" "Mozilla/5.0 (compatible; NetcraftSurveyAgent/1.0; [email protected])"
138.246.253.24 - - [12/Jun/2026:06:53:15 -0400] "GET /robots.txt HTTP/1.1" 200 595 "-" "Mozilla/5.0 (Windows NT 10.0; Win64; x64) AppleWebKit/537.36 (KHTML, like Gecko) Chrome/103.0.5060.134 Safari/537.36"