209.141.58.150 - - [11/Jun/2026:13:27:13 -0400] "GET /wp-login.php?redirect_to=https%3A%2F%2Ftejoversea.com%2Fwp-admin%2Fplugin-install.php%3Ftab%3Dupload&reauth=1 HTTP/1.1" 200 2281 "-" "python-requests/2.33.1"
162.213.253.84 - - [11/Jun/2026:13:27:10 -0400] "POST /wp-cron.php?doing_wp_cron=1781198830.4051640033721923828125 HTTP/1.1" 200 0 "https://tejoversea.com/wp-cron.php?doing_wp_cron=1781198830.4051640033721923828125" "WordPress/6.0.2; https://tejoversea.com"
162.213.253.84 - - [11/Jun/2026:13:27:12 -0400] "POST /wp-cron.php?doing_wp_cron=1781198832.9187300205230712890625 HTTP/1.1" 200 0 "https://tejoversea.com/wp-cron.php?doing_wp_cron=1781198832.9187300205230712890625" "WordPress/6.0.2; https://tejoversea.com"
209.141.58.150 - - [11/Jun/2026:13:27:12 -0400] "GET /wp-admin/plugin-install.php?tab=upload HTTP/1.1" 302 0 "-" "python-requests/2.33.1"
52.167.144.55 - - [11/Jun/2026:13:48:03 -0400] "GET /robots.txt HTTP/1.1" 200 246 "-" "Mozilla/5.0 AppleWebKit/537.36 (KHTML, like Gecko; compatible; bingbot/2.0; +http://www.bing.com/bingbot.htm) Chrome/116.0.1938.76 Safari/537.36"
52.167.144.55 - - [11/Jun/2026:13:48:03 -0400] "GET /robots.txt HTTP/1.1" 200 246 "-" "Mozilla/5.0 AppleWebKit/537.36 (KHTML, like Gecko; compatible; bingbot/2.0; +http://www.bing.com/bingbot.htm) Chrome/116.0.1938.76 Safari/537.36"
40.77.167.16 - - [11/Jun/2026:13:48:17 -0400] "GET /our-services/ HTTP/1.1" 200 12925 "-" "Mozilla/5.0 AppleWebKit/537.36 (KHTML, like Gecko; compatible; bingbot/2.0; +http://www.bing.com/bingbot.htm) Chrome/116.0.1938.76 Safari/537.36"
205.185.127.250 - - [11/Jun/2026:14:13:01 -0400] "GET /wp-login.php HTTP/1.1" 200 6507 "-" "Mozilla/5.0 (Macintosh; Intel Mac OS X 10_15_7) AppleWebKit/537.36 (KHTML, like Gecko) Chrome/119.0.0.0 Safari/537.36"
162.213.253.84 - - [11/Jun/2026:14:13:07 -0400] "POST /wp-cron.php?doing_wp_cron=1781201587.6719539165496826171875 HTTP/1.1" 200 0 "https://tejoversea.com/wp-cron.php?doing_wp_cron=1781201587.6719539165496826171875" "WordPress/6.0.2; https://tejoversea.com"
205.185.127.250 - - [11/Jun/2026:14:13:07 -0400] "POST /wp-login.php HTTP/1.1" 200 6700 "-" "Mozilla/5.0 (Macintosh; Intel Mac OS X 10_15_7) AppleWebKit/537.36 (KHTML, like Gecko) Chrome/119.0.0.0 Safari/537.36"
162.213.253.84 - - [11/Jun/2026:14:13:08 -0400] "POST /wp-admin/admin-ajax.php?action=async_litespeed&nonce=f21329decd&litespeed_type=imgoptm HTTP/1.1" 200 0 "https://tejoversea.com/wp-admin/admin-ajax.php?action=async_litespeed&nonce=f21329decd&litespeed_type=imgoptm" "WordPress/6.0.2; https://tejoversea.com"
43.165.68.41 - - [11/Jun/2026:14:37:27 -0400] "GET / HTTP/1.1" 200 19166 "-" "Mozilla/5.0 (iPhone; CPU iPhone OS 18_3_1 like Mac OS X) AppleWebKit/605.1.15 (KHTML, like Gecko) Version/18.3 Mobile/15E148 Safari/604.1"
162.213.253.84 - - [11/Jun/2026:14:46:27 -0400] "POST /wp-cron.php?doing_wp_cron=1781203587.2712700366973876953125 HTTP/1.1" 200 0 "https://tejoversea.com/wp-cron.php?doing_wp_cron=1781203587.2712700366973876953125" "WordPress/6.0.2; https://tejoversea.com"
209.141.33.219 - - [11/Jun/2026:14:46:26 -0400] "POST /wp-login.php HTTP/1.1" 200 6700 "-" "Mozilla/5.0 (Windows NT 10.0; WOW64) AppleWebKit/537.36 (KHTML, like Gecko) Chrome/119.0.0.0 Safari/537.36"
162.213.253.84 - - [11/Jun/2026:14:46:28 -0400] "GET / HTTP/1.1" 200 19176 "https://tejoversea.com/" "WordPress/6.0.2; https://tejoversea.com"
209.141.33.219 - - [11/Jun/2026:14:44:40 -0400] "GET /wp-login.php HTTP/1.1" 200 6507 "-" "Mozilla/5.0 (Windows NT 10.0; WOW64) AppleWebKit/537.36 (KHTML, like Gecko) Chrome/119.0.0.0 Safari/537.36"
162.213.253.84 - - [11/Jun/2026:14:46:28 -0400] "POST /wp-admin/admin-ajax.php?action=async_litespeed&nonce=f21329decd&litespeed_type=imgoptm HTTP/1.1" 200 0 "https://tejoversea.com/wp-admin/admin-ajax.php?action=async_litespeed&nonce=f21329decd&litespeed_type=imgoptm" "WordPress/6.0.2; https://tejoversea.com"
45.127.45.54 - - [11/Jun/2026:15:23:01 -0400] "GET /wp-content/plugins/wp-call-button/assets/block/build/index.css?ver=a1dbfd3fcfcfb0740ca8c4771bbdc4c3 HTTP/1.1" 200 259 "https://tejoversea.com/" "Mozilla/5.0 (Linux; Android 10; K) AppleWebKit/537.36 (KHTML, like Gecko) Chrome/149.0.0.0 Mobile Safari/537.36"
45.127.45.54 - - [11/Jun/2026:15:23:01 -0400] "GET /wp-content/plugins/contact-form-7/includes/css/styles.css?ver=5.6.3 HTTP/1.1" 200 848 "https://tejoversea.com/" "Mozilla/5.0 (Linux; Android 10; K) AppleWebKit/537.36 (KHTML, like Gecko) Chrome/149.0.0.0 Mobile Safari/537.36"
45.127.45.54 - - [11/Jun/2026:15:23:01 -0400] "GET /wp-content/plugins/order-tracking/css/jquery-ui.min.css?ver=6.0.2 HTTP/1.1" 200 7327 "https://tejoversea.com/" "Mozilla/5.0 (Linux; Android 10; K) AppleWebKit/537.36 (KHTML, like Gecko) Chrome/149.0.0.0 Mobile Safari/537.36"
45.127.45.54 - - [11/Jun/2026:15:23:01 -0400] "GET /wp-content/plugins/order-tracking/css/pure-buttons.css?ver=2.11.9 HTTP/1.1" 200 659 "https://tejoversea.com/" "Mozilla/5.0 (Linux; Android 10; K) AppleWebKit/537.36 (KHTML, like Gecko) Chrome/149.0.0.0 Mobile Safari/537.36"
45.127.45.54 - - [11/Jun/2026:15:23:01 -0400] "GET /wp-content/plugins/order-tracking/css/pure-grids-nr.css?ver=2.11.9 HTTP/1.1" 200 476 "https://tejoversea.com/" "Mozilla/5.0 (Linux; Android 10; K) AppleWebKit/537.36 (KHTML, like Gecko) Chrome/149.0.0.0 Mobile Safari/537.36"
45.127.45.54 - - [11/Jun/2026:15:23:01 -0400] "GET /wp-content/plugins/order-tracking/css/pure-grids.css?ver=2.11.9 HTTP/1.1" 200 259 "https://tejoversea.com/" "Mozilla/5.0 (Linux; Android 10; K) AppleWebKit/537.36 (KHTML, like Gecko) Chrome/149.0.0.0 Mobile Safari/537.36"
45.127.45.54 - - [11/Jun/2026:15:23:02 -0400] "GET /wp-content/themes/logistek/assets/fonts/webexicon/style.css?ver=6.0.2 HTTP/1.1" 200 6167 "https://tejoversea.com/" "Mozilla/5.0 (Linux; Android 10; K) AppleWebKit/537.36 (KHTML, like Gecko) Chrome/149.0.0.0 Mobile Safari/537.36"
45.127.45.54 - - [11/Jun/2026:15:23:02 -0400] "GET /wp-content/themes/logistek/assets/css/owl.carousel.min.css?ver=6.0.2 HTTP/1.1" 200 915 "https://tejoversea.com/" "Mozilla/5.0 (Linux; Android 10; K) AppleWebKit/537.36 (KHTML, like Gecko) Chrome/149.0.0.0 Mobile Safari/537.36"
45.127.45.54 - - [11/Jun/2026:15:23:02 -0400] "GET /wp-content/themes/logistek/assets/css/magnific-popup.css?ver=6.0.2 HTTP/1.1" 200 1660 "https://tejoversea.com/" "Mozilla/5.0 (Linux; Android 10; K) AppleWebKit/537.36 (KHTML, like Gecko) Chrome/149.0.0.0 Mobile Safari/537.36"
45.127.45.54 - - [11/Jun/2026:15:23:02 -0400] "GET /wp-content/themes/logistek/assets/css/responsive.css?ver=6.0.2 HTTP/1.1" 200 1645 "https://tejoversea.com/" "Mozilla/5.0 (Linux; Android 10; K) AppleWebKit/537.36 (KHTML, like Gecko) Chrome/149.0.0.0 Mobile Safari/537.36"
45.127.45.54 - - [11/Jun/2026:15:23:02 -0400] "GET /wp-content/uploads/elementor/css/post-24.css?ver=1664536342 HTTP/1.1" 200 329 "https://tejoversea.com/" "Mozilla/5.0 (Linux; Android 10; K) AppleWebKit/537.36 (KHTML, like Gecko) Chrome/149.0.0.0 Mobile Safari/537.36"
45.127.45.54 - - [11/Jun/2026:15:23:02 -0400] "GET /wp-content/plugins/elementor-pro/assets/css/frontend-lite.min.css?ver=3.7.7 HTTP/1.1" 200 1533 "https://tejoversea.com/" "Mozilla/5.0 (Linux; Android 10; K) AppleWebKit/537.36 (KHTML, like Gecko) Chrome/149.0.0.0 Mobile Safari/537.36"
45.127.45.54 - - [11/Jun/2026:15:23:02 -0400] "GET /wp-content/themes/logistek/style.css?ver=2021-04-14 HTTP/1.1" 200 4684 "https://tejoversea.com/" "Mozilla/5.0 (Linux; Android 10; K) AppleWebKit/537.36 (KHTML, like Gecko) Chrome/149.0.0.0 Mobile Safari/537.36"
45.127.45.54 - - [11/Jun/2026:15:23:02 -0400] "GET /wp-content/uploads/elementor/css/global.css?ver=1664536355 HTTP/1.1" 200 2637 "https://tejoversea.com/" "Mozilla/5.0 (Linux; Android 10; K) AppleWebKit/537.36 (KHTML, like Gecko) Chrome/149.0.0.0 Mobile Safari/537.36"
45.127.45.54 - - [11/Jun/2026:15:23:00 -0400] "GET / HTTP/1.1" 200 16668 "-" "Mozilla/5.0 (Linux; Android 10; K) AppleWebKit/537.36 (KHTML, like Gecko) Chrome/149.0.0.0 Mobile Safari/537.36"
45.127.45.54 - - [11/Jun/2026:15:23:01 -0400] "GET /wp-includes/css/dist/block-library/style.min.css?ver=6.0.2 HTTP/1.1" 200 10946 "https://tejoversea.com/" "Mozilla/5.0 (Linux; Android 10; K) AppleWebKit/537.36 (KHTML, like Gecko) Chrome/149.0.0.0 Mobile Safari/537.36"
45.127.45.54 - - [11/Jun/2026:15:23:01 -0400] "GET /wp-content/plugins/order-tracking/css/pure-forms.css?ver=2.11.9 HTTP/1.1" 200 1457 "https://tejoversea.com/" "Mozilla/5.0 (Linux; Android 10; K) AppleWebKit/537.36 (KHTML, like Gecko) Chrome/149.0.0.0 Mobile Safari/537.36"
45.127.45.54 - - [11/Jun/2026:15:23:01 -0400] "GET /wp-content/plugins/order-tracking/css/otp-styles.css?ver=2.11.9 HTTP/1.1" 200 1684 "https://tejoversea.com/" "Mozilla/5.0 (Linux; Android 10; K) AppleWebKit/537.36 (KHTML, like Gecko) Chrome/149.0.0.0 Mobile Safari/537.36"
45.127.45.54 - - [11/Jun/2026:15:23:01 -0400] "GET /wp-content/plugins/order-tracking/css/pure-forms-nr.css?ver=2.11.9 HTTP/1.1" 200 1471 "https://tejoversea.com/" "Mozilla/5.0 (Linux; Android 10; K) AppleWebKit/537.36 (KHTML, like Gecko) Chrome/149.0.0.0 Mobile Safari/537.36"
45.127.45.54 - - [11/Jun/2026:15:23:01 -0400] "GET /wp-content/themes/logistek/assets/fonts/webexflaticon/flaticon.css?ver=6.0.2 HTTP/1.1" 200 1514 "https://tejoversea.com/" "Mozilla/5.0 (Linux; Android 10; K) AppleWebKit/537.36 (KHTML, like Gecko) Chrome/149.0.0.0 Mobile Safari/537.36"
45.127.45.54 - - [11/Jun/2026:15:23:01 -0400] "GET /wp-content/themes/logistek/assets/css/meanmenu.min.css?ver=6.0.2 HTTP/1.1" 200 941 "https://tejoversea.com/" "Mozilla/5.0 (Linux; Android 10; K) AppleWebKit/537.36 (KHTML, like Gecko) Chrome/149.0.0.0 Mobile Safari/537.36"
45.127.45.54 - - [11/Jun/2026:15:23:01 -0400] "GET /wp-content/themes/logistek/assets/fonts/fontawesome/css/all.css?ver=6.0.2 HTTP/1.1" 200 12558 "https://tejoversea.com/" "Mozilla/5.0 (Linux; Android 10; K) AppleWebKit/537.36 (KHTML, like Gecko) Chrome/149.0.0.0 Mobile Safari/537.36"
45.127.45.54 - - [11/Jun/2026:15:23:01 -0400] "GET /wp-content/themes/logistek/assets/css/bootstrap.min.css?ver=6.0.2 HTTP/1.1" 200 19105 "https://tejoversea.com/" "Mozilla/5.0 (Linux; Android 10; K) AppleWebKit/537.36 (KHTML, like Gecko) Chrome/149.0.0.0 Mobile Safari/537.36"
45.127.45.54 - - [11/Jun/2026:15:23:01 -0400] "GET /wp-content/themes/logistek/assets/css/style.css?ver=6.0.2 HTTP/1.1" 200 15285 "https://tejoversea.com/" "Mozilla/5.0 (Linux; Android 10; K) AppleWebKit/537.36 (KHTML, like Gecko) Chrome/149.0.0.0 Mobile Safari/537.36"
45.127.45.54 - - [11/Jun/2026:15:23:01 -0400] "GET /wp-content/themes/logistek/assets/css/custom-animation.css?ver=6.0.2 HTTP/1.1" 200 676 "https://tejoversea.com/" "Mozilla/5.0 (Linux; Android 10; K) AppleWebKit/537.36 (KHTML, like Gecko) Chrome/149.0.0.0 Mobile Safari/537.36"
45.127.45.54 - - [11/Jun/2026:15:23:02 -0400] "GET /wp-content/plugins/order-tracking/js/ewd-otp-js.js?ver=2.11.9 HTTP/1.1" 200 1103 "https://tejoversea.com/" "Mozilla/5.0 (Linux; Android 10; K) AppleWebKit/537.36 (KHTML, like Gecko) Chrome/149.0.0.0 Mobile Safari/537.36"
45.127.45.54 - - [11/Jun/2026:15:23:02 -0400] "GET /wp-content/uploads/elementor/css/post-113.css?ver=1775565322 HTTP/1.1" 200 208 "https://tejoversea.com/" "Mozilla/5.0 (Linux; Android 10; K) AppleWebKit/537.36 (KHTML, like Gecko) Chrome/149.0.0.0 Mobile Safari/537.36"
45.127.45.54 - - [11/Jun/2026:15:23:01 -0400] "GET /wp-content/plugins/creame-whatsapp-me/public/css/joinchat-btn.min.css?ver=4.5.9 HTTP/1.1" 200 1951 "https://tejoversea.com/" "Mozilla/5.0 (Linux; Android 10; K) AppleWebKit/537.36 (KHTML, like Gecko) Chrome/149.0.0.0 Mobile Safari/537.36"
45.127.45.54 - - [11/Jun/2026:15:23:02 -0400] "GET /wp-includes/js/jquery/jquery-migrate.min.js?ver=3.3.2 HTTP/1.1" 200 3995 "https://tejoversea.com/" "Mozilla/5.0 (Linux; Android 10; K) AppleWebKit/537.36 (KHTML, like Gecko) Chrome/149.0.0.0 Mobile Safari/537.36"
45.127.45.54 - - [11/Jun/2026:15:23:02 -0400] "GET /wp-includes/js/jquery/jquery.min.js?ver=3.6.0 HTTP/1.1" 200 30273 "https://tejoversea.com/" "Mozilla/5.0 (Linux; Android 10; K) AppleWebKit/537.36 (KHTML, like Gecko) Chrome/149.0.0.0 Mobile Safari/537.36"
45.127.45.54 - - [11/Jun/2026:15:23:02 -0400] "GET /wp-content/uploads/2022/10/logo-black-e1664945148632.png HTTP/1.1" 200 18396 "https://tejoversea.com/" "Mozilla/5.0 (Linux; Android 10; K) AppleWebKit/537.36 (KHTML, like Gecko) Chrome/149.0.0.0 Mobile Safari/537.36"
45.127.45.54 - - [11/Jun/2026:15:23:02 -0400] "GET /wp-content/themes/logistek/assets/fonts/webexflaticon/Flaticon.woff2 HTTP/1.1" 200 49320 "https://tejoversea.com/wp-content/themes/logistek/assets/fonts/webexflaticon/flaticon.css?ver=6.0.2" "Mozilla/5.0 (Linux; Android 10; K) AppleWebKit/537.36 (KHTML, like Gecko) Chrome/149.0.0.0 Mobile Safari/537.36"
45.127.45.54 - - [11/Jun/2026:15:23:02 -0400] "GET /wp-content/themes/logistek/assets/fonts/webexicon/fonts/webexicon.ttf?aeef8j HTTP/1.1" 200 218068 "https://tejoversea.com/wp-content/themes/logistek/assets/fonts/webexicon/style.css?ver=6.0.2" "Mozilla/5.0 (Linux; Android 10; K) AppleWebKit/537.36 (KHTML, like Gecko) Chrome/149.0.0.0 Mobile Safari/537.36"
45.127.45.54 - - [11/Jun/2026:15:23:02 -0400] "GET /wp-content/plugins/contact-form-7/includes/js/index.js?ver=5.6.3 HTTP/1.1" 200 3689 "https://tejoversea.com/" "Mozilla/5.0 (Linux; Android 10; K) AppleWebKit/537.36 (KHTML, like Gecko) Chrome/149.0.0.0 Mobile Safari/537.36"
45.127.45.54 - - [11/Jun/2026:15:23:02 -0400] "GET /wp-content/themes/logistek/assets/revolution/js/extensions/revolution.extension.carousel.min.js?ver=6.0.2 HTTP/1.1" 200 2462 "https://tejoversea.com/" "Mozilla/5.0 (Linux; Android 10; K) AppleWebKit/537.36 (KHTML, like Gecko) Chrome/149.0.0.0 Mobile Safari/537.36"
45.127.45.54 - - [11/Jun/2026:15:23:02 -0400] "GET /wp-includes/js/jquery/ui/core.min.js?ver=1.13.1 HTTP/1.1" 200 6637 "https://tejoversea.com/" "Mozilla/5.0 (Linux; Android 10; K) AppleWebKit/537.36 (KHTML, like Gecko) Chrome/149.0.0.0 Mobile Safari/537.36"
45.127.45.54 - - [11/Jun/2026:15:23:02 -0400] "GET /wp-content/themes/logistek/assets/js/main.js?ver=6.0.2 HTTP/1.1" 200 2788 "https://tejoversea.com/" "Mozilla/5.0 (Linux; Android 10; K) AppleWebKit/537.36 (KHTML, like Gecko) Chrome/149.0.0.0 Mobile Safari/537.36"
45.127.45.54 - - [11/Jun/2026:15:23:02 -0400] "GET /wp-content/themes/logistek/assets/revolution/js/extensions/revolution.extension.migration.min.js?ver=6.0.2 HTTP/1.1" 200 1593 "https://tejoversea.com/" "Mozilla/5.0 (Linux; Android 10; K) AppleWebKit/537.36 (KHTML, like Gecko) Chrome/149.0.0.0 Mobile Safari/537.36"
45.127.45.54 - - [11/Jun/2026:15:23:02 -0400] "GET /wp-content/themes/logistek/assets/fonts/fontawesome/webfonts/fa-brands-400.woff2 HTTP/1.1" 200 76612 "https://tejoversea.com/wp-content/themes/logistek/assets/fonts/fontawesome/css/all.css?ver=6.0.2" "Mozilla/5.0 (Linux; Android 10; K) AppleWebKit/537.36 (KHTML, like Gecko) Chrome/149.0.0.0 Mobile Safari/537.36"
45.127.45.54 - - [11/Jun/2026:15:23:02 -0400] "GET /wp-includes/js/jquery/ui/datepicker.min.js?ver=1.13.1 HTTP/1.1" 200 10499 "https://tejoversea.com/" "Mozilla/5.0 (Linux; Android 10; K) AppleWebKit/537.36 (KHTML, like Gecko) Chrome/149.0.0.0 Mobile Safari/537.36"
45.127.45.54 - - [11/Jun/2026:15:23:02 -0400] "GET /wp-content/themes/logistek/assets/revolution/js/jquery.themepunch.revolution.min.js?ver=6.0.2 HTTP/1.1" 200 16650 "https://tejoversea.com/" "Mozilla/5.0 (Linux; Android 10; K) AppleWebKit/537.36 (KHTML, like Gecko) Chrome/149.0.0.0 Mobile Safari/537.36"
45.127.45.54 - - [11/Jun/2026:15:23:02 -0400] "GET /wp-content/themes/logistek/assets/js/bootstrap.min.js?ver=6.0.2 HTTP/1.1" 200 13378 "https://tejoversea.com/" "Mozilla/5.0 (Linux; Android 10; K) AppleWebKit/537.36 (KHTML, like Gecko) Chrome/149.0.0.0 Mobile Safari/537.36"
45.127.45.54 - - [11/Jun/2026:15:23:02 -0400] "GET /wp-content/themes/logistek/assets/css/animate.css?ver=6.0.2 HTTP/1.1" 200 4452 "https://tejoversea.com/" "Mozilla/5.0 (Linux; Android 10; K) AppleWebKit/537.36 (KHTML, like Gecko) Chrome/149.0.0.0 Mobile Safari/537.36"
45.127.45.54 - - [11/Jun/2026:15:23:02 -0400] "GET /wp-content/plugins/elementor/assets/lib/eicons/css/elementor-icons.min.css?ver=5.16.0 HTTP/1.1" 200 3629 "https://tejoversea.com/" "Mozilla/5.0 (Linux; Android 10; K) AppleWebKit/537.36 (KHTML, like Gecko) Chrome/149.0.0.0 Mobile Safari/537.36"
45.127.45.54 - - [11/Jun/2026:15:23:02 -0400] "GET /wp-content/uploads/2022/10/Tej-Oversea-Logistic-e1664610081961.png HTTP/1.1" 200 14639 "https://tejoversea.com/" "Mozilla/5.0 (Linux; Android 10; K) AppleWebKit/537.36 (KHTML, like Gecko) Chrome/149.0.0.0 Mobile Safari/537.36"
45.127.45.54 - - [11/Jun/2026:15:23:02 -0400] "GET /wp-content/plugins/elementor/assets/css/frontend-lite.min.css?ver=3.7.7 HTTP/1.1" 200 12986 "https://tejoversea.com/" "Mozilla/5.0 (Linux; Android 10; K) AppleWebKit/537.36 (KHTML, like Gecko) Chrome/149.0.0.0 Mobile Safari/537.36"
45.127.45.54 - - [11/Jun/2026:15:23:02 -0400] "GET /wp-content/themes/logistek/assets/fonts/fontawesome/webfonts/fa-solid-900.woff2 HTTP/1.1" 200 79444 "https://tejoversea.com/wp-content/themes/logistek/assets/fonts/fontawesome/css/all.css?ver=6.0.2" "Mozilla/5.0 (Linux; Android 10; K) AppleWebKit/537.36 (KHTML, like Gecko) Chrome/149.0.0.0 Mobile Safari/537.36"
45.127.45.54 - - [11/Jun/2026:15:23:02 -0400] "GET /wp-content/plugins/contact-form-7/includes/swv/js/index.js?ver=5.6.3 HTTP/1.1" 200 2799 "https://tejoversea.com/" "Mozilla/5.0 (Linux; Android 10; K) AppleWebKit/537.36 (KHTML, like Gecko) Chrome/149.0.0.0 Mobile Safari/537.36"
45.127.45.54 - - [11/Jun/2026:15:23:02 -0400] "GET /wp-content/themes/logistek/assets/revolution/js/extensions/revolution.extension.kenburn.min.js?ver=6.0.2 HTTP/1.1" 200 1294 "https://tejoversea.com/" "Mozilla/5.0 (Linux; Android 10; K) AppleWebKit/537.36 (KHTML, like Gecko) Chrome/149.0.0.0 Mobile Safari/537.36"
45.127.45.54 - - [11/Jun/2026:15:23:02 -0400] "GET /wp-content/themes/logistek/assets/revolution/js/slider_v1.js?ver=6.0.2 HTTP/1.1" 200 939 "https://tejoversea.com/" "Mozilla/5.0 (Linux; Android 10; K) AppleWebKit/537.36 (KHTML, like Gecko) Chrome/149.0.0.0 Mobile Safari/537.36"
45.127.45.54 - - [11/Jun/2026:15:23:02 -0400] "GET /wp-content/themes/logistek/assets/revolution/js/jquery.themepunch.tools.min.js?ver=6.0.2 HTTP/1.1" 200 32595 "https://tejoversea.com/" "Mozilla/5.0 (Linux; Android 10; K) AppleWebKit/537.36 (KHTML, like Gecko) Chrome/149.0.0.0 Mobile Safari/537.36"
45.127.45.54 - - [11/Jun/2026:15:23:02 -0400] "GET /wp-content/themes/logistek/assets/revolution/js/extensions/revolution.extension.actions.min.js?ver=6.0.2 HTTP/1.1" 200 2526 "https://tejoversea.com/" "Mozilla/5.0 (Linux; Android 10; K) AppleWebKit/537.36 (KHTML, like Gecko) Chrome/149.0.0.0 Mobile Safari/537.36"
45.127.45.54 - - [11/Jun/2026:15:23:03 -0400] "GET /wp-content/themes/logistek/assets/js/jquery.meanmenu.min.js?ver=6.0.2 HTTP/1.1" 200 1303 "https://tejoversea.com/" "Mozilla/5.0 (Linux; Android 10; K) AppleWebKit/537.36 (KHTML, like Gecko) Chrome/149.0.0.0 Mobile Safari/537.36"
45.127.45.54 - - [11/Jun/2026:15:23:03 -0400] "GET /wp-content/themes/logistek/assets/revolution/js/extensions/revolution.extension.slideanims.min.js?ver=6.0.2 HTTP/1.1" 200 6396 "https://tejoversea.com/" "Mozilla/5.0 (Linux; Android 10; K) AppleWebKit/537.36 (KHTML, like Gecko) Chrome/149.0.0.0 Mobile Safari/537.36"
45.127.45.54 - - [11/Jun/2026:15:23:03 -0400] "GET /wp-content/themes/logistek/assets/js/appear.js?ver=6.0.2 HTTP/1.1" 200 1226 "https://tejoversea.com/" "Mozilla/5.0 (Linux; Android 10; K) AppleWebKit/537.36 (KHTML, like Gecko) Chrome/149.0.0.0 Mobile Safari/537.36"
45.127.45.54 - - [11/Jun/2026:15:23:02 -0400] "GET /wp-content/themes/logistek/assets/js/jquery.v1.12.4.min.js?ver=6.0.2 HTTP/1.1" 200 32850 "https://tejoversea.com/" "Mozilla/5.0 (Linux; Android 10; K) AppleWebKit/537.36 (KHTML, like Gecko) Chrome/149.0.0.0 Mobile Safari/537.36"
45.127.45.54 - - [11/Jun/2026:15:23:02 -0400] "GET /wp-content/themes/logistek/assets/revolution/js/extensions/revolution.extension.layeranimation.min.js?ver=6.0.2 HTTP/1.1" 200 12341 "https://tejoversea.com/" "Mozilla/5.0 (Linux; Android 10; K) AppleWebKit/537.36 (KHTML, like Gecko) Chrome/149.0.0.0 Mobile Safari/537.36"
45.127.45.54 - - [11/Jun/2026:15:23:03 -0400] "GET /wp-content/themes/logistek/assets/fonts/fontawesome/webfonts/fa-regular-400.woff2 HTTP/1.1" 200 13584 "https://tejoversea.com/wp-content/themes/logistek/assets/fonts/fontawesome/css/all.css?ver=6.0.2" "Mozilla/5.0 (Linux; Android 10; K) AppleWebKit/537.36 (KHTML, like Gecko) Chrome/149.0.0.0 Mobile Safari/537.36"
45.127.45.54 - - [11/Jun/2026:15:23:03 -0400] "GET /wp-content/themes/logistek/assets/revolution/js/extensions/revolution.extension.video.min.js?ver=6.0.2 HTTP/1.1" 200 5971 "https://tejoversea.com/" "Mozilla/5.0 (Linux; Android 10; K) AppleWebKit/537.36 (KHTML, like Gecko) Chrome/149.0.0.0 Mobile Safari/537.36"
45.127.45.54 - - [11/Jun/2026:15:23:03 -0400] "GET /wp-content/themes/logistek/assets/js/jquery.magnific-popup.min.js?ver=6.0.2 HTTP/1.1" 200 7043 "https://tejoversea.com/" "Mozilla/5.0 (Linux; Android 10; K) AppleWebKit/537.36 (KHTML, like Gecko) Chrome/149.0.0.0 Mobile Safari/537.36"
45.127.45.54 - - [11/Jun/2026:15:23:03 -0400] "GET /wp-content/themes/logistek/assets/revolution/js/extensions/revolution.extension.navigation.min.js?ver=6.0.2 HTTP/1.1" 200 6714 "https://tejoversea.com/" "Mozilla/5.0 (Linux; Android 10; K) AppleWebKit/537.36 (KHTML, like Gecko) Chrome/149.0.0.0 Mobile Safari/537.36"
45.127.45.54 - - [11/Jun/2026:15:23:03 -0400] "GET /wp-includes/js/dist/vendor/wp-polyfill.min.js?ver=3.15.0 HTTP/1.1" 200 6872 "https://tejoversea.com/" "Mozilla/5.0 (Linux; Android 10; K) AppleWebKit/537.36 (KHTML, like Gecko) Chrome/149.0.0.0 Mobile Safari/537.36"
45.127.45.54 - - [11/Jun/2026:15:23:03 -0400] "GET /wp-content/themes/logistek/assets/js/jquery.counterup.min.js?ver=6.0.2 HTTP/1.1" 200 496 "https://tejoversea.com/" "Mozilla/5.0 (Linux; Android 10; K) AppleWebKit/537.36 (KHTML, like Gecko) Chrome/149.0.0.0 Mobile Safari/537.36"
45.127.45.54 - - [11/Jun/2026:15:23:03 -0400] "GET /wp-content/themes/logistek/assets/js/waypoints.min.js?ver=6.0.2 HTTP/1.1" 200 2461 "https://tejoversea.com/" "Mozilla/5.0 (Linux; Android 10; K) AppleWebKit/537.36 (KHTML, like Gecko) Chrome/149.0.0.0 Mobile Safari/537.36"
45.127.45.54 - - [11/Jun/2026:15:23:03 -0400] "GET /wp-content/themes/logistek/assets/js/imagesloaded.pkgd.min.js?ver=6.0.2 HTTP/1.1" 200 1712 "https://tejoversea.com/" "Mozilla/5.0 (Linux; Android 10; K) AppleWebKit/537.36 (KHTML, like Gecko) Chrome/149.0.0.0 Mobile Safari/537.36"
45.127.45.54 - - [11/Jun/2026:15:23:03 -0400] "GET /wp-includes/js/dist/vendor/regenerator-runtime.min.js?ver=0.13.9 HTTP/1.1" 200 2354 "https://tejoversea.com/" "Mozilla/5.0 (Linux; Android 10; K) AppleWebKit/537.36 (KHTML, like Gecko) Chrome/149.0.0.0 Mobile Safari/537.36"
45.127.45.54 - - [11/Jun/2026:15:23:03 -0400] "GET /wp-content/plugins/connect-contact-form-7-to-social-apps/assets/js/cf7cw-front-script.js?ver=1.5 HTTP/1.1" 200 500 "https://tejoversea.com/" "Mozilla/5.0 (Linux; Android 10; K) AppleWebKit/537.36 (KHTML, like Gecko) Chrome/149.0.0.0 Mobile Safari/537.36"
45.127.45.54 - - [11/Jun/2026:15:23:03 -0400] "GET /wp-includes/js/dist/i18n.min.js?ver=ebee46757c6a411e38fd079a7ac71d94 HTTP/1.1" 200 3717 "https://tejoversea.com/" "Mozilla/5.0 (Linux; Android 10; K) AppleWebKit/537.36 (KHTML, like Gecko) Chrome/149.0.0.0 Mobile Safari/537.36"
45.127.45.54 - - [11/Jun/2026:15:23:03 -0400] "GET /wp-content/themes/logistek/assets/js/jquery.scrollUp.min.js?ver=6.0.2 HTTP/1.1" 200 853 "https://tejoversea.com/" "Mozilla/5.0 (Linux; Android 10; K) AppleWebKit/537.36 (KHTML, like Gecko) Chrome/149.0.0.0 Mobile Safari/537.36"
45.127.45.54 - - [11/Jun/2026:15:23:03 -0400] "GET /wp-content/themes/logistek/assets/js/wow.js?ver=6.0.2 HTTP/1.1" 200 2035 "https://tejoversea.com/" "Mozilla/5.0 (Linux; Android 10; K) AppleWebKit/537.36 (KHTML, like Gecko) Chrome/149.0.0.0 Mobile Safari/537.36"
45.127.45.54 - - [11/Jun/2026:15:23:03 -0400] "GET /wp-content/plugins/elementor/assets/js/webpack.runtime.min.js?ver=3.7.7 HTTP/1.1" 200 2044 "https://tejoversea.com/" "Mozilla/5.0 (Linux; Android 10; K) AppleWebKit/537.36 (KHTML, like Gecko) Chrome/149.0.0.0 Mobile Safari/537.36"
45.127.45.54 - - [11/Jun/2026:15:23:03 -0400] "GET /wp-includes/js/dist/hooks.min.js?ver=c6d64f2cb8f5c6bb49caca37f8828ce3 HTTP/1.1" 200 1575 "https://tejoversea.com/" "Mozilla/5.0 (Linux; Android 10; K) AppleWebKit/537.36 (KHTML, like Gecko) Chrome/149.0.0.0 Mobile Safari/537.36"
45.127.45.54 - - [11/Jun/2026:15:23:03 -0400] "GET /wp-content/plugins/elementor-pro/assets/js/frontend.min.js?ver=3.7.7 HTTP/1.1" 200 5506 "https://tejoversea.com/" "Mozilla/5.0 (Linux; Android 10; K) AppleWebKit/537.36 (KHTML, like Gecko) Chrome/149.0.0.0 Mobile Safari/537.36"
45.127.45.54 - - [11/Jun/2026:15:23:03 -0400] "GET /wp-content/themes/logistek/assets/revolution/js/extensions/revolution.extension.parallax.min.js?ver=6.0.2 HTTP/1.1" 200 2917 "https://tejoversea.com/" "Mozilla/5.0 (Linux; Android 10; K) AppleWebKit/537.36 (KHTML, like Gecko) Chrome/149.0.0.0 Mobile Safari/537.36"
45.127.45.54 - - [11/Jun/2026:15:23:03 -0400] "GET /wp-includes/js/wp-emoji-release.min.js?ver=6.0.2 HTTP/1.1" 200 4619 "https://tejoversea.com/" "Mozilla/5.0 (Linux; Android 10; K) AppleWebKit/537.36 (KHTML, like Gecko) Chrome/149.0.0.0 Mobile Safari/537.36"
45.127.45.54 - - [11/Jun/2026:15:23:03 -0400] "GET /wp-content/themes/logistek/assets/js/owl.carousel.min.js?ver=6.0.2 HTTP/1.1" 200 11139 "https://tejoversea.com/" "Mozilla/5.0 (Linux; Android 10; K) AppleWebKit/537.36 (KHTML, like Gecko) Chrome/149.0.0.0 Mobile Safari/537.36"
45.127.45.54 - - [11/Jun/2026:15:23:03 -0400] "GET /wp-content/themes/logistek/assets/js/isotope.pkgd.min.js?ver=6.0.2 HTTP/1.1" 200 9601 "https://tejoversea.com/" "Mozilla/5.0 (Linux; Android 10; K) AppleWebKit/537.36 (KHTML, like Gecko) Chrome/149.0.0.0 Mobile Safari/537.36"
45.127.45.54 - - [11/Jun/2026:15:23:03 -0400] "GET /wp-content/uploads/2022/10/Car-Shifting-In-Delhi.jpg HTTP/1.1" 200 32104 "https://tejoversea.com/" "Mozilla/5.0 (Linux; Android 10; K) AppleWebKit/537.36 (KHTML, like Gecko) Chrome/149.0.0.0 Mobile Safari/537.36"
45.127.45.54 - - [11/Jun/2026:15:23:03 -0400] "GET /wp-content/uploads/2022/10/17.jpg HTTP/1.1" 200 45622 "https://tejoversea.com/" "Mozilla/5.0 (Linux; Android 10; K) AppleWebKit/537.36 (KHTML, like Gecko) Chrome/149.0.0.0 Mobile Safari/537.36"
45.127.45.54 - - [11/Jun/2026:15:23:03 -0400] "GET /wp-content/uploads/2022/10/post-img-2.jpg HTTP/1.1" 200 114245 "https://tejoversea.com/" "Mozilla/5.0 (Linux; Android 10; K) AppleWebKit/537.36 (KHTML, like Gecko) Chrome/149.0.0.0 Mobile Safari/537.36"
45.127.45.54 - - [11/Jun/2026:15:23:03 -0400] "GET /wp-content/plugins/creame-whatsapp-me/public/js/joinchat.min.js?ver=4.5.9 HTTP/1.1" 200 2504 "https://tejoversea.com/" "Mozilla/5.0 (Linux; Android 10; K) AppleWebKit/537.36 (KHTML, like Gecko) Chrome/149.0.0.0 Mobile Safari/537.36"
45.127.45.54 - - [11/Jun/2026:15:23:02 -0400] "GET /wp-content/themes/logistek/assets/img/side-panel/3.jpg HTTP/1.1" 404 6976 "https://tejoversea.com/" "Mozilla/5.0 (Linux; Android 10; K) AppleWebKit/537.36 (KHTML, like Gecko) Chrome/149.0.0.0 Mobile Safari/537.36"
45.127.45.54 - - [11/Jun/2026:15:23:03 -0400] "GET /wp-content/plugins/logistek-elementor/assets/js/bdevs-elementor.js?ver=1.0.0 HTTP/1.1" 200 263 "https://tejoversea.com/" "Mozilla/5.0 (Linux; Android 10; K) AppleWebKit/537.36 (KHTML, like Gecko) Chrome/149.0.0.0 Mobile Safari/537.36"
45.127.45.54 - - [11/Jun/2026:15:23:03 -0400] "GET /wp-content/themes/logistek/assets/images/bg/1.jpg HTTP/1.1" 200 104444 "https://tejoversea.com/wp-content/themes/logistek/assets/css/style.css?ver=6.0.2" "Mozilla/5.0 (Linux; Android 10; K) AppleWebKit/537.36 (KHTML, like Gecko) Chrome/149.0.0.0 Mobile Safari/537.36"
45.127.45.54 - - [11/Jun/2026:15:23:03 -0400] "GET /wp-content/plugins/elementor/assets/lib/waypoints/waypoints.min.js?ver=4.0.2 HTTP/1.1" 200 2867 "https://tejoversea.com/" "Mozilla/5.0 (Linux; Android 10; K) AppleWebKit/537.36 (KHTML, like Gecko) Chrome/149.0.0.0 Mobile Safari/537.36"
45.127.45.54 - - [11/Jun/2026:15:23:03 -0400] "GET /wp-content/themes/logistek/assets/images/down-arrow.png HTTP/1.1" 200 427 "https://tejoversea.com/wp-content/themes/logistek/assets/css/style.css?ver=6.0.2" "Mozilla/5.0 (Linux; Android 10; K) AppleWebKit/537.36 (KHTML, like Gecko) Chrome/149.0.0.0 Mobile Safari/537.36"
45.127.45.54 - - [11/Jun/2026:15:23:03 -0400] "GET /wp-content/plugins/elementor-pro/assets/js/webpack-pro.runtime.min.js?ver=3.7.7 HTTP/1.1" 200 2188 "https://tejoversea.com/" "Mozilla/5.0 (Linux; Android 10; K) AppleWebKit/537.36 (KHTML, like Gecko) Chrome/149.0.0.0 Mobile Safari/537.36"
45.127.45.54 - - [11/Jun/2026:15:23:03 -0400] "GET /wp-content/themes/logistek/assets/images/preloader.svg HTTP/1.1" 200 546 "https://tejoversea.com/wp-content/themes/logistek/assets/css/style.css?ver=6.0.2" "Mozilla/5.0 (Linux; Android 10; K) AppleWebKit/537.36 (KHTML, like Gecko) Chrome/149.0.0.0 Mobile Safari/537.36"
45.127.45.54 - - [11/Jun/2026:15:23:03 -0400] "GET /wp-content/plugins/elementor/assets/js/frontend-modules.min.js?ver=3.7.7 HTTP/1.1" 200 10420 "https://tejoversea.com/" "Mozilla/5.0 (Linux; Android 10; K) AppleWebKit/537.36 (KHTML, like Gecko) Chrome/149.0.0.0 Mobile Safari/537.36"
45.127.45.54 - - [11/Jun/2026:15:23:03 -0400] "GET /wp-content/uploads/2022/09/packing-cargo-1.png.webp HTTP/1.1" 200 82546 "https://tejoversea.com/" "Mozilla/5.0 (Linux; Android 10; K) AppleWebKit/537.36 (KHTML, like Gecko) Chrome/149.0.0.0 Mobile Safari/537.36"
45.127.45.54 - - [11/Jun/2026:15:23:03 -0400] "GET /wp-content/plugins/elementor/assets/js/frontend.min.js?ver=3.7.7 HTTP/1.1" 200 11703 "https://tejoversea.com/" "Mozilla/5.0 (Linux; Android 10; K) AppleWebKit/537.36 (KHTML, like Gecko) Chrome/149.0.0.0 Mobile Safari/537.36"
45.127.45.54 - - [11/Jun/2026:15:23:03 -0400] "GET /wp-content/uploads/2022/10/moving-insurance.jpg HTTP/1.1" 200 39672 "https://tejoversea.com/" "Mozilla/5.0 (Linux; Android 10; K) AppleWebKit/537.36 (KHTML, like Gecko) Chrome/149.0.0.0 Mobile Safari/537.36"
45.127.45.54 - - [11/Jun/2026:15:23:03 -0400] "GET /wp-content/uploads/2022/10/de74a5d38e411a15531c2cff8e720bcd-1.jpg HTTP/1.1" 200 18904 "https://tejoversea.com/" "Mozilla/5.0 (Linux; Android 10; K) AppleWebKit/537.36 (KHTML, like Gecko) Chrome/149.0.0.0 Mobile Safari/537.36"
45.127.45.54 - - [11/Jun/2026:15:23:03 -0400] "GET /wp-content/uploads/2022/10/Office-shifting.webp HTTP/1.1" 200 209592 "https://tejoversea.com/" "Mozilla/5.0 (Linux; Android 10; K) AppleWebKit/537.36 (KHTML, like Gecko) Chrome/149.0.0.0 Mobile Safari/537.36"
45.127.45.54 - - [11/Jun/2026:15:23:03 -0400] "GET /wp-content/uploads/2022/10/packing-500x500-1.png HTTP/1.1" 200 265748 "https://tejoversea.com/" "Mozilla/5.0 (Linux; Android 10; K) AppleWebKit/537.36 (KHTML, like Gecko) Chrome/149.0.0.0 Mobile Safari/537.36"
45.127.45.54 - - [11/Jun/2026:15:23:03 -0400] "GET /wp-content/plugins/elementor-pro/assets/js/elements-handlers.min.js?ver=3.7.7 HTTP/1.1" 200 5290 "https://tejoversea.com/" "Mozilla/5.0 (Linux; Android 10; K) AppleWebKit/537.36 (KHTML, like Gecko) Chrome/149.0.0.0 Mobile Safari/537.36"
45.127.45.54 - - [11/Jun/2026:15:23:03 -0400] "GET /wp-json/contact-form-7/v1/contact-forms/130/feedback/schema HTTP/1.1" 200 549 "https://tejoversea.com/" "Mozilla/5.0 (Linux; Android 10; K) AppleWebKit/537.36 (KHTML, like Gecko) Chrome/149.0.0.0 Mobile Safari/537.36"
162.213.253.84 - - [11/Jun/2026:15:23:03 -0400] "POST /wp-cron.php?doing_wp_cron=1781205783.2902820110321044921875 HTTP/1.1" 200 0 "https://tejoversea.com/wp-cron.php?doing_wp_cron=1781205783.2902820110321044921875" "WordPress/6.0.2; https://tejoversea.com"
45.127.45.54 - - [11/Jun/2026:15:23:03 -0400] "GET /wp-content/themes/logistek/assets/img/side-panel/6.jpg HTTP/1.1" 404 6979 "https://tejoversea.com/" "Mozilla/5.0 (Linux; Android 10; K) AppleWebKit/537.36 (KHTML, like Gecko) Chrome/149.0.0.0 Mobile Safari/537.36"
45.127.45.54 - - [11/Jun/2026:15:23:02 -0400] "GET /wp-content/themes/logistek/assets/img/side-panel/2.jpg HTTP/1.1" 404 6979 "https://tejoversea.com/" "Mozilla/5.0 (Linux; Android 10; K) AppleWebKit/537.36 (KHTML, like Gecko) Chrome/149.0.0.0 Mobile Safari/537.36"
45.127.45.54 - - [11/Jun/2026:15:23:03 -0400] "GET /wp-content/themes/logistek/assets/img/side-panel/5.jpg HTTP/1.1" 404 6979 "https://tejoversea.com/" "Mozilla/5.0 (Linux; Android 10; K) AppleWebKit/537.36 (KHTML, like Gecko) Chrome/149.0.0.0 Mobile Safari/537.36"
45.127.45.54 - - [11/Jun/2026:15:24:23 -0400] "GET /wp-json/contact-form-7/v1/contact-forms/130/refill HTTP/1.1" 200 2 "https://tejoversea.com/" "Mozilla/5.0 (Linux; Android 10; K) AppleWebKit/537.36 (KHTML, like Gecko) Chrome/149.0.0.0 Mobile Safari/537.36"
45.127.45.54 - - [11/Jun/2026:15:24:25 -0400] "GET /track-order/ HTTP/1.1" 200 12599 "https://tejoversea.com/" "Mozilla/5.0 (Linux; Android 10; K) AppleWebKit/537.36 (KHTML, like Gecko) Chrome/149.0.0.0 Mobile Safari/537.36"
45.127.45.54 - - [11/Jun/2026:15:24:26 -0400] "GET /wp-content/plugins/order-tracking/css/otp-styles.css?ver=2.11.9 HTTP/1.1" 200 1684 "https://tejoversea.com/track-order/" "Mozilla/5.0 (Linux; Android 10; K) AppleWebKit/537.36 (KHTML, like Gecko) Chrome/149.0.0.0 Mobile Safari/537.36"
45.127.45.54 - - [11/Jun/2026:15:24:26 -0400] "GET /wp-content/plugins/order-tracking/css/pure-forms.css?ver=2.11.9 HTTP/1.1" 200 1457 "https://tejoversea.com/track-order/" "Mozilla/5.0 (Linux; Android 10; K) AppleWebKit/537.36 (KHTML, like Gecko) Chrome/149.0.0.0 Mobile Safari/537.36"
45.127.45.54 - - [11/Jun/2026:15:24:26 -0400] "GET /wp-content/plugins/order-tracking/css/pure-forms-nr.css?ver=2.11.9 HTTP/1.1" 200 1471 "https://tejoversea.com/track-order/" "Mozilla/5.0 (Linux; Android 10; K) AppleWebKit/537.36 (KHTML, like Gecko) Chrome/149.0.0.0 Mobile Safari/537.36"
45.127.45.54 - - [11/Jun/2026:15:24:26 -0400] "GET /wp-content/plugins/order-tracking/css/jquery-ui.min.css?ver=6.0.2 HTTP/1.1" 200 7327 "https://tejoversea.com/track-order/" "Mozilla/5.0 (Linux; Android 10; K) AppleWebKit/537.36 (KHTML, like Gecko) Chrome/149.0.0.0 Mobile Safari/537.36"
45.127.45.54 - - [11/Jun/2026:15:24:26 -0400] "GET /wp-content/plugins/contact-form-7/includes/css/styles.css?ver=5.6.3 HTTP/1.1" 200 848 "https://tejoversea.com/track-order/" "Mozilla/5.0 (Linux; Android 10; K) AppleWebKit/537.36 (KHTML, like Gecko) Chrome/149.0.0.0 Mobile Safari/537.36"
45.127.45.54 - - [11/Jun/2026:15:24:26 -0400] "GET /wp-content/plugins/order-tracking/css/pure-grids.css?ver=2.11.9 HTTP/1.1" 200 259 "https://tejoversea.com/track-order/" "Mozilla/5.0 (Linux; Android 10; K) AppleWebKit/537.36 (KHTML, like Gecko) Chrome/149.0.0.0 Mobile Safari/537.36"
45.127.45.54 - - [11/Jun/2026:15:24:26 -0400] "GET /wp-content/themes/logistek/assets/css/bootstrap.min.css?ver=6.0.2 HTTP/1.1" 200 19105 "https://tejoversea.com/track-order/" "Mozilla/5.0 (Linux; Android 10; K) AppleWebKit/537.36 (KHTML, like Gecko) Chrome/149.0.0.0 Mobile Safari/537.36"
45.127.45.54 - - [11/Jun/2026:15:23:03 -0400] "GET /wp-content/themes/logistek/assets/img/side-panel/4.jpg HTTP/1.1" 404 6977 "https://tejoversea.com/" "Mozilla/5.0 (Linux; Android 10; K) AppleWebKit/537.36 (KHTML, like Gecko) Chrome/149.0.0.0 Mobile Safari/537.36"
45.127.45.54 - - [11/Jun/2026:15:23:02 -0400] "GET /wp-content/themes/logistek/assets/img/side-panel/1.jpg HTTP/1.1" 404 6978 "https://tejoversea.com/" "Mozilla/5.0 (Linux; Android 10; K) AppleWebKit/537.36 (KHTML, like Gecko) Chrome/149.0.0.0 Mobile Safari/537.36"
45.127.45.54 - - [11/Jun/2026:15:24:26 -0400] "GET /wp-content/plugins/wp-call-button/assets/block/build/index.css?ver=a1dbfd3fcfcfb0740ca8c4771bbdc4c3 HTTP/1.1" 200 259 "https://tejoversea.com/track-order/" "Mozilla/5.0 (Linux; Android 10; K) AppleWebKit/537.36 (KHTML, like Gecko) Chrome/149.0.0.0 Mobile Safari/537.36"
45.127.45.54 - - [11/Jun/2026:15:24:26 -0400] "GET /wp-content/plugins/order-tracking/css/pure-buttons.css?ver=2.11.9 HTTP/1.1" 200 659 "https://tejoversea.com/track-order/" "Mozilla/5.0 (Linux; Android 10; K) AppleWebKit/537.36 (KHTML, like Gecko) Chrome/149.0.0.0 Mobile Safari/537.36"
45.127.45.54 - - [11/Jun/2026:15:24:26 -0400] "GET /wp-content/plugins/order-tracking/css/pure-grids-nr.css?ver=2.11.9 HTTP/1.1" 200 476 "https://tejoversea.com/track-order/" "Mozilla/5.0 (Linux; Android 10; K) AppleWebKit/537.36 (KHTML, like Gecko) Chrome/149.0.0.0 Mobile Safari/537.36"
45.127.45.54 - - [11/Jun/2026:15:24:26 -0400] "GET /wp-includes/css/dist/block-library/style.min.css?ver=6.0.2 HTTP/1.1" 200 10946 "https://tejoversea.com/track-order/" "Mozilla/5.0 (Linux; Android 10; K) AppleWebKit/537.36 (KHTML, like Gecko) Chrome/149.0.0.0 Mobile Safari/537.36"
45.127.45.54 - - [11/Jun/2026:15:24:26 -0400] "GET /wp-content/themes/logistek/assets/css/owl.carousel.min.css?ver=6.0.2 HTTP/1.1" 200 915 "https://tejoversea.com/track-order/" "Mozilla/5.0 (Linux; Android 10; K) AppleWebKit/537.36 (KHTML, like Gecko) Chrome/149.0.0.0 Mobile Safari/537.36"
45.127.45.54 - - [11/Jun/2026:15:24:26 -0400] "GET /wp-content/themes/logistek/assets/css/magnific-popup.css?ver=6.0.2 HTTP/1.1" 200 1660 "https://tejoversea.com/track-order/" "Mozilla/5.0 (Linux; Android 10; K) AppleWebKit/537.36 (KHTML, like Gecko) Chrome/149.0.0.0 Mobile Safari/537.36"
45.127.45.54 - - [11/Jun/2026:15:24:26 -0400] "GET /wp-content/plugins/elementor/assets/css/frontend-lite.min.css?ver=3.7.7 HTTP/1.1" 200 12986 "https://tejoversea.com/track-order/" "Mozilla/5.0 (Linux; Android 10; K) AppleWebKit/537.36 (KHTML, like Gecko) Chrome/149.0.0.0 Mobile Safari/537.36"
45.127.45.54 - - [11/Jun/2026:15:24:26 -0400] "GET /wp-content/uploads/elementor/css/post-24.css?ver=1664536342 HTTP/1.1" 200 329 "https://tejoversea.com/track-order/" "Mozilla/5.0 (Linux; Android 10; K) AppleWebKit/537.36 (KHTML, like Gecko) Chrome/149.0.0.0 Mobile Safari/537.36"
45.127.45.54 - - [11/Jun/2026:15:24:26 -0400] "GET /wp-content/plugins/elementor-pro/assets/css/frontend-lite.min.css?ver=3.7.7 HTTP/1.1" 200 1533 "https://tejoversea.com/track-order/" "Mozilla/5.0 (Linux; Android 10; K) AppleWebKit/537.36 (KHTML, like Gecko) Chrome/149.0.0.0 Mobile Safari/537.36"
45.127.45.54 - - [11/Jun/2026:15:24:26 -0400] "GET /wp-content/uploads/elementor/css/global.css?ver=1664536355 HTTP/1.1" 200 2637 "https://tejoversea.com/track-order/" "Mozilla/5.0 (Linux; Android 10; K) AppleWebKit/537.36 (KHTML, like Gecko) Chrome/149.0.0.0 Mobile Safari/537.36"
45.127.45.54 - - [11/Jun/2026:15:24:26 -0400] "GET /wp-content/themes/logistek/assets/fonts/webexflaticon/flaticon.css?ver=6.0.2 HTTP/1.1" 200 1514 "https://tejoversea.com/track-order/" "Mozilla/5.0 (Linux; Android 10; K) AppleWebKit/537.36 (KHTML, like Gecko) Chrome/149.0.0.0 Mobile Safari/537.36"
45.127.45.54 - - [11/Jun/2026:15:24:26 -0400] "GET /wp-content/themes/logistek/assets/css/custom-animation.css?ver=6.0.2 HTTP/1.1" 200 676 "https://tejoversea.com/track-order/" "Mozilla/5.0 (Linux; Android 10; K) AppleWebKit/537.36 (KHTML, like Gecko) Chrome/149.0.0.0 Mobile Safari/537.36"
45.127.45.54 - - [11/Jun/2026:15:24:26 -0400] "GET /wp-content/plugins/creame-whatsapp-me/public/css/joinchat-btn.min.css?ver=4.5.9 HTTP/1.1" 200 1951 "https://tejoversea.com/track-order/" "Mozilla/5.0 (Linux; Android 10; K) AppleWebKit/537.36 (KHTML, like Gecko) Chrome/149.0.0.0 Mobile Safari/537.36"
45.127.45.54 - - [11/Jun/2026:15:24:26 -0400] "GET /wp-content/themes/logistek/assets/fonts/webexicon/style.css?ver=6.0.2 HTTP/1.1" 200 6167 "https://tejoversea.com/track-order/" "Mozilla/5.0 (Linux; Android 10; K) AppleWebKit/537.36 (KHTML, like Gecko) Chrome/149.0.0.0 Mobile Safari/537.36"
45.127.45.54 - - [11/Jun/2026:15:24:26 -0400] "GET /wp-content/themes/logistek/assets/css/animate.css?ver=6.0.2 HTTP/1.1" 200 4452 "https://tejoversea.com/track-order/" "Mozilla/5.0 (Linux; Android 10; K) AppleWebKit/537.36 (KHTML, like Gecko) Chrome/149.0.0.0 Mobile Safari/537.36"
45.127.45.54 - - [11/Jun/2026:15:24:26 -0400] "GET /wp-content/themes/logistek/assets/css/responsive.css?ver=6.0.2 HTTP/1.1" 200 1645 "https://tejoversea.com/track-order/" "Mozilla/5.0 (Linux; Android 10; K) AppleWebKit/537.36 (KHTML, like Gecko) Chrome/149.0.0.0 Mobile Safari/537.36"
45.127.45.54 - - [11/Jun/2026:15:24:26 -0400] "GET /wp-content/themes/logistek/style.css?ver=2021-04-14 HTTP/1.1" 200 4684 "https://tejoversea.com/track-order/" "Mozilla/5.0 (Linux; Android 10; K) AppleWebKit/537.36 (KHTML, like Gecko) Chrome/149.0.0.0 Mobile Safari/537.36"
45.127.45.54 - - [11/Jun/2026:15:24:26 -0400] "GET /wp-content/plugins/elementor/assets/lib/eicons/css/elementor-icons.min.css?ver=5.16.0 HTTP/1.1" 200 3629 "https://tejoversea.com/track-order/" "Mozilla/5.0 (Linux; Android 10; K) AppleWebKit/537.36 (KHTML, like Gecko) Chrome/149.0.0.0 Mobile Safari/537.36"
45.127.45.54 - - [11/Jun/2026:15:24:26 -0400] "GET /wp-content/uploads/elementor/css/post-464.css?ver=1773985684 HTTP/1.1" 200 250 "https://tejoversea.com/track-order/" "Mozilla/5.0 (Linux; Android 10; K) AppleWebKit/537.36 (KHTML, like Gecko) Chrome/149.0.0.0 Mobile Safari/537.36"
45.127.45.54 - - [11/Jun/2026:15:24:30 -0400] "GET /wp-content/themes/logistek/assets/img/side-panel/1.jpg HTTP/1.1" 404 6978 "https://tejoversea.com/track-order/" "Mozilla/5.0 (Linux; Android 10; K) AppleWebKit/537.36 (KHTML, like Gecko) Chrome/149.0.0.0 Mobile Safari/537.36"
45.127.45.54 - - [11/Jun/2026:15:24:30 -0400] "GET /wp-content/themes/logistek/assets/img/side-panel/2.jpg HTTP/1.1" 404 6979 "https://tejoversea.com/track-order/" "Mozilla/5.0 (Linux; Android 10; K) AppleWebKit/537.36 (KHTML, like Gecko) Chrome/149.0.0.0 Mobile Safari/537.36"
45.127.45.54 - - [11/Jun/2026:15:24:30 -0400] "GET /wp-content/themes/logistek/assets/img/side-panel/3.jpg HTTP/1.1" 404 6976 "https://tejoversea.com/track-order/" "Mozilla/5.0 (Linux; Android 10; K) AppleWebKit/537.36 (KHTML, like Gecko) Chrome/149.0.0.0 Mobile Safari/537.36"
45.127.45.54 - - [11/Jun/2026:15:24:30 -0400] "GET /wp-content/themes/logistek/assets/img/side-panel/5.jpg HTTP/1.1" 404 6979 "https://tejoversea.com/track-order/" "Mozilla/5.0 (Linux; Android 10; K) AppleWebKit/537.36 (KHTML, like Gecko) Chrome/149.0.0.0 Mobile Safari/537.36"
45.127.45.54 - - [11/Jun/2026:15:24:31 -0400] "GET /wp-content/uploads/2022/10/logo-white-e1664945180549.png HTTP/1.1" 200 17044 "https://tejoversea.com/track-order/" "Mozilla/5.0 (Linux; Android 10; K) AppleWebKit/537.36 (KHTML, like Gecko) Chrome/149.0.0.0 Mobile Safari/537.36"
162.213.253.84 - - [11/Jun/2026:15:25:28 -0400] "POST /wp-admin/admin-ajax.php?action=async_litespeed&nonce=f21329decd&litespeed_type=imgoptm HTTP/1.1" 200 0 "https://tejoversea.com/wp-admin/admin-ajax.php?action=async_litespeed&nonce=f21329decd&litespeed_type=imgoptm" "WordPress/6.0.2; https://tejoversea.com"
45.127.45.54 - - [11/Jun/2026:15:24:26 -0400] "GET /wp-content/themes/logistek/assets/css/meanmenu.min.css?ver=6.0.2 HTTP/1.1" 200 941 "https://tejoversea.com/track-order/" "Mozilla/5.0 (Linux; Android 10; K) AppleWebKit/537.36 (KHTML, like Gecko) Chrome/149.0.0.0 Mobile Safari/537.36"
45.127.45.54 - - [11/Jun/2026:15:24:26 -0400] "GET /wp-content/themes/logistek/assets/css/style.css?ver=6.0.2 HTTP/1.1" 200 15285 "https://tejoversea.com/track-order/" "Mozilla/5.0 (Linux; Android 10; K) AppleWebKit/537.36 (KHTML, like Gecko) Chrome/149.0.0.0 Mobile Safari/537.36"
45.127.45.54 - - [11/Jun/2026:15:24:26 -0400] "GET /wp-content/themes/logistek/assets/fonts/fontawesome/css/all.css?ver=6.0.2 HTTP/1.1" 200 12558 "https://tejoversea.com/track-order/" "Mozilla/5.0 (Linux; Android 10; K) AppleWebKit/537.36 (KHTML, like Gecko) Chrome/149.0.0.0 Mobile Safari/537.36"
45.127.45.54 - - [11/Jun/2026:15:24:30 -0400] "GET /wp-content/themes/logistek/assets/img/side-panel/4.jpg HTTP/1.1" 404 6977 "https://tejoversea.com/track-order/" "Mozilla/5.0 (Linux; Android 10; K) AppleWebKit/537.36 (KHTML, like Gecko) Chrome/149.0.0.0 Mobile Safari/537.36"
45.127.45.54 - - [11/Jun/2026:15:24:30 -0400] "GET /wp-content/themes/logistek/assets/img/side-panel/6.jpg HTTP/1.1" 404 6979 "https://tejoversea.com/track-order/" "Mozilla/5.0 (Linux; Android 10; K) AppleWebKit/537.36 (KHTML, like Gecko) Chrome/149.0.0.0 Mobile Safari/537.36"
45.127.45.54 - - [11/Jun/2026:15:24:30 -0400] "GET /wp-includes/js/wp-emoji-release.min.js?ver=6.0.2 HTTP/1.1" 200 4619 "https://tejoversea.com/track-order/" "Mozilla/5.0 (Linux; Android 10; K) AppleWebKit/537.36 (KHTML, like Gecko) Chrome/149.0.0.0 Mobile Safari/537.36"
162.213.253.84 - - [11/Jun/2026:15:25:27 -0400] "POST /wp-cron.php?doing_wp_cron=1781205927.5624210834503173828125 HTTP/1.1" 200 0 "https://tejoversea.com/wp-cron.php?doing_wp_cron=1781205927.5624210834503173828125" "WordPress/6.0.2; https://tejoversea.com"
45.127.45.54 - - [11/Jun/2026:15:25:26 -0400] "POST /wp-admin/admin-ajax.php HTTP/1.1" 200 240 "https://tejoversea.com/track-order/" "Mozilla/5.0 (Linux; Android 10; K) AppleWebKit/537.36 (KHTML, like Gecko) Chrome/149.0.0.0 Mobile Safari/537.36"
45.127.45.54 - - [11/Jun/2026:15:25:32 -0400] "POST /wp-admin/admin-ajax.php HTTP/1.1" 200 244 "https://tejoversea.com/track-order/" "Mozilla/5.0 (Linux; Android 10; K) AppleWebKit/537.36 (KHTML, like Gecko) Chrome/149.0.0.0 Mobile Safari/537.36"
45.127.45.54 - - [11/Jun/2026:15:25:38 -0400] "POST /wp-admin/admin-ajax.php HTTP/1.1" 200 246 "https://tejoversea.com/track-order/" "Mozilla/5.0 (Linux; Android 10; K) AppleWebKit/537.36 (KHTML, like Gecko) Chrome/149.0.0.0 Mobile Safari/537.36"
205.185.120.21 - - [11/Jun/2026:16:35:23 -0400] "GET /wp-login.php HTTP/1.1" 200 6507 "-" "Mozilla/5.0 (Macintosh; Intel Mac OS X 10.7; rv:31.0) Gecko/20100101 Firefox/31.0"
162.213.253.84 - - [11/Jun/2026:16:35:24 -0400] "POST /wp-cron.php?doing_wp_cron=1781210124.5102410316467285156250 HTTP/1.1" 200 0 "https://tejoversea.com/wp-cron.php?doing_wp_cron=1781210124.5102410316467285156250" "WordPress/6.0.2; https://tejoversea.com"
162.213.253.84 - - [11/Jun/2026:16:35:24 -0400] "POST /wp-admin/admin-ajax.php?action=async_litespeed&nonce=f21329decd&litespeed_type=imgoptm HTTP/1.1" 200 0 "https://tejoversea.com/wp-admin/admin-ajax.php?action=async_litespeed&nonce=f21329decd&litespeed_type=imgoptm" "WordPress/6.0.2; https://tejoversea.com"
205.185.120.21 - - [11/Jun/2026:16:35:23 -0400] "POST /wp-login.php HTTP/1.1" 200 6700 "-" "Mozilla/5.0 (Macintosh; Intel Mac OS X 10.7; rv:31.0) Gecko/20100101 Firefox/31.0"
205.185.120.156 - - [11/Jun/2026:17:26:18 -0400] "GET /wp-login.php HTTP/1.1" 200 6507 "-" "Mozilla/5.0 (Macintosh; Intel Mac OS X 10_15_7) AppleWebKit/605.1.15 (KHTML, like Gecko) Version/17.1 Safari/605.1.15"
162.213.253.84 - - [11/Jun/2026:17:26:26 -0400] "POST /wp-cron.php?doing_wp_cron=1781213186.2950389385223388671875 HTTP/1.1" 200 0 "https://tejoversea.com/wp-cron.php?doing_wp_cron=1781213186.2950389385223388671875" "WordPress/6.0.2; https://tejoversea.com"
205.185.120.156 - - [11/Jun/2026:17:26:25 -0400] "POST /wp-login.php HTTP/1.1" 200 6700 "-" "Mozilla/5.0 (Macintosh; Intel Mac OS X 10_15_7) AppleWebKit/605.1.15 (KHTML, like Gecko) Version/17.1 Safari/605.1.15"
162.213.253.84 - - [11/Jun/2026:17:26:26 -0400] "POST /wp-admin/admin-ajax.php?action=async_litespeed&nonce=f21329decd&litespeed_type=imgoptm HTTP/1.1" 200 0 "https://tejoversea.com/wp-admin/admin-ajax.php?action=async_litespeed&nonce=f21329decd&litespeed_type=imgoptm" "WordPress/6.0.2; https://tejoversea.com"
51.89.39.36 - - [11/Jun/2026:17:50:25 -0400] "GET /ss.php?c_c HTTP/1.1" 404 28770 "-" "Mozilla/5.0 (Macintosh; Intel Mac OS X 10.15; rv:150.0) Gecko/20100101 Firefox/150.0"
162.213.253.84 - - [11/Jun/2026:17:55:09 -0400] "POST /wp-cron.php?doing_wp_cron=1781214909.3824589252471923828125 HTTP/1.1" 200 0 "https://tejoversea.com/wp-cron.php?doing_wp_cron=1781214909.3824589252471923828125" "WordPress/6.0.2; https://tejoversea.com"
51.89.39.36 - - [11/Jun/2026:17:55:08 -0400] "GET /?wmo_hc=k7Hx9mQp2wRt HTTP/1.1" 200 83594 "-" "Mozilla/5.0 (Macintosh; Intel Mac OS X 10.15; rv:150.0) Gecko/20100101 Firefox/150.0"
162.213.253.84 - - [11/Jun/2026:17:55:25 -0400] "POST /wp-cron.php?doing_wp_cron=1781214925.9408049583435058593750 HTTP/1.1" 200 0 "https://tejoversea.com/wp-cron.php?doing_wp_cron=1781214925.9408049583435058593750" "WordPress/6.0.2; https://tejoversea.com"
51.89.39.36 - - [11/Jun/2026:17:55:25 -0400] "GET /blog-verify HTTP/1.1" 404 28775 "-" "Mozilla/5.0 (X11; Linux x86_64; rv:150.0) Gecko/20100101 Firefox/150.0"
162.213.253.84 - - [11/Jun/2026:17:55:26 -0400] "POST /wp-admin/admin-ajax.php?action=async_litespeed&nonce=f21329decd&litespeed_type=imgoptm HTTP/1.1" 200 0 "https://tejoversea.com/wp-admin/admin-ajax.php?action=async_litespeed&nonce=f21329decd&litespeed_type=imgoptm" "WordPress/6.0.2; https://tejoversea.com"
162.213.253.84 - - [11/Jun/2026:17:50:25 -0400] "POST /wp-cron.php?doing_wp_cron=1781214625.9329969882965087890625 HTTP/1.1" 200 0 "https://tejoversea.com/wp-cron.php?doing_wp_cron=1781214625.9329969882965087890625" "WordPress/6.0.2; https://tejoversea.com"
162.213.253.84 - - [11/Jun/2026:17:50:26 -0400] "POST /wp-admin/admin-ajax.php?action=async_litespeed&nonce=f21329decd&litespeed_type=imgoptm HTTP/1.1" 200 0 "https://tejoversea.com/wp-admin/admin-ajax.php?action=async_litespeed&nonce=f21329decd&litespeed_type=imgoptm" "WordPress/6.0.2; https://tejoversea.com"
162.213.253.84 - - [11/Jun/2026:17:55:09 -0400] "POST /wp-admin/admin-ajax.php?action=async_litespeed&nonce=f21329decd&litespeed_type=imgoptm HTTP/1.1" 200 0 "https://tejoversea.com/wp-admin/admin-ajax.php?action=async_litespeed&nonce=f21329decd&litespeed_type=imgoptm" "WordPress/6.0.2; https://tejoversea.com"
