157.37.131.15 - - [03/Mar/2026:08:33:57 -0500] "GET /wp-includes/js/quicktags.min.js?ver=6.0.2 HTTP/1.1" 200 3832 "http://tejoversea.com/wp-admin/post-new.php?post_type=sliced_quote" "Mozilla/5.0 (Linux; Android 10; K) AppleWebKit/537.36 (KHTML, like Gecko) Chrome/144.0.0.0 Mobile Safari/537.36"
157.37.131.15 - - [03/Mar/2026:08:33:57 -0500] "GET /wp-includes/js/wplink.min.js?ver=6.0.2 HTTP/1.1" 200 4258 "http://tejoversea.com/wp-admin/post-new.php?post_type=sliced_quote" "Mozilla/5.0 (Linux; Android 10; K) AppleWebKit/537.36 (KHTML, like Gecko) Chrome/144.0.0.0 Mobile Safari/537.36"
157.37.131.15 - - [03/Mar/2026:08:33:57 -0500] "GET /wp-admin/js/media-upload.min.js?ver=6.0.2 HTTP/1.1" 200 627 "http://tejoversea.com/wp-admin/post-new.php?post_type=sliced_quote" "Mozilla/5.0 (Linux; Android 10; K) AppleWebKit/537.36 (KHTML, like Gecko) Chrome/144.0.0.0 Mobile Safari/537.36"
157.37.131.15 - - [03/Mar/2026:08:33:57 -0500] "GET /wp-includes/js/wp-embed.min.js?ver=6.0.2 HTTP/1.1" 200 810 "http://tejoversea.com/wp-admin/post-new.php?post_type=sliced_quote" "Mozilla/5.0 (Linux; Android 10; K) AppleWebKit/537.36 (KHTML, like Gecko) Chrome/144.0.0.0 Mobile Safari/537.36"
157.37.131.15 - - [03/Mar/2026:08:33:57 -0500] "GET /wp-admin/images/spinner-2x.gif HTTP/1.1" 200 7536 "http://tejoversea.com/wp-admin/post-new.php?post_type=sliced_quote" "Mozilla/5.0 (Linux; Android 10; K) AppleWebKit/537.36 (KHTML, like Gecko) Chrome/144.0.0.0 Mobile Safari/537.36"
157.37.131.15 - - [03/Mar/2026:08:33:59 -0500] "GET /wp-includes/js/tinymce/skins/lightgray/fonts/tinymce.woff HTTP/1.1" 200 18824 "http://tejoversea.com/wp-includes/js/tinymce/skins/lightgray/skin.min.css?wp-mce-49110-20201110" "Mozilla/5.0 (Linux; Android 10; K) AppleWebKit/537.36 (KHTML, like Gecko) Chrome/144.0.0.0 Mobile Safari/537.36"
157.37.131.15 - - [03/Mar/2026:08:33:59 -0500] "GET /wp-content/plugins/sliced-invoices/admin/iconfont/sliced.woff HTTP/1.1" 200 1604 "http://tejoversea.com/wp-content/plugins/sliced-invoices/admin/css/admin.css?ver=3.9.1" "Mozilla/5.0 (Linux; Android 10; K) AppleWebKit/537.36 (KHTML, like Gecko) Chrome/144.0.0.0 Mobile Safari/537.36"
157.37.131.15 - - [03/Mar/2026:08:33:59 -0500] "GET /wp-content/plugins/elementor/assets/lib/eicons/fonts/eicons.woff2?5.16.0 HTTP/1.1" 200 93372 "http://tejoversea.com/wp-content/plugins/elementor/assets/lib/eicons/css/elementor-icons.min.css?ver=5.16.0" "Mozilla/5.0 (Linux; Android 10; K) AppleWebKit/537.36 (KHTML, like Gecko) Chrome/144.0.0.0 Mobile Safari/537.36"
157.37.131.15 - - [03/Mar/2026:08:33:59 -0500] "GET /wp-includes/js/thickbox/loadingAnimation.gif HTTP/1.1" 200 15238 "http://tejoversea.com/wp-admin/post-new.php?post_type=sliced_quote" "Mozilla/5.0 (Linux; Android 10; K) AppleWebKit/537.36 (KHTML, like Gecko) Chrome/144.0.0.0 Mobile Safari/537.36"
157.37.131.15 - - [03/Mar/2026:08:34:00 -0500] "GET /favicon.ico HTTP/1.1" 404 1251 "http://tejoversea.com/wp-admin/post-new.php?post_type=sliced_quote" "Mozilla/5.0 (Linux; Android 10; K) AppleWebKit/537.36 (KHTML, like Gecko) Chrome/144.0.0.0 Mobile Safari/537.36"
157.37.131.15 - - [03/Mar/2026:08:33:57 -0500] "GET /wp-includes/js/imgareaselect/jquery.imgareaselect.min.js?ver=6.0.2 HTTP/1.1" 200 3953 "http://tejoversea.com/wp-admin/post-new.php?post_type=sliced_quote" "Mozilla/5.0 (Linux; Android 10; K) AppleWebKit/537.36 (KHTML, like Gecko) Chrome/144.0.0.0 Mobile Safari/537.36"
157.37.131.15 - - [03/Mar/2026:08:33:57 -0500] "GET /wp-includes/js/jquery/ui/slider.min.js?ver=1.13.1 HTTP/1.1" 200 3514 "http://tejoversea.com/wp-admin/post-new.php?post_type=sliced_quote" "Mozilla/5.0 (Linux; Android 10; K) AppleWebKit/537.36 (KHTML, like Gecko) Chrome/144.0.0.0 Mobile Safari/537.36"
157.37.131.15 - - [03/Mar/2026:08:33:57 -0500] "GET /wp-admin/js/editor.min.js?ver=6.0.2 HTTP/1.1" 200 5112 "http://tejoversea.com/wp-admin/post-new.php?post_type=sliced_quote" "Mozilla/5.0 (Linux; Android 10; K) AppleWebKit/537.36 (KHTML, like Gecko) Chrome/144.0.0.0 Mobile Safari/537.36"
157.37.131.15 - - [03/Mar/2026:08:33:57 -0500] "GET /wp-includes/js/tinymce/wp-tinymce.js?ver=49110-20201110 HTTP/1.1" 200 252613 "http://tejoversea.com/wp-admin/post-new.php?post_type=sliced_quote" "Mozilla/5.0 (Linux; Android 10; K) AppleWebKit/537.36 (KHTML, like Gecko) Chrome/144.0.0.0 Mobile Safari/537.36"
157.37.131.15 - - [03/Mar/2026:08:33:59 -0500] "GET /wp-content/plugins/litespeed-cache/assets/css/fonts/litespeedfont.ttf?rs8ttq HTTP/1.1" 200 1840 "http://tejoversea.com/wp-content/plugins/litespeed-cache/assets/css/litespeed.css?ver=6.0.0.1" "Mozilla/5.0 (Linux; Android 10; K) AppleWebKit/537.36 (KHTML, like Gecko) Chrome/144.0.0.0 Mobile Safari/537.36"
157.37.131.15 - - [03/Mar/2026:08:34:14 -0500] "POST /wp-admin/admin-ajax.php HTTP/1.1" 200 168 "http://tejoversea.com/wp-admin/post-new.php?post_type=sliced_quote" "Mozilla/5.0 (Linux; Android 10; K) AppleWebKit/537.36 (KHTML, like Gecko) Chrome/144.0.0.0 Mobile Safari/537.36"
162.213.253.84 - - [03/Mar/2026:08:34:15 -0500] "POST /wp-cron.php?doing_wp_cron=1772544855.0679490566253662109375 HTTP/1.1" 200 0 "http://tejoversea.com/wp-cron.php?doing_wp_cron=1772544855.0679490566253662109375" "WordPress/6.0.2; http://tejoversea.com"
162.213.253.84 - - [03/Mar/2026:08:34:16 -0500] "POST /wp-cron.php?doing_wp_cron=1772544856.2061619758605957031250 HTTP/1.1" 200 0 "http://tejoversea.com/wp-cron.php?doing_wp_cron=1772544856.2061619758605957031250" "WordPress/6.0.2; http://tejoversea.com"
157.37.131.15 - - [03/Mar/2026:08:34:16 -0500] "POST /wp-admin/admin-ajax.php HTTP/1.1" 200 22 "http://tejoversea.com/wp-admin/post-new.php?post_type=sliced_quote" "Mozilla/5.0 (Linux; Android 10; K) AppleWebKit/537.36 (KHTML, like Gecko) Chrome/144.0.0.0 Mobile Safari/537.36"
157.37.131.15 - - [03/Mar/2026:08:34:18 -0500] "POST /wp-admin/admin-ajax.php HTTP/1.1" 200 22 "http://tejoversea.com/wp-admin/post-new.php?post_type=sliced_quote" "Mozilla/5.0 (Linux; Android 10; K) AppleWebKit/537.36 (KHTML, like Gecko) Chrome/144.0.0.0 Mobile Safari/537.36"
157.37.131.15 - - [03/Mar/2026:08:34:24 -0500] "POST /wp-admin/admin-ajax.php HTTP/1.1" 200 22 "http://tejoversea.com/wp-admin/post-new.php?post_type=sliced_quote" "Mozilla/5.0 (Linux; Android 10; K) AppleWebKit/537.36 (KHTML, like Gecko) Chrome/144.0.0.0 Mobile Safari/537.36"
157.37.131.15 - - [03/Mar/2026:08:34:29 -0500] "POST /wp-admin/admin-ajax.php HTTP/1.1" 200 98 "http://tejoversea.com/wp-admin/post-new.php?post_type=sliced_quote" "Mozilla/5.0 (Linux; Android 10; K) AppleWebKit/537.36 (KHTML, like Gecko) Chrome/144.0.0.0 Mobile Safari/537.36"
157.37.131.15 - - [03/Mar/2026:08:34:35 -0500] "POST /wp-admin/admin-ajax.php HTTP/1.1" 200 22 "http://tejoversea.com/wp-admin/post-new.php?post_type=sliced_quote" "Mozilla/5.0 (Linux; Android 10; K) AppleWebKit/537.36 (KHTML, like Gecko) Chrome/144.0.0.0 Mobile Safari/537.36"
157.37.131.15 - - [03/Mar/2026:08:34:44 -0500] "POST /wp-admin/admin-ajax.php HTTP/1.1" 200 98 "http://tejoversea.com/wp-admin/post-new.php?post_type=sliced_quote" "Mozilla/5.0 (Linux; Android 10; K) AppleWebKit/537.36 (KHTML, like Gecko) Chrome/144.0.0.0 Mobile Safari/537.36"
157.37.131.15 - - [03/Mar/2026:08:34:14 -0500] "POST /wp-admin/admin-ajax.php HTTP/1.1" 200 22 "http://tejoversea.com/wp-admin/post-new.php?post_type=sliced_quote" "Mozilla/5.0 (Linux; Android 10; K) AppleWebKit/537.36 (KHTML, like Gecko) Chrome/144.0.0.0 Mobile Safari/537.36"
157.37.131.15 - - [03/Mar/2026:08:34:15 -0500] "POST /wp-admin/admin-ajax.php HTTP/1.1" 200 293 "http://tejoversea.com/wp-admin/post-new.php?post_type=sliced_quote" "Mozilla/5.0 (Linux; Android 10; K) AppleWebKit/537.36 (KHTML, like Gecko) Chrome/144.0.0.0 Mobile Safari/537.36"
157.37.131.15 - - [03/Mar/2026:08:34:14 -0500] "POST /wp-admin/admin-ajax.php HTTP/1.1" 200 22 "http://tejoversea.com/wp-admin/post-new.php?post_type=sliced_quote" "Mozilla/5.0 (Linux; Android 10; K) AppleWebKit/537.36 (KHTML, like Gecko) Chrome/144.0.0.0 Mobile Safari/537.36"
157.37.131.15 - - [03/Mar/2026:08:34:26 -0500] "POST /wp-admin/admin-ajax.php HTTP/1.1" 200 22 "http://tejoversea.com/wp-admin/post-new.php?post_type=sliced_quote" "Mozilla/5.0 (Linux; Android 10; K) AppleWebKit/537.36 (KHTML, like Gecko) Chrome/144.0.0.0 Mobile Safari/537.36"
157.37.131.15 - - [03/Mar/2026:08:34:37 -0500] "POST /wp-admin/admin-ajax.php HTTP/1.1" 200 22 "http://tejoversea.com/wp-admin/post-new.php?post_type=sliced_quote" "Mozilla/5.0 (Linux; Android 10; K) AppleWebKit/537.36 (KHTML, like Gecko) Chrome/144.0.0.0 Mobile Safari/537.36"
157.37.131.15 - - [03/Mar/2026:08:34:59 -0500] "POST /wp-admin/admin-ajax.php HTTP/1.1" 200 98 "http://tejoversea.com/wp-admin/post-new.php?post_type=sliced_quote" "Mozilla/5.0 (Linux; Android 10; K) AppleWebKit/537.36 (KHTML, like Gecko) Chrome/144.0.0.0 Mobile Safari/537.36"
157.37.131.15 - - [03/Mar/2026:08:35:07 -0500] "POST /wp-admin/admin-ajax.php HTTP/1.1" 200 22 "http://tejoversea.com/wp-admin/post-new.php?post_type=sliced_quote" "Mozilla/5.0 (Linux; Android 10; K) AppleWebKit/537.36 (KHTML, like Gecko) Chrome/144.0.0.0 Mobile Safari/537.36"
157.37.131.15 - - [03/Mar/2026:08:35:32 -0500] "POST /wp-admin/post.php HTTP/1.1" 302 0 "http://tejoversea.com/wp-admin/post-new.php?post_type=sliced_quote&wp-post-new-reload=true" "Mozilla/5.0 (Linux; Android 10; K) AppleWebKit/537.36 (KHTML, like Gecko) Chrome/144.0.0.0 Mobile Safari/537.36"
157.37.131.15 - - [03/Mar/2026:08:35:36 -0500] "GET /wp-admin/post.php?post=3323&action=edit&message=6 HTTP/1.1" 200 85438 "http://tejoversea.com/wp-admin/post-new.php?post_type=sliced_quote&wp-post-new-reload=true" "Mozilla/5.0 (Linux; Android 10; K) AppleWebKit/537.36 (KHTML, like Gecko) Chrome/144.0.0.0 Mobile Safari/537.36"
157.37.131.15 - - [03/Mar/2026:08:35:40 -0500] "GET /wp-admin/js/edit-comments.min.js?ver=6.0.2 HTTP/1.1" 200 5614 "http://tejoversea.com/wp-admin/post.php?post=3323&action=edit" "Mozilla/5.0 (Linux; Android 10; K) AppleWebKit/537.36 (KHTML, like Gecko) Chrome/144.0.0.0 Mobile Safari/537.36"
157.37.131.15 - - [03/Mar/2026:08:35:42 -0500] "GET /wp-admin/admin-ajax.php?action=oembed-cache&post=3323 HTTP/1.1" 200 21 "http://tejoversea.com/wp-admin/post.php?post=3323&action=edit" "Mozilla/5.0 (Linux; Android 10; K) AppleWebKit/537.36 (KHTML, like Gecko) Chrome/144.0.0.0 Mobile Safari/537.36"
162.213.253.84 - - [03/Mar/2026:08:35:44 -0500] "GET /sliced_quote/bike-shifting-delhi-to-champaran/?create=pdf&id=3323 HTTP/1.1" 200 6213 "http://tejoversea.com/sliced_quote/bike-shifting-delhi-to-champaran/?create=pdf&id=3323" "WordPress/6.0.2; http://tejoversea.com"
162.213.253.84 - - [03/Mar/2026:08:35:51 -0500] "GET /sliced_quote/bike-shifting-delhi-to-champaran/?create=pdf&id=3323 HTTP/1.1" 200 6213 "http://tejoversea.com/sliced_quote/bike-shifting-delhi-to-champaran/?create=pdf&id=3323" "WordPress/6.0.2; http://tejoversea.com"
157.37.131.15 - - [03/Mar/2026:08:35:51 -0500] "GET /sliced_quote/bike-shifting-delhi-to-champaran/?create=pdf&id=3323&print_pdf=77297d0111 HTTP/1.1" 200 55306 "-" "Mozilla/5.0 (Linux; Android 10; K) AppleWebKit/537.36 (KHTML, like Gecko) Chrome/144.0.0.0 Mobile Safari/537.36"
162.213.253.84 - - [03/Mar/2026:08:36:13 -0500] "POST /wp-cron.php?doing_wp_cron=1772544973.5499498844146728515625 HTTP/1.1" 200 0 "http://tejoversea.com/wp-cron.php?doing_wp_cron=1772544973.5499498844146728515625" "WordPress/6.0.2; http://tejoversea.com"
157.37.131.15 - - [03/Mar/2026:08:36:12 -0500] "POST /wp-admin/admin-ajax.php HTTP/1.1" 200 98 "http://tejoversea.com/wp-admin/post.php?post=3323&action=edit" "Mozilla/5.0 (Linux; Android 10; K) AppleWebKit/537.36 (KHTML, like Gecko) Chrome/144.0.0.0 Mobile Safari/537.36"
157.37.131.15 - - [03/Mar/2026:08:34:46 -0500] "POST /wp-admin/admin-ajax.php HTTP/1.1" 200 22 "http://tejoversea.com/wp-admin/post-new.php?post_type=sliced_quote" "Mozilla/5.0 (Linux; Android 10; K) AppleWebKit/537.36 (KHTML, like Gecko) Chrome/144.0.0.0 Mobile Safari/537.36"
157.37.131.15 - - [03/Mar/2026:08:34:48 -0500] "POST /wp-admin/admin-ajax.php HTTP/1.1" 200 22 "http://tejoversea.com/wp-admin/post-new.php?post_type=sliced_quote" "Mozilla/5.0 (Linux; Android 10; K) AppleWebKit/537.36 (KHTML, like Gecko) Chrome/144.0.0.0 Mobile Safari/537.36"
157.37.131.15 - - [03/Mar/2026:08:35:00 -0500] "POST /wp-admin/admin-ajax.php HTTP/1.1" 200 22 "http://tejoversea.com/wp-admin/post-new.php?post_type=sliced_quote" "Mozilla/5.0 (Linux; Android 10; K) AppleWebKit/537.36 (KHTML, like Gecko) Chrome/144.0.0.0 Mobile Safari/537.36"
157.37.131.15 - - [03/Mar/2026:08:35:07 -0500] "POST /wp-admin/admin-ajax.php HTTP/1.1" 200 17868 "http://tejoversea.com/wp-admin/post-new.php?post_type=sliced_quote" "Mozilla/5.0 (Linux; Android 10; K) AppleWebKit/537.36 (KHTML, like Gecko) Chrome/144.0.0.0 Mobile Safari/537.36"
157.37.131.15 - - [03/Mar/2026:08:35:14 -0500] "POST /wp-admin/admin-ajax.php HTTP/1.1" 200 98 "http://tejoversea.com/wp-admin/post-new.php?post_type=sliced_quote" "Mozilla/5.0 (Linux; Android 10; K) AppleWebKit/537.36 (KHTML, like Gecko) Chrome/144.0.0.0 Mobile Safari/537.36"
162.213.253.84 - - [03/Mar/2026:08:35:29 -0500] "POST /wp-cron.php?doing_wp_cron=1772544929.7949759960174560546875 HTTP/1.1" 200 0 "http://tejoversea.com/wp-cron.php?doing_wp_cron=1772544929.7949759960174560546875" "WordPress/6.0.2; http://tejoversea.com"
157.37.131.15 - - [03/Mar/2026:08:35:29 -0500] "POST /wp-admin/admin-ajax.php HTTP/1.1" 200 98 "http://tejoversea.com/wp-admin/post-new.php?post_type=sliced_quote" "Mozilla/5.0 (Linux; Android 10; K) AppleWebKit/537.36 (KHTML, like Gecko) Chrome/144.0.0.0 Mobile Safari/537.36"
162.213.253.84 - - [03/Mar/2026:08:35:30 -0500] "POST /wp-admin/admin-ajax.php?action=async_litespeed&nonce=5eb38584b9&litespeed_type=imgoptm HTTP/1.1" 200 0 "http://tejoversea.com/wp-admin/admin-ajax.php?action=async_litespeed&nonce=5eb38584b9&litespeed_type=imgoptm" "WordPress/6.0.2; http://tejoversea.com"
157.37.131.15 - - [03/Mar/2026:08:35:40 -0500] "GET /wp-includes/js/jquery/jquery.query.js?ver=2.2.3 HTTP/1.1" 200 1698 "http://tejoversea.com/wp-admin/post.php?post=3323&action=edit" "Mozilla/5.0 (Linux; Android 10; K) AppleWebKit/537.36 (KHTML, like Gecko) Chrome/144.0.0.0 Mobile Safari/537.36"
157.37.131.15 - - [03/Mar/2026:08:35:43 -0500] "GET /sliced_quote/bike-shifting-delhi-to-champaran/?create=pdf&id=3323&print_pdf=77297d0111 HTTP/1.1" 200 55306 "http://tejoversea.com/wp-admin/post.php?post=3323&action=edit" "Mozilla/5.0 (Linux; Android 10; K) AppleWebKit/537.36 (KHTML, like Gecko) Chrome/144.0.0.0 Mobile Safari/537.36"
157.37.131.15 - - [03/Mar/2026:08:35:57 -0500] "POST /wp-admin/admin-ajax.php HTTP/1.1" 200 98 "http://tejoversea.com/wp-admin/post.php?post=3323&action=edit" "Mozilla/5.0 (Linux; Android 10; K) AppleWebKit/537.36 (KHTML, like Gecko) Chrome/144.0.0.0 Mobile Safari/537.36"
162.213.253.84 - - [03/Mar/2026:08:59:40 -0500] "POST /wp-admin/admin-ajax.php?action=async_litespeed&nonce=5eb38584b9&litespeed_type=imgoptm HTTP/1.1" 200 0 "http://tejoversea.com/wp-admin/admin-ajax.php?action=async_litespeed&nonce=5eb38584b9&litespeed_type=imgoptm" "WordPress/6.0.2; http://tejoversea.com"
162.213.253.84 - - [03/Mar/2026:08:59:37 -0500] "POST /wp-cron.php?doing_wp_cron=1772546377.7566769123077392578125 HTTP/1.1" 200 0 "http://tejoversea.com/wp-cron.php?doing_wp_cron=1772546377.7566769123077392578125" "WordPress/6.0.2; http://tejoversea.com"
34.147.39.77 - - [03/Mar/2026:08:59:35 -0500] "GET /media/system/js/core.js HTTP/1.1" 404 7612 "-" "Mozilla/5.0 (Macintosh; Intel Mac OS X 10_10_1) AppleWebKit/537.36 (KHTML, like Gecko) Chrome/39.0.2171.95 Safari/537.36"
162.213.253.84 - - [03/Mar/2026:09:30:08 -0500] "POST /wp-cron.php?doing_wp_cron=1772548208.7533469200134277343750 HTTP/1.1" 200 0 "http://tejoversea.com/wp-cron.php?doing_wp_cron=1772548208.7533469200134277343750" "WordPress/6.0.2; http://tejoversea.com"
52.167.144.19 - - [03/Mar/2026:09:30:07 -0500] "GET /wp-content/themes/logistek/assets/img/side-panel/1.jpg HTTP/1.1" 404 6969 "-" "Mozilla/5.0 AppleWebKit/537.36 (KHTML, like Gecko; compatible; bingbot/2.0; +http://www.bing.com/bingbot.htm) Chrome/116.0.1938.76 Safari/537.36"
162.213.253.84 - - [03/Mar/2026:09:30:09 -0500] "POST /wp-admin/admin-ajax.php?action=async_litespeed&nonce=5eb38584b9&litespeed_type=imgoptm HTTP/1.1" 200 0 "http://tejoversea.com/wp-admin/admin-ajax.php?action=async_litespeed&nonce=5eb38584b9&litespeed_type=imgoptm" "WordPress/6.0.2; http://tejoversea.com"
104.28.203.60 - - [03/Mar/2026:10:08:50 -0500] "GET //style.php HTTP/1.1" 301 0 "-" "Go-http-client/1.1"
104.28.203.60 - - [03/Mar/2026:10:08:55 -0500] "GET //wp-content/style.php HTTP/1.1" 301 0 "-" "Go-http-client/1.1"
104.28.203.60 - - [03/Mar/2026:10:08:56 -0500] "GET /wp-content/style.php HTTP/1.1" 404 7610 "http://tejoversea.com//wp-content/style.php" "Go-http-client/1.1"
104.28.203.60 - - [03/Mar/2026:10:08:57 -0500] "GET /wp-content/themes/style.php HTTP/1.1" 404 7606 "http://tejoversea.com//wp-content/themes/style.php" "Go-http-client/1.1"
104.28.203.60 - - [03/Mar/2026:10:08:59 -0500] "GET /wp-admin/style.php HTTP/1.1" 404 7606 "http://tejoversea.com//wp-admin/style.php" "Go-http-client/1.1"
104.28.203.60 - - [03/Mar/2026:10:09:00 -0500] "GET //wp-includes/style.php HTTP/1.1" 301 0 "-" "Go-http-client/1.1"
104.28.203.60 - - [03/Mar/2026:10:09:01 -0500] "GET //chosen.php?p= HTTP/1.1" 301 0 "-" "Go-http-client/1.1"
104.28.203.60 - - [03/Mar/2026:10:09:04 -0500] "GET /file.php HTTP/1.1" 404 7610 "http://tejoversea.com//file.php" "Go-http-client/1.1"
104.28.203.60 - - [03/Mar/2026:10:09:05 -0500] "GET //flower.php HTTP/1.1" 301 0 "-" "Go-http-client/1.1"
104.28.203.60 - - [03/Mar/2026:10:09:06 -0500] "GET /flower.php HTTP/1.1" 404 7611 "http://tejoversea.com//flower.php" "Go-http-client/1.1"
104.28.203.60 - - [03/Mar/2026:10:09:07 -0500] "GET //gifclass.php HTTP/1.1" 301 0 "-" "Go-http-client/1.1"
104.28.203.60 - - [03/Mar/2026:10:09:07 -0500] "GET /gifclass.php HTTP/1.1" 404 7612 "http://tejoversea.com//gifclass.php#888xyz999" "Go-http-client/1.1"
104.28.203.60 - - [03/Mar/2026:10:09:08 -0500] "GET //bless.php HTTP/1.1" 301 0 "-" "Go-http-client/1.1"
162.213.253.84 - - [03/Mar/2026:10:09:11 -0500] "POST /wp-cron.php?doing_wp_cron=1772550551.5739459991455078125000 HTTP/1.1" 200 0 "http://tejoversea.com/wp-cron.php?doing_wp_cron=1772550551.5739459991455078125000" "WordPress/6.0.2; http://tejoversea.com"
104.28.203.60 - - [03/Mar/2026:10:09:10 -0500] "GET /class-t.api.php HTTP/1.1" 404 7608 "http://tejoversea.com//class-t.api.php#888xyz999" "Go-http-client/1.1"
104.28.203.60 - - [03/Mar/2026:10:09:12 -0500] "GET //blurbs.php HTTP/1.1" 301 0 "-" "Go-http-client/1.1"
104.28.203.60 - - [03/Mar/2026:10:09:15 -0500] "GET //abcd.php HTTP/1.1" 301 0 "-" "Go-http-client/1.1"
104.28.203.60 - - [03/Mar/2026:10:09:17 -0500] "GET //shelp.php HTTP/1.1" 301 0 "-" "Go-http-client/1.1"
162.213.253.84 - - [03/Mar/2026:10:09:18 -0500] "POST /wp-cron.php?doing_wp_cron=1772550558.7363140583038330078125 HTTP/1.1" 200 0 "http://tejoversea.com/wp-cron.php?doing_wp_cron=1772550558.7363140583038330078125" "WordPress/6.0.2; http://tejoversea.com"
104.28.203.60 - - [03/Mar/2026:10:09:18 -0500] "GET /shelp.php HTTP/1.1" 404 7611 "http://tejoversea.com//shelp.php" "Go-http-client/1.1"
162.213.253.84 - - [03/Mar/2026:10:09:19 -0500] "POST /wp-admin/admin-ajax.php?action=async_litespeed&nonce=5eb38584b9&litespeed_type=imgoptm HTTP/1.1" 200 0 "http://tejoversea.com/wp-admin/admin-ajax.php?action=async_litespeed&nonce=5eb38584b9&litespeed_type=imgoptm" "WordPress/6.0.2; http://tejoversea.com"
104.28.203.60 - - [03/Mar/2026:10:09:20 -0500] "GET /cord.php HTTP/1.1" 404 7604 "http://tejoversea.com//cord.php" "Go-http-client/1.1"
104.28.203.60 - - [03/Mar/2026:10:09:24 -0500] "GET //file2.php HTTP/1.1" 301 0 "-" "Go-http-client/1.1"
104.28.203.60 - - [03/Mar/2026:10:09:27 -0500] "GET /wp-admin/zwso.php HTTP/1.1" 404 7606 "http://tejoversea.com//wp-admin/zwso.php" "Go-http-client/1.1"
104.28.203.60 - - [03/Mar/2026:10:09:28 -0500] "GET //wp-content/plugins/hellopress/wp_mna.php HTTP/1.1" 301 0 "-" "Go-http-client/1.1"
104.28.203.60 - - [03/Mar/2026:10:09:29 -0500] "GET /wp-content/plugins/hellopress/wp_mna.php HTTP/1.1" 404 7621 "http://tejoversea.com//wp-content/plugins/hellopress/wp_mna.php" "Go-http-client/1.1"
104.28.203.60 - - [03/Mar/2026:10:09:34 -0500] "GET /133.php HTTP/1.1" 404 7610 "http://tejoversea.com//133.php" "Go-http-client/1.1"
104.28.203.60 - - [03/Mar/2026:10:09:35 -0500] "GET //ahax.php HTTP/1.1" 301 0 "-" "Go-http-client/1.1"
162.213.253.84 - - [03/Mar/2026:10:08:53 -0500] "POST /wp-cron.php?doing_wp_cron=1772550532.9954030513763427734375 HTTP/1.1" 200 0 "http://tejoversea.com/wp-cron.php?doing_wp_cron=1772550532.9954030513763427734375" "WordPress/6.0.2; http://tejoversea.com"
162.213.253.84 - - [03/Mar/2026:10:08:53 -0500] "POST /wp-admin/admin-ajax.php?action=async_litespeed&nonce=5eb38584b9&litespeed_type=imgoptm HTTP/1.1" 200 0 "http://tejoversea.com/wp-admin/admin-ajax.php?action=async_litespeed&nonce=5eb38584b9&litespeed_type=imgoptm" "WordPress/6.0.2; http://tejoversea.com"
104.28.203.60 - - [03/Mar/2026:10:08:54 -0500] "GET /style.php HTTP/1.1" 404 7610 "http://tejoversea.com//style.php" "Go-http-client/1.1"
104.28.203.60 - - [03/Mar/2026:10:08:56 -0500] "GET //wp-content/themes/style.php HTTP/1.1" 301 0 "-" "Go-http-client/1.1"
104.28.203.60 - - [03/Mar/2026:10:08:58 -0500] "GET //wp-admin/style.php HTTP/1.1" 301 0 "-" "Go-http-client/1.1"
104.28.203.60 - - [03/Mar/2026:10:09:00 -0500] "GET /wp-includes/style.php HTTP/1.1" 404 7612 "http://tejoversea.com//wp-includes/style.php" "Go-http-client/1.1"
104.28.203.60 - - [03/Mar/2026:10:09:02 -0500] "GET /chosen.php HTTP/1.1" 404 7612 "http://tejoversea.com//chosen.php?p=" "Go-http-client/1.1"
104.28.203.60 - - [03/Mar/2026:10:09:03 -0500] "GET //file.php HTTP/1.1" 301 0 "-" "Go-http-client/1.1"
104.28.203.60 - - [03/Mar/2026:10:09:09 -0500] "GET /bless.php HTTP/1.1" 404 7611 "http://tejoversea.com//bless.php#888xyz999" "Go-http-client/1.1"
104.28.203.60 - - [03/Mar/2026:10:09:10 -0500] "GET //class-t.api.php HTTP/1.1" 301 0 "-" "Go-http-client/1.1"
104.28.203.60 - - [03/Mar/2026:10:09:13 -0500] "GET /blurbs.php HTTP/1.1" 404 7612 "http://tejoversea.com//blurbs.php#888xyz999" "Go-http-client/1.1"
104.28.203.60 - - [03/Mar/2026:10:09:14 -0500] "GET //akcc.php HTTP/1.1" 301 0 "-" "Go-http-client/1.1"
104.28.203.60 - - [03/Mar/2026:10:09:14 -0500] "GET /akcc.php HTTP/1.1" 404 7610 "http://tejoversea.com//akcc.php" "Go-http-client/1.1"
104.28.203.60 - - [03/Mar/2026:10:09:16 -0500] "GET /abcd.php HTTP/1.1" 404 7611 "http://tejoversea.com//abcd.php" "Go-http-client/1.1"
104.28.203.60 - - [03/Mar/2026:10:09:19 -0500] "GET //cord.php HTTP/1.1" 301 0 "-" "Go-http-client/1.1"
104.28.203.60 - - [03/Mar/2026:10:09:21 -0500] "GET //dex.php HTTP/1.1" 301 0 "-" "Go-http-client/1.1"
104.28.203.60 - - [03/Mar/2026:10:09:22 -0500] "GET /dex.php HTTP/1.1" 404 7609 "http://tejoversea.com//dex.php" "Go-http-client/1.1"
104.28.203.60 - - [03/Mar/2026:10:09:23 -0500] "GET //wp-admin/admin-ajax.php HTTP/1.1" 400 21 "-" "Go-http-client/1.1"
104.28.203.60 - - [03/Mar/2026:10:09:24 -0500] "GET /file2.php HTTP/1.1" 404 7611 "http://tejoversea.com//file2.php#tabFM" "Go-http-client/1.1"
104.28.203.60 - - [03/Mar/2026:10:09:25 -0500] "GET ///zwso.php HTTP/1.1" 301 0 "-" "Go-http-client/1.1"
104.28.203.60 - - [03/Mar/2026:10:09:26 -0500] "GET /zwso.php HTTP/1.1" 404 7610 "http://tejoversea.com///zwso.php" "Go-http-client/1.1"
104.28.203.60 - - [03/Mar/2026:10:09:27 -0500] "GET //wp-admin/zwso.php HTTP/1.1" 301 0 "-" "Go-http-client/1.1"
104.28.203.60 - - [03/Mar/2026:10:09:30 -0500] "GET //bolt.php HTTP/1.1" 301 0 "-" "Go-http-client/1.1"
104.28.203.60 - - [03/Mar/2026:10:09:30 -0500] "GET /bolt.php HTTP/1.1" 404 7610 "http://tejoversea.com//bolt.php" "Go-http-client/1.1"
104.28.203.60 - - [03/Mar/2026:10:09:31 -0500] "GET //shlo.php HTTP/1.1" 301 0 "-" "Go-http-client/1.1"
104.28.203.60 - - [03/Mar/2026:10:09:32 -0500] "GET /shlo.php HTTP/1.1" 404 7610 "http://tejoversea.com//shlo.php#lufix" "Go-http-client/1.1"
104.28.203.60 - - [03/Mar/2026:10:09:33 -0500] "GET //133.php HTTP/1.1" 301 0 "-" "Go-http-client/1.1"
104.28.203.60 - - [03/Mar/2026:10:09:37 -0500] "GET //lufix1.php HTTP/1.1" 301 0 "-" "Go-http-client/1.1"
104.28.203.60 - - [03/Mar/2026:10:09:40 -0500] "GET /witmm.php HTTP/1.1" 404 7610 "http://tejoversea.com//witmm.php#lufix" "Go-http-client/1.1"
104.28.203.60 - - [03/Mar/2026:10:09:46 -0500] "GET //wp-editor.php HTTP/1.1" 301 0 "-" "Go-http-client/1.1"
104.28.203.60 - - [03/Mar/2026:10:09:47 -0500] "GET /wp-editor.php HTTP/1.1" 404 7611 "http://tejoversea.com//wp-editor.php#lufix" "Go-http-client/1.1"
104.28.203.60 - - [03/Mar/2026:10:09:48 -0500] "GET //txets.php HTTP/1.1" 301 0 "-" "Go-http-client/1.1"
104.28.203.60 - - [03/Mar/2026:10:09:49 -0500] "GET /txets.php HTTP/1.1" 404 7611 "http://tejoversea.com//txets.php" "Go-http-client/1.1"
104.28.203.60 - - [03/Mar/2026:10:09:50 -0500] "GET /wp-content/txets.php HTTP/1.1" 404 7611 "http://tejoversea.com//wp-content/txets.php" "Go-http-client/1.1"
104.28.203.60 - - [03/Mar/2026:10:09:51 -0500] "GET //wp-admin/txets.php HTTP/1.1" 301 0 "-" "Go-http-client/1.1"
104.28.203.60 - - [03/Mar/2026:10:09:54 -0500] "GET /postnews.php HTTP/1.1" 404 7613 "http://tejoversea.com//postnews.php" "Go-http-client/1.1"
104.28.203.60 - - [03/Mar/2026:10:09:55 -0500] "GET //wp-content/postnews.php HTTP/1.1" 301 0 "-" "Go-http-client/1.1"
104.28.203.60 - - [03/Mar/2026:10:09:56 -0500] "GET /wp-content/postnews.php HTTP/1.1" 404 7613 "http://tejoversea.com//wp-content/postnews.php" "Go-http-client/1.1"
104.28.203.60 - - [03/Mar/2026:10:09:57 -0500] "GET //wp-admin/postnews.php HTTP/1.1" 301 0 "-" "Go-http-client/1.1"
104.28.203.60 - - [03/Mar/2026:10:09:35 -0500] "GET /ahax.php HTTP/1.1" 404 7609 "http://tejoversea.com//ahax.php" "Go-http-client/1.1"
104.28.203.60 - - [03/Mar/2026:10:09:36 -0500] "GET //php8.php HTTP/1.1" 301 0 "-" "Go-http-client/1.1"
104.28.203.60 - - [03/Mar/2026:10:09:37 -0500] "GET /php8.php HTTP/1.1" 404 7610 "http://tejoversea.com//php8.php#xleet" "Go-http-client/1.1"
104.28.203.60 - - [03/Mar/2026:10:09:38 -0500] "GET /lufix1.php HTTP/1.1" 404 7612 "http://tejoversea.com//lufix1.php#lufix" "Go-http-client/1.1"
104.28.203.60 - - [03/Mar/2026:10:09:39 -0500] "GET //witmm.php HTTP/1.1" 301 0 "-" "Go-http-client/1.1"
104.28.203.60 - - [03/Mar/2026:10:09:41 -0500] "GET //wp-admin/css/index.php HTTP/1.1" 301 0 "-" "Go-http-client/1.1"
104.28.203.60 - - [03/Mar/2026:10:09:41 -0500] "GET /wp-admin/css/ HTTP/1.1" 403 1242 "http://tejoversea.com//wp-admin/css/index.php" "Go-http-client/1.1"
104.28.203.60 - - [03/Mar/2026:10:09:41 -0500] "GET //wp-content/plugins/index.php HTTP/1.1" 200 0 "-" "Go-http-client/1.1"
104.28.203.60 - - [03/Mar/2026:10:09:41 -0500] "GET //wp-content/index.php HTTP/1.1" 200 0 "-" "Go-http-client/1.1"
104.28.203.60 - - [03/Mar/2026:10:09:42 -0500] "GET //ioxi-o.php HTTP/1.1" 301 0 "-" "Go-http-client/1.1"
104.28.203.60 - - [03/Mar/2026:10:09:42 -0500] "GET /ioxi-o.php HTTP/1.1" 404 7612 "http://tejoversea.com//ioxi-o.php" "Go-http-client/1.1"
104.28.203.60 - - [03/Mar/2026:10:09:43 -0500] "GET //222.php HTTP/1.1" 301 0 "-" "Go-http-client/1.1"
104.28.203.60 - - [03/Mar/2026:10:09:44 -0500] "GET /222.php HTTP/1.1" 404 7610 "http://tejoversea.com//222.php" "Go-http-client/1.1"
104.28.203.60 - - [03/Mar/2026:10:09:45 -0500] "GET //files.php HTTP/1.1" 301 0 "-" "Go-http-client/1.1"
104.28.203.60 - - [03/Mar/2026:10:09:45 -0500] "GET /files.php HTTP/1.1" 404 7611 "http://tejoversea.com//files.php#admin@3tu/T?TJ8v?N" "Go-http-client/1.1"
104.28.203.60 - - [03/Mar/2026:10:09:50 -0500] "GET //wp-content/txets.php HTTP/1.1" 301 0 "-" "Go-http-client/1.1"
104.28.203.60 - - [03/Mar/2026:10:09:52 -0500] "GET /wp-admin/txets.php HTTP/1.1" 404 7613 "http://tejoversea.com//wp-admin/txets.php" "Go-http-client/1.1"
104.28.203.60 - - [03/Mar/2026:10:09:53 -0500] "GET //postnews.php HTTP/1.1" 301 0 "-" "Go-http-client/1.1"
104.28.203.60 - - [03/Mar/2026:10:09:57 -0500] "GET /wp-admin/postnews.php HTTP/1.1" 404 7615 "http://tejoversea.com//wp-admin/postnews.php" "Go-http-client/1.1"
162.213.253.84 - - [03/Mar/2026:10:23:09 -0500] "POST /wp-admin/admin-ajax.php?action=async_litespeed&nonce=5eb38584b9&litespeed_type=imgoptm HTTP/1.1" 200 0 "http://tejoversea.com/wp-admin/admin-ajax.php?action=async_litespeed&nonce=5eb38584b9&litespeed_type=imgoptm" "WordPress/6.0.2; http://tejoversea.com"
162.213.253.84 - - [03/Mar/2026:10:23:13 -0500] "POST /wp-cron.php?doing_wp_cron=1772551393.1677629947662353515625 HTTP/1.1" 200 0 "http://tejoversea.com/wp-cron.php?doing_wp_cron=1772551393.1677629947662353515625" "WordPress/6.0.2; http://tejoversea.com"
64.89.163.25 - - [03/Mar/2026:10:23:11 -0500] "GET /wp-admin/install.php HTTP/1.1" 200 1287 "-" "-"
162.213.253.84 - - [03/Mar/2026:10:23:08 -0500] "POST /wp-cron.php?doing_wp_cron=1772551388.2547600269317626953125 HTTP/1.1" 200 0 "http://tejoversea.com/wp-cron.php?doing_wp_cron=1772551388.2547600269317626953125" "WordPress/6.0.2; http://tejoversea.com"
64.89.163.25 - - [03/Mar/2026:10:23:07 -0500] "GET / HTTP/1.1" 200 83431 "-" "-"
64.89.163.25 - - [03/Mar/2026:10:23:14 -0500] "GET /wp-admin/setup-config.php HTTP/1.1" 409 2761 "-" "-"
43.156.228.27 - - [03/Mar/2026:10:36:56 -0500] "GET / HTTP/1.1" 200 19138 "-" "Mozilla/5.0 (iPhone; CPU iPhone OS 13_2_3 like Mac OS X) AppleWebKit/605.1.15 (KHTML, like Gecko) Version/13.0.3 Mobile/15E148 Safari/604.1"
162.213.253.84 - - [03/Mar/2026:10:36:57 -0500] "POST /wp-cron.php?doing_wp_cron=1772552217.2334799766540527343750 HTTP/1.1" 200 0 "http://tejoversea.com/wp-cron.php?doing_wp_cron=1772552217.2334799766540527343750" "WordPress/6.0.2; http://tejoversea.com"
162.213.253.84 - - [03/Mar/2026:10:36:57 -0500] "POST /wp-admin/admin-ajax.php?action=async_litespeed&nonce=5eb38584b9&litespeed_type=imgoptm HTTP/1.1" 200 0 "http://tejoversea.com/wp-admin/admin-ajax.php?action=async_litespeed&nonce=5eb38584b9&litespeed_type=imgoptm" "WordPress/6.0.2; http://tejoversea.com"
124.156.226.179 - - [03/Mar/2026:10:49:54 -0500] "GET /?s= HTTP/1.1" 200 13497 "-" "Mozilla/5.0 (iPhone; CPU iPhone OS 13_2_3 like Mac OS X) AppleWebKit/605.1.15 (KHTML, like Gecko) Version/13.0.3 Mobile/15E148 Safari/604.1"
162.213.253.84 - - [03/Mar/2026:10:49:55 -0500] "POST /wp-cron.php?doing_wp_cron=1772552995.1190938949584960937500 HTTP/1.1" 200 0 "http://tejoversea.com/wp-cron.php?doing_wp_cron=1772552995.1190938949584960937500" "WordPress/6.0.2; http://tejoversea.com"
162.213.253.84 - - [03/Mar/2026:10:49:55 -0500] "POST /wp-admin/admin-ajax.php?action=async_litespeed&nonce=5eb38584b9&litespeed_type=imgoptm HTTP/1.1" 200 0 "http://tejoversea.com/wp-admin/admin-ajax.php?action=async_litespeed&nonce=5eb38584b9&litespeed_type=imgoptm" "WordPress/6.0.2; http://tejoversea.com"
14.173.226.6 - - [03/Mar/2026:11:10:07 -0500] "GET /service/home-moving/ HTTP/1.1" 200 12786 "-" "Mozilla/5.0 (X11; Linux i686) AppleWebKit/534.24 (KHTML, like Gecko) Ubuntu/10.10 Chromium/12.0.702.0 Chrome/12.0.702.0 Safari/534.24"
162.213.253.84 - - [03/Mar/2026:11:13:00 -0500] "POST /wp-admin/admin-ajax.php?action=async_litespeed&nonce=5eb38584b9&litespeed_type=imgoptm HTTP/1.1" 200 0 "http://tejoversea.com/wp-admin/admin-ajax.php?action=async_litespeed&nonce=5eb38584b9&litespeed_type=imgoptm" "WordPress/6.0.2; http://tejoversea.com"
162.213.253.84 - - [03/Mar/2026:11:12:59 -0500] "POST /wp-cron.php?doing_wp_cron=1772554379.5373570919036865234375 HTTP/1.1" 200 0 "http://tejoversea.com/wp-cron.php?doing_wp_cron=1772554379.5373570919036865234375" "WordPress/6.0.2; http://tejoversea.com"
43.157.180.116 - - [03/Mar/2026:11:12:58 -0500] "GET /search/feed/rss2/ HTTP/1.1" 200 637 "-" "Mozilla/5.0 (iPhone; CPU iPhone OS 13_2_3 like Mac OS X) AppleWebKit/605.1.15 (KHTML, like Gecko) Version/13.0.3 Mobile/15E148 Safari/604.1"
18.223.110.56 - - [03/Mar/2026:11:18:43 -0500] "GET / HTTP/1.1" 200 19131 "-" "Go-http-client/1.1"
18.223.110.56 - - [03/Mar/2026:11:18:43 -0500] "GET /wp-includes/css/buttons.css HTTP/1.1" 200 2752 "-" "Go-http-client/1.1"
162.213.253.84 - - [03/Mar/2026:11:23:56 -0500] "POST /wp-cron.php?doing_wp_cron=1772555036.9670999050140380859375 HTTP/1.1" 200 0 "http://tejoversea.com/wp-cron.php?doing_wp_cron=1772555036.9670999050140380859375" "WordPress/6.0.2; http://tejoversea.com"
43.132.214.228 - - [03/Mar/2026:11:23:56 -0500] "GET /movers-packers-in-delhi/ HTTP/1.1" 200 15154 "-" "Mozilla/5.0 (iPhone; CPU iPhone OS 13_2_3 like Mac OS X) AppleWebKit/605.1.15 (KHTML, like Gecko) Version/13.0.3 Mobile/15E148 Safari/604.1"
162.213.253.84 - - [03/Mar/2026:11:23:57 -0500] "POST /wp-admin/admin-ajax.php?action=async_litespeed&nonce=5eb38584b9&litespeed_type=imgoptm HTTP/1.1" 200 0 "http://tejoversea.com/wp-admin/admin-ajax.php?action=async_litespeed&nonce=5eb38584b9&litespeed_type=imgoptm" "WordPress/6.0.2; http://tejoversea.com"
43.131.23.154 - - [03/Mar/2026:11:33:37 -0500] "GET /?s HTTP/1.1" 200 13497 "-" "Mozilla/5.0 (iPhone; CPU iPhone OS 13_2_3 like Mac OS X) AppleWebKit/605.1.15 (KHTML, like Gecko) Version/13.0.3 Mobile/15E148 Safari/604.1"
162.213.253.84 - - [03/Mar/2026:11:33:39 -0500] "POST /wp-admin/admin-ajax.php?action=async_litespeed&nonce=5eb38584b9&litespeed_type=imgoptm HTTP/1.1" 200 0 "http://tejoversea.com/wp-admin/admin-ajax.php?action=async_litespeed&nonce=5eb38584b9&litespeed_type=imgoptm" "WordPress/6.0.2; http://tejoversea.com"
162.213.253.84 - - [03/Mar/2026:11:33:38 -0500] "POST /wp-cron.php?doing_wp_cron=1772555618.3473598957061767578125 HTTP/1.1" 200 0 "http://tejoversea.com/wp-cron.php?doing_wp_cron=1772555618.3473598957061767578125" "WordPress/6.0.2; http://tejoversea.com"
66.249.69.227 - - [03/Mar/2026:11:45:50 -0500] "GET /robots.txt HTTP/1.1" 200 246 "-" "Mozilla/5.0 (compatible; Googlebot/2.1; +http://www.google.com/bot.html)"
162.213.253.84 - - [03/Mar/2026:11:45:51 -0500] "POST /wp-cron.php?doing_wp_cron=1772556351.2472670078277587890625 HTTP/1.1" 200 0 "http://tejoversea.com/wp-cron.php?doing_wp_cron=1772556351.2472670078277587890625" "WordPress/6.0.2; http://tejoversea.com"
162.213.253.84 - - [03/Mar/2026:11:45:52 -0500] "POST /wp-admin/admin-ajax.php?action=async_litespeed&nonce=5eb38584b9&litespeed_type=imgoptm HTTP/1.1" 200 0 "http://tejoversea.com/wp-admin/admin-ajax.php?action=async_litespeed&nonce=5eb38584b9&litespeed_type=imgoptm" "WordPress/6.0.2; http://tejoversea.com"
162.213.253.84 - - [03/Mar/2026:11:49:08 -0500] "POST /wp-cron.php?doing_wp_cron=1772556548.3791680335998535156250 HTTP/1.1" 200 0 "http://tejoversea.com/wp-cron.php?doing_wp_cron=1772556548.3791680335998535156250" "WordPress/6.0.2; http://tejoversea.com"
101.33.80.42 - - [03/Mar/2026:11:49:10 -0500] "GET / HTTP/1.1" 200 19138 "http://www.tejoversea.com" "Mozilla/5.0 (iPhone; CPU iPhone OS 13_2_3 like Mac OS X) AppleWebKit/605.1.15 (KHTML, like Gecko) Version/13.0.3 Mobile/15E148 Safari/604.1"
66.249.87.97 - - [03/Mar/2026:11:49:13 -0500] "GET /wp-content/themes/logistek/assets/css/bootstrap.min.css?ver=6.0.2 HTTP/1.1" 200 19105 "http://tejoversea.com/about-us/" "AdsBot-Google (+http://www.google.com/adsbot.html)"
66.249.87.99 - - [03/Mar/2026:11:49:14 -0500] "GET /wp-content/plugins/order-tracking/css/jquery-ui.min.css?ver=6.0.2 HTTP/1.1" 200 7327 "http://tejoversea.com/about-us/" "AdsBot-Google (+http://www.google.com/adsbot.html)"
66.249.87.97 - - [03/Mar/2026:11:49:15 -0500] "GET /wp-content/plugins/elementor-pro/assets/css/frontend-lite.min.css?ver=3.7.7 HTTP/1.1" 200 1533 "http://tejoversea.com/about-us/" "AdsBot-Google (+http://www.google.com/adsbot.html)"
66.249.87.97 - - [03/Mar/2026:11:49:16 -0500] "GET /wp-content/plugins/order-tracking/css/pure-grids-nr.css?ver=2.11.9 HTTP/1.1" 200 476 "http://tejoversea.com/about-us/" "AdsBot-Google (+http://www.google.com/adsbot.html)"
66.249.87.97 - - [03/Mar/2026:11:49:17 -0500] "GET /wp-content/plugins/elementor/assets/lib/eicons/css/elementor-icons.min.css?ver=5.16.0 HTTP/1.1" 200 3629 "http://tejoversea.com/about-us/" "AdsBot-Google (+http://www.google.com/adsbot.html)"
66.249.87.97 - - [03/Mar/2026:11:49:18 -0500] "GET /wp-includes/js/jquery/jquery-migrate.min.js?ver=3.3.2 HTTP/1.1" 200 3995 "http://tejoversea.com/about-us/" "AdsBot-Google (+http://www.google.com/adsbot.html)"
66.249.87.98 - - [03/Mar/2026:11:49:19 -0500] "GET /wp-content/themes/logistek/assets/css/animate.css?ver=6.0.2 HTTP/1.1" 200 4452 "http://tejoversea.com/about-us/" "AdsBot-Google (+http://www.google.com/adsbot.html)"
66.249.87.97 - - [03/Mar/2026:11:49:20 -0500] "GET /wp-content/plugins/contact-form-7/includes/css/styles.css?ver=5.6.3 HTTP/1.1" 200 848 "http://tejoversea.com/about-us/" "AdsBot-Google (+http://www.google.com/adsbot.html)"
66.249.87.97 - - [03/Mar/2026:11:49:20 -0500] "GET /wp-includes/js/jquery/jquery.min.js?ver=3.6.0 HTTP/1.1" 200 30273 "http://tejoversea.com/about-us/" "AdsBot-Google (+http://www.google.com/adsbot.html)"
66.249.87.97 - - [03/Mar/2026:11:49:21 -0500] "GET /wp-content/themes/logistek/assets/css/style.css?ver=6.0.2 HTTP/1.1" 200 15285 "http://tejoversea.com/about-us/" "AdsBot-Google (+http://www.google.com/adsbot.html)"
66.249.87.97 - - [03/Mar/2026:11:49:22 -0500] "GET /wp-content/plugins/creame-whatsapp-me/public/css/joinchat-btn.min.css?ver=4.5.9 HTTP/1.1" 200 1951 "http://tejoversea.com/about-us/" "AdsBot-Google (+http://www.google.com/adsbot.html)"
66.249.87.97 - - [03/Mar/2026:11:49:23 -0500] "GET /wp-content/themes/logistek/assets/css/responsive.css?ver=6.0.2 HTTP/1.1" 200 1645 "http://tejoversea.com/about-us/" "AdsBot-Google (+http://www.google.com/adsbot.html)"
66.249.87.99 - - [03/Mar/2026:11:45:50 -0500] "GET /about-us/ HTTP/1.1" 200 13214 "-" "AdsBot-Google (+http://www.google.com/adsbot.html)"
101.33.80.42 - - [03/Mar/2026:11:49:07 -0500] "GET / HTTP/1.1" 301 0 "-" "Mozilla/5.0 (iPhone; CPU iPhone OS 13_2_3 like Mac OS X) AppleWebKit/605.1.15 (KHTML, like Gecko) Version/13.0.3 Mobile/15E148 Safari/604.1"
162.213.253.84 - - [03/Mar/2026:11:49:09 -0500] "POST /wp-admin/admin-ajax.php?action=async_litespeed&nonce=5eb38584b9&litespeed_type=imgoptm HTTP/1.1" 200 0 "http://tejoversea.com/wp-admin/admin-ajax.php?action=async_litespeed&nonce=5eb38584b9&litespeed_type=imgoptm" "WordPress/6.0.2; http://tejoversea.com"
66.249.87.97 - - [03/Mar/2026:11:49:12 -0500] "GET /wp-content/plugins/order-tracking/css/pure-grids.css?ver=2.11.9 HTTP/1.1" 200 259 "http://tejoversea.com/about-us/" "AdsBot-Google (+http://www.google.com/adsbot.html)"
66.249.87.98 - - [03/Mar/2026:11:49:13 -0500] "GET /wp-content/plugins/elementor/assets/css/frontend-lite.min.css?ver=3.7.7 HTTP/1.1" 200 12986 "http://tejoversea.com/about-us/" "AdsBot-Google (+http://www.google.com/adsbot.html)"
66.249.87.97 - - [03/Mar/2026:11:49:14 -0500] "GET /wp-content/plugins/order-tracking/css/otp-styles.css?ver=2.11.9 HTTP/1.1" 200 1684 "http://tejoversea.com/about-us/" "AdsBot-Google (+http://www.google.com/adsbot.html)"
66.249.87.98 - - [03/Mar/2026:11:49:15 -0500] "GET /wp-includes/js/wp-emoji-release.min.js?ver=6.0.2 HTTP/1.1" 200 4619 "http://tejoversea.com/about-us/" "AdsBot-Google (+http://www.google.com/adsbot.html)"
66.249.87.98 - - [03/Mar/2026:11:49:16 -0500] "GET /wp-content/themes/logistek/assets/fonts/webexicon/style.css?ver=6.0.2 HTTP/1.1" 200 6167 "http://tejoversea.com/about-us/" "AdsBot-Google (+http://www.google.com/adsbot.html)"
66.249.87.97 - - [03/Mar/2026:11:49:17 -0500] "GET /wp-content/plugins/order-tracking/css/pure-forms.css?ver=2.11.9 HTTP/1.1" 200 1457 "http://tejoversea.com/about-us/" "AdsBot-Google (+http://www.google.com/adsbot.html)"
66.249.87.98 - - [03/Mar/2026:11:49:18 -0500] "GET /wp-includes/css/dist/block-library/style.min.css?ver=6.0.2 HTTP/1.1" 200 10946 "http://tejoversea.com/about-us/" "AdsBot-Google (+http://www.google.com/adsbot.html)"
66.249.87.97 - - [03/Mar/2026:11:49:21 -0500] "GET /wp-content/themes/logistek/assets/css/meanmenu.min.css?ver=6.0.2 HTTP/1.1" 200 941 "http://tejoversea.com/about-us/" "AdsBot-Google (+http://www.google.com/adsbot.html)"
66.249.87.97 - - [03/Mar/2026:11:49:22 -0500] "GET /wp-content/plugins/wp-call-button/assets/block/build/index.css?ver=a1dbfd3fcfcfb0740ca8c4771bbdc4c3 HTTP/1.1" 200 259 "http://tejoversea.com/about-us/" "AdsBot-Google (+http://www.google.com/adsbot.html)"
66.249.87.97 - - [03/Mar/2026:11:49:25 -0500] "GET /wp-content/themes/logistek/assets/css/custom-animation.css?ver=6.0.2 HTTP/1.1" 200 676 "http://tejoversea.com/about-us/" "AdsBot-Google (+http://www.google.com/adsbot.html)"
66.249.87.97 - - [03/Mar/2026:11:49:27 -0500] "GET /wp-content/uploads/elementor/css/global.css?ver=1664536355 HTTP/1.1" 200 2637 "http://tejoversea.com/about-us/" "AdsBot-Google (+http://www.google.com/adsbot.html)"
66.249.87.97 - - [03/Mar/2026:11:49:29 -0500] "GET /wp-content/plugins/contact-form-7/includes/swv/js/index.js?ver=5.6.3 HTTP/1.1" 200 2799 "http://tejoversea.com/about-us/" "AdsBot-Google (+http://www.google.com/adsbot.html)"
66.249.87.97 - - [03/Mar/2026:11:49:29 -0500] "GET /wp-content/themes/logistek/style.css?ver=2021-04-14 HTTP/1.1" 200 4684 "http://tejoversea.com/about-us/" "AdsBot-Google (+http://www.google.com/adsbot.html)"
66.249.87.97 - - [03/Mar/2026:11:49:30 -0500] "GET /wp-content/plugins/contact-form-7/includes/js/index.js?ver=5.6.3 HTTP/1.1" 200 3689 "http://tejoversea.com/about-us/" "AdsBot-Google (+http://www.google.com/adsbot.html)"
66.249.87.97 - - [03/Mar/2026:11:49:33 -0500] "GET /wp-content/themes/logistek/assets/js/bootstrap.min.js?ver=6.0.2 HTTP/1.1" 200 13378 "http://tejoversea.com/about-us/" "AdsBot-Google (+http://www.google.com/adsbot.html)"
66.249.87.97 - - [03/Mar/2026:11:49:23 -0500] "GET /wp-content/plugins/order-tracking/css/pure-buttons.css?ver=2.11.9 HTTP/1.1" 200 659 "http://tejoversea.com/about-us/" "AdsBot-Google (+http://www.google.com/adsbot.html)"
66.249.87.97 - - [03/Mar/2026:11:49:24 -0500] "GET /wp-content/themes/logistek/assets/fonts/fontawesome/css/all.css?ver=6.0.2 HTTP/1.1" 200 12558 "http://tejoversea.com/about-us/" "AdsBot-Google (+http://www.google.com/adsbot.html)"
66.249.87.97 - - [03/Mar/2026:11:49:24 -0500] "GET /wp-content/themes/logistek/assets/css/owl.carousel.min.css?ver=6.0.2 HTTP/1.1" 200 915 "http://tejoversea.com/about-us/" "AdsBot-Google (+http://www.google.com/adsbot.html)"
66.249.87.97 - - [03/Mar/2026:11:49:25 -0500] "GET /wp-content/plugins/order-tracking/css/pure-forms-nr.css?ver=2.11.9 HTTP/1.1" 200 1471 "http://tejoversea.com/about-us/" "AdsBot-Google (+http://www.google.com/adsbot.html)"
66.249.87.97 - - [03/Mar/2026:11:49:26 -0500] "GET /wp-content/uploads/elementor/css/post-24.css?ver=1664536342 HTTP/1.1" 200 329 "http://tejoversea.com/about-us/" "AdsBot-Google (+http://www.google.com/adsbot.html)"
66.249.87.97 - - [03/Mar/2026:11:49:27 -0500] "GET /wp-content/themes/logistek/assets/css/magnific-popup.css?ver=6.0.2 HTTP/1.1" 200 1660 "http://tejoversea.com/about-us/" "AdsBot-Google (+http://www.google.com/adsbot.html)"
66.249.87.97 - - [03/Mar/2026:11:49:28 -0500] "GET /wp-content/plugins/order-tracking/js/ewd-otp-js.js?ver=2.11.9 HTTP/1.1" 200 1103 "http://tejoversea.com/about-us/" "AdsBot-Google (+http://www.google.com/adsbot.html)"
66.249.87.97 - - [03/Mar/2026:11:49:28 -0500] "GET /wp-content/themes/logistek/assets/fonts/webexflaticon/flaticon.css?ver=6.0.2 HTTP/1.1" 200 1514 "http://tejoversea.com/about-us/" "AdsBot-Google (+http://www.google.com/adsbot.html)"
66.249.87.97 - - [03/Mar/2026:11:49:30 -0500] "GET /wp-includes/js/jquery/ui/core.min.js?ver=1.13.1 HTTP/1.1" 200 6637 "http://tejoversea.com/about-us/" "AdsBot-Google (+http://www.google.com/adsbot.html)"
66.249.87.97 - - [03/Mar/2026:11:49:31 -0500] "GET /wp-content/themes/logistek/assets/js/jquery.v1.12.4.min.js?ver=6.0.2 HTTP/1.1" 200 32850 "http://tejoversea.com/about-us/" "AdsBot-Google (+http://www.google.com/adsbot.html)"
66.249.87.97 - - [03/Mar/2026:11:49:31 -0500] "GET /wp-includes/js/jquery/ui/datepicker.min.js?ver=1.13.1 HTTP/1.1" 200 10499 "http://tejoversea.com/about-us/" "AdsBot-Google (+http://www.google.com/adsbot.html)"
66.249.87.97 - - [03/Mar/2026:11:49:32 -0500] "GET /wp-content/themes/logistek/assets/revolution/js/jquery.themepunch.tools.min.js?ver=6.0.2 HTTP/1.1" 200 32595 "http://tejoversea.com/about-us/" "AdsBot-Google (+http://www.google.com/adsbot.html)"
66.249.87.97 - - [03/Mar/2026:11:49:33 -0500] "GET /wp-content/themes/logistek/assets/revolution/js/extensions/revolution.extension.actions.min.js?ver=6.0.2 HTTP/1.1" 200 2526 "http://tejoversea.com/about-us/" "AdsBot-Google (+http://www.google.com/adsbot.html)"
66.249.87.97 - - [03/Mar/2026:11:49:34 -0500] "GET /wp-content/plugins/creame-whatsapp-me/public/js/joinchat.min.js?ver=4.5.9 HTTP/1.1" 200 2504 "http://tejoversea.com/about-us/" "AdsBot-Google (+http://www.google.com/adsbot.html)"
66.249.87.97 - - [03/Mar/2026:11:49:35 -0500] "GET /wp-content/plugins/elementor-pro/assets/js/elements-handlers.min.js?ver=3.7.7 HTTP/1.1" 200 5290 "http://tejoversea.com/about-us/" "AdsBot-Google (+http://www.google.com/adsbot.html)"
66.249.87.97 - - [03/Mar/2026:11:49:35 -0500] "GET /wp-content/themes/logistek/assets/revolution/js/jquery.themepunch.revolution.min.js?ver=6.0.2 HTTP/1.1" 200 16650 "http://tejoversea.com/about-us/" "AdsBot-Google (+http://www.google.com/adsbot.html)"
66.249.87.97 - - [03/Mar/2026:11:49:37 -0500] "GET /wp-content/themes/logistek/assets/revolution/js/slider_v1.js?ver=6.0.2 HTTP/1.1" 200 939 "http://tejoversea.com/about-us/" "AdsBot-Google (+http://www.google.com/adsbot.html)"
66.249.87.97 - - [03/Mar/2026:11:49:34 -0500] "GET /wp-content/themes/logistek/assets/revolution/js/extensions/revolution.extension.navigation.min.js?ver=6.0.2 HTTP/1.1" 200 6714 "http://tejoversea.com/about-us/" "AdsBot-Google (+http://www.google.com/adsbot.html)"
66.249.87.97 - - [03/Mar/2026:11:49:36 -0500] "GET /wp-content/themes/logistek/assets/js/jquery.counterup.min.js?ver=6.0.2 HTTP/1.1" 200 496 "http://tejoversea.com/about-us/" "AdsBot-Google (+http://www.google.com/adsbot.html)"
66.249.87.97 - - [03/Mar/2026:11:49:36 -0500] "GET /wp-content/plugins/elementor-pro/assets/js/frontend.min.js?ver=3.7.7 HTTP/1.1" 200 5506 "http://tejoversea.com/about-us/" "AdsBot-Google (+http://www.google.com/adsbot.html)"
66.249.87.97 - - [03/Mar/2026:11:49:37 -0500] "GET /wp-includes/js/dist/vendor/wp-polyfill.min.js?ver=3.15.0 HTTP/1.1" 200 6872 "http://tejoversea.com/about-us/" "AdsBot-Google (+http://www.google.com/adsbot.html)"
66.249.87.97 - - [03/Mar/2026:11:49:38 -0500] "GET /wp-content/themes/logistek/assets/revolution/js/extensions/revolution.extension.migration.min.js?ver=6.0.2 HTTP/1.1" 200 1593 "http://tejoversea.com/about-us/" "AdsBot-Google (+http://www.google.com/adsbot.html)"
66.249.87.97 - - [03/Mar/2026:11:49:40 -0500] "GET /wp-content/themes/logistek/assets/revolution/js/extensions/revolution.extension.carousel.min.js?ver=6.0.2 HTTP/1.1" 200 2462 "http://tejoversea.com/about-us/" "AdsBot-Google (+http://www.google.com/adsbot.html)"
66.249.87.97 - - [03/Mar/2026:11:49:40 -0500] "GET /wp-content/themes/logistek/assets/revolution/js/extensions/revolution.extension.slideanims.min.js?ver=6.0.2 HTTP/1.1" 200 6396 "http://tejoversea.com/about-us/" "AdsBot-Google (+http://www.google.com/adsbot.html)"
66.249.87.97 - - [03/Mar/2026:11:49:43 -0500] "GET /wp-content/themes/logistek/assets/revolution/js/extensions/revolution.extension.parallax.min.js?ver=6.0.2 HTTP/1.1" 200 2917 "http://tejoversea.com/about-us/" "AdsBot-Google (+http://www.google.com/adsbot.html)"
66.249.87.97 - - [03/Mar/2026:11:49:44 -0500] "GET /wp-content/themes/logistek/assets/js/wow.js?ver=6.0.2 HTTP/1.1" 200 2035 "http://tejoversea.com/about-us/" "AdsBot-Google (+http://www.google.com/adsbot.html)"
66.249.87.97 - - [03/Mar/2026:11:49:47 -0500] "GET /wp-content/themes/logistek/assets/revolution/js/extensions/revolution.extension.video.min.js?ver=6.0.2 HTTP/1.1" 200 5971 "http://tejoversea.com/about-us/" "AdsBot-Google (+http://www.google.com/adsbot.html)"
66.249.87.97 - - [03/Mar/2026:11:49:48 -0500] "GET /wp-content/plugins/elementor/assets/js/frontend.min.js?ver=3.7.7 HTTP/1.1" 200 11703 "http://tejoversea.com/about-us/" "AdsBot-Google (+http://www.google.com/adsbot.html)"
66.249.87.97 - - [03/Mar/2026:11:49:48 -0500] "GET /wp-content/plugins/elementor-pro/assets/js/webpack-pro.runtime.min.js?ver=3.7.7 HTTP/1.1" 200 2188 "http://tejoversea.com/about-us/" "AdsBot-Google (+http://www.google.com/adsbot.html)"
66.249.87.97 - - [03/Mar/2026:11:49:49 -0500] "GET /wp-content/plugins/elementor/assets/lib/waypoints/waypoints.min.js?ver=4.0.2 HTTP/1.1" 200 2867 "http://tejoversea.com/about-us/" "AdsBot-Google (+http://www.google.com/adsbot.html)"
66.249.87.97 - - [03/Mar/2026:11:49:50 -0500] "GET /wp-includes/js/dist/hooks.min.js?ver=c6d64f2cb8f5c6bb49caca37f8828ce3 HTTP/1.1" 200 1575 "http://tejoversea.com/about-us/" "AdsBot-Google (+http://www.google.com/adsbot.html)"
66.249.87.97 - - [03/Mar/2026:11:49:52 -0500] "GET /wp-content/themes/logistek/assets/js/main.js?ver=6.0.2 HTTP/1.1" 200 2788 "http://tejoversea.com/about-us/" "AdsBot-Google (+http://www.google.com/adsbot.html)"
66.249.87.98 - - [03/Mar/2026:11:49:52 -0500] "GET /wp-content/plugins/elementor/assets/js/frontend-modules.min.js?ver=3.7.7 HTTP/1.1" 200 10420 "http://tejoversea.com/about-us/" "AdsBot-Google (+http://www.google.com/adsbot.html)"
66.249.87.97 - - [03/Mar/2026:11:51:17 -0500] "GET /wp-content/plugins/order-tracking/css/pure-grids.css?ver=2.11.9 HTTP/1.1" 304 0 "http://tejoversea.com/about-us/" "AdsBot-Google (+http://www.google.com/adsbot.html)"
66.249.87.97 - - [03/Mar/2026:11:49:38 -0500] "GET /wp-content/themes/logistek/assets/revolution/js/extensions/revolution.extension.kenburn.min.js?ver=6.0.2 HTTP/1.1" 200 1294 "http://tejoversea.com/about-us/" "AdsBot-Google (+http://www.google.com/adsbot.html)"
