66.249.87.97 - - [03/Mar/2026:11:49:39 -0500] "GET /wp-content/themes/logistek/assets/revolution/js/extensions/revolution.extension.layeranimation.min.js?ver=6.0.2 HTTP/1.1" 200 12341 "http://tejoversea.com/about-us/" "AdsBot-Google (+http://www.google.com/adsbot.html)"
66.249.87.97 - - [03/Mar/2026:11:49:41 -0500] "GET /wp-content/themes/logistek/assets/js/jquery.meanmenu.min.js?ver=6.0.2 HTTP/1.1" 200 1303 "http://tejoversea.com/about-us/" "AdsBot-Google (+http://www.google.com/adsbot.html)"
66.249.87.97 - - [03/Mar/2026:11:49:41 -0500] "GET /wp-content/themes/logistek/assets/js/imagesloaded.pkgd.min.js?ver=6.0.2 HTTP/1.1" 200 1712 "http://tejoversea.com/about-us/" "AdsBot-Google (+http://www.google.com/adsbot.html)"
66.249.87.97 - - [03/Mar/2026:11:49:42 -0500] "GET /wp-includes/js/dist/vendor/regenerator-runtime.min.js?ver=0.13.9 HTTP/1.1" 200 2354 "http://tejoversea.com/about-us/" "AdsBot-Google (+http://www.google.com/adsbot.html)"
66.249.87.97 - - [03/Mar/2026:11:49:42 -0500] "GET /wp-content/themes/logistek/assets/js/jquery.magnific-popup.min.js?ver=6.0.2 HTTP/1.1" 200 7043 "http://tejoversea.com/about-us/" "AdsBot-Google (+http://www.google.com/adsbot.html)"
66.249.87.97 - - [03/Mar/2026:11:49:43 -0500] "GET /wp-content/themes/logistek/assets/js/waypoints.min.js?ver=6.0.2 HTTP/1.1" 200 2461 "http://tejoversea.com/about-us/" "AdsBot-Google (+http://www.google.com/adsbot.html)"
66.249.87.97 - - [03/Mar/2026:11:49:44 -0500] "GET /wp-content/themes/logistek/assets/js/jquery.scrollUp.min.js?ver=6.0.2 HTTP/1.1" 200 853 "http://tejoversea.com/about-us/" "AdsBot-Google (+http://www.google.com/adsbot.html)"
66.249.87.97 - - [03/Mar/2026:11:49:45 -0500] "GET /wp-content/themes/logistek/assets/js/owl.carousel.min.js?ver=6.0.2 HTTP/1.1" 200 11139 "http://tejoversea.com/about-us/" "AdsBot-Google (+http://www.google.com/adsbot.html)"
66.249.87.97 - - [03/Mar/2026:11:49:46 -0500] "GET /wp-content/themes/logistek/assets/js/appear.js?ver=6.0.2 HTTP/1.1" 200 1226 "http://tejoversea.com/about-us/" "AdsBot-Google (+http://www.google.com/adsbot.html)"
66.249.87.97 - - [03/Mar/2026:11:49:46 -0500] "GET /wp-content/plugins/connect-contact-form-7-to-social-apps/assets/js/cf7cw-front-script.js?ver=1.5 HTTP/1.1" 200 500 "http://tejoversea.com/about-us/" "AdsBot-Google (+http://www.google.com/adsbot.html)"
66.249.87.97 - - [03/Mar/2026:11:49:47 -0500] "GET /wp-content/themes/logistek/assets/js/isotope.pkgd.min.js?ver=6.0.2 HTTP/1.1" 200 9601 "http://tejoversea.com/about-us/" "AdsBot-Google (+http://www.google.com/adsbot.html)"
66.249.87.97 - - [03/Mar/2026:11:49:49 -0500] "GET /wp-content/plugins/elementor/assets/js/webpack.runtime.min.js?ver=3.7.7 HTTP/1.1" 200 2044 "http://tejoversea.com/about-us/" "AdsBot-Google (+http://www.google.com/adsbot.html)"
66.249.87.97 - - [03/Mar/2026:11:49:50 -0500] "GET /wp-includes/js/dist/i18n.min.js?ver=ebee46757c6a411e38fd079a7ac71d94 HTTP/1.1" 200 3717 "http://tejoversea.com/about-us/" "AdsBot-Google (+http://www.google.com/adsbot.html)"
66.249.87.97 - - [03/Mar/2026:11:49:51 -0500] "GET /wp-content/plugins/logistek-elementor/assets/js/bdevs-elementor.js?ver=1.0.0 HTTP/1.1" 200 263 "http://tejoversea.com/about-us/" "AdsBot-Google (+http://www.google.com/adsbot.html)"
66.249.87.97 - - [03/Mar/2026:11:51:17 -0500] "GET /wp-content/plugins/order-tracking/css/jquery-ui.min.css?ver=6.0.2 HTTP/1.1" 304 0 "http://tejoversea.com/about-us/" "AdsBot-Google (+http://www.google.com/adsbot.html)"
66.249.87.98 - - [03/Mar/2026:11:51:19 -0500] "GET /wp-includes/css/dist/block-library/style.min.css?ver=6.0.2 HTTP/1.1" 304 0 "http://tejoversea.com/about-us/" "AdsBot-Google (+http://www.google.com/adsbot.html)"
66.249.87.97 - - [03/Mar/2026:11:51:20 -0500] "GET /wp-content/themes/logistek/assets/fonts/webexicon/style.css?ver=6.0.2 HTTP/1.1" 304 0 "http://tejoversea.com/about-us/" "AdsBot-Google (+http://www.google.com/adsbot.html)"
66.249.87.99 - - [03/Mar/2026:11:51:20 -0500] "GET /wp-content/plugins/order-tracking/css/pure-grids-nr.css?ver=2.11.9 HTTP/1.1" 304 0 "http://tejoversea.com/about-us/" "AdsBot-Google (+http://www.google.com/adsbot.html)"
66.249.87.97 - - [03/Mar/2026:11:51:22 -0500] "GET /wp-content/themes/logistek/assets/css/meanmenu.min.css?ver=6.0.2 HTTP/1.1" 304 0 "http://tejoversea.com/about-us/" "AdsBot-Google (+http://www.google.com/adsbot.html)"
66.249.87.97 - - [03/Mar/2026:11:51:22 -0500] "GET /wp-content/plugins/creame-whatsapp-me/public/css/joinchat-btn.min.css?ver=4.5.9 HTTP/1.1" 304 0 "http://tejoversea.com/about-us/" "AdsBot-Google (+http://www.google.com/adsbot.html)"
66.249.87.97 - - [03/Mar/2026:11:51:23 -0500] "GET /wp-content/themes/logistek/assets/fonts/fontawesome/css/all.css?ver=6.0.2 HTTP/1.1" 304 0 "http://tejoversea.com/about-us/" "AdsBot-Google (+http://www.google.com/adsbot.html)"
66.249.87.97 - - [03/Mar/2026:11:51:24 -0500] "GET /wp-includes/js/jquery/jquery.min.js?ver=3.6.0 HTTP/1.1" 304 0 "http://tejoversea.com/about-us/" "AdsBot-Google (+http://www.google.com/adsbot.html)"
66.249.87.98 - - [03/Mar/2026:11:51:24 -0500] "GET /wp-content/themes/logistek/style.css?ver=2021-04-14 HTTP/1.1" 304 0 "http://tejoversea.com/about-us/" "AdsBot-Google (+http://www.google.com/adsbot.html)"
66.249.87.97 - - [03/Mar/2026:11:51:25 -0500] "GET /wp-content/plugins/elementor/assets/lib/eicons/css/elementor-icons.min.css?ver=5.16.0 HTTP/1.1" 304 0 "http://tejoversea.com/about-us/" "AdsBot-Google (+http://www.google.com/adsbot.html)"
66.249.87.97 - - [03/Mar/2026:11:51:25 -0500] "GET /wp-content/plugins/order-tracking/js/ewd-otp-js.js?ver=2.11.9 HTTP/1.1" 304 0 "http://tejoversea.com/about-us/" "AdsBot-Google (+http://www.google.com/adsbot.html)"
66.249.87.97 - - [03/Mar/2026:11:51:27 -0500] "GET /wp-includes/js/jquery/jquery-migrate.min.js?ver=3.3.2 HTTP/1.1" 304 0 "http://tejoversea.com/about-us/" "AdsBot-Google (+http://www.google.com/adsbot.html)"
66.249.87.97 - - [03/Mar/2026:11:51:27 -0500] "GET /wp-content/plugins/order-tracking/css/pure-forms.css?ver=2.11.9 HTTP/1.1" 304 0 "http://tejoversea.com/about-us/" "AdsBot-Google (+http://www.google.com/adsbot.html)"
66.249.87.97 - - [03/Mar/2026:11:51:28 -0500] "GET /wp-content/themes/logistek/assets/css/custom-animation.css?ver=6.0.2 HTTP/1.1" 304 0 "http://tejoversea.com/about-us/" "AdsBot-Google (+http://www.google.com/adsbot.html)"
66.249.87.97 - - [03/Mar/2026:11:51:30 -0500] "GET /wp-content/themes/logistek/assets/css/style.css?ver=6.0.2 HTTP/1.1" 304 0 "http://tejoversea.com/about-us/" "AdsBot-Google (+http://www.google.com/adsbot.html)"
66.249.87.97 - - [03/Mar/2026:11:51:31 -0500] "GET /wp-content/plugins/contact-form-7/includes/css/styles.css?ver=5.6.3 HTTP/1.1" 304 0 "http://tejoversea.com/about-us/" "AdsBot-Google (+http://www.google.com/adsbot.html)"
66.249.87.97 - - [03/Mar/2026:11:51:31 -0500] "GET /wp-content/plugins/contact-form-7/includes/swv/js/index.js?ver=5.6.3 HTTP/1.1" 304 0 "http://tejoversea.com/about-us/" "AdsBot-Google (+http://www.google.com/adsbot.html)"
66.249.87.97 - - [03/Mar/2026:11:51:32 -0500] "GET /wp-content/themes/logistek/assets/css/bootstrap.min.css?ver=6.0.2 HTTP/1.1" 304 0 "http://tejoversea.com/about-us/" "AdsBot-Google (+http://www.google.com/adsbot.html)"
66.249.87.97 - - [03/Mar/2026:11:51:32 -0500] "GET /wp-content/plugins/contact-form-7/includes/js/index.js?ver=5.6.3 HTTP/1.1" 304 0 "http://tejoversea.com/about-us/" "AdsBot-Google (+http://www.google.com/adsbot.html)"
66.249.87.97 - - [03/Mar/2026:11:51:33 -0500] "GET /wp-includes/js/jquery/ui/core.min.js?ver=1.13.1 HTTP/1.1" 304 0 "http://tejoversea.com/about-us/" "AdsBot-Google (+http://www.google.com/adsbot.html)"
66.249.87.99 - - [03/Mar/2026:11:51:18 -0500] "GET /wp-content/plugins/wp-call-button/assets/block/build/index.css?ver=a1dbfd3fcfcfb0740ca8c4771bbdc4c3 HTTP/1.1" 304 0 "http://tejoversea.com/about-us/" "AdsBot-Google (+http://www.google.com/adsbot.html)"
66.249.87.99 - - [03/Mar/2026:11:51:18 -0500] "GET /wp-content/plugins/order-tracking/css/otp-styles.css?ver=2.11.9 HTTP/1.1" 304 0 "http://tejoversea.com/about-us/" "AdsBot-Google (+http://www.google.com/adsbot.html)"
66.249.87.99 - - [03/Mar/2026:11:51:19 -0500] "GET /wp-content/uploads/elementor/css/post-24.css?ver=1664536342 HTTP/1.1" 304 0 "http://tejoversea.com/about-us/" "AdsBot-Google (+http://www.google.com/adsbot.html)"
66.249.87.97 - - [03/Mar/2026:11:51:21 -0500] "GET /wp-content/plugins/order-tracking/css/pure-forms-nr.css?ver=2.11.9 HTTP/1.1" 304 0 "http://tejoversea.com/about-us/" "AdsBot-Google (+http://www.google.com/adsbot.html)"
66.249.87.98 - - [03/Mar/2026:11:51:21 -0500] "GET /wp-content/themes/logistek/assets/css/owl.carousel.min.css?ver=6.0.2 HTTP/1.1" 304 0 "http://tejoversea.com/about-us/" "AdsBot-Google (+http://www.google.com/adsbot.html)"
66.249.87.97 - - [03/Mar/2026:11:51:23 -0500] "GET /wp-content/themes/logistek/assets/fonts/webexflaticon/flaticon.css?ver=6.0.2 HTTP/1.1" 304 0 "http://tejoversea.com/about-us/" "AdsBot-Google (+http://www.google.com/adsbot.html)"
66.249.87.97 - - [03/Mar/2026:11:51:24 -0500] "GET /wp-content/plugins/elementor-pro/assets/css/frontend-lite.min.css?ver=3.7.7 HTTP/1.1" 304 0 "http://tejoversea.com/about-us/" "AdsBot-Google (+http://www.google.com/adsbot.html)"
66.249.87.97 - - [03/Mar/2026:11:51:26 -0500] "GET /wp-content/plugins/elementor/assets/css/frontend-lite.min.css?ver=3.7.7 HTTP/1.1" 304 0 "http://tejoversea.com/about-us/" "AdsBot-Google (+http://www.google.com/adsbot.html)"
66.249.87.97 - - [03/Mar/2026:11:51:26 -0500] "GET /wp-content/themes/logistek/assets/css/responsive.css?ver=6.0.2 HTTP/1.1" 304 0 "http://tejoversea.com/about-us/" "AdsBot-Google (+http://www.google.com/adsbot.html)"
66.249.87.97 - - [03/Mar/2026:11:51:28 -0500] "GET /wp-content/plugins/order-tracking/css/pure-buttons.css?ver=2.11.9 HTTP/1.1" 304 0 "http://tejoversea.com/about-us/" "AdsBot-Google (+http://www.google.com/adsbot.html)"
66.249.87.97 - - [03/Mar/2026:11:51:29 -0500] "GET /wp-content/themes/logistek/assets/css/animate.css?ver=6.0.2 HTTP/1.1" 304 0 "http://tejoversea.com/about-us/" "AdsBot-Google (+http://www.google.com/adsbot.html)"
66.249.87.97 - - [03/Mar/2026:11:51:29 -0500] "GET /wp-content/uploads/elementor/css/global.css?ver=1664536355 HTTP/1.1" 304 0 "http://tejoversea.com/about-us/" "AdsBot-Google (+http://www.google.com/adsbot.html)"
66.249.87.97 - - [03/Mar/2026:11:51:29 -0500] "GET /wp-content/themes/logistek/assets/css/magnific-popup.css?ver=6.0.2 HTTP/1.1" 304 0 "http://tejoversea.com/about-us/" "AdsBot-Google (+http://www.google.com/adsbot.html)"
66.249.87.97 - - [03/Mar/2026:11:51:30 -0500] "GET /wp-includes/js/wp-emoji-release.min.js?ver=6.0.2 HTTP/1.1" 304 0 "http://tejoversea.com/about-us/" "AdsBot-Google (+http://www.google.com/adsbot.html)"
66.249.87.97 - - [03/Mar/2026:11:51:33 -0500] "GET /wp-includes/js/jquery/ui/datepicker.min.js?ver=1.13.1 HTTP/1.1" 304 0 "http://tejoversea.com/about-us/" "AdsBot-Google (+http://www.google.com/adsbot.html)"
66.249.87.97 - - [03/Mar/2026:11:51:34 -0500] "GET /wp-content/themes/logistek/assets/js/main.js?ver=6.0.2 HTTP/1.1" 304 0 "http://tejoversea.com/about-us/" "AdsBot-Google (+http://www.google.com/adsbot.html)"
66.249.87.97 - - [03/Mar/2026:11:51:34 -0500] "GET /wp-content/themes/logistek/assets/revolution/js/extensions/revolution.extension.kenburn.min.js?ver=6.0.2 HTTP/1.1" 304 0 "http://tejoversea.com/about-us/" "AdsBot-Google (+http://www.google.com/adsbot.html)"
66.249.87.97 - - [03/Mar/2026:11:51:35 -0500] "GET /wp-content/themes/logistek/assets/revolution/js/extensions/revolution.extension.video.min.js?ver=6.0.2 HTTP/1.1" 304 0 "http://tejoversea.com/about-us/" "AdsBot-Google (+http://www.google.com/adsbot.html)"
66.249.87.97 - - [03/Mar/2026:11:51:34 -0500] "GET /wp-content/themes/logistek/assets/revolution/js/extensions/revolution.extension.migration.min.js?ver=6.0.2 HTTP/1.1" 304 0 "http://tejoversea.com/about-us/" "AdsBot-Google (+http://www.google.com/adsbot.html)"
66.249.87.97 - - [03/Mar/2026:11:51:35 -0500] "GET /wp-content/themes/logistek/assets/js/bootstrap.min.js?ver=6.0.2 HTTP/1.1" 304 0 "http://tejoversea.com/about-us/" "AdsBot-Google (+http://www.google.com/adsbot.html)"
66.249.87.97 - - [03/Mar/2026:11:51:36 -0500] "GET /wp-content/themes/logistek/assets/js/jquery.v1.12.4.min.js?ver=6.0.2 HTTP/1.1" 304 0 "http://tejoversea.com/about-us/" "AdsBot-Google (+http://www.google.com/adsbot.html)"
66.249.87.97 - - [03/Mar/2026:11:51:36 -0500] "GET /wp-content/themes/logistek/assets/revolution/js/jquery.themepunch.revolution.min.js?ver=6.0.2 HTTP/1.1" 304 0 "http://tejoversea.com/about-us/" "AdsBot-Google (+http://www.google.com/adsbot.html)"
66.249.87.97 - - [03/Mar/2026:11:51:37 -0500] "GET /wp-includes/js/dist/vendor/regenerator-runtime.min.js?ver=0.13.9 HTTP/1.1" 304 0 "http://tejoversea.com/about-us/" "AdsBot-Google (+http://www.google.com/adsbot.html)"
66.249.87.97 - - [03/Mar/2026:11:51:38 -0500] "GET /wp-content/plugins/logistek-elementor/assets/js/bdevs-elementor.js?ver=1.0.0 HTTP/1.1" 304 0 "http://tejoversea.com/about-us/" "AdsBot-Google (+http://www.google.com/adsbot.html)"
66.249.87.97 - - [03/Mar/2026:11:51:39 -0500] "GET /wp-content/themes/logistek/assets/revolution/js/slider_v1.js?ver=6.0.2 HTTP/1.1" 304 0 "http://tejoversea.com/about-us/" "AdsBot-Google (+http://www.google.com/adsbot.html)"
66.249.87.97 - - [03/Mar/2026:11:51:39 -0500] "GET /wp-content/themes/logistek/assets/revolution/js/extensions/revolution.extension.slideanims.min.js?ver=6.0.2 HTTP/1.1" 304 0 "http://tejoversea.com/about-us/" "AdsBot-Google (+http://www.google.com/adsbot.html)"
66.249.87.97 - - [03/Mar/2026:11:51:40 -0500] "GET /wp-content/plugins/elementor/assets/js/frontend.min.js?ver=3.7.7 HTTP/1.1" 304 0 "http://tejoversea.com/about-us/" "AdsBot-Google (+http://www.google.com/adsbot.html)"
66.249.87.97 - - [03/Mar/2026:11:51:41 -0500] "GET /wp-content/themes/logistek/assets/revolution/js/extensions/revolution.extension.layeranimation.min.js?ver=6.0.2 HTTP/1.1" 304 0 "http://tejoversea.com/about-us/" "AdsBot-Google (+http://www.google.com/adsbot.html)"
66.249.87.97 - - [03/Mar/2026:11:51:41 -0500] "GET /wp-content/themes/logistek/assets/js/isotope.pkgd.min.js?ver=6.0.2 HTTP/1.1" 304 0 "http://tejoversea.com/about-us/" "AdsBot-Google (+http://www.google.com/adsbot.html)"
66.249.87.97 - - [03/Mar/2026:11:51:42 -0500] "GET /wp-content/themes/logistek/assets/js/jquery.scrollUp.min.js?ver=6.0.2 HTTP/1.1" 304 0 "http://tejoversea.com/about-us/" "AdsBot-Google (+http://www.google.com/adsbot.html)"
66.249.87.97 - - [03/Mar/2026:11:51:43 -0500] "GET /wp-content/themes/logistek/assets/js/jquery.meanmenu.min.js?ver=6.0.2 HTTP/1.1" 304 0 "http://tejoversea.com/about-us/" "AdsBot-Google (+http://www.google.com/adsbot.html)"
66.249.87.97 - - [03/Mar/2026:11:51:44 -0500] "GET /wp-content/themes/logistek/assets/revolution/js/extensions/revolution.extension.navigation.min.js?ver=6.0.2 HTTP/1.1" 304 0 "http://tejoversea.com/about-us/" "AdsBot-Google (+http://www.google.com/adsbot.html)"
66.249.87.97 - - [03/Mar/2026:11:51:44 -0500] "GET /wp-content/themes/logistek/assets/js/imagesloaded.pkgd.min.js?ver=6.0.2 HTTP/1.1" 304 0 "http://tejoversea.com/about-us/" "AdsBot-Google (+http://www.google.com/adsbot.html)"
66.249.87.97 - - [03/Mar/2026:11:51:44 -0500] "GET /wp-content/plugins/elementor/assets/js/webpack.runtime.min.js?ver=3.7.7 HTTP/1.1" 304 0 "http://tejoversea.com/about-us/" "AdsBot-Google (+http://www.google.com/adsbot.html)"
66.249.87.97 - - [03/Mar/2026:11:51:45 -0500] "GET /wp-content/plugins/elementor-pro/assets/js/frontend.min.js?ver=3.7.7 HTTP/1.1" 304 0 "http://tejoversea.com/about-us/" "AdsBot-Google (+http://www.google.com/adsbot.html)"
66.249.87.97 - - [03/Mar/2026:11:51:37 -0500] "GET /wp-content/themes/logistek/assets/revolution/js/jquery.themepunch.tools.min.js?ver=6.0.2 HTTP/1.1" 304 0 "http://tejoversea.com/about-us/" "AdsBot-Google (+http://www.google.com/adsbot.html)"
66.249.87.97 - - [03/Mar/2026:11:51:38 -0500] "GET /wp-includes/js/dist/i18n.min.js?ver=ebee46757c6a411e38fd079a7ac71d94 HTTP/1.1" 304 0 "http://tejoversea.com/about-us/" "AdsBot-Google (+http://www.google.com/adsbot.html)"
66.249.87.97 - - [03/Mar/2026:11:51:39 -0500] "GET /wp-content/themes/logistek/assets/revolution/js/extensions/revolution.extension.actions.min.js?ver=6.0.2 HTTP/1.1" 304 0 "http://tejoversea.com/about-us/" "AdsBot-Google (+http://www.google.com/adsbot.html)"
66.249.87.97 - - [03/Mar/2026:11:51:40 -0500] "GET /wp-content/themes/logistek/assets/revolution/js/extensions/revolution.extension.parallax.min.js?ver=6.0.2 HTTP/1.1" 304 0 "http://tejoversea.com/about-us/" "AdsBot-Google (+http://www.google.com/adsbot.html)"
66.249.87.97 - - [03/Mar/2026:11:51:42 -0500] "GET /wp-content/plugins/creame-whatsapp-me/public/js/joinchat.min.js?ver=4.5.9 HTTP/1.1" 304 0 "http://tejoversea.com/about-us/" "AdsBot-Google (+http://www.google.com/adsbot.html)"
66.249.87.97 - - [03/Mar/2026:11:51:43 -0500] "GET /wp-content/themes/logistek/assets/js/jquery.magnific-popup.min.js?ver=6.0.2 HTTP/1.1" 304 0 "http://tejoversea.com/about-us/" "AdsBot-Google (+http://www.google.com/adsbot.html)"
66.249.87.97 - - [03/Mar/2026:11:51:45 -0500] "GET /wp-content/themes/logistek/assets/revolution/js/extensions/revolution.extension.carousel.min.js?ver=6.0.2 HTTP/1.1" 304 0 "http://tejoversea.com/about-us/" "AdsBot-Google (+http://www.google.com/adsbot.html)"
66.249.87.97 - - [03/Mar/2026:11:51:46 -0500] "GET /wp-includes/js/dist/vendor/wp-polyfill.min.js?ver=3.15.0 HTTP/1.1" 304 0 "http://tejoversea.com/about-us/" "AdsBot-Google (+http://www.google.com/adsbot.html)"
66.249.87.97 - - [03/Mar/2026:11:51:47 -0500] "GET /wp-content/plugins/elementor-pro/assets/js/webpack-pro.runtime.min.js?ver=3.7.7 HTTP/1.1" 304 0 "http://tejoversea.com/about-us/" "AdsBot-Google (+http://www.google.com/adsbot.html)"
66.249.87.97 - - [03/Mar/2026:11:51:48 -0500] "GET /wp-content/themes/logistek/assets/js/waypoints.min.js?ver=6.0.2 HTTP/1.1" 304 0 "http://tejoversea.com/about-us/" "AdsBot-Google (+http://www.google.com/adsbot.html)"
66.249.87.97 - - [03/Mar/2026:11:51:50 -0500] "GET /wp-content/plugins/elementor-pro/assets/js/elements-handlers.min.js?ver=3.7.7 HTTP/1.1" 304 0 "http://tejoversea.com/about-us/" "AdsBot-Google (+http://www.google.com/adsbot.html)"
66.249.87.97 - - [03/Mar/2026:11:51:51 -0500] "GET /wp-content/plugins/connect-contact-form-7-to-social-apps/assets/js/cf7cw-front-script.js?ver=1.5 HTTP/1.1" 304 0 "http://tejoversea.com/about-us/" "AdsBot-Google (+http://www.google.com/adsbot.html)"
66.249.87.97 - - [03/Mar/2026:11:51:52 -0500] "GET /wp-content/themes/logistek/assets/fonts/webexflaticon/Flaticon.woff2 HTTP/1.1" 200 49320 "http://tejoversea.com/wp-content/themes/logistek/assets/fonts/webexflaticon/flaticon.css?ver=6.0.2" "AdsBot-Google (+http://www.google.com/adsbot.html)"
66.249.87.97 - - [03/Mar/2026:11:51:53 -0500] "GET /wp-content/themes/logistek/assets/fonts/fontawesome/webfonts/fa-brands-400.woff2 HTTP/1.1" 200 76612 "http://tejoversea.com/wp-content/themes/logistek/assets/fonts/fontawesome/css/all.css?ver=6.0.2" "AdsBot-Google (+http://www.google.com/adsbot.html)"
66.249.87.97 - - [03/Mar/2026:11:51:54 -0500] "GET /wp-content/themes/logistek/assets/fonts/webexicon/fonts/webexicon.ttf?aeef8j HTTP/1.1" 200 218068 "http://tejoversea.com/wp-content/themes/logistek/assets/fonts/webexicon/style.css?ver=6.0.2" "AdsBot-Google (+http://www.google.com/adsbot.html)"
66.249.87.97 - - [03/Mar/2026:11:51:54 -0500] "GET /wp-content/themes/logistek/assets/fonts/fontawesome/webfonts/fa-regular-400.woff2 HTTP/1.1" 200 13584 "http://tejoversea.com/wp-content/themes/logistek/assets/fonts/fontawesome/css/all.css?ver=6.0.2" "AdsBot-Google (+http://www.google.com/adsbot.html)"
162.213.253.84 - - [03/Mar/2026:11:53:09 -0500] "POST /wp-cron.php?doing_wp_cron=1772556788.9896399974822998046875 HTTP/1.1" 200 0 "http://tejoversea.com/wp-cron.php?doing_wp_cron=1772556788.9896399974822998046875" "WordPress/6.0.2; http://tejoversea.com"
43.157.149.188 - - [03/Mar/2026:11:53:07 -0500] "GET /page/2/?s HTTP/1.1" 200 12752 "-" "Mozilla/5.0 (iPhone; CPU iPhone OS 13_2_3 like Mac OS X) AppleWebKit/605.1.15 (KHTML, like Gecko) Version/13.0.3 Mobile/15E148 Safari/604.1"
66.249.87.97 - - [03/Mar/2026:11:51:46 -0500] "GET /wp-content/plugins/elementor/assets/js/frontend-modules.min.js?ver=3.7.7 HTTP/1.1" 304 0 "http://tejoversea.com/about-us/" "AdsBot-Google (+http://www.google.com/adsbot.html)"
66.249.87.97 - - [03/Mar/2026:11:51:47 -0500] "GET /wp-content/plugins/elementor/assets/lib/waypoints/waypoints.min.js?ver=4.0.2 HTTP/1.1" 304 0 "http://tejoversea.com/about-us/" "AdsBot-Google (+http://www.google.com/adsbot.html)"
66.249.87.97 - - [03/Mar/2026:11:51:48 -0500] "GET /wp-content/themes/logistek/assets/js/wow.js?ver=6.0.2 HTTP/1.1" 304 0 "http://tejoversea.com/about-us/" "AdsBot-Google (+http://www.google.com/adsbot.html)"
66.249.87.97 - - [03/Mar/2026:11:51:49 -0500] "GET /wp-content/themes/logistek/assets/js/owl.carousel.min.js?ver=6.0.2 HTTP/1.1" 304 0 "http://tejoversea.com/about-us/" "AdsBot-Google (+http://www.google.com/adsbot.html)"
66.249.87.97 - - [03/Mar/2026:11:51:49 -0500] "GET /wp-content/themes/logistek/assets/js/jquery.counterup.min.js?ver=6.0.2 HTTP/1.1" 304 0 "http://tejoversea.com/about-us/" "AdsBot-Google (+http://www.google.com/adsbot.html)"
66.249.87.97 - - [03/Mar/2026:11:51:50 -0500] "GET /wp-includes/js/dist/hooks.min.js?ver=c6d64f2cb8f5c6bb49caca37f8828ce3 HTTP/1.1" 304 0 "http://tejoversea.com/about-us/" "AdsBot-Google (+http://www.google.com/adsbot.html)"
66.249.87.97 - - [03/Mar/2026:11:51:51 -0500] "GET /wp-content/themes/logistek/assets/js/appear.js?ver=6.0.2 HTTP/1.1" 304 0 "http://tejoversea.com/about-us/" "AdsBot-Google (+http://www.google.com/adsbot.html)"
66.249.87.97 - - [03/Mar/2026:11:51:53 -0500] "GET /wp-content/themes/logistek/assets/fonts/fontawesome/webfonts/fa-solid-900.woff2 HTTP/1.1" 200 79444 "http://tejoversea.com/wp-content/themes/logistek/assets/fonts/fontawesome/css/all.css?ver=6.0.2" "AdsBot-Google (+http://www.google.com/adsbot.html)"
162.213.253.84 - - [03/Mar/2026:11:53:09 -0500] "POST /wp-admin/admin-ajax.php?action=async_litespeed&nonce=5eb38584b9&litespeed_type=imgoptm HTTP/1.1" 200 0 "http://tejoversea.com/wp-admin/admin-ajax.php?action=async_litespeed&nonce=5eb38584b9&litespeed_type=imgoptm" "WordPress/6.0.2; http://tejoversea.com"
162.213.253.84 - - [03/Mar/2026:12:04:09 -0500] "POST /wp-cron.php?doing_wp_cron=1772557449.0248401165008544921875 HTTP/1.1" 200 0 "http://tejoversea.com/wp-cron.php?doing_wp_cron=1772557449.0248401165008544921875" "WordPress/6.0.2; http://tejoversea.com"
43.153.123.4 - - [03/Mar/2026:12:04:08 -0500] "GET /?p=857 HTTP/1.1" 301 0 "-" "Mozilla/5.0 (iPhone; CPU iPhone OS 13_2_3 like Mac OS X) AppleWebKit/605.1.15 (KHTML, like Gecko) Version/13.0.3 Mobile/15E148 Safari/604.1"
162.213.253.84 - - [03/Mar/2026:12:04:09 -0500] "POST /wp-admin/admin-ajax.php?action=async_litespeed&nonce=5eb38584b9&litespeed_type=imgoptm HTTP/1.1" 200 0 "http://tejoversea.com/wp-admin/admin-ajax.php?action=async_litespeed&nonce=5eb38584b9&litespeed_type=imgoptm" "WordPress/6.0.2; http://tejoversea.com"
43.153.123.4 - - [03/Mar/2026:12:04:11 -0500] "GET /movers-packers-in-delhi/ HTTP/1.1" 200 15154 "http://tejoversea.com/?p=857" "Mozilla/5.0 (iPhone; CPU iPhone OS 13_2_3 like Mac OS X) AppleWebKit/605.1.15 (KHTML, like Gecko) Version/13.0.3 Mobile/15E148 Safari/604.1"
162.213.253.84 - - [03/Mar/2026:12:15:04 -0500] "POST /wp-cron.php?doing_wp_cron=1772558104.4493770599365234375000 HTTP/1.1" 200 0 "http://tejoversea.com/wp-cron.php?doing_wp_cron=1772558104.4493770599365234375000" "WordPress/6.0.2; http://tejoversea.com"
170.106.11.141 - - [03/Mar/2026:12:15:07 -0500] "GET /movers-packers-in-delhi/ HTTP/1.1" 200 15154 "http://tejoversea.com/movers-packers-in-delhi" "Mozilla/5.0 (iPhone; CPU iPhone OS 13_2_3 like Mac OS X) AppleWebKit/605.1.15 (KHTML, like Gecko) Version/13.0.3 Mobile/15E148 Safari/604.1"
170.106.11.141 - - [03/Mar/2026:12:15:03 -0500] "GET /movers-packers-in-delhi HTTP/1.1" 301 0 "-" "Mozilla/5.0 (iPhone; CPU iPhone OS 13_2_3 like Mac OS X) AppleWebKit/605.1.15 (KHTML, like Gecko) Version/13.0.3 Mobile/15E148 Safari/604.1"
162.213.253.84 - - [03/Mar/2026:12:15:05 -0500] "POST /wp-admin/admin-ajax.php?action=async_litespeed&nonce=5eb38584b9&litespeed_type=imgoptm HTTP/1.1" 200 0 "http://tejoversea.com/wp-admin/admin-ajax.php?action=async_litespeed&nonce=5eb38584b9&litespeed_type=imgoptm" "WordPress/6.0.2; http://tejoversea.com"
162.213.253.84 - - [03/Mar/2026:12:24:55 -0500] "POST /wp-cron.php?doing_wp_cron=1772558695.3755040168762207031250 HTTP/1.1" 200 0 "http://tejoversea.com/wp-cron.php?doing_wp_cron=1772558695.3755040168762207031250" "WordPress/6.0.2; http://tejoversea.com"
119.28.177.175 - - [03/Mar/2026:12:24:54 -0500] "GET /wp-json/oembed/1.0/embed?url=http%3A%2F%2Ftejoversea.com%2Fmovers-packers-in-delhi%2F HTTP/1.1" 200 3077 "-" "Mozilla/5.0 (iPhone; CPU iPhone OS 13_2_3 like Mac OS X) AppleWebKit/605.1.15 (KHTML, like Gecko) Version/13.0.3 Mobile/15E148 Safari/604.1"
162.213.253.84 - - [03/Mar/2026:12:24:56 -0500] "POST /wp-admin/admin-ajax.php?action=async_litespeed&nonce=5eb38584b9&litespeed_type=imgoptm HTTP/1.1" 200 0 "http://tejoversea.com/wp-admin/admin-ajax.php?action=async_litespeed&nonce=5eb38584b9&litespeed_type=imgoptm" "WordPress/6.0.2; http://tejoversea.com"
37.59.204.135 - - [03/Mar/2026:12:32:53 -0500] "GET /robots.txt HTTP/1.1" 200 246 "-" "Mozilla/5.0 (compatible; AhrefsBot/7.0; +http://ahrefs.com/robot/)"
142.44.220.182 - - [03/Mar/2026:12:33:06 -0500] "GET /service-sitemap.xml HTTP/1.1" 200 594 "-" "Mozilla/5.0 (compatible; AhrefsBot/7.0; +http://ahrefs.com/robot/)"
5.255.231.49 - - [03/Mar/2026:12:42:51 -0500] "GET /wp-content/uploads/2022/10/17.jpg HTTP/1.1" 200 45622 "-" "Mozilla/5.0 (compatible; YandexMarket/2.0; +http://yandex.com/bots)"
162.213.253.84 - - [03/Mar/2026:12:44:20 -0500] "POST /wp-cron.php?doing_wp_cron=1772559860.5174329280853271484375 HTTP/1.1" 200 0 "http://tejoversea.com/wp-cron.php?doing_wp_cron=1772559860.5174329280853271484375" "WordPress/6.0.2; http://tejoversea.com"
200.10.40.5 - - [03/Mar/2026:12:44:38 -0500] "GET / HTTP/1.1" 200 16638 "-" "Mozilla/5.0 (Windows NT 10.0; Win64; x64) AppleWebKit/537.36 (KHTML, like Gecko) Chrome/144.0.0.0 Safari/537.36"
162.213.253.84 - - [03/Mar/2026:12:32:57 -0500] "POST /wp-cron.php?doing_wp_cron=1772559177.1251320838928222656250 HTTP/1.1" 200 0 "http://tejoversea.com/wp-cron.php?doing_wp_cron=1772559177.1251320838928222656250" "WordPress/6.0.2; http://tejoversea.com"
142.44.225.229 - - [03/Mar/2026:12:32:56 -0500] "GET /sitemap_index.xml HTTP/1.1" 200 278 "-" "Mozilla/5.0 (compatible; AhrefsBot/7.0; +http://ahrefs.com/robot/)"
162.213.253.84 - - [03/Mar/2026:12:32:57 -0500] "POST /wp-admin/admin-ajax.php?action=async_litespeed&nonce=5eb38584b9&litespeed_type=imgoptm HTTP/1.1" 200 0 "http://tejoversea.com/wp-admin/admin-ajax.php?action=async_litespeed&nonce=5eb38584b9&litespeed_type=imgoptm" "WordPress/6.0.2; http://tejoversea.com"
51.222.95.233 - - [03/Mar/2026:12:33:01 -0500] "GET /page-sitemap.xml HTTP/1.1" 200 873 "-" "Mozilla/5.0 (compatible; AhrefsBot/7.0; +http://ahrefs.com/robot/)"
87.250.224.125 - - [03/Mar/2026:12:42:50 -0500] "GET /robots.txt HTTP/1.1" 200 595 "-" "Mozilla/5.0 (compatible; YandexBot/3.0; +http://yandex.com/bots)"
43.128.149.102 - - [03/Mar/2026:12:44:19 -0500] "GET /page/1/?s HTTP/1.1" 200 13501 "-" "Mozilla/5.0 (iPhone; CPU iPhone OS 13_2_3 like Mac OS X) AppleWebKit/605.1.15 (KHTML, like Gecko) Version/13.0.3 Mobile/15E148 Safari/604.1"
162.213.253.84 - - [03/Mar/2026:12:44:21 -0500] "POST /wp-admin/admin-ajax.php?action=async_litespeed&nonce=5eb38584b9&litespeed_type=imgoptm HTTP/1.1" 200 0 "http://tejoversea.com/wp-admin/admin-ajax.php?action=async_litespeed&nonce=5eb38584b9&litespeed_type=imgoptm" "WordPress/6.0.2; http://tejoversea.com"
162.213.253.84 - - [03/Mar/2026:12:47:01 -0500] "POST /wp-cron.php?doing_wp_cron=1772560021.0946359634399414062500 HTTP/1.1" 200 0 "http://tejoversea.com/wp-cron.php?doing_wp_cron=1772560021.0946359634399414062500" "WordPress/6.0.2; http://tejoversea.com"
162.213.253.84 - - [03/Mar/2026:12:47:01 -0500] "POST /wp-admin/admin-ajax.php?action=async_litespeed&nonce=5eb38584b9&litespeed_type=imgoptm HTTP/1.1" 200 0 "http://tejoversea.com/wp-admin/admin-ajax.php?action=async_litespeed&nonce=5eb38584b9&litespeed_type=imgoptm" "WordPress/6.0.2; http://tejoversea.com"
136.117.5.78 - - [03/Mar/2026:12:47:02 -0500] "HEAD /old/ HTTP/1.1" 404 0 "-" "Mozilla/5.0 (Windows NT 10.0; Win64; x64) AppleWebKit/537.36 (KHTML, like Gecko) Chrome/125.0.6422.112 Safari/537.36 Brave/1.63.120"
136.117.5.78 - - [03/Mar/2026:12:47:02 -0500] "HEAD /wp/ HTTP/1.1" 404 0 "-" "Mozilla/5.0 (Linux; Android 14; OnePlus 12) AppleWebKit/537.36 (KHTML, like Gecko) Chrome/125.0.6422.102 Mobile Safari/537.36"
136.117.5.78 - - [03/Mar/2026:12:47:03 -0500] "HEAD /new/ HTTP/1.1" 404 0 "-" "Mozilla/5.0 (iPhone; CPU iPhone OS 17_5 like Mac OS X) AppleWebKit/605.1.15 (KHTML, like Gecko) Version/17.5 Mobile/15E148 Safari/604.1"
136.117.5.78 - - [03/Mar/2026:12:47:04 -0500] "HEAD /wordpress/ HTTP/1.1" 404 0 "-" "Mozilla/5.0 (Windows NT 11.0; Win64; x64) AppleWebKit/537.36 (KHTML, like Gecko) Chrome/128.0.6540.18 Safari/537.36"
136.117.5.78 - - [03/Mar/2026:12:47:05 -0500] "HEAD / HTTP/1.1" 200 0 "-" "Mozilla/5.0 (Linux; Android 11; moto g31) AppleWebKit/537.36 (KHTML, like Gecko) Chrome/122.0.6261.96 Mobile Safari/537.36"
136.117.5.78 - - [03/Mar/2026:12:47:05 -0500] "HEAD /blog/ HTTP/1.1" 404 0 "-" "Mozilla/5.0 (Windows NT 11.0; Win64; x64) AppleWebKit/537.36 (KHTML, like Gecko) Edg/128.0.2790.25 Chrome/128.0.6540.22 Safari/537.36"
43.130.57.76 - - [03/Mar/2026:12:54:29 -0500] "GET /page/2 HTTP/1.1" 301 0 "-" "Mozilla/5.0 (iPhone; CPU iPhone OS 13_2_3 like Mac OS X) AppleWebKit/605.1.15 (KHTML, like Gecko) Version/13.0.3 Mobile/15E148 Safari/604.1"
162.213.253.84 - - [03/Mar/2026:12:54:30 -0500] "POST /wp-admin/admin-ajax.php?action=async_litespeed&nonce=5eb38584b9&litespeed_type=imgoptm HTTP/1.1" 200 0 "http://tejoversea.com/wp-admin/admin-ajax.php?action=async_litespeed&nonce=5eb38584b9&litespeed_type=imgoptm" "WordPress/6.0.2; http://tejoversea.com"
136.117.5.78 - - [03/Mar/2026:12:47:00 -0500] "HEAD /backup/ HTTP/1.1" 404 0 "-" "Mozilla/5.0 (X11; Linux x86_64; rv:127.0) Gecko/20100101 Firefox/127.0"
162.213.253.84 - - [03/Mar/2026:12:54:30 -0500] "POST /wp-cron.php?doing_wp_cron=1772560470.1063339710235595703125 HTTP/1.1" 200 0 "http://tejoversea.com/wp-cron.php?doing_wp_cron=1772560470.1063339710235595703125" "WordPress/6.0.2; http://tejoversea.com"
43.130.57.76 - - [03/Mar/2026:12:54:33 -0500] "GET /page/2/ HTTP/1.1" 200 19168 "http://tejoversea.com/page/2" "Mozilla/5.0 (iPhone; CPU iPhone OS 13_2_3 like Mac OS X) AppleWebKit/605.1.15 (KHTML, like Gecko) Version/13.0.3 Mobile/15E148 Safari/604.1"
98.89.254.180 - - [03/Mar/2026:14:14:41 -0500] "GET /robots.txt HTTP/1.1" 200 281 "-" "Mozilla/5.0 (Macintosh; Intel Mac OS X 10_10_1) AppleWebKit/600.2.5 (KHTML, like Gecko) Version/8.0.2 Safari/600.2.5 (Gort)"
34.142.251.255 - - [03/Mar/2026:14:37:24 -0500] "GET /wp-includes/wlwmanifest.xml HTTP/1.1" 200 476 "-" "python-httpx/0.28.1"
162.213.253.84 - - [03/Mar/2026:14:37:26 -0500] "POST /wp-cron.php?doing_wp_cron=1772566646.2700939178466796875000 HTTP/1.1" 200 0 "http://tejoversea.com/wp-cron.php?doing_wp_cron=1772566646.2700939178466796875000" "WordPress/6.0.2; http://tejoversea.com"
34.142.251.255 - - [03/Mar/2026:14:37:27 -0500] "GET /info.php HTTP/1.1" 404 7609 "-" "Mozilla/5.0 (Windows NT 10.0; Win64; x64) AppleWebKit/537.36 (KHTML, like Gecko) Chrome/58.0.3029.110 Safari/537.3"
34.142.251.255 - - [03/Mar/2026:14:37:29 -0500] "GET /phpinfo HTTP/1.1" 404 7603 "-" "Mozilla/5.0 (Windows NT 10.0; Win64; x64) AppleWebKit/537.36 (KHTML, like Gecko) Chrome/58.0.3029.110 Safari/537.3"
34.142.251.255 - - [03/Mar/2026:14:37:33 -0500] "GET /.env HTTP/1.1" 404 7607 "-" "Mozilla/5.0 (Windows NT 10.0; Win64; x64) AppleWebKit/537.36 (KHTML, like Gecko) Chrome/58.0.3029.110 Safari/537.3"
34.142.251.255 - - [03/Mar/2026:14:37:23 -0500] "GET / HTTP/1.1" 200 19131 "-" "Mozilla/5.0 (Windows NT 10.0; Win64; x64) AppleWebKit/537.36 (KHTML, like Gecko) Chrome/58.0.3029.110 Safari/537.3"
34.142.251.255 - - [03/Mar/2026:14:37:24 -0500] "GET / HTTP/1.1" 200 19131 "-" "Mozilla/5.0 (Windows NT 10.0; Win64; x64) AppleWebKit/537.36 (KHTML, like Gecko) Chrome/58.0.3029.110 Safari/537.3"
34.142.251.255 - - [03/Mar/2026:14:37:25 -0500] "GET /phpinfo.php HTTP/1.1" 404 7612 "-" "Mozilla/5.0 (Windows NT 10.0; Win64; x64) AppleWebKit/537.36 (KHTML, like Gecko) Chrome/58.0.3029.110 Safari/537.3"
162.213.253.84 - - [03/Mar/2026:14:37:27 -0500] "POST /wp-admin/admin-ajax.php?action=async_litespeed&nonce=5eb38584b9&litespeed_type=imgoptm HTTP/1.1" 200 0 "http://tejoversea.com/wp-admin/admin-ajax.php?action=async_litespeed&nonce=5eb38584b9&litespeed_type=imgoptm" "WordPress/6.0.2; http://tejoversea.com"
207.46.13.229 - - [03/Mar/2026:15:15:14 -0500] "GET /robots.txt HTTP/1.1" 200 246 "-" "Mozilla/5.0 AppleWebKit/537.36 (KHTML, like Gecko; compatible; bingbot/2.0; +http://www.bing.com/bingbot.htm) Chrome/116.0.1938.76 Safari/537.36"
162.213.253.84 - - [03/Mar/2026:15:15:19 -0500] "POST /wp-cron.php?doing_wp_cron=1772568919.8442659378051757812500 HTTP/1.1" 200 0 "http://tejoversea.com/wp-cron.php?doing_wp_cron=1772568919.8442659378051757812500" "WordPress/6.0.2; http://tejoversea.com"
40.77.167.61 - - [03/Mar/2026:15:15:19 -0500] "GET /wp-content/themes/logistek/assets/img/side-panel/6.jpg HTTP/1.1" 404 6955 "-" "Mozilla/5.0 AppleWebKit/537.36 (KHTML, like Gecko; compatible; bingbot/2.0; +http://www.bing.com/bingbot.htm) Chrome/116.0.1938.76 Safari/537.36"
209.141.56.197 - - [03/Mar/2026:16:13:53 -0500] "GET /wp-login.php HTTP/1.1" 200 6486 "-" "Mozilla/5.0 (X11; Linux x86_64)"
162.213.253.84 - - [03/Mar/2026:16:13:59 -0500] "POST /wp-cron.php?doing_wp_cron=1772572439.2763440608978271484375 HTTP/1.1" 200 0 "http://tejoversea.com/wp-cron.php?doing_wp_cron=1772572439.2763440608978271484375" "WordPress/6.0.2; http://tejoversea.com"
209.141.56.197 - - [03/Mar/2026:16:13:58 -0500] "POST /wp-login.php HTTP/1.1" 200 6679 "-" "Mozilla/5.0 (X11; Linux x86_64)"
162.213.253.84 - - [03/Mar/2026:16:13:59 -0500] "POST /wp-admin/admin-ajax.php?action=async_litespeed&nonce=5eb38584b9&litespeed_type=imgoptm HTTP/1.1" 200 0 "http://tejoversea.com/wp-admin/admin-ajax.php?action=async_litespeed&nonce=5eb38584b9&litespeed_type=imgoptm" "WordPress/6.0.2; http://tejoversea.com"
162.213.253.84 - - [03/Mar/2026:17:06:01 -0500] "POST /wp-cron.php?doing_wp_cron=1772575561.6237881183624267578125 HTTP/1.1" 200 0 "http://tejoversea.com/wp-cron.php?doing_wp_cron=1772575561.6237881183624267578125" "WordPress/6.0.2; http://tejoversea.com"
40.77.167.19 - - [03/Mar/2026:17:06:00 -0500] "GET /wp-content/themes/logistek/assets/img/side-panel/3.jpg HTTP/1.1" 404 6955 "-" "Mozilla/5.0 AppleWebKit/537.36 (KHTML, like Gecko; compatible; bingbot/2.0; +http://www.bing.com/bingbot.htm) Chrome/116.0.1938.76 Safari/537.36"
162.213.253.84 - - [03/Mar/2026:17:06:02 -0500] "POST /wp-admin/admin-ajax.php?action=async_litespeed&nonce=5eb38584b9&litespeed_type=imgoptm HTTP/1.1" 200 0 "http://tejoversea.com/wp-admin/admin-ajax.php?action=async_litespeed&nonce=5eb38584b9&litespeed_type=imgoptm" "WordPress/6.0.2; http://tejoversea.com"
162.55.244.37 - - [03/Mar/2026:17:19:23 -0500] "GET /contact-us/ HTTP/1.0" 200 59459 "http://tejoversea.com/contact-us/" "Mozilla/5.0 (Windows NT 10.0; Win64; x64) AppleWebKit/537.36 (KHTML, like Gecko) Chrome/131.0.0.0 Safari/537.36 Avast/131.0.0.0"
162.213.253.84 - - [03/Mar/2026:17:19:24 -0500] "POST /wp-admin/admin-ajax.php?action=async_litespeed&nonce=5eb38584b9&litespeed_type=imgoptm HTTP/1.1" 200 0 "http://tejoversea.com/wp-admin/admin-ajax.php?action=async_litespeed&nonce=5eb38584b9&litespeed_type=imgoptm" "WordPress/6.0.2; http://tejoversea.com"
43.130.16.140 - - [03/Mar/2026:17:26:18 -0500] "GET / HTTP/1.1" 200 19138 "-" "Mozilla/5.0 (iPhone; CPU iPhone OS 13_2_3 like Mac OS X) AppleWebKit/605.1.15 (KHTML, like Gecko) Version/13.0.3 Mobile/15E148 Safari/604.1"
162.213.253.84 - - [03/Mar/2026:17:19:23 -0500] "POST /wp-cron.php?doing_wp_cron=1772576363.9188880920410156250000 HTTP/1.1" 200 0 "http://tejoversea.com/wp-cron.php?doing_wp_cron=1772576363.9188880920410156250000" "WordPress/6.0.2; http://tejoversea.com"
162.213.253.84 - - [03/Mar/2026:17:36:59 -0500] "POST /wp-cron.php?doing_wp_cron=1772577419.5260701179504394531250 HTTP/1.1" 200 0 "http://tejoversea.com/wp-cron.php?doing_wp_cron=1772577419.5260701179504394531250" "WordPress/6.0.2; http://tejoversea.com"
80.94.92.206 - - [03/Mar/2026:17:36:58 -0500] "GET /.env HTTP/1.1" 404 7601 "-" "Mozilla/5.0 (X11; Linux x86_64) AppleWebKit/537.36 (KHTML, like Gecko) Chrome/81.0.4044.129 Safari/537.36"
80.94.92.206 - - [03/Mar/2026:17:37:02 -0500] "POST / HTTP/1.1" 200 19089 "-" "Mozilla/5.0 (X11; Linux x86_64) AppleWebKit/537.36 (KHTML, like Gecko) Chrome/81.0.4044.129 Safari/537.36"
162.213.253.84 - - [03/Mar/2026:17:37:00 -0500] "POST /wp-admin/admin-ajax.php?action=async_litespeed&nonce=5eb38584b9&litespeed_type=imgoptm HTTP/1.1" 200 0 "http://tejoversea.com/wp-admin/admin-ajax.php?action=async_litespeed&nonce=5eb38584b9&litespeed_type=imgoptm" "WordPress/6.0.2; http://tejoversea.com"
49.234.192.248 - - [03/Mar/2026:18:10:18 -0500] "GET / HTTP/1.1" 200 19138 "-" "Mozilla/5.0 (iPhone; CPU iPhone OS 13_2_3 like Mac OS X) AppleWebKit/605.1.15 (KHTML, like Gecko) Version/13.0.3 Mobile/15E148 Safari/604.1"
162.213.253.84 - - [03/Mar/2026:18:20:39 -0500] "POST /wp-admin/admin-ajax.php?action=async_litespeed&nonce=5eb38584b9&litespeed_type=imgoptm HTTP/1.1" 200 0 "http://tejoversea.com/wp-admin/admin-ajax.php?action=async_litespeed&nonce=5eb38584b9&litespeed_type=imgoptm" "WordPress/6.0.2; http://tejoversea.com"
20.63.83.113 - - [03/Mar/2026:18:20:40 -0500] "GET /input.php HTTP/1.1" 404 28704 "-" "-"
20.63.83.113 - - [03/Mar/2026:18:20:42 -0500] "GET /02.php HTTP/1.1" 404 28701 "-" "-"
20.63.83.113 - - [03/Mar/2026:18:20:44 -0500] "GET /fi2.php HTTP/1.1" 404 28702 "-" "-"
20.63.83.113 - - [03/Mar/2026:18:20:46 -0500] "GET /text.php HTTP/1.1" 404 28703 "-" "-"
20.63.83.113 - - [03/Mar/2026:18:20:47 -0500] "GET /cljntmcz.php HTTP/1.1" 404 28707 "-" "-"
20.63.83.113 - - [03/Mar/2026:18:20:49 -0500] "GET /xpw.php HTTP/1.1" 404 28702 "-" "-"
20.63.83.113 - - [03/Mar/2026:18:20:49 -0500] "GET /cah.php HTTP/1.1" 404 28702 "-" "-"
20.63.83.113 - - [03/Mar/2026:18:20:51 -0500] "GET /ms-edit.php HTTP/1.1" 404 28706 "-" "-"
20.63.83.113 - - [03/Mar/2026:18:20:52 -0500] "GET /send.php HTTP/1.1" 404 28703 "-" "-"
20.63.83.113 - - [03/Mar/2026:18:20:53 -0500] "GET /ee.php HTTP/1.1" 404 28701 "-" "-"
20.63.83.113 - - [03/Mar/2026:18:20:55 -0500] "GET /xxx.php HTTP/1.1" 404 28702 "-" "-"
20.63.83.113 - - [03/Mar/2026:18:20:56 -0500] "GET /css.php HTTP/1.1" 404 28702 "-" "-"
20.63.83.113 - - [03/Mar/2026:18:20:56 -0500] "GET /randkeyword.PhP7 HTTP/1.1" 404 28711 "-" "-"
20.63.83.113 - - [03/Mar/2026:18:20:57 -0500] "GET /wp-content.php HTTP/1.1" 404 28709 "-" "-"
20.63.83.113 - - [03/Mar/2026:18:20:59 -0500] "GET /f35.php HTTP/1.1" 404 28702 "-" "-"
20.63.83.113 - - [03/Mar/2026:18:20:59 -0500] "GET /nakrip.php HTTP/1.1" 404 28705 "-" "-"
20.63.83.113 - - [03/Mar/2026:18:21:01 -0500] "GET /wp-singin.php HTTP/1.1" 404 28708 "-" "-"
20.63.83.113 - - [03/Mar/2026:18:21:02 -0500] "GET /shell.php HTTP/1.1" 404 28704 "-" "-"
20.63.83.113 - - [03/Mar/2026:18:21:03 -0500] "GET /wp-fmfile.php HTTP/1.1" 404 28708 "-" "-"
20.63.83.113 - - [03/Mar/2026:18:21:04 -0500] "GET /inputs.php HTTP/1.1" 404 28705 "-" "-"
20.63.83.113 - - [03/Mar/2026:18:21:05 -0500] "GET /wp-theme.php HTTP/1.1" 404 28707 "-" "-"
20.63.83.113 - - [03/Mar/2026:18:21:05 -0500] "GET /wi.php HTTP/1.1" 404 28701 "-" "-"
20.63.83.113 - - [03/Mar/2026:18:21:06 -0500] "GET /php8.php HTTP/1.1" 404 28703 "-" "-"
20.63.83.113 - - [03/Mar/2026:18:21:08 -0500] "GET /headers.php HTTP/1.1" 404 28706 "-" "-"
162.213.253.84 - - [03/Mar/2026:18:21:09 -0500] "POST /wp-cron.php?doing_wp_cron=1772580069.2870759963989257812500 HTTP/1.1" 200 0 "http://tejoversea.com/wp-cron.php?doing_wp_cron=1772580069.2870759963989257812500" "WordPress/6.0.2; http://tejoversea.com"
20.63.83.113 - - [03/Mar/2026:18:21:08 -0500] "GET /flower.php HTTP/1.1" 404 28705 "-" "-"
20.63.83.113 - - [03/Mar/2026:18:21:09 -0500] "GET /system_log.php HTTP/1.1" 404 28709 "-" "-"
162.213.253.84 - - [03/Mar/2026:18:21:11 -0500] "POST /wp-cron.php?doing_wp_cron=1772580071.1812160015106201171875 HTTP/1.1" 200 0 "http://tejoversea.com/wp-cron.php?doing_wp_cron=1772580071.1812160015106201171875" "WordPress/6.0.2; http://tejoversea.com"
20.63.83.113 - - [03/Mar/2026:18:21:12 -0500] "GET /dev.php HTTP/1.1" 404 28702 "-" "-"
20.63.83.113 - - [03/Mar/2026:18:21:12 -0500] "GET /moon.php HTTP/1.1" 404 28703 "-" "-"
20.63.83.113 - - [03/Mar/2026:18:21:13 -0500] "GET /abcd.php HTTP/1.1" 404 28703 "-" "-"
20.63.83.113 - - [03/Mar/2026:18:21:15 -0500] "GET /epinyins.php HTTP/1.1" 404 28707 "-" "-"
162.213.253.84 - - [03/Mar/2026:18:21:18 -0500] "POST /wp-cron.php?doing_wp_cron=1772580078.5002429485321044921875 HTTP/1.1" 200 0 "http://tejoversea.com/wp-cron.php?doing_wp_cron=1772580078.5002429485321044921875" "WordPress/6.0.2; http://tejoversea.com"
162.213.253.84 - - [03/Mar/2026:18:20:38 -0500] "POST /wp-cron.php?doing_wp_cron=1772580038.6417229175567626953125 HTTP/1.1" 200 0 "http://tejoversea.com/wp-cron.php?doing_wp_cron=1772580038.6417229175567626953125" "WordPress/6.0.2; http://tejoversea.com"
20.63.83.113 - - [03/Mar/2026:18:20:37 -0500] "GET /wp-content/plugins/hellopress/wp_filemanager.php HTTP/1.1" 404 28743 "-" "-"
20.63.83.113 - - [03/Mar/2026:18:20:39 -0500] "GET /main.php HTTP/1.1" 404 28703 "-" "-"
20.63.83.113 - - [03/Mar/2026:18:20:41 -0500] "GET /jquery.php HTTP/1.1" 404 28705 "-" "-"
20.63.83.113 - - [03/Mar/2026:18:20:42 -0500] "GET /hehe.php HTTP/1.1" 404 28703 "-" "-"
20.63.83.113 - - [03/Mar/2026:18:20:43 -0500] "GET /.well-known/admin.php HTTP/1.1" 404 28716 "-" "-"
20.63.83.113 - - [03/Mar/2026:18:20:44 -0500] "GET /gecko-new.php HTTP/1.1" 404 28708 "-" "-"
20.63.83.113 - - [03/Mar/2026:18:20:45 -0500] "GET /alfanew.php HTTP/1.1" 404 28706 "-" "-"
20.63.83.113 - - [03/Mar/2026:18:20:46 -0500] "GET /f.php HTTP/1.1" 404 28700 "-" "-"
20.63.83.113 - - [03/Mar/2026:18:20:48 -0500] "GET /wp-links.php HTTP/1.1" 404 28707 "-" "-"
20.63.83.113 - - [03/Mar/2026:18:20:50 -0500] "GET /cong.php HTTP/1.1" 404 28703 "-" "-"
20.63.83.113 - - [03/Mar/2026:18:20:52 -0500] "GET /function.php HTTP/1.1" 404 28707 "-" "-"
20.63.83.113 - - [03/Mar/2026:18:20:54 -0500] "GET /plugins.php HTTP/1.1" 404 28706 "-" "-"
20.63.83.113 - - [03/Mar/2026:18:20:57 -0500] "GET /6.php HTTP/1.1" 404 28700 "-" "-"
20.63.83.113 - - [03/Mar/2026:18:20:58 -0500] "GET /berlin.php HTTP/1.1" 404 28705 "-" "-"
20.63.83.113 - - [03/Mar/2026:18:21:00 -0500] "GET /radio.php HTTP/1.1" 404 28704 "-" "-"
20.63.83.113 - - [03/Mar/2026:18:21:01 -0500] "GET /wp-file.php HTTP/1.1" 404 28706 "-" "-"
20.63.83.113 - - [03/Mar/2026:18:21:07 -0500] "GET /tes.php HTTP/1.1" 404 28702 "-" "-"
20.63.83.113 - - [03/Mar/2026:18:21:10 -0500] "GET /wp-gr.php HTTP/1.1" 404 28704 "-" "-"
20.63.83.113 - - [03/Mar/2026:18:21:14 -0500] "GET /we.php HTTP/1.1" 404 28701 "-" "-"
20.63.83.113 - - [03/Mar/2026:18:21:14 -0500] "GET /a1.php HTTP/1.1" 404 28701 "-" "-"
20.63.83.113 - - [03/Mar/2026:18:21:15 -0500] "GET /class20.php HTTP/1.1" 404 28706 "-" "-"
20.63.83.113 - - [03/Mar/2026:18:21:16 -0500] "GET /asus.php HTTP/1.1" 404 28703 "-" "-"
20.63.83.113 - - [03/Mar/2026:18:21:17 -0500] "GET /a2.php HTTP/1.1" 404 28701 "-" "-"
20.63.83.113 - - [03/Mar/2026:18:21:18 -0500] "GET /av.php HTTP/1.1" 404 28701 "-" "-"
162.213.253.84 - - [03/Mar/2026:18:21:18 -0500] "POST /wp-admin/admin-ajax.php?action=async_litespeed&nonce=5eb38584b9&litespeed_type=imgoptm HTTP/1.1" 200 0 "http://tejoversea.com/wp-admin/admin-ajax.php?action=async_litespeed&nonce=5eb38584b9&litespeed_type=imgoptm" "WordPress/6.0.2; http://tejoversea.com"
51.222.95.131 - - [03/Mar/2026:18:30:53 -0500] "GET /sitemap_index.xml HTTP/1.1" 200 278 "-" "Mozilla/5.0 (compatible; AhrefsBot/7.0; +http://ahrefs.com/robot/)"
54.39.203.40 - - [03/Mar/2026:18:30:58 -0500] "GET /page-sitemap.xml HTTP/1.1" 200 873 "-" "Mozilla/5.0 (compatible; AhrefsBot/7.0; +http://ahrefs.com/robot/)"
148.113.128.236 - - [03/Mar/2026:18:31:02 -0500] "GET /service-sitemap.xml HTTP/1.1" 200 594 "-" "Mozilla/5.0 (compatible; AhrefsBot/7.0; +http://ahrefs.com/robot/)"
162.213.253.84 - - [03/Mar/2026:18:37:44 -0500] "POST /wp-cron.php?doing_wp_cron=1772581064.8220279216766357421875 HTTP/1.1" 200 0 "http://tejoversea.com/wp-cron.php?doing_wp_cron=1772581064.8220279216766357421875" "WordPress/6.0.2; http://tejoversea.com"
170.106.197.109 - - [03/Mar/2026:18:37:44 -0500] "GET / HTTP/1.1" 301 0 "-" "Mozilla/5.0 (iPhone; CPU iPhone OS 13_2_3 like Mac OS X) AppleWebKit/605.1.15 (KHTML, like Gecko) Version/13.0.3 Mobile/15E148 Safari/604.1"
170.106.197.109 - - [03/Mar/2026:18:37:46 -0500] "GET / HTTP/1.1" 200 19138 "http://www.tejoversea.com" "Mozilla/5.0 (iPhone; CPU iPhone OS 13_2_3 like Mac OS X) AppleWebKit/605.1.15 (KHTML, like Gecko) Version/13.0.3 Mobile/15E148 Safari/604.1"
162.213.253.84 - - [03/Mar/2026:18:37:45 -0500] "POST /wp-admin/admin-ajax.php?action=async_litespeed&nonce=5eb38584b9&litespeed_type=imgoptm HTTP/1.1" 200 0 "http://tejoversea.com/wp-admin/admin-ajax.php?action=async_litespeed&nonce=5eb38584b9&litespeed_type=imgoptm" "WordPress/6.0.2; http://tejoversea.com"
54.39.6.118 - - [03/Mar/2026:18:30:49 -0500] "GET /robots.txt HTTP/1.1" 200 246 "-" "Mozilla/5.0 (compatible; AhrefsBot/7.0; +http://ahrefs.com/robot/)"
162.213.253.84 - - [03/Mar/2026:18:30:53 -0500] "POST /wp-cron.php?doing_wp_cron=1772580653.7110030651092529296875 HTTP/1.1" 200 0 "http://tejoversea.com/wp-cron.php?doing_wp_cron=1772580653.7110030651092529296875" "WordPress/6.0.2; http://tejoversea.com"
162.213.253.84 - - [03/Mar/2026:18:30:54 -0500] "POST /wp-admin/admin-ajax.php?action=async_litespeed&nonce=5eb38584b9&litespeed_type=imgoptm HTTP/1.1" 200 0 "http://tejoversea.com/wp-admin/admin-ajax.php?action=async_litespeed&nonce=5eb38584b9&litespeed_type=imgoptm" "WordPress/6.0.2; http://tejoversea.com"
162.213.253.84 - - [03/Mar/2026:19:22:42 -0500] "POST /wp-cron.php?doing_wp_cron=1772583762.8829379081726074218750 HTTP/1.1" 200 0 "http://tejoversea.com/wp-cron.php?doing_wp_cron=1772583762.8829379081726074218750" "WordPress/6.0.2; http://tejoversea.com"
52.167.144.191 - - [03/Mar/2026:19:22:42 -0500] "GET /sitemap_index.xml HTTP/1.1" 200 278 "-" "Mozilla/5.0 AppleWebKit/537.36 (KHTML, like Gecko; compatible; bingbot/2.0; +http://www.bing.com/bingbot.htm) Chrome/116.0.1938.76 Safari/537.36"
162.213.253.84 - - [03/Mar/2026:19:22:43 -0500] "POST /wp-admin/admin-ajax.php?action=async_litespeed&nonce=5c983e7ddc&litespeed_type=imgoptm HTTP/1.1" 200 0 "http://tejoversea.com/wp-admin/admin-ajax.php?action=async_litespeed&nonce=5c983e7ddc&litespeed_type=imgoptm" "WordPress/6.0.2; http://tejoversea.com"