157.37.141.83 - - [03/Mar/2026:07:07:09 -0500] "POST /wp-admin/admin-ajax.php HTTP/1.1" 200 22 "http://tejoversea.com/wp-admin/post-new.php?post_type=sliced_quote" "Mozilla/5.0 (Linux; Android 10; K) AppleWebKit/537.36 (KHTML, like Gecko) Chrome/144.0.0.0 Mobile Safari/537.36"
162.213.253.84 - - [03/Mar/2026:07:07:15 -0500] "POST /wp-cron.php?doing_wp_cron=1772539635.7378509044647216796875 HTTP/1.1" 200 0 "http://tejoversea.com/wp-cron.php?doing_wp_cron=1772539635.7378509044647216796875" "WordPress/6.0.2; http://tejoversea.com"
157.37.141.83 - - [03/Mar/2026:07:07:14 -0500] "POST /wp-admin/admin-ajax.php HTTP/1.1" 200 22 "http://tejoversea.com/wp-admin/post-new.php?post_type=sliced_quote" "Mozilla/5.0 (Linux; Android 10; K) AppleWebKit/537.36 (KHTML, like Gecko) Chrome/144.0.0.0 Mobile Safari/537.36"
157.37.141.83 - - [03/Mar/2026:07:07:20 -0500] "POST /wp-admin/admin-ajax.php HTTP/1.1" 200 98 "http://tejoversea.com/wp-admin/post-new.php?post_type=sliced_quote" "Mozilla/5.0 (Linux; Android 10; K) AppleWebKit/537.36 (KHTML, like Gecko) Chrome/144.0.0.0 Mobile Safari/537.36"
162.213.253.84 - - [03/Mar/2026:07:07:21 -0500] "POST /wp-admin/admin-ajax.php?action=async_litespeed&nonce=5eb38584b9&litespeed_type=imgoptm HTTP/1.1" 200 0 "http://tejoversea.com/wp-admin/admin-ajax.php?action=async_litespeed&nonce=5eb38584b9&litespeed_type=imgoptm" "WordPress/6.0.2; http://tejoversea.com"
157.37.141.83 - - [03/Mar/2026:07:07:35 -0500] "POST /wp-admin/admin-ajax.php HTTP/1.1" 200 98 "http://tejoversea.com/wp-admin/post-new.php?post_type=sliced_quote" "Mozilla/5.0 (Linux; Android 10; K) AppleWebKit/537.36 (KHTML, like Gecko) Chrome/144.0.0.0 Mobile Safari/537.36"
157.37.141.83 - - [03/Mar/2026:07:07:38 -0500] "POST /wp-admin/admin-ajax.php HTTP/1.1" 200 22 "http://tejoversea.com/wp-admin/post-new.php?post_type=sliced_quote" "Mozilla/5.0 (Linux; Android 10; K) AppleWebKit/537.36 (KHTML, like Gecko) Chrome/144.0.0.0 Mobile Safari/537.36"
157.37.141.83 - - [03/Mar/2026:07:07:52 -0500] "POST /wp-admin/admin-ajax.php HTTP/1.1" 200 22 "http://tejoversea.com/wp-admin/post-new.php?post_type=sliced_quote" "Mozilla/5.0 (Linux; Android 10; K) AppleWebKit/537.36 (KHTML, like Gecko) Chrome/144.0.0.0 Mobile Safari/537.36"
157.37.141.83 - - [03/Mar/2026:07:07:59 -0500] "POST /wp-admin/admin-ajax.php HTTP/1.1" 200 22 "http://tejoversea.com/wp-admin/post-new.php?post_type=sliced_quote" "Mozilla/5.0 (Linux; Android 10; K) AppleWebKit/537.36 (KHTML, like Gecko) Chrome/144.0.0.0 Mobile Safari/537.36"
157.37.141.83 - - [03/Mar/2026:07:08:09 -0500] "POST /wp-admin/admin-ajax.php HTTP/1.1" 200 17868 "http://tejoversea.com/wp-admin/post-new.php?post_type=sliced_quote" "Mozilla/5.0 (Linux; Android 10; K) AppleWebKit/537.36 (KHTML, like Gecko) Chrome/144.0.0.0 Mobile Safari/537.36"
162.213.253.84 - - [03/Mar/2026:07:08:19 -0500] "POST /wp-cron.php?doing_wp_cron=1772539699.7843179702758789062500 HTTP/1.1" 200 0 "http://tejoversea.com/wp-cron.php?doing_wp_cron=1772539699.7843179702758789062500" "WordPress/6.0.2; http://tejoversea.com"
157.37.141.83 - - [03/Mar/2026:07:08:18 -0500] "POST /wp-admin/post.php HTTP/1.1" 302 0 "http://tejoversea.com/wp-admin/post-new.php?post_type=sliced_quote&wp-post-new-reload=true" "Mozilla/5.0 (Linux; Android 10; K) AppleWebKit/537.36 (KHTML, like Gecko) Chrome/144.0.0.0 Mobile Safari/537.36"
157.37.141.83 - - [03/Mar/2026:07:08:26 -0500] "GET /wp-admin/load-styles.php?c=1&dir=ltr&load%5Bchunk_0%5D=dashicons,admin-bar,common,forms,admin-menu,dashboard,list-tables,edit,revisions,media,themes,about,nav-menus,wp-pointer,widgets&load%5Bchunk_1%5D=,site-icon,l10n,buttons,wp-auth-check&ver=6.0.2 HTTP/1.1" 200 117777 "http://tejoversea.com/wp-admin/post.php?post=3322&action=edit&message=6" "Mozilla/5.0 (Linux; Android 10; K) AppleWebKit/537.36 (KHTML, like Gecko) Chrome/144.0.0.0 Mobile Safari/537.36"
157.37.141.83 - - [03/Mar/2026:07:08:26 -0500] "GET /wp-admin/css/colors/sunrise/colors.min.css?ver=6.0.2 HTTP/1.1" 200 3865 "http://tejoversea.com/wp-admin/post.php?post=3322&action=edit&message=6" "Mozilla/5.0 (Linux; Android 10; K) AppleWebKit/537.36 (KHTML, like Gecko) Chrome/144.0.0.0 Mobile Safari/537.36"
157.37.141.83 - - [03/Mar/2026:07:08:26 -0500] "GET /wp-content/plugins/elementor-pro/assets/css/admin.min.css?ver=3.7.7 HTTP/1.1" 200 3556 "http://tejoversea.com/wp-admin/post.php?post=3322&action=edit&message=6" "Mozilla/5.0 (Linux; Android 10; K) AppleWebKit/537.36 (KHTML, like Gecko) Chrome/144.0.0.0 Mobile Safari/537.36"
157.37.141.83 - - [03/Mar/2026:07:08:26 -0500] "GET /wp-content/plugins/sliced-invoices/admin/css/admin.css?ver=3.9.1 HTTP/1.1" 200 7113 "http://tejoversea.com/wp-admin/post.php?post=3322&action=edit&message=6" "Mozilla/5.0 (Linux; Android 10; K) AppleWebKit/537.36 (KHTML, like Gecko) Chrome/144.0.0.0 Mobile Safari/537.36"
157.37.141.83 - - [03/Mar/2026:07:08:26 -0500] "GET /wp-content/plugins/wordpress-seo/css/dist/metabox-primary-category-1980.css HTTP/1.1" 200 283 "http://tejoversea.com/wp-admin/post.php?post=3322&action=edit&message=6" "Mozilla/5.0 (Linux; Android 10; K) AppleWebKit/537.36 (KHTML, like Gecko) Chrome/144.0.0.0 Mobile Safari/537.36"
157.37.141.83 - - [03/Mar/2026:07:08:26 -0500] "GET /wp-content/plugins/wordpress-seo/css/dist/wpseo-dismissible-1980.css HTTP/1.1" 200 367 "http://tejoversea.com/wp-admin/post.php?post=3322&action=edit&message=6" "Mozilla/5.0 (Linux; Android 10; K) AppleWebKit/537.36 (KHTML, like Gecko) Chrome/144.0.0.0 Mobile Safari/537.36"
157.37.141.83 - - [03/Mar/2026:07:06:52 -0500] "POST /wp-admin/admin-ajax.php HTTP/1.1" 200 22 "http://tejoversea.com/wp-admin/post-new.php?post_type=sliced_quote" "Mozilla/5.0 (Linux; Android 10; K) AppleWebKit/537.36 (KHTML, like Gecko) Chrome/144.0.0.0 Mobile Safari/537.36"
157.37.141.83 - - [03/Mar/2026:07:07:03 -0500] "POST /wp-admin/admin-ajax.php HTTP/1.1" 200 22 "http://tejoversea.com/wp-admin/post-new.php?post_type=sliced_quote" "Mozilla/5.0 (Linux; Android 10; K) AppleWebKit/537.36 (KHTML, like Gecko) Chrome/144.0.0.0 Mobile Safari/537.36"
162.213.253.84 - - [03/Mar/2026:07:07:21 -0500] "POST /wp-cron.php?doing_wp_cron=1772539641.0793869495391845703125 HTTP/1.1" 200 0 "http://tejoversea.com/wp-cron.php?doing_wp_cron=1772539641.0793869495391845703125" "WordPress/6.0.2; http://tejoversea.com"
157.37.141.83 - - [03/Mar/2026:07:07:44 -0500] "POST /wp-admin/admin-ajax.php HTTP/1.1" 200 22 "http://tejoversea.com/wp-admin/post-new.php?post_type=sliced_quote" "Mozilla/5.0 (Linux; Android 10; K) AppleWebKit/537.36 (KHTML, like Gecko) Chrome/144.0.0.0 Mobile Safari/537.36"
157.37.141.83 - - [03/Mar/2026:07:07:50 -0500] "POST /wp-admin/admin-ajax.php HTTP/1.1" 200 98 "http://tejoversea.com/wp-admin/post-new.php?post_type=sliced_quote" "Mozilla/5.0 (Linux; Android 10; K) AppleWebKit/537.36 (KHTML, like Gecko) Chrome/144.0.0.0 Mobile Safari/537.36"
157.37.141.83 - - [03/Mar/2026:07:08:05 -0500] "POST /wp-admin/admin-ajax.php HTTP/1.1" 200 98 "http://tejoversea.com/wp-admin/post-new.php?post_type=sliced_quote" "Mozilla/5.0 (Linux; Android 10; K) AppleWebKit/537.36 (KHTML, like Gecko) Chrome/144.0.0.0 Mobile Safari/537.36"
157.37.141.83 - - [03/Mar/2026:07:08:09 -0500] "POST /wp-admin/admin-ajax.php HTTP/1.1" 200 22 "http://tejoversea.com/wp-admin/post-new.php?post_type=sliced_quote" "Mozilla/5.0 (Linux; Android 10; K) AppleWebKit/537.36 (KHTML, like Gecko) Chrome/144.0.0.0 Mobile Safari/537.36"
157.37.141.83 - - [03/Mar/2026:07:08:20 -0500] "POST /wp-admin/admin-ajax.php HTTP/1.1" 200 98 "http://tejoversea.com/wp-admin/post-new.php?post_type=sliced_quote&wp-post-new-reload=true" "Mozilla/5.0 (Linux; Android 10; K) AppleWebKit/537.36 (KHTML, like Gecko) Chrome/144.0.0.0 Mobile Safari/537.36"
162.213.253.84 - - [03/Mar/2026:07:08:20 -0500] "POST /wp-admin/admin-ajax.php?action=async_litespeed&nonce=5eb38584b9&litespeed_type=imgoptm HTTP/1.1" 200 0 "http://tejoversea.com/wp-admin/admin-ajax.php?action=async_litespeed&nonce=5eb38584b9&litespeed_type=imgoptm" "WordPress/6.0.2; http://tejoversea.com"
157.37.141.83 - - [03/Mar/2026:07:08:23 -0500] "GET /wp-admin/post.php?post=3322&action=edit&message=6 HTTP/1.1" 200 85428 "http://tejoversea.com/wp-admin/post-new.php?post_type=sliced_quote&wp-post-new-reload=true" "Mozilla/5.0 (Linux; Android 10; K) AppleWebKit/537.36 (KHTML, like Gecko) Chrome/144.0.0.0 Mobile Safari/537.36"
157.37.141.83 - - [03/Mar/2026:07:08:26 -0500] "GET /wp-content/plugins/connect-contact-form-7-to-social-apps/assets/css/cf7cw-admin-style.css?ver=1.5 HTTP/1.1" 200 774 "http://tejoversea.com/wp-admin/post.php?post=3322&action=edit&message=6" "Mozilla/5.0 (Linux; Android 10; K) AppleWebKit/537.36 (KHTML, like Gecko) Chrome/144.0.0.0 Mobile Safari/537.36"
157.37.141.83 - - [03/Mar/2026:07:08:26 -0500] "GET /wp-content/plugins/sliced-invoices/admin/css/selectWoo.min.css?ver=3.9.1 HTTP/1.1" 200 2475 "http://tejoversea.com/wp-admin/post.php?post=3322&action=edit&message=6" "Mozilla/5.0 (Linux; Android 10; K) AppleWebKit/537.36 (KHTML, like Gecko) Chrome/144.0.0.0 Mobile Safari/537.36"
157.37.141.83 - - [03/Mar/2026:07:08:26 -0500] "GET /wp-includes/js/thickbox/thickbox.css?ver=6.0.2 HTTP/1.1" 200 1016 "http://tejoversea.com/wp-admin/post.php?post=3322&action=edit&message=6" "Mozilla/5.0 (Linux; Android 10; K) AppleWebKit/537.36 (KHTML, like Gecko) Chrome/144.0.0.0 Mobile Safari/537.36"
157.37.141.83 - - [03/Mar/2026:07:08:26 -0500] "GET /wp-content/plugins/wordpress-seo/css/dist/admin-global-1980.css HTTP/1.1" 200 6999 "http://tejoversea.com/wp-admin/post.php?post=3322&action=edit&message=6" "Mozilla/5.0 (Linux; Android 10; K) AppleWebKit/537.36 (KHTML, like Gecko) Chrome/144.0.0.0 Mobile Safari/537.36"
157.37.141.83 - - [03/Mar/2026:07:08:26 -0500] "GET /wp-content/plugins/litespeed-cache/assets/css/litespeed.css?ver=6.0.0.1 HTTP/1.1" 200 16388 "http://tejoversea.com/wp-admin/post.php?post=3322&action=edit&message=6" "Mozilla/5.0 (Linux; Android 10; K) AppleWebKit/537.36 (KHTML, like Gecko) Chrome/144.0.0.0 Mobile Safari/537.36"
157.37.141.83 - - [03/Mar/2026:07:08:27 -0500] "GET /wp-content/plugins/elementor/assets/lib/eicons/css/elementor-icons.min.css?ver=5.16.0 HTTP/1.1" 200 4225 "http://tejoversea.com/wp-admin/post.php?post=3322&action=edit&message=6" "Mozilla/5.0 (Linux; Android 10; K) AppleWebKit/537.36 (KHTML, like Gecko) Chrome/144.0.0.0 Mobile Safari/537.36"
157.37.141.83 - - [03/Mar/2026:07:08:27 -0500] "GET /wp-content/plugins/elementor/assets/css/common.min.css?ver=3.7.7 HTTP/1.1" 200 3247 "http://tejoversea.com/wp-admin/post.php?post=3322&action=edit&message=6" "Mozilla/5.0 (Linux; Android 10; K) AppleWebKit/537.36 (KHTML, like Gecko) Chrome/144.0.0.0 Mobile Safari/537.36"
157.37.141.83 - - [03/Mar/2026:07:08:27 -0500] "GET /wp-content/plugins/elementor/assets/css/admin.min.css?ver=3.7.7 HTTP/1.1" 200 8799 "http://tejoversea.com/wp-admin/post.php?post=3322&action=edit&message=6" "Mozilla/5.0 (Linux; Android 10; K) AppleWebKit/537.36 (KHTML, like Gecko) Chrome/144.0.0.0 Mobile Safari/537.36"
157.37.141.83 - - [03/Mar/2026:07:08:27 -0500] "GET /wp-content/plugins/sliced-invoices/includes/vendor/cmb2/css/cmb2.min.css?ver=6.0.2 HTTP/1.1" 200 6656 "http://tejoversea.com/wp-admin/post.php?post=3322&action=edit&message=6" "Mozilla/5.0 (Linux; Android 10; K) AppleWebKit/537.36 (KHTML, like Gecko) Chrome/144.0.0.0 Mobile Safari/537.36"
157.37.141.83 - - [03/Mar/2026:07:08:27 -0500] "GET /wp-includes/css/editor.min.css?ver=6.0.2 HTTP/1.1" 200 7180 "http://tejoversea.com/wp-admin/post.php?post=3322&action=edit&message=6" "Mozilla/5.0 (Linux; Android 10; K) AppleWebKit/537.36 (KHTML, like Gecko) Chrome/144.0.0.0 Mobile Safari/537.36"
157.37.141.83 - - [03/Mar/2026:07:08:27 -0500] "GET /wp-content/plugins/order-tracking/css/Admin.css?ver=2.11.9 HTTP/1.1" 200 16462 "http://tejoversea.com/wp-admin/post.php?post=3322&action=edit&message=6" "Mozilla/5.0 (Linux; Android 10; K) AppleWebKit/537.36 (KHTML, like Gecko) Chrome/144.0.0.0 Mobile Safari/537.36"
157.37.141.83 - - [03/Mar/2026:07:08:27 -0500] "GET /wp-content/plugins/order-tracking/css/spectrum.css?ver=2.11.9 HTTP/1.1" 200 4567 "http://tejoversea.com/wp-admin/post.php?post=3322&action=edit&message=6" "Mozilla/5.0 (Linux; Android 10; K) AppleWebKit/537.36 (KHTML, like Gecko) Chrome/144.0.0.0 Mobile Safari/537.36"
157.37.141.83 - - [03/Mar/2026:07:08:28 -0500] "GET /wp-content/plugins/order-tracking/css/ewd-otp-welcome-screen.css?ver=2.11.9 HTTP/1.1" 200 1275 "http://tejoversea.com/wp-admin/post.php?post=3322&action=edit&message=6" "Mozilla/5.0 (Linux; Android 10; K) AppleWebKit/537.36 (KHTML, like Gecko) Chrome/144.0.0.0 Mobile Safari/537.36"
157.37.141.83 - - [03/Mar/2026:07:08:28 -0500] "GET /wp-includes/js/imgareaselect/imgareaselect.css?ver=0.9.8 HTTP/1.1" 200 274 "http://tejoversea.com/wp-admin/post.php?post=3322&action=edit&message=6" "Mozilla/5.0 (Linux; Android 10; K) AppleWebKit/537.36 (KHTML, like Gecko) Chrome/144.0.0.0 Mobile Safari/537.36"
157.37.141.83 - - [03/Mar/2026:07:08:28 -0500] "GET /wp-includes/js/tinymce/skins/wordpress/wp-content.css?ver=6.0.2&wp-mce-49110-20201110 HTTP/1.1" 200 2900 "http://tejoversea.com/wp-admin/post.php?post=3322&action=edit" "Mozilla/5.0 (Linux; Android 10; K) AppleWebKit/537.36 (KHTML, like Gecko) Chrome/144.0.0.0 Mobile Safari/537.36"
157.37.141.83 - - [03/Mar/2026:07:08:27 -0500] "GET /wp-content/plugins/elementor/assets/css/admin-top-bar.min.css?ver=3.7.7 HTTP/1.1" 200 1154 "http://tejoversea.com/wp-admin/post.php?post=3322&action=edit&message=6" "Mozilla/5.0 (Linux; Android 10; K) AppleWebKit/537.36 (KHTML, like Gecko) Chrome/144.0.0.0 Mobile Safari/537.36"
157.37.141.83 - - [03/Mar/2026:07:08:27 -0500] "GET /wp-content/plugins/wordpress-seo/css/dist/adminbar-1980.css HTTP/1.1" 200 1428 "http://tejoversea.com/wp-admin/post.php?post=3322&action=edit&message=6" "Mozilla/5.0 (Linux; Android 10; K) AppleWebKit/537.36 (KHTML, like Gecko) Chrome/144.0.0.0 Mobile Safari/537.36"
157.37.141.83 - - [03/Mar/2026:07:08:28 -0500] "GET /wp-includes/js/mediaelement/mediaelementplayer-legacy.min.css?ver=4.2.16 HTTP/1.1" 200 2967 "http://tejoversea.com/wp-admin/post.php?post=3322&action=edit&message=6" "Mozilla/5.0 (Linux; Android 10; K) AppleWebKit/537.36 (KHTML, like Gecko) Chrome/144.0.0.0 Mobile Safari/537.36"
157.37.141.83 - - [03/Mar/2026:07:08:28 -0500] "GET /wp-includes/js/mediaelement/wp-mediaelement.min.css?ver=6.0.2 HTTP/1.1" 200 1288 "http://tejoversea.com/wp-admin/post.php?post=3322&action=edit&message=6" "Mozilla/5.0 (Linux; Android 10; K) AppleWebKit/537.36 (KHTML, like Gecko) Chrome/144.0.0.0 Mobile Safari/537.36"
157.37.141.83 - - [03/Mar/2026:07:08:28 -0500] "GET /wp-includes/css/media-views.min.css?ver=6.0.2 HTTP/1.1" 200 10997 "http://tejoversea.com/wp-admin/post.php?post=3322&action=edit&message=6" "Mozilla/5.0 (Linux; Android 10; K) AppleWebKit/537.36 (KHTML, like Gecko) Chrome/144.0.0.0 Mobile Safari/537.36"
157.37.141.83 - - [03/Mar/2026:07:08:28 -0500] "GET /wp-includes/js/wp-emoji-release.min.js?ver=6.0.2 HTTP/1.1" 200 5712 "http://tejoversea.com/wp-admin/post.php?post=3322&action=edit&message=6" "Mozilla/5.0 (Linux; Android 10; K) AppleWebKit/537.36 (KHTML, like Gecko) Chrome/144.0.0.0 Mobile Safari/537.36"
157.37.141.83 - - [03/Mar/2026:07:08:28 -0500] "GET /wp-includes/js/tinymce/skins/lightgray/skin.min.css?wp-mce-49110-20201110 HTTP/1.1" 200 10427 "http://tejoversea.com/wp-admin/post.php?post=3322&action=edit" "Mozilla/5.0 (Linux; Android 10; K) AppleWebKit/537.36 (KHTML, like Gecko) Chrome/144.0.0.0 Mobile Safari/537.36"
157.37.141.83 - - [03/Mar/2026:07:08:28 -0500] "GET /wp-includes/js/tinymce/skins/lightgray/content.min.css?wp-mce-49110-20201110 HTTP/1.1" 200 1436 "http://tejoversea.com/wp-admin/post.php?post=3322&action=edit" "Mozilla/5.0 (Linux; Android 10; K) AppleWebKit/537.36 (KHTML, like Gecko) Chrome/144.0.0.0 Mobile Safari/537.36"
157.37.141.83 - - [03/Mar/2026:07:08:28 -0500] "GET /wp-includes/css/dashicons.min.css?ver=6.0.2&wp-mce-49110-20201110 HTTP/1.1" 200 36064 "http://tejoversea.com/wp-admin/post.php?post=3322&action=edit" "Mozilla/5.0 (Linux; Android 10; K) AppleWebKit/537.36 (KHTML, like Gecko) Chrome/144.0.0.0 Mobile Safari/537.36"
157.37.141.83 - - [03/Mar/2026:07:08:29 -0500] "GET /wp-includes/js/zxcvbn.min.js HTTP/1.1" 200 417329 "http://tejoversea.com/wp-admin/post.php?post=3322&action=edit" "Mozilla/5.0 (Linux; Android 10; K) AppleWebKit/537.36 (KHTML, like Gecko) Chrome/144.0.0.0 Mobile Safari/537.36"
157.37.141.83 - - [03/Mar/2026:07:08:34 -0500] "GET /sliced_quote/scooty-shifting-delhi-to-purnia/?create=pdf&id=3322&print_pdf=77297d0111 HTTP/1.1" 200 55319 "http://tejoversea.com/wp-admin/post.php?post=3322&action=edit" "Mozilla/5.0 (Linux; Android 10; K) AppleWebKit/537.36 (KHTML, like Gecko) Chrome/144.0.0.0 Mobile Safari/537.36"
162.213.253.84 - - [03/Mar/2026:07:08:46 -0500] "GET /sliced_quote/scooty-shifting-delhi-to-purnia/?create=pdf&id=3322 HTTP/1.1" 200 6208 "http://tejoversea.com/sliced_quote/scooty-shifting-delhi-to-purnia/?create=pdf&id=3322" "WordPress/6.0.2; http://tejoversea.com"
157.37.141.83 - - [03/Mar/2026:07:08:46 -0500] "GET /sliced_quote/scooty-shifting-delhi-to-purnia/?create=pdf&id=3322&print_pdf=77297d0111 HTTP/1.1" 200 55319 "-" "Mozilla/5.0 (Linux; Android 10; K) AppleWebKit/537.36 (KHTML, like Gecko) Chrome/144.0.0.0 Mobile Safari/537.36"
162.213.253.84 - - [03/Mar/2026:07:26:04 -0500] "POST /wp-cron.php?doing_wp_cron=1772540764.8759169578552246093750 HTTP/1.1" 200 0 "http://tejoversea.com/wp-cron.php?doing_wp_cron=1772540764.8759169578552246093750" "WordPress/6.0.2; http://tejoversea.com"
162.213.253.84 - - [03/Mar/2026:07:26:06 -0500] "POST /wp-admin/admin-ajax.php?action=async_litespeed&nonce=5eb38584b9&litespeed_type=imgoptm HTTP/1.1" 200 0 "http://tejoversea.com/wp-admin/admin-ajax.php?action=async_litespeed&nonce=5eb38584b9&litespeed_type=imgoptm" "WordPress/6.0.2; http://tejoversea.com"
185.242.3.74 - - [03/Mar/2026:07:26:04 -0500] "GET / HTTP/1.1" 200 83452 "-" "-"
185.242.3.74 - - [03/Mar/2026:07:26:10 -0500] "GET /wp-admin/setup-config.php HTTP/1.1" 409 2761 "-" "-"
162.213.253.84 - - [03/Mar/2026:07:27:43 -0500] "POST /wp-cron.php?doing_wp_cron=1772540863.6465439796447753906250 HTTP/1.1" 200 0 "http://tejoversea.com/wp-cron.php?doing_wp_cron=1772540863.6465439796447753906250" "WordPress/6.0.2; http://tejoversea.com"
162.213.253.84 - - [03/Mar/2026:07:27:44 -0500] "POST /wp-admin/admin-ajax.php?action=async_litespeed&nonce=5eb38584b9&litespeed_type=imgoptm HTTP/1.1" 200 0 "http://tejoversea.com/wp-admin/admin-ajax.php?action=async_litespeed&nonce=5eb38584b9&litespeed_type=imgoptm" "WordPress/6.0.2; http://tejoversea.com"
157.37.141.83 - - [03/Mar/2026:07:08:28 -0500] "GET /wp-content/plugins/wordpress-seo/css/dist/inside-editor-1980.css?wp-mce-49110-20201110 HTTP/1.1" 200 106 "http://tejoversea.com/wp-admin/post.php?post=3322&action=edit" "Mozilla/5.0 (Linux; Android 10; K) AppleWebKit/537.36 (KHTML, like Gecko) Chrome/144.0.0.0 Mobile Safari/537.36"
157.37.141.83 - - [03/Mar/2026:07:08:29 -0500] "GET /wp-admin/admin-ajax.php?action=oembed-cache&post=3322 HTTP/1.1" 200 21 "http://tejoversea.com/wp-admin/post.php?post=3322&action=edit" "Mozilla/5.0 (Linux; Android 10; K) AppleWebKit/537.36 (KHTML, like Gecko) Chrome/144.0.0.0 Mobile Safari/537.36"
162.213.253.84 - - [03/Mar/2026:07:08:35 -0500] "GET /sliced_quote/scooty-shifting-delhi-to-purnia/?create=pdf&id=3322 HTTP/1.1" 200 6208 "http://tejoversea.com/sliced_quote/scooty-shifting-delhi-to-purnia/?create=pdf&id=3322" "WordPress/6.0.2; http://tejoversea.com"
157.37.141.83 - - [03/Mar/2026:07:08:45 -0500] "POST /wp-admin/admin-ajax.php HTTP/1.1" 200 98 "http://tejoversea.com/wp-admin/post.php?post=3322&action=edit" "Mozilla/5.0 (Linux; Android 10; K) AppleWebKit/537.36 (KHTML, like Gecko) Chrome/144.0.0.0 Mobile Safari/537.36"
157.37.141.83 - - [03/Mar/2026:07:09:01 -0500] "POST /wp-admin/admin-ajax.php HTTP/1.1" 200 98 "http://tejoversea.com/wp-admin/post.php?post=3322&action=edit" "Mozilla/5.0 (Linux; Android 10; K) AppleWebKit/537.36 (KHTML, like Gecko) Chrome/144.0.0.0 Mobile Safari/537.36"
185.242.3.74 - - [03/Mar/2026:07:26:09 -0500] "GET /wp-admin/install.php HTTP/1.1" 200 1287 "-" "-"
74.7.241.165 - - [03/Mar/2026:07:27:38 -0500] "GET /robots.txt HTTP/1.1" 200 246 "-" "Mozilla/5.0 (Macintosh; Intel Mac OS X 10_15_7) AppleWebKit/537.36 (KHTML, like Gecko) Chrome/131.0.0.0 Safari/537.36; compatible; OAI-SearchBot/1.3; robots.txt; +https://openai.com/searchbot"
74.7.242.11 - - [03/Mar/2026:07:27:43 -0500] "GET /sitemap_index.xml HTTP/1.1" 200 278 "-" "Mozilla/5.0 AppleWebKit/537.36 (KHTML, like Gecko; compatible; GPTBot/1.3; +https://openai.com/gptbot)"
93.158.90.73 - - [03/Mar/2026:08:32:53 -0500] "GET /service/office-moving-shifting/ HTTP/1.1" 200 12568 "-" "Mozilla/5.0 (X11; CrOS x86_64 14541.0.0) AppleWebKit/537.36 (KHTML, like Gecko) Chrome/121.0.0.0 Safari/537.3"
93.158.90.74 - - [03/Mar/2026:08:32:54 -0500] "GET /service/car-shifting/ HTTP/1.1" 200 12711 "-" "Mozilla/5.0 (X11; CrOS x86_64 14541.0.0) AppleWebKit/537.36 (KHTML, like Gecko) Chrome/121.0.0.0 Safari/537.3"
186.179.24.14 - - [03/Mar/2026:08:33:06 -0500] "GET /contact-us/ HTTP/1.1" 200 12957 "-" "Mozilla/5.0 (Windows NT 10.0; Win64; x64) AppleWebKit/537.36 (KHTML, like Gecko) Chrome/114.0.0.0 Safari/537.36 Vivaldi/5.3.2679.68"
186.179.24.14 - - [03/Mar/2026:08:33:09 -0500] "GET /wp-content/plugins/contact-form-7/includes/js/index.js?ver=5.6.3 HTTP/1.1" 200 3689 "http://tejoversea.com/contact-us/" "Mozilla/5.0 (Windows NT 10.0; Win64; x64) AppleWebKit/537.36 (KHTML, like Gecko) Chrome/114.0.0.0 Safari/537.36 Vivaldi/5.3.2679.68"
162.213.253.84 - - [03/Mar/2026:08:33:46 -0500] "POST /wp-admin/admin-ajax.php?action=async_litespeed&nonce=5eb38584b9&litespeed_type=imgoptm HTTP/1.1" 200 0 "http://tejoversea.com/wp-admin/admin-ajax.php?action=async_litespeed&nonce=5eb38584b9&litespeed_type=imgoptm" "WordPress/6.0.2; http://tejoversea.com"
157.37.131.15 - - [03/Mar/2026:08:33:48 -0500] "GET /wp-admin/post-new.php?post_type=sliced_quote HTTP/1.1" 200 82953 "-" "Mozilla/5.0 (Linux; Android 10; K) AppleWebKit/537.36 (KHTML, like Gecko) Chrome/144.0.0.0 Mobile Safari/537.36"
157.37.131.15 - - [03/Mar/2026:08:33:52 -0500] "GET /wp-includes/js/jquery/jquery-migrate.min.js?ver=3.3.2 HTTP/1.1" 200 4461 "http://tejoversea.com/wp-admin/post-new.php?post_type=sliced_quote" "Mozilla/5.0 (Linux; Android 10; K) AppleWebKit/537.36 (KHTML, like Gecko) Chrome/144.0.0.0 Mobile Safari/537.36"
157.37.131.15 - - [03/Mar/2026:08:33:52 -0500] "GET /wp-includes/js/jquery/jquery.min.js?ver=3.6.0 HTTP/1.1" 200 34819 "http://tejoversea.com/wp-admin/post-new.php?post_type=sliced_quote" "Mozilla/5.0 (Linux; Android 10; K) AppleWebKit/537.36 (KHTML, like Gecko) Chrome/144.0.0.0 Mobile Safari/537.36"
157.37.131.15 - - [03/Mar/2026:08:33:52 -0500] "GET /wp-includes/js/utils.min.js?ver=6.0.2 HTTP/1.1" 200 855 "http://tejoversea.com/wp-admin/post-new.php?post_type=sliced_quote" "Mozilla/5.0 (Linux; Android 10; K) AppleWebKit/537.36 (KHTML, like Gecko) Chrome/144.0.0.0 Mobile Safari/537.36"
157.37.131.15 - - [03/Mar/2026:08:33:52 -0500] "GET /wp-includes/js/dist/vendor/regenerator-runtime.min.js?ver=0.13.9 HTTP/1.1" 200 2585 "http://tejoversea.com/wp-admin/post-new.php?post_type=sliced_quote" "Mozilla/5.0 (Linux; Android 10; K) AppleWebKit/537.36 (KHTML, like Gecko) Chrome/144.0.0.0 Mobile Safari/537.36"
157.37.131.15 - - [03/Mar/2026:08:33:52 -0500] "GET /wp-content/plugins/order-tracking/js/ewd-otp-dashboard-review-ask.js?ver=6.0.2 HTTP/1.1" 200 614 "http://tejoversea.com/wp-admin/post-new.php?post_type=sliced_quote" "Mozilla/5.0 (Linux; Android 10; K) AppleWebKit/537.36 (KHTML, like Gecko) Chrome/144.0.0.0 Mobile Safari/537.36"
157.37.131.15 - - [03/Mar/2026:08:33:52 -0500] "GET /wp-content/plugins/connect-contact-form-7-to-social-apps/assets/js/cf7cw-admin-scripts.js?ver=1.5 HTTP/1.1" 200 194 "http://tejoversea.com/wp-admin/post-new.php?post_type=sliced_quote" "Mozilla/5.0 (Linux; Android 10; K) AppleWebKit/537.36 (KHTML, like Gecko) Chrome/144.0.0.0 Mobile Safari/537.36"
157.37.131.15 - - [03/Mar/2026:08:33:52 -0500] "GET /wp-content/plugins/sliced-invoices/admin/js/admin.js?ver=3.9.1 HTTP/1.1" 200 6696 "http://tejoversea.com/wp-admin/post-new.php?post_type=sliced_quote" "Mozilla/5.0 (Linux; Android 10; K) AppleWebKit/537.36 (KHTML, like Gecko) Chrome/144.0.0.0 Mobile Safari/537.36"
157.37.131.15 - - [03/Mar/2026:08:33:53 -0500] "GET /wp-content/plugins/wordpress-seo/js/dist/admin-global.js?ver=20f2c00bc3d2880fdb9e7bb254a7dbfa HTTP/1.1" 200 2264 "http://tejoversea.com/wp-admin/post-new.php?post_type=sliced_quote" "Mozilla/5.0 (Linux; Android 10; K) AppleWebKit/537.36 (KHTML, like Gecko) Chrome/144.0.0.0 Mobile Safari/537.36"
93.158.90.68 - - [03/Mar/2026:08:32:52 -0500] "GET / HTTP/1.1" 200 19139 "-" "Mozilla/5.0 (X11; CrOS x86_64 14541.0.0) AppleWebKit/537.36 (KHTML, like Gecko) Chrome/121.0.0.0 Safari/537.3"
93.158.90.72 - - [03/Mar/2026:08:32:53 -0500] "GET /service/bike-scooty-shifting/ HTTP/1.1" 200 12195 "-" "Mozilla/5.0 (X11; CrOS x86_64 14541.0.0) AppleWebKit/537.36 (KHTML, like Gecko) Chrome/121.0.0.0 Safari/537.3"
162.213.253.84 - - [03/Mar/2026:08:33:07 -0500] "POST /wp-cron.php?doing_wp_cron=1772544787.3897290229797363281250 HTTP/1.1" 200 0 "http://tejoversea.com/wp-cron.php?doing_wp_cron=1772544787.3897290229797363281250" "WordPress/6.0.2; http://tejoversea.com"
162.213.253.84 - - [03/Mar/2026:08:33:08 -0500] "POST /wp-admin/admin-ajax.php?action=async_litespeed&nonce=5eb38584b9&litespeed_type=imgoptm HTTP/1.1" 200 0 "http://tejoversea.com/wp-admin/admin-ajax.php?action=async_litespeed&nonce=5eb38584b9&litespeed_type=imgoptm" "WordPress/6.0.2; http://tejoversea.com"
186.179.24.14 - - [03/Mar/2026:08:33:09 -0500] "POST /wp-json/contact-form-7/v1/contact-forms/342/feedback HTTP/1.1" 200 205 "http://tejoversea.com/contact-us/" "Mozilla/5.0 (Windows NT 10.0; Win64; x64) AppleWebKit/537.36 (KHTML, like Gecko) Chrome/114.0.0.0 Safari/537.36 Vivaldi/5.3.2679.68"
162.213.253.84 - - [03/Mar/2026:08:33:45 -0500] "POST /wp-cron.php?doing_wp_cron=1772544825.6056919097900390625000 HTTP/1.1" 200 0 "http://tejoversea.com/wp-cron.php?doing_wp_cron=1772544825.6056919097900390625000" "WordPress/6.0.2; http://tejoversea.com"
157.37.131.15 - - [03/Mar/2026:08:33:44 -0500] "GET /wp-admin/post.php?post=3322&action=edit HTTP/1.1" 200 0 "http://tejoversea.com/wp-admin/post-new.php?post_type=sliced_quote&wp-post-new-reload=true" "Mozilla/5.0 (Linux; Android 10; K) AppleWebKit/537.36 (KHTML, like Gecko) Chrome/144.0.0.0 Mobile Safari/537.36"
157.37.131.15 - - [03/Mar/2026:08:33:52 -0500] "GET /wp-includes/js/dist/vendor/wp-polyfill.min.js?ver=3.15.0 HTTP/1.1" 200 7769 "http://tejoversea.com/wp-admin/post-new.php?post_type=sliced_quote" "Mozilla/5.0 (Linux; Android 10; K) AppleWebKit/537.36 (KHTML, like Gecko) Chrome/144.0.0.0 Mobile Safari/537.36"
157.37.131.15 - - [03/Mar/2026:08:33:52 -0500] "GET /wp-content/plugins/salt-shaker/_inc/gui/js/salt_shaker_admin.js?ver=6.0.2 HTTP/1.1" 200 493 "http://tejoversea.com/wp-admin/post-new.php?post_type=sliced_quote" "Mozilla/5.0 (Linux; Android 10; K) AppleWebKit/537.36 (KHTML, like Gecko) Chrome/144.0.0.0 Mobile Safari/537.36"
157.37.131.15 - - [03/Mar/2026:08:33:52 -0500] "GET /wp-content/plugins/sliced-invoices/admin/js/decimal.min.js?ver=3.9.1 HTTP/1.1" 200 13828 "http://tejoversea.com/wp-admin/post-new.php?post_type=sliced_quote" "Mozilla/5.0 (Linux; Android 10; K) AppleWebKit/537.36 (KHTML, like Gecko) Chrome/144.0.0.0 Mobile Safari/537.36"
157.37.131.15 - - [03/Mar/2026:08:33:52 -0500] "GET /wp-includes/js/zxcvbn-async.min.js?ver=1.0 HTTP/1.1" 200 257 "http://tejoversea.com/wp-admin/post-new.php?post_type=sliced_quote" "Mozilla/5.0 (Linux; Android 10; K) AppleWebKit/537.36 (KHTML, like Gecko) Chrome/144.0.0.0 Mobile Safari/537.36"
157.37.131.15 - - [03/Mar/2026:08:33:53 -0500] "GET /wp-content/plugins/sliced-invoices/admin/js/selectWoo.full.min.js?ver=3.9.1 HTTP/1.1" 200 25196 "http://tejoversea.com/wp-admin/post-new.php?post_type=sliced_quote" "Mozilla/5.0 (Linux; Android 10; K) AppleWebKit/537.36 (KHTML, like Gecko) Chrome/144.0.0.0 Mobile Safari/537.36"
157.37.131.15 - - [03/Mar/2026:08:33:53 -0500] "GET /wp-admin/js/common.min.js?ver=6.0.2 HTTP/1.1" 200 7153 "http://tejoversea.com/wp-admin/post-new.php?post_type=sliced_quote" "Mozilla/5.0 (Linux; Android 10; K) AppleWebKit/537.36 (KHTML, like Gecko) Chrome/144.0.0.0 Mobile Safari/537.36"
157.37.131.15 - - [03/Mar/2026:08:33:53 -0500] "GET /wp-includes/js/dist/dom-ready.min.js?ver=d996b53411d1533a84951212ab6ac4ff HTTP/1.1" 200 329 "http://tejoversea.com/wp-admin/post-new.php?post_type=sliced_quote" "Mozilla/5.0 (Linux; Android 10; K) AppleWebKit/537.36 (KHTML, like Gecko) Chrome/144.0.0.0 Mobile Safari/537.36"
157.37.131.15 - - [03/Mar/2026:08:33:53 -0500] "GET /wp-content/plugins/litespeed-cache/assets/js/litespeed-cache-admin.js?ver=6.0.0.1 HTTP/1.1" 200 5695 "http://tejoversea.com/wp-admin/post-new.php?post_type=sliced_quote" "Mozilla/5.0 (Linux; Android 10; K) AppleWebKit/537.36 (KHTML, like Gecko) Chrome/144.0.0.0 Mobile Safari/537.36"
157.37.131.15 - - [03/Mar/2026:08:33:53 -0500] "GET /wp-includes/js/hoverIntent.min.js?ver=1.10.2 HTTP/1.1" 200 715 "http://tejoversea.com/wp-admin/post-new.php?post_type=sliced_quote" "Mozilla/5.0 (Linux; Android 10; K) AppleWebKit/537.36 (KHTML, like Gecko) Chrome/144.0.0.0 Mobile Safari/537.36"
157.37.131.15 - - [03/Mar/2026:08:33:53 -0500] "GET /wp-includes/js/dist/hooks.min.js?ver=c6d64f2cb8f5c6bb49caca37f8828ce3 HTTP/1.1" 200 1747 "http://tejoversea.com/wp-admin/post-new.php?post_type=sliced_quote" "Mozilla/5.0 (Linux; Android 10; K) AppleWebKit/537.36 (KHTML, like Gecko) Chrome/144.0.0.0 Mobile Safari/537.36"
157.37.131.15 - - [03/Mar/2026:08:33:53 -0500] "GET /wp-includes/js/dist/i18n.min.js?ver=ebee46757c6a411e38fd079a7ac71d94 HTTP/1.1" 200 4064 "http://tejoversea.com/wp-admin/post-new.php?post_type=sliced_quote" "Mozilla/5.0 (Linux; Android 10; K) AppleWebKit/537.36 (KHTML, like Gecko) Chrome/144.0.0.0 Mobile Safari/537.36"
157.37.131.15 - - [03/Mar/2026:08:33:53 -0500] "GET /wp-includes/js/jquery/jquery.color.min.js?ver=2.2.0 HTTP/1.1" 200 3078 "http://tejoversea.com/wp-admin/post-new.php?post_type=sliced_quote" "Mozilla/5.0 (Linux; Android 10; K) AppleWebKit/537.36 (KHTML, like Gecko) Chrome/144.0.0.0 Mobile Safari/537.36"
157.37.131.15 - - [03/Mar/2026:08:33:54 -0500] "GET /wp-includes/js/jquery/ui/sortable.min.js?ver=1.13.1 HTTP/1.1" 200 7676 "http://tejoversea.com/wp-admin/post-new.php?post_type=sliced_quote" "Mozilla/5.0 (Linux; Android 10; K) AppleWebKit/537.36 (KHTML, like Gecko) Chrome/144.0.0.0 Mobile Safari/537.36"
157.37.131.15 - - [03/Mar/2026:08:33:54 -0500] "GET /wp-admin/js/postbox.min.js?ver=6.0.2 HTTP/1.1" 200 2420 "http://tejoversea.com/wp-admin/post-new.php?post_type=sliced_quote" "Mozilla/5.0 (Linux; Android 10; K) AppleWebKit/537.36 (KHTML, like Gecko) Chrome/144.0.0.0 Mobile Safari/537.36"
157.37.131.15 - - [03/Mar/2026:08:33:54 -0500] "GET /wp-includes/js/hoverintent-js.min.js?ver=2.2.1 HTTP/1.1" 200 729 "http://tejoversea.com/wp-admin/post-new.php?post_type=sliced_quote" "Mozilla/5.0 (Linux; Android 10; K) AppleWebKit/537.36 (KHTML, like Gecko) Chrome/144.0.0.0 Mobile Safari/537.36"
157.37.131.15 - - [03/Mar/2026:08:33:54 -0500] "GET /wp-includes/js/admin-bar.min.js?ver=6.0.2 HTTP/1.1" 200 1454 "http://tejoversea.com/wp-admin/post-new.php?post_type=sliced_quote" "Mozilla/5.0 (Linux; Android 10; K) AppleWebKit/537.36 (KHTML, like Gecko) Chrome/144.0.0.0 Mobile Safari/537.36"
157.37.131.15 - - [03/Mar/2026:08:33:54 -0500] "GET /wp-includes/js/autosave.min.js?ver=6.0.2 HTTP/1.1" 200 2411 "http://tejoversea.com/wp-admin/post-new.php?post_type=sliced_quote" "Mozilla/5.0 (Linux; Android 10; K) AppleWebKit/537.36 (KHTML, like Gecko) Chrome/144.0.0.0 Mobile Safari/537.36"
157.37.131.15 - - [03/Mar/2026:08:33:54 -0500] "GET /wp-includes/js/jquery/ui/autocomplete.min.js?ver=1.13.1 HTTP/1.1" 200 3173 "http://tejoversea.com/wp-admin/post-new.php?post_type=sliced_quote" "Mozilla/5.0 (Linux; Android 10; K) AppleWebKit/537.36 (KHTML, like Gecko) Chrome/144.0.0.0 Mobile Safari/537.36"
157.37.131.15 - - [03/Mar/2026:08:33:54 -0500] "GET /wp-admin/js/tags-suggest.min.js?ver=6.0.2 HTTP/1.1" 200 1096 "http://tejoversea.com/wp-admin/post-new.php?post_type=sliced_quote" "Mozilla/5.0 (Linux; Android 10; K) AppleWebKit/537.36 (KHTML, like Gecko) Chrome/144.0.0.0 Mobile Safari/537.36"
157.37.131.15 - - [03/Mar/2026:08:33:54 -0500] "GET /wp-admin/js/tags-box.min.js?ver=6.0.2 HTTP/1.1" 200 1368 "http://tejoversea.com/wp-admin/post-new.php?post_type=sliced_quote" "Mozilla/5.0 (Linux; Android 10; K) AppleWebKit/537.36 (KHTML, like Gecko) Chrome/144.0.0.0 Mobile Safari/537.36"
157.37.131.15 - - [03/Mar/2026:08:33:53 -0500] "GET /wp-includes/js/dist/a11y.min.js?ver=a38319d7ba46c6e60f7f9d4c371222c5 HTTP/1.1" 200 1015 "http://tejoversea.com/wp-admin/post-new.php?post_type=sliced_quote" "Mozilla/5.0 (Linux; Android 10; K) AppleWebKit/537.36 (KHTML, like Gecko) Chrome/144.0.0.0 Mobile Safari/537.36"
157.37.131.15 - - [03/Mar/2026:08:33:53 -0500] "GET /wp-includes/js/wp-ajax-response.min.js?ver=6.0.2 HTTP/1.1" 200 1094 "http://tejoversea.com/wp-admin/post-new.php?post_type=sliced_quote" "Mozilla/5.0 (Linux; Android 10; K) AppleWebKit/537.36 (KHTML, like Gecko) Chrome/144.0.0.0 Mobile Safari/537.36"
157.37.131.15 - - [03/Mar/2026:08:33:53 -0500] "GET /wp-includes/js/wp-lists.min.js?ver=6.0.2 HTTP/1.1" 200 2692 "http://tejoversea.com/wp-admin/post-new.php?post_type=sliced_quote" "Mozilla/5.0 (Linux; Android 10; K) AppleWebKit/537.36 (KHTML, like Gecko) Chrome/144.0.0.0 Mobile Safari/537.36"
157.37.131.15 - - [03/Mar/2026:08:33:53 -0500] "GET /wp-includes/js/jquery/ui/core.min.js?ver=1.13.1 HTTP/1.1" 200 7544 "http://tejoversea.com/wp-admin/post-new.php?post_type=sliced_quote" "Mozilla/5.0 (Linux; Android 10; K) AppleWebKit/537.36 (KHTML, like Gecko) Chrome/144.0.0.0 Mobile Safari/537.36"
157.37.131.15 - - [03/Mar/2026:08:33:54 -0500] "GET /wp-includes/js/jquery/ui/mouse.min.js?ver=1.13.1 HTTP/1.1" 200 1191 "http://tejoversea.com/wp-admin/post-new.php?post_type=sliced_quote" "Mozilla/5.0 (Linux; Android 10; K) AppleWebKit/537.36 (KHTML, like Gecko) Chrome/144.0.0.0 Mobile Safari/537.36"
157.37.131.15 - - [03/Mar/2026:08:33:54 -0500] "GET /wp-includes/js/heartbeat.min.js?ver=6.0.2 HTTP/1.1" 200 2150 "http://tejoversea.com/wp-admin/post-new.php?post_type=sliced_quote" "Mozilla/5.0 (Linux; Android 10; K) AppleWebKit/537.36 (KHTML, like Gecko) Chrome/144.0.0.0 Mobile Safari/537.36"
157.37.131.15 - - [03/Mar/2026:08:33:54 -0500] "GET /wp-includes/js/jquery/ui/menu.min.js?ver=1.13.1 HTTP/1.1" 200 3418 "http://tejoversea.com/wp-admin/post-new.php?post_type=sliced_quote" "Mozilla/5.0 (Linux; Android 10; K) AppleWebKit/537.36 (KHTML, like Gecko) Chrome/144.0.0.0 Mobile Safari/537.36"
157.37.131.15 - - [03/Mar/2026:08:33:54 -0500] "GET /wp-includes/js/jquery/suggest.min.js?ver=1.1-20110113 HTTP/1.1" 200 1387 "http://tejoversea.com/wp-admin/post-new.php?post_type=sliced_quote" "Mozilla/5.0 (Linux; Android 10; K) AppleWebKit/537.36 (KHTML, like Gecko) Chrome/144.0.0.0 Mobile Safari/537.36"
157.37.131.15 - - [03/Mar/2026:08:33:54 -0500] "GET /wp-includes/js/clipboard.min.js?ver=2.0.10 HTTP/1.1" 200 3339 "http://tejoversea.com/wp-admin/post-new.php?post_type=sliced_quote" "Mozilla/5.0 (Linux; Android 10; K) AppleWebKit/537.36 (KHTML, like Gecko) Chrome/144.0.0.0 Mobile Safari/537.36"
157.37.131.15 - - [03/Mar/2026:08:33:54 -0500] "GET /wp-admin/js/word-count.min.js?ver=6.0.2 HTTP/1.1" 200 714 "http://tejoversea.com/wp-admin/post-new.php?post_type=sliced_quote" "Mozilla/5.0 (Linux; Android 10; K) AppleWebKit/537.36 (KHTML, like Gecko) Chrome/144.0.0.0 Mobile Safari/537.36"
157.37.131.15 - - [03/Mar/2026:08:33:54 -0500] "GET /wp-includes/js/jquery/jquery.ui.touch-punch.js?ver=0.2.2 HTTP/1.1" 200 596 "http://tejoversea.com/wp-admin/post-new.php?post_type=sliced_quote" "Mozilla/5.0 (Linux; Android 10; K) AppleWebKit/537.36 (KHTML, like Gecko) Chrome/144.0.0.0 Mobile Safari/537.36"
157.37.131.15 - - [03/Mar/2026:08:33:55 -0500] "GET /wp-content/plugins/elementor/assets/lib/backbone/backbone.radio.min.js?ver=1.0.4 HTTP/1.1" 200 1643 "http://tejoversea.com/wp-admin/post-new.php?post_type=sliced_quote" "Mozilla/5.0 (Linux; Android 10; K) AppleWebKit/537.36 (KHTML, like Gecko) Chrome/144.0.0.0 Mobile Safari/537.36"
157.37.131.15 - - [03/Mar/2026:08:33:55 -0500] "GET /wp-content/plugins/elementor/assets/js/web-cli.min.js?ver=3.7.7 HTTP/1.1" 200 46715 "http://tejoversea.com/wp-admin/post-new.php?post_type=sliced_quote" "Mozilla/5.0 (Linux; Android 10; K) AppleWebKit/537.36 (KHTML, like Gecko) Chrome/144.0.0.0 Mobile Safari/537.36"
157.37.131.15 - - [03/Mar/2026:08:33:54 -0500] "GET /wp-includes/js/underscore.min.js?ver=1.13.3 HTTP/1.1" 200 7878 "http://tejoversea.com/wp-admin/post-new.php?post_type=sliced_quote" "Mozilla/5.0 (Linux; Android 10; K) AppleWebKit/537.36 (KHTML, like Gecko) Chrome/144.0.0.0 Mobile Safari/537.36"
157.37.131.15 - - [03/Mar/2026:08:33:54 -0500] "GET /wp-includes/js/wp-sanitize.min.js?ver=6.0.2 HTTP/1.1" 200 285 "http://tejoversea.com/wp-admin/post-new.php?post_type=sliced_quote" "Mozilla/5.0 (Linux; Android 10; K) AppleWebKit/537.36 (KHTML, like Gecko) Chrome/144.0.0.0 Mobile Safari/537.36"
157.37.131.15 - - [03/Mar/2026:08:33:54 -0500] "GET /wp-admin/js/post.min.js?ver=6.0.2 HTTP/1.1" 200 6929 "http://tejoversea.com/wp-admin/post-new.php?post_type=sliced_quote" "Mozilla/5.0 (Linux; Android 10; K) AppleWebKit/537.36 (KHTML, like Gecko) Chrome/144.0.0.0 Mobile Safari/537.36"
157.37.131.15 - - [03/Mar/2026:08:33:54 -0500] "GET /wp-admin/js/svg-painter.js?ver=6.0.2 HTTP/1.1" 200 2292 "http://tejoversea.com/wp-admin/post-new.php?post_type=sliced_quote" "Mozilla/5.0 (Linux; Android 10; K) AppleWebKit/537.36 (KHTML, like Gecko) Chrome/144.0.0.0 Mobile Safari/537.36"
157.37.131.15 - - [03/Mar/2026:08:33:55 -0500] "GET /wp-includes/js/wp-auth-check.min.js?ver=6.0.2 HTTP/1.1" 200 787 "http://tejoversea.com/wp-admin/post-new.php?post_type=sliced_quote" "Mozilla/5.0 (Linux; Android 10; K) AppleWebKit/537.36 (KHTML, like Gecko) Chrome/144.0.0.0 Mobile Safari/537.36"
157.37.131.15 - - [03/Mar/2026:08:33:55 -0500] "GET /wp-includes/js/backbone.min.js?ver=1.4.1 HTTP/1.1" 200 8895 "http://tejoversea.com/wp-admin/post-new.php?post_type=sliced_quote" "Mozilla/5.0 (Linux; Android 10; K) AppleWebKit/537.36 (KHTML, like Gecko) Chrome/144.0.0.0 Mobile Safari/537.36"
157.37.131.15 - - [03/Mar/2026:08:33:55 -0500] "GET /wp-includes/js/jquery/ui/draggable.min.js?ver=1.13.1 HTTP/1.1" 200 5562 "http://tejoversea.com/wp-admin/post-new.php?post_type=sliced_quote" "Mozilla/5.0 (Linux; Android 10; K) AppleWebKit/537.36 (KHTML, like Gecko) Chrome/144.0.0.0 Mobile Safari/537.36"
157.37.131.15 - - [03/Mar/2026:08:33:55 -0500] "GET /wp-content/plugins/elementor/assets/lib/backbone/backbone.marionette.min.js?ver=2.4.5.e1 HTTP/1.1" 200 13773 "http://tejoversea.com/wp-admin/post-new.php?post_type=sliced_quote" "Mozilla/5.0 (Linux; Android 10; K) AppleWebKit/537.36 (KHTML, like Gecko) Chrome/144.0.0.0 Mobile Safari/537.36"
157.37.131.15 - - [03/Mar/2026:08:33:55 -0500] "GET /wp-content/plugins/elementor/assets/js/common-modules.min.js?ver=3.7.7 HTTP/1.1" 200 29283 "http://tejoversea.com/wp-admin/post-new.php?post_type=sliced_quote" "Mozilla/5.0 (Linux; Android 10; K) AppleWebKit/537.36 (KHTML, like Gecko) Chrome/144.0.0.0 Mobile Safari/537.36"
157.37.131.15 - - [03/Mar/2026:08:33:55 -0500] "GET /wp-content/plugins/elementor/assets/lib/dialog/dialog.min.js?ver=4.9.0 HTTP/1.1" 200 3760 "http://tejoversea.com/wp-admin/post-new.php?post_type=sliced_quote" "Mozilla/5.0 (Linux; Android 10; K) AppleWebKit/537.36 (KHTML, like Gecko) Chrome/144.0.0.0 Mobile Safari/537.36"
157.37.131.15 - - [03/Mar/2026:08:33:55 -0500] "GET /wp-includes/js/api-request.min.js?ver=6.0.2 HTTP/1.1" 200 602 "http://tejoversea.com/wp-admin/post-new.php?post_type=sliced_quote" "Mozilla/5.0 (Linux; Android 10; K) AppleWebKit/537.36 (KHTML, like Gecko) Chrome/144.0.0.0 Mobile Safari/537.36"
157.37.131.15 - - [03/Mar/2026:08:33:55 -0500] "GET /wp-content/plugins/elementor/assets/js/dev-tools.min.js?ver=3.7.7 HTTP/1.1" 200 2331 "http://tejoversea.com/wp-admin/post-new.php?post_type=sliced_quote" "Mozilla/5.0 (Linux; Android 10; K) AppleWebKit/537.36 (KHTML, like Gecko) Chrome/144.0.0.0 Mobile Safari/537.36"
157.37.131.15 - - [03/Mar/2026:08:33:55 -0500] "GET /wp-content/plugins/elementor/assets/js/admin-modules.min.js?ver=3.7.7 HTTP/1.1" 200 2004 "http://tejoversea.com/wp-admin/post-new.php?post_type=sliced_quote" "Mozilla/5.0 (Linux; Android 10; K) AppleWebKit/537.36 (KHTML, like Gecko) Chrome/144.0.0.0 Mobile Safari/537.36"
157.37.131.15 - - [03/Mar/2026:08:33:55 -0500] "GET /wp-content/plugins/elementor/assets/js/common.min.js?ver=3.7.7 HTTP/1.1" 200 41149 "http://tejoversea.com/wp-admin/post-new.php?post_type=sliced_quote" "Mozilla/5.0 (Linux; Android 10; K) AppleWebKit/537.36 (KHTML, like Gecko) Chrome/144.0.0.0 Mobile Safari/537.36"
157.37.131.15 - - [03/Mar/2026:08:33:55 -0500] "GET /wp-content/plugins/elementor/assets/js/admin.min.js?ver=3.7.7 HTTP/1.1" 200 9197 "http://tejoversea.com/wp-admin/post-new.php?post_type=sliced_quote" "Mozilla/5.0 (Linux; Android 10; K) AppleWebKit/537.36 (KHTML, like Gecko) Chrome/144.0.0.0 Mobile Safari/537.36"
157.37.131.15 - - [03/Mar/2026:08:33:55 -0500] "GET /wp-includes/js/wp-util.min.js?ver=6.0.2 HTTP/1.1" 200 718 "http://tejoversea.com/wp-admin/post-new.php?post_type=sliced_quote" "Mozilla/5.0 (Linux; Android 10; K) AppleWebKit/537.36 (KHTML, like Gecko) Chrome/144.0.0.0 Mobile Safari/537.36"
157.37.131.15 - - [03/Mar/2026:08:33:56 -0500] "GET /wp-admin/js/user-profile.min.js?ver=6.0.2 HTTP/1.1" 200 2445 "http://tejoversea.com/wp-admin/post-new.php?post_type=sliced_quote" "Mozilla/5.0 (Linux; Android 10; K) AppleWebKit/537.36 (KHTML, like Gecko) Chrome/144.0.0.0 Mobile Safari/537.36"
157.37.131.15 - - [03/Mar/2026:08:33:56 -0500] "GET /wp-content/plugins/elementor/assets/lib/tipsy/tipsy.min.js?ver=1.0.0 HTTP/1.1" 200 1836 "http://tejoversea.com/wp-admin/post-new.php?post_type=sliced_quote" "Mozilla/5.0 (Linux; Android 10; K) AppleWebKit/537.36 (KHTML, like Gecko) Chrome/144.0.0.0 Mobile Safari/537.36"
157.37.131.15 - - [03/Mar/2026:08:33:56 -0500] "GET /wp-includes/js/dist/vendor/react-dom.min.js?ver=17.0.1 HTTP/1.1" 200 43782 "http://tejoversea.com/wp-admin/post-new.php?post_type=sliced_quote" "Mozilla/5.0 (Linux; Android 10; K) AppleWebKit/537.36 (KHTML, like Gecko) Chrome/144.0.0.0 Mobile Safari/537.36"
157.37.131.15 - - [03/Mar/2026:08:33:56 -0500] "GET /wp-includes/js/shortcode.min.js?ver=6.0.2 HTTP/1.1" 200 1200 "http://tejoversea.com/wp-admin/post-new.php?post_type=sliced_quote" "Mozilla/5.0 (Linux; Android 10; K) AppleWebKit/537.36 (KHTML, like Gecko) Chrome/144.0.0.0 Mobile Safari/537.36"
157.37.131.15 - - [03/Mar/2026:08:33:56 -0500] "GET /wp-includes/js/media-models.min.js?ver=6.0.2 HTTP/1.1" 200 4655 "http://tejoversea.com/wp-admin/post-new.php?post_type=sliced_quote" "Mozilla/5.0 (Linux; Android 10; K) AppleWebKit/537.36 (KHTML, like Gecko) Chrome/144.0.0.0 Mobile Safari/537.36"
157.37.131.15 - - [03/Mar/2026:08:33:56 -0500] "GET /wp-includes/js/plupload/wp-plupload.min.js?ver=6.0.2 HTTP/1.1" 200 2458 "http://tejoversea.com/wp-admin/post-new.php?post_type=sliced_quote" "Mozilla/5.0 (Linux; Android 10; K) AppleWebKit/537.36 (KHTML, like Gecko) Chrome/144.0.0.0 Mobile Safari/537.36"
157.37.131.15 - - [03/Mar/2026:08:33:56 -0500] "GET /wp-includes/js/mediaelement/mediaelement-migrate.min.js?ver=6.0.2 HTTP/1.1" 200 553 "http://tejoversea.com/wp-admin/post-new.php?post_type=sliced_quote" "Mozilla/5.0 (Linux; Android 10; K) AppleWebKit/537.36 (KHTML, like Gecko) Chrome/144.0.0.0 Mobile Safari/537.36"
157.37.131.15 - - [03/Mar/2026:08:33:56 -0500] "GET /wp-includes/js/mediaelement/mediaelement-and-player.min.js?ver=4.2.16 HTTP/1.1" 200 45170 "http://tejoversea.com/wp-admin/post-new.php?post_type=sliced_quote" "Mozilla/5.0 (Linux; Android 10; K) AppleWebKit/537.36 (KHTML, like Gecko) Chrome/144.0.0.0 Mobile Safari/537.36"
157.37.131.15 - - [03/Mar/2026:08:33:57 -0500] "GET /wp-includes/js/media-views.min.js?ver=6.0.2 HTTP/1.1" 200 31361 "http://tejoversea.com/wp-admin/post-new.php?post_type=sliced_quote" "Mozilla/5.0 (Linux; Android 10; K) AppleWebKit/537.36 (KHTML, like Gecko) Chrome/144.0.0.0 Mobile Safari/537.36"
157.37.131.15 - - [03/Mar/2026:08:33:57 -0500] "GET /wp-includes/js/mce-view.min.js?ver=6.0.2 HTTP/1.1" 200 4035 "http://tejoversea.com/wp-admin/post-new.php?post_type=sliced_quote" "Mozilla/5.0 (Linux; Android 10; K) AppleWebKit/537.36 (KHTML, like Gecko) Chrome/144.0.0.0 Mobile Safari/537.36"
157.37.131.15 - - [03/Mar/2026:08:33:55 -0500] "GET /wp-content/plugins/elementor-pro/assets/js/admin.min.js?ver=3.7.7 HTTP/1.1" 200 27267 "http://tejoversea.com/wp-admin/post-new.php?post_type=sliced_quote" "Mozilla/5.0 (Linux; Android 10; K) AppleWebKit/537.36 (KHTML, like Gecko) Chrome/144.0.0.0 Mobile Safari/537.36"
157.37.131.15 - - [03/Mar/2026:08:33:55 -0500] "GET /wp-admin/js/password-strength-meter.min.js?ver=6.0.2 HTTP/1.1" 200 629 "http://tejoversea.com/wp-admin/post-new.php?post_type=sliced_quote" "Mozilla/5.0 (Linux; Android 10; K) AppleWebKit/537.36 (KHTML, like Gecko) Chrome/144.0.0.0 Mobile Safari/537.36"
157.37.131.15 - - [03/Mar/2026:08:33:56 -0500] "GET /wp-includes/js/thickbox/thickbox.js?ver=3.1-20121105 HTTP/1.1" 200 4451 "http://tejoversea.com/wp-admin/post-new.php?post_type=sliced_quote" "Mozilla/5.0 (Linux; Android 10; K) AppleWebKit/537.36 (KHTML, like Gecko) Chrome/144.0.0.0 Mobile Safari/537.36"
157.37.131.15 - - [03/Mar/2026:08:33:56 -0500] "GET /wp-includes/js/dist/vendor/react.min.js?ver=17.0.1 HTTP/1.1" 200 4728 "http://tejoversea.com/wp-admin/post-new.php?post_type=sliced_quote" "Mozilla/5.0 (Linux; Android 10; K) AppleWebKit/537.36 (KHTML, like Gecko) Chrome/144.0.0.0 Mobile Safari/537.36"
157.37.131.15 - - [03/Mar/2026:08:33:56 -0500] "GET /wp-content/plugins/elementor/assets/js/admin-top-bar.min.js?ver=3.7.7 HTTP/1.1" 200 3561 "http://tejoversea.com/wp-admin/post-new.php?post_type=sliced_quote" "Mozilla/5.0 (Linux; Android 10; K) AppleWebKit/537.36 (KHTML, like Gecko) Chrome/144.0.0.0 Mobile Safari/537.36"
157.37.131.15 - - [03/Mar/2026:08:33:56 -0500] "GET /wp-content/plugins/elementor/assets/js/app-loader.min.js?ver=3.7.7 HTTP/1.1" 200 26702 "http://tejoversea.com/wp-admin/post-new.php?post_type=sliced_quote" "Mozilla/5.0 (Linux; Android 10; K) AppleWebKit/537.36 (KHTML, like Gecko) Chrome/144.0.0.0 Mobile Safari/537.36"
157.37.131.15 - - [03/Mar/2026:08:33:56 -0500] "GET /wp-includes/js/wp-backbone.min.js?ver=6.0.2 HTTP/1.1" 200 1243 "http://tejoversea.com/wp-admin/post-new.php?post_type=sliced_quote" "Mozilla/5.0 (Linux; Android 10; K) AppleWebKit/537.36 (KHTML, like Gecko) Chrome/144.0.0.0 Mobile Safari/537.36"
157.37.131.15 - - [03/Mar/2026:08:33:56 -0500] "GET /wp-includes/js/plupload/moxie.min.js?ver=1.3.5 HTTP/1.1" 200 31406 "http://tejoversea.com/wp-admin/post-new.php?post_type=sliced_quote" "Mozilla/5.0 (Linux; Android 10; K) AppleWebKit/537.36 (KHTML, like Gecko) Chrome/144.0.0.0 Mobile Safari/537.36"
157.37.131.15 - - [03/Mar/2026:08:33:56 -0500] "GET /wp-includes/js/plupload/plupload.min.js?ver=2.1.9 HTTP/1.1" 200 6019 "http://tejoversea.com/wp-admin/post-new.php?post_type=sliced_quote" "Mozilla/5.0 (Linux; Android 10; K) AppleWebKit/537.36 (KHTML, like Gecko) Chrome/144.0.0.0 Mobile Safari/537.36"
157.37.131.15 - - [03/Mar/2026:08:33:56 -0500] "GET /wp-includes/js/mediaelement/wp-mediaelement.min.js?ver=6.0.2 HTTP/1.1" 200 477 "http://tejoversea.com/wp-admin/post-new.php?post_type=sliced_quote" "Mozilla/5.0 (Linux; Android 10; K) AppleWebKit/537.36 (KHTML, like Gecko) Chrome/144.0.0.0 Mobile Safari/537.36"
157.37.131.15 - - [03/Mar/2026:08:33:57 -0500] "GET /wp-includes/js/media-editor.min.js?ver=6.0.2 HTTP/1.1" 200 3943 "http://tejoversea.com/wp-admin/post-new.php?post_type=sliced_quote" "Mozilla/5.0 (Linux; Android 10; K) AppleWebKit/537.36 (KHTML, like Gecko) Chrome/144.0.0.0 Mobile Safari/537.36"
157.37.131.15 - - [03/Mar/2026:08:33:57 -0500] "GET /wp-includes/js/media-audiovideo.min.js?ver=6.0.2 HTTP/1.1" 200 3746 "http://tejoversea.com/wp-admin/post-new.php?post_type=sliced_quote" "Mozilla/5.0 (Linux; Android 10; K) AppleWebKit/537.36 (KHTML, like Gecko) Chrome/144.0.0.0 Mobile Safari/537.36"
157.37.131.15 - - [03/Mar/2026:08:33:57 -0500] "GET /wp-admin/js/image-edit.min.js?ver=6.0.2 HTTP/1.1" 200 4173 "http://tejoversea.com/wp-admin/post-new.php?post_type=sliced_quote" "Mozilla/5.0 (Linux; Android 10; K) AppleWebKit/537.36 (KHTML, like Gecko) Chrome/144.0.0.0 Mobile Safari/537.36"
157.37.131.15 - - [03/Mar/2026:08:33:57 -0500] "GET /wp-includes/js/jquery/ui/datepicker.min.js?ver=1.13.1 HTTP/1.1" 200 12350 "http://tejoversea.com/wp-admin/post-new.php?post_type=sliced_quote" "Mozilla/5.0 (Linux; Android 10; K) AppleWebKit/537.36 (KHTML, like Gecko) Chrome/144.0.0.0 Mobile Safari/537.36"
157.37.131.15 - - [03/Mar/2026:08:33:57 -0500] "GET /wp-content/plugins/sliced-invoices/includes/vendor/cmb2/js/jquery-ui-timepicker-addon.min.js?ver=1.5.0 HTTP/1.1" 200 12074 "http://tejoversea.com/wp-admin/post-new.php?post_type=sliced_quote" "Mozilla/5.0 (Linux; Android 10; K) AppleWebKit/537.36 (KHTML, like Gecko) Chrome/144.0.0.0 Mobile Safari/537.36"
157.37.131.15 - - [03/Mar/2026:08:33:57 -0500] "GET /wp-content/plugins/sliced-invoices/includes/vendor/cmb2/js/cmb2.min.js?ver=2.10.1 HTTP/1.1" 200 10374 "http://tejoversea.com/wp-admin/post-new.php?post_type=sliced_quote" "Mozilla/5.0 (Linux; Android 10; K) AppleWebKit/537.36 (KHTML, like Gecko) Chrome/144.0.0.0 Mobile Safari/537.36"
