47.31.159.70 - - [27/Feb/2026:07:07:29 -0500] "GET /wp-includes/js/mediaelement/mediaelementplayer-legacy.min.css?ver=4.2.16 HTTP/1.1" 200 2967 "http://tejoversea.com/wp-admin/post-new.php?post_type=sliced_invoice" "Mozilla/5.0 (Linux; Android 10; K) AppleWebKit/537.36 (KHTML, like Gecko) Chrome/144.0.0.0 Mobile Safari/537.36"
47.31.159.70 - - [27/Feb/2026:07:07:30 -0500] "GET /wp-includes/css/media-views.min.css?ver=6.0.2 HTTP/1.1" 200 10997 "http://tejoversea.com/wp-admin/post-new.php?post_type=sliced_invoice" "Mozilla/5.0 (Linux; Android 10; K) AppleWebKit/537.36 (KHTML, like Gecko) Chrome/144.0.0.0 Mobile Safari/537.36"
47.31.159.70 - - [27/Feb/2026:07:07:30 -0500] "GET /wp-includes/js/imgareaselect/imgareaselect.css?ver=0.9.8 HTTP/1.1" 200 274 "http://tejoversea.com/wp-admin/post-new.php?post_type=sliced_invoice" "Mozilla/5.0 (Linux; Android 10; K) AppleWebKit/537.36 (KHTML, like Gecko) Chrome/144.0.0.0 Mobile Safari/537.36"
47.31.159.70 - - [27/Feb/2026:07:07:33 -0500] "GET /wp-includes/js/tinymce/skins/lightgray/skin.min.css?wp-mce-49110-20201110 HTTP/1.1" 200 10427 "http://tejoversea.com/wp-admin/post-new.php?post_type=sliced_invoice" "Mozilla/5.0 (Linux; Android 10; K) AppleWebKit/537.36 (KHTML, like Gecko) Chrome/144.0.0.0 Mobile Safari/537.36"
47.31.159.70 - - [27/Feb/2026:07:07:33 -0500] "GET /wp-includes/js/tinymce/skins/lightgray/content.min.css?wp-mce-49110-20201110 HTTP/1.1" 200 1436 "http://tejoversea.com/wp-admin/post-new.php?post_type=sliced_invoice" "Mozilla/5.0 (Linux; Android 10; K) AppleWebKit/537.36 (KHTML, like Gecko) Chrome/144.0.0.0 Mobile Safari/537.36"
47.31.159.70 - - [27/Feb/2026:07:07:34 -0500] "GET /wp-includes/js/zxcvbn.min.js HTTP/1.1" 200 417329 "http://tejoversea.com/wp-admin/post-new.php?post_type=sliced_invoice" "Mozilla/5.0 (Linux; Android 10; K) AppleWebKit/537.36 (KHTML, like Gecko) Chrome/144.0.0.0 Mobile Safari/537.36"
47.31.159.70 - - [27/Feb/2026:07:07:35 -0500] "GET /wp-includes/js/tinymce/skins/wordpress/wp-content.css?ver=6.0.2&wp-mce-49110-20201110 HTTP/1.1" 200 2900 "http://tejoversea.com/wp-admin/post-new.php?post_type=sliced_invoice" "Mozilla/5.0 (Linux; Android 10; K) AppleWebKit/537.36 (KHTML, like Gecko) Chrome/144.0.0.0 Mobile Safari/537.36"
47.31.159.70 - - [27/Feb/2026:07:06:28 -0500] "GET /wp-content/plugins/order-tracking//images/ewd-uwpm-icon.png HTTP/1.1" 200 187790 "http://tejoversea.com/wp-admin/admin.php?page=EWD-OTP-options&DisplayPage=Orders" "Mozilla/5.0 (Linux; Android 10; K) AppleWebKit/537.36 (KHTML, like Gecko) Chrome/144.0.0.0 Mobile Safari/537.36"
47.31.159.70 - - [27/Feb/2026:07:06:29 -0500] "GET /wp-content/plugins/order-tracking/images/options-asset-lock.png HTTP/1.1" 200 1073 "http://tejoversea.com/wp-admin/admin.php?page=EWD-OTP-options&DisplayPage=Orders" "Mozilla/5.0 (Linux; Android 10; K) AppleWebKit/537.36 (KHTML, like Gecko) Chrome/144.0.0.0 Mobile Safari/537.36"
47.31.159.70 - - [27/Feb/2026:07:06:40 -0500] "GET /wp-admin/admin.php?page=EWD-OTP-options&OTPAction=EWD_OTP_Order_Details&Selected=Order&Order_ID=196 HTTP/1.1" 200 20394 "http://tejoversea.com/wp-admin/admin.php?page=EWD-OTP-options&DisplayPage=Orders&Page=10" "Mozilla/5.0 (Linux; Android 10; K) AppleWebKit/537.36 (KHTML, like Gecko) Chrome/144.0.0.0 Mobile Safari/537.36"
47.31.159.70 - - [27/Feb/2026:07:07:03 -0500] "POST /wp-admin/admin-ajax.php HTTP/1.1" 200 22 "http://tejoversea.com/wp-admin/admin.php?page=EWD-OTP-options&OTPAction=EWD_OTP_Order_Details&Selected=Order&Order_ID=196" "Mozilla/5.0 (Linux; Android 10; K) AppleWebKit/537.36 (KHTML, like Gecko) Chrome/144.0.0.0 Mobile Safari/537.36"
47.31.159.70 - - [27/Feb/2026:07:07:05 -0500] "GET /wp-includes/js/wp-emoji-release.min.js?ver=6.0.2 HTTP/1.1" 200 5712 "http://tejoversea.com/wp-admin/admin.php?page=EWD-OTP-options&OTPAction=EWD_OTP_EditOrder&DisplayPage=Orders" "Mozilla/5.0 (Linux; Android 10; K) AppleWebKit/537.36 (KHTML, like Gecko) Chrome/144.0.0.0 Mobile Safari/537.36"
162.213.253.84 - - [27/Feb/2026:07:07:25 -0500] "POST /wp-cron.php?doing_wp_cron=1772194045.9241359233856201171875 HTTP/1.1" 200 0 "http://tejoversea.com/wp-cron.php?doing_wp_cron=1772194045.9241359233856201171875" "WordPress/6.0.2; http://tejoversea.com"
47.31.159.70 - - [27/Feb/2026:07:07:25 -0500] "GET /wp-admin/post-new.php?post_type=sliced_invoice HTTP/1.1" 200 83698 "http://tejoversea.com/wp-admin/admin.php?page=EWD-OTP-options&OTPAction=EWD_OTP_EditOrder&DisplayPage=Orders" "Mozilla/5.0 (Linux; Android 10; K) AppleWebKit/537.36 (KHTML, like Gecko) Chrome/144.0.0.0 Mobile Safari/537.36"
47.31.159.70 - - [27/Feb/2026:07:07:29 -0500] "GET /wp-content/plugins/wordpress-seo/css/dist/metabox-primary-category-1980.css HTTP/1.1" 200 283 "http://tejoversea.com/wp-admin/post-new.php?post_type=sliced_invoice" "Mozilla/5.0 (Linux; Android 10; K) AppleWebKit/537.36 (KHTML, like Gecko) Chrome/144.0.0.0 Mobile Safari/537.36"
47.31.159.70 - - [27/Feb/2026:07:07:29 -0500] "GET /wp-content/plugins/sliced-invoices/includes/vendor/cmb2/css/cmb2.min.css?ver=6.0.2 HTTP/1.1" 200 6656 "http://tejoversea.com/wp-admin/post-new.php?post_type=sliced_invoice" "Mozilla/5.0 (Linux; Android 10; K) AppleWebKit/537.36 (KHTML, like Gecko) Chrome/144.0.0.0 Mobile Safari/537.36"
47.31.159.70 - - [27/Feb/2026:07:07:29 -0500] "GET /wp-includes/css/editor.min.css?ver=6.0.2 HTTP/1.1" 200 7180 "http://tejoversea.com/wp-admin/post-new.php?post_type=sliced_invoice" "Mozilla/5.0 (Linux; Android 10; K) AppleWebKit/537.36 (KHTML, like Gecko) Chrome/144.0.0.0 Mobile Safari/537.36"
47.31.159.70 - - [27/Feb/2026:07:07:29 -0500] "GET /wp-includes/js/mediaelement/wp-mediaelement.min.css?ver=6.0.2 HTTP/1.1" 200 1288 "http://tejoversea.com/wp-admin/post-new.php?post_type=sliced_invoice" "Mozilla/5.0 (Linux; Android 10; K) AppleWebKit/537.36 (KHTML, like Gecko) Chrome/144.0.0.0 Mobile Safari/537.36"
47.31.159.70 - - [27/Feb/2026:07:07:33 -0500] "GET /wp-includes/css/dashicons.min.css?ver=6.0.2&wp-mce-49110-20201110 HTTP/1.1" 200 36064 "http://tejoversea.com/wp-admin/post-new.php?post_type=sliced_invoice" "Mozilla/5.0 (Linux; Android 10; K) AppleWebKit/537.36 (KHTML, like Gecko) Chrome/144.0.0.0 Mobile Safari/537.36"
47.31.159.70 - - [27/Feb/2026:07:07:35 -0500] "GET /wp-content/plugins/wordpress-seo/css/dist/inside-editor-1980.css?wp-mce-49110-20201110 HTTP/1.1" 200 106 "http://tejoversea.com/wp-admin/post-new.php?post_type=sliced_invoice" "Mozilla/5.0 (Linux; Android 10; K) AppleWebKit/537.36 (KHTML, like Gecko) Chrome/144.0.0.0 Mobile Safari/537.36"
47.31.159.70 - - [27/Feb/2026:07:08:04 -0500] "POST /wp-admin/admin-ajax.php HTTP/1.1" 200 98 "http://tejoversea.com/wp-admin/post-new.php?post_type=sliced_invoice" "Mozilla/5.0 (Linux; Android 10; K) AppleWebKit/537.36 (KHTML, like Gecko) Chrome/144.0.0.0 Mobile Safari/537.36"
47.31.159.70 - - [27/Feb/2026:07:08:05 -0500] "GET /wp-admin/admin-ajax.php?term=vis&action=sliced-search-clients&nonce=e422d4812e HTTP/1.1" 200 0 "http://tejoversea.com/wp-admin/post-new.php?post_type=sliced_invoice" "Mozilla/5.0 (Linux; Android 10; K) AppleWebKit/537.36 (KHTML, like Gecko) Chrome/144.0.0.0 Mobile Safari/537.36"
47.31.159.70 - - [27/Feb/2026:07:08:06 -0500] "GET /wp-admin/admin-ajax.php?term=Vishal%20&action=sliced-search-clients&nonce=e422d4812e HTTP/1.1" 200 253 "http://tejoversea.com/wp-admin/post-new.php?post_type=sliced_invoice" "Mozilla/5.0 (Linux; Android 10; K) AppleWebKit/537.36 (KHTML, like Gecko) Chrome/144.0.0.0 Mobile Safari/537.36"
162.213.253.84 - - [27/Feb/2026:07:08:16 -0500] "POST /wp-cron.php?doing_wp_cron=1772194096.1897399425506591796875 HTTP/1.1" 200 0 "http://tejoversea.com/wp-cron.php?doing_wp_cron=1772194096.1897399425506591796875" "WordPress/6.0.2; http://tejoversea.com"
47.31.159.70 - - [27/Feb/2026:07:08:15 -0500] "POST /wp-admin/admin-ajax.php HTTP/1.1" 200 22 "http://tejoversea.com/wp-admin/post-new.php?post_type=sliced_invoice" "Mozilla/5.0 (Linux; Android 10; K) AppleWebKit/537.36 (KHTML, like Gecko) Chrome/144.0.0.0 Mobile Safari/537.36"
47.31.159.70 - - [27/Feb/2026:07:08:19 -0500] "POST /wp-admin/admin-ajax.php HTTP/1.1" 200 98 "http://tejoversea.com/wp-admin/post-new.php?post_type=sliced_invoice" "Mozilla/5.0 (Linux; Android 10; K) AppleWebKit/537.36 (KHTML, like Gecko) Chrome/144.0.0.0 Mobile Safari/537.36"
47.31.159.70 - - [27/Feb/2026:07:08:30 -0500] "POST /wp-admin/admin-ajax.php HTTP/1.1" 200 22 "http://tejoversea.com/wp-admin/post-new.php?post_type=sliced_invoice" "Mozilla/5.0 (Linux; Android 10; K) AppleWebKit/537.36 (KHTML, like Gecko) Chrome/144.0.0.0 Mobile Safari/537.36"
47.31.159.70 - - [27/Feb/2026:07:08:31 -0500] "POST /wp-admin/admin-ajax.php HTTP/1.1" 200 22 "http://tejoversea.com/wp-admin/post-new.php?post_type=sliced_invoice" "Mozilla/5.0 (Linux; Android 10; K) AppleWebKit/537.36 (KHTML, like Gecko) Chrome/144.0.0.0 Mobile Safari/537.36"
47.31.159.70 - - [27/Feb/2026:07:08:43 -0500] "POST /wp-admin/admin-ajax.php HTTP/1.1" 200 22 "http://tejoversea.com/wp-admin/post-new.php?post_type=sliced_invoice" "Mozilla/5.0 (Linux; Android 10; K) AppleWebKit/537.36 (KHTML, like Gecko) Chrome/144.0.0.0 Mobile Safari/537.36"
47.31.159.70 - - [27/Feb/2026:07:08:50 -0500] "POST /wp-admin/admin-ajax.php HTTP/1.1" 200 98 "http://tejoversea.com/wp-admin/post-new.php?post_type=sliced_invoice" "Mozilla/5.0 (Linux; Android 10; K) AppleWebKit/537.36 (KHTML, like Gecko) Chrome/144.0.0.0 Mobile Safari/537.36"
162.213.253.84 - - [27/Feb/2026:07:09:32 -0500] "POST /wp-cron.php?doing_wp_cron=1772194172.0632779598236083984375 HTTP/1.1" 200 0 "http://tejoversea.com/wp-cron.php?doing_wp_cron=1772194172.0632779598236083984375" "WordPress/6.0.2; http://tejoversea.com"
47.31.159.70 - - [27/Feb/2026:07:09:34 -0500] "POST /wp-admin/admin-ajax.php HTTP/1.1" 200 22 "http://tejoversea.com/wp-admin/post-new.php?post_type=sliced_invoice" "Mozilla/5.0 (Linux; Android 10; K) AppleWebKit/537.36 (KHTML, like Gecko) Chrome/144.0.0.0 Mobile Safari/537.36"
47.31.159.70 - - [27/Feb/2026:07:09:37 -0500] "POST /wp-admin/admin-ajax.php HTTP/1.1" 200 22 "http://tejoversea.com/wp-admin/post-new.php?post_type=sliced_invoice" "Mozilla/5.0 (Linux; Android 10; K) AppleWebKit/537.36 (KHTML, like Gecko) Chrome/144.0.0.0 Mobile Safari/537.36"
47.31.159.70 - - [27/Feb/2026:07:07:49 -0500] "POST /wp-admin/admin-ajax.php HTTP/1.1" 200 98 "http://tejoversea.com/wp-admin/post-new.php?post_type=sliced_invoice" "Mozilla/5.0 (Linux; Android 10; K) AppleWebKit/537.36 (KHTML, like Gecko) Chrome/144.0.0.0 Mobile Safari/537.36"
47.31.159.70 - - [27/Feb/2026:07:08:15 -0500] "POST /wp-admin/admin-ajax.php HTTP/1.1" 200 22 "http://tejoversea.com/wp-admin/post-new.php?post_type=sliced_invoice" "Mozilla/5.0 (Linux; Android 10; K) AppleWebKit/537.36 (KHTML, like Gecko) Chrome/144.0.0.0 Mobile Safari/537.36"
162.213.253.84 - - [27/Feb/2026:07:08:20 -0500] "POST /wp-cron.php?doing_wp_cron=1772194100.3732399940490722656250 HTTP/1.1" 200 0 "http://tejoversea.com/wp-cron.php?doing_wp_cron=1772194100.3732399940490722656250" "WordPress/6.0.2; http://tejoversea.com"
162.213.253.84 - - [27/Feb/2026:07:08:20 -0500] "POST /wp-admin/admin-ajax.php?action=async_litespeed&nonce=a4beb27e62&litespeed_type=imgoptm HTTP/1.1" 200 0 "http://tejoversea.com/wp-admin/admin-ajax.php?action=async_litespeed&nonce=a4beb27e62&litespeed_type=imgoptm" "WordPress/6.0.2; http://tejoversea.com"
47.31.159.70 - - [27/Feb/2026:07:08:33 -0500] "POST /wp-admin/admin-ajax.php HTTP/1.1" 200 22 "http://tejoversea.com/wp-admin/post-new.php?post_type=sliced_invoice" "Mozilla/5.0 (Linux; Android 10; K) AppleWebKit/537.36 (KHTML, like Gecko) Chrome/144.0.0.0 Mobile Safari/537.36"
47.31.159.70 - - [27/Feb/2026:07:08:34 -0500] "POST /wp-admin/admin-ajax.php HTTP/1.1" 200 98 "http://tejoversea.com/wp-admin/post-new.php?post_type=sliced_invoice" "Mozilla/5.0 (Linux; Android 10; K) AppleWebKit/537.36 (KHTML, like Gecko) Chrome/144.0.0.0 Mobile Safari/537.36"
47.31.159.70 - - [27/Feb/2026:07:08:35 -0500] "POST /wp-admin/admin-ajax.php HTTP/1.1" 200 22 "http://tejoversea.com/wp-admin/post-new.php?post_type=sliced_invoice" "Mozilla/5.0 (Linux; Android 10; K) AppleWebKit/537.36 (KHTML, like Gecko) Chrome/144.0.0.0 Mobile Safari/537.36"
47.31.159.70 - - [27/Feb/2026:07:08:41 -0500] "POST /wp-admin/admin-ajax.php HTTP/1.1" 200 22 "http://tejoversea.com/wp-admin/post-new.php?post_type=sliced_invoice" "Mozilla/5.0 (Linux; Android 10; K) AppleWebKit/537.36 (KHTML, like Gecko) Chrome/144.0.0.0 Mobile Safari/537.36"
47.31.159.70 - - [27/Feb/2026:07:09:31 -0500] "POST /wp-admin/admin-ajax.php HTTP/1.1" 200 98 "http://tejoversea.com/wp-admin/post-new.php?post_type=sliced_invoice" "Mozilla/5.0 (Linux; Android 10; K) AppleWebKit/537.36 (KHTML, like Gecko) Chrome/144.0.0.0 Mobile Safari/537.36"
162.213.253.84 - - [27/Feb/2026:07:09:32 -0500] "POST /wp-admin/admin-ajax.php?action=async_litespeed&nonce=a4beb27e62&litespeed_type=imgoptm HTTP/1.1" 200 0 "http://tejoversea.com/wp-admin/admin-ajax.php?action=async_litespeed&nonce=a4beb27e62&litespeed_type=imgoptm" "WordPress/6.0.2; http://tejoversea.com"
47.31.159.70 - - [27/Feb/2026:07:09:42 -0500] "POST /wp-admin/admin-ajax.php HTTP/1.1" 200 22 "http://tejoversea.com/wp-admin/post-new.php?post_type=sliced_invoice" "Mozilla/5.0 (Linux; Android 10; K) AppleWebKit/537.36 (KHTML, like Gecko) Chrome/144.0.0.0 Mobile Safari/537.36"
47.31.159.70 - - [27/Feb/2026:07:09:46 -0500] "POST /wp-admin/admin-ajax.php HTTP/1.1" 200 98 "http://tejoversea.com/wp-admin/post-new.php?post_type=sliced_invoice" "Mozilla/5.0 (Linux; Android 10; K) AppleWebKit/537.36 (KHTML, like Gecko) Chrome/144.0.0.0 Mobile Safari/537.36"
47.31.159.70 - - [27/Feb/2026:07:09:58 -0500] "POST /wp-admin/admin-ajax.php HTTP/1.1" 200 22 "http://tejoversea.com/wp-admin/post-new.php?post_type=sliced_invoice" "Mozilla/5.0 (Linux; Android 10; K) AppleWebKit/537.36 (KHTML, like Gecko) Chrome/144.0.0.0 Mobile Safari/537.36"
47.31.159.70 - - [27/Feb/2026:07:10:01 -0500] "POST /wp-admin/admin-ajax.php HTTP/1.1" 200 22 "http://tejoversea.com/wp-admin/post-new.php?post_type=sliced_invoice" "Mozilla/5.0 (Linux; Android 10; K) AppleWebKit/537.36 (KHTML, like Gecko) Chrome/144.0.0.0 Mobile Safari/537.36"
47.31.159.70 - - [27/Feb/2026:07:09:40 -0500] "POST /wp-admin/admin-ajax.php HTTP/1.1" 200 22 "http://tejoversea.com/wp-admin/post-new.php?post_type=sliced_invoice" "Mozilla/5.0 (Linux; Android 10; K) AppleWebKit/537.36 (KHTML, like Gecko) Chrome/144.0.0.0 Mobile Safari/537.36"
47.31.159.70 - - [27/Feb/2026:07:09:45 -0500] "POST /wp-admin/admin-ajax.php HTTP/1.1" 200 22 "http://tejoversea.com/wp-admin/post-new.php?post_type=sliced_invoice" "Mozilla/5.0 (Linux; Android 10; K) AppleWebKit/537.36 (KHTML, like Gecko) Chrome/144.0.0.0 Mobile Safari/537.36"
47.31.159.70 - - [27/Feb/2026:07:09:47 -0500] "POST /wp-admin/admin-ajax.php HTTP/1.1" 200 22 "http://tejoversea.com/wp-admin/post-new.php?post_type=sliced_invoice" "Mozilla/5.0 (Linux; Android 10; K) AppleWebKit/537.36 (KHTML, like Gecko) Chrome/144.0.0.0 Mobile Safari/537.36"
47.31.159.70 - - [27/Feb/2026:07:09:52 -0500] "POST /wp-admin/admin-ajax.php HTTP/1.1" 200 22 "http://tejoversea.com/wp-admin/post-new.php?post_type=sliced_invoice" "Mozilla/5.0 (Linux; Android 10; K) AppleWebKit/537.36 (KHTML, like Gecko) Chrome/144.0.0.0 Mobile Safari/537.36"
47.31.159.70 - - [27/Feb/2026:07:09:57 -0500] "POST /wp-admin/admin-ajax.php HTTP/1.1" 200 22 "http://tejoversea.com/wp-admin/post-new.php?post_type=sliced_invoice" "Mozilla/5.0 (Linux; Android 10; K) AppleWebKit/537.36 (KHTML, like Gecko) Chrome/144.0.0.0 Mobile Safari/537.36"
47.31.159.70 - - [27/Feb/2026:07:10:01 -0500] "POST /wp-admin/admin-ajax.php HTTP/1.1" 200 98 "http://tejoversea.com/wp-admin/post-new.php?post_type=sliced_invoice" "Mozilla/5.0 (Linux; Android 10; K) AppleWebKit/537.36 (KHTML, like Gecko) Chrome/144.0.0.0 Mobile Safari/537.36"
47.31.159.70 - - [27/Feb/2026:07:10:16 -0500] "POST /wp-admin/admin-ajax.php HTTP/1.1" 200 98 "http://tejoversea.com/wp-admin/post-new.php?post_type=sliced_invoice" "Mozilla/5.0 (Linux; Android 10; K) AppleWebKit/537.36 (KHTML, like Gecko) Chrome/144.0.0.0 Mobile Safari/537.36"
162.213.253.84 - - [27/Feb/2026:07:10:18 -0500] "POST /wp-admin/admin-ajax.php?action=async_litespeed&nonce=a4beb27e62&litespeed_type=imgoptm HTTP/1.1" 200 0 "http://tejoversea.com/wp-admin/admin-ajax.php?action=async_litespeed&nonce=a4beb27e62&litespeed_type=imgoptm" "WordPress/6.0.2; http://tejoversea.com"
47.31.159.70 - - [27/Feb/2026:07:10:36 -0500] "POST /wp-admin/admin-ajax.php HTTP/1.1" 200 22 "http://tejoversea.com/wp-admin/post-new.php?post_type=sliced_invoice" "Mozilla/5.0 (Linux; Android 10; K) AppleWebKit/537.36 (KHTML, like Gecko) Chrome/144.0.0.0 Mobile Safari/537.36"
47.31.159.70 - - [27/Feb/2026:07:10:37 -0500] "POST /wp-admin/admin-ajax.php HTTP/1.1" 200 22 "http://tejoversea.com/wp-admin/post-new.php?post_type=sliced_invoice" "Mozilla/5.0 (Linux; Android 10; K) AppleWebKit/537.36 (KHTML, like Gecko) Chrome/144.0.0.0 Mobile Safari/537.36"
47.31.159.70 - - [27/Feb/2026:07:10:44 -0500] "POST /wp-admin/post.php HTTP/1.1" 302 0 "http://tejoversea.com/wp-admin/post-new.php?post_type=sliced_invoice&wp-post-new-reload=true" "Mozilla/5.0 (Linux; Android 10; K) AppleWebKit/537.36 (KHTML, like Gecko) Chrome/144.0.0.0 Mobile Safari/537.36"
47.31.159.70 - - [27/Feb/2026:07:10:50 -0500] "GET /wp-content/plugins/sliced-invoices/admin/css/selectWoo.min.css?ver=3.9.1 HTTP/1.1" 200 2475 "http://tejoversea.com/wp-admin/post.php?post=3316&action=edit&message=6" "Mozilla/5.0 (Linux; Android 10; K) AppleWebKit/537.36 (KHTML, like Gecko) Chrome/144.0.0.0 Mobile Safari/537.36"
47.31.159.70 - - [27/Feb/2026:07:10:50 -0500] "GET /wp-includes/css/editor.min.css?ver=6.0.2 HTTP/1.1" 200 7180 "http://tejoversea.com/wp-admin/post.php?post=3316&action=edit&message=6" "Mozilla/5.0 (Linux; Android 10; K) AppleWebKit/537.36 (KHTML, like Gecko) Chrome/144.0.0.0 Mobile Safari/537.36"
47.31.159.70 - - [27/Feb/2026:07:10:50 -0500] "GET /wp-includes/js/mediaelement/mediaelementplayer-legacy.min.css?ver=4.2.16 HTTP/1.1" 200 2967 "http://tejoversea.com/wp-admin/post.php?post=3316&action=edit&message=6" "Mozilla/5.0 (Linux; Android 10; K) AppleWebKit/537.36 (KHTML, like Gecko) Chrome/144.0.0.0 Mobile Safari/537.36"
162.213.253.84 - - [27/Feb/2026:07:10:17 -0500] "POST /wp-cron.php?doing_wp_cron=1772194217.6186668872833251953125 HTTP/1.1" 200 0 "http://tejoversea.com/wp-cron.php?doing_wp_cron=1772194217.6186668872833251953125" "WordPress/6.0.2; http://tejoversea.com"
47.31.159.70 - - [27/Feb/2026:07:10:28 -0500] "POST /wp-admin/admin-ajax.php HTTP/1.1" 200 21 "http://tejoversea.com/wp-admin/post-new.php?post_type=sliced_invoice" "Mozilla/5.0 (Linux; Android 10; K) AppleWebKit/537.36 (KHTML, like Gecko) Chrome/144.0.0.0 Mobile Safari/537.36"
47.31.159.70 - - [27/Feb/2026:07:10:31 -0500] "POST /wp-admin/admin-ajax.php HTTP/1.1" 200 98 "http://tejoversea.com/wp-admin/post-new.php?post_type=sliced_invoice" "Mozilla/5.0 (Linux; Android 10; K) AppleWebKit/537.36 (KHTML, like Gecko) Chrome/144.0.0.0 Mobile Safari/537.36"
47.31.159.70 - - [27/Feb/2026:07:10:46 -0500] "POST /wp-admin/admin-ajax.php HTTP/1.1" 200 98 "http://tejoversea.com/wp-admin/post-new.php?post_type=sliced_invoice&wp-post-new-reload=true" "Mozilla/5.0 (Linux; Android 10; K) AppleWebKit/537.36 (KHTML, like Gecko) Chrome/144.0.0.0 Mobile Safari/537.36"
47.31.159.70 - - [27/Feb/2026:07:10:46 -0500] "GET /wp-admin/post.php?post=3316&action=edit&message=6 HTTP/1.1" 200 87021 "http://tejoversea.com/wp-admin/post-new.php?post_type=sliced_invoice&wp-post-new-reload=true" "Mozilla/5.0 (Linux; Android 10; K) AppleWebKit/537.36 (KHTML, like Gecko) Chrome/144.0.0.0 Mobile Safari/537.36"
47.31.159.70 - - [27/Feb/2026:07:10:50 -0500] "GET /wp-content/plugins/wordpress-seo/css/dist/metabox-primary-category-1980.css HTTP/1.1" 200 283 "http://tejoversea.com/wp-admin/post.php?post=3316&action=edit&message=6" "Mozilla/5.0 (Linux; Android 10; K) AppleWebKit/537.36 (KHTML, like Gecko) Chrome/144.0.0.0 Mobile Safari/537.36"
47.31.159.70 - - [27/Feb/2026:07:10:50 -0500] "GET /wp-content/plugins/sliced-invoices/includes/vendor/cmb2/css/cmb2.min.css?ver=6.0.2 HTTP/1.1" 200 6656 "http://tejoversea.com/wp-admin/post.php?post=3316&action=edit&message=6" "Mozilla/5.0 (Linux; Android 10; K) AppleWebKit/537.36 (KHTML, like Gecko) Chrome/144.0.0.0 Mobile Safari/537.36"
47.31.159.70 - - [27/Feb/2026:07:10:51 -0500] "GET /wp-includes/js/imgareaselect/imgareaselect.css?ver=0.9.8 HTTP/1.1" 200 274 "http://tejoversea.com/wp-admin/post.php?post=3316&action=edit&message=6" "Mozilla/5.0 (Linux; Android 10; K) AppleWebKit/537.36 (KHTML, like Gecko) Chrome/144.0.0.0 Mobile Safari/537.36"
47.31.159.70 - - [27/Feb/2026:07:10:51 -0500] "GET /wp-includes/css/media-views.min.css?ver=6.0.2 HTTP/1.1" 200 10997 "http://tejoversea.com/wp-admin/post.php?post=3316&action=edit&message=6" "Mozilla/5.0 (Linux; Android 10; K) AppleWebKit/537.36 (KHTML, like Gecko) Chrome/144.0.0.0 Mobile Safari/537.36"
47.31.159.70 - - [27/Feb/2026:07:10:52 -0500] "GET /wp-includes/js/tinymce/skins/wordpress/wp-content.css?ver=6.0.2&wp-mce-49110-20201110 HTTP/1.1" 200 2900 "http://tejoversea.com/wp-admin/post.php?post=3316&action=edit" "Mozilla/5.0 (Linux; Android 10; K) AppleWebKit/537.36 (KHTML, like Gecko) Chrome/144.0.0.0 Mobile Safari/537.36"
47.31.159.70 - - [27/Feb/2026:07:10:52 -0500] "GET /wp-includes/js/zxcvbn.min.js HTTP/1.1" 200 417329 "http://tejoversea.com/wp-admin/post.php?post=3316&action=edit" "Mozilla/5.0 (Linux; Android 10; K) AppleWebKit/537.36 (KHTML, like Gecko) Chrome/144.0.0.0 Mobile Safari/537.36"
162.213.253.84 - - [27/Feb/2026:07:10:55 -0500] "GET /sliced_invoice/3316-2/?create=pdf&id=3316 HTTP/1.1" 200 5707 "http://tejoversea.com/sliced_invoice/3316-2/?create=pdf&id=3316" "WordPress/6.0.2; http://tejoversea.com"
47.31.159.70 - - [27/Feb/2026:07:10:55 -0500] "GET /sliced_invoice/3316-2/?create=pdf&id=3316&print_pdf=475d308660 HTTP/1.1" 200 57123 "http://tejoversea.com/wp-admin/post.php?post=3316&action=edit" "Mozilla/5.0 (Linux; Android 10; K) AppleWebKit/537.36 (KHTML, like Gecko) Chrome/144.0.0.0 Mobile Safari/537.36"
47.31.159.70 - - [27/Feb/2026:07:10:50 -0500] "GET /wp-includes/js/mediaelement/wp-mediaelement.min.css?ver=6.0.2 HTTP/1.1" 200 1288 "http://tejoversea.com/wp-admin/post.php?post=3316&action=edit&message=6" "Mozilla/5.0 (Linux; Android 10; K) AppleWebKit/537.36 (KHTML, like Gecko) Chrome/144.0.0.0 Mobile Safari/537.36"
47.31.159.70 - - [27/Feb/2026:07:10:51 -0500] "GET /wp-includes/js/wp-emoji-release.min.js?ver=6.0.2 HTTP/1.1" 200 5712 "http://tejoversea.com/wp-admin/post.php?post=3316&action=edit&message=6" "Mozilla/5.0 (Linux; Android 10; K) AppleWebKit/537.36 (KHTML, like Gecko) Chrome/144.0.0.0 Mobile Safari/537.36"
47.31.159.70 - - [27/Feb/2026:07:10:52 -0500] "GET /wp-includes/js/tinymce/skins/lightgray/skin.min.css?wp-mce-49110-20201110 HTTP/1.1" 200 10427 "http://tejoversea.com/wp-admin/post.php?post=3316&action=edit" "Mozilla/5.0 (Linux; Android 10; K) AppleWebKit/537.36 (KHTML, like Gecko) Chrome/144.0.0.0 Mobile Safari/537.36"
47.31.159.70 - - [27/Feb/2026:07:10:52 -0500] "GET /wp-includes/js/tinymce/skins/lightgray/content.min.css?wp-mce-49110-20201110 HTTP/1.1" 200 1436 "http://tejoversea.com/wp-admin/post.php?post=3316&action=edit" "Mozilla/5.0 (Linux; Android 10; K) AppleWebKit/537.36 (KHTML, like Gecko) Chrome/144.0.0.0 Mobile Safari/537.36"
47.31.159.70 - - [27/Feb/2026:07:10:52 -0500] "GET /wp-content/plugins/wordpress-seo/css/dist/inside-editor-1980.css?wp-mce-49110-20201110 HTTP/1.1" 200 106 "http://tejoversea.com/wp-admin/post.php?post=3316&action=edit" "Mozilla/5.0 (Linux; Android 10; K) AppleWebKit/537.36 (KHTML, like Gecko) Chrome/144.0.0.0 Mobile Safari/537.36"
47.31.159.70 - - [27/Feb/2026:07:10:52 -0500] "GET /wp-includes/css/dashicons.min.css?ver=6.0.2&wp-mce-49110-20201110 HTTP/1.1" 200 36064 "http://tejoversea.com/wp-admin/post.php?post=3316&action=edit" "Mozilla/5.0 (Linux; Android 10; K) AppleWebKit/537.36 (KHTML, like Gecko) Chrome/144.0.0.0 Mobile Safari/537.36"
47.31.159.70 - - [27/Feb/2026:07:10:52 -0500] "GET /wp-admin/admin-ajax.php?action=oembed-cache&post=3316 HTTP/1.1" 200 21 "http://tejoversea.com/wp-admin/post.php?post=3316&action=edit" "Mozilla/5.0 (Linux; Android 10; K) AppleWebKit/537.36 (KHTML, like Gecko) Chrome/144.0.0.0 Mobile Safari/537.36"
47.31.159.70 - - [27/Feb/2026:07:11:14 -0500] "POST /wp-admin/admin-ajax.php HTTP/1.1" 200 22 "http://tejoversea.com/wp-admin/post.php?post=3316&action=edit" "Mozilla/5.0 (Linux; Android 10; K) AppleWebKit/537.36 (KHTML, like Gecko) Chrome/144.0.0.0 Mobile Safari/537.36"
47.31.159.70 - - [27/Feb/2026:07:11:37 -0500] "POST /wp-admin/admin-ajax.php HTTP/1.1" 200 98 "http://tejoversea.com/wp-admin/post.php?post=3316&action=edit" "Mozilla/5.0 (Linux; Android 10; K) AppleWebKit/537.36 (KHTML, like Gecko) Chrome/144.0.0.0 Mobile Safari/537.36"
47.31.159.70 - - [27/Feb/2026:07:11:39 -0500] "POST /wp-admin/post.php HTTP/1.1" 302 0 "http://tejoversea.com/wp-admin/post.php?post=3316&action=edit" "Mozilla/5.0 (Linux; Android 10; K) AppleWebKit/537.36 (KHTML, like Gecko) Chrome/144.0.0.0 Mobile Safari/537.36"
47.31.159.70 - - [27/Feb/2026:07:11:44 -0500] "GET /wp-content/plugins/sliced-invoices/admin/css/selectWoo.min.css?ver=3.9.1 HTTP/1.1" 200 2475 "http://tejoversea.com/wp-admin/post.php?post=3316&action=edit&message=1" "Mozilla/5.0 (Linux; Android 10; K) AppleWebKit/537.36 (KHTML, like Gecko) Chrome/144.0.0.0 Mobile Safari/537.36"
47.31.159.70 - - [27/Feb/2026:07:11:44 -0500] "GET /wp-content/plugins/sliced-invoices/includes/vendor/cmb2/css/cmb2.min.css?ver=6.0.2 HTTP/1.1" 200 6656 "http://tejoversea.com/wp-admin/post.php?post=3316&action=edit&message=1" "Mozilla/5.0 (Linux; Android 10; K) AppleWebKit/537.36 (KHTML, like Gecko) Chrome/144.0.0.0 Mobile Safari/537.36"
47.31.159.70 - - [27/Feb/2026:07:11:44 -0500] "GET /wp-includes/css/editor.min.css?ver=6.0.2 HTTP/1.1" 200 7180 "http://tejoversea.com/wp-admin/post.php?post=3316&action=edit&message=1" "Mozilla/5.0 (Linux; Android 10; K) AppleWebKit/537.36 (KHTML, like Gecko) Chrome/144.0.0.0 Mobile Safari/537.36"
47.31.159.70 - - [27/Feb/2026:07:11:07 -0500] "POST /wp-admin/admin-ajax.php HTTP/1.1" 200 98 "http://tejoversea.com/wp-admin/post.php?post=3316&action=edit" "Mozilla/5.0 (Linux; Android 10; K) AppleWebKit/537.36 (KHTML, like Gecko) Chrome/144.0.0.0 Mobile Safari/537.36"
47.31.159.70 - - [27/Feb/2026:07:11:16 -0500] "POST /wp-admin/admin-ajax.php HTTP/1.1" 200 22 "http://tejoversea.com/wp-admin/post.php?post=3316&action=edit" "Mozilla/5.0 (Linux; Android 10; K) AppleWebKit/537.36 (KHTML, like Gecko) Chrome/144.0.0.0 Mobile Safari/537.36"
162.213.253.84 - - [27/Feb/2026:07:11:19 -0500] "POST /wp-cron.php?doing_wp_cron=1772194279.2859499454498291015625 HTTP/1.1" 200 0 "http://tejoversea.com/wp-cron.php?doing_wp_cron=1772194279.2859499454498291015625" "WordPress/6.0.2; http://tejoversea.com"
47.31.159.70 - - [27/Feb/2026:07:11:18 -0500] "POST /wp-admin/admin-ajax.php HTTP/1.1" 200 22 "http://tejoversea.com/wp-admin/post.php?post=3316&action=edit" "Mozilla/5.0 (Linux; Android 10; K) AppleWebKit/537.36 (KHTML, like Gecko) Chrome/144.0.0.0 Mobile Safari/537.36"
162.213.253.84 - - [27/Feb/2026:07:11:19 -0500] "POST /wp-admin/admin-ajax.php?action=async_litespeed&nonce=a4beb27e62&litespeed_type=imgoptm HTTP/1.1" 200 0 "http://tejoversea.com/wp-admin/admin-ajax.php?action=async_litespeed&nonce=a4beb27e62&litespeed_type=imgoptm" "WordPress/6.0.2; http://tejoversea.com"
47.31.159.70 - - [27/Feb/2026:07:11:22 -0500] "POST /wp-admin/admin-ajax.php HTTP/1.1" 200 98 "http://tejoversea.com/wp-admin/post.php?post=3316&action=edit" "Mozilla/5.0 (Linux; Android 10; K) AppleWebKit/537.36 (KHTML, like Gecko) Chrome/144.0.0.0 Mobile Safari/537.36"
47.31.159.70 - - [27/Feb/2026:07:11:24 -0500] "POST /wp-admin/admin-ajax.php HTTP/1.1" 200 21 "http://tejoversea.com/wp-admin/post.php?post=3316&action=edit" "Mozilla/5.0 (Linux; Android 10; K) AppleWebKit/537.36 (KHTML, like Gecko) Chrome/144.0.0.0 Mobile Safari/537.36"
47.31.159.70 - - [27/Feb/2026:07:11:41 -0500] "GET /wp-admin/post.php?post=3316&action=edit&message=1 HTTP/1.1" 200 87514 "http://tejoversea.com/wp-admin/post.php?post=3316&action=edit" "Mozilla/5.0 (Linux; Android 10; K) AppleWebKit/537.36 (KHTML, like Gecko) Chrome/144.0.0.0 Mobile Safari/537.36"
47.31.159.70 - - [27/Feb/2026:07:11:44 -0500] "GET /wp-content/plugins/wordpress-seo/css/dist/metabox-primary-category-1980.css HTTP/1.1" 200 283 "http://tejoversea.com/wp-admin/post.php?post=3316&action=edit&message=1" "Mozilla/5.0 (Linux; Android 10; K) AppleWebKit/537.36 (KHTML, like Gecko) Chrome/144.0.0.0 Mobile Safari/537.36"
47.31.159.70 - - [27/Feb/2026:07:11:45 -0500] "GET /wp-includes/js/mediaelement/mediaelementplayer-legacy.min.css?ver=4.2.16 HTTP/1.1" 200 2967 "http://tejoversea.com/wp-admin/post.php?post=3316&action=edit&message=1" "Mozilla/5.0 (Linux; Android 10; K) AppleWebKit/537.36 (KHTML, like Gecko) Chrome/144.0.0.0 Mobile Safari/537.36"
47.31.159.70 - - [27/Feb/2026:07:11:45 -0500] "GET /wp-includes/js/mediaelement/wp-mediaelement.min.css?ver=6.0.2 HTTP/1.1" 200 1288 "http://tejoversea.com/wp-admin/post.php?post=3316&action=edit&message=1" "Mozilla/5.0 (Linux; Android 10; K) AppleWebKit/537.36 (KHTML, like Gecko) Chrome/144.0.0.0 Mobile Safari/537.36"
47.31.159.70 - - [27/Feb/2026:07:11:45 -0500] "GET /wp-includes/js/imgareaselect/imgareaselect.css?ver=0.9.8 HTTP/1.1" 200 274 "http://tejoversea.com/wp-admin/post.php?post=3316&action=edit&message=1" "Mozilla/5.0 (Linux; Android 10; K) AppleWebKit/537.36 (KHTML, like Gecko) Chrome/144.0.0.0 Mobile Safari/537.36"
47.31.159.70 - - [27/Feb/2026:07:11:45 -0500] "GET /wp-includes/js/wp-emoji-release.min.js?ver=6.0.2 HTTP/1.1" 200 5712 "http://tejoversea.com/wp-admin/post.php?post=3316&action=edit&message=1" "Mozilla/5.0 (Linux; Android 10; K) AppleWebKit/537.36 (KHTML, like Gecko) Chrome/144.0.0.0 Mobile Safari/537.36"
47.31.159.70 - - [27/Feb/2026:07:11:45 -0500] "GET /wp-includes/css/media-views.min.css?ver=6.0.2 HTTP/1.1" 200 10997 "http://tejoversea.com/wp-admin/post.php?post=3316&action=edit&message=1" "Mozilla/5.0 (Linux; Android 10; K) AppleWebKit/537.36 (KHTML, like Gecko) Chrome/144.0.0.0 Mobile Safari/537.36"
47.31.159.70 - - [27/Feb/2026:07:11:45 -0500] "GET /wp-includes/js/tinymce/skins/lightgray/skin.min.css?wp-mce-49110-20201110 HTTP/1.1" 200 10427 "http://tejoversea.com/wp-admin/post.php?post=3316&action=edit" "Mozilla/5.0 (Linux; Android 10; K) AppleWebKit/537.36 (KHTML, like Gecko) Chrome/144.0.0.0 Mobile Safari/537.36"
47.31.159.70 - - [27/Feb/2026:07:11:45 -0500] "GET /wp-includes/css/dashicons.min.css?ver=6.0.2&wp-mce-49110-20201110 HTTP/1.1" 200 36064 "http://tejoversea.com/wp-admin/post.php?post=3316&action=edit" "Mozilla/5.0 (Linux; Android 10; K) AppleWebKit/537.36 (KHTML, like Gecko) Chrome/144.0.0.0 Mobile Safari/537.36"
47.31.159.70 - - [27/Feb/2026:07:11:45 -0500] "GET /wp-includes/js/tinymce/skins/wordpress/wp-content.css?ver=6.0.2&wp-mce-49110-20201110 HTTP/1.1" 200 2900 "http://tejoversea.com/wp-admin/post.php?post=3316&action=edit" "Mozilla/5.0 (Linux; Android 10; K) AppleWebKit/537.36 (KHTML, like Gecko) Chrome/144.0.0.0 Mobile Safari/537.36"
47.31.159.70 - - [27/Feb/2026:07:11:45 -0500] "GET /wp-content/plugins/wordpress-seo/css/dist/inside-editor-1980.css?wp-mce-49110-20201110 HTTP/1.1" 200 106 "http://tejoversea.com/wp-admin/post.php?post=3316&action=edit" "Mozilla/5.0 (Linux; Android 10; K) AppleWebKit/537.36 (KHTML, like Gecko) Chrome/144.0.0.0 Mobile Safari/537.36"
47.31.159.70 - - [27/Feb/2026:07:11:46 -0500] "GET /wp-admin/admin-ajax.php?action=oembed-cache&post=3316 HTTP/1.1" 200 21 "http://tejoversea.com/wp-admin/post.php?post=3316&action=edit" "Mozilla/5.0 (Linux; Android 10; K) AppleWebKit/537.36 (KHTML, like Gecko) Chrome/144.0.0.0 Mobile Safari/537.36"
162.213.253.84 - - [27/Feb/2026:07:11:51 -0500] "GET /sliced_invoice/3316-2/?create=pdf&id=3316 HTTP/1.1" 200 5732 "http://tejoversea.com/sliced_invoice/3316-2/?create=pdf&id=3316" "WordPress/6.0.2; http://tejoversea.com"
47.31.159.70 - - [27/Feb/2026:07:11:50 -0500] "GET /sliced_invoice/3316-2/?create=pdf&id=3316&print_pdf=475d308660 HTTP/1.1" 200 57193 "http://tejoversea.com/wp-admin/post.php?post=3316&action=edit" "Mozilla/5.0 (Linux; Android 10; K) AppleWebKit/537.36 (KHTML, like Gecko) Chrome/144.0.0.0 Mobile Safari/537.36"
162.213.253.84 - - [27/Feb/2026:07:11:56 -0500] "GET /sliced_invoice/3316-2/?create=pdf&id=3316 HTTP/1.1" 200 5732 "http://tejoversea.com/sliced_invoice/3316-2/?create=pdf&id=3316" "WordPress/6.0.2; http://tejoversea.com"
47.31.159.70 - - [27/Feb/2026:07:11:55 -0500] "GET /sliced_invoice/3316-2/?create=pdf&id=3316&print_pdf=475d308660 HTTP/1.1" 200 57193 "-" "Mozilla/5.0 (Linux; Android 10; K) AppleWebKit/537.36 (KHTML, like Gecko) Chrome/144.0.0.0 Mobile Safari/537.36"
47.31.159.70 - - [27/Feb/2026:07:12:02 -0500] "POST /wp-admin/admin-ajax.php HTTP/1.1" 200 98 "http://tejoversea.com/wp-admin/post.php?post=3316&action=edit" "Mozilla/5.0 (Linux; Android 10; K) AppleWebKit/537.36 (KHTML, like Gecko) Chrome/144.0.0.0 Mobile Safari/537.36"
74.7.241.63 - - [27/Feb/2026:07:20:22 -0500] "GET /sitemap_index.xml HTTP/1.1" 200 278 "-" "Mozilla/5.0 AppleWebKit/537.36 (KHTML, like Gecko; compatible; GPTBot/1.3; +https://openai.com/gptbot)"
162.213.253.84 - - [27/Feb/2026:07:20:24 -0500] "POST /wp-admin/admin-ajax.php?action=async_litespeed&nonce=a4beb27e62&litespeed_type=imgoptm HTTP/1.1" 200 0 "http://tejoversea.com/wp-admin/admin-ajax.php?action=async_litespeed&nonce=a4beb27e62&litespeed_type=imgoptm" "WordPress/6.0.2; http://tejoversea.com"
162.213.253.84 - - [27/Feb/2026:07:44:05 -0500] "POST /wp-cron.php?doing_wp_cron=1772196244.8979539871215820312500 HTTP/1.1" 200 0 "http://tejoversea.com/wp-cron.php?doing_wp_cron=1772196244.8979539871215820312500" "WordPress/6.0.2; http://tejoversea.com"
47.31.159.70 - - [27/Feb/2026:07:11:45 -0500] "GET /wp-includes/js/tinymce/skins/lightgray/content.min.css?wp-mce-49110-20201110 HTTP/1.1" 200 1436 "http://tejoversea.com/wp-admin/post.php?post=3316&action=edit" "Mozilla/5.0 (Linux; Android 10; K) AppleWebKit/537.36 (KHTML, like Gecko) Chrome/144.0.0.0 Mobile Safari/537.36"
47.31.159.70 - - [27/Feb/2026:07:11:46 -0500] "GET /wp-includes/js/zxcvbn.min.js HTTP/1.1" 200 417329 "http://tejoversea.com/wp-admin/post.php?post=3316&action=edit" "Mozilla/5.0 (Linux; Android 10; K) AppleWebKit/537.36 (KHTML, like Gecko) Chrome/144.0.0.0 Mobile Safari/537.36"
162.213.253.84 - - [27/Feb/2026:07:12:19 -0500] "POST /wp-cron.php?doing_wp_cron=1772194339.2626669406890869140625 HTTP/1.1" 200 0 "http://tejoversea.com/wp-cron.php?doing_wp_cron=1772194339.2626669406890869140625" "WordPress/6.0.2; http://tejoversea.com"
47.31.159.70 - - [27/Feb/2026:07:12:18 -0500] "POST /wp-admin/admin-ajax.php HTTP/1.1" 200 98 "http://tejoversea.com/wp-admin/post.php?post=3316&action=edit" "Mozilla/5.0 (Linux; Android 10; K) AppleWebKit/537.36 (KHTML, like Gecko) Chrome/144.0.0.0 Mobile Safari/537.36"
162.213.253.84 - - [27/Feb/2026:07:12:19 -0500] "POST /wp-admin/admin-ajax.php?action=async_litespeed&nonce=a4beb27e62&litespeed_type=imgoptm HTTP/1.1" 200 0 "http://tejoversea.com/wp-admin/admin-ajax.php?action=async_litespeed&nonce=a4beb27e62&litespeed_type=imgoptm" "WordPress/6.0.2; http://tejoversea.com"
74.7.241.166 - - [27/Feb/2026:07:20:22 -0500] "GET /robots.txt HTTP/1.1" 200 246 "-" "Mozilla/5.0 (Macintosh; Intel Mac OS X 10_15_7) AppleWebKit/537.36 (KHTML, like Gecko) Chrome/131.0.0.0 Safari/537.36; compatible; OAI-SearchBot/1.3; robots.txt; +https://openai.com/searchbot"
162.213.253.84 - - [27/Feb/2026:07:20:23 -0500] "POST /wp-cron.php?doing_wp_cron=1772194823.5909090042114257812500 HTTP/1.1" 200 0 "http://tejoversea.com/wp-cron.php?doing_wp_cron=1772194823.5909090042114257812500" "WordPress/6.0.2; http://tejoversea.com"
2.58.56.187 - - [27/Feb/2026:07:43:58 -0500] "GET / HTTP/1.1" 200 0 "-" "Mozlila/5.0 (Linux; Android 7.0; SM-G892A Bulid/NRD90M; wv) AppleWebKit/537.36 (KHTML, like Gecko) Version/4.0 Chrome/60.0.3112.107 Moblie Safari/537.36"
2.58.56.187 - - [27/Feb/2026:07:43:58 -0500] "GET /wp-content/themes/seotheme/db.php?u HTTP/1.1" 200 0 "www.google.com" "Mozlila/5.0 (Linux; Android 7.0; SM-G892A Bulid/NRD90M; wv) AppleWebKit/537.36 (KHTML, like Gecko) Version/4.0 Chrome/60.0.3112.107 Moblie Safari/537.36"
2.58.56.187 - - [27/Feb/2026:07:43:58 -0500] "GET /wp-content/plugins/fix/up.php HTTP/1.1" 200 0 "-" "Mozilla/5.0 (Windows NT 10.0; Win64; x64) AppleWebKit/537.36 (KHTML, like Gecko) Chrome/85.0.4183.102 Safari/537.36"
2.58.56.187 - - [27/Feb/2026:07:43:59 -0500] "GET /pnukraiq.php?Fox=d3wL7 HTTP/1.1" 200 0 "www.google.com" "Mozilla/5.0 (Linux; Android 7.0; SM-G892A Bulid/NRD90M; wv) AppleWebKit/537.36 (KHTML, like Gecko) Version/4.0 Chrome/60.0.3112.107 Moblie Safari/537.36"
162.213.253.84 - - [27/Feb/2026:07:44:13 -0500] "POST /wp-admin/admin-ajax.php?action=async_litespeed&nonce=a4beb27e62&litespeed_type=imgoptm HTTP/1.1" 200 0 "http://tejoversea.com/wp-admin/admin-ajax.php?action=async_litespeed&nonce=a4beb27e62&litespeed_type=imgoptm" "WordPress/6.0.2; http://tejoversea.com"
2.58.56.187 - - [27/Feb/2026:07:44:07 -0500] "GET / HTTP/1.1" 200 0 "-" "Mozlila/5.0 (Linux; Android 7.0; SM-G892A Bulid/NRD90M; wv) AppleWebKit/537.36 (KHTML, like Gecko) Version/4.0 Chrome/60.0.3112.107 Moblie Safari/537.36"
2.58.56.187 - - [27/Feb/2026:07:44:07 -0500] "GET /wp-content/plugins/fix/up.php HTTP/1.1" 200 0 "-" "Mozilla/5.0 (Windows NT 10.0; Win64; x64) AppleWebKit/537.36 (KHTML, like Gecko) Chrome/85.0.4183.102 Safari/537.36"
2.58.56.187 - - [27/Feb/2026:07:44:15 -0500] "GET / HTTP/1.1" 200 0 "-" "Mozlila/5.0 (Linux; Android 7.0; SM-G892A Bulid/NRD90M; wv) AppleWebKit/537.36 (KHTML, like Gecko) Version/4.0 Chrome/60.0.3112.107 Moblie Safari/537.36"
2.58.56.187 - - [27/Feb/2026:07:43:58 -0500] "POST /ALFA_DATA/alfacgiapi/perl.alfa HTTP/1.1" 404 28653 "www.google.com" "Mozlila/5.0 (Linux; Android 7.0; SM-G892A Bulid/NRD90M; wv) AppleWebKit/537.36 (KHTML, like Gecko) Version/4.0 Chrome/60.0.3112.107 Moblie Safari/537.36"
2.58.56.187 - - [27/Feb/2026:07:44:07 -0500] "GET /wp-content/themes/seotheme/db.php?u HTTP/1.1" 200 0 "www.google.com" "Mozlila/5.0 (Linux; Android 7.0; SM-G892A Bulid/NRD90M; wv) AppleWebKit/537.36 (KHTML, like Gecko) Version/4.0 Chrome/60.0.3112.107 Moblie Safari/537.36"
2.58.56.187 - - [27/Feb/2026:07:44:07 -0500] "GET /pnukraiq.php?Fox=d3wL7 HTTP/1.1" 200 0 "www.google.com" "Mozilla/5.0 (Linux; Android 7.0; SM-G892A Bulid/NRD90M; wv) AppleWebKit/537.36 (KHTML, like Gecko) Version/4.0 Chrome/60.0.3112.107 Moblie Safari/537.36"
2.58.56.187 - - [27/Feb/2026:07:44:08 -0500] "POST /alfacgiapi/perl.alfa HTTP/1.1" 404 28643 "www.google.com" "Mozlila/5.0 (Linux; Android 7.0; SM-G892A Bulid/NRD90M; wv) AppleWebKit/537.36 (KHTML, like Gecko) Version/4.0 Chrome/60.0.3112.107 Moblie Safari/537.36"
2.58.56.187 - - [27/Feb/2026:07:44:15 -0500] "GET /wp-content/plugins/fix/up.php HTTP/1.1" 200 0 "-" "Mozilla/5.0 (Windows NT 10.0; Win64; x64) AppleWebKit/537.36 (KHTML, like Gecko) Chrome/85.0.4183.102 Safari/537.36"
162.213.253.84 - - [27/Feb/2026:07:44:25 -0500] "POST /wp-cron.php?doing_wp_cron=1772196265.1800808906555175781250 HTTP/1.1" 200 0 "http://tejoversea.com/wp-cron.php?doing_wp_cron=1772196265.1800808906555175781250" "WordPress/6.0.2; http://tejoversea.com"
2.58.56.187 - - [27/Feb/2026:07:44:23 -0500] "GET /wp-content/themes/seotheme/db.php?u HTTP/1.1" 200 0 "www.google.com" "Mozlila/5.0 (Linux; Android 7.0; SM-G892A Bulid/NRD90M; wv) AppleWebKit/537.36 (KHTML, like Gecko) Version/4.0 Chrome/60.0.3112.107 Moblie Safari/537.36"
2.58.56.187 - - [27/Feb/2026:07:44:23 -0500] "GET /wp-content/plugins/fix/up.php HTTP/1.1" 200 0 "-" "Mozilla/5.0 (Windows NT 10.0; Win64; x64) AppleWebKit/537.36 (KHTML, like Gecko) Chrome/85.0.4183.102 Safari/537.36"
2.58.56.187 - - [27/Feb/2026:07:44:23 -0500] "GET /pnukraiq.php?Fox=d3wL7 HTTP/1.1" 200 0 "www.google.com" "Mozilla/5.0 (Linux; Android 7.0; SM-G892A Bulid/NRD90M; wv) AppleWebKit/537.36 (KHTML, like Gecko) Version/4.0 Chrome/60.0.3112.107 Moblie Safari/537.36"
162.213.253.84 - - [27/Feb/2026:07:44:34 -0500] "POST /wp-admin/admin-ajax.php?action=async_litespeed&nonce=a4beb27e62&litespeed_type=imgoptm HTTP/1.1" 200 0 "http://tejoversea.com/wp-admin/admin-ajax.php?action=async_litespeed&nonce=a4beb27e62&litespeed_type=imgoptm" "WordPress/6.0.2; http://tejoversea.com"
2.58.56.187 - - [27/Feb/2026:07:44:31 -0500] "GET / HTTP/1.1" 200 0 "-" "Mozlila/5.0 (Linux; Android 7.0; SM-G892A Bulid/NRD90M; wv) AppleWebKit/537.36 (KHTML, like Gecko) Version/4.0 Chrome/60.0.3112.107 Moblie Safari/537.36"
2.58.56.187 - - [27/Feb/2026:07:44:31 -0500] "GET /wp-content/plugins/fix/up.php HTTP/1.1" 200 0 "-" "Mozilla/5.0 (Windows NT 10.0; Win64; x64) AppleWebKit/537.36 (KHTML, like Gecko) Chrome/85.0.4183.102 Safari/537.36"
2.58.56.187 - - [27/Feb/2026:07:44:31 -0500] "GET /pnukraiq.php?Fox=d3wL7 HTTP/1.1" 200 0 "www.google.com" "Mozilla/5.0 (Linux; Android 7.0; SM-G892A Bulid/NRD90M; wv) AppleWebKit/537.36 (KHTML, like Gecko) Version/4.0 Chrome/60.0.3112.107 Moblie Safari/537.36"
2.58.56.187 - - [27/Feb/2026:07:44:15 -0500] "GET /wp-content/themes/seotheme/db.php?u HTTP/1.1" 200 0 "www.google.com" "Mozlila/5.0 (Linux; Android 7.0; SM-G892A Bulid/NRD90M; wv) AppleWebKit/537.36 (KHTML, like Gecko) Version/4.0 Chrome/60.0.3112.107 Moblie Safari/537.36"
2.58.56.187 - - [27/Feb/2026:07:44:15 -0500] "GET /pnukraiq.php?Fox=d3wL7 HTTP/1.1" 200 0 "www.google.com" "Mozilla/5.0 (Linux; Android 7.0; SM-G892A Bulid/NRD90M; wv) AppleWebKit/537.36 (KHTML, like Gecko) Version/4.0 Chrome/60.0.3112.107 Moblie Safari/537.36"
2.58.56.187 - - [27/Feb/2026:07:44:23 -0500] "GET / HTTP/1.1" 200 0 "-" "Mozlila/5.0 (Linux; Android 7.0; SM-G892A Bulid/NRD90M; wv) AppleWebKit/537.36 (KHTML, like Gecko) Version/4.0 Chrome/60.0.3112.107 Moblie Safari/537.36"
162.213.253.84 - - [27/Feb/2026:07:44:36 -0500] "POST /wp-cron.php?doing_wp_cron=1772196276.5839850902557373046875 HTTP/1.1" 200 0 "http://tejoversea.com/wp-cron.php?doing_wp_cron=1772196276.5839850902557373046875" "WordPress/6.0.2; http://tejoversea.com"
2.58.56.187 - - [27/Feb/2026:07:44:31 -0500] "GET /wp-content/themes/seotheme/db.php?u HTTP/1.1" 200 0 "www.google.com" "Mozlila/5.0 (Linux; Android 7.0; SM-G892A Bulid/NRD90M; wv) AppleWebKit/537.36 (KHTML, like Gecko) Version/4.0 Chrome/60.0.3112.107 Moblie Safari/537.36"
40.77.167.116 - - [27/Feb/2026:08:31:06 -0500] "GET /wp-content/themes/logistek/assets/images/logo-sidebar-dark.png HTTP/1.1" 200 2072 "-" "Mozilla/5.0 AppleWebKit/537.36 (KHTML, like Gecko; compatible; bingbot/2.0; +http://www.bing.com/bingbot.htm) Chrome/116.0.1938.76 Safari/537.36"
162.213.253.84 - - [27/Feb/2026:08:43:16 -0500] "POST /wp-admin/admin-ajax.php?action=async_litespeed&nonce=a4beb27e62&litespeed_type=imgoptm HTTP/1.1" 200 0 "http://tejoversea.com/wp-admin/admin-ajax.php?action=async_litespeed&nonce=a4beb27e62&litespeed_type=imgoptm" "WordPress/6.0.2; http://tejoversea.com"
162.213.253.84 - - [27/Feb/2026:08:44:55 -0500] "POST /wp-cron.php?doing_wp_cron=1772199895.0992770195007324218750 HTTP/1.1" 200 0 "http://tejoversea.com/wp-cron.php?doing_wp_cron=1772199895.0992770195007324218750" "WordPress/6.0.2; http://tejoversea.com"
17.241.219.161 - - [27/Feb/2026:08:44:54 -0500] "GET /feed/ HTTP/1.1" 200 625 "-" "Mozilla/5.0 (Macintosh; Intel Mac OS X 10_15_7) AppleWebKit/605.1.15 (KHTML, like Gecko) Version/17.4 Safari/605.1.15 (Applebot/0.1; +http://www.apple.com/go/applebot)"
162.213.253.84 - - [27/Feb/2026:08:44:55 -0500] "POST /wp-admin/admin-ajax.php?action=async_litespeed&nonce=a4beb27e62&litespeed_type=imgoptm HTTP/1.1" 200 0 "http://tejoversea.com/wp-admin/admin-ajax.php?action=async_litespeed&nonce=a4beb27e62&litespeed_type=imgoptm" "WordPress/6.0.2; http://tejoversea.com"
49.7.227.204 - - [27/Feb/2026:08:46:53 -0500] "GET / HTTP/1.1" 200 19174 "-" "Mozilla/5.0 (iPhone; CPU iPhone OS 13_2_3 like Mac OS X) AppleWebKit/605.1.15 (KHTML, like Gecko) Version/13.0.3 Mobile/15E148 Safari/604.1"
209.141.61.242 - - [27/Feb/2026:08:47:59 -0500] "GET /wp-login.php HTTP/1.1" 200 6486 "-" "Mozilla/5.0 (Windows NT 6.1) AppleWebKit/537.36 (KHTML, like Gecko) Chrome/35.0.1916.153 Safari/537.36"
162.213.253.84 - - [27/Feb/2026:08:48:00 -0500] "POST /wp-cron.php?doing_wp_cron=1772200080.5142250061035156250000 HTTP/1.1" 200 0 "http://tejoversea.com/wp-cron.php?doing_wp_cron=1772200080.5142250061035156250000" "WordPress/6.0.2; http://tejoversea.com"
162.213.253.84 - - [27/Feb/2026:08:48:01 -0500] "POST /wp-admin/admin-ajax.php?action=async_litespeed&nonce=a4beb27e62&litespeed_type=imgoptm HTTP/1.1" 200 0 "http://tejoversea.com/wp-admin/admin-ajax.php?action=async_litespeed&nonce=a4beb27e62&litespeed_type=imgoptm" "WordPress/6.0.2; http://tejoversea.com"
162.213.253.84 - - [27/Feb/2026:08:43:16 -0500] "POST /wp-cron.php?doing_wp_cron=1772199796.1963090896606445312500 HTTP/1.1" 200 0 "http://tejoversea.com/wp-cron.php?doing_wp_cron=1772199796.1963090896606445312500" "WordPress/6.0.2; http://tejoversea.com"
125.27.33.83 - - [27/Feb/2026:08:43:15 -0500] "GET /wp-json/wp/v2/posts HTTP/1.1" 200 2 "-" "Mozilla/5.0 (Windows NT 10.0; Win64; x64) AppleWebKit/537.36 (KHTML, like Gecko) Chrome/120.0.0.0 Safari/537.36"
17.241.219.161 - - [27/Feb/2026:08:44:54 -0500] "GET /robots.txt HTTP/1.1" 200 281 "-" "Mozilla/5.0 (Macintosh; Intel Mac OS X 10_15_7) AppleWebKit/605.1.15 (KHTML, like Gecko) Version/17.4 Safari/605.1.15 (Applebot/0.1; +http://www.apple.com/go/applebot)"
162.213.253.84 - - [27/Feb/2026:08:46:54 -0500] "POST /wp-cron.php?doing_wp_cron=1772200014.1158230304718017578125 HTTP/1.1" 200 0 "http://tejoversea.com/wp-cron.php?doing_wp_cron=1772200014.1158230304718017578125" "WordPress/6.0.2; http://tejoversea.com"
162.213.253.84 - - [27/Feb/2026:08:46:54 -0500] "POST /wp-admin/admin-ajax.php?action=async_litespeed&nonce=a4beb27e62&litespeed_type=imgoptm HTTP/1.1" 200 0 "http://tejoversea.com/wp-admin/admin-ajax.php?action=async_litespeed&nonce=a4beb27e62&litespeed_type=imgoptm" "WordPress/6.0.2; http://tejoversea.com"
209.141.61.242 - - [27/Feb/2026:08:47:59 -0500] "POST /wp-login.php HTTP/1.1" 200 6679 "-" "Mozilla/5.0 (Windows NT 6.1) AppleWebKit/537.36 (KHTML, like Gecko) Chrome/35.0.1916.153 Safari/537.36"
43.157.175.122 - - [27/Feb/2026:09:04:29 -0500] "GET / HTTP/1.1" 200 19174 "-" "Mozilla/5.0 (iPhone; CPU iPhone OS 13_2_3 like Mac OS X) AppleWebKit/605.1.15 (KHTML, like Gecko) Version/13.0.3 Mobile/15E148 Safari/604.1"
185.92.25.44 - - [27/Feb/2026:09:19:17 -0500] "GET /bless.php HTTP/1.1" 404 28704 "-" "Mozilla/5.0 (Windows NT 10.0; Win64; x64; rv:72.0) Gecko/20100101 Firefox/72.0"
162.213.253.84 - - [27/Feb/2026:09:19:18 -0500] "POST /wp-admin/admin-ajax.php?action=async_litespeed&nonce=a4beb27e62&litespeed_type=imgoptm HTTP/1.1" 200 0 "http://tejoversea.com/wp-admin/admin-ajax.php?action=async_litespeed&nonce=a4beb27e62&litespeed_type=imgoptm" "WordPress/6.0.2; http://tejoversea.com"
185.92.25.44 - - [27/Feb/2026:09:19:21 -0500] "GET /zwso.php HTTP/1.1" 404 28703 "-" "Mozilla/5.0 (Macintosh; Intel Mac OS X 10_12_6) AppleWebKit/537.36 (KHTML, like Gecko) Chrome/58.0.3029.110 Safari/537.3"
185.92.25.44 - - [27/Feb/2026:09:19:22 -0500] "GET /chosen.php HTTP/1.1" 404 28705 "-" "Mozilla/5.0 (Windows NT 10.0; Win64; x64) AppleWebKit/537.36 (KHTML, like Gecko) Chrome/77.0.3865.90 Safari/537.36"
185.92.25.44 - - [27/Feb/2026:09:19:23 -0500] "GET /about.php HTTP/1.1" 404 28704 "-" "Mozilla/5.0 (Windows NT 10.0; Win64; x64) AppleWebKit/537.36 (KHTML, like Gecko) Chrome/58.0.3029.110 Safari/537.3"
185.92.25.44 - - [27/Feb/2026:09:19:24 -0500] "GET /admin.php HTTP/1.1" 404 28704 "-" "Mozilla/5.0 (Windows NT 6.1; Win64; x64) AppleWebKit/537.36 (KHTML, like Gecko) Chrome/79.0.3945.130 Safari/537.36"
185.92.25.44 - - [27/Feb/2026:09:19:25 -0500] "GET /.well-known/login.php HTTP/1.1" 404 28716 "-" "Mozilla/5.0 (X11; Linux x86_64) AppleWebKit/537.36 (KHTML, like Gecko) Chrome/84.0.4147.105 Safari/537.36"
185.92.25.44 - - [27/Feb/2026:09:19:26 -0500] "GET /mah.php HTTP/1.1" 404 28702 "-" "Mozilla/5.0 (Windows NT 10.0; Win64; x64; rv:74.0) Gecko/20100101 Firefox/74.0"
185.92.25.44 - - [27/Feb/2026:09:19:27 -0500] "GET /.wp/wso.php HTTP/1.1" 404 28706 "-" "Mozilla/5.0 (Windows NT 10.0; Win64; x64) AppleWebKit/537.36 (KHTML, like Gecko) Chrome/58.0.3029.110 Safari/537.3"
185.92.25.44 - - [27/Feb/2026:09:19:29 -0500] "GET /robots.php HTTP/1.1" 404 28705 "-" "Mozilla/5.0 (Windows NT 10.0; Win64; x64; rv:72.0) Gecko/20100101 Firefox/72.0"
185.92.25.44 - - [27/Feb/2026:09:19:31 -0500] "GET /mini.php HTTP/1.1" 404 28703 "-" "Mozilla/5.0 (Windows NT 10.0; Win64; x64; rv:77.0) Gecko/20100101 Firefox/77.0"
185.92.25.44 - - [27/Feb/2026:09:19:32 -0500] "GET /goods.php HTTP/1.1" 404 28704 "-" "Mozilla/5.0 (Windows NT 10.0; Win64; x64; rv:66.0) Gecko/20100101 Firefox/66.0"
185.92.25.44 - - [27/Feb/2026:09:19:34 -0500] "GET /ahax.php HTTP/1.1" 404 28703 "-" "Mozilla/5.0 (X11; Fedora; Linux x86_64; rv:79.0) Gecko/20100101 Firefox/79.0"
185.92.25.44 - - [27/Feb/2026:09:19:35 -0500] "GET /f35.php HTTP/1.1" 404 28702 "-" "Mozilla/5.0 (Windows NT 10.0; WOW64) AppleWebKit/537.36 (KHTML, like Gecko) Chrome/72.0.3626.121 Safari/537.36"
185.92.25.44 - - [27/Feb/2026:09:19:36 -0500] "GET /simple.php HTTP/1.1" 404 28705 "-" "Mozilla/5.0 (Windows NT 10.0; Win64; x64) AppleWebKit/537.36 (KHTML, like Gecko) Chrome/83.0.4103.61 Safari/537.36"
185.92.25.44 - - [27/Feb/2026:09:19:37 -0500] "GET /update/f35.php HTTP/1.1" 404 28709 "-" "Mozilla/5.0 (Windows NT 10.0; Win64; x64) AppleWebKit/537.36 (KHTML, like Gecko) Chrome/70.0.3538.77 Safari/537.36"
185.92.25.44 - - [27/Feb/2026:09:19:38 -0500] "GET /wp-content/hello.php HTTP/1.1" 404 28715 "-" "Mozilla/5.0 (Windows NT 10.0; Win64; x64) AppleWebKit/537.36 (KHTML, like Gecko) Chrome/79.0.3945.79 Safari/537.36"
