111.32.201.38 - - [27/Feb/2026:12:20:21 -0500] "GET /wp-content/plugins/elementskit-lite/widgets/init/assets/js/animate-circle.min.js?ver=3.5.0 HTTP/1.1" 200 393 "https://www.middleeastoday.com/international-reports-real-estate-key-driver-of-uae-economic-growth/" "Mozilla/5.0 (Windows NT 10.0; Win64; x64) AppleWebKit/537.36 (KHTML, like Gecko) Chrome/139.0.0.0 Safari/537.36"
111.32.201.38 - - [27/Feb/2026:12:20:21 -0500] "GET /wp-content/plugins/elementskit-lite/widgets/init/assets/js/elementor.js?ver=3.5.0 HTTP/1.1" 200 5290 "https://www.middleeastoday.com/international-reports-real-estate-key-driver-of-uae-economic-growth/" "Mozilla/5.0 (Windows NT 10.0; Win64; x64) AppleWebKit/537.36 (KHTML, like Gecko) Chrome/139.0.0.0 Safari/537.36"
162.213.253.84 - - [27/Feb/2026:12:20:22 -0500] "POST /wp-cron.php?doing_wp_cron=1772212822.0194489955902099609375 HTTP/1.1" 200 0 "-" "WordPress/6.8.1; https://www.middleeastoday.com"
111.32.201.38 - - [27/Feb/2026:12:20:22 -0500] "GET /wp-content/themes/digiqole/assets/js/all.js?ver=1 HTTP/1.1" 200 35800 "https://www.middleeastoday.com/international-reports-real-estate-key-driver-of-uae-economic-growth/" "Mozilla/5.0 (Windows NT 10.0; Win64; x64) AppleWebKit/537.36 (KHTML, like Gecko) Chrome/139.0.0.0 Safari/537.36"
13.70.40.215 - - [27/Feb/2026:12:20:22 -0500] "GET /inputs.php HTTP/1.1" 301 0 "-" "Mozilla/5.0 (Windows NT 10.0; Win64; x64) AppleWebKit/537.36 (KHTML, like Gecko) Chrome/120.0.0.0 Safari/537.36"
162.213.253.84 - - [27/Feb/2026:12:20:23 -0500] "POST /wp-admin/admin-ajax.php?action=async_litespeed&nonce=OEsN3GbYdMlOeAdHkMGRbqzmh2m6IRyG&litespeed_type=imgoptm HTTP/1.1" 200 21 "-" "WordPress/6.8.1; https://www.middleeastoday.com"
162.213.253.84 - - [27/Feb/2026:12:20:24 -0500] "POST /wp-cron.php?doing_wp_cron=1772212824.6326169967651367187500 HTTP/1.1" 200 0 "-" "WordPress/6.8.1; https://www.middleeastoday.com"
13.70.40.215 - - [27/Feb/2026:12:20:24 -0500] "GET /function/function.php HTTP/1.1" 301 0 "-" "Mozilla/5.0 (Windows NT 10.0; Win64; x64) AppleWebKit/537.36 (KHTML, like Gecko) Chrome/120.0.0.0 Safari/537.36"
13.70.40.215 - - [27/Feb/2026:12:20:25 -0500] "GET /admin.php HTTP/1.1" 301 0 "-" "Mozilla/5.0 (Windows NT 10.0; Win64; x64) AppleWebKit/537.36 (KHTML, like Gecko) Chrome/120.0.0.0 Safari/537.36"
13.70.40.215 - - [27/Feb/2026:12:20:27 -0500] "GET /cache.php HTTP/1.1" 301 0 "-" "Mozilla/5.0 (Windows NT 10.0; Win64; x64) AppleWebKit/537.36 (KHTML, like Gecko) Chrome/120.0.0.0 Safari/537.36"
111.32.201.38 - - [27/Feb/2026:12:20:19 -0500] "GET /wp-content/themes/digiqole/assets/js/fontfaceobserver.js?ver=1 HTTP/1.1" 200 2024 "https://www.middleeastoday.com/international-reports-real-estate-key-driver-of-uae-economic-growth/" "Mozilla/5.0 (Windows NT 10.0; Win64; x64) AppleWebKit/537.36 (KHTML, like Gecko) Chrome/139.0.0.0 Safari/537.36"
111.32.201.38 - - [27/Feb/2026:12:20:20 -0500] "GET /wp-content/plugins/elementor-1/assets/js/frontend-modules.min.js?ver=3.21.1 HTTP/1.1" 200 17087 "https://www.middleeastoday.com/international-reports-real-estate-key-driver-of-uae-economic-growth/" "Mozilla/5.0 (Windows NT 10.0; Win64; x64) AppleWebKit/537.36 (KHTML, like Gecko) Chrome/139.0.0.0 Safari/537.36"
111.32.201.38 - - [27/Feb/2026:12:20:20 -0500] "GET /wp-includes/js/jquery/ui/core.min.js?ver=1.13.3 HTTP/1.1" 200 6812 "https://www.middleeastoday.com/international-reports-real-estate-key-driver-of-uae-economic-growth/" "Mozilla/5.0 (Windows NT 10.0; Win64; x64) AppleWebKit/537.36 (KHTML, like Gecko) Chrome/139.0.0.0 Safari/537.36"
111.32.201.38 - - [27/Feb/2026:12:20:21 -0500] "GET /wp-content/plugins/elementor-1/assets/js/frontend.min.js?ver=3.21.1 HTTP/1.1" 200 11814 "https://www.middleeastoday.com/international-reports-real-estate-key-driver-of-uae-economic-growth/" "Mozilla/5.0 (Windows NT 10.0; Win64; x64) AppleWebKit/537.36 (KHTML, like Gecko) Chrome/139.0.0.0 Safari/537.36"
111.32.201.38 - - [27/Feb/2026:12:20:21 -0500] "GET /wp-content/plugins/elementor-pro/assets/js/elements-handlers.min.js?ver=3.6.5 HTTP/1.1" 200 5254 "https://www.middleeastoday.com/international-reports-real-estate-key-driver-of-uae-economic-growth/" "Mozilla/5.0 (Windows NT 10.0; Win64; x64) AppleWebKit/537.36 (KHTML, like Gecko) Chrome/139.0.0.0 Safari/537.36"
111.32.201.38 - - [27/Feb/2026:12:20:21 -0500] "GET /wp-content/themes/digiqole/assets/js/elementor.js?ver=2.1.1 HTTP/1.1" 200 2472 "https://www.middleeastoday.com/international-reports-real-estate-key-driver-of-uae-economic-growth/" "Mozilla/5.0 (Windows NT 10.0; Win64; x64) AppleWebKit/537.36 (KHTML, like Gecko) Chrome/139.0.0.0 Safari/537.36"
13.70.40.215 - - [27/Feb/2026:12:20:21 -0500] "GET /wk/index.php HTTP/1.1" 301 0 "-" "Mozilla/5.0 (Windows NT 10.0; Win64; x64) AppleWebKit/537.36 (KHTML, like Gecko) Chrome/120.0.0.0 Safari/537.36"
13.70.40.215 - - [27/Feb/2026:12:20:23 -0500] "GET /ioxi-o.php HTTP/1.1" 301 0 "-" "Mozilla/5.0 (Windows NT 10.0; Win64; x64) AppleWebKit/537.36 (KHTML, like Gecko) Chrome/120.0.0.0 Safari/537.36"
13.70.40.215 - - [27/Feb/2026:12:20:24 -0500] "GET /rip.php HTTP/1.1" 301 0 "-" "Mozilla/5.0 (Windows NT 10.0; Win64; x64) AppleWebKit/537.36 (KHTML, like Gecko) Chrome/120.0.0.0 Safari/537.36"
13.70.40.215 - - [27/Feb/2026:12:20:26 -0500] "GET /wp-content/uploads/index.php HTTP/1.1" 301 0 "-" "Mozilla/5.0 (Windows NT 10.0; Win64; x64) AppleWebKit/537.36 (KHTML, like Gecko) Chrome/120.0.0.0 Safari/537.36"
13.70.40.215 - - [27/Feb/2026:12:20:30 -0500] "GET /index/function.php HTTP/1.1" 301 0 "-" "Mozilla/5.0 (Windows NT 10.0; Win64; x64) AppleWebKit/537.36 (KHTML, like Gecko) Chrome/120.0.0.0 Safari/537.36"
13.70.40.215 - - [27/Feb/2026:12:20:30 -0500] "GET /randkeyword.PhP7 HTTP/1.1" 301 0 "-" "Mozilla/5.0 (Windows NT 10.0; Win64; x64) AppleWebKit/537.36 (KHTML, like Gecko) Chrome/120.0.0.0 Safari/537.36"
13.70.40.215 - - [27/Feb/2026:12:20:31 -0500] "GET /ws.php HTTP/1.1" 301 0 "-" "Mozilla/5.0 (Windows NT 10.0; Win64; x64) AppleWebKit/537.36 (KHTML, like Gecko) Chrome/120.0.0.0 Safari/537.36"
13.70.40.215 - - [27/Feb/2026:12:20:33 -0500] "GET /wp-admin/user/index.php HTTP/1.1" 302 0 "-" "Mozilla/5.0 (Windows NT 10.0; Win64; x64) AppleWebKit/537.36 (KHTML, like Gecko) Chrome/120.0.0.0 Safari/537.36"
13.70.40.215 - - [27/Feb/2026:12:20:34 -0500] "GET /wp-conf.php HTTP/1.1" 301 0 "-" "Mozilla/5.0 (Windows NT 10.0; Win64; x64) AppleWebKit/537.36 (KHTML, like Gecko) Chrome/120.0.0.0 Safari/537.36"
13.70.40.215 - - [27/Feb/2026:12:20:28 -0500] "GET /themes.php HTTP/1.1" 301 0 "-" "Mozilla/5.0 (Windows NT 10.0; Win64; x64) AppleWebKit/537.36 (KHTML, like Gecko) Chrome/120.0.0.0 Safari/537.36"
13.70.40.215 - - [27/Feb/2026:12:20:29 -0500] "GET /an.php HTTP/1.1" 301 0 "-" "Mozilla/5.0 (Windows NT 10.0; Win64; x64) AppleWebKit/537.36 (KHTML, like Gecko) Chrome/120.0.0.0 Safari/537.36"
13.70.40.215 - - [27/Feb/2026:12:20:32 -0500] "GET /404.php HTTP/1.1" 301 0 "-" "Mozilla/5.0 (Windows NT 10.0; Win64; x64) AppleWebKit/537.36 (KHTML, like Gecko) Chrome/120.0.0.0 Safari/537.36"
13.70.40.215 - - [27/Feb/2026:12:20:36 -0500] "GET /abc.php HTTP/1.1" 301 0 "-" "Mozilla/5.0 (Windows NT 10.0; Win64; x64) AppleWebKit/537.36 (KHTML, like Gecko) Chrome/120.0.0.0 Safari/537.36"
13.70.40.215 - - [27/Feb/2026:12:20:37 -0500] "GET /abcd.php HTTP/1.1" 301 0 "-" "Mozilla/5.0 (Windows NT 10.0; Win64; x64) AppleWebKit/537.36 (KHTML, like Gecko) Chrome/120.0.0.0 Safari/537.36"
13.70.40.215 - - [27/Feb/2026:12:20:39 -0500] "GET /about.php HTTP/1.1" 301 0 "-" "Mozilla/5.0 (Windows NT 10.0; Win64; x64) AppleWebKit/537.36 (KHTML, like Gecko) Chrome/120.0.0.0 Safari/537.36"
217.182.79.131 - - [27/Feb/2026:12:20:42 -0500] "GET /mohamed-bin-zayed-sultan-of-oman-exchange-eid-al-fitr-greetings/ HTTP/1.1" 200 20132 "-" "Mozilla/5.0 (Windows NT 10.0; Win64; x64) AppleWebKit/537.36 (KHTML, like Gecko) Chrome/139.0.0.0 Safari/537.36"
13.70.40.215 - - [27/Feb/2026:12:20:42 -0500] "GET /wp-good.php HTTP/1.1" 301 0 "-" "Mozilla/5.0 (Windows NT 10.0; Win64; x64) AppleWebKit/537.36 (KHTML, like Gecko) Chrome/120.0.0.0 Safari/537.36"
57.129.69.52 - - [27/Feb/2026:12:20:43 -0500] "GET /wp-content/uploads/2022/04/Mohamed-bin-Zayed-5-850x560.jpg HTTP/1.1" 200 52193 "-" "Mozilla/5.0 (Windows NT 10.0; Win64; x64) AppleWebKit/537.36 (KHTML, like Gecko) Chrome/139.0.0.0 Safari/537.36"
13.70.40.215 - - [27/Feb/2026:12:20:43 -0500] "GET /goods.php HTTP/1.1" 301 0 "-" "Mozilla/5.0 (Windows NT 10.0; Win64; x64) AppleWebKit/537.36 (KHTML, like Gecko) Chrome/120.0.0.0 Safari/537.36"
13.70.40.215 - - [27/Feb/2026:12:20:44 -0500] "GET /class-t.api.php HTTP/1.1" 301 0 "-" "Mozilla/5.0 (Windows NT 10.0; Win64; x64) AppleWebKit/537.36 (KHTML, like Gecko) Chrome/120.0.0.0 Safari/537.36"
13.70.40.215 - - [27/Feb/2026:12:20:45 -0500] "GET /sf.php HTTP/1.1" 301 0 "-" "Mozilla/5.0 (Windows NT 10.0; Win64; x64) AppleWebKit/537.36 (KHTML, like Gecko) Chrome/120.0.0.0 Safari/537.36"
13.70.40.215 - - [27/Feb/2026:12:20:47 -0500] "GET /classwithtostring.php HTTP/1.1" 301 0 "-" "Mozilla/5.0 (Windows NT 10.0; Win64; x64) AppleWebKit/537.36 (KHTML, like Gecko) Chrome/120.0.0.0 Safari/537.36"
13.70.40.215 - - [27/Feb/2026:12:20:48 -0500] "GET /defaults.php HTTP/1.1" 301 0 "-" "Mozilla/5.0 (Windows NT 10.0; Win64; x64) AppleWebKit/537.36 (KHTML, like Gecko) Chrome/120.0.0.0 Safari/537.36"
13.70.40.215 - - [27/Feb/2026:12:20:49 -0500] "GET /wp-includes/ HTTP/1.1" 403 1242 "-" "Mozilla/5.0 (Windows NT 10.0; Win64; x64) AppleWebKit/537.36 (KHTML, like Gecko) Chrome/120.0.0.0 Safari/537.36"
13.70.40.215 - - [27/Feb/2026:12:20:49 -0500] "GET /.well-known/ HTTP/1.1" 403 1242 "-" "Mozilla/5.0 (Windows NT 10.0; Win64; x64) AppleWebKit/537.36 (KHTML, like Gecko) Chrome/120.0.0.0 Safari/537.36"
13.70.40.215 - - [27/Feb/2026:12:20:50 -0500] "GET /cgi-bin/ HTTP/1.1" 404 1251 "-" "Mozilla/5.0 (Windows NT 10.0; Win64; x64) AppleWebKit/537.36 (KHTML, like Gecko) Chrome/120.0.0.0 Safari/537.36"
13.70.40.215 - - [27/Feb/2026:12:20:50 -0500] "GET /uploads/ HTTP/1.1" 301 0 "-" "Mozilla/5.0 (Windows NT 10.0; Win64; x64) AppleWebKit/537.36 (KHTML, like Gecko) Chrome/120.0.0.0 Safari/537.36"
13.70.40.215 - - [27/Feb/2026:12:20:51 -0500] "GET /wp-admin/images/ HTTP/1.1" 403 1242 "-" "Mozilla/5.0 (Windows NT 10.0; Win64; x64) AppleWebKit/537.36 (KHTML, like Gecko) Chrome/120.0.0.0 Safari/537.36"
13.70.40.215 - - [27/Feb/2026:12:20:35 -0500] "GET /wp-content/themes/hideo/network.php HTTP/1.1" 301 0 "-" "Mozilla/5.0 (Windows NT 10.0; Win64; x64) AppleWebKit/537.36 (KHTML, like Gecko) Chrome/120.0.0.0 Safari/537.36"
13.70.40.215 - - [27/Feb/2026:12:20:36 -0500] "GET /wp-login.php HTTP/1.1" 200 1792 "-" "Mozilla/5.0 (Windows NT 10.0; Win64; x64) AppleWebKit/537.36 (KHTML, like Gecko) Chrome/120.0.0.0 Safari/537.36"
13.70.40.215 - - [27/Feb/2026:12:20:38 -0500] "GET /as.php HTTP/1.1" 301 0 "-" "Mozilla/5.0 (Windows NT 10.0; Win64; x64) AppleWebKit/537.36 (KHTML, like Gecko) Chrome/120.0.0.0 Safari/537.36"
13.70.40.215 - - [27/Feb/2026:12:20:38 -0500] "GET /wp-trackback.php HTTP/1.1" 404 91 "-" "Mozilla/5.0 (Windows NT 10.0; Win64; x64) AppleWebKit/537.36 (KHTML, like Gecko) Chrome/120.0.0.0 Safari/537.36"
13.70.40.215 - - [27/Feb/2026:12:20:40 -0500] "GET /file.php HTTP/1.1" 301 0 "-" "Mozilla/5.0 (Windows NT 10.0; Win64; x64) AppleWebKit/537.36 (KHTML, like Gecko) Chrome/120.0.0.0 Safari/537.36"
13.70.40.215 - - [27/Feb/2026:12:20:41 -0500] "GET /adminfuns.php HTTP/1.1" 301 0 "-" "Mozilla/5.0 (Windows NT 10.0; Win64; x64) AppleWebKit/537.36 (KHTML, like Gecko) Chrome/120.0.0.0 Safari/537.36"
13.70.40.215 - - [27/Feb/2026:12:20:45 -0500] "GET /kbfr.php HTTP/1.1" 301 0 "-" "Mozilla/5.0 (Windows NT 10.0; Win64; x64) AppleWebKit/537.36 (KHTML, like Gecko) Chrome/120.0.0.0 Safari/537.36"
13.70.40.215 - - [27/Feb/2026:12:20:46 -0500] "GET /autoload_classmap.php HTTP/1.1" 301 0 "-" "Mozilla/5.0 (Windows NT 10.0; Win64; x64) AppleWebKit/537.36 (KHTML, like Gecko) Chrome/120.0.0.0 Safari/537.36"
13.70.40.215 - - [27/Feb/2026:12:20:47 -0500] "GET /chosen.php?p= HTTP/1.1" 301 0 "-" "Mozilla/5.0 (Windows NT 10.0; Win64; x64) AppleWebKit/537.36 (KHTML, like Gecko) Chrome/120.0.0.0 Safari/537.36"
13.70.40.215 - - [27/Feb/2026:12:20:49 -0500] "GET /info.php HTTP/1.1" 301 0 "-" "Mozilla/5.0 (Windows NT 10.0; Win64; x64) AppleWebKit/537.36 (KHTML, like Gecko) Chrome/120.0.0.0 Safari/537.36"
13.70.40.215 - - [27/Feb/2026:12:20:53 -0500] "GET /wp-content/uploads/ HTTP/1.1" 403 1242 "-" "Mozilla/5.0 (Windows NT 10.0; Win64; x64) AppleWebKit/537.36 (KHTML, like Gecko) Chrome/120.0.0.0 Safari/537.36"
13.70.40.215 - - [27/Feb/2026:12:20:54 -0500] "GET /wp-content/themes/index.php HTTP/1.1" 200 0 "-" "Mozilla/5.0 (Windows NT 10.0; Win64; x64) AppleWebKit/537.36 (KHTML, like Gecko) Chrome/120.0.0.0 Safari/537.36"
13.70.40.215 - - [27/Feb/2026:12:20:54 -0500] "GET /wp-content/plugins/index.php HTTP/1.1" 200 0 "-" "Mozilla/5.0 (Windows NT 10.0; Win64; x64) AppleWebKit/537.36 (KHTML, like Gecko) Chrome/120.0.0.0 Safari/537.36"
13.70.40.215 - - [27/Feb/2026:12:20:55 -0500] "GET /wp-includes/images/ HTTP/1.1" 403 1242 "-" "Mozilla/5.0 (Windows NT 10.0; Win64; x64) AppleWebKit/537.36 (KHTML, like Gecko) Chrome/120.0.0.0 Safari/537.36"
13.70.40.215 - - [27/Feb/2026:12:20:56 -0500] "GET /wp-content/plugins/WordPressCore/ HTTP/1.1" 301 0 "-" "Mozilla/5.0 (Windows NT 10.0; Win64; x64) AppleWebKit/537.36 (KHTML, like Gecko) Chrome/120.0.0.0 Safari/537.36"
162.213.253.84 - - [27/Feb/2026:12:21:41 -0500] "POST /wp-cron.php?doing_wp_cron=1772212901.5469520092010498046875 HTTP/1.1" 200 0 "-" "WordPress/6.8.1; https://www.middleeastoday.com"
13.70.40.215 - - [27/Feb/2026:12:20:51 -0500] "GET /wp-includes/Requests/src/Response/about.php HTTP/1.1" 301 0 "-" "Mozilla/5.0 (Windows NT 10.0; Win64; x64) AppleWebKit/537.36 (KHTML, like Gecko) Chrome/120.0.0.0 Safari/537.36"
13.70.40.215 - - [27/Feb/2026:12:20:52 -0500] "GET /wp-includes/html-api/ HTTP/1.1" 403 1242 "-" "Mozilla/5.0 (Windows NT 10.0; Win64; x64) AppleWebKit/537.36 (KHTML, like Gecko) Chrome/120.0.0.0 Safari/537.36"
13.70.40.215 - - [27/Feb/2026:12:20:52 -0500] "GET /wp-content/admin.php HTTP/1.1" 301 0 "-" "Mozilla/5.0 (Windows NT 10.0; Win64; x64) AppleWebKit/537.36 (KHTML, like Gecko) Chrome/120.0.0.0 Safari/537.36"
13.70.40.215 - - [27/Feb/2026:12:20:53 -0500] "GET /wp-admin/css/colors/ectoplasm/ HTTP/1.1" 403 1242 "-" "Mozilla/5.0 (Windows NT 10.0; Win64; x64) AppleWebKit/537.36 (KHTML, like Gecko) Chrome/120.0.0.0 Safari/537.36"
13.70.40.215 - - [27/Feb/2026:12:20:53 -0500] "GET /wp-content/themes/admin.php HTTP/1.1" 301 0 "-" "Mozilla/5.0 (Windows NT 10.0; Win64; x64) AppleWebKit/537.36 (KHTML, like Gecko) Chrome/120.0.0.0 Safari/537.36"
13.70.40.215 - - [27/Feb/2026:12:20:54 -0500] "GET /wp-includes/PHPMailer/ HTTP/1.1" 403 1242 "-" "Mozilla/5.0 (Windows NT 10.0; Win64; x64) AppleWebKit/537.36 (KHTML, like Gecko) Chrome/120.0.0.0 Safari/537.36"
51.38.115.13 - - [27/Feb/2026:12:21:14 -0500] "GET /uae-takes-part-at-iaeas-first-international-conference-on-nuclear-law/ HTTP/1.1" 200 21494 "-" "Mozilla/5.0 (Windows NT 10.0; Win64; x64) AppleWebKit/537.36 (KHTML, like Gecko) Chrome/139.0.0.0 Safari/537.36"
114.119.132.207 - - [27/Feb/2026:12:21:41 -0500] "GET /category/national-news/page/14/ HTTP/1.1" 200 23773 "https://www.middleeastoday.com/category/national-news/page/15" "Mozilla/5.0 (Linux; Android 7.0;) AppleWebKit/537.36 (KHTML, like Gecko) Mobile Safari/537.36 (compatible; PetalBot;+https://webmaster.petalsearch.com/site/petalbot)"
162.213.253.84 - - [27/Feb/2026:12:21:42 -0500] "POST /wp-admin/admin-ajax.php?action=async_litespeed&nonce=ma7EsApMzJUZNKRJARowC7lhZwTlJOTj&litespeed_type=imgoptm HTTP/1.1" 200 21 "-" "WordPress/6.8.1; https://www.middleeastoday.com"
128.199.164.114 - - [27/Feb/2026:12:22:03 -0500] "GET /wp-content/uploads/2023/11/DIFC-850x560.jpg HTTP/1.1" 200 110341 "https://www.middleeastoday.com/" "Mozilla/5.0 (Windows NT 10.0; Win64; x64) AppleWebKit/537.36 (KHTML, like Gecko) Chrome/120.0.0.0 Safari/537.36"
114.119.141.228 - - [27/Feb/2026:12:23:05 -0500] "GET /author/admin/page/74/ HTTP/1.1" 200 23856 "https://www.middleeastoday.com/author/admin/page/75/" "Mozilla/5.0 (Linux; Android 7.0;) AppleWebKit/537.36 (KHTML, like Gecko) Mobile Safari/537.36 (compatible; PetalBot;+https://webmaster.petalsearch.com/site/petalbot)"
52.200.142.199 - - [27/Feb/2026:12:24:22 -0500] "GET /wp-json/oembed/1.0/embed?url=https://www.middleeastoday.com/hamdan-bin-mohammed-concludes-official-visit-to-kuwait/ HTTP/1.1" 200 2543 "-" "Mozilla/5.0 AppleWebKit/537.36 (KHTML, like Gecko; compatible; Amazonbot/0.1; +https://developer.amazon.com/support/amazonbot) Chrome/119.0.6045.214 Safari/537.36"
114.119.137.153 - - [27/Feb/2026:12:24:28 -0500] "GET /wp-content/uploads/2022/03/Emirati-folk-culture-850x560.jpg HTTP/1.1" 200 112271 "https://www.middleeastoday.com/?cat=52&paged=6" "Mozilla/5.0 (Linux; Android 7.0;) AppleWebKit/537.36 (KHTML, like Gecko) Mobile Safari/537.36 (compatible; PetalBot;+https://webmaster.petalsearch.com/site/petalbot)"
162.213.253.84 - - [27/Feb/2026:12:24:29 -0500] "POST /wp-cron.php?doing_wp_cron=1772213069.9004580974578857421875 HTTP/1.1" 200 0 "-" "WordPress/6.8.1; https://www.middleeastoday.com"
44.215.235.20 - - [27/Feb/2026:12:24:29 -0500] "GET /wp-json/wp/v2/posts/9464 HTTP/1.1" 200 6464 "-" "Mozilla/5.0 AppleWebKit/537.36 (KHTML, like Gecko; compatible; Amazonbot/0.1; +https://developer.amazon.com/support/amazonbot) Chrome/119.0.6045.214 Safari/537.36"
162.213.253.84 - - [27/Feb/2026:12:24:33 -0500] "POST /wp-cron.php?doing_wp_cron=1772213073.7154350280761718750000 HTTP/1.1" 200 0 "-" "WordPress/6.8.1; https://www.middleeastoday.com"
185.191.171.14 - - [27/Feb/2026:12:27:01 -0500] "GET /dlds-moasher-tracks-highest-ever-number-of-quarterly-real-estate-transactions-since-2010/ HTTP/1.1" 200 23968 "-" "Mozilla/5.0 (compatible; SemrushBot/7~bl; +http://www.semrush.com/bot.html)"
162.213.253.84 - - [27/Feb/2026:12:27:15 -0500] "POST /wp-cron.php?doing_wp_cron=1772213235.5127389430999755859375 HTTP/1.1" 200 0 "-" "WordPress/6.8.1; https://www.middleeastoday.com"
114.119.132.207 - - [27/Feb/2026:12:27:14 -0500] "GET /author/admin/page/50/ HTTP/1.1" 200 23690 "https://www.middleeastoday.com/author/admin/page/52/" "Mozilla/5.0 (Linux; Android 7.0;) AppleWebKit/537.36 (KHTML, like Gecko) Mobile Safari/537.36 (compatible; PetalBot;+https://webmaster.petalsearch.com/site/petalbot)"
54.39.89.65 - - [27/Feb/2026:12:28:38 -0500] "GET / HTTP/1.1" 200 32212 "-" "Mozilla/5.0 (compatible; AhrefsBot/7.0; +http://ahrefs.com/robot/)"
202.8.40.89 - - [27/Feb/2026:12:28:39 -0500] "GET /wp-content/plugins/elementor-1/assets/lib/font-awesome/css/solid.min.css?ver=5.15.3 HTTP/1.1" 200 286 "https://www.middleeastoday.com/" "Mozilla/5.0 (compatible; AhrefsBot/7.0; +http://ahrefs.com/robot/)"
202.8.40.89 - - [27/Feb/2026:12:28:39 -0500] "GET /wp-content/plugins/accesspress-social-counter/css/frontend.css?ver=1.9.2 HTTP/1.1" 200 2295 "https://www.middleeastoday.com/" "Mozilla/5.0 (compatible; AhrefsBot/7.0; +http://ahrefs.com/robot/)"
202.8.40.89 - - [27/Feb/2026:12:28:39 -0500] "GET /wp-content/themes/digiqole/assets/css/icon-font.css?ver=2.1.1 HTTP/1.1" 200 1106 "https://www.middleeastoday.com/" "Mozilla/5.0 (compatible; AhrefsBot/7.0; +http://ahrefs.com/robot/)"
202.8.40.89 - - [27/Feb/2026:12:28:39 -0500] "GET /wp-content/plugins/elementor-1/assets/lib/animations/animations.min.css?ver=3.21.1 HTTP/1.1" 200 2442 "https://www.middleeastoday.com/" "Mozilla/5.0 (compatible; AhrefsBot/7.0; +http://ahrefs.com/robot/)"
202.8.40.89 - - [27/Feb/2026:12:28:39 -0500] "GET /wp-content/plugins/elementor-1/assets/lib/swiper/v8/css/swiper.min.css?ver=8.4.5 HTTP/1.1" 200 4248 "https://www.middleeastoday.com/" "Mozilla/5.0 (compatible; AhrefsBot/7.0; +http://ahrefs.com/robot/)"
202.8.40.89 - - [27/Feb/2026:12:28:39 -0500] "GET /wp-content/plugins/elementor-1/assets/css/frontend-lite.min.css?ver=3.21.1 HTTP/1.1" 200 13067 "https://www.middleeastoday.com/" "Mozilla/5.0 (compatible; AhrefsBot/7.0; +http://ahrefs.com/robot/)"
51.161.65.91 - - [27/Feb/2026:12:23:36 -0500] "GET /ajman-crown-prince-receives-ambassador-of-fiji/ HTTP/1.1" 200 20030 "-" "Mozilla/5.0 (compatible; AhrefsBot/7.0; +http://ahrefs.com/robot/)"
34.225.138.57 - - [27/Feb/2026:12:24:26 -0500] "GET /wp-json/oembed/1.0/embed?url=https://www.middleeastoday.com/dubai-health-authority-wins-international-data-corporation-award/ HTTP/1.1" 200 2601 "-" "Mozilla/5.0 AppleWebKit/537.36 (KHTML, like Gecko; compatible; Amazonbot/0.1; +https://developer.amazon.com/support/amazonbot) Chrome/119.0.6045.214 Safari/537.36"
162.213.253.84 - - [27/Feb/2026:12:24:30 -0500] "POST /wp-admin/admin-ajax.php?action=async_litespeed&nonce=g9EaxSyCZGocIlatff1YEt09bEhX3Apm&litespeed_type=imgoptm HTTP/1.1" 200 21 "-" "WordPress/6.8.1; https://www.middleeastoday.com"
52.203.68.145 - - [27/Feb/2026:12:24:33 -0500] "GET /wp-json/wp/v2/posts/10403 HTTP/1.1" 200 5399 "-" "Mozilla/5.0 AppleWebKit/537.36 (KHTML, like Gecko; compatible; Amazonbot/0.1; +https://developer.amazon.com/support/amazonbot) Chrome/119.0.6045.214 Safari/537.36"
44.214.19.8 - - [27/Feb/2026:12:24:37 -0500] "GET /wp-json/oembed/1.0/embed?format=xml&url=https://www.middleeastoday.com/cbuaes-gold-reserves-up-to-aed17-413-bn-by-end-of-march/ HTTP/1.1" 200 1276 "-" "Mozilla/5.0 AppleWebKit/537.36 (KHTML, like Gecko; compatible; Amazonbot/0.1; +https://developer.amazon.com/support/amazonbot) Chrome/119.0.6045.214 Safari/537.36"
114.119.130.67 - - [27/Feb/2026:12:25:52 -0500] "GET /masdar-continues-to-strengthen-its-leading-stature-in-clean-energy-sector/ HTTP/1.1" 200 26918 "https://www.middleeastoday.com/page/7" "Mozilla/5.0 (Linux; Android 7.0;) AppleWebKit/537.36 (KHTML, like Gecko) Mobile Safari/537.36 (compatible; PetalBot;+https://webmaster.petalsearch.com/site/petalbot)"
47.246.171.164 - - [27/Feb/2026:12:26:13 -0500] "GET https://www.middleeastoday.com/wp-content/plugins/elementor-pro/assets/css/widget-nav-menu.min.css HTTP/1.1" 200 3279 "http://www.middleeastoday.com/" "Mozilla/5.0 (Macintosh; Intel Mac OS X 10_13_5) AppleWebKit/537.36 (KHTML, like Gecko) Chrome/69.0.3497.100 Safari/537.36"
162.213.253.84 - - [27/Feb/2026:12:27:16 -0500] "POST /wp-admin/admin-ajax.php?action=async_litespeed&nonce=pPXyLKGslLbNftieVLzOVSluMKZbxjaB&litespeed_type=imgoptm HTTP/1.1" 200 21 "-" "WordPress/6.8.1; https://www.middleeastoday.com"
168.100.149.82 - - [27/Feb/2026:12:28:39 -0500] "GET /robots.txt HTTP/1.1" 200 101 "-" "Mozilla/5.0 (compatible; AhrefsBot/7.0; +http://ahrefs.com/robot/)"
202.8.40.89 - - [27/Feb/2026:12:28:39 -0500] "GET /wp-content/uploads/elementor/css/post-9.css?ver=1747657839 HTTP/1.1" 200 334 "https://www.middleeastoday.com/" "Mozilla/5.0 (compatible; AhrefsBot/7.0; +http://ahrefs.com/robot/)"
202.8.40.89 - - [27/Feb/2026:12:28:39 -0500] "GET /wp-content/themes/digiqole/assets/css/all.css?ver=2.1.1 HTTP/1.1" 200 7048 "https://www.middleeastoday.com/" "Mozilla/5.0 (compatible; AhrefsBot/7.0; +http://ahrefs.com/robot/)"
202.8.40.89 - - [27/Feb/2026:12:28:39 -0500] "GET /wp-content/themes/digiqole/assets/css/bootstrap.min.css?ver=2.1.1 HTTP/1.1" 200 18543 "https://www.middleeastoday.com/" "Mozilla/5.0 (compatible; AhrefsBot/7.0; +http://ahrefs.com/robot/)"
202.8.40.89 - - [27/Feb/2026:12:28:39 -0500] "GET /wp-content/themes/digiqole/assets/css/master.css?ver=2.1.1 HTTP/1.1" 200 43295 "https://www.middleeastoday.com/" "Mozilla/5.0 (compatible; AhrefsBot/7.0; +http://ahrefs.com/robot/)"
202.8.40.89 - - [27/Feb/2026:12:28:39 -0500] "GET /wp-content/plugins/contact-form-7/includes/css/styles.css?ver=6.0.6 HTTP/1.1" 200 890 "https://www.middleeastoday.com/" "Mozilla/5.0 (compatible; AhrefsBot/7.0; +http://ahrefs.com/robot/)"
202.8.40.89 - - [27/Feb/2026:12:28:39 -0500] "GET /wp-content/plugins/accesspress-social-counter/css/fontawesome-all.css?ver=1.9.2 HTTP/1.1" 200 8084 "https://www.middleeastoday.com/" "Mozilla/5.0 (compatible; AhrefsBot/7.0; +http://ahrefs.com/robot/)"
202.8.40.89 - - [27/Feb/2026:12:28:39 -0500] "GET /wp-content/plugins/elementor-1/assets/lib/font-awesome/css/fontawesome.min.css?ver=5.15.3 HTTP/1.1" 200 12164 "https://www.middleeastoday.com/" "Mozilla/5.0 (compatible; AhrefsBot/7.0; +http://ahrefs.com/robot/)"
202.8.40.89 - - [27/Feb/2026:12:28:39 -0500] "GET /wp-content/uploads/elementor/css/post-3932.css?ver=1762520240 HTTP/1.1" 200 1066 "https://www.middleeastoday.com/" "Mozilla/5.0 (compatible; AhrefsBot/7.0; +http://ahrefs.com/robot/)"
202.8.40.89 - - [27/Feb/2026:12:28:39 -0500] "GET /wp-content/plugins/elementskit-lite/widgets/init/assets/css/widget-styles.css?ver=3.5.0 HTTP/1.1" 200 48223 "https://www.middleeastoday.com/" "Mozilla/5.0 (compatible; AhrefsBot/7.0; +http://ahrefs.com/robot/)"
202.8.40.89 - - [27/Feb/2026:12:28:39 -0500] "GET /wp-content/plugins/elementor-pro/assets/css/widget-nav-menu.min.css HTTP/1.1" 200 3279 "https://www.middleeastoday.com/" "Mozilla/5.0 (compatible; AhrefsBot/7.0; +http://ahrefs.com/robot/)"
202.8.40.89 - - [27/Feb/2026:12:28:39 -0500] "GET /wp-content/plugins/elementskit-lite/modules/elementskit-icon-pack/assets/css/ekiticons.css?ver=3.5.0 HTTP/1.1" 200 11776 "https://www.middleeastoday.com/" "Mozilla/5.0 (compatible; AhrefsBot/7.0; +http://ahrefs.com/robot/)"
202.8.40.89 - - [27/Feb/2026:12:28:39 -0500] "GET /wp-includes/js/jquery/jquery.min.js?ver=3.7.1 HTTP/1.1" 200 29744 "https://www.middleeastoday.com/" "Mozilla/5.0 (compatible; AhrefsBot/7.0; +http://ahrefs.com/robot/)"
202.8.40.89 - - [27/Feb/2026:12:28:39 -0500] "GET /wp-includes/js/jquery/jquery-migrate.min.js?ver=3.4.1 HTTP/1.1" 200 4678 "https://www.middleeastoday.com/" "Mozilla/5.0 (compatible; AhrefsBot/7.0; +http://ahrefs.com/robot/)"
202.8.40.89 - - [27/Feb/2026:12:28:39 -0500] "GET /wp-content/plugins/elementor-1/assets/lib/font-awesome/css/brands.min.css?ver=5.15.3 HTTP/1.1" 200 284 "https://www.middleeastoday.com/" "Mozilla/5.0 (compatible; AhrefsBot/7.0; +http://ahrefs.com/robot/)"
202.8.40.89 - - [27/Feb/2026:12:28:39 -0500] "GET /wp-content/plugins/elementor-1/assets/lib/eicons/css/elementor-icons.min.css?ver=5.29.0 HTTP/1.1" 200 3724 "https://www.middleeastoday.com/" "Mozilla/5.0 (compatible; AhrefsBot/7.0; +http://ahrefs.com/robot/)"
202.8.40.89 - - [27/Feb/2026:12:28:39 -0500] "GET /wp-content/plugins/contact-form-7/includes/swv/js/index.js?ver=6.0.6 HTTP/1.1" 200 3369 "https://www.middleeastoday.com/" "Mozilla/5.0 (compatible; AhrefsBot/7.0; +http://ahrefs.com/robot/)"
202.8.40.89 - - [27/Feb/2026:12:28:39 -0500] "GET /wp-content/plugins/contact-form-7/includes/js/index.js?ver=6.0.6 HTTP/1.1" 200 4008 "https://www.middleeastoday.com/" "Mozilla/5.0 (compatible; AhrefsBot/7.0; +http://ahrefs.com/robot/)"
202.8.40.89 - - [27/Feb/2026:12:28:39 -0500] "GET /wp-content/themes/digiqole/assets/js/fontfaceobserver.js?ver=1 HTTP/1.1" 200 2024 "https://www.middleeastoday.com/" "Mozilla/5.0 (compatible; AhrefsBot/7.0; +http://ahrefs.com/robot/)"
202.8.40.89 - - [27/Feb/2026:12:28:39 -0500] "GET /wp-content/plugins/elementor-pro/assets/js/webpack-pro.runtime.min.js?ver=3.6.5 HTTP/1.1" 200 2174 "https://www.middleeastoday.com/" "Mozilla/5.0 (compatible; AhrefsBot/7.0; +http://ahrefs.com/robot/)"
202.8.40.89 - - [27/Feb/2026:12:28:39 -0500] "GET /wp-content/plugins/elementor-pro/assets/lib/smartmenus/jquery.smartmenus.min.js?ver=1.0.1 HTTP/1.1" 200 6935 "https://www.middleeastoday.com/" "Mozilla/5.0 (compatible; AhrefsBot/7.0; +http://ahrefs.com/robot/)"
202.8.40.89 - - [27/Feb/2026:12:28:39 -0500] "GET /wp-content/themes/digiqole/assets/js/script.js?ver=2.1.1 HTTP/1.1" 200 3554 "https://www.middleeastoday.com/" "Mozilla/5.0 (compatible; AhrefsBot/7.0; +http://ahrefs.com/robot/)"
202.8.40.89 - - [27/Feb/2026:12:28:39 -0500] "GET /wp-content/plugins/elementor-1/assets/js/frontend-modules.min.js?ver=3.21.1 HTTP/1.1" 200 17087 "https://www.middleeastoday.com/" "Mozilla/5.0 (compatible; AhrefsBot/7.0; +http://ahrefs.com/robot/)"
202.8.40.89 - - [27/Feb/2026:12:28:39 -0500] "GET /wp-content/uploads/elementor/css/post-2526.css?ver=1751111835 HTTP/1.1" 200 2136 "https://www.middleeastoday.com/" "Mozilla/5.0 (compatible; AhrefsBot/7.0; +http://ahrefs.com/robot/)"
202.8.40.89 - - [27/Feb/2026:12:28:39 -0500] "GET /wp-content/plugins/elementskit-lite/widgets/init/assets/css/responsive.css?ver=3.5.0 HTTP/1.1" 200 2859 "https://www.middleeastoday.com/" "Mozilla/5.0 (compatible; AhrefsBot/7.0; +http://ahrefs.com/robot/)"
202.8.40.89 - - [27/Feb/2026:12:28:39 -0500] "GET /wp-content/uploads/elementor/css/global.css?ver=1747657840 HTTP/1.1" 200 3340 "https://www.middleeastoday.com/" "Mozilla/5.0 (compatible; AhrefsBot/7.0; +http://ahrefs.com/robot/)"
202.8.40.89 - - [27/Feb/2026:12:28:39 -0500] "GET /wp-includes/js/dist/hooks.min.js?ver=4d63a3d491d11ffd8ac6 HTTP/1.1" 200 1571 "https://www.middleeastoday.com/" "Mozilla/5.0 (compatible; AhrefsBot/7.0; +http://ahrefs.com/robot/)"
202.8.40.89 - - [27/Feb/2026:12:28:39 -0500] "GET /wp-includes/js/dist/i18n.min.js?ver=5e580eb46a90c2b997e6 HTTP/1.1" 200 3542 "https://www.middleeastoday.com/" "Mozilla/5.0 (compatible; AhrefsBot/7.0; +http://ahrefs.com/robot/)"
202.8.40.89 - - [27/Feb/2026:12:28:39 -0500] "GET /wp-content/themes/digiqole/assets/js/bootstrap.min.js?ver=2.1.1 HTTP/1.1" 200 12542 "https://www.middleeastoday.com/" "Mozilla/5.0 (compatible; AhrefsBot/7.0; +http://ahrefs.com/robot/)"
202.8.40.89 - - [27/Feb/2026:12:28:39 -0500] "GET /wp-content/themes/digiqole/assets/js/swiper.min.js?ver=2.1.1 HTTP/1.1" 200 34003 "https://www.middleeastoday.com/" "Mozilla/5.0 (compatible; AhrefsBot/7.0; +http://ahrefs.com/robot/)"
202.8.40.89 - - [27/Feb/2026:12:28:39 -0500] "GET /wp-content/plugins/elementskit-lite/libs/framework/assets/js/frontend-script.js?ver=3.5.0 HTTP/1.1" 200 40 "https://www.middleeastoday.com/" "Mozilla/5.0 (compatible; AhrefsBot/7.0; +http://ahrefs.com/robot/)"
202.8.40.89 - - [27/Feb/2026:12:28:39 -0500] "GET /wp-content/plugins/elementor-1/assets/js/webpack.runtime.min.js?ver=3.21.1 HTTP/1.1" 200 2071 "https://www.middleeastoday.com/" "Mozilla/5.0 (compatible; AhrefsBot/7.0; +http://ahrefs.com/robot/)"
202.8.40.89 - - [27/Feb/2026:12:28:39 -0500] "GET /wp-content/plugins/elementskit-lite/widgets/init/assets/js/widget-scripts.js?ver=3.5.0 HTTP/1.1" 200 40425 "https://www.middleeastoday.com/" "Mozilla/5.0 (compatible; AhrefsBot/7.0; +http://ahrefs.com/robot/)"
202.8.40.89 - - [27/Feb/2026:12:28:39 -0500] "GET /wp-content/plugins/elementor-1/assets/js/frontend.min.js?ver=3.21.1 HTTP/1.1" 200 11814 "https://www.middleeastoday.com/" "Mozilla/5.0 (compatible; AhrefsBot/7.0; +http://ahrefs.com/robot/)"
202.8.40.89 - - [27/Feb/2026:12:28:39 -0500] "GET /wp-content/plugins/elementor-pro/assets/js/elements-handlers.min.js?ver=3.6.5 HTTP/1.1" 200 5254 "https://www.middleeastoday.com/" "Mozilla/5.0 (compatible; AhrefsBot/7.0; +http://ahrefs.com/robot/)"
202.8.40.89 - - [27/Feb/2026:12:28:39 -0500] "GET /wp-content/themes/digiqole/assets/js/all.js?ver=1 HTTP/1.1" 200 35800 "https://www.middleeastoday.com/" "Mozilla/5.0 (compatible; AhrefsBot/7.0; +http://ahrefs.com/robot/)"
202.8.40.89 - - [27/Feb/2026:12:28:39 -0500] "GET /wp-content/plugins/elementor-1/assets/lib/eicons/fonts/eicons.woff2?5.29.0 HTTP/1.1" 200 96924 "https://www.middleeastoday.com/wp-content/plugins/elementor-1/assets/lib/eicons/css/elementor-icons.min.css?ver=5.29.0" "Mozilla/5.0 (compatible; AhrefsBot/7.0; +http://ahrefs.com/robot/)"
202.8.40.89 - - [27/Feb/2026:12:28:39 -0500] "GET /wp-content/themes/digiqole/assets/fonts/iconfont.ttf?5i53bc HTTP/1.1" 200 27432 "https://www.middleeastoday.com/wp-content/themes/digiqole/assets/css/icon-font.css?ver=2.1.1" "Mozilla/5.0 (compatible; AhrefsBot/7.0; +http://ahrefs.com/robot/)"
202.8.40.89 - - [27/Feb/2026:12:28:39 -0500] "GET /wp-content/plugins/elementor-pro/assets/js/frontend.min.js?ver=3.6.5 HTTP/1.1" 200 5328 "https://www.middleeastoday.com/" "Mozilla/5.0 (compatible; AhrefsBot/7.0; +http://ahrefs.com/robot/)"
202.8.40.89 - - [27/Feb/2026:12:28:39 -0500] "GET /wp-includes/js/jquery/ui/core.min.js?ver=1.13.3 HTTP/1.1" 200 6812 "https://www.middleeastoday.com/" "Mozilla/5.0 (compatible; AhrefsBot/7.0; +http://ahrefs.com/robot/)"
202.8.40.89 - - [27/Feb/2026:12:28:39 -0500] "GET /wp-content/plugins/elementor-1/assets/lib/waypoints/waypoints.min.js?ver=4.0.2 HTTP/1.1" 200 2867 "https://www.middleeastoday.com/" "Mozilla/5.0 (compatible; AhrefsBot/7.0; +http://ahrefs.com/robot/)"
202.8.40.89 - - [27/Feb/2026:12:28:39 -0500] "GET /wp-content/themes/digiqole/assets/js/elementor.js?ver=2.1.1 HTTP/1.1" 200 2472 "https://www.middleeastoday.com/" "Mozilla/5.0 (compatible; AhrefsBot/7.0; +http://ahrefs.com/robot/)"
202.8.40.89 - - [27/Feb/2026:12:28:39 -0500] "GET /wp-content/plugins/elementskit-lite/widgets/init/assets/js/animate-circle.min.js?ver=3.5.0 HTTP/1.1" 200 393 "https://www.middleeastoday.com/" "Mozilla/5.0 (compatible; AhrefsBot/7.0; +http://ahrefs.com/robot/)"
202.8.40.89 - - [27/Feb/2026:12:28:39 -0500] "GET /wp-content/plugins/elementskit-lite/widgets/init/assets/js/elementor.js?ver=3.5.0 HTTP/1.1" 200 5290 "https://www.middleeastoday.com/" "Mozilla/5.0 (compatible; AhrefsBot/7.0; +http://ahrefs.com/robot/)"
202.8.40.89 - - [27/Feb/2026:12:28:39 -0500] "GET /wp-content/plugins/elementor-1/assets/lib/font-awesome/webfonts/fa-solid-900.woff2 HTTP/1.1" 200 78196 "https://www.middleeastoday.com/wp-content/plugins/elementor-1/assets/lib/font-awesome/css/solid.min.css?ver=5.15.3" "Mozilla/5.0 (compatible; AhrefsBot/7.0; +http://ahrefs.com/robot/)"
202.8.40.89 - - [27/Feb/2026:12:28:39 -0500] "GET /wp-content/plugins/elementor-1/assets/lib/font-awesome/webfonts/fa-brands-400.woff2 HTTP/1.1" 200 81612 "https://www.middleeastoday.com/wp-content/plugins/elementor-1/assets/lib/font-awesome/css/brands.min.css?ver=5.15.3" "Mozilla/5.0 (compatible; AhrefsBot/7.0; +http://ahrefs.com/robot/)"
202.8.40.89 - - [27/Feb/2026:12:28:40 -0500] "GET /wp-content/plugins/elementor-1/assets/js/video.d11c91c1b2b642a34601.bundle.min.js HTTP/1.1" 200 1188 "https://www.middleeastoday.com/" "Mozilla/5.0 (compatible; AhrefsBot/7.0; +http://ahrefs.com/robot/)"
162.213.253.84 - - [27/Feb/2026:12:28:41 -0500] "POST /wp-cron.php?doing_wp_cron=1772213321.4263229370117187500000 HTTP/1.1" 200 0 "-" "WordPress/6.8.1; https://www.middleeastoday.com"
114.119.138.37 - - [27/Feb/2026:12:28:40 -0500] "GET /author/admin/page/35/ HTTP/1.1" 200 23850 "https://www.middleeastoday.com/author/admin/page/36/" "Mozilla/5.0 (Linux; Android 7.0;) AppleWebKit/537.36 (KHTML, like Gecko) Mobile Safari/537.36 (compatible; PetalBot;+https://webmaster.petalsearch.com/site/petalbot)"
40.77.167.54 - - [27/Feb/2026:12:29:10 -0500] "GET /ahmed-bin-saeed-opens-arabian-travel-market-2022/ HTTP/1.1" 200 21738 "-" "Mozilla/5.0 AppleWebKit/537.36 (KHTML, like Gecko; compatible; bingbot/2.0; +http://www.bing.com/bingbot.htm) Chrome/116.0.1938.76 Safari/537.36"
114.119.154.115 - - [27/Feb/2026:12:30:02 -0500] "GET /amis-awards-construction-contract-for-its-aed-425-million-the-woodland-residences-project-to-dar-al-aayan-contracting/ HTTP/1.1" 200 23870 "https://www.middleeastoday.com/sankari-and-ihg-hotels-resorts-to-launch-the-worlds-first-upper-luxury-standalone-regent-residences-in-dubai" "Mozilla/5.0 (Linux; Android 7.0;) AppleWebKit/537.36 (KHTML, like Gecko) Mobile Safari/537.36 (compatible; PetalBot;+https://webmaster.petalsearch.com/site/petalbot)"
162.213.253.84 - - [27/Feb/2026:12:31:26 -0500] "POST /wp-cron.php?doing_wp_cron=1772213486.2102999687194824218750 HTTP/1.1" 200 0 "-" "WordPress/6.8.1; https://www.middleeastoday.com"
202.8.40.89 - - [27/Feb/2026:12:28:39 -0500] "GET /wp-content/plugins/elementskit-lite/modules/elementskit-icon-pack/assets/fonts/elementskit.woff?y24e1e HTTP/1.1" 200 459560 "https://www.middleeastoday.com/wp-content/plugins/elementskit-lite/modules/elementskit-icon-pack/assets/css/ekiticons.css?ver=3.5.0" "Mozilla/5.0 (compatible; AhrefsBot/7.0; +http://ahrefs.com/robot/)"
202.8.40.89 - - [27/Feb/2026:12:28:40 -0500] "GET /wp-content/plugins/elementor-pro/assets/js/nav-menu.3de49ba5ef86f9a22ff5.bundle.min.js HTTP/1.1" 200 1173 "https://www.middleeastoday.com/" "Mozilla/5.0 (compatible; AhrefsBot/7.0; +http://ahrefs.com/robot/)"
162.213.253.84 - - [27/Feb/2026:12:28:42 -0500] "POST /wp-admin/admin-ajax.php?action=async_litespeed&nonce=oLZYFkYgseVUBnRGfV23OrHgT49YYwNt&litespeed_type=imgoptm HTTP/1.1" 200 21 "-" "WordPress/6.8.1; https://www.middleeastoday.com"
4.248.4.137 - - [27/Feb/2026:12:29:42 -0500] "GET /wp-content/uploads/2022/01/Xposures-850x560.jpg HTTP/1.1" 200 92589 "-" "Mozilla/5.0 (compatible; BingIndexCrawler/1.0)"
57.141.2.59 - - [27/Feb/2026:12:31:10 -0500] "GET /mohamed-bin-zayed-president-of-seychelles-discuss-enhancing-bilateral-relations/ HTTP/1.1" 200 104915 "-" "meta-externalagent/1.1 (+https://developers.facebook.com/docs/sharing/webmasters/crawler)"
162.213.253.84 - - [27/Feb/2026:12:31:26 -0500] "POST /wp-admin/admin-ajax.php?action=async_litespeed&nonce=3HhJTgwp3ZeJdOhVBMJ5hdolR8qNaSUN&litespeed_type=imgoptm HTTP/1.1" 200 21 "-" "WordPress/6.8.1; https://www.middleeastoday.com"
15.235.27.71 - - [27/Feb/2026:12:31:59 -0500] "GET /wp-sitemap.xml HTTP/1.1" 200 223 "-" "Mozilla/5.0 (compatible; AhrefsBot/7.0; +http://ahrefs.com/robot/)"
51.222.95.95 - - [27/Feb/2026:12:32:09 -0500] "GET /wp-sitemap-posts-elementskit_template-1.xml HTTP/1.1" 200 203 "-" "Mozilla/5.0 (compatible; AhrefsBot/7.0; +http://ahrefs.com/robot/)"
142.44.220.172 - - [27/Feb/2026:12:32:13 -0500] "GET /wp-sitemap-taxonomies-category-1.xml HTTP/1.1" 200 398 "-" "Mozilla/5.0 (compatible; AhrefsBot/7.0; +http://ahrefs.com/robot/)"
148.113.130.83 - - [27/Feb/2026:12:32:23 -0500] "GET /wp-sitemap-users-1.xml HTTP/1.1" 200 161 "-" "Mozilla/5.0 (compatible; AhrefsBot/7.0; +http://ahrefs.com/robot/)"
162.213.253.84 - - [27/Feb/2026:12:32:49 -0500] "POST /wp-admin/admin-ajax.php?action=async_litespeed&nonce=ERZySQ35sS9OTOMeXqDVt1d5MWfNxr6L&litespeed_type=imgoptm HTTP/1.1" 200 21 "-" "WordPress/6.8.1; https://www.middleeastoday.com"
51.75.151.149 - - [27/Feb/2026:12:33:24 -0500] "GET /about.php?520 HTTP/1.1" 301 0 "-" "Mozilla/5.0 (Windows NT 10.0; Win64; x64) AppleWebKit/537.36 (KHTML, like Gecko) Chrome/127.0.0.0 Safari/537.36"
162.213.253.84 - - [27/Feb/2026:12:33:26 -0500] "POST /wp-admin/admin-ajax.php?action=async_litespeed&nonce=DtrQipNieQdU6FOfoLWyNriDBQ3uyawg&litespeed_type=imgoptm HTTP/1.1" 200 21 "-" "WordPress/6.8.1; https://www.middleeastoday.com"
162.213.253.84 - - [27/Feb/2026:12:34:04 -0500] "POST /wp-cron.php?doing_wp_cron=1772213644.5350239276885986328125 HTTP/1.1" 200 0 "-" "WordPress/6.8.1; https://www.middleeastoday.com"
51.75.151.149 - - [27/Feb/2026:12:34:04 -0500] "GET /wp-json/teknocore/v1/ HTTP/1.1" 404 114 "-" "Mozilla/5.0 (Windows NT 10.0; Win64; x64) AppleWebKit/537.36 (KHTML, like Gecko) Chrome/127.0.0.0 Safari/537.36"
57.141.2.30 - - [27/Feb/2026:12:35:34 -0500] "GET /sharjah-ruler-inaugurates-saf-spring-exhibitions-2022/ HTTP/1.1" 200 107113 "-" "meta-externalagent/1.1 (+https://developers.facebook.com/docs/sharing/webmasters/crawler)"
114.119.132.207 - - [27/Feb/2026:12:35:35 -0500] "GET /shurooq-all-set-for-global-launch-of-new-hospitality-projects-at-atm-2022/ HTTP/1.1" 200 23772 "https://www.middleeastoday.com/author/admin/page/78" "Mozilla/5.0 (Linux; Android 7.0;) AppleWebKit/537.36 (KHTML, like Gecko) Mobile Safari/537.36 (compatible; PetalBot;+https://webmaster.petalsearch.com/site/petalbot)"
114.119.138.37 - - [27/Feb/2026:12:31:25 -0500] "GET /abdullah-bin-zayed-and-deputy-prime-minister-of-albania-discuss-prospects-for-bilateral-cooperation HTTP/1.1" 301 0 "https://www.middleeastoday.com/sharjah-club-celebrates-karate-and-judo-players-in-uae" "Mozilla/5.0 (Linux; Android 7.0;) AppleWebKit/537.36 (KHTML, like Gecko) Mobile Safari/537.36 (compatible; PetalBot;+https://webmaster.petalsearch.com/site/petalbot)"
114.119.138.37 - - [27/Feb/2026:12:31:27 -0500] "GET /abdullah-bin-zayed-and-deputy-prime-minister-of-albania-discuss-prospects-for-bilateral-cooperation/ HTTP/1.1" 200 24542 "https://www.middleeastoday.com/sharjah-club-celebrates-karate-and-judo-players-in-uae" "Mozilla/5.0 (Linux; Android 7.0;) AppleWebKit/537.36 (KHTML, like Gecko) Mobile Safari/537.36 (compatible; PetalBot;+https://webmaster.petalsearch.com/site/petalbot)"
142.44.233.233 - - [27/Feb/2026:12:32:02 -0500] "GET /wp-sitemap-posts-post-1.xml HTTP/1.1" 200 35382 "-" "Mozilla/5.0 (compatible; AhrefsBot/7.0; +http://ahrefs.com/robot/)"
142.44.220.243 - - [27/Feb/2026:12:32:06 -0500] "GET /wp-sitemap-posts-page-1.xml HTTP/1.1" 200 210 "-" "Mozilla/5.0 (compatible; AhrefsBot/7.0; +http://ahrefs.com/robot/)"
54.39.6.90 - - [27/Feb/2026:12:32:16 -0500] "GET /wp-sitemap-taxonomies-post_tag-1.xml HTTP/1.1" 200 169 "-" "Mozilla/5.0 (compatible; AhrefsBot/7.0; +http://ahrefs.com/robot/)"
54.39.0.249 - - [27/Feb/2026:12:32:19 -0500] "GET /wp-sitemap-taxonomies-post_format-1.xml HTTP/1.1" 200 171 "-" "Mozilla/5.0 (compatible; AhrefsBot/7.0; +http://ahrefs.com/robot/)"
162.213.253.84 - - [27/Feb/2026:12:32:49 -0500] "POST /wp-cron.php?doing_wp_cron=1772213569.2301928997039794921875 HTTP/1.1" 200 0 "-" "WordPress/6.8.1; https://www.middleeastoday.com"
114.119.137.98 - - [27/Feb/2026:12:32:48 -0500] "GET /?p=8946 HTTP/1.1" 301 0 "-" "Mozilla/5.0 (Linux; Android 7.0;) AppleWebKit/537.36 (KHTML, like Gecko) Mobile Safari/537.36 (compatible; PetalBot;+https://webmaster.petalsearch.com/site/petalbot)"
114.119.137.98 - - [27/Feb/2026:12:32:50 -0500] "GET /al-dhafra-festival-to-begin-on-october-28/ HTTP/1.1" 200 22798 "-" "Mozilla/5.0 (Linux; Android 7.0;) AppleWebKit/537.36 (KHTML, like Gecko) Mobile Safari/537.36 (compatible; PetalBot;+https://webmaster.petalsearch.com/site/petalbot)"
51.75.151.149 - - [27/Feb/2026:12:33:18 -0500] "GET /admin.php?520 HTTP/1.1" 301 0 "-" "Mozilla/5.0 (Windows NT 10.0; Win64; x64) AppleWebKit/537.36 (KHTML, like Gecko) Chrome/127.0.0.0 Safari/537.36"
51.75.151.149 - - [27/Feb/2026:12:33:19 -0500] "GET /admin.php?520 HTTP/1.1" 404 89108 "-" "Mozilla/5.0 (Windows NT 10.0; Win64; x64) AppleWebKit/537.36 (KHTML, like Gecko) Chrome/127.0.0.0 Safari/537.36"
162.213.253.84 - - [27/Feb/2026:12:33:25 -0500] "POST /wp-cron.php?doing_wp_cron=1772213605.4122169017791748046875 HTTP/1.1" 200 0 "-" "WordPress/6.8.1; https://www.middleeastoday.com"
51.75.151.149 - - [27/Feb/2026:12:33:25 -0500] "GET /about.php?520 HTTP/1.1" 404 89108 "-" "Mozilla/5.0 (Windows NT 10.0; Win64; x64) AppleWebKit/537.36 (KHTML, like Gecko) Chrome/127.0.0.0 Safari/537.36"
114.119.138.37 - - [27/Feb/2026:12:34:15 -0500] "GET /?p=8553 HTTP/1.1" 301 0 "https://www.middleeastoday.com/?cat=63&paged=11" "Mozilla/5.0 (Linux; Android 7.0;) AppleWebKit/537.36 (KHTML, like Gecko) Mobile Safari/537.36 (compatible; PetalBot;+https://webmaster.petalsearch.com/site/petalbot)"
114.119.138.37 - - [27/Feb/2026:12:34:17 -0500] "GET /uae-president-receives-jordanian-and-egyptian-pms/ HTTP/1.1" 200 23801 "https://www.middleeastoday.com/?cat=63&paged=11" "Mozilla/5.0 (Linux; Android 7.0;) AppleWebKit/537.36 (KHTML, like Gecko) Mobile Safari/537.36 (compatible; PetalBot;+https://webmaster.petalsearch.com/site/petalbot)"
107.20.181.148 - - [27/Feb/2026:12:36:17 -0500] "GET /wp-json/oembed/1.0/embed?url=https://www.middleeastoday.com/dubai-corporation-for-ambulance-services-unveils-worlds-fastest-and-most-expensive-ambulance-responder-at-expo-2020-dubai/ HTTP/1.1" 200 2904 "-" "Mozilla/5.0 AppleWebKit/537.36 (KHTML, like Gecko; compatible; Amazonbot/0.1; +https://developer.amazon.com/support/amazonbot) Chrome/119.0.6045.214 Safari/537.36"
57.141.2.17 - - [27/Feb/2026:12:36:45 -0500] "GET /uae-president-vp-preside-over-swearing-in-of-newly-appointed-ministers-of-state/ HTTP/1.1" 200 106126 "-" "meta-externalagent/1.1 (+https://developers.facebook.com/docs/sharing/webmasters/crawler)"
114.119.132.207 - - [27/Feb/2026:12:36:59 -0500] "GET /?p=9167 HTTP/1.1" 301 0 "https://www.middleeastoday.com/?p=9162" "Mozilla/5.0 (Linux; Android 7.0;) AppleWebKit/537.36 (KHTML, like Gecko) Mobile Safari/537.36 (compatible; PetalBot;+https://webmaster.petalsearch.com/site/petalbot)"
114.119.132.207 - - [27/Feb/2026:12:37:01 -0500] "GET /bodour-al-qasimi-affirms-importance-of-cultural-diversity-representation-in-publishing-2/ HTTP/1.1" 200 24597 "https://www.middleeastoday.com/?p=9162" "Mozilla/5.0 (Linux; Android 7.0;) AppleWebKit/537.36 (KHTML, like Gecko) Mobile Safari/537.36 (compatible; PetalBot;+https://webmaster.petalsearch.com/site/petalbot)"
74.7.227.182 - - [27/Feb/2026:12:38:47 -0500] "GET /wp-sitemap.xml HTTP/1.1" 200 223 "-" "Mozilla/5.0 AppleWebKit/537.36 (KHTML, like Gecko; compatible; GPTBot/1.3; +https://openai.com/gptbot)"
113.168.211.182 - - [27/Feb/2026:12:36:17 -0500] "GET /category/conferences/ HTTP/1.1" 200 23111 "-" "Mozilla/5.0 (Macintosh; Intel Mac OS X 10_15_7) AppleWebKit/537.36 (KHTML, like Gecko) Chrome/100.0.4889.0 Safari/537.36"
162.213.253.84 - - [27/Feb/2026:12:36:18 -0500] "POST /wp-cron.php?doing_wp_cron=1772213778.5638709068298339843750 HTTP/1.1" 200 0 "-" "WordPress/6.8.1; https://www.middleeastoday.com"
162.213.253.84 - - [27/Feb/2026:12:37:00 -0500] "POST /wp-cron.php?doing_wp_cron=1772213820.4506928920745849609375 HTTP/1.1" 200 0 "-" "WordPress/6.8.1; https://www.middleeastoday.com"
162.213.253.84 - - [27/Feb/2026:12:39:15 -0500] "POST /wp-cron.php?doing_wp_cron=1772213955.7674369812011718750000 HTTP/1.1" 200 0 "-" "WordPress/6.8.1; https://www.middleeastoday.com"
57.141.2.50 - - [27/Feb/2026:12:39:15 -0500] "GET /pay-only-73-this-indian-republic-day-at-jehangirs/ HTTP/1.1" 200 104209 "-" "meta-externalagent/1.1 (+https://developers.facebook.com/docs/sharing/webmasters/crawler)"
114.119.132.207 - - [27/Feb/2026:12:41:09 -0500] "GET /debonair-by-andrea-blk-focuses-on-digitalization/ HTTP/1.1" 200 24336 "https://www.middleeastoday.com/?p=9356" "Mozilla/5.0 (Linux; Android 7.0;) AppleWebKit/537.36 (KHTML, like Gecko) Mobile Safari/537.36 (compatible; PetalBot;+https://webmaster.petalsearch.com/site/petalbot)"
162.213.253.84 - - [27/Feb/2026:12:41:47 -0500] "POST /wp-cron.php?doing_wp_cron=1772214107.2553360462188720703125 HTTP/1.1" 200 0 "-" "WordPress/6.8.1; https://www.middleeastoday.com"
14.239.172.68 - - [27/Feb/2026:12:41:46 -0500] "GET /wp-json/oembed/1.0/embed?url=https%3A%2F%2Fwww.middleeastoday.com%2Fmohammed-bin-rashid-attends-graduation-ceremony-of-46th-batch-of-cadet-officers-of-zayed-ii-mohammed-bin-rashid-attends-graduation-ceremony-of-46th-batch-of-cadet-officers-of-zayed-ii-military-college%2F HTTP/1.1" 200 3268 "-" "Mozilla/5.0 (Macintosh; Intel Mac OS X 10_13_6) AppleWebKit/537.36 (KHTML, like Gecko) Brave Chrome/87.0.4280.141 Safari/537.36"
162.213.253.84 - - [27/Feb/2026:12:41:47 -0500] "POST /wp-admin/admin-ajax.php?action=async_litespeed&nonce=8yrplOhJfvnekmx4NH245dlnFiTgPV4E&litespeed_type=imgoptm HTTP/1.1" 200 21 "-" "WordPress/6.8.1; https://www.middleeastoday.com"
23.23.180.225 - - [27/Feb/2026:12:45:41 -0500] "GET /evelina-yanchenko-walking-high-on-the-wall-of-fame/ HTTP/1.1" 200 24089 "-" "Mozilla/5.0 AppleWebKit/537.36 (KHTML, like Gecko; compatible; Amazonbot/0.1; +https://developer.amazon.com/support/amazonbot) Chrome/119.0.6045.214 Safari/537.36"
57.141.2.19 - - [27/Feb/2026:12:46:21 -0500] "GET /i-love-being-in-dubai-and-i-could-be-a-bond-baddie-shah-rukh-khan/ HTTP/1.1" 200 105847 "-" "meta-externalagent/1.1 (+https://developers.facebook.com/docs/sharing/webmasters/crawler)"
40.77.167.67 - - [27/Feb/2026:12:46:47 -0500] "GET /wp-content/uploads/2022/06/Latifa-bint-Mohammed-455x300.jpg HTTP/1.1" 200 29542 "-" "Mozilla/5.0 AppleWebKit/537.36 (KHTML, like Gecko; compatible; bingbot/2.0; +http://www.bing.com/bingbot.htm) Chrome/116.0.1938.76 Safari/537.36"
57.141.2.21 - - [27/Feb/2026:12:50:24 -0500] "GET /expo-centre-sharjah-to-host-international-jewellery-designers-forum/ HTTP/1.1" 200 105254 "-" "meta-externalagent/1.1 (+https://developers.facebook.com/docs/sharing/webmasters/crawler)"
54.39.136.42 - - [27/Feb/2026:12:53:03 -0500] "GET /adnoc-distribution-to-acquire-50-stake-in-totalenergies-egypt/ HTTP/1.1" 200 21711 "-" "Mozilla/5.0 (compatible; AhrefsBot/7.0; +http://ahrefs.com/robot/)"
69.57.172.96 - - [27/Feb/2026:12:53:15 -0500] "GET /wp-login.php HTTP/1.1" 200 1792 "-" "Mozilla/5.0 (Windows NT 6.2; ARM; Trident/7.0; Touch; rv:11.0; WPDesktop; NOKIA; Lumia 530) like Gecko"
185.191.171.8 - - [27/Feb/2026:12:41:05 -0500] "GET /robots.txt HTTP/1.1" 200 117 "-" "Mozilla/5.0 (compatible; SemrushBot/7~bl; +http://www.semrush.com/bot.html)"
185.191.171.4 - - [27/Feb/2026:12:41:06 -0500] "GET /expo-2020-passes-half-way-mark-with-just-87-days-left/ HTTP/1.1" 200 24586 "-" "Mozilla/5.0 (compatible; SemrushBot/7~bl; +http://www.semrush.com/bot.html)"
69.57.172.96 - - [27/Feb/2026:12:53:15 -0500] "POST /wp-login.php HTTP/1.1" 200 1889 "https://middleeastoday.com/wp-login.php" "Mozilla/5.0 (Windows NT 6.2; ARM; Trident/7.0; Touch; rv:11.0; WPDesktop; NOKIA; Lumia 530) like Gecko"
148.113.130.159 - - [27/Feb/2026:12:56:00 -0500] "GET /uae-leaders-congratulate-greek-president-on-independence-day/ HTTP/1.1" 200 19988 "-" "Mozilla/5.0 (compatible; AhrefsBot/7.0; +http://ahrefs.com/robot/)"
57.141.2.37 - - [27/Feb/2026:12:57:22 -0500] "GET /adihex-launches-2nd-most-beautiful-falcon-hood-competition/ HTTP/1.1" 200 108970 "-" "meta-externalagent/1.1 (+https://developers.facebook.com/docs/sharing/webmasters/crawler)"
114.119.154.115 - - [27/Feb/2026:12:57:41 -0500] "GET /?p=9454 HTTP/1.1" 301 0 "https://www.middleeastoday.com/?author=1&paged=9" "Mozilla/5.0 (Linux; Android 7.0;) AppleWebKit/537.36 (KHTML, like Gecko) Mobile Safari/537.36 (compatible; PetalBot;+https://webmaster.petalsearch.com/site/petalbot)"
162.213.253.84 - - [27/Feb/2026:12:57:43 -0500] "POST /wp-cron.php?doing_wp_cron=1772215063.7037279605865478515625 HTTP/1.1" 200 0 "-" "WordPress/6.8.1; https://www.middleeastoday.com"
