196.132.216.137 - - [02/Jun/2026:13:36:02 -0400] "GET /wp-content/themes/escapetour/css/font-awesome.min.css HTTP/1.1" 200 7749 "http://www.escapetravelservices.com/" "Mozilla/5.0 (iPhone; CPU iPhone OS 26_5_0 like Mac OS X) AppleWebKit/605.1.15 (KHTML, like Gecko) GSA/422.6.916665746 Mobile/15E148 Safari/604.1"
196.132.216.137 - - [02/Jun/2026:13:36:02 -0400] "GET /wp-content/themes/escapetour/css/themify-icons.css HTTP/1.1" 200 3159 "http://www.escapetravelservices.com/" "Mozilla/5.0 (iPhone; CPU iPhone OS 26_5_0 like Mac OS X) AppleWebKit/605.1.15 (KHTML, like Gecko) GSA/422.6.916665746 Mobile/15E148 Safari/604.1"
196.132.216.137 - - [02/Jun/2026:13:36:02 -0400] "GET /wp-content/themes/escapetour/css/grid.css HTTP/1.1" 200 9765 "http://www.escapetravelservices.com/" "Mozilla/5.0 (iPhone; CPU iPhone OS 26_5_0 like Mac OS X) AppleWebKit/605.1.15 (KHTML, like Gecko) GSA/422.6.916665746 Mobile/15E148 Safari/604.1"
196.132.216.137 - - [02/Jun/2026:13:36:02 -0400] "GET /wp-content/plugins/revslider/public/assets/js/rbtools.min.js HTTP/1.1" 200 50897 "http://www.escapetravelservices.com/" "Mozilla/5.0 (iPhone; CPU iPhone OS 26_5_0 like Mac OS X) AppleWebKit/605.1.15 (KHTML, like Gecko) GSA/422.6.916665746 Mobile/15E148 Safari/604.1"
196.132.216.137 - - [02/Jun/2026:13:36:02 -0400] "GET /wp-admin/admin-ajax.php?action=grandtour_custom_css HTTP/1.1" 200 1626 "http://www.escapetravelservices.com/" "Mozilla/5.0 (iPhone; CPU iPhone OS 26_5_0 like Mac OS X) AppleWebKit/605.1.15 (KHTML, like Gecko) GSA/422.6.916665746 Mobile/15E148 Safari/604.1"
196.132.216.137 - - [02/Jun/2026:13:36:02 -0400] "GET /wp-content/plugins/revslider/public/assets/js/rs6.min.js HTTP/1.1" 200 100200 "http://www.escapetravelservices.com/" "Mozilla/5.0 (iPhone; CPU iPhone OS 26_5_0 like Mac OS X) AppleWebKit/605.1.15 (KHTML, like Gecko) GSA/422.6.916665746 Mobile/15E148 Safari/604.1"
196.132.216.137 - - [02/Jun/2026:13:36:03 -0400] "GET /wp-content/plugins/sliding-enquiry-form/js/validation.js HTTP/1.1" 200 764 "http://www.escapetravelservices.com/" "Mozilla/5.0 (iPhone; CPU iPhone OS 26_5_0 like Mac OS X) AppleWebKit/605.1.15 (KHTML, like Gecko) GSA/422.6.916665746 Mobile/15E148 Safari/604.1"
196.132.216.137 - - [02/Jun/2026:13:36:03 -0400] "GET /wp-content/uploads/trustindex-google-widget.css HTTP/1.1" 200 3707 "http://www.escapetravelservices.com/" "Mozilla/5.0 (iPhone; CPU iPhone OS 26_5_0 like Mac OS X) AppleWebKit/605.1.15 (KHTML, like Gecko) GSA/422.6.916665746 Mobile/15E148 Safari/604.1"
196.132.216.137 - - [02/Jun/2026:13:36:03 -0400] "GET /wp-content/plugins/booked/assets/js/spin.jquery.js HTTP/1.1" 200 815 "http://www.escapetravelservices.com/" "Mozilla/5.0 (iPhone; CPU iPhone OS 26_5_0 like Mac OS X) AppleWebKit/605.1.15 (KHTML, like Gecko) GSA/422.6.916665746 Mobile/15E148 Safari/604.1"
196.132.216.137 - - [02/Jun/2026:13:36:03 -0400] "GET /wp-content/plugins/booked/assets/js/functions.js HTTP/1.1" 200 11157 "http://www.escapetravelservices.com/" "Mozilla/5.0 (iPhone; CPU iPhone OS 26_5_0 like Mac OS X) AppleWebKit/605.1.15 (KHTML, like Gecko) GSA/422.6.916665746 Mobile/15E148 Safari/604.1"
196.132.216.137 - - [02/Jun/2026:13:36:03 -0400] "GET /wp-content/plugins/booked/assets/js/tooltipster/js/jquery.tooltipster.min.js HTTP/1.1" 200 5485 "http://www.escapetravelservices.com/" "Mozilla/5.0 (iPhone; CPU iPhone OS 26_5_0 like Mac OS X) AppleWebKit/605.1.15 (KHTML, like Gecko) GSA/422.6.916665746 Mobile/15E148 Safari/604.1"
196.132.216.137 - - [02/Jun/2026:13:36:03 -0400] "GET /wp-content/plugins/booked/assets/js/spin.min.js HTTP/1.1" 200 2133 "http://www.escapetravelservices.com/" "Mozilla/5.0 (iPhone; CPU iPhone OS 26_5_0 like Mac OS X) AppleWebKit/605.1.15 (KHTML, like Gecko) GSA/422.6.916665746 Mobile/15E148 Safari/604.1"
196.132.216.137 - - [02/Jun/2026:13:36:03 -0400] "GET /wp-content/plugins/contact-form-7/includes/js/scripts.js HTTP/1.1" 200 4567 "http://www.escapetravelservices.com/" "Mozilla/5.0 (iPhone; CPU iPhone OS 26_5_0 like Mac OS X) AppleWebKit/605.1.15 (KHTML, like Gecko) GSA/422.6.916665746 Mobile/15E148 Safari/604.1"
196.132.216.137 - - [02/Jun/2026:13:36:03 -0400] "GET /wp-content/themes/escapetour/js/jquery.requestAnimationFrame.js HTTP/1.1" 200 686 "http://www.escapetravelservices.com/" "Mozilla/5.0 (iPhone; CPU iPhone OS 26_5_0 like Mac OS X) AppleWebKit/605.1.15 (KHTML, like Gecko) GSA/422.6.916665746 Mobile/15E148 Safari/604.1"
196.132.216.137 - - [02/Jun/2026:13:36:03 -0400] "GET /wp-content/themes/escapetour/js/ilightbox.packed.js HTTP/1.1" 200 26301 "http://www.escapetravelservices.com/" "Mozilla/5.0 (iPhone; CPU iPhone OS 26_5_0 like Mac OS X) AppleWebKit/605.1.15 (KHTML, like Gecko) GSA/422.6.916665746 Mobile/15E148 Safari/604.1"
196.132.216.137 - - [02/Jun/2026:13:36:03 -0400] "GET /wp-content/themes/escapetour/js/waypoints.min.js HTTP/1.1" 200 2830 "http://www.escapetravelservices.com/" "Mozilla/5.0 (iPhone; CPU iPhone OS 26_5_0 like Mac OS X) AppleWebKit/605.1.15 (KHTML, like Gecko) GSA/422.6.916665746 Mobile/15E148 Safari/604.1"
196.132.216.137 - - [02/Jun/2026:13:36:04 -0400] "GET /wp-content/themes/escapetour/js/jquery.masory.js HTTP/1.1" 200 8144 "http://www.escapetravelservices.com/" "Mozilla/5.0 (iPhone; CPU iPhone OS 26_5_0 like Mac OS X) AppleWebKit/605.1.15 (KHTML, like Gecko) GSA/422.6.916665746 Mobile/15E148 Safari/604.1"
196.132.216.137 - - [02/Jun/2026:13:36:04 -0400] "GET /wp-content/themes/escapetour/js/jquery.tooltipster.min.js HTTP/1.1" 200 5312 "http://www.escapetravelservices.com/" "Mozilla/5.0 (iPhone; CPU iPhone OS 26_5_0 like Mac OS X) AppleWebKit/605.1.15 (KHTML, like Gecko) GSA/422.6.916665746 Mobile/15E148 Safari/604.1"
196.132.216.137 - - [02/Jun/2026:13:36:01 -0400] "GET /wp-content/plugins/grandtour-custom-post/css/fontawesome-stars-o.css HTTP/1.1" 404 27460 "http://www.escapetravelservices.com/" "Mozilla/5.0 (iPhone; CPU iPhone OS 26_5_0 like Mac OS X) AppleWebKit/605.1.15 (KHTML, like Gecko) GSA/422.6.916665746 Mobile/15E148 Safari/604.1"
196.132.216.137 - - [02/Jun/2026:13:36:04 -0400] "GET /wp-content/themes/escapetour/js/jquery.cookie.js HTTP/1.1" 200 1452 "http://www.escapetravelservices.com/" "Mozilla/5.0 (iPhone; CPU iPhone OS 26_5_0 like Mac OS X) AppleWebKit/605.1.15 (KHTML, like Gecko) GSA/422.6.916665746 Mobile/15E148 Safari/604.1"
196.132.216.137 - - [02/Jun/2026:13:36:04 -0400] "GET /wp-content/themes/escapetour/js/custom_plugins.js HTTP/1.1" 200 2016 "http://www.escapetravelservices.com/" "Mozilla/5.0 (iPhone; CPU iPhone OS 26_5_0 like Mac OS X) AppleWebKit/605.1.15 (KHTML, like Gecko) GSA/422.6.916665746 Mobile/15E148 Safari/604.1"
196.132.216.137 - - [02/Jun/2026:13:36:04 -0400] "GET /wp-content/themes/escapetour/js/custom.js HTTP/1.1" 200 5360 "http://www.escapetravelservices.com/" "Mozilla/5.0 (iPhone; CPU iPhone OS 26_5_0 like Mac OS X) AppleWebKit/605.1.15 (KHTML, like Gecko) GSA/422.6.916665746 Mobile/15E148 Safari/604.1"
196.132.216.137 - - [02/Jun/2026:13:36:04 -0400] "GET /wp-content/themes/escapetour/css/dark-skin/skin.css HTTP/1.1" 200 1525 "http://www.escapetravelservices.com/" "Mozilla/5.0 (iPhone; CPU iPhone OS 26_5_0 like Mac OS X) AppleWebKit/605.1.15 (KHTML, like Gecko) GSA/422.6.916665746 Mobile/15E148 Safari/604.1"
196.132.216.137 - - [02/Jun/2026:13:36:04 -0400] "GET /wp-content/themes/escapetour/css/light-skin/skin.css HTTP/1.1" 200 1532 "http://www.escapetravelservices.com/" "Mozilla/5.0 (iPhone; CPU iPhone OS 26_5_0 like Mac OS X) AppleWebKit/605.1.15 (KHTML, like Gecko) GSA/422.6.916665746 Mobile/15E148 Safari/604.1"
196.132.216.137 - - [02/Jun/2026:13:36:03 -0400] "GET /wp-content/plugins/booked/includes/add-ons/frontend-agents/js/functions.js HTTP/1.1" 200 1311 "http://www.escapetravelservices.com/" "Mozilla/5.0 (iPhone; CPU iPhone OS 26_5_0 like Mac OS X) AppleWebKit/605.1.15 (KHTML, like Gecko) GSA/422.6.916665746 Mobile/15E148 Safari/604.1"
196.132.216.137 - - [02/Jun/2026:13:36:03 -0400] "GET /wp-content/themes/escapetour/js/jquery.easing.js HTTP/1.1" 200 2186 "http://www.escapetravelservices.com/" "Mozilla/5.0 (iPhone; CPU iPhone OS 26_5_0 like Mac OS X) AppleWebKit/605.1.15 (KHTML, like Gecko) GSA/422.6.916665746 Mobile/15E148 Safari/604.1"
196.132.216.137 - - [02/Jun/2026:13:36:03 -0400] "GET /wp-content/themes/escapetour/js/jquery.isotope.js HTTP/1.1" 200 5637 "http://www.escapetravelservices.com/" "Mozilla/5.0 (iPhone; CPU iPhone OS 26_5_0 like Mac OS X) AppleWebKit/605.1.15 (KHTML, like Gecko) GSA/422.6.916665746 Mobile/15E148 Safari/604.1"
196.132.216.137 - - [02/Jun/2026:13:36:04 -0400] "GET /wp-content/themes/escapetour/js/jarallax.js HTTP/1.1" 200 10878 "http://www.escapetravelservices.com/" "Mozilla/5.0 (iPhone; CPU iPhone OS 26_5_0 like Mac OS X) AppleWebKit/605.1.15 (KHTML, like Gecko) GSA/422.6.916665746 Mobile/15E148 Safari/604.1"
196.132.216.137 - - [02/Jun/2026:13:36:04 -0400] "GET /wp-content/themes/escapetour/js/jquery.sticky-kit.min.js HTTP/1.1" 200 1340 "http://www.escapetravelservices.com/" "Mozilla/5.0 (iPhone; CPU iPhone OS 26_5_0 like Mac OS X) AppleWebKit/605.1.15 (KHTML, like Gecko) GSA/422.6.916665746 Mobile/15E148 Safari/604.1"
196.132.216.137 - - [02/Jun/2026:13:36:04 -0400] "GET /wp-content/themes/escapetour/js/jquery.stellar.min.js HTTP/1.1" 200 3845 "http://www.escapetravelservices.com/" "Mozilla/5.0 (iPhone; CPU iPhone OS 26_5_0 like Mac OS X) AppleWebKit/605.1.15 (KHTML, like Gecko) GSA/422.6.916665746 Mobile/15E148 Safari/604.1"
196.132.216.137 - - [02/Jun/2026:13:36:04 -0400] "GET /wp-content/themes/escapetour/js/custom_onepage.js HTTP/1.1" 200 684 "http://www.escapetravelservices.com/" "Mozilla/5.0 (iPhone; CPU iPhone OS 26_5_0 like Mac OS X) AppleWebKit/605.1.15 (KHTML, like Gecko) GSA/422.6.916665746 Mobile/15E148 Safari/604.1"
196.132.216.137 - - [02/Jun/2026:13:36:04 -0400] "GET /wp-content/themes/escapetour/css/parade-skin/skin.css HTTP/1.1" 200 636 "http://www.escapetravelservices.com/" "Mozilla/5.0 (iPhone; CPU iPhone OS 26_5_0 like Mac OS X) AppleWebKit/605.1.15 (KHTML, like Gecko) GSA/422.6.916665746 Mobile/15E148 Safari/604.1"
196.132.216.137 - - [02/Jun/2026:13:36:04 -0400] "GET /wp-content/uploads/2022/06/escape-travel-services-ceo-150x150.jpg HTTP/1.1" 200 4381 "http://www.escapetravelservices.com/" "Mozilla/5.0 (iPhone; CPU iPhone OS 26_5_0 like Mac OS X) AppleWebKit/605.1.15 (KHTML, like Gecko) GSA/422.6.916665746 Mobile/15E148 Safari/604.1"
196.132.216.137 - - [02/Jun/2026:13:36:05 -0400] "GET /wp-content/themes/escapetour/fonts/themify.woff HTTP/1.1" 200 56108 "http://www.escapetravelservices.com/" "Mozilla/5.0 (iPhone; CPU iPhone OS 26_5_0 like Mac OS X) AppleWebKit/605.1.15 (KHTML, like Gecko) GSA/422.6.916665746 Mobile/15E148 Safari/604.1"
196.132.216.137 - - [02/Jun/2026:13:36:05 -0400] "GET /wp-content/plugins/sliding-enquiry-form/fonts/fontawesome-webfont.woff2?v=4.7.0 HTTP/1.1" 200 77160 "http://www.escapetravelservices.com/" "Mozilla/5.0 (iPhone; CPU iPhone OS 26_5_0 like Mac OS X) AppleWebKit/605.1.15 (KHTML, like Gecko) GSA/422.6.916665746 Mobile/15E148 Safari/604.1"
196.132.216.137 - - [02/Jun/2026:13:36:05 -0400] "GET /wp-content/uploads/2022/06/Jubiliant-Bali-700x466.jpg HTTP/1.1" 200 42842 "http://www.escapetravelservices.com/" "Mozilla/5.0 (iPhone; CPU iPhone OS 26_5_0 like Mac OS X) AppleWebKit/605.1.15 (KHTML, like Gecko) GSA/422.6.916665746 Mobile/15E148 Safari/604.1"
196.132.216.137 - - [02/Jun/2026:13:36:04 -0400] "GET /wp-content/themes/escapetour/css/metro-white-skin/skin.css HTTP/1.1" 200 1523 "http://www.escapetravelservices.com/" "Mozilla/5.0 (iPhone; CPU iPhone OS 26_5_0 like Mac OS X) AppleWebKit/605.1.15 (KHTML, like Gecko) GSA/422.6.916665746 Mobile/15E148 Safari/604.1"
196.132.216.137 - - [02/Jun/2026:13:36:04 -0400] "GET /wp-content/themes/escapetour/css/metro-black-skin/skin.css HTTP/1.1" 200 1364 "http://www.escapetravelservices.com/" "Mozilla/5.0 (iPhone; CPU iPhone OS 26_5_0 like Mac OS X) AppleWebKit/605.1.15 (KHTML, like Gecko) GSA/422.6.916665746 Mobile/15E148 Safari/604.1"
196.132.216.137 - - [02/Jun/2026:13:36:04 -0400] "GET /wp-content/themes/escapetour/js/jarallax-video.js HTTP/1.1" 200 11177 "http://www.escapetravelservices.com/" "Mozilla/5.0 (iPhone; CPU iPhone OS 26_5_0 like Mac OS X) AppleWebKit/605.1.15 (KHTML, like Gecko) GSA/422.6.916665746 Mobile/15E148 Safari/604.1"
196.132.216.137 - - [02/Jun/2026:13:36:04 -0400] "GET /wp-content/themes/escapetour/css/mac-skin/skin.css HTTP/1.1" 200 2033 "http://www.escapetravelservices.com/" "Mozilla/5.0 (iPhone; CPU iPhone OS 26_5_0 like Mac OS X) AppleWebKit/605.1.15 (KHTML, like Gecko) GSA/422.6.916665746 Mobile/15E148 Safari/604.1"
196.132.216.137 - - [02/Jun/2026:13:36:04 -0400] "GET /wp-content/themes/escapetour/css/smooth-skin/skin.css HTTP/1.1" 200 1660 "http://www.escapetravelservices.com/" "Mozilla/5.0 (iPhone; CPU iPhone OS 26_5_0 like Mac OS X) AppleWebKit/605.1.15 (KHTML, like Gecko) GSA/422.6.916665746 Mobile/15E148 Safari/604.1"
196.132.216.137 - - [02/Jun/2026:13:36:04 -0400] "GET /wp-content/uploads/2021/01/escape-logo-black2.png HTTP/1.1" 200 32505 "http://www.escapetravelservices.com/" "Mozilla/5.0 (iPhone; CPU iPhone OS 26_5_0 like Mac OS X) AppleWebKit/605.1.15 (KHTML, like Gecko) GSA/422.6.916665746 Mobile/15E148 Safari/604.1"
196.132.216.137 - - [02/Jun/2026:13:36:05 -0400] "GET /wp-content/uploads/2021/01/498263-700x466.jpg HTTP/1.1" 200 70629 "http://www.escapetravelservices.com/" "Mozilla/5.0 (iPhone; CPU iPhone OS 26_5_0 like Mac OS X) AppleWebKit/605.1.15 (KHTML, like Gecko) GSA/422.6.916665746 Mobile/15E148 Safari/604.1"
196.132.216.137 - - [02/Jun/2026:13:36:05 -0400] "GET /wp-content/uploads/2021/01/Sri-Lanka-667x466.jpg HTTP/1.1" 200 99457 "http://www.escapetravelservices.com/" "Mozilla/5.0 (iPhone; CPU iPhone OS 26_5_0 like Mac OS X) AppleWebKit/605.1.15 (KHTML, like Gecko) GSA/422.6.916665746 Mobile/15E148 Safari/604.1"
196.132.216.137 - - [02/Jun/2026:13:36:05 -0400] "GET /wp-content/uploads/2022/06/Marvelous-Phuket-Krabi-700x466.jpg HTTP/1.1" 200 60497 "http://www.escapetravelservices.com/" "Mozilla/5.0 (iPhone; CPU iPhone OS 26_5_0 like Mac OS X) AppleWebKit/605.1.15 (KHTML, like Gecko) GSA/422.6.916665746 Mobile/15E148 Safari/604.1"
196.132.216.137 - - [02/Jun/2026:13:36:05 -0400] "GET /wp-content/uploads/2016/12/treks-in-winter-960x636.jpg HTTP/1.1" 200 78892 "http://www.escapetravelservices.com/" "Mozilla/5.0 (iPhone; CPU iPhone OS 26_5_0 like Mac OS X) AppleWebKit/605.1.15 (KHTML, like Gecko) GSA/422.6.916665746 Mobile/15E148 Safari/604.1"
196.132.216.137 - - [02/Jun/2026:13:36:05 -0400] "GET /wp-content/uploads/2021/01/Honeymoon-Destinations-in-India.jpg HTTP/1.1" 200 130539 "http://www.escapetravelservices.com/" "Mozilla/5.0 (iPhone; CPU iPhone OS 26_5_0 like Mac OS X) AppleWebKit/605.1.15 (KHTML, like Gecko) GSA/422.6.916665746 Mobile/15E148 Safari/604.1"
196.132.216.137 - - [02/Jun/2026:13:36:06 -0400] "GET /wp-content/uploads/2022/06/escape-travel-services-ceo-960x636.jpg HTTP/1.1" 200 68034 "http://www.escapetravelservices.com/" "Mozilla/5.0 (iPhone; CPU iPhone OS 26_5_0 like Mac OS X) AppleWebKit/605.1.15 (KHTML, like Gecko) GSA/422.6.916665746 Mobile/15E148 Safari/604.1"
196.132.216.137 - - [02/Jun/2026:13:36:06 -0400] "GET /wp-content/plugins/sliding-enquiry-form/captha/CaptchaSecurityImages.php?width=100&height=40&characters=5&code=rcdx4m HTTP/1.1" 200 201 "http://www.escapetravelservices.com/" "Mozilla/5.0 (iPhone; CPU iPhone OS 26_5_0 like Mac OS X) AppleWebKit/605.1.15 (KHTML, like Gecko) GSA/422.6.916665746 Mobile/15E148 Safari/604.1"
196.132.216.137 - - [02/Jun/2026:13:36:06 -0400] "GET /wp-content/plugins/whatsapp-for-wordpress/assets/img/whatsapp_logo.svg HTTP/1.1" 200 967 "http://www.escapetravelservices.com/" "Mozilla/5.0 (iPhone; CPU iPhone OS 26_5_0 like Mac OS X) AppleWebKit/605.1.15 (KHTML, like Gecko) GSA/422.6.916665746 Mobile/15E148 Safari/604.1"
196.132.216.137 - - [02/Jun/2026:13:36:06 -0400] "GET /wp-content/uploads/2022/06/shimla-manali-tour-package-from-mumbai-700x466.jpg HTTP/1.1" 200 97903 "http://www.escapetravelservices.com/" "Mozilla/5.0 (iPhone; CPU iPhone OS 26_5_0 like Mac OS X) AppleWebKit/605.1.15 (KHTML, like Gecko) GSA/422.6.916665746 Mobile/15E148 Safari/604.1"
196.132.216.137 - - [02/Jun/2026:13:36:06 -0400] "GET /wp-content/plugins/whatsapp-for-wordpress/assets/img/whatsapp_logo_green.svg HTTP/1.1" 200 967 "http://www.escapetravelservices.com/" "Mozilla/5.0 (iPhone; CPU iPhone OS 26_5_0 like Mac OS X) AppleWebKit/605.1.15 (KHTML, like Gecko) GSA/422.6.916665746 Mobile/15E148 Safari/604.1"
196.132.216.137 - - [02/Jun/2026:13:36:06 -0400] "GET /wp-content/plugins/whatsapp-for-wordpress/assets/img/x_icon.svg HTTP/1.1" 200 383 "http://www.escapetravelservices.com/" "Mozilla/5.0 (iPhone; CPU iPhone OS 26_5_0 like Mac OS X) AppleWebKit/605.1.15 (KHTML, like Gecko) GSA/422.6.916665746 Mobile/15E148 Safari/604.1"
196.132.216.137 - - [02/Jun/2026:13:36:05 -0400] "GET /wp-content/uploads/2021/01/dubai-banner.jpg HTTP/1.1" 200 89714 "http://www.escapetravelservices.com/" "Mozilla/5.0 (iPhone; CPU iPhone OS 26_5_0 like Mac OS X) AppleWebKit/605.1.15 (KHTML, like Gecko) GSA/422.6.916665746 Mobile/15E148 Safari/604.1"
196.132.216.137 - - [02/Jun/2026:13:36:05 -0400] "GET /wp-content/uploads/2022/06/Luxury-Mauritius-700x466.jpg HTTP/1.1" 200 68250 "http://www.escapetravelservices.com/" "Mozilla/5.0 (iPhone; CPU iPhone OS 26_5_0 like Mac OS X) AppleWebKit/605.1.15 (KHTML, like Gecko) GSA/422.6.916665746 Mobile/15E148 Safari/604.1"
196.132.216.137 - - [02/Jun/2026:13:36:05 -0400] "GET /wp-content/uploads/2022/06/Luxe-Dubai-700x466.jpg HTTP/1.1" 200 70497 "http://www.escapetravelservices.com/" "Mozilla/5.0 (iPhone; CPU iPhone OS 26_5_0 like Mac OS X) AppleWebKit/605.1.15 (KHTML, like Gecko) GSA/422.6.916665746 Mobile/15E148 Safari/604.1"
196.132.216.137 - - [02/Jun/2026:13:36:05 -0400] "GET /wp-content/uploads/2022/06/uttarakhand-tour-package-for-10-days-700x466.jpg HTTP/1.1" 200 54299 "http://www.escapetravelservices.com/" "Mozilla/5.0 (iPhone; CPU iPhone OS 26_5_0 like Mac OS X) AppleWebKit/605.1.15 (KHTML, like Gecko) GSA/422.6.916665746 Mobile/15E148 Safari/604.1"
196.132.216.137 - - [02/Jun/2026:13:36:05 -0400] "GET /wp-content/uploads/2022/06/himachal-pradesh-tour-packages-from-delhi-700x466.jpg HTTP/1.1" 200 85358 "http://www.escapetravelservices.com/" "Mozilla/5.0 (iPhone; CPU iPhone OS 26_5_0 like Mac OS X) AppleWebKit/605.1.15 (KHTML, like Gecko) GSA/422.6.916665746 Mobile/15E148 Safari/604.1"
196.132.216.137 - - [02/Jun/2026:13:36:05 -0400] "GET /wp-content/uploads/2021/01/escape-logo-white1.png HTTP/1.1" 200 33369 "http://www.escapetravelservices.com/" "Mozilla/5.0 (iPhone; CPU iPhone OS 26_5_0 like Mac OS X) AppleWebKit/605.1.15 (KHTML, like Gecko) GSA/422.6.916665746 Mobile/15E148 Safari/604.1"
196.132.216.137 - - [02/Jun/2026:13:36:05 -0400] "GET /wp-content/uploads/2022/06/Thrilling-Malaysia-700x466.jpg HTTP/1.1" 200 24375 "http://www.escapetravelservices.com/" "Mozilla/5.0 (iPhone; CPU iPhone OS 26_5_0 like Mac OS X) AppleWebKit/605.1.15 (KHTML, like Gecko) GSA/422.6.916665746 Mobile/15E148 Safari/604.1"
196.132.216.137 - - [02/Jun/2026:13:36:05 -0400] "GET /wp-content/uploads/2022/06/Captivating-Bangkok-Pattaya-700x466.jpg HTTP/1.1" 200 80026 "http://www.escapetravelservices.com/" "Mozilla/5.0 (iPhone; CPU iPhone OS 26_5_0 like Mac OS X) AppleWebKit/605.1.15 (KHTML, like Gecko) GSA/422.6.916665746 Mobile/15E148 Safari/604.1"
196.132.216.137 - - [02/Jun/2026:13:36:05 -0400] "GET /wp-content/uploads/2022/06/Delightful-Seychlles-700x466.jpg HTTP/1.1" 200 107321 "http://www.escapetravelservices.com/" "Mozilla/5.0 (iPhone; CPU iPhone OS 26_5_0 like Mac OS X) AppleWebKit/605.1.15 (KHTML, like Gecko) GSA/422.6.916665746 Mobile/15E148 Safari/604.1"
196.132.216.137 - - [02/Jun/2026:13:36:06 -0400] "GET /wp-content/uploads/2022/06/Luxurious-Maldives-700x466.jpg HTTP/1.1" 200 43619 "http://www.escapetravelservices.com/" "Mozilla/5.0 (iPhone; CPU iPhone OS 26_5_0 like Mac OS X) AppleWebKit/605.1.15 (KHTML, like Gecko) GSA/422.6.916665746 Mobile/15E148 Safari/604.1"
196.132.216.137 - - [02/Jun/2026:13:36:06 -0400] "GET /wp-content/uploads/2021/01/Malaysia-960x636.jpg HTTP/1.1" 200 117872 "http://www.escapetravelservices.com/" "Mozilla/5.0 (iPhone; CPU iPhone OS 26_5_0 like Mac OS X) AppleWebKit/605.1.15 (KHTML, like Gecko) GSA/422.6.916665746 Mobile/15E148 Safari/604.1"
196.132.216.137 - - [02/Jun/2026:13:36:06 -0400] "GET /wp-content/uploads/2022/06/kashmir-tour-package-from-delhi-700x466.jpg HTTP/1.1" 200 75674 "http://www.escapetravelservices.com/" "Mozilla/5.0 (iPhone; CPU iPhone OS 26_5_0 like Mac OS X) AppleWebKit/605.1.15 (KHTML, like Gecko) GSA/422.6.916665746 Mobile/15E148 Safari/604.1"
52.167.144.55 - - [02/Jun/2026:13:45:42 -0400] "GET /robots.txt HTTP/1.1" 200 6884 "-" "Mozilla/5.0 AppleWebKit/537.36 (KHTML, like Gecko; compatible; bingbot/2.0; +http://www.bing.com/bingbot.htm) Chrome/116.0.1938.76 Safari/537.36"
52.167.144.141 - - [02/Jun/2026:13:45:54 -0400] "GET /wp-content/uploads/2022/06/thailand-tour-packages-for-couple-700x466.jpg HTTP/1.1" 200 54974 "-" "Mozilla/5.0 AppleWebKit/537.36 (KHTML, like Gecko; compatible; bingbot/2.0; +http://www.bing.com/bingbot.htm) Chrome/116.0.1938.76 Safari/537.36"
40.77.167.26 - - [02/Jun/2026:14:05:53 -0400] "GET /wp-content/uploads/2022/06/kerala-tour-packages-for-family-scaled.jpg HTTP/1.1" 200 873158 "-" "Mozilla/5.0 (Windows NT 6.1; WOW64) AppleWebKit/534+ (KHTML, like Gecko) BingPreview/1.0b"
178.217.98.153 - - [02/Jun/2026:14:08:30 -0400] "GET / HTTP/1.0" 200 160912 "http://www.escapetravelservices.com/" "Mozilla/5.0 (Windows NT 10.0; Win64; x64) AppleWebKit/537.36 (KHTML, like Gecko) Chrome/130.0.0.0 Safari/537.36"
178.217.98.153 - - [02/Jun/2026:14:08:32 -0400] "GET /wp-content/plugins/sliding-enquiry-form/captha/CaptchaSecurityImages.php?width=100&height=40&characters=5&code=rcdx4m HTTP/1.0" 200 242 "http://www.escapetravelservices.com/" "Mozilla/5.0 (Windows NT 10.0; Win64; x64) AppleWebKit/537.36 (KHTML, like Gecko) Chrome/130.0.0.0 Safari/537.36"
162.213.253.84 - - [02/Jun/2026:14:08:33 -0400] "POST /wp-cron.php?doing_wp_cron=1780423713.5927700996398925781250 HTTP/1.1" 200 0 "http://www.escapetravelservices.com/wp-cron.php?doing_wp_cron=1780423713.5927700996398925781250" "WordPress/6.0; http://www.escapetravelservices.com"
178.217.98.153 - - [02/Jun/2026:14:08:33 -0400] "POST / HTTP/1.0" 404 131885 "http://www.escapetravelservices.com/" "Mozilla/5.0 (Windows NT 10.0; Win64; x64) AppleWebKit/537.36 (KHTML, like Gecko) Chrome/130.0.0.0 Safari/537.36"
40.77.167.26 - - [02/Jun/2026:14:05:51 -0400] "GET /wp-content/uploads/2022/06/kerala-tour-packages-for-family-scaled.jpg HTTP/1.1" 200 873158 "-" "Mozilla/5.0 (Windows NT 6.1; WOW64) AppleWebKit/534+ (KHTML, like Gecko) BingPreview/1.0b"
162.213.253.84 - - [02/Jun/2026:14:31:52 -0400] "POST /wp-cron.php?doing_wp_cron=1780425112.6834878921508789062500 HTTP/1.1" 200 0 "http://www.escapetravelservices.com/wp-cron.php?doing_wp_cron=1780425112.6834878921508789062500" "WordPress/6.0; http://www.escapetravelservices.com"
178.217.98.153 - - [02/Jun/2026:14:31:52 -0400] "POST / HTTP/1.0" 404 131885 "http://www.escapetravelservices.com/" "Mozilla/5.0 (Windows NT 10.0; Win64; x64) AppleWebKit/537.36 (KHTML, like Gecko) Chrome/131.0.0.0 Safari/537.36"
178.217.98.153 - - [02/Jun/2026:14:31:49 -0400] "GET / HTTP/1.0" 200 160912 "http://www.escapetravelservices.com/" "Mozilla/5.0 (Windows NT 10.0; Win64; x64) AppleWebKit/537.36 (KHTML, like Gecko) Chrome/131.0.0.0 Safari/537.36"
178.217.98.153 - - [02/Jun/2026:14:31:51 -0400] "GET /wp-content/plugins/sliding-enquiry-form/captha/CaptchaSecurityImages.php?width=100&height=40&characters=5&code=rcdx4m HTTP/1.0" 200 242 "http://www.escapetravelservices.com/" "Mozilla/5.0 (Windows NT 10.0; Win64; x64) AppleWebKit/537.36 (KHTML, like Gecko) Chrome/131.0.0.0 Safari/537.36"
66.249.68.163 - - [02/Jun/2026:14:55:36 -0400] "GET /robots.txt HTTP/1.1" 200 6884 "-" "Mozilla/5.0 (compatible; Googlebot/2.1; +http://www.google.com/bot.html)"
66.249.68.163 - - [02/Jun/2026:14:56:00 -0400] "GET /contact-us/ HTTP/1.1" 200 25980 "-" "Mozilla/5.0 (Linux; Android 6.0.1; Nexus 5X Build/MMB29P) AppleWebKit/537.36 (KHTML, like Gecko) Chrome/148.0.7778.96 Mobile Safari/537.36 (compatible; Googlebot/2.1; +http://www.google.com/bot.html)"
66.249.68.163 - - [02/Jun/2026:14:56:05 -0400] "GET /contact-us/ HTTP/1.1" 200 25980 "-" "Mozilla/5.0 (compatible; Googlebot/2.1; +http://www.google.com/bot.html)"
66.249.68.162 - - [02/Jun/2026:14:56:43 -0400] "GET /wp-content/themes/escapetour/js/custom_plugins.js HTTP/1.1" 200 1632 "http://www.escapetravelservices.com/contact-us/" "Mozilla/5.0 (Linux; Android 6.0.1; Nexus 5X Build/MMB29P) AppleWebKit/537.36 (KHTML, like Gecko) Chrome/148.0.7778.96 Mobile Safari/537.36 (compatible; Googlebot/2.1; +http://www.google.com/bot.html)"
162.213.253.84 - - [02/Jun/2026:14:57:20 -0400] "POST /wp-cron.php?doing_wp_cron=1780426640.8083128929138183593750 HTTP/1.1" 200 0 "http://www.escapetravelservices.com/wp-cron.php?doing_wp_cron=1780426640.8083128929138183593750" "WordPress/6.0; http://www.escapetravelservices.com"
178.217.98.153 - - [02/Jun/2026:14:58:21 -0400] "GET / HTTP/1.0" 200 160912 "http://www.escapetravelservices.com/" "Mozilla/5.0 (Windows NT 10.0; Win64; x64) AppleWebKit/537.36 (KHTML, like Gecko) Chrome/131.0.0.0 Safari/537.36 Avast/131.0.0.0"
66.249.68.162 - - [02/Jun/2026:14:59:59 -0400] "GET /wp-content/themes/escapetour/js/jquery.isotope.js HTTP/1.1" 200 4859 "http://www.escapetravelservices.com/contact-us/" "Mozilla/5.0 (compatible; Googlebot/2.1; +http://www.google.com/bot.html)"
66.249.68.163 - - [02/Jun/2026:15:00:01 -0400] "GET /wp-content/plugins/whatsapp-for-wordpress/assets/img/whatsapp_logo.svg HTTP/1.1" 200 883 "http://www.escapetravelservices.com/wp-content/plugins/whatsapp-for-wordpress/assets/css/style.css" "Mozilla/5.0 (compatible; Googlebot/2.1; +http://www.google.com/bot.html)"
66.249.68.163 - - [02/Jun/2026:15:00:05 -0400] "GET /wp-json/contact-form-7/v1/contact-forms/3075/refill HTTP/1.1" 200 2 "http://www.escapetravelservices.com/contact-us/" "Mozilla/5.0 (compatible; Googlebot/2.1; +http://www.google.com/bot.html)"
66.249.68.162 - - [02/Jun/2026:14:56:27 -0400] "GET /wp-content/plugins/contact-form-7/includes/js/scripts.js HTTP/1.1" 200 3700 "http://www.escapetravelservices.com/contact-us/" "Mozilla/5.0 (Linux; Android 6.0.1; Nexus 5X Build/MMB29P) AppleWebKit/537.36 (KHTML, like Gecko) Chrome/148.0.7778.96 Mobile Safari/537.36 (compatible; Googlebot/2.1; +http://www.google.com/bot.html)"
66.249.68.162 - - [02/Jun/2026:14:56:40 -0400] "GET /wp-content/themes/escapetour/js/custom_onepage.js HTTP/1.1" 200 549 "http://www.escapetravelservices.com/contact-us/" "Mozilla/5.0 (Linux; Android 6.0.1; Nexus 5X Build/MMB29P) AppleWebKit/537.36 (KHTML, like Gecko) Chrome/148.0.7778.96 Mobile Safari/537.36 (compatible; Googlebot/2.1; +http://www.google.com/bot.html)"
66.249.68.162 - - [02/Jun/2026:14:56:55 -0400] "GET /wp-content/plugins/whatsapp-for-wordpress/assets/img/whatsapp_logo_green.svg HTTP/1.1" 200 884 "http://www.escapetravelservices.com/wp-content/plugins/whatsapp-for-wordpress/assets/css/style.css" "Mozilla/5.0 (Linux; Android 6.0.1; Nexus 5X Build/MMB29P) AppleWebKit/537.36 (KHTML, like Gecko) Chrome/148.0.7778.96 Mobile Safari/537.36 (compatible; Googlebot/2.1; +http://www.google.com/bot.html)"
66.249.68.163 - - [02/Jun/2026:14:57:20 -0400] "GET /wp-content/plugins/grandtour-custom-post/css/fontawesome-stars-o.css HTTP/1.1" 404 23959 "http://www.escapetravelservices.com/contact-us/" "Mozilla/5.0 (Linux; Android 6.0.1; Nexus 5X Build/MMB29P) AppleWebKit/537.36 (KHTML, like Gecko) Chrome/148.0.7778.96 Mobile Safari/537.36 (compatible; Googlebot/2.1; +http://www.google.com/bot.html)"
178.217.98.153 - - [02/Jun/2026:14:58:23 -0400] "GET /wp-content/plugins/sliding-enquiry-form/captha/CaptchaSecurityImages.php?width=100&height=40&characters=5&code=rcdx4m HTTP/1.0" 200 242 "http://www.escapetravelservices.com/" "Mozilla/5.0 (Windows NT 10.0; Win64; x64) AppleWebKit/537.36 (KHTML, like Gecko) Chrome/131.0.0.0 Safari/537.36 Avast/131.0.0.0"
162.213.253.84 - - [02/Jun/2026:14:58:24 -0400] "POST /wp-cron.php?doing_wp_cron=1780426704.8595380783081054687500 HTTP/1.1" 200 0 "http://www.escapetravelservices.com/wp-cron.php?doing_wp_cron=1780426704.8595380783081054687500" "WordPress/6.0; http://www.escapetravelservices.com"
178.217.98.153 - - [02/Jun/2026:14:58:24 -0400] "POST / HTTP/1.0" 404 131885 "http://www.escapetravelservices.com/" "Mozilla/5.0 (Windows NT 10.0; Win64; x64) AppleWebKit/537.36 (KHTML, like Gecko) Chrome/131.0.0.0 Safari/537.36 Avast/131.0.0.0"
66.249.68.163 - - [02/Jun/2026:14:59:31 -0400] "GET /wp-content/plugins/meks-easy-instagram-widget/css/widget.css HTTP/1.1" 200 242 "http://www.escapetravelservices.com/contact-us/" "Mozilla/5.0 (compatible; Googlebot/2.1; +http://www.google.com/bot.html)"
66.249.68.162 - - [02/Jun/2026:14:59:41 -0400] "GET /wp-content/themes/escapetour/js/flexslider/flexslider.css HTTP/1.1" 200 1633 "http://www.escapetravelservices.com/contact-us/" "Mozilla/5.0 (compatible; Googlebot/2.1; +http://www.google.com/bot.html)"
66.249.68.162 - - [02/Jun/2026:14:59:44 -0400] "GET /wp-content/plugins/contact-form-7/includes/js/scripts.js HTTP/1.1" 200 3700 "http://www.escapetravelservices.com/contact-us/" "Mozilla/5.0 (compatible; Googlebot/2.1; +http://www.google.com/bot.html)"
66.249.68.162 - - [02/Jun/2026:14:59:56 -0400] "GET /wp-content/themes/escapetour/js/custom_onepage.js HTTP/1.1" 200 549 "http://www.escapetravelservices.com/contact-us/" "Mozilla/5.0 (compatible; Googlebot/2.1; +http://www.google.com/bot.html)"
162.213.253.84 - - [02/Jun/2026:15:20:15 -0400] "POST /wp-cron.php?doing_wp_cron=1780428015.8458790779113769531250 HTTP/1.1" 200 0 "http://www.escapetravelservices.com/wp-cron.php?doing_wp_cron=1780428015.8458790779113769531250" "WordPress/6.0; http://www.escapetravelservices.com"
79.127.182.152 - - [02/Jun/2026:15:20:15 -0400] "GET / HTTP/1.0" 301 0 "http://escapetravelservices.com/" "Mozilla/5.0 (Windows NT 10.0; Win64; x64) AppleWebKit/537.36 (KHTML, like Gecko) Chrome/130.0.0.0 Safari/537.36"
79.127.182.152 - - [02/Jun/2026:15:20:16 -0400] "GET / HTTP/1.0" 200 160912 "http://www.escapetravelservices.com/" "Mozilla/5.0 (Windows NT 10.0; Win64; x64) AppleWebKit/537.36 (KHTML, like Gecko) Chrome/130.0.0.0 Safari/537.36"
79.127.182.152 - - [02/Jun/2026:15:20:17 -0400] "GET /wp-content/plugins/sliding-enquiry-form/captha/CaptchaSecurityImages.php?width=100&height=40&characters=5&code=rcdx4m HTTP/1.0" 200 242 "http://www.escapetravelservices.com/" "Mozilla/5.0 (Windows NT 10.0; Win64; x64) AppleWebKit/537.36 (KHTML, like Gecko) Chrome/130.0.0.0 Safari/537.36"
79.127.182.152 - - [02/Jun/2026:15:20:18 -0400] "POST / HTTP/1.0" 404 131885 "http://www.escapetravelservices.com/" "Mozilla/5.0 (Windows NT 10.0; Win64; x64) AppleWebKit/537.36 (KHTML, like Gecko) Chrome/130.0.0.0 Safari/537.36"
14.226.234.10 - - [02/Jun/2026:15:46:23 -0400] "GET /wp-content/plugins/grandtour-custom-post/css/fontawesome-stars-o.css HTTP/1.1" 404 23962 "https://www.escapetravelservices.com/" "Mozilla/5.0 (Windows NT 10.0; Win64; x64) AppleWebKit/537.36 (KHTML, like Gecko) Chrome/145.0.0.0 Safari/537.36"
14.226.234.10 - - [02/Jun/2026:15:47:30 -0400] "GET /wp-content/plugins/grandtour-custom-post/css/fontawesome-stars-o.css HTTP/1.1" 404 23962 "https://www.escapetravelservices.com/2021/01/09/best-treks-for-winter-season-in-india-himalayas/" "Mozilla/5.0 (Windows NT 10.0; Win64; x64) AppleWebKit/537.36 (KHTML, like Gecko) Chrome/145.0.0.0 Safari/537.36"
34.182.145.56 - - [02/Jun/2026:15:50:06 -0400] "HEAD / HTTP/1.1" 200 0 "http://escapetravelservices.com/" "Mozilla/5.0 (Linux; Android 11; moto g31) AppleWebKit/537.36 (KHTML, like Gecko) Chrome/122.0.6261.96 Mobile Safari/537.36"
34.182.145.56 - - [02/Jun/2026:15:50:08 -0400] "HEAD /blog/ HTTP/1.1" 301 0 "-" "Mozilla/5.0 (Linux; U; Android 10; en-US; CPH2015) AppleWebKit/537.36 (KHTML, like Gecko) UCBrowser/13.5.8.1311 Mobile Safari/537.36"
34.182.145.56 - - [02/Jun/2026:15:50:09 -0400] "HEAD /blog/ HTTP/1.1" 200 0 "http://escapetravelservices.com/blog/" "Mozilla/5.0 (Linux; U; Android 10; en-US; CPH2015) AppleWebKit/537.36 (KHTML, like Gecko) UCBrowser/13.5.8.1311 Mobile Safari/537.36"
34.182.145.56 - - [02/Jun/2026:15:50:09 -0400] "HEAD /wp/ HTTP/1.1" 301 0 "-" "Mozilla/5.0 (iPad; CPU OS 17_4 like Mac OS X) AppleWebKit/605.1.15 (KHTML, like Gecko) Version/17.4 Mobile/15E148 Safari/604.1"
162.213.253.84 - - [02/Jun/2026:15:46:24 -0400] "POST /wp-cron.php?doing_wp_cron=1780429584.1385889053344726562500 HTTP/1.1" 200 0 "http://www.escapetravelservices.com/wp-cron.php?doing_wp_cron=1780429584.1385889053344726562500" "WordPress/6.0; http://www.escapetravelservices.com"
162.213.253.84 - - [02/Jun/2026:15:50:05 -0400] "POST /wp-cron.php?doing_wp_cron=1780429805.4151620864868164062500 HTTP/1.1" 200 0 "http://www.escapetravelservices.com/wp-cron.php?doing_wp_cron=1780429805.4151620864868164062500" "WordPress/6.0; http://www.escapetravelservices.com"
34.182.145.56 - - [02/Jun/2026:15:50:04 -0400] "HEAD /backup/ HTTP/1.1" 301 0 "-" "Mozilla/5.0 (iPad; CPU OS 17_4 like Mac OS X) AppleWebKit/605.1.15 (KHTML, like Gecko) Version/17.4 Mobile/15E148 Safari/604.1"
34.182.145.56 - - [02/Jun/2026:15:50:06 -0400] "HEAD /backup/ HTTP/1.1" 404 0 "http://escapetravelservices.com/backup/" "Mozilla/5.0 (iPad; CPU OS 17_4 like Mac OS X) AppleWebKit/605.1.15 (KHTML, like Gecko) Version/17.4 Mobile/15E148 Safari/604.1"
34.182.145.56 - - [02/Jun/2026:15:50:06 -0400] "HEAD / HTTP/1.1" 301 0 "-" "Mozilla/5.0 (Linux; Android 11; moto g31) AppleWebKit/537.36 (KHTML, like Gecko) Chrome/122.0.6261.96 Mobile Safari/537.36"
34.182.145.56 - - [02/Jun/2026:15:50:07 -0400] "HEAD /wordpress/ HTTP/1.1" 301 0 "-" "Mozilla/5.0 (Windows NT 10.0; WOW64) AppleWebKit/537.36 (KHTML, like Gecko) Chrome/118.0.5993.90 Safari/537.36"
34.182.145.56 - - [02/Jun/2026:15:50:07 -0400] "HEAD /wordpress/ HTTP/1.1" 404 0 "http://escapetravelservices.com/wordpress/" "Mozilla/5.0 (Windows NT 10.0; WOW64) AppleWebKit/537.36 (KHTML, like Gecko) Chrome/118.0.5993.90 Safari/537.36"
34.182.145.56 - - [02/Jun/2026:15:50:07 -0400] "HEAD /new/ HTTP/1.1" 301 0 "-" "Mozilla/5.0 (Linux; Android 13; Infinix X688B) AppleWebKit/537.36 (KHTML, like Gecko) Chrome/124.0.6367.48 Mobile Safari/537.36"
34.182.145.56 - - [02/Jun/2026:15:50:08 -0400] "HEAD /new/ HTTP/1.1" 404 0 "http://escapetravelservices.com/new/" "Mozilla/5.0 (Linux; Android 13; Infinix X688B) AppleWebKit/537.36 (KHTML, like Gecko) Chrome/124.0.6367.48 Mobile Safari/537.36"
34.182.145.56 - - [02/Jun/2026:15:50:09 -0400] "HEAD /wp/ HTTP/1.1" 404 0 "http://escapetravelservices.com/wp/" "Mozilla/5.0 (iPad; CPU OS 17_4 like Mac OS X) AppleWebKit/605.1.15 (KHTML, like Gecko) Version/17.4 Mobile/15E148 Safari/604.1"
34.182.145.56 - - [02/Jun/2026:15:50:10 -0400] "HEAD /old/ HTTP/1.1" 301 0 "-" "Mozilla/5.0 (Windows NT 10.0; Win64; x64) AppleWebKit/537.36 (KHTML, like Gecko) Chrome/125.0.6422.112 Safari/537.36 Brave/1.63.120"
34.182.145.56 - - [02/Jun/2026:15:50:10 -0400] "HEAD /old/ HTTP/1.1" 404 0 "http://escapetravelservices.com/old/" "Mozilla/5.0 (Windows NT 10.0; Win64; x64) AppleWebKit/537.36 (KHTML, like Gecko) Chrome/125.0.6422.112 Safari/537.36 Brave/1.63.120"
178.217.98.153 - - [02/Jun/2026:15:56:00 -0400] "GET / HTTP/1.0" 200 160912 "http://www.escapetravelservices.com/" "Mozilla/5.0 (Windows NT 10.0; Win64; x64) AppleWebKit/537.36 (KHTML, like Gecko) Chrome/131.0.0.0 Safari/537.36"
178.217.98.153 - - [02/Jun/2026:15:56:02 -0400] "GET /wp-content/plugins/sliding-enquiry-form/captha/CaptchaSecurityImages.php?width=100&height=40&characters=5&code=rcdx4m HTTP/1.0" 200 242 "http://www.escapetravelservices.com/" "Mozilla/5.0 (Windows NT 10.0; Win64; x64) AppleWebKit/537.36 (KHTML, like Gecko) Chrome/131.0.0.0 Safari/537.36"
162.213.253.84 - - [02/Jun/2026:15:56:03 -0400] "POST /wp-cron.php?doing_wp_cron=1780430163.7961630821228027343750 HTTP/1.1" 200 0 "http://www.escapetravelservices.com/wp-cron.php?doing_wp_cron=1780430163.7961630821228027343750" "WordPress/6.0; http://www.escapetravelservices.com"
178.217.98.153 - - [02/Jun/2026:15:56:03 -0400] "POST / HTTP/1.0" 404 131885 "http://www.escapetravelservices.com/" "Mozilla/5.0 (Windows NT 10.0; Win64; x64) AppleWebKit/537.36 (KHTML, like Gecko) Chrome/131.0.0.0 Safari/537.36"
180.249.187.137 - - [02/Jun/2026:16:15:53 -0400] "GET http://www.escapetravelservices.com/tag/passport/ HTTP/1.1" 200 29781 "-" "Mozilla/5.0 (Windows NT 6.3; Win64; x64) AppleWebKit/537.36 (KHTML, like Gecko) Chrome/83.0.4103.97 Safari/537.36"
178.217.98.153 - - [02/Jun/2026:16:20:21 -0400] "GET / HTTP/1.0" 200 160912 "http://www.escapetravelservices.com/" "Mozilla/5.0 (Windows NT 10.0; Win64; x64) AppleWebKit/537.36 (KHTML, like Gecko) Chrome/131.0.0.0 Safari/537.36"
173.252.82.10 - - [02/Jun/2026:16:25:22 -0400] "GET /robots.txt HTTP/1.1" 200 44690 "-" "facebookexternalhit/1.1 (+http://www.facebook.com/externalhit_uatext.php)"
178.217.98.153 - - [02/Jun/2026:16:20:24 -0400] "GET /wp-content/plugins/sliding-enquiry-form/captha/CaptchaSecurityImages.php?width=100&height=40&characters=5&code=rcdx4m HTTP/1.0" 200 242 "http://www.escapetravelservices.com/" "Mozilla/5.0 (Windows NT 10.0; Win64; x64) AppleWebKit/537.36 (KHTML, like Gecko) Chrome/131.0.0.0 Safari/537.36"
162.213.253.84 - - [02/Jun/2026:16:20:25 -0400] "POST /wp-cron.php?doing_wp_cron=1780431625.5789339542388916015625 HTTP/1.1" 200 0 "http://www.escapetravelservices.com/wp-cron.php?doing_wp_cron=1780431625.5789339542388916015625" "WordPress/6.0; http://www.escapetravelservices.com"
178.217.98.153 - - [02/Jun/2026:16:20:25 -0400] "POST / HTTP/1.0" 404 131885 "http://www.escapetravelservices.com/" "Mozilla/5.0 (Windows NT 10.0; Win64; x64) AppleWebKit/537.36 (KHTML, like Gecko) Chrome/131.0.0.0 Safari/537.36"
162.213.253.84 - - [02/Jun/2026:16:46:55 -0400] "POST /wp-cron.php?doing_wp_cron=1780433215.4212610721588134765625 HTTP/1.1" 200 0 "http://www.escapetravelservices.com/wp-cron.php?doing_wp_cron=1780433215.4212610721588134765625" "WordPress/6.0; http://www.escapetravelservices.com"
178.217.98.153 - - [02/Jun/2026:16:46:51 -0400] "GET / HTTP/1.0" 200 160912 "http://www.escapetravelservices.com/" "Mozilla/5.0 (Windows NT 10.0; Win64; x64) AppleWebKit/537.36 (KHTML, like Gecko) Chrome/131.0.0.0 Safari/537.36 Avast/131.0.0.0"
178.217.98.153 - - [02/Jun/2026:16:46:54 -0400] "GET /wp-content/plugins/sliding-enquiry-form/captha/CaptchaSecurityImages.php?width=100&height=40&characters=5&code=rcdx4m HTTP/1.0" 200 242 "http://www.escapetravelservices.com/" "Mozilla/5.0 (Windows NT 10.0; Win64; x64) AppleWebKit/537.36 (KHTML, like Gecko) Chrome/131.0.0.0 Safari/537.36 Avast/131.0.0.0"
178.217.98.153 - - [02/Jun/2026:16:46:54 -0400] "POST / HTTP/1.0" 404 131885 "http://www.escapetravelservices.com/" "Mozilla/5.0 (Windows NT 10.0; Win64; x64) AppleWebKit/537.36 (KHTML, like Gecko) Chrome/131.0.0.0 Safari/537.36 Avast/131.0.0.0"
54.38.147.37 - - [02/Jun/2026:16:50:54 -0400] "GET /tour/captivating-bangkok-pattaya-04-nights-05-days/ HTTP/1.1" 200 22041 "-" "Mozilla/5.0 (compatible; AhrefsBot/7.0; +http://ahrefs.com/robot/)"
51.89.129.120 - - [02/Jun/2026:16:51:34 -0400] "GET /wp-content/plugins/sliding-enquiry-form/captha/CaptchaSecurityImages.php?width=100&height=40&characters=5&code=nhcqys HTTP/1.1" 200 175 "-" "Mozilla/5.0 (compatible; AhrefsBot/7.0; +http://ahrefs.com/robot/)"
77.75.78.162 - - [02/Jun/2026:17:20:22 -0400] "GET /about-us/ HTTP/1.1" 200 30339 "-" "Mozilla/5.0 (compatible; SeznamBot/4.0; +https://o-seznam.cz/napoveda/vyhledavani/en/seznambot-crawler/)"
185.191.171.3 - - [02/Jun/2026:17:23:26 -0400] "GET /robots.txt HTTP/1.1" 200 7696 "-" "Mozilla/5.0 (compatible; SemrushBot/7~bl; +http://www.semrush.com/bot.html)"
85.208.96.210 - - [02/Jun/2026:17:23:26 -0400] "GET /tour/olhuveli-beach-resort-spa/ HTTP/1.1" 200 27578 "-" "Mozilla/5.0 (compatible; SemrushBot/7~bl; +http://www.semrush.com/bot.html)"
178.217.98.153 - - [02/Jun/2026:17:45:18 -0400] "GET / HTTP/1.0" 200 160912 "http://www.escapetravelservices.com/" "Mozilla/5.0 (Windows NT 10.0; Win64; x64) AppleWebKit/537.36 (KHTML, like Gecko) Chrome/131.0.0.0 Safari/537.36"
178.217.98.153 - - [02/Jun/2026:17:45:20 -0400] "GET /wp-content/plugins/sliding-enquiry-form/captha/CaptchaSecurityImages.php?width=100&height=40&characters=5&code=rcdx4m HTTP/1.0" 200 242 "http://www.escapetravelservices.com/" "Mozilla/5.0 (Windows NT 10.0; Win64; x64) AppleWebKit/537.36 (KHTML, like Gecko) Chrome/131.0.0.0 Safari/537.36"
162.213.253.84 - - [02/Jun/2026:17:45:21 -0400] "POST /wp-cron.php?doing_wp_cron=1780436721.7086501121520996093750 HTTP/1.1" 200 0 "http://www.escapetravelservices.com/wp-cron.php?doing_wp_cron=1780436721.7086501121520996093750" "WordPress/6.0; http://www.escapetravelservices.com"
178.217.98.153 - - [02/Jun/2026:17:45:21 -0400] "POST / HTTP/1.0" 404 131885 "http://www.escapetravelservices.com/" "Mozilla/5.0 (Windows NT 10.0; Win64; x64) AppleWebKit/537.36 (KHTML, like Gecko) Chrome/131.0.0.0 Safari/537.36"
43.162.95.192 - - [02/Jun/2026:17:49:15 -0400] "GET / HTTP/1.1" 200 33162 "-" "Mozilla/5.0 (iPhone; CPU iPhone OS 13_2_3 like Mac OS X) AppleWebKit/605.1.15 (KHTML, like Gecko) Version/13.0.3 Mobile/15E148 Safari/604.1"
77.75.78.162 - - [02/Jun/2026:17:57:15 -0400] "GET /contact-us/ HTTP/1.1" 200 29692 "-" "Mozilla/5.0 (compatible; SeznamBot/4.0; +https://o-seznam.cz/napoveda/vyhledavani/en/seznambot-crawler/)"
178.217.98.153 - - [02/Jun/2026:18:07:55 -0400] "GET / HTTP/1.0" 200 160912 "http://www.escapetravelservices.com/" "Mozilla/5.0 (Windows NT 10.0; Win64; x64) AppleWebKit/537.36 (KHTML, like Gecko) Chrome/130.0.0.0 Safari/537.36 CCleaner/130.0.0.0"
178.217.98.153 - - [02/Jun/2026:18:07:58 -0400] "GET /wp-content/plugins/sliding-enquiry-form/captha/CaptchaSecurityImages.php?width=100&height=40&characters=5&code=rcdx4m HTTP/1.0" 200 242 "http://www.escapetravelservices.com/" "Mozilla/5.0 (Windows NT 10.0; Win64; x64) AppleWebKit/537.36 (KHTML, like Gecko) Chrome/130.0.0.0 Safari/537.36 CCleaner/130.0.0.0"
162.213.253.84 - - [02/Jun/2026:18:07:59 -0400] "POST /wp-cron.php?doing_wp_cron=1780438079.3871018886566162109375 HTTP/1.1" 200 0 "http://www.escapetravelservices.com/wp-cron.php?doing_wp_cron=1780438079.3871018886566162109375" "WordPress/6.0; http://www.escapetravelservices.com"
178.217.98.153 - - [02/Jun/2026:18:07:58 -0400] "POST / HTTP/1.0" 404 131885 "http://www.escapetravelservices.com/" "Mozilla/5.0 (Windows NT 10.0; Win64; x64) AppleWebKit/537.36 (KHTML, like Gecko) Chrome/130.0.0.0 Safari/537.36 CCleaner/130.0.0.0"
45.92.87.17 - - [02/Jun/2026:18:10:40 -0400] "GET / HTTP/1.1" 301 0 "-" "Mozilla/5.0 (Windows NT 10.0; Win64; x64) AppleWebKit/537.36 (KHTML, like Gecko) Chrome/94.0.4606.61 Safari/537.36"
45.92.87.17 - - [02/Jun/2026:18:10:42 -0400] "GET / HTTP/1.1" 200 33162 "-" "Mozilla/5.0 (Windows NT 10.0; Win64; x64) AppleWebKit/537.36 (KHTML, like Gecko) Chrome/94.0.4606.61 Safari/537.36"
82.156.88.97 - - [02/Jun/2026:18:15:04 -0400] "GET / HTTP/1.1" 200 33162 "-" "Mozilla/5.0 (iPhone; CPU iPhone OS 13_2_3 like Mac OS X) AppleWebKit/605.1.15 (KHTML, like Gecko) Version/13.0.3 Mobile/15E148 Safari/604.1"
162.213.253.84 - - [02/Jun/2026:18:10:40 -0400] "POST /wp-cron.php?doing_wp_cron=1780438240.8966279029846191406250 HTTP/1.1" 200 0 "http://www.escapetravelservices.com/wp-cron.php?doing_wp_cron=1780438240.8966279029846191406250" "WordPress/6.0; http://www.escapetravelservices.com"
77.75.77.32 - - [02/Jun/2026:18:24:28 -0400] "GET /tour/romantic-sri-lanka/ HTTP/1.1" 200 27073 "-" "Mozilla/5.0 (compatible; SeznamBot/4.0; +https://o-seznam.cz/napoveda/vyhledavani/en/seznambot-crawler/)"
178.217.98.153 - - [02/Jun/2026:18:33:30 -0400] "GET / HTTP/1.0" 200 160912 "http://www.escapetravelservices.com/" "Mozilla/5.0 (Windows NT 10.0; Win64; x64) AppleWebKit/537.36 (KHTML, like Gecko) Chrome/129.0.0.0 Safari/537.36"
178.217.98.153 - - [02/Jun/2026:18:33:32 -0400] "GET /wp-content/plugins/sliding-enquiry-form/captha/CaptchaSecurityImages.php?width=100&height=40&characters=5&code=rcdx4m HTTP/1.0" 200 242 "http://www.escapetravelservices.com/" "Mozilla/5.0 (Windows NT 10.0; Win64; x64) AppleWebKit/537.36 (KHTML, like Gecko) Chrome/129.0.0.0 Safari/537.36"
178.217.98.153 - - [02/Jun/2026:18:33:33 -0400] "POST / HTTP/1.0" 404 131885 "http://www.escapetravelservices.com/" "Mozilla/5.0 (Windows NT 10.0; Win64; x64) AppleWebKit/537.36 (KHTML, like Gecko) Chrome/129.0.0.0 Safari/537.36"
162.213.253.84 - - [02/Jun/2026:18:38:52 -0400] "POST /wp-cron.php?doing_wp_cron=1780439932.1186990737915039062500 HTTP/1.1" 200 0 "http://www.escapetravelservices.com/wp-cron.php?doing_wp_cron=1780439932.1186990737915039062500" "WordPress/6.0; http://www.escapetravelservices.com"
185.213.174.106 - - [02/Jun/2026:18:38:51 -0400] "GET / HTTP/1.1" 301 0 "-" "Mozilla/5.0 (iPad; CPU OS 17_7 like Mac OS X) AppleWebKit/605.1.15 (KHTML, like Gecko) Version/17.7 Mobile/15E148 Safari/604.1"
162.213.253.84 - - [02/Jun/2026:18:33:33 -0400] "POST /wp-cron.php?doing_wp_cron=1780439613.7641921043395996093750 HTTP/1.1" 200 0 "http://www.escapetravelservices.com/wp-cron.php?doing_wp_cron=1780439613.7641921043395996093750" "WordPress/6.0; http://www.escapetravelservices.com"
85.208.96.197 - - [02/Jun/2026:19:02:45 -0400] "GET /robots.txt HTTP/1.1" 200 7696 "-" "Mozilla/5.0 (compatible; SemrushBot/7~bl; +http://www.semrush.com/bot.html)"
185.191.171.17 - - [02/Jun/2026:19:02:45 -0400] "GET /tour/stunning-phuket-03-nights-04-days/ HTTP/1.1" 200 25162 "-" "Mozilla/5.0 (compatible; SemrushBot/7~bl; +http://www.semrush.com/bot.html)"
14.176.147.35 - - [02/Jun/2026:19:15:47 -0400] "GET http://www.escapetravelservices.com/destination/dubai/ HTTP/1.1" 200 24636 "-" "Mozilla/5.0 (Windows NT 10.0; Win64; x64) AppleWebKit/537.36 (KHTML, like Gecko) Chrome/99.0.4844.84 Safari/537.36"
49.0.79.138 - - [02/Jun/2026:19:16:45 -0400] "GET /wp-json/wp/v2/posts HTTP/1.1" 200 72831 "-" "Mozilla/5.0 (Windows NT 10.0; Win64; x64) AppleWebKit/537.36 (KHTML, like Gecko) Chrome/120.0.0.0 Safari/537.36"
178.217.98.153 - - [02/Jun/2026:19:27:20 -0400] "GET / HTTP/1.0" 200 160912 "http://www.escapetravelservices.com/" "Mozilla/5.0 (Windows NT 10.0; Win64; x64) AppleWebKit/537.36 (KHTML, like Gecko) Chrome/130.0.0.0 Safari/537.36"
162.213.253.84 - - [02/Jun/2026:19:27:25 -0400] "POST /wp-cron.php?doing_wp_cron=1780442845.1974799633026123046875 HTTP/1.1" 200 0 "http://www.escapetravelservices.com/wp-cron.php?doing_wp_cron=1780442845.1974799633026123046875" "WordPress/6.0; http://www.escapetravelservices.com"
114.119.136.96 - - [02/Jun/2026:19:29:59 -0400] "GET /tours/page/5 HTTP/1.1" 200 31109 "http://www.escapetravelservices.com/tours/page/5" "Mozilla/5.0 (Linux; Android 7.0;) AppleWebKit/537.36 (HTML, like Gecko) Mobile Safari/537.36 (compatible; PetalBot;+https://webmaster.petalsearch.com/site/petalbot)"
178.217.98.153 - - [02/Jun/2026:19:27:24 -0400] "GET /wp-content/plugins/sliding-enquiry-form/captha/CaptchaSecurityImages.php?width=100&height=40&characters=5&code=rcdx4m HTTP/1.0" 200 242 "http://www.escapetravelservices.com/" "Mozilla/5.0 (Windows NT 10.0; Win64; x64) AppleWebKit/537.36 (KHTML, like Gecko) Chrome/130.0.0.0 Safari/537.36"
178.217.98.153 - - [02/Jun/2026:19:27:24 -0400] "POST / HTTP/1.0" 404 131885 "http://www.escapetravelservices.com/" "Mozilla/5.0 (Windows NT 10.0; Win64; x64) AppleWebKit/537.36 (KHTML, like Gecko) Chrome/130.0.0.0 Safari/537.36"
162.213.253.84 - - [02/Jun/2026:19:29:59 -0400] "POST /wp-cron.php?doing_wp_cron=1780442999.7126328945159912109375 HTTP/1.1" 200 0 "http://www.escapetravelservices.com/wp-cron.php?doing_wp_cron=1780442999.7126328945159912109375" "WordPress/6.0; http://www.escapetravelservices.com"
162.213.253.84 - - [02/Jun/2026:19:42:01 -0400] "POST /wp-cron.php?doing_wp_cron=1780443721.7347490787506103515625 HTTP/1.1" 200 0 "http://www.escapetravelservices.com/wp-cron.php?doing_wp_cron=1780443721.7347490787506103515625" "WordPress/6.0; http://www.escapetravelservices.com"
141.98.11.224 - - [02/Jun/2026:19:42:00 -0400] "GET / HTTP/1.0" 301 0 "http://escapetravelservices.com/" "Mozilla/5.0 (Windows NT 10.0; Win64; x64) AppleWebKit/537.36 (KHTML, like Gecko) Chrome/131.0.0.0 Safari/537.36"
141.98.11.224 - - [02/Jun/2026:19:42:03 -0400] "POST / HTTP/1.0" 404 131885 "http://www.escapetravelservices.com/" "Mozilla/5.0 (Windows NT 10.0; Win64; x64) AppleWebKit/537.36 (KHTML, like Gecko) Chrome/131.0.0.0 Safari/537.36"
178.217.98.153 - - [02/Jun/2026:19:47:46 -0400] "GET /wp-content/plugins/sliding-enquiry-form/captha/CaptchaSecurityImages.php?width=100&height=40&characters=5&code=rcdx4m HTTP/1.0" 200 242 "http://www.escapetravelservices.com/" "Mozilla/5.0 (Windows NT 10.0; Win64; x64) AppleWebKit/537.36 (KHTML, like Gecko) Chrome/130.0.0.0 Safari/537.36"
162.213.253.84 - - [02/Jun/2026:19:47:47 -0400] "POST /wp-cron.php?doing_wp_cron=1780444067.7514789104461669921875 HTTP/1.1" 200 0 "http://www.escapetravelservices.com/wp-cron.php?doing_wp_cron=1780444067.7514789104461669921875" "WordPress/6.0; http://www.escapetravelservices.com"
178.217.98.153 - - [02/Jun/2026:19:47:47 -0400] "POST / HTTP/1.0" 404 131885 "http://www.escapetravelservices.com/" "Mozilla/5.0 (Windows NT 10.0; Win64; x64) AppleWebKit/537.36 (KHTML, like Gecko) Chrome/130.0.0.0 Safari/537.36"
141.98.11.224 - - [02/Jun/2026:19:42:02 -0400] "GET / HTTP/1.0" 200 160912 "http://www.escapetravelservices.com/" "Mozilla/5.0 (Windows NT 10.0; Win64; x64) AppleWebKit/537.36 (KHTML, like Gecko) Chrome/131.0.0.0 Safari/537.36"
