| Path : /home/vishqocm/access-logs/ |
| Current File : //home/vishqocm/access-logs/escapetravelservices.com.vishalwebtech.com |
20.197.177.252 - - [02/Jun/2026:08:01:53 -0400] "GET /jj.php HTTP/1.1" 404 131957 "-" "-"
20.197.177.252 - - [02/Jun/2026:08:01:57 -0400] "GET /tx79.php HTTP/1.1" 301 0 "-" "-"
20.197.177.252 - - [02/Jun/2026:08:02:17 -0400] "GET /acp.php HTTP/1.1" 200 0 "-" "-"
20.197.177.252 - - [02/Jun/2026:08:01:59 -0400] "GET /tx79.php HTTP/1.1" 404 131957 "-" "-"
20.197.177.252 - - [02/Jun/2026:08:02:13 -0400] "GET /acp.php HTTP/1.1" 301 0 "-" "-"
20.197.177.252 - - [02/Jun/2026:08:02:27 -0400] "GET /wp-png.php HTTP/1.1" 301 0 "-" "-"
20.197.177.252 - - [02/Jun/2026:08:02:27 -0400] "GET /wp-png.php HTTP/1.1" 404 131957 "-" "-"
162.213.253.84 - - [02/Jun/2026:08:02:31 -0400] "POST /wp-cron.php?doing_wp_cron=1780401751.1570510864257812500000 HTTP/1.1" 200 0 "http://www.escapetravelservices.com/wp-cron.php?doing_wp_cron=1780401751.1570510864257812500000" "WordPress/6.0; http://www.escapetravelservices.com"
20.197.177.252 - - [02/Jun/2026:08:02:33 -0400] "GET /wziar1.php HTTP/1.1" 404 131957 "-" "-"
20.197.177.252 - - [02/Jun/2026:08:02:36 -0400] "GET /8573.php HTTP/1.1" 301 0 "-" "-"
20.197.177.252 - - [02/Jun/2026:08:02:40 -0400] "GET /sa.php7 HTTP/1.1" 301 0 "-" "-"
20.197.177.252 - - [02/Jun/2026:08:02:49 -0400] "GET /a7.php HTTP/1.1" 301 0 "-" "-"
20.197.177.252 - - [02/Jun/2026:08:02:50 -0400] "GET /a7.php HTTP/1.1" 404 131957 "-" "-"
20.197.177.252 - - [02/Jun/2026:08:02:54 -0400] "GET /wmore1.php HTTP/1.1" 301 0 "-" "-"
20.197.177.252 - - [02/Jun/2026:08:02:55 -0400] "GET /wmore1.php HTTP/1.1" 404 131957 "-" "-"
20.197.177.252 - - [02/Jun/2026:08:03:02 -0400] "GET /packsin1.php HTTP/1.1" 404 131957 "-" "-"
20.197.177.252 - - [02/Jun/2026:08:03:08 -0400] "GET /saorix1.php HTTP/1.1" 301 0 "-" "-"
20.197.177.252 - - [02/Jun/2026:08:03:24 -0400] "GET /x.php HTTP/1.1" 404 131957 "-" "-"
20.197.177.252 - - [02/Jun/2026:08:03:28 -0400] "GET /abrand.php HTTP/1.1" 404 131957 "-" "-"
20.197.177.252 - - [02/Jun/2026:08:03:31 -0400] "GET /classwithtostring.php HTTP/1.1" 301 0 "-" "-"
20.197.177.252 - - [02/Jun/2026:08:03:34 -0400] "GET /classwithtostring.php HTTP/1.1" 404 131957 "-" "-"
20.197.177.252 - - [02/Jun/2026:08:03:39 -0400] "GET /amwxl.php HTTP/1.1" 301 0 "-" "-"
20.197.177.252 - - [02/Jun/2026:08:03:57 -0400] "GET /8.php HTTP/1.1" 301 0 "-" "-"
20.197.177.252 - - [02/Jun/2026:08:03:59 -0400] "GET /8.php HTTP/1.1" 404 131957 "-" "-"
20.197.177.252 - - [02/Jun/2026:08:04:03 -0400] "GET /menu.php HTTP/1.1" 404 131957 "-" "-"
20.197.177.252 - - [02/Jun/2026:08:04:05 -0400] "GET /ww.php HTTP/1.1" 301 0 "-" "-"
20.197.177.252 - - [02/Jun/2026:08:04:23 -0400] "GET /zoper1.php HTTP/1.1" 301 0 "-" "-"
20.197.177.252 - - [02/Jun/2026:08:04:24 -0400] "GET /zoper1.php HTTP/1.1" 404 131957 "-" "-"
20.197.177.252 - - [02/Jun/2026:08:04:32 -0400] "GET /crgio.php HTTP/1.1" 404 131957 "-" "-"
20.197.177.252 - - [02/Jun/2026:08:04:39 -0400] "GET /gecko.php HTTP/1.1" 301 0 "-" "-"
20.197.177.252 - - [02/Jun/2026:08:04:40 -0400] "GET /gecko.php HTTP/1.1" 404 131957 "-" "-"
20.197.177.252 - - [02/Jun/2026:08:04:43 -0400] "GET /lb.php HTTP/1.1" 301 0 "-" "-"
20.197.177.252 - - [02/Jun/2026:08:04:45 -0400] "GET /lb.php HTTP/1.1" 404 131957 "-" "-"
20.197.177.252 - - [02/Jun/2026:08:04:47 -0400] "GET /bgymj.php HTTP/1.1" 301 0 "-" "-"
20.197.177.252 - - [02/Jun/2026:08:04:48 -0400] "GET /bgymj.php HTTP/1.1" 404 131957 "-" "-"
20.197.177.252 - - [02/Jun/2026:08:04:51 -0400] "GET /Cap.php HTTP/1.1" 404 131957 "-" "-"
20.197.177.252 - - [02/Jun/2026:08:04:54 -0400] "GET /casp1.php HTTP/1.1" 301 0 "-" "-"
20.197.177.252 - - [02/Jun/2026:08:04:58 -0400] "GET /aligk.php HTTP/1.1" 301 0 "-" "-"
20.197.177.252 - - [02/Jun/2026:08:05:01 -0400] "GET /rip.php HTTP/1.1" 404 131957 "-" "-"
20.197.177.252 - - [02/Jun/2026:08:05:06 -0400] "GET /n3yUmQ6Q9xwQ8ocdefault.php HTTP/1.1" 404 131957 "-" "-"
20.197.177.252 - - [02/Jun/2026:08:05:08 -0400] "GET /wp-ac.php HTTP/1.1" 301 0 "-" "-"
20.197.177.252 - - [02/Jun/2026:08:05:11 -0400] "GET /tfm.php HTTP/1.1" 301 0 "-" "-"
20.197.177.252 - - [02/Jun/2026:08:05:12 -0400] "GET /tfm.php HTTP/1.1" 404 131957 "-" "-"
20.197.177.252 - - [02/Jun/2026:08:05:18 -0400] "GET /100.php HTTP/1.1" 404 131957 "-" "-"
20.197.177.252 - - [02/Jun/2026:08:05:22 -0400] "GET /shop.php HTTP/1.1" 404 131957 "-" "-"
20.197.177.252 - - [02/Jun/2026:08:05:25 -0400] "GET /z60.php HTTP/1.1" 404 131957 "-" "-"
20.197.177.252 - - [02/Jun/2026:08:05:27 -0400] "GET /wp5.php HTTP/1.1" 301 0 "-" "-"
20.197.177.252 - - [02/Jun/2026:08:02:20 -0400] "GET /info2.php HTTP/1.1" 301 0 "-" "-"
20.197.177.252 - - [02/Jun/2026:08:02:22 -0400] "GET /info2.php HTTP/1.1" 404 131957 "-" "-"
20.197.177.252 - - [02/Jun/2026:08:02:30 -0400] "GET /wziar1.php HTTP/1.1" 301 0 "-" "-"
20.197.177.252 - - [02/Jun/2026:08:02:37 -0400] "GET /8573.php HTTP/1.1" 404 131957 "-" "-"
20.197.177.252 - - [02/Jun/2026:08:02:43 -0400] "GET /sa.php7 HTTP/1.1" 404 131957 "-" "-"
20.197.177.252 - - [02/Jun/2026:08:02:58 -0400] "GET /packsin1.php HTTP/1.1" 301 0 "-" "-"
20.197.177.252 - - [02/Jun/2026:08:03:10 -0400] "GET /saorix1.php HTTP/1.1" 404 131957 "-" "-"
20.197.177.252 - - [02/Jun/2026:08:03:16 -0400] "GET /2026w.php HTTP/1.1" 301 0 "-" "-"
20.197.177.252 - - [02/Jun/2026:08:03:17 -0400] "GET /2026w.php HTTP/1.1" 404 131957 "-" "-"
20.197.177.252 - - [02/Jun/2026:08:03:23 -0400] "GET /x.php HTTP/1.1" 301 0 "-" "-"
20.197.177.252 - - [02/Jun/2026:08:03:27 -0400] "GET /abrand.php HTTP/1.1" 301 0 "-" "-"
162.213.253.84 - - [02/Jun/2026:08:03:32 -0400] "POST /wp-cron.php?doing_wp_cron=1780401812.5053980350494384765625 HTTP/1.1" 200 0 "http://www.escapetravelservices.com/wp-cron.php?doing_wp_cron=1780401812.5053980350494384765625" "WordPress/6.0; http://www.escapetravelservices.com"
20.197.177.252 - - [02/Jun/2026:08:03:43 -0400] "GET /amwxl.php HTTP/1.1" 404 131957 "-" "-"
20.197.177.252 - - [02/Jun/2026:08:04:02 -0400] "GET /menu.php HTTP/1.1" 301 0 "-" "-"
20.197.177.252 - - [02/Jun/2026:08:04:06 -0400] "GET /ww.php HTTP/1.1" 404 131957 "-" "-"
20.197.177.252 - - [02/Jun/2026:08:04:10 -0400] "GET /cilus.php HTTP/1.1" 301 0 "-" "-"
20.197.177.252 - - [02/Jun/2026:08:04:12 -0400] "GET /cilus.php HTTP/1.1" 404 131957 "-" "-"
20.197.177.252 - - [02/Jun/2026:08:04:17 -0400] "GET /epinyins.php HTTP/1.1" 301 0 "-" "-"
20.197.177.252 - - [02/Jun/2026:08:04:19 -0400] "GET /epinyins.php HTTP/1.1" 404 131957 "-" "-"
20.197.177.252 - - [02/Jun/2026:08:04:27 -0400] "GET /gm.php HTTP/1.1" 301 0 "-" "-"
20.197.177.252 - - [02/Jun/2026:08:04:28 -0400] "GET /gm.php HTTP/1.1" 404 131957 "-" "-"
162.213.253.84 - - [02/Jun/2026:08:04:31 -0400] "POST /wp-cron.php?doing_wp_cron=1780401871.5377180576324462890625 HTTP/1.1" 200 0 "http://www.escapetravelservices.com/wp-cron.php?doing_wp_cron=1780401871.5377180576324462890625" "WordPress/6.0; http://www.escapetravelservices.com"
20.197.177.252 - - [02/Jun/2026:08:04:31 -0400] "GET /crgio.php HTTP/1.1" 301 0 "-" "-"
20.197.177.252 - - [02/Jun/2026:08:04:34 -0400] "GET /fvvff.php HTTP/1.1" 301 0 "-" "-"
20.197.177.252 - - [02/Jun/2026:08:04:35 -0400] "GET /fvvff.php HTTP/1.1" 404 131957 "-" "-"
20.197.177.252 - - [02/Jun/2026:08:04:51 -0400] "GET /Cap.php HTTP/1.1" 301 0 "-" "-"
20.197.177.252 - - [02/Jun/2026:08:04:55 -0400] "GET /casp1.php HTTP/1.1" 404 131957 "-" "-"
20.197.177.252 - - [02/Jun/2026:08:04:58 -0400] "GET /aligk.php HTTP/1.1" 404 131957 "-" "-"
20.197.177.252 - - [02/Jun/2026:08:05:01 -0400] "GET /rip.php HTTP/1.1" 301 0 "-" "-"
20.197.177.252 - - [02/Jun/2026:08:05:04 -0400] "GET /n3yUmQ6Q9xwQ8ocdefault.php HTTP/1.1" 301 0 "-" "-"
20.197.177.252 - - [02/Jun/2026:08:05:09 -0400] "GET /wp-ac.php HTTP/1.1" 404 131957 "-" "-"
20.197.177.252 - - [02/Jun/2026:08:05:15 -0400] "GET /wp-good.php HTTP/1.1" 301 0 "-" "-"
20.197.177.252 - - [02/Jun/2026:08:05:15 -0400] "GET /wp-good.php HTTP/1.1" 404 131957 "-" "-"
20.197.177.252 - - [02/Jun/2026:08:05:18 -0400] "GET /100.php HTTP/1.1" 301 0 "-" "-"
20.197.177.252 - - [02/Jun/2026:08:05:21 -0400] "GET /shop.php HTTP/1.1" 301 0 "-" "-"
20.197.177.252 - - [02/Jun/2026:08:05:24 -0400] "GET /z60.php HTTP/1.1" 301 0 "-" "-"
162.213.253.84 - - [02/Jun/2026:08:05:31 -0400] "POST /wp-cron.php?doing_wp_cron=1780401931.3763220310211181640625 HTTP/1.1" 200 0 "http://www.escapetravelservices.com/wp-cron.php?doing_wp_cron=1780401931.3763220310211181640625" "WordPress/6.0; http://www.escapetravelservices.com"
20.197.177.252 - - [02/Jun/2026:08:05:30 -0400] "GET /zc-243.php HTTP/1.1" 301 0 "-" "-"
20.197.177.252 - - [02/Jun/2026:08:05:38 -0400] "GET /acc.php HTTP/1.1" 404 131957 "-" "-"
20.197.177.252 - - [02/Jun/2026:08:05:45 -0400] "GET /ortasekerli1.php HTTP/1.1" 404 131957 "-" "-"
43.164.196.244 - - [02/Jun/2026:08:09:53 -0400] "GET / HTTP/1.1" 301 0 "-" "Mozilla/5.0 (iPhone; CPU iPhone OS 13_2_3 like Mac OS X) AppleWebKit/605.1.15 (KHTML, like Gecko) Version/13.0.3 Mobile/15E148 Safari/604.1"
178.217.98.153 - - [02/Jun/2026:08:43:07 -0400] "GET /wp-content/plugins/sliding-enquiry-form/captha/CaptchaSecurityImages.php?width=100&height=40&characters=5&code=rcdx4m HTTP/1.0" 200 242 "http://www.escapetravelservices.com/" "Mozilla/5.0 (Windows NT 10.0; Win64; x64) AppleWebKit/537.36 (KHTML, like Gecko) Chrome/129.0.0.0 Safari/537.36"
137.184.217.111 - - [02/Jun/2026:08:45:34 -0400] "GET / HTTP/1.1" 200 0 "-" "Mozilla/5.0 (X11; Linux x86_64) AppleWebKit/537.36 (KHTML, like Gecko) Chrome/142.0.0.0 Safari/537.36"
162.213.253.84 - - [02/Jun/2026:08:45:37 -0400] "POST /wp-cron.php?doing_wp_cron=1780404337.7990911006927490234375 HTTP/1.1" 200 0 "http://www.escapetravelservices.com/wp-cron.php?doing_wp_cron=1780404337.7990911006927490234375" "WordPress/6.0; http://www.escapetravelservices.com"
20.197.177.252 - - [02/Jun/2026:08:05:28 -0400] "GET /wp5.php HTTP/1.1" 404 131957 "-" "-"
20.197.177.252 - - [02/Jun/2026:08:05:32 -0400] "GET /zc-243.php HTTP/1.1" 404 131957 "-" "-"
20.197.177.252 - - [02/Jun/2026:08:05:34 -0400] "GET /public/mI35rZhMg1zJ1vuXdefault.php HTTP/1.1" 301 0 "-" "-"
20.197.177.252 - - [02/Jun/2026:08:05:35 -0400] "GET /public/mI35rZhMg1zJ1vuXdefault.php HTTP/1.1" 404 131957 "-" "-"
20.197.177.252 - - [02/Jun/2026:08:05:38 -0400] "GET /acc.php HTTP/1.1" 301 0 "-" "-"
20.197.177.252 - - [02/Jun/2026:08:05:41 -0400] "GET /bolt.php HTTP/1.1" 301 0 "-" "-"
20.197.177.252 - - [02/Jun/2026:08:05:41 -0400] "GET /bolt.php HTTP/1.1" 404 131957 "-" "-"
20.197.177.252 - - [02/Jun/2026:08:05:44 -0400] "GET /ortasekerli1.php HTTP/1.1" 301 0 "-" "-"
20.197.177.252 - - [02/Jun/2026:08:05:47 -0400] "GET /wp-home.php HTTP/1.1" 301 0 "-" "-"
20.197.177.252 - - [02/Jun/2026:08:05:48 -0400] "GET /wp-home.php HTTP/1.1" 404 131957 "-" "-"
162.213.253.84 - - [02/Jun/2026:08:09:53 -0400] "POST /wp-cron.php?doing_wp_cron=1780402193.6159119606018066406250 HTTP/1.1" 200 0 "http://www.escapetravelservices.com/wp-cron.php?doing_wp_cron=1780402193.6159119606018066406250" "WordPress/6.0; http://www.escapetravelservices.com"
43.164.196.244 - - [02/Jun/2026:08:09:56 -0400] "GET / HTTP/1.1" 200 33162 "http://escapetravelservices.com" "Mozilla/5.0 (iPhone; CPU iPhone OS 13_2_3 like Mac OS X) AppleWebKit/605.1.15 (KHTML, like Gecko) Version/13.0.3 Mobile/15E148 Safari/604.1"
173.252.70.34 - - [02/Jun/2026:08:37:56 -0400] "GET /wp-content/uploads/2022/06/Luxurious-Maldives-700x466.jpg HTTP/1.1" 200 43619 "-" "facebookexternalhit/1.1 (+http://www.facebook.com/externalhit_uatext.php)"
178.217.98.153 - - [02/Jun/2026:08:43:05 -0400] "GET / HTTP/1.0" 200 160912 "http://www.escapetravelservices.com/" "Mozilla/5.0 (Windows NT 10.0; Win64; x64) AppleWebKit/537.36 (KHTML, like Gecko) Chrome/129.0.0.0 Safari/537.36"
162.213.253.84 - - [02/Jun/2026:08:43:08 -0400] "POST /wp-cron.php?doing_wp_cron=1780404188.8275930881500244140625 HTTP/1.1" 200 0 "http://www.escapetravelservices.com/wp-cron.php?doing_wp_cron=1780404188.8275930881500244140625" "WordPress/6.0; http://www.escapetravelservices.com"
178.217.98.153 - - [02/Jun/2026:08:43:08 -0400] "POST / HTTP/1.0" 404 131885 "http://www.escapetravelservices.com/" "Mozilla/5.0 (Windows NT 10.0; Win64; x64) AppleWebKit/537.36 (KHTML, like Gecko) Chrome/129.0.0.0 Safari/537.36"
77.75.78.168 - - [02/Jun/2026:08:56:55 -0400] "GET /robots.txt HTTP/1.1" 200 7696 "-" "Mozilla/5.0 (compatible; SeznamBot/4.0; +https://o-seznam.cz/napoveda/vyhledavani/en/seznambot-crawler/)"
77.75.76.168 - - [02/Jun/2026:08:56:55 -0400] "GET /tour/olhuveli-beach-resort-spa/ HTTP/1.1" 200 27578 "-" "Mozilla/5.0 (compatible; SeznamBot/4.0; +https://o-seznam.cz/napoveda/vyhledavani/en/seznambot-crawler/)"
178.217.98.153 - - [02/Jun/2026:09:02:52 -0400] "GET /wp-content/plugins/sliding-enquiry-form/captha/CaptchaSecurityImages.php?width=100&height=40&characters=5&code=rcdx4m HTTP/1.0" 200 242 "http://www.escapetravelservices.com/" "Mozilla/5.0 (Windows NT 10.0; Win64; x64) AppleWebKit/537.36 (KHTML, like Gecko) Chrome/131.0.0.0 Safari/537.36 Avast/131.0.0.0"
162.213.253.84 - - [02/Jun/2026:09:02:52 -0400] "POST /wp-cron.php?doing_wp_cron=1780405372.9765388965606689453125 HTTP/1.1" 200 0 "http://www.escapetravelservices.com/wp-cron.php?doing_wp_cron=1780405372.9765388965606689453125" "WordPress/6.0; http://www.escapetravelservices.com"
178.217.98.153 - - [02/Jun/2026:09:02:52 -0400] "POST / HTTP/1.0" 404 131885 "http://www.escapetravelservices.com/" "Mozilla/5.0 (Windows NT 10.0; Win64; x64) AppleWebKit/537.36 (KHTML, like Gecko) Chrome/131.0.0.0 Safari/537.36 Avast/131.0.0.0"
178.217.98.153 - - [02/Jun/2026:09:02:48 -0400] "GET / HTTP/1.0" 200 160912 "http://www.escapetravelservices.com/" "Mozilla/5.0 (Windows NT 10.0; Win64; x64) AppleWebKit/537.36 (KHTML, like Gecko) Chrome/131.0.0.0 Safari/537.36 Avast/131.0.0.0"
114.119.144.85 - - [02/Jun/2026:09:16:56 -0400] "GET /tour/centara-ras-fushi-resort-spa-03-nights-04-days/ HTTP/1.1" 200 24636 "http://www.escapetravelservices.com/tour/centara-ras-fushi-resort-spa-03-nights-04-days" "Mozilla/5.0 (Linux; Android 7.0;) AppleWebKit/537.36 (HTML, like Gecko) Mobile Safari/537.36 (compatible; PetalBot;+https://webmaster.petalsearch.com/site/petalbot)"
34.6.128.217 - - [02/Jun/2026:09:34:48 -0400] "GET / HTTP/1.1" 200 33162 "-" "Mozilla/5.0 (compatible; CMS-Checker/1.0; +https://example.com)"
178.217.98.153 - - [02/Jun/2026:09:36:32 -0400] "GET / HTTP/1.0" 200 160912 "http://www.escapetravelservices.com/" "Mozilla/5.0 (Windows NT 10.0; Win64; x64) AppleWebKit/537.36 (KHTML, like Gecko) Chrome/131.0.0.0 Safari/537.36 Avast/131.0.0.0"
162.213.253.84 - - [02/Jun/2026:09:36:36 -0400] "POST /wp-cron.php?doing_wp_cron=1780407396.2476909160614013671875 HTTP/1.1" 200 0 "http://www.escapetravelservices.com/wp-cron.php?doing_wp_cron=1780407396.2476909160614013671875" "WordPress/6.0; http://www.escapetravelservices.com"
51.75.236.151 - - [02/Jun/2026:09:28:27 -0400] "GET /robots.txt HTTP/1.1" 200 6884 "-" "Mozilla/5.0 (compatible; AhrefsBot/7.0; +http://ahrefs.com/robot/)"
54.38.147.85 - - [02/Jun/2026:09:28:29 -0400] "GET /tour/amazing-bangkok-pattaya-03-nights-04-days/ HTTP/1.1" 200 21938 "-" "Mozilla/5.0 (compatible; AhrefsBot/7.0; +http://ahrefs.com/robot/)"
51.195.244.141 - - [02/Jun/2026:09:31:30 -0400] "GET /wp-content/plugins/sliding-enquiry-form/captha/CaptchaSecurityImages.php?width=100&height=40&characters=5&code=gtb6wq HTTP/1.1" 200 175 "-" "Mozilla/5.0 (compatible; AhrefsBot/7.0; +http://ahrefs.com/robot/)"
178.217.98.153 - - [02/Jun/2026:09:36:35 -0400] "GET /wp-content/plugins/sliding-enquiry-form/captha/CaptchaSecurityImages.php?width=100&height=40&characters=5&code=rcdx4m HTTP/1.0" 200 242 "http://www.escapetravelservices.com/" "Mozilla/5.0 (Windows NT 10.0; Win64; x64) AppleWebKit/537.36 (KHTML, like Gecko) Chrome/131.0.0.0 Safari/537.36 Avast/131.0.0.0"
178.217.98.153 - - [02/Jun/2026:09:36:35 -0400] "POST / HTTP/1.0" 404 131885 "http://www.escapetravelservices.com/" "Mozilla/5.0 (Windows NT 10.0; Win64; x64) AppleWebKit/537.36 (KHTML, like Gecko) Chrome/131.0.0.0 Safari/537.36 Avast/131.0.0.0"
96.9.84.185 - - [02/Jun/2026:09:37:48 -0400] "GET http://www.escapetravelservices.com/tag/summer/ HTTP/1.1" 200 29215 "-" "Mozilla/5.0 (Macintosh; Intel Mac OS X 10_14_5) AppleWebKit/537.36 (KHTML, like Gecko) Chrome/75.0.3770.142 Safari/537.36"
114.119.143.59 - - [02/Jun/2026:09:48:51 -0400] "GET /destination/seychelles/ HTTP/1.1" 200 24093 "http://www.escapetravelservices.com/2021/01/09/top-5-most-romantic-honeymoon-destinations-in-india" "Mozilla/5.0 (Linux; Android 7.0;) AppleWebKit/537.36 (HTML, like Gecko) Mobile Safari/537.36 (compatible; PetalBot;+https://webmaster.petalsearch.com/site/petalbot)"
77.75.77.32 - - [02/Jun/2026:09:48:57 -0400] "GET /tour/shimla-02-nights-03-days/ HTTP/1.1" 200 25759 "-" "Mozilla/5.0 (compatible; SeznamBot/4.0; +https://o-seznam.cz/napoveda/vyhledavani/en/seznambot-crawler/)"
43.162.114.69 - - [02/Jun/2026:09:50:27 -0400] "GET / HTTP/1.1" 200 33162 "-" "Mozilla/5.0 (iPhone; CPU iPhone OS 13_2_3 like Mac OS X) AppleWebKit/605.1.15 (KHTML, like Gecko) Version/13.0.3 Mobile/15E148 Safari/604.1"
27.68.136.160 - - [02/Jun/2026:09:53:46 -0400] "GET http://www.escapetravelservices.com/destinations/page/2/ HTTP/1.1" 200 29284 "-" "Mozilla/5.0 (Macintosh; Intel Mac OS X 10_12_0) AppleWebKit/537.36 (KHTML, like Gecko) Chrome/65.0.3325.5 Safari/537.36"
114.119.143.59 - - [02/Jun/2026:10:04:45 -0400] "GET /2021/01/08/weekend-getaways/ HTTP/1.1" 200 25893 "http://www.escapetravelservices.com/2021/01/08/weekend-getaways" "Mozilla/5.0 (Linux; Android 7.0;) AppleWebKit/537.36 (HTML, like Gecko) Mobile Safari/537.36 (compatible; PetalBot;+https://webmaster.petalsearch.com/site/petalbot)"
157.15.40.86 - - [02/Jun/2026:10:13:47 -0400] "GET /wp-content/txets.php HTTP/1.1" 301 0 "-" "Go-http-client/1.1"
157.15.40.86 - - [02/Jun/2026:10:13:57 -0400] "GET /wp-admin/txets.php HTTP/1.1" 404 27474 "http://escapetravelservices.com/wp-admin/txets.php" "Go-http-client/1.1"
157.15.40.86 - - [02/Jun/2026:10:14:00 -0400] "GET /wp-includes/txets.php HTTP/1.1" 301 0 "-" "Go-http-client/1.1"
157.15.40.86 - - [02/Jun/2026:10:14:04 -0400] "GET /schallfuns.php HTTP/1.1" 301 0 "-" "Go-http-client/1.1"
157.15.40.86 - - [02/Jun/2026:10:14:11 -0400] "GET /wp-content/postnews.php HTTP/1.1" 404 27467 "http://escapetravelservices.com/wp-content/postnews.php" "Go-http-client/1.1"
157.15.40.86 - - [02/Jun/2026:10:14:14 -0400] "GET /wp-admin/postnews.php HTTP/1.1" 301 0 "-" "Go-http-client/1.1"
157.15.40.86 - - [02/Jun/2026:10:14:15 -0400] "GET /wp-admin/postnews.php HTTP/1.1" 404 27473 "http://escapetravelservices.com/wp-admin/postnews.php" "Go-http-client/1.1"
157.15.40.86 - - [02/Jun/2026:10:14:17 -0400] "GET /wp-includes/postnews.php HTTP/1.1" 301 0 "-" "Go-http-client/1.1"
157.15.40.86 - - [02/Jun/2026:10:14:18 -0400] "GET /wp-includes/postnews.php HTTP/1.1" 404 27467 "http://escapetravelservices.com/wp-includes/postnews.php" "Go-http-client/1.1"
114.119.143.59 - - [02/Jun/2026:10:04:43 -0400] "GET /2021/01/08/weekend-getaways HTTP/1.1" 301 0 "http://www.escapetravelservices.com/2021/01/08/weekend-getaways" "Mozilla/5.0 (Linux; Android 7.0;) AppleWebKit/537.36 (HTML, like Gecko) Mobile Safari/537.36 (compatible; PetalBot;+https://webmaster.petalsearch.com/site/petalbot)"
162.213.253.84 - - [02/Jun/2026:10:13:37 -0400] "POST /wp-cron.php?doing_wp_cron=1780409617.8063020706176757812500 HTTP/1.1" 200 0 "http://www.escapetravelservices.com/wp-cron.php?doing_wp_cron=1780409617.8063020706176757812500" "WordPress/6.0; http://www.escapetravelservices.com"
157.15.40.86 - - [02/Jun/2026:10:13:37 -0400] "GET /txets.php HTTP/1.1" 301 0 "-" "Go-http-client/1.1"
157.15.40.86 - - [02/Jun/2026:10:13:41 -0400] "GET /txets.php HTTP/1.1" 404 27473 "http://escapetravelservices.com/txets.php" "Go-http-client/1.1"
157.15.40.86 - - [02/Jun/2026:10:13:48 -0400] "GET /wp-content/txets.php HTTP/1.1" 404 27467 "http://escapetravelservices.com/wp-content/txets.php" "Go-http-client/1.1"
162.213.253.84 - - [02/Jun/2026:10:13:56 -0400] "POST /wp-cron.php?doing_wp_cron=1780409636.0990839004516601562500 HTTP/1.1" 200 0 "http://www.escapetravelservices.com/wp-cron.php?doing_wp_cron=1780409636.0990839004516601562500" "WordPress/6.0; http://www.escapetravelservices.com"
157.15.40.86 - - [02/Jun/2026:10:13:55 -0400] "GET /wp-admin/txets.php HTTP/1.1" 301 0 "-" "Go-http-client/1.1"
157.15.40.86 - - [02/Jun/2026:10:14:01 -0400] "GET /wp-includes/txets.php HTTP/1.1" 404 27473 "http://escapetravelservices.com/wp-includes/txets.php" "Go-http-client/1.1"
157.15.40.86 - - [02/Jun/2026:10:14:05 -0400] "GET /schallfuns.php HTTP/1.1" 404 27467 "http://escapetravelservices.com/schallfuns.php" "Go-http-client/1.1"
157.15.40.86 - - [02/Jun/2026:10:14:07 -0400] "GET /postnews.php HTTP/1.1" 301 0 "-" "Go-http-client/1.1"
157.15.40.86 - - [02/Jun/2026:10:14:08 -0400] "GET /postnews.php HTTP/1.1" 404 27473 "http://escapetravelservices.com/postnews.php" "Go-http-client/1.1"
157.15.40.86 - - [02/Jun/2026:10:14:11 -0400] "GET /wp-content/postnews.php HTTP/1.1" 301 0 "-" "Go-http-client/1.1"
51.68.236.94 - - [02/Jun/2026:10:23:41 -0400] "GET /robots.txt HTTP/1.1" 301 0 "-" "Mozilla/5.0 (compatible; MJ12bot/v2.0.5; http://mj12bot.com/)"
51.68.236.94 - - [02/Jun/2026:10:23:43 -0400] "GET / HTTP/1.1" 200 28988 "-" "Mozilla/5.0 (compatible; MJ12bot/v2.0.5; http://mj12bot.com/)"
20.243.17.216 - - [02/Jun/2026:10:25:19 -0400] "GET /wp-admin/css/ HTTP/1.1" 403 1242 "binance.com" "Mozilla/5.0 (Windows NT 10.0; Win64; x64) AppleWebKit/537.36 (KHTML, like Gecko) Chrome/90.0.4430.85 Safari/537.36"
51.68.236.94 - - [02/Jun/2026:10:23:42 -0400] "GET /robots.txt HTTP/1.1" 200 6884 "-" "Mozilla/5.0 (compatible; MJ12bot/v2.0.5; http://mj12bot.com/)"
162.213.253.84 - - [02/Jun/2026:10:23:42 -0400] "POST /wp-cron.php?doing_wp_cron=1780410222.7957329750061035156250 HTTP/1.1" 200 0 "http://www.escapetravelservices.com/wp-cron.php?doing_wp_cron=1780410222.7957329750061035156250" "WordPress/6.0; http://www.escapetravelservices.com"
51.68.236.94 - - [02/Jun/2026:10:23:42 -0400] "GET / HTTP/1.1" 301 0 "-" "Mozilla/5.0 (compatible; MJ12bot/v2.0.5; http://mj12bot.com/)"
178.217.98.153 - - [02/Jun/2026:10:36:37 -0400] "GET / HTTP/1.0" 200 160912 "http://www.escapetravelservices.com/" "Mozilla/5.0 (Windows NT 10.0; Win64; x64) AppleWebKit/537.36 (KHTML, like Gecko) Chrome/131.0.0.0 Safari/537.36"
178.217.98.153 - - [02/Jun/2026:10:36:39 -0400] "GET /wp-content/plugins/sliding-enquiry-form/captha/CaptchaSecurityImages.php?width=100&height=40&characters=5&code=rcdx4m HTTP/1.0" 200 242 "http://www.escapetravelservices.com/" "Mozilla/5.0 (Windows NT 10.0; Win64; x64) AppleWebKit/537.36 (KHTML, like Gecko) Chrome/131.0.0.0 Safari/537.36"
178.217.98.153 - - [02/Jun/2026:10:36:40 -0400] "POST / HTTP/1.0" 404 131885 "http://www.escapetravelservices.com/" "Mozilla/5.0 (Windows NT 10.0; Win64; x64) AppleWebKit/537.36 (KHTML, like Gecko) Chrome/131.0.0.0 Safari/537.36"
35.192.211.87 - - [02/Jun/2026:10:43:19 -0400] "GET / HTTP/1.1" 200 33162 "-" "Mozilla/5.0 (compatible; CMS-Checker/1.0; +https://example.com)"
162.213.253.84 - - [02/Jun/2026:10:36:40 -0400] "POST /wp-cron.php?doing_wp_cron=1780411000.5163569450378417968750 HTTP/1.1" 200 0 "http://www.escapetravelservices.com/wp-cron.php?doing_wp_cron=1780411000.5163569450378417968750" "WordPress/6.0; http://www.escapetravelservices.com"
66.249.68.162 - - [02/Jun/2026:11:04:24 -0400] "GET /robots.txt HTTP/1.1" 200 6884 "-" "Mozilla/5.0 (compatible; Googlebot/2.1; +http://www.google.com/bot.html)"
178.217.98.153 - - [02/Jun/2026:10:52:29 -0400] "GET /wp-content/plugins/sliding-enquiry-form/captha/CaptchaSecurityImages.php?width=100&height=40&characters=5&code=rcdx4m HTTP/1.0" 200 242 "http://www.escapetravelservices.com/" "Mozilla/5.0 (Windows NT 10.0; Win64; x64) AppleWebKit/537.36 (KHTML, like Gecko) Chrome/130.0.0.0 Safari/537.36"
173.252.82.1 - - [02/Jun/2026:10:57:25 -0400] "GET / HTTP/1.1" 200 160912 "-" "meta-externalagent/1.1 (+https://developers.facebook.com/docs/sharing/webmasters/crawler)"
178.217.98.153 - - [02/Jun/2026:10:52:27 -0400] "GET / HTTP/1.0" 200 160912 "http://www.escapetravelservices.com/" "Mozilla/5.0 (Windows NT 10.0; Win64; x64) AppleWebKit/537.36 (KHTML, like Gecko) Chrome/130.0.0.0 Safari/537.36"
162.213.253.84 - - [02/Jun/2026:10:52:30 -0400] "POST /wp-cron.php?doing_wp_cron=1780411950.2675349712371826171875 HTTP/1.1" 200 0 "http://www.escapetravelservices.com/wp-cron.php?doing_wp_cron=1780411950.2675349712371826171875" "WordPress/6.0; http://www.escapetravelservices.com"
178.217.98.153 - - [02/Jun/2026:10:52:29 -0400] "POST / HTTP/1.0" 404 131885 "http://www.escapetravelservices.com/" "Mozilla/5.0 (Windows NT 10.0; Win64; x64) AppleWebKit/537.36 (KHTML, like Gecko) Chrome/130.0.0.0 Safari/537.36"
66.249.68.162 - - [02/Jun/2026:11:05:29 -0400] "GET /wp-content/uploads/2022/06/cropped-escape-logo-white1-192x192.jpg HTTP/1.1" 200 4500 "-" "Googlebot-Image/1.0"
66.249.68.162 - - [02/Jun/2026:11:04:49 -0400] "GET /favicon.ico HTTP/1.1" 404 1251 "-" "Googlebot-Image/1.0"
66.249.68.164 - - [02/Jun/2026:11:05:06 -0400] "GET /wp-content/uploads/2022/06/cropped-escape-logo-white1-32x32.jpg HTTP/1.1" 200 666 "-" "Googlebot-Image/1.0"
66.249.68.162 - - [02/Jun/2026:11:05:21 -0400] "GET /wp-content/uploads/2022/06/cropped-escape-logo-white1-180x180.jpg HTTP/1.1" 200 4272 "-" "Googlebot-Image/1.0"
162.213.253.84 - - [02/Jun/2026:11:15:12 -0400] "POST /wp-cron.php?doing_wp_cron=1780413312.0183980464935302734375 HTTP/1.1" 200 0 "http://www.escapetravelservices.com/wp-cron.php?doing_wp_cron=1780413312.0183980464935302734375" "WordPress/6.0; http://www.escapetravelservices.com"
35.192.211.87 - - [02/Jun/2026:11:15:12 -0400] "GET / HTTP/1.1" 200 160912 "-" "Mozilla/5.0 (Windows NT 10.0; Win64; x64) AppleWebKit/537.36 (KHTML, like Gecko) Chrome/78.0.3904.108 Safari/537.36"
35.192.211.87 - - [02/Jun/2026:11:15:13 -0400] "GET //wp-json/wp/v2/users/ HTTP/1.1" 200 8054 "-" "Mozilla/5.0 (Windows NT 10.0; Win64; x64) AppleWebKit/537.36 (KHTML, like Gecko) Chrome/78.0.3904.108 Safari/537.36"
35.192.211.87 - - [02/Jun/2026:11:15:14 -0400] "GET //wp-json/oembed/1.0/embed?url=http://www.escapetravelservices.com/ HTTP/1.1" 200 2685 "-" "Mozilla/5.0 (Windows NT 10.0; Win64; x64) AppleWebKit/537.36 (KHTML, like Gecko) Chrome/78.0.3904.108 Safari/537.36"
35.192.211.87 - - [02/Jun/2026:11:15:11 -0400] "GET / HTTP/1.1" 301 0 "-" "Mozilla/5.0 (Windows NT 10.0; Win64; x64) AppleWebKit/537.36 (KHTML, like Gecko) Chrome/78.0.3904.108 Safari/537.36"
35.192.211.87 - - [02/Jun/2026:11:15:12 -0400] "GET //wp-includes/wlwmanifest.xml HTTP/1.1" 200 1045 "-" "Mozilla/5.0 (Windows NT 10.0; Win64; x64) AppleWebKit/537.36 (KHTML, like Gecko) Chrome/78.0.3904.108 Safari/537.36"
35.192.211.87 - - [02/Jun/2026:11:15:13 -0400] "GET //?author=1 HTTP/1.1" 301 0 "-" "Mozilla/5.0 (Windows NT 10.0; Win64; x64) AppleWebKit/537.36 (KHTML, like Gecko) Chrome/78.0.3904.108 Safari/537.36"
35.192.211.87 - - [02/Jun/2026:11:15:13 -0400] "GET //?author=2 HTTP/1.1" 301 0 "-" "Mozilla/5.0 (Windows NT 10.0; Win64; x64) AppleWebKit/537.36 (KHTML, like Gecko) Chrome/78.0.3904.108 Safari/537.36"
162.213.253.84 - - [02/Jun/2026:11:26:53 -0400] "POST /wp-cron.php?doing_wp_cron=1780414013.0099980831146240234375 HTTP/1.1" 200 0 "http://www.escapetravelservices.com/wp-cron.php?doing_wp_cron=1780414013.0099980831146240234375" "WordPress/6.0; http://www.escapetravelservices.com"
178.217.98.153 - - [02/Jun/2026:11:26:52 -0400] "POST / HTTP/1.0" 404 131885 "http://www.escapetravelservices.com/" "Mozilla/5.0 (Windows NT 10.0; Win64; x64) AppleWebKit/537.36 (KHTML, like Gecko) Chrome/131.0.0.0 Safari/537.36"
162.213.253.84 - - [02/Jun/2026:11:33:48 -0400] "POST /wp-cron.php?doing_wp_cron=1780414428.8568029403686523437500 HTTP/1.1" 200 0 "http://www.escapetravelservices.com/wp-cron.php?doing_wp_cron=1780414428.8568029403686523437500" "WordPress/6.0; http://www.escapetravelservices.com"
31.171.130.114 - - [02/Jun/2026:11:33:48 -0400] "GET /vendor/phpunit/phpunit/src/Util/PHP/ HTTP/1.1" 301 0 "https://www.google.com" "Mozilla/5.0 (Linux; Android 7.0; SM-G892A Build/NRD90M; wv) AppleWebKit/537.36 (KHTML, like Gecko) Version/4.0 Chrome/60.0.3112.107 Mobile Safari/537.36"
31.171.130.151 - - [02/Jun/2026:11:34:12 -0400] "GET /vendor/phpunit/phpunit/src/Util/PHP/ HTTP/1.1" 404 27460 "https://www.google.com" "Mozilla/5.0 (Linux; Android 7.0; SM-G892A Build/NRD90M; wv) AppleWebKit/537.36 (KHTML, like Gecko) Version/4.0 Chrome/60.0.3112.107 Mobile Safari/537.36"
31.171.130.130 - - [02/Jun/2026:11:34:28 -0400] "GET /images/ HTTP/1.1" 301 0 "https://www.google.com" "Mozilla/5.0 (Linux; Android 7.0; SM-G892A Build/NRD90M; wv) AppleWebKit/537.36 (KHTML, like Gecko) Version/4.0 Chrome/60.0.3112.107 Mobile Safari/537.36"
31.171.130.160 - - [02/Jun/2026:11:34:31 -0400] "GET /images/ HTTP/1.1" 404 27460 "https://www.google.com" "Mozilla/5.0 (Linux; Android 7.0; SM-G892A Build/NRD90M; wv) AppleWebKit/537.36 (KHTML, like Gecko) Version/4.0 Chrome/60.0.3112.107 Mobile Safari/537.36"
31.171.130.150 - - [02/Jun/2026:11:34:39 -0400] "GET /libraries/ HTTP/1.1" 404 27453 "https://www.google.com" "Mozilla/5.0 (Linux; Android 7.0; SM-G892A Build/NRD90M; wv) AppleWebKit/537.36 (KHTML, like Gecko) Version/4.0 Chrome/60.0.3112.107 Mobile Safari/537.36"
178.217.98.153 - - [02/Jun/2026:11:26:49 -0400] "GET / HTTP/1.0" 200 160912 "http://www.escapetravelservices.com/" "Mozilla/5.0 (Windows NT 10.0; Win64; x64) AppleWebKit/537.36 (KHTML, like Gecko) Chrome/131.0.0.0 Safari/537.36"
178.217.98.153 - - [02/Jun/2026:11:26:52 -0400] "GET /wp-content/plugins/sliding-enquiry-form/captha/CaptchaSecurityImages.php?width=100&height=40&characters=5&code=rcdx4m HTTP/1.0" 200 242 "http://www.escapetravelservices.com/" "Mozilla/5.0 (Windows NT 10.0; Win64; x64) AppleWebKit/537.36 (KHTML, like Gecko) Chrome/131.0.0.0 Safari/537.36"
31.171.130.150 - - [02/Jun/2026:11:33:44 -0400] "GET /wp-includes/ HTTP/1.1" 403 1242 "https://www.google.com" "Mozilla/5.0 (Linux; Android 7.0; SM-G892A Build/NRD90M; wv) AppleWebKit/537.36 (KHTML, like Gecko) Version/4.0 Chrome/60.0.3112.107 Mobile Safari/537.36"
162.213.253.84 - - [02/Jun/2026:11:34:32 -0400] "POST /wp-cron.php?doing_wp_cron=1780414472.1786339282989501953125 HTTP/1.1" 200 0 "http://www.escapetravelservices.com/wp-cron.php?doing_wp_cron=1780414472.1786339282989501953125" "WordPress/6.0; http://www.escapetravelservices.com"
31.171.130.132 - - [02/Jun/2026:11:34:37 -0400] "GET /libraries/ HTTP/1.1" 301 0 "https://www.google.com" "Mozilla/5.0 (Linux; Android 7.0; SM-G892A Build/NRD90M; wv) AppleWebKit/537.36 (KHTML, like Gecko) Version/4.0 Chrome/60.0.3112.107 Mobile Safari/537.36"
202.163.103.46 - - [02/Jun/2026:11:43:28 -0400] "GET http://www.escapetravelservices.com/tour/stunning-phuket-03-nights-04-days/ HTTP/1.1" 200 25162 "-" "Mozilla/5.0 (Windows NT 10.0; Win64; x64) AppleWebKit/537.36 (KHTML, like Gecko) Chrome/68.0.3409.13 Safari/537.36"
14.178.119.57 - - [02/Jun/2026:11:48:25 -0400] "GET http://www.escapetravelservices.com/tour/romantic-phuket-krabi-04-nights-05-days/ HTTP/1.1" 200 25429 "-" "Mozilla/5.0 (Macintosh; Intel Mac OS X 10_15_7) AppleWebKit/537.36 (KHTML, like Gecko) Chrome/96.0.4664.93 Safari/537.36"
162.213.253.84 - - [02/Jun/2026:12:00:25 -0400] "POST /wp-cron.php?doing_wp_cron=1780416025.2027969360351562500000 HTTP/1.1" 200 0 "http://www.escapetravelservices.com/wp-cron.php?doing_wp_cron=1780416025.2027969360351562500000" "WordPress/6.0; http://www.escapetravelservices.com"
43.130.101.151 - - [02/Jun/2026:12:05:47 -0400] "GET / HTTP/1.1" 301 0 "-" "Mozilla/5.0 (iPhone; CPU iPhone OS 13_2_3 like Mac OS X) AppleWebKit/605.1.15 (KHTML, like Gecko) Version/13.0.3 Mobile/15E148 Safari/604.1"
43.130.101.151 - - [02/Jun/2026:12:05:49 -0400] "GET / HTTP/1.1" 200 33162 "http://escapetravelservices.com" "Mozilla/5.0 (iPhone; CPU iPhone OS 13_2_3 like Mac OS X) AppleWebKit/605.1.15 (KHTML, like Gecko) Version/13.0.3 Mobile/15E148 Safari/604.1"
78.241.60.183 - - [02/Jun/2026:12:00:24 -0400] "GET / HTTP/1.1" 301 0 "-" "Mozilla/5.0 (Macintosh; Intel Mac OS X 14.1; rv:126.0) Gecko/20100101 Firefox/126.0"
93.47.41.118 - - [02/Jun/2026:12:00:27 -0400] "GET / HTTP/1.1" 200 33162 "-" "Mozilla/5.0 (Macintosh; Intel Mac OS X 14.1; rv:126.0) Gecko/20100101 Firefox/126.0"
162.213.253.84 - - [02/Jun/2026:12:05:48 -0400] "POST /wp-cron.php?doing_wp_cron=1780416348.0640799999237060546875 HTTP/1.1" 200 0 "http://www.escapetravelservices.com/wp-cron.php?doing_wp_cron=1780416348.0640799999237060546875" "WordPress/6.0; http://www.escapetravelservices.com"
124.239.12.77 - - [02/Jun/2026:12:12:14 -0400] "GET /robots.txt HTTP/1.1" 200 7696 "-" "YisouSpider"
162.213.253.84 - - [02/Jun/2026:12:23:11 -0400] "POST /wp-cron.php?doing_wp_cron=1780417391.2846341133117675781250 HTTP/1.1" 200 0 "http://www.escapetravelservices.com/wp-cron.php?doing_wp_cron=1780417391.2846341133117675781250" "WordPress/6.0; http://www.escapetravelservices.com"
178.217.98.153 - - [02/Jun/2026:12:23:08 -0400] "GET / HTTP/1.0" 200 160912 "http://www.escapetravelservices.com/" "Mozilla/5.0 (Windows NT 10.0; Win64; x64) AppleWebKit/537.36 (KHTML, like Gecko) Chrome/131.0.0.0 Safari/537.36 Avast/131.0.0.0"
178.217.98.153 - - [02/Jun/2026:12:23:10 -0400] "GET /wp-content/plugins/sliding-enquiry-form/captha/CaptchaSecurityImages.php?width=100&height=40&characters=5&code=rcdx4m HTTP/1.0" 200 242 "http://www.escapetravelservices.com/" "Mozilla/5.0 (Windows NT 10.0; Win64; x64) AppleWebKit/537.36 (KHTML, like Gecko) Chrome/131.0.0.0 Safari/537.36 Avast/131.0.0.0"
178.217.98.153 - - [02/Jun/2026:12:23:10 -0400] "POST / HTTP/1.0" 404 131885 "http://www.escapetravelservices.com/" "Mozilla/5.0 (Windows NT 10.0; Win64; x64) AppleWebKit/537.36 (KHTML, like Gecko) Chrome/131.0.0.0 Safari/537.36 Avast/131.0.0.0"
178.217.98.153 - - [02/Jun/2026:12:40:10 -0400] "GET / HTTP/1.0" 200 160912 "http://www.escapetravelservices.com/" "Mozilla/5.0 (Windows NT 10.0; Win64; x64) AppleWebKit/537.36 (KHTML, like Gecko) Chrome/129.0.0.0 Safari/537.36"
178.217.98.153 - - [02/Jun/2026:12:40:12 -0400] "GET /wp-content/plugins/sliding-enquiry-form/captha/CaptchaSecurityImages.php?width=100&height=40&characters=5&code=rcdx4m HTTP/1.0" 200 242 "http://www.escapetravelservices.com/" "Mozilla/5.0 (Windows NT 10.0; Win64; x64) AppleWebKit/537.36 (KHTML, like Gecko) Chrome/129.0.0.0 Safari/537.36"
35.255.125.45 - - [02/Jun/2026:12:34:41 -0400] "GET / HTTP/1.1" 200 33162 "-" "Mozilla/5.0 (compatible; CMS-Checker/1.0; +https://example.com)"
178.217.98.153 - - [02/Jun/2026:12:40:12 -0400] "POST / HTTP/1.0" 404 131885 "http://www.escapetravelservices.com/" "Mozilla/5.0 (Windows NT 10.0; Win64; x64) AppleWebKit/537.36 (KHTML, like Gecko) Chrome/129.0.0.0 Safari/537.36"
162.213.253.84 - - [02/Jun/2026:12:52:32 -0400] "POST /wp-cron.php?doing_wp_cron=1780419152.1509389877319335937500 HTTP/1.1" 200 0 "http://www.escapetravelservices.com/wp-cron.php?doing_wp_cron=1780419152.1509389877319335937500" "WordPress/6.0; http://www.escapetravelservices.com"
123.207.65.62 - - [02/Jun/2026:12:52:33 -0400] "GET / HTTP/1.1" 200 33162 "http://escapetravelservices.com" "Mozilla/5.0 (iPhone; CPU iPhone OS 13_2_3 like Mac OS X) AppleWebKit/605.1.15 (KHTML, like Gecko) Version/13.0.3 Mobile/15E148 Safari/604.1"
35.255.203.139 - - [02/Jun/2026:12:55:02 -0400] "GET / HTTP/1.1" 301 0 "-" "Mozilla/5.0 (compatible; CMS-Checker/1.0; +https://example.com)"
35.255.203.139 - - [02/Jun/2026:12:55:04 -0400] "GET / HTTP/1.1" 200 33162 "http://mail.escapetravelservices.com" "Mozilla/5.0 (compatible; CMS-Checker/1.0; +https://example.com)"
123.207.65.62 - - [02/Jun/2026:12:52:31 -0400] "GET / HTTP/1.1" 301 0 "-" "Mozilla/5.0 (iPhone; CPU iPhone OS 13_2_3 like Mac OS X) AppleWebKit/605.1.15 (KHTML, like Gecko) Version/13.0.3 Mobile/15E148 Safari/604.1"
162.213.253.84 - - [02/Jun/2026:12:55:02 -0400] "POST /wp-cron.php?doing_wp_cron=1780419302.7241010665893554687500 HTTP/1.1" 200 0 "http://www.escapetravelservices.com/wp-cron.php?doing_wp_cron=1780419302.7241010665893554687500" "WordPress/6.0; http://www.escapetravelservices.com"
178.217.98.153 - - [02/Jun/2026:13:14:02 -0400] "GET / HTTP/1.0" 200 160912 "http://www.escapetravelservices.com/" "Mozilla/5.0 (Windows NT 10.0; Win64; x64) AppleWebKit/537.36 (KHTML, like Gecko) Chrome/130.0.0.0 Safari/537.36 CCleaner/130.0.0.0"
178.217.98.153 - - [02/Jun/2026:13:14:05 -0400] "GET /wp-content/plugins/sliding-enquiry-form/captha/CaptchaSecurityImages.php?width=100&height=40&characters=5&code=rcdx4m HTTP/1.0" 200 242 "http://www.escapetravelservices.com/" "Mozilla/5.0 (Windows NT 10.0; Win64; x64) AppleWebKit/537.36 (KHTML, like Gecko) Chrome/130.0.0.0 Safari/537.36 CCleaner/130.0.0.0"
178.217.98.153 - - [02/Jun/2026:13:14:05 -0400] "POST / HTTP/1.0" 404 131885 "http://www.escapetravelservices.com/" "Mozilla/5.0 (Windows NT 10.0; Win64; x64) AppleWebKit/537.36 (KHTML, like Gecko) Chrome/130.0.0.0 Safari/537.36 CCleaner/130.0.0.0"
162.213.253.84 - - [02/Jun/2026:13:14:06 -0400] "POST /wp-cron.php?doing_wp_cron=1780420446.3162400722503662109375 HTTP/1.1" 200 0 "http://www.escapetravelservices.com/wp-cron.php?doing_wp_cron=1780420446.3162400722503662109375" "WordPress/6.0; http://www.escapetravelservices.com"
37.236.31.36 - - [02/Jun/2026:13:15:31 -0400] "GET /tag/summer/ HTTP/1.1" 200 29215 "-" "Mozilla/5.0 (Windows NT 6.1; Win64; x64) AppleWebKit/537.36 (KHTML, like Gecko) Chrome/85.0.4183.102 Safari/537.36"
35.255.125.45 - - [02/Jun/2026:13:24:56 -0400] "GET / HTTP/1.1" 301 0 "-" "Mozilla/5.0 (Windows NT 10.0; Win64; x64) AppleWebKit/537.36 (KHTML, like Gecko) Chrome/78.0.3904.108 Safari/537.36"
35.255.125.45 - - [02/Jun/2026:13:24:58 -0400] "GET //wp-includes/wlwmanifest.xml HTTP/1.1" 200 1045 "-" "Mozilla/5.0 (Windows NT 10.0; Win64; x64) AppleWebKit/537.36 (KHTML, like Gecko) Chrome/78.0.3904.108 Safari/537.36"
35.255.125.45 - - [02/Jun/2026:13:24:58 -0400] "GET //?author=1 HTTP/1.1" 301 0 "-" "Mozilla/5.0 (Windows NT 10.0; Win64; x64) AppleWebKit/537.36 (KHTML, like Gecko) Chrome/78.0.3904.108 Safari/537.36"
35.255.125.45 - - [02/Jun/2026:13:24:59 -0400] "GET //wp-json/wp/v2/users/ HTTP/1.1" 200 8054 "-" "Mozilla/5.0 (Windows NT 10.0; Win64; x64) AppleWebKit/537.36 (KHTML, like Gecko) Chrome/78.0.3904.108 Safari/537.36"
35.255.125.45 - - [02/Jun/2026:13:24:59 -0400] "GET //wp-json/oembed/1.0/embed?url=http://www.escapetravelservices.com/ HTTP/1.1" 200 2685 "-" "Mozilla/5.0 (Windows NT 10.0; Win64; x64) AppleWebKit/537.36 (KHTML, like Gecko) Chrome/78.0.3904.108 Safari/537.36"
196.132.216.137 - - [02/Jun/2026:13:36:00 -0400] "GET / HTTP/1.1" 200 33162 "https://www.google.com/url?q=http://www.escapetravelservices.com/&sa=U&ved=2ahUKEwiqr8fri-mUAxXi8LsIHUnsPEQQFnoECA8QAQ&usg=AOvVaw3k92KszKYF6AUZFFylFAJW" "Mozilla/5.0 (iPhone; CPU iPhone OS 26_5_0 like Mac OS X) AppleWebKit/605.1.15 (KHTML, like Gecko) GSA/422.6.916665746 Mobile/15E148 Safari/604.1"
196.132.216.137 - - [02/Jun/2026:13:36:00 -0400] "GET /wp-includes/js/wp-emoji-release.min.js HTTP/1.1" 200 5712 "http://www.escapetravelservices.com/" "Mozilla/5.0 (iPhone; CPU iPhone OS 26_5_0 like Mac OS X) AppleWebKit/605.1.15 (KHTML, like Gecko) GSA/422.6.916665746 Mobile/15E148 Safari/604.1"
196.132.216.137 - - [02/Jun/2026:13:36:01 -0400] "GET /wp-content/plugins/booked/assets/js/tooltipster/css/themes/tooltipster-light.css HTTP/1.1" 200 226 "http://www.escapetravelservices.com/" "Mozilla/5.0 (iPhone; CPU iPhone OS 26_5_0 like Mac OS X) AppleWebKit/605.1.15 (KHTML, like Gecko) GSA/422.6.916665746 Mobile/15E148 Safari/604.1"
196.132.216.137 - - [02/Jun/2026:13:36:01 -0400] "GET /wp-content/plugins/booked/assets/js/tooltipster/css/tooltipster.css HTTP/1.1" 200 1970 "http://www.escapetravelservices.com/" "Mozilla/5.0 (iPhone; CPU iPhone OS 26_5_0 like Mac OS X) AppleWebKit/605.1.15 (KHTML, like Gecko) GSA/422.6.916665746 Mobile/15E148 Safari/604.1"
196.132.216.137 - - [02/Jun/2026:13:36:01 -0400] "GET /wp-includes/css/dist/block-library/style.min.css HTTP/1.1" 200 14760 "http://www.escapetravelservices.com/" "Mozilla/5.0 (iPhone; CPU iPhone OS 26_5_0 like Mac OS X) AppleWebKit/605.1.15 (KHTML, like Gecko) GSA/422.6.916665746 Mobile/15E148 Safari/604.1"
196.132.216.137 - - [02/Jun/2026:13:36:01 -0400] "GET /wp-content/plugins/contact-form-7/includes/css/styles.css HTTP/1.1" 200 776 "http://www.escapetravelservices.com/" "Mozilla/5.0 (iPhone; CPU iPhone OS 26_5_0 like Mac OS X) AppleWebKit/605.1.15 (KHTML, like Gecko) GSA/422.6.916665746 Mobile/15E148 Safari/604.1"
196.132.216.137 - - [02/Jun/2026:13:36:01 -0400] "GET /wp-content/themes/escapetour/css/jqueryui/custom.css HTTP/1.1" 200 5287 "http://www.escapetravelservices.com/" "Mozilla/5.0 (iPhone; CPU iPhone OS 26_5_0 like Mac OS X) AppleWebKit/605.1.15 (KHTML, like Gecko) GSA/422.6.916665746 Mobile/15E148 Safari/604.1"
196.132.216.137 - - [02/Jun/2026:13:36:01 -0400] "GET /wp-includes/js/mediaelement/mediaelementplayer-legacy.min.css HTTP/1.1" 200 2967 "http://www.escapetravelservices.com/" "Mozilla/5.0 (iPhone; CPU iPhone OS 26_5_0 like Mac OS X) AppleWebKit/605.1.15 (KHTML, like Gecko) GSA/422.6.916665746 Mobile/15E148 Safari/604.1"
196.132.216.137 - - [02/Jun/2026:13:36:01 -0400] "GET /wp-content/themes/escapetour/css/tooltipster.css HTTP/1.1" 200 1874 "http://www.escapetravelservices.com/" "Mozilla/5.0 (iPhone; CPU iPhone OS 26_5_0 like Mac OS X) AppleWebKit/605.1.15 (KHTML, like Gecko) GSA/422.6.916665746 Mobile/15E148 Safari/604.1"
162.213.253.84 - - [02/Jun/2026:13:24:57 -0400] "POST /wp-cron.php?doing_wp_cron=1780421097.3405981063842773437500 HTTP/1.1" 200 0 "http://www.escapetravelservices.com/wp-cron.php?doing_wp_cron=1780421097.3405981063842773437500" "WordPress/6.0; http://www.escapetravelservices.com"
35.255.125.45 - - [02/Jun/2026:13:24:58 -0400] "GET / HTTP/1.1" 200 160912 "-" "Mozilla/5.0 (Windows NT 10.0; Win64; x64) AppleWebKit/537.36 (KHTML, like Gecko) Chrome/78.0.3904.108 Safari/537.36"
35.255.125.45 - - [02/Jun/2026:13:24:58 -0400] "GET //?author=2 HTTP/1.1" 301 0 "-" "Mozilla/5.0 (Windows NT 10.0; Win64; x64) AppleWebKit/537.36 (KHTML, like Gecko) Chrome/78.0.3904.108 Safari/537.36"
43.157.174.69 - - [02/Jun/2026:13:35:07 -0400] "GET / HTTP/1.1" 200 33162 "-" "Mozilla/5.0 (iPhone; CPU iPhone OS 13_2_3 like Mac OS X) AppleWebKit/605.1.15 (KHTML, like Gecko) Version/13.0.3 Mobile/15E148 Safari/604.1"
196.132.216.137 - - [02/Jun/2026:13:36:01 -0400] "GET /wp-content/plugins/booked/dist/booked.css HTTP/1.1" 200 10925 "http://www.escapetravelservices.com/" "Mozilla/5.0 (iPhone; CPU iPhone OS 26_5_0 like Mac OS X) AppleWebKit/605.1.15 (KHTML, like Gecko) GSA/422.6.916665746 Mobile/15E148 Safari/604.1"
196.132.216.137 - - [02/Jun/2026:13:36:01 -0400] "GET /wp-content/plugins/booked/assets/css/icons.css HTTP/1.1" 200 6618 "http://www.escapetravelservices.com/" "Mozilla/5.0 (iPhone; CPU iPhone OS 26_5_0 like Mac OS X) AppleWebKit/605.1.15 (KHTML, like Gecko) GSA/422.6.916665746 Mobile/15E148 Safari/604.1"
196.132.216.137 - - [02/Jun/2026:13:36:01 -0400] "GET /wp-content/plugins/revslider/public/assets/css/rs6.css HTTP/1.1" 200 15207 "http://www.escapetravelservices.com/" "Mozilla/5.0 (iPhone; CPU iPhone OS 26_5_0 like Mac OS X) AppleWebKit/605.1.15 (KHTML, like Gecko) GSA/422.6.916665746 Mobile/15E148 Safari/604.1"
196.132.216.137 - - [02/Jun/2026:13:36:01 -0400] "GET /wp-content/plugins/whatsapp-for-wordpress/assets/css/style.css HTTP/1.1" 200 4693 "http://www.escapetravelservices.com/" "Mozilla/5.0 (iPhone; CPU iPhone OS 26_5_0 like Mac OS X) AppleWebKit/605.1.15 (KHTML, like Gecko) GSA/422.6.916665746 Mobile/15E148 Safari/604.1"
196.132.216.137 - - [02/Jun/2026:13:36:01 -0400] "GET /wp-content/plugins/booked/assets/css/animations.css HTTP/1.1" 200 562 "http://www.escapetravelservices.com/" "Mozilla/5.0 (iPhone; CPU iPhone OS 26_5_0 like Mac OS X) AppleWebKit/605.1.15 (KHTML, like Gecko) GSA/422.6.916665746 Mobile/15E148 Safari/604.1"
196.132.216.137 - - [02/Jun/2026:13:36:01 -0400] "GET /wp-content/themes/escapetour/css/reset.css HTTP/1.1" 200 334 "http://www.escapetravelservices.com/" "Mozilla/5.0 (iPhone; CPU iPhone OS 26_5_0 like Mac OS X) AppleWebKit/605.1.15 (KHTML, like Gecko) GSA/422.6.916665746 Mobile/15E148 Safari/604.1"
196.132.216.137 - - [02/Jun/2026:13:36:01 -0400] "GET /wp-content/themes/escapetour/css/wordpress.css HTTP/1.1" 200 1176 "http://www.escapetravelservices.com/" "Mozilla/5.0 (iPhone; CPU iPhone OS 26_5_0 like Mac OS X) AppleWebKit/605.1.15 (KHTML, like Gecko) GSA/422.6.916665746 Mobile/15E148 Safari/604.1"
196.132.216.137 - - [02/Jun/2026:13:36:01 -0400] "GET /wp-content/themes/escapetour/css/animation.css HTTP/1.1" 200 1055 "http://www.escapetravelservices.com/" "Mozilla/5.0 (iPhone; CPU iPhone OS 26_5_0 like Mac OS X) AppleWebKit/605.1.15 (KHTML, like Gecko) GSA/422.6.916665746 Mobile/15E148 Safari/604.1"
196.132.216.137 - - [02/Jun/2026:13:36:01 -0400] "GET /wp-content/themes/escapetour/css/ilightbox/ilightbox.css HTTP/1.1" 200 1778 "http://www.escapetravelservices.com/" "Mozilla/5.0 (iPhone; CPU iPhone OS 26_5_0 like Mac OS X) AppleWebKit/605.1.15 (KHTML, like Gecko) GSA/422.6.916665746 Mobile/15E148 Safari/604.1"
196.132.216.137 - - [02/Jun/2026:13:36:01 -0400] "GET /wp-content/themes/escapetour/js/flexslider/flexslider.css HTTP/1.1" 200 2042 "http://www.escapetravelservices.com/" "Mozilla/5.0 (iPhone; CPU iPhone OS 26_5_0 like Mac OS X) AppleWebKit/605.1.15 (KHTML, like Gecko) GSA/422.6.916665746 Mobile/15E148 Safari/604.1"
196.132.216.137 - - [02/Jun/2026:13:36:02 -0400] "GET /wp-content/themes/escapetour/css/screen.css HTTP/1.1" 200 38946 "http://www.escapetravelservices.com/" "Mozilla/5.0 (iPhone; CPU iPhone OS 26_5_0 like Mac OS X) AppleWebKit/605.1.15 (KHTML, like Gecko) GSA/422.6.916665746 Mobile/15E148 Safari/604.1"
196.132.216.137 - - [02/Jun/2026:13:36:02 -0400] "GET /wp-content/themes/escapetour/css/menus/leftalignmenu.css HTTP/1.1" 200 862 "http://www.escapetravelservices.com/" "Mozilla/5.0 (iPhone; CPU iPhone OS 26_5_0 like Mac OS X) AppleWebKit/605.1.15 (KHTML, like Gecko) GSA/422.6.916665746 Mobile/15E148 Safari/604.1"
196.132.216.137 - - [02/Jun/2026:13:36:02 -0400] "GET /wp-content/plugins/sliding-enquiry-form/css/sliding-enquiry.css HTTP/1.1" 200 2015 "http://www.escapetravelservices.com/" "Mozilla/5.0 (iPhone; CPU iPhone OS 26_5_0 like Mac OS X) AppleWebKit/605.1.15 (KHTML, like Gecko) GSA/422.6.916665746 Mobile/15E148 Safari/604.1"
196.132.216.137 - - [02/Jun/2026:13:36:02 -0400] "GET /wp-content/plugins/meks-easy-instagram-widget/css/widget.css HTTP/1.1" 200 302 "http://www.escapetravelservices.com/" "Mozilla/5.0 (iPhone; CPU iPhone OS 26_5_0 like Mac OS X) AppleWebKit/605.1.15 (KHTML, like Gecko) GSA/422.6.916665746 Mobile/15E148 Safari/604.1"
196.132.216.137 - - [02/Jun/2026:13:36:02 -0400] "GET /wp-content/plugins/sliding-enquiry-form/css/font-awesome.min.css HTTP/1.1" 200 7749 "http://www.escapetravelservices.com/" "Mozilla/5.0 (iPhone; CPU iPhone OS 26_5_0 like Mac OS X) AppleWebKit/605.1.15 (KHTML, like Gecko) GSA/422.6.916665746 Mobile/15E148 Safari/604.1"
162.213.253.84 - - [02/Jun/2026:13:36:02 -0400] "POST /wp-cron.php?doing_wp_cron=1780421762.0782949924468994140625 HTTP/1.1" 200 0 "http://www.escapetravelservices.com/wp-cron.php?doing_wp_cron=1780421762.0782949924468994140625" "WordPress/6.0; http://www.escapetravelservices.com"
196.132.216.137 - - [02/Jun/2026:13:36:02 -0400] "GET /wp-content/themes/escapetour/modules/kirki/assets/css/kirki-styles.css HTTP/1.1" 200 0 "http://www.escapetravelservices.com/" "Mozilla/5.0 (iPhone; CPU iPhone OS 26_5_0 like Mac OS X) AppleWebKit/605.1.15 (KHTML, like Gecko) GSA/422.6.916665746 Mobile/15E148 Safari/604.1"
196.132.216.137 - - [02/Jun/2026:13:36:02 -0400] "GET /wp-includes/js/jquery/jquery-migrate.min.js HTTP/1.1" 200 4461 "http://www.escapetravelservices.com/" "Mozilla/5.0 (iPhone; CPU iPhone OS 26_5_0 like Mac OS X) AppleWebKit/605.1.15 (KHTML, like Gecko) GSA/422.6.916665746 Mobile/15E148 Safari/604.1"
196.132.216.137 - - [02/Jun/2026:13:36:02 -0400] "GET /wp-includes/js/jquery/jquery.min.js HTTP/1.1" 200 34819 "http://www.escapetravelservices.com/" "Mozilla/5.0 (iPhone; CPU iPhone OS 26_5_0 like Mac OS X) AppleWebKit/605.1.15 (KHTML, like Gecko) GSA/422.6.916665746 Mobile/15E148 Safari/604.1"
196.132.216.137 - - [02/Jun/2026:13:36:02 -0400] "GET /wp-content/plugins/whatsapp-for-wordpress/assets/js/main.js HTTP/1.1" 200 1644 "http://www.escapetravelservices.com/" "Mozilla/5.0 (iPhone; CPU iPhone OS 26_5_0 like Mac OS X) AppleWebKit/605.1.15 (KHTML, like Gecko) GSA/422.6.916665746 Mobile/15E148 Safari/604.1"
196.132.216.137 - - [02/Jun/2026:13:36:03 -0400] "GET /wp-content/plugins/sliding-enquiry-form/js/modernizr.custom.js HTTP/1.1" 200 3857 "http://www.escapetravelservices.com/" "Mozilla/5.0 (iPhone; CPU iPhone OS 26_5_0 like Mac OS X) AppleWebKit/605.1.15 (KHTML, like Gecko) GSA/422.6.916665746 Mobile/15E148 Safari/604.1"
196.132.216.137 - - [02/Jun/2026:13:36:03 -0400] "GET /wp-includes/js/jquery/ui/core.min.js HTTP/1.1" 200 7544 "http://www.escapetravelservices.com/" "Mozilla/5.0 (iPhone; CPU iPhone OS 26_5_0 like Mac OS X) AppleWebKit/605.1.15 (KHTML, like Gecko) GSA/422.6.916665746 Mobile/15E148 Safari/604.1"
196.132.216.137 - - [02/Jun/2026:13:36:03 -0400] "GET /wp-includes/js/jquery/ui/datepicker.min.js HTTP/1.1" 200 12350 "http://www.escapetravelservices.com/" "Mozilla/5.0 (iPhone; CPU iPhone OS 26_5_0 like Mac OS X) AppleWebKit/605.1.15 (KHTML, like Gecko) GSA/422.6.916665746 Mobile/15E148 Safari/604.1"
196.132.216.137 - - [02/Jun/2026:13:36:01 -0400] "GET /wp-content/themes/escapetour/css/odometer-theme-minimal.css HTTP/1.1" 200 629 "http://www.escapetravelservices.com/" "Mozilla/5.0 (iPhone; CPU iPhone OS 26_5_0 like Mac OS X) AppleWebKit/605.1.15 (KHTML, like Gecko) GSA/422.6.916665746 Mobile/15E148 Safari/604.1"
