178.217.98.153 - - [03/Jun/2026:01:29:56 -0400] "GET /wp-content/plugins/sliding-enquiry-form/captha/CaptchaSecurityImages.php?width=100&height=40&characters=5&code=rcdx4m HTTP/1.0" 200 242 "http://www.escapetravelservices.com/" "Mozilla/5.0 (Windows NT 10.0; Win64; x64) AppleWebKit/537.36 (KHTML, like Gecko) Chrome/130.0.0.0 Safari/537.36"
162.213.253.84 - - [03/Jun/2026:01:29:58 -0400] "POST /wp-cron.php?doing_wp_cron=1780464598.4791610240936279296875 HTTP/1.1" 200 0 "http://www.escapetravelservices.com/wp-cron.php?doing_wp_cron=1780464598.4791610240936279296875" "WordPress/6.0; http://www.escapetravelservices.com"
178.217.98.153 - - [03/Jun/2026:01:29:57 -0400] "POST / HTTP/1.0" 404 131885 "http://www.escapetravelservices.com/" "Mozilla/5.0 (Windows NT 10.0; Win64; x64) AppleWebKit/537.36 (KHTML, like Gecko) Chrome/130.0.0.0 Safari/537.36"
162.213.253.84 - - [03/Jun/2026:01:33:24 -0400] "POST /wp-cron.php?doing_wp_cron=1780464804.3999900817871093750000 HTTP/1.1" 200 0 "http://www.escapetravelservices.com/wp-cron.php?doing_wp_cron=1780464804.3999900817871093750000" "WordPress/6.0; http://www.escapetravelservices.com"
114.119.136.46 - - [03/Jun/2026:01:34:46 -0400] "GET /tour/olhuveli-beach-resort-spa/ HTTP/1.1" 200 27578 "http://www.escapetravelservices.com/tours/page/5" "Mozilla/5.0 (Linux; Android 7.0;) AppleWebKit/537.36 (HTML, like Gecko) Mobile Safari/537.36 (compatible; PetalBot;+https://webmaster.petalsearch.com/site/petalbot)"
114.119.143.59 - - [03/Jun/2026:01:33:23 -0400] "GET /tour/splendid-seychelles-04-nights-05-days/ HTTP/1.1" 200 26060 "http://www.escapetravelservices.com/destination/seychelles/" "Mozilla/5.0 (Linux; Android 7.0;) AppleWebKit/537.36 (HTML, like Gecko) Mobile Safari/537.36 (compatible; PetalBot;+https://webmaster.petalsearch.com/site/petalbot)"
51.195.215.15 - - [03/Jun/2026:02:03:15 -0400] "GET /tour/luxury-mauritius-06-nights-07-days/ HTTP/1.1" 200 21959 "-" "Mozilla/5.0 (compatible; AhrefsBot/7.0; +http://ahrefs.com/robot/)"
114.119.136.46 - - [03/Jun/2026:02:03:48 -0400] "GET /tour/captivating-bangkok-pattaya-04-nights-05-days HTTP/1.1" 301 0 "http://www.escapetravelservices.com/" "Mozilla/5.0 (Linux; Android 7.0;) AppleWebKit/537.36 (HTML, like Gecko) Mobile Safari/537.36 (compatible; PetalBot;+https://webmaster.petalsearch.com/site/petalbot)"
51.195.215.191 - - [03/Jun/2026:02:06:37 -0400] "GET /wp-content/plugins/sliding-enquiry-form/captha/CaptchaSecurityImages.php?width=100&height=40&characters=5&code=ns866m HTTP/1.1" 200 175 "-" "Mozilla/5.0 (compatible; AhrefsBot/7.0; +http://ahrefs.com/robot/)"
66.132.172.191 - - [03/Jun/2026:02:10:42 -0400] "GET / HTTP/1.1" 200 33162 "-" "Mozilla/5.0 (compatible; CensysInspect/1.1; +https://about.censys.io/)"
66.132.172.191 - - [03/Jun/2026:02:10:45 -0400] "GET /wp-content/uploads/2022/06/cropped-escape-logo-white1-180x180.jpg HTTP/1.1" 200 4272 "-" "Mozilla/5.0 (compatible; CensysInspect/1.1; +https://about.censys.io/)"
66.132.172.191 - - [03/Jun/2026:02:10:55 -0400] "GET / HTTP/1.1" 301 0 "-" "Mozilla/5.0 (compatible; CensysInspect/1.1; +https://about.censys.io/)"
114.119.136.46 - - [03/Jun/2026:02:03:49 -0400] "GET /tour/captivating-bangkok-pattaya-04-nights-05-days/ HTTP/1.1" 200 25471 "http://www.escapetravelservices.com/" "Mozilla/5.0 (Linux; Android 7.0;) AppleWebKit/537.36 (HTML, like Gecko) Mobile Safari/537.36 (compatible; PetalBot;+https://webmaster.petalsearch.com/site/petalbot)"
114.119.136.44 - - [03/Jun/2026:02:05:10 -0400] "GET /blog/ HTTP/1.1" 200 30109 "http://www.escapetravelservices.com/tours/page/5" "Mozilla/5.0 (Linux; Android 7.0;) AppleWebKit/537.36 (HTML, like Gecko) Mobile Safari/537.36 (compatible; PetalBot;+https://webmaster.petalsearch.com/site/petalbot)"
66.132.172.191 - - [03/Jun/2026:02:10:43 -0400] "GET /wp-content/uploads/2022/06/cropped-escape-logo-white1-32x32.jpg HTTP/1.1" 200 666 "-" "Mozilla/5.0 (compatible; CensysInspect/1.1; +https://about.censys.io/)"
66.132.172.191 - - [03/Jun/2026:02:10:44 -0400] "GET /wp-content/uploads/2022/06/cropped-escape-logo-white1-192x192.jpg HTTP/1.1" 200 4500 "-" "Mozilla/5.0 (compatible; CensysInspect/1.1; +https://about.censys.io/)"
66.132.172.191 - - [03/Jun/2026:02:10:47 -0400] "GET /favicon.ico HTTP/1.1" 404 1251 "-" "Mozilla/5.0 (compatible; CensysInspect/1.1; +https://about.censys.io/)"
162.213.253.84 - - [03/Jun/2026:02:10:55 -0400] "POST /wp-cron.php?doing_wp_cron=1780467055.7880170345306396484375 HTTP/1.1" 200 0 "http://www.escapetravelservices.com/wp-cron.php?doing_wp_cron=1780467055.7880170345306396484375" "WordPress/6.0; http://www.escapetravelservices.com"
185.255.90.161 - - [03/Jun/2026:02:32:59 -0400] "GET /wp-json/wp/v2/posts HTTP/1.1" 200 72831 "-" "Mozilla/5.0 (Windows NT 10.0; Win64; x64) AppleWebKit/537.36 (KHTML, like Gecko) Chrome/120.0.0.0 Safari/537.36"
178.217.98.153 - - [03/Jun/2026:02:22:10 -0400] "GET / HTTP/1.0" 200 160912 "http://www.escapetravelservices.com/" "Mozilla/5.0 (Windows NT 10.0; Win64; x64) AppleWebKit/537.36 (KHTML, like Gecko) Chrome/131.0.0.0 Safari/537.36"
178.217.98.153 - - [03/Jun/2026:02:22:12 -0400] "GET /wp-content/plugins/sliding-enquiry-form/captha/CaptchaSecurityImages.php?width=100&height=40&characters=5&code=rcdx4m HTTP/1.0" 200 242 "http://www.escapetravelservices.com/" "Mozilla/5.0 (Windows NT 10.0; Win64; x64) AppleWebKit/537.36 (KHTML, like Gecko) Chrome/131.0.0.0 Safari/537.36"
162.213.253.84 - - [03/Jun/2026:02:22:14 -0400] "POST /wp-cron.php?doing_wp_cron=1780467734.1473500728607177734375 HTTP/1.1" 200 0 "http://www.escapetravelservices.com/wp-cron.php?doing_wp_cron=1780467734.1473500728607177734375" "WordPress/6.0; http://www.escapetravelservices.com"
178.217.98.153 - - [03/Jun/2026:02:22:13 -0400] "POST / HTTP/1.0" 404 131885 "http://www.escapetravelservices.com/" "Mozilla/5.0 (Windows NT 10.0; Win64; x64) AppleWebKit/537.36 (KHTML, like Gecko) Chrome/131.0.0.0 Safari/537.36"
43.156.250.82 - - [03/Jun/2026:02:23:48 -0400] "GET / HTTP/1.1" 200 33162 "-" "Mozilla/5.0 (iPhone; CPU iPhone OS 13_2_3 like Mac OS X) AppleWebKit/605.1.15 (KHTML, like Gecko) Version/13.0.3 Mobile/15E148 Safari/604.1"
178.217.98.153 - - [03/Jun/2026:02:36:50 -0400] "GET /wp-content/plugins/sliding-enquiry-form/captha/CaptchaSecurityImages.php?width=100&height=40&characters=5&code=rcdx4m HTTP/1.0" 200 242 "http://www.escapetravelservices.com/" "Mozilla/5.0 (Windows NT 10.0; Win64; x64) AppleWebKit/537.36 (KHTML, like Gecko) Chrome/131.0.0.0 Safari/537.36"
178.217.98.153 - - [03/Jun/2026:02:36:52 -0400] "POST / HTTP/1.0" 404 131885 "http://www.escapetravelservices.com/" "Mozilla/5.0 (Windows NT 10.0; Win64; x64) AppleWebKit/537.36 (KHTML, like Gecko) Chrome/131.0.0.0 Safari/537.36"
162.213.253.84 - - [03/Jun/2026:02:47:31 -0400] "POST /wp-cron.php?doing_wp_cron=1780469251.2319290637969970703125 HTTP/1.1" 200 0 "http://www.escapetravelservices.com/wp-cron.php?doing_wp_cron=1780469251.2319290637969970703125" "WordPress/6.0; http://www.escapetravelservices.com"
178.217.98.153 - - [03/Jun/2026:02:36:48 -0400] "GET / HTTP/1.0" 200 160912 "http://www.escapetravelservices.com/" "Mozilla/5.0 (Windows NT 10.0; Win64; x64) AppleWebKit/537.36 (KHTML, like Gecko) Chrome/131.0.0.0 Safari/537.36"
114.119.136.69 - - [03/Jun/2026:02:47:30 -0400] "GET /tour/dashing-dubai/ HTTP/1.1" 200 25576 "http://www.escapetravelservices.com/tours/page/5" "Mozilla/5.0 (Linux; Android 7.0;) AppleWebKit/537.36 (HTML, like Gecko) Mobile Safari/537.36 (compatible; PetalBot;+https://webmaster.petalsearch.com/site/petalbot)"
51.68.111.238 - - [03/Jun/2026:02:57:53 -0400] "GET /robots.txt HTTP/1.1" 301 0 "-" "Mozilla/5.0 (compatible; MJ12bot/v2.0.5; http://mj12bot.com/)"
51.68.111.238 - - [03/Jun/2026:02:57:55 -0400] "GET / HTTP/1.1" 301 0 "-" "Mozilla/5.0 (compatible; MJ12bot/v2.0.5; http://mj12bot.com/)"
51.68.111.238 - - [03/Jun/2026:02:57:54 -0400] "GET /robots.txt HTTP/1.1" 200 6884 "-" "Mozilla/5.0 (compatible; MJ12bot/v2.0.5; http://mj12bot.com/)"
51.68.111.238 - - [03/Jun/2026:02:57:58 -0400] "GET / HTTP/1.1" 200 28988 "-" "Mozilla/5.0 (compatible; MJ12bot/v2.0.5; http://mj12bot.com/)"
178.217.98.153 - - [03/Jun/2026:03:12:57 -0400] "GET / HTTP/1.0" 200 160912 "http://www.escapetravelservices.com/" "Mozilla/5.0 (Windows NT 10.0; Win64; x64) AppleWebKit/537.36 (KHTML, like Gecko) Chrome/131.0.0.0 Safari/537.36 Avast/131.0.0.0"
162.213.253.84 - - [03/Jun/2026:03:13:01 -0400] "POST /wp-cron.php?doing_wp_cron=1780470781.0116500854492187500000 HTTP/1.1" 200 0 "http://www.escapetravelservices.com/wp-cron.php?doing_wp_cron=1780470781.0116500854492187500000" "WordPress/6.0; http://www.escapetravelservices.com"
178.217.98.153 - - [03/Jun/2026:03:13:00 -0400] "POST / HTTP/1.0" 404 131885 "http://www.escapetravelservices.com/" "Mozilla/5.0 (Windows NT 10.0; Win64; x64) AppleWebKit/537.36 (KHTML, like Gecko) Chrome/131.0.0.0 Safari/537.36 Avast/131.0.0.0"
192.36.109.105 - - [03/Jun/2026:03:16:02 -0400] "GET / HTTP/1.1" 301 0 "-" "Mozilla/5.0 (Windows NT 10.0; Win64; x64) AppleWebKit/537.36 (KHTML, like Gecko) Chrome/121.0.0.0 Safari/537.3"
192.36.109.96 - - [03/Jun/2026:03:16:04 -0400] "GET / HTTP/1.1" 200 33162 "http://escapetravelservices.com/" "Mozilla/5.0 (Windows NT 10.0; Win64; x64) AppleWebKit/537.36 (KHTML, like Gecko) Chrome/121.0.0.0 Safari/537.3"
192.36.109.114 - - [03/Jun/2026:03:16:06 -0400] "GET /2021/01/09/top-5-most-romantic-honeymoon-destinations-in-india/ HTTP/1.1" 200 25644 "-" "Mozilla/5.0 (Windows NT 10.0; Win64; x64) AppleWebKit/537.36 (KHTML, like Gecko) Chrome/121.0.0.0 Safari/537.3"
192.36.109.105 - - [03/Jun/2026:03:16:07 -0400] "GET /tour/luxurious-maldives-dusit-thani-maldives-04-nights-05-days/ HTTP/1.1" 200 24529 "-" "Mozilla/5.0 (Windows NT 10.0; Win64; x64) AppleWebKit/537.36 (KHTML, like Gecko) Chrome/121.0.0.0 Safari/537.3"
114.119.136.44 - - [03/Jun/2026:03:26:06 -0400] "GET /tour/luxe-dubai-04-nights-05-days HTTP/1.1" 301 0 "http://www.escapetravelservices.com/" "Mozilla/5.0 (Linux; Android 7.0;) AppleWebKit/537.36 (HTML, like Gecko) Mobile Safari/537.36 (compatible; PetalBot;+https://webmaster.petalsearch.com/site/petalbot)"
114.119.136.44 - - [03/Jun/2026:03:26:07 -0400] "GET /tour/luxe-dubai-04-nights-05-days/ HTTP/1.1" 200 26180 "http://www.escapetravelservices.com/" "Mozilla/5.0 (Linux; Android 7.0;) AppleWebKit/537.36 (HTML, like Gecko) Mobile Safari/537.36 (compatible; PetalBot;+https://webmaster.petalsearch.com/site/petalbot)"
178.217.98.153 - - [03/Jun/2026:03:12:59 -0400] "GET /wp-content/plugins/sliding-enquiry-form/captha/CaptchaSecurityImages.php?width=100&height=40&characters=5&code=rcdx4m HTTP/1.0" 200 242 "http://www.escapetravelservices.com/" "Mozilla/5.0 (Windows NT 10.0; Win64; x64) AppleWebKit/537.36 (KHTML, like Gecko) Chrome/131.0.0.0 Safari/537.36 Avast/131.0.0.0"
162.213.253.84 - - [03/Jun/2026:03:16:03 -0400] "POST /wp-cron.php?doing_wp_cron=1780470963.5060269832611083984375 HTTP/1.1" 200 0 "http://www.escapetravelservices.com/wp-cron.php?doing_wp_cron=1780470963.5060269832611083984375" "WordPress/6.0; http://www.escapetravelservices.com"
192.36.109.129 - - [03/Jun/2026:03:16:05 -0400] "GET /2021/01/09/top-5-most-romantic-honeymoon-destinations-in-india/ HTTP/1.1" 200 25644 "-" "Mozilla/5.0 (Windows NT 10.0; Win64; x64) AppleWebKit/537.36 (KHTML, like Gecko) Chrome/121.0.0.0 Safari/537.3"
31.215.144.246 - - [03/Jun/2026:03:36:08 -0400] "GET http://www.escapetravelservices.com/tour/biyadhoo-island-resort-03-nights-04-days/ HTTP/1.1" 200 25265 "-" "Mozilla/5.0 (Macintosh; Intel Mac OS X 10_15_6) AppleWebKit/537.36 (KHTML, like Gecko) Chrome/88.0.4324.150 Safari/537.36"
45.177.209.157 - - [03/Jun/2026:03:51:07 -0400] "GET http://www.escapetravelservices.com/tour/dazzling-goa/ HTTP/1.1" 200 27224 "-" "Mozilla/5.0 (Windows NT 5.1) AppleWebKit/537.36 (KHTML, like Gecko) Chrome/35.0.3319.102 Safari/537.36"
103.124.251.14 - - [03/Jun/2026:03:57:58 -0400] "GET http://www.escapetravelservices.com/tour/magical-goa-03-nights-04-days/ HTTP/1.1" 200 24863 "-" "Mozilla/5.0 (Windows NT 6.1; Win64; x64) AppleWebKit/537.36 (KHTML, like Gecko) Chrome/85.0.4183.121 Safari/537.36"
66.132.172.34 - - [03/Jun/2026:04:01:52 -0400] "GET / HTTP/1.1" 301 0 "-" "Mozilla/5.0 (compatible; CensysInspect/1.1; +https://about.censys.io/)"
66.132.172.34 - - [03/Jun/2026:04:02:23 -0400] "GET /favicon.ico HTTP/1.1" 404 1251 "-" "Mozilla/5.0 (compatible; CensysInspect/1.1; +https://about.censys.io/)"
162.213.253.84 - - [03/Jun/2026:04:02:34 -0400] "POST /wp-cron.php?doing_wp_cron=1780473754.9013600349426269531250 HTTP/1.1" 200 0 "http://www.escapetravelservices.com/wp-cron.php?doing_wp_cron=1780473754.9013600349426269531250" "WordPress/6.0; http://www.escapetravelservices.com"
178.217.98.153 - - [03/Jun/2026:04:05:15 -0400] "POST / HTTP/1.0" 404 131885 "http://www.escapetravelservices.com/" "Mozilla/5.0 (Windows NT 10.0; Win64; x64) AppleWebKit/537.36 (KHTML, like Gecko) Chrome/131.0.0.0 Safari/537.36"
66.132.172.34 - - [03/Jun/2026:04:02:00 -0400] "GET / HTTP/1.1" 200 33162 "-" "Mozilla/5.0 (compatible; CensysInspect/1.1; +https://about.censys.io/)"
66.132.172.34 - - [03/Jun/2026:04:02:21 -0400] "GET /wp-content/uploads/2022/06/cropped-escape-logo-white1-180x180.jpg HTTP/1.1" 200 4272 "-" "Mozilla/5.0 (compatible; CensysInspect/1.1; +https://about.censys.io/)"
66.132.172.34 - - [03/Jun/2026:04:02:34 -0400] "GET / HTTP/1.1" 301 0 "-" "Mozilla/5.0 (compatible; CensysInspect/1.1; +https://about.censys.io/)"
66.249.68.162 - - [03/Jun/2026:04:04:51 -0400] "GET /robots.txt HTTP/1.1" 200 6884 "-" "Mozilla/5.0 (compatible; Googlebot/2.1; +http://www.google.com/bot.html)"
66.249.68.162 - - [03/Jun/2026:04:04:51 -0400] "GET /tourcat/luxury-packages/ HTTP/1.1" 200 18958 "-" "Mozilla/5.0 (compatible; Googlebot/2.1; +http://www.google.com/bot.html)"
178.217.98.153 - - [03/Jun/2026:04:05:12 -0400] "GET / HTTP/1.0" 200 160912 "http://www.escapetravelservices.com/" "Mozilla/5.0 (Windows NT 10.0; Win64; x64) AppleWebKit/537.36 (KHTML, like Gecko) Chrome/131.0.0.0 Safari/537.36"
178.217.98.153 - - [03/Jun/2026:04:05:15 -0400] "GET /wp-content/plugins/sliding-enquiry-form/captha/CaptchaSecurityImages.php?width=100&height=40&characters=5&code=rcdx4m HTTP/1.0" 200 242 "http://www.escapetravelservices.com/" "Mozilla/5.0 (Windows NT 10.0; Win64; x64) AppleWebKit/537.36 (KHTML, like Gecko) Chrome/131.0.0.0 Safari/537.36"
114.119.136.46 - - [03/Jun/2026:04:13:15 -0400] "GET /tour/amazing-uttrakhand-05-nights-06-days/ HTTP/1.1" 200 25761 "http://www.escapetravelservices.com/destination/uttrakhand/" "Mozilla/5.0 (Linux; Android 7.0;) AppleWebKit/537.36 (HTML, like Gecko) Mobile Safari/537.36 (compatible; PetalBot;+https://webmaster.petalsearch.com/site/petalbot)"
114.119.136.44 - - [03/Jun/2026:04:14:38 -0400] "GET /destination/dubai/ HTTP/1.1" 200 24636 "http://www.escapetravelservices.com/tours/page/5" "Mozilla/5.0 (Linux; Android 7.0;) AppleWebKit/537.36 (HTML, like Gecko) Mobile Safari/537.36 (compatible; PetalBot;+https://webmaster.petalsearch.com/site/petalbot)"
66.249.68.163 - - [03/Jun/2026:04:20:24 -0400] "GET /tour/thrilling-malaysia-04-nights-05-days/ HTTP/1.1" 200 21885 "-" "Mozilla/5.0 (Linux; Android 6.0.1; Nexus 5X Build/MMB29P) AppleWebKit/537.36 (KHTML, like Gecko) Chrome/148.0.7778.96 Mobile Safari/537.36 (compatible; GoogleOther)"
66.249.68.164 - - [03/Jun/2026:04:20:27 -0400] "GET /wp-includes/js/jquery/jquery-migrate.min.js HTTP/1.1" 200 3995 "http://www.escapetravelservices.com/tour/thrilling-malaysia-04-nights-05-days/" "Mozilla/5.0 (Linux; Android 6.0.1; Nexus 5X Build/MMB29P) AppleWebKit/537.36 (KHTML, like Gecko) Chrome/148.0.7778.96 Mobile Safari/537.36 (compatible; GoogleOther)"
66.249.68.162 - - [03/Jun/2026:04:20:28 -0400] "GET /wp-content/themes/escapetour/css/ilightbox/ilightbox.css HTTP/1.1" 200 1378 "http://www.escapetravelservices.com/tour/thrilling-malaysia-04-nights-05-days/" "Mozilla/5.0 (Linux; Android 6.0.1; Nexus 5X Build/MMB29P) AppleWebKit/537.36 (KHTML, like Gecko) Chrome/148.0.7778.96 Mobile Safari/537.36 (compatible; GoogleOther)"
66.249.68.163 - - [03/Jun/2026:04:20:29 -0400] "GET /wp-content/themes/escapetour/css/reset.css HTTP/1.1" 200 269 "http://www.escapetravelservices.com/tour/thrilling-malaysia-04-nights-05-days/" "Mozilla/5.0 (Linux; Android 6.0.1; Nexus 5X Build/MMB29P) AppleWebKit/537.36 (KHTML, like Gecko) Chrome/148.0.7778.96 Mobile Safari/537.36 (compatible; GoogleOther)"
66.249.68.163 - - [03/Jun/2026:04:20:31 -0400] "GET /wp-content/plugins/revslider/public/assets/css/rs6.css HTTP/1.1" 200 12132 "http://www.escapetravelservices.com/tour/thrilling-malaysia-04-nights-05-days/" "Mozilla/5.0 (Linux; Android 6.0.1; Nexus 5X Build/MMB29P) AppleWebKit/537.36 (KHTML, like Gecko) Chrome/148.0.7778.96 Mobile Safari/537.36 (compatible; GoogleOther)"
66.249.68.162 - - [03/Jun/2026:04:20:33 -0400] "GET /wp-content/plugins/whatsapp-for-wordpress/assets/css/style.css HTTP/1.1" 200 3442 "http://www.escapetravelservices.com/tour/thrilling-malaysia-04-nights-05-days/" "Mozilla/5.0 (Linux; Android 6.0.1; Nexus 5X Build/MMB29P) AppleWebKit/537.36 (KHTML, like Gecko) Chrome/148.0.7778.96 Mobile Safari/537.36 (compatible; GoogleOther)"
66.249.68.162 - - [03/Jun/2026:04:20:34 -0400] "GET /wp-includes/js/jquery/jquery.min.js HTTP/1.1" 200 30273 "http://www.escapetravelservices.com/tour/thrilling-malaysia-04-nights-05-days/" "Mozilla/5.0 (Linux; Android 6.0.1; Nexus 5X Build/MMB29P) AppleWebKit/537.36 (KHTML, like Gecko) Chrome/148.0.7778.96 Mobile Safari/537.36 (compatible; GoogleOther)"
66.249.68.162 - - [03/Jun/2026:04:20:35 -0400] "GET /wp-content/plugins/contact-form-7/includes/css/styles.css HTTP/1.1" 200 621 "http://www.escapetravelservices.com/tour/thrilling-malaysia-04-nights-05-days/" "Mozilla/5.0 (Linux; Android 6.0.1; Nexus 5X Build/MMB29P) AppleWebKit/537.36 (KHTML, like Gecko) Chrome/148.0.7778.96 Mobile Safari/537.36 (compatible; GoogleOther)"
66.249.68.162 - - [03/Jun/2026:04:20:37 -0400] "GET /wp-content/plugins/grandtour-custom-post/css/fontawesome-stars-o.css HTTP/1.1" 404 23865 "http://www.escapetravelservices.com/tour/thrilling-malaysia-04-nights-05-days/" "Mozilla/5.0 (Linux; Android 6.0.1; Nexus 5X Build/MMB29P) AppleWebKit/537.36 (KHTML, like Gecko) Chrome/148.0.7778.96 Mobile Safari/537.36 (compatible; GoogleOther)"
66.249.68.162 - - [03/Jun/2026:04:20:42 -0400] "GET /wp-content/plugins/sliding-enquiry-form/css/font-awesome.min.css HTTP/1.1" 200 6658 "http://www.escapetravelservices.com/tour/thrilling-malaysia-04-nights-05-days/" "Mozilla/5.0 (Linux; Android 6.0.1; Nexus 5X Build/MMB29P) AppleWebKit/537.36 (KHTML, like Gecko) Chrome/148.0.7778.96 Mobile Safari/537.36 (compatible; GoogleOther)"
66.249.68.162 - - [03/Jun/2026:04:20:44 -0400] "GET /wp-content/plugins/booked/assets/css/animations.css HTTP/1.1" 200 432 "http://www.escapetravelservices.com/tour/thrilling-malaysia-04-nights-05-days/" "Mozilla/5.0 (Linux; Android 6.0.1; Nexus 5X Build/MMB29P) AppleWebKit/537.36 (KHTML, like Gecko) Chrome/148.0.7778.96 Mobile Safari/537.36 (compatible; GoogleOther)"
66.249.68.164 - - [03/Jun/2026:04:20:25 -0400] "GET /wp-content/themes/escapetour/css/tooltipster.css HTTP/1.1" 200 1441 "http://www.escapetravelservices.com/tour/thrilling-malaysia-04-nights-05-days/" "Mozilla/5.0 (Linux; Android 6.0.1; Nexus 5X Build/MMB29P) AppleWebKit/537.36 (KHTML, like Gecko) Chrome/148.0.7778.96 Mobile Safari/537.36 (compatible; GoogleOther)"
66.249.68.163 - - [03/Jun/2026:04:20:30 -0400] "GET /wp-content/themes/escapetour/css/menus/leftalignmenu.css HTTP/1.1" 200 684 "http://www.escapetravelservices.com/tour/thrilling-malaysia-04-nights-05-days/" "Mozilla/5.0 (Linux; Android 6.0.1; Nexus 5X Build/MMB29P) AppleWebKit/537.36 (KHTML, like Gecko) Chrome/148.0.7778.96 Mobile Safari/537.36 (compatible; GoogleOther)"
66.249.68.162 - - [03/Jun/2026:04:20:36 -0400] "GET /wp-content/themes/escapetour/css/odometer-theme-minimal.css HTTP/1.1" 200 476 "http://www.escapetravelservices.com/tour/thrilling-malaysia-04-nights-05-days/" "Mozilla/5.0 (Linux; Android 6.0.1; Nexus 5X Build/MMB29P) AppleWebKit/537.36 (KHTML, like Gecko) Chrome/148.0.7778.96 Mobile Safari/537.36 (compatible; GoogleOther)"
162.213.253.84 - - [03/Jun/2026:04:20:38 -0400] "POST /wp-cron.php?doing_wp_cron=1780474838.3407750129699707031250 HTTP/1.1" 200 0 "http://www.escapetravelservices.com/wp-cron.php?doing_wp_cron=1780474838.3407750129699707031250" "WordPress/6.0; http://www.escapetravelservices.com"
66.249.68.162 - - [03/Jun/2026:04:20:40 -0400] "GET /wp-content/themes/escapetour/modules/kirki/assets/css/kirki-styles.css HTTP/1.1" 200 0 "http://www.escapetravelservices.com/tour/thrilling-malaysia-04-nights-05-days/" "Mozilla/5.0 (Linux; Android 6.0.1; Nexus 5X Build/MMB29P) AppleWebKit/537.36 (KHTML, like Gecko) Chrome/148.0.7778.96 Mobile Safari/537.36 (compatible; GoogleOther)"
66.249.68.162 - - [03/Jun/2026:04:20:47 -0400] "GET /wp-content/plugins/sliding-enquiry-form/js/validation.js HTTP/1.1" 200 620 "http://www.escapetravelservices.com/tour/thrilling-malaysia-04-nights-05-days/" "Mozilla/5.0 (Linux; Android 6.0.1; Nexus 5X Build/MMB29P) AppleWebKit/537.36 (KHTML, like Gecko) Chrome/148.0.7778.96 Mobile Safari/537.36 (compatible; GoogleOther)"
66.249.68.162 - - [03/Jun/2026:04:20:48 -0400] "GET /wp-content/themes/escapetour/css/animation.css HTTP/1.1" 200 802 "http://www.escapetravelservices.com/tour/thrilling-malaysia-04-nights-05-days/" "Mozilla/5.0 (Linux; Android 6.0.1; Nexus 5X Build/MMB29P) AppleWebKit/537.36 (KHTML, like Gecko) Chrome/148.0.7778.96 Mobile Safari/537.36 (compatible; GoogleOther)"
66.249.68.162 - - [03/Jun/2026:04:20:49 -0400] "GET /wp-content/plugins/sliding-enquiry-form/css/sliding-enquiry.css HTTP/1.1" 200 1545 "http://www.escapetravelservices.com/tour/thrilling-malaysia-04-nights-05-days/" "Mozilla/5.0 (Linux; Android 6.0.1; Nexus 5X Build/MMB29P) AppleWebKit/537.36 (KHTML, like Gecko) Chrome/148.0.7778.96 Mobile Safari/537.36 (compatible; GoogleOther)"
66.249.68.163 - - [03/Jun/2026:04:21:02 -0400] "GET /wp-includes/js/mediaelement/mediaelementplayer-legacy.min.css HTTP/1.1" 200 2394 "http://www.escapetravelservices.com/tour/thrilling-malaysia-04-nights-05-days/" "Mozilla/5.0 (Linux; Android 6.0.1; Nexus 5X Build/MMB29P) AppleWebKit/537.36 (KHTML, like Gecko) Chrome/148.0.7778.96 Mobile Safari/537.36 (compatible; GoogleOther)"
66.249.68.162 - - [03/Jun/2026:04:21:03 -0400] "GET /wp-content/uploads/2022/06/escape-travel-services-ceo-150x150.jpg HTTP/1.1" 200 4381 "http://www.escapetravelservices.com/tour/thrilling-malaysia-04-nights-05-days/" "Mozilla/5.0 (Linux; Android 6.0.1; Nexus 5X Build/MMB29P) AppleWebKit/537.36 (KHTML, like Gecko) Chrome/148.0.7778.96 Mobile Safari/537.36 (compatible; GoogleOther)"
66.249.68.163 - - [03/Jun/2026:04:21:05 -0400] "GET /wp-content/themes/escapetour/css/screen.css HTTP/1.1" 200 27948 "http://www.escapetravelservices.com/tour/thrilling-malaysia-04-nights-05-days/" "Mozilla/5.0 (Linux; Android 6.0.1; Nexus 5X Build/MMB29P) AppleWebKit/537.36 (KHTML, like Gecko) Chrome/148.0.7778.96 Mobile Safari/537.36 (compatible; GoogleOther)"
66.249.68.162 - - [03/Jun/2026:04:20:45 -0400] "GET /wp-includes/css/dist/block-library/style.min.css HTTP/1.1" 200 10929 "http://www.escapetravelservices.com/tour/thrilling-malaysia-04-nights-05-days/" "Mozilla/5.0 (Linux; Android 6.0.1; Nexus 5X Build/MMB29P) AppleWebKit/537.36 (KHTML, like Gecko) Chrome/148.0.7778.96 Mobile Safari/537.36 (compatible; GoogleOther)"
66.249.68.162 - - [03/Jun/2026:04:20:46 -0400] "GET /wp-content/plugins/sliding-enquiry-form/js/modernizr.custom.js HTTP/1.1" 200 3490 "http://www.escapetravelservices.com/tour/thrilling-malaysia-04-nights-05-days/" "Mozilla/5.0 (Linux; Android 6.0.1; Nexus 5X Build/MMB29P) AppleWebKit/537.36 (KHTML, like Gecko) Chrome/148.0.7778.96 Mobile Safari/537.36 (compatible; GoogleOther)"
66.249.68.162 - - [03/Jun/2026:04:20:51 -0400] "GET /wp-admin/admin-ajax.php?action=grandtour_custom_css HTTP/1.1" 200 1272 "http://www.escapetravelservices.com/tour/thrilling-malaysia-04-nights-05-days/" "Mozilla/5.0 (Linux; Android 6.0.1; Nexus 5X Build/MMB29P) AppleWebKit/537.36 (KHTML, like Gecko) Chrome/148.0.7778.96 Mobile Safari/537.36 (compatible; GoogleOther)"
66.249.68.162 - - [03/Jun/2026:04:20:52 -0400] "GET /wp-content/plugins/booked/assets/js/tooltipster/css/themes/tooltipster-light.css HTTP/1.1" 200 165 "http://www.escapetravelservices.com/tour/thrilling-malaysia-04-nights-05-days/" "Mozilla/5.0 (Linux; Android 6.0.1; Nexus 5X Build/MMB29P) AppleWebKit/537.36 (KHTML, like Gecko) Chrome/148.0.7778.96 Mobile Safari/537.36 (compatible; GoogleOther)"
66.249.68.162 - - [03/Jun/2026:04:20:56 -0400] "GET /wp-content/themes/escapetour/css/font-awesome.min.css HTTP/1.1" 200 6658 "http://www.escapetravelservices.com/tour/thrilling-malaysia-04-nights-05-days/" "Mozilla/5.0 (Linux; Android 6.0.1; Nexus 5X Build/MMB29P) AppleWebKit/537.36 (KHTML, like Gecko) Chrome/148.0.7778.96 Mobile Safari/537.36 (compatible; GoogleOther)"
66.249.68.162 - - [03/Jun/2026:04:20:57 -0400] "GET /wp-content/themes/escapetour/css/themify-icons.css HTTP/1.1" 200 2657 "http://www.escapetravelservices.com/tour/thrilling-malaysia-04-nights-05-days/" "Mozilla/5.0 (Linux; Android 6.0.1; Nexus 5X Build/MMB29P) AppleWebKit/537.36 (KHTML, like Gecko) Chrome/148.0.7778.96 Mobile Safari/537.36 (compatible; GoogleOther)"
66.249.68.162 - - [03/Jun/2026:04:20:58 -0400] "GET /wp-content/themes/escapetour/css/jqueryui/custom.css HTTP/1.1" 200 4184 "http://www.escapetravelservices.com/tour/thrilling-malaysia-04-nights-05-days/" "Mozilla/5.0 (Linux; Android 6.0.1; Nexus 5X Build/MMB29P) AppleWebKit/537.36 (KHTML, like Gecko) Chrome/148.0.7778.96 Mobile Safari/537.36 (compatible; GoogleOther)"
66.249.68.162 - - [03/Jun/2026:04:20:59 -0400] "GET /wp-content/plugins/whatsapp-for-wordpress/assets/js/main.js HTTP/1.1" 200 1350 "http://www.escapetravelservices.com/tour/thrilling-malaysia-04-nights-05-days/" "Mozilla/5.0 (Linux; Android 6.0.1; Nexus 5X Build/MMB29P) AppleWebKit/537.36 (KHTML, like Gecko) Chrome/148.0.7778.96 Mobile Safari/537.36 (compatible; GoogleOther)"
66.249.68.162 - - [03/Jun/2026:04:21:01 -0400] "GET /wp-content/themes/escapetour/css/grid.css HTTP/1.1" 200 7182 "http://www.escapetravelservices.com/tour/thrilling-malaysia-04-nights-05-days/" "Mozilla/5.0 (Linux; Android 6.0.1; Nexus 5X Build/MMB29P) AppleWebKit/537.36 (KHTML, like Gecko) Chrome/148.0.7778.96 Mobile Safari/537.36 (compatible; GoogleOther)"
66.249.68.162 - - [03/Jun/2026:04:21:16 -0400] "GET /wp-content/themes/escapetour/css/wordpress.css HTTP/1.1" 200 978 "http://www.escapetravelservices.com/tour/thrilling-malaysia-04-nights-05-days/" "Mozilla/5.0 (Linux; Android 6.0.1; Nexus 5X Build/MMB29P) AppleWebKit/537.36 (KHTML, like Gecko) Chrome/148.0.7778.96 Mobile Safari/537.36 (compatible; GoogleOther)"
66.249.68.162 - - [03/Jun/2026:04:21:05 -0400] "GET /wp-content/uploads/2021/01/escape-logo-black2.png HTTP/1.1" 200 32505 "http://www.escapetravelservices.com/tour/thrilling-malaysia-04-nights-05-days/" "Mozilla/5.0 (Linux; Android 6.0.1; Nexus 5X Build/MMB29P) AppleWebKit/537.36 (KHTML, like Gecko) Chrome/148.0.7778.96 Mobile Safari/537.36 (compatible; GoogleOther)"
66.249.68.162 - - [03/Jun/2026:04:21:06 -0400] "GET /wp-content/themes/escapetour/js/flexslider/flexslider.css HTTP/1.1" 200 1633 "http://www.escapetravelservices.com/tour/thrilling-malaysia-04-nights-05-days/" "Mozilla/5.0 (Linux; Android 6.0.1; Nexus 5X Build/MMB29P) AppleWebKit/537.36 (KHTML, like Gecko) Chrome/148.0.7778.96 Mobile Safari/537.36 (compatible; GoogleOther)"
66.249.68.162 - - [03/Jun/2026:04:21:08 -0400] "GET /wp-content/plugins/booked/assets/js/tooltipster/css/tooltipster.css HTTP/1.1" 200 1505 "http://www.escapetravelservices.com/tour/thrilling-malaysia-04-nights-05-days/" "Mozilla/5.0 (Linux; Android 6.0.1; Nexus 5X Build/MMB29P) AppleWebKit/537.36 (KHTML, like Gecko) Chrome/148.0.7778.96 Mobile Safari/537.36 (compatible; GoogleOther)"
66.249.68.162 - - [03/Jun/2026:04:21:09 -0400] "GET /wp-content/plugins/booked/assets/css/icons.css HTTP/1.1" 200 6451 "http://www.escapetravelservices.com/tour/thrilling-malaysia-04-nights-05-days/" "Mozilla/5.0 (Linux; Android 6.0.1; Nexus 5X Build/MMB29P) AppleWebKit/537.36 (KHTML, like Gecko) Chrome/148.0.7778.96 Mobile Safari/537.36 (compatible; GoogleOther)"
66.249.68.162 - - [03/Jun/2026:04:21:10 -0400] "GET /wp-content/plugins/meks-easy-instagram-widget/css/widget.css HTTP/1.1" 200 242 "http://www.escapetravelservices.com/tour/thrilling-malaysia-04-nights-05-days/" "Mozilla/5.0 (Linux; Android 6.0.1; Nexus 5X Build/MMB29P) AppleWebKit/537.36 (KHTML, like Gecko) Chrome/148.0.7778.96 Mobile Safari/537.36 (compatible; GoogleOther)"
66.249.68.162 - - [03/Jun/2026:04:21:11 -0400] "GET /wp-content/plugins/revslider/public/assets/js/rbtools.min.js HTTP/1.1" 200 44725 "http://www.escapetravelservices.com/tour/thrilling-malaysia-04-nights-05-days/" "Mozilla/5.0 (Linux; Android 6.0.1; Nexus 5X Build/MMB29P) AppleWebKit/537.36 (KHTML, like Gecko) Chrome/148.0.7778.96 Mobile Safari/537.36 (compatible; GoogleOther)"
178.217.98.153 - - [03/Jun/2026:04:21:12 -0400] "GET / HTTP/1.0" 200 160912 "http://www.escapetravelservices.com/" "Mozilla/5.0 (Windows NT 10.0; Win64; x64) AppleWebKit/537.36 (KHTML, like Gecko) Chrome/131.0.0.0 Safari/537.36"
66.249.68.162 - - [03/Jun/2026:04:21:12 -0400] "GET /wp-includes/js/wp-emoji-release.min.js HTTP/1.1" 200 4619 "http://www.escapetravelservices.com/tour/thrilling-malaysia-04-nights-05-days/" "Mozilla/5.0 (Linux; Android 6.0.1; Nexus 5X Build/MMB29P) AppleWebKit/537.36 (KHTML, like Gecko) Chrome/148.0.7778.96 Mobile Safari/537.36 (compatible; GoogleOther)"
66.249.68.162 - - [03/Jun/2026:04:21:14 -0400] "GET /wp-content/plugins/booked/dist/booked.css HTTP/1.1" 200 8075 "http://www.escapetravelservices.com/tour/thrilling-malaysia-04-nights-05-days/" "Mozilla/5.0 (Linux; Android 6.0.1; Nexus 5X Build/MMB29P) AppleWebKit/537.36 (KHTML, like Gecko) Chrome/148.0.7778.96 Mobile Safari/537.36 (compatible; GoogleOther)"
66.249.68.162 - - [03/Jun/2026:04:21:15 -0400] "GET /wp-content/plugins/revslider/public/assets/js/rs6.min.js HTTP/1.1" 200 81702 "http://www.escapetravelservices.com/tour/thrilling-malaysia-04-nights-05-days/" "Mozilla/5.0 (Linux; Android 6.0.1; Nexus 5X Build/MMB29P) AppleWebKit/537.36 (KHTML, like Gecko) Chrome/148.0.7778.96 Mobile Safari/537.36 (compatible; GoogleOther)"
178.217.98.153 - - [03/Jun/2026:04:21:15 -0400] "GET /wp-content/plugins/sliding-enquiry-form/captha/CaptchaSecurityImages.php?width=100&height=40&characters=5&code=rcdx4m HTTP/1.0" 200 242 "http://www.escapetravelservices.com/" "Mozilla/5.0 (Windows NT 10.0; Win64; x64) AppleWebKit/537.36 (KHTML, like Gecko) Chrome/131.0.0.0 Safari/537.36"
66.249.68.162 - - [03/Jun/2026:04:21:18 -0400] "GET /wp-content/themes/escapetour/css/metro-white-skin/skin.css HTTP/1.1" 200 1206 "http://www.escapetravelservices.com/wp-content/themes/escapetour/css/ilightbox/ilightbox.css" "Mozilla/5.0 (Linux; Android 6.0.1; Nexus 5X Build/MMB29P) AppleWebKit/537.36 (KHTML, like Gecko) Chrome/148.0.7778.96 Mobile Safari/537.36 (compatible; GoogleOther)"
178.217.98.153 - - [03/Jun/2026:04:21:16 -0400] "POST / HTTP/1.0" 404 131885 "http://www.escapetravelservices.com/" "Mozilla/5.0 (Windows NT 10.0; Win64; x64) AppleWebKit/537.36 (KHTML, like Gecko) Chrome/131.0.0.0 Safari/537.36"
66.249.68.162 - - [03/Jun/2026:04:21:21 -0400] "GET /wp-content/themes/escapetour/css/light-skin/skin.css HTTP/1.1" 200 1195 "http://www.escapetravelservices.com/wp-content/themes/escapetour/css/ilightbox/ilightbox.css" "Mozilla/5.0 (Linux; Android 6.0.1; Nexus 5X Build/MMB29P) AppleWebKit/537.36 (KHTML, like Gecko) Chrome/148.0.7778.96 Mobile Safari/537.36 (compatible; GoogleOther)"
66.249.68.162 - - [03/Jun/2026:04:21:22 -0400] "GET /wp-content/themes/escapetour/css/dark-skin/skin.css HTTP/1.1" 200 1196 "http://www.escapetravelservices.com/wp-content/themes/escapetour/css/ilightbox/ilightbox.css" "Mozilla/5.0 (Linux; Android 6.0.1; Nexus 5X Build/MMB29P) AppleWebKit/537.36 (KHTML, like Gecko) Chrome/148.0.7778.96 Mobile Safari/537.36 (compatible; GoogleOther)"
66.249.68.162 - - [03/Jun/2026:04:21:23 -0400] "GET /wp-content/themes/escapetour/css/parade-skin/skin.css HTTP/1.1" 200 520 "http://www.escapetravelservices.com/wp-content/themes/escapetour/css/ilightbox/ilightbox.css" "Mozilla/5.0 (Linux; Android 6.0.1; Nexus 5X Build/MMB29P) AppleWebKit/537.36 (KHTML, like Gecko) Chrome/148.0.7778.96 Mobile Safari/537.36 (compatible; GoogleOther)"
66.249.68.162 - - [03/Jun/2026:04:21:32 -0400] "GET /wp-content/themes/escapetour/js/jquery.easing.js HTTP/1.1" 200 1879 "http://www.escapetravelservices.com/tour/thrilling-malaysia-04-nights-05-days/" "Mozilla/5.0 (Linux; Android 6.0.1; Nexus 5X Build/MMB29P) AppleWebKit/537.36 (KHTML, like Gecko) Chrome/148.0.7778.96 Mobile Safari/537.36 (compatible; GoogleOther)"
66.249.68.162 - - [03/Jun/2026:04:21:34 -0400] "GET /wp-content/themes/escapetour/js/jquery.requestAnimationFrame.js HTTP/1.1" 200 574 "http://www.escapetravelservices.com/tour/thrilling-malaysia-04-nights-05-days/" "Mozilla/5.0 (Linux; Android 6.0.1; Nexus 5X Build/MMB29P) AppleWebKit/537.36 (KHTML, like Gecko) Chrome/148.0.7778.96 Mobile Safari/537.36 (compatible; GoogleOther)"
66.249.68.162 - - [03/Jun/2026:04:21:35 -0400] "GET /wp-content/themes/escapetour/js/jquery.cookie.js HTTP/1.1" 200 1235 "http://www.escapetravelservices.com/tour/thrilling-malaysia-04-nights-05-days/" "Mozilla/5.0 (Linux; Android 6.0.1; Nexus 5X Build/MMB29P) AppleWebKit/537.36 (KHTML, like Gecko) Chrome/148.0.7778.96 Mobile Safari/537.36 (compatible; GoogleOther)"
66.249.68.162 - - [03/Jun/2026:04:21:38 -0400] "GET /wp-content/themes/escapetour/js/jquery.stellar.min.js HTTP/1.1" 200 3189 "http://www.escapetravelservices.com/tour/thrilling-malaysia-04-nights-05-days/" "Mozilla/5.0 (Linux; Android 6.0.1; Nexus 5X Build/MMB29P) AppleWebKit/537.36 (KHTML, like Gecko) Chrome/148.0.7778.96 Mobile Safari/537.36 (compatible; GoogleOther)"
66.249.68.162 - - [03/Jun/2026:04:21:39 -0400] "GET /wp-content/themes/escapetour/js/jarallax.js HTTP/1.1" 200 9018 "http://www.escapetravelservices.com/tour/thrilling-malaysia-04-nights-05-days/" "Mozilla/5.0 (Linux; Android 6.0.1; Nexus 5X Build/MMB29P) AppleWebKit/537.36 (KHTML, like Gecko) Chrome/148.0.7778.96 Mobile Safari/537.36 (compatible; GoogleOther)"
66.249.68.162 - - [03/Jun/2026:04:21:41 -0400] "GET /wp-content/themes/escapetour/js/jquery.masory.js HTTP/1.1" 200 6950 "http://www.escapetravelservices.com/tour/thrilling-malaysia-04-nights-05-days/" "Mozilla/5.0 (Linux; Android 6.0.1; Nexus 5X Build/MMB29P) AppleWebKit/537.36 (KHTML, like Gecko) Chrome/148.0.7778.96 Mobile Safari/537.36 (compatible; GoogleOther)"
66.249.68.162 - - [03/Jun/2026:04:21:19 -0400] "GET /wp-content/themes/escapetour/css/metro-black-skin/skin.css HTTP/1.1" 200 1091 "http://www.escapetravelservices.com/wp-content/themes/escapetour/css/ilightbox/ilightbox.css" "Mozilla/5.0 (Linux; Android 6.0.1; Nexus 5X Build/MMB29P) AppleWebKit/537.36 (KHTML, like Gecko) Chrome/148.0.7778.96 Mobile Safari/537.36 (compatible; GoogleOther)"
66.249.68.162 - - [03/Jun/2026:04:21:20 -0400] "GET /wp-content/themes/escapetour/css/smooth-skin/skin.css HTTP/1.1" 200 1300 "http://www.escapetravelservices.com/wp-content/themes/escapetour/css/ilightbox/ilightbox.css" "Mozilla/5.0 (Linux; Android 6.0.1; Nexus 5X Build/MMB29P) AppleWebKit/537.36 (KHTML, like Gecko) Chrome/148.0.7778.96 Mobile Safari/537.36 (compatible; GoogleOther)"
66.249.68.162 - - [03/Jun/2026:04:21:24 -0400] "GET /wp-content/themes/escapetour/css/mac-skin/skin.css HTTP/1.1" 200 1533 "http://www.escapetravelservices.com/wp-content/themes/escapetour/css/ilightbox/ilightbox.css" "Mozilla/5.0 (Linux; Android 6.0.1; Nexus 5X Build/MMB29P) AppleWebKit/537.36 (KHTML, like Gecko) Chrome/148.0.7778.96 Mobile Safari/537.36 (compatible; GoogleOther)"
66.249.68.162 - - [03/Jun/2026:04:21:26 -0400] "GET /wp-content/uploads/2021/01/escape-logo-white1.png HTTP/1.1" 200 33369 "http://www.escapetravelservices.com/tour/thrilling-malaysia-04-nights-05-days/" "Mozilla/5.0 (Linux; Android 6.0.1; Nexus 5X Build/MMB29P) AppleWebKit/537.36 (KHTML, like Gecko) Chrome/148.0.7778.96 Mobile Safari/537.36 (compatible; GoogleOther)"
66.249.68.162 - - [03/Jun/2026:04:21:28 -0400] "GET /wp-includes/js/jquery/ui/datepicker.min.js HTTP/1.1" 200 10499 "http://www.escapetravelservices.com/tour/thrilling-malaysia-04-nights-05-days/" "Mozilla/5.0 (Linux; Android 6.0.1; Nexus 5X Build/MMB29P) AppleWebKit/537.36 (KHTML, like Gecko) Chrome/148.0.7778.96 Mobile Safari/537.36 (compatible; GoogleOther)"
66.249.68.162 - - [03/Jun/2026:04:21:29 -0400] "GET /wp-content/plugins/booked/assets/js/tooltipster/js/jquery.tooltipster.min.js HTTP/1.1" 200 4635 "http://www.escapetravelservices.com/tour/thrilling-malaysia-04-nights-05-days/" "Mozilla/5.0 (Linux; Android 6.0.1; Nexus 5X Build/MMB29P) AppleWebKit/537.36 (KHTML, like Gecko) Chrome/148.0.7778.96 Mobile Safari/537.36 (compatible; GoogleOther)"
66.249.68.162 - - [03/Jun/2026:04:21:31 -0400] "GET /wp-content/themes/escapetour/js/jquery.isotope.js HTTP/1.1" 200 4859 "http://www.escapetravelservices.com/tour/thrilling-malaysia-04-nights-05-days/" "Mozilla/5.0 (Linux; Android 6.0.1; Nexus 5X Build/MMB29P) AppleWebKit/537.36 (KHTML, like Gecko) Chrome/148.0.7778.96 Mobile Safari/537.36 (compatible; GoogleOther)"
66.249.68.162 - - [03/Jun/2026:04:21:37 -0400] "GET /wp-content/plugins/booked/assets/js/spin.min.js HTTP/1.1" 200 1934 "http://www.escapetravelservices.com/tour/thrilling-malaysia-04-nights-05-days/" "Mozilla/5.0 (Linux; Android 6.0.1; Nexus 5X Build/MMB29P) AppleWebKit/537.36 (KHTML, like Gecko) Chrome/148.0.7778.96 Mobile Safari/537.36 (compatible; GoogleOther)"
66.249.68.162 - - [03/Jun/2026:04:21:46 -0400] "GET /wp-content/themes/escapetour/js/ilightbox.packed.js HTTP/1.1" 200 23852 "http://www.escapetravelservices.com/tour/thrilling-malaysia-04-nights-05-days/" "Mozilla/5.0 (Linux; Android 6.0.1; Nexus 5X Build/MMB29P) AppleWebKit/537.36 (KHTML, like Gecko) Chrome/148.0.7778.96 Mobile Safari/537.36 (compatible; GoogleOther)"
66.249.68.162 - - [03/Jun/2026:04:21:46 -0400] "GET /wp-content/themes/escapetour/js/custom.js HTTP/1.1" 200 4246 "http://www.escapetravelservices.com/tour/thrilling-malaysia-04-nights-05-days/" "Mozilla/5.0 (Linux; Android 6.0.1; Nexus 5X Build/MMB29P) AppleWebKit/537.36 (KHTML, like Gecko) Chrome/148.0.7778.96 Mobile Safari/537.36 (compatible; GoogleOther)"
66.249.68.162 - - [03/Jun/2026:04:21:47 -0400] "GET /wp-includes/js/jquery/ui/core.min.js HTTP/1.1" 200 6637 "http://www.escapetravelservices.com/tour/thrilling-malaysia-04-nights-05-days/" "Mozilla/5.0 (Linux; Android 6.0.1; Nexus 5X Build/MMB29P) AppleWebKit/537.36 (KHTML, like Gecko) Chrome/148.0.7778.96 Mobile Safari/537.36 (compatible; GoogleOther)"
66.249.68.162 - - [03/Jun/2026:04:21:50 -0400] "GET /wp-content/plugins/booked/includes/add-ons/frontend-agents/js/functions.js HTTP/1.1" 200 1050 "http://www.escapetravelservices.com/tour/thrilling-malaysia-04-nights-05-days/" "Mozilla/5.0 (Linux; Android 6.0.1; Nexus 5X Build/MMB29P) AppleWebKit/537.36 (KHTML, like Gecko) Chrome/148.0.7778.96 Mobile Safari/537.36 (compatible; GoogleOther)"
66.249.68.162 - - [03/Jun/2026:04:21:54 -0400] "GET /wp-content/themes/escapetour/js/custom_plugins.js HTTP/1.1" 200 1632 "http://www.escapetravelservices.com/tour/thrilling-malaysia-04-nights-05-days/" "Mozilla/5.0 (Linux; Android 6.0.1; Nexus 5X Build/MMB29P) AppleWebKit/537.36 (KHTML, like Gecko) Chrome/148.0.7778.96 Mobile Safari/537.36 (compatible; GoogleOther)"
66.249.68.162 - - [03/Jun/2026:04:21:57 -0400] "GET /wp-content/plugins/contact-form-7/includes/js/scripts.js HTTP/1.1" 200 3700 "http://www.escapetravelservices.com/tour/thrilling-malaysia-04-nights-05-days/" "Mozilla/5.0 (Linux; Android 6.0.1; Nexus 5X Build/MMB29P) AppleWebKit/537.36 (KHTML, like Gecko) Chrome/148.0.7778.96 Mobile Safari/537.36 (compatible; GoogleOther)"
66.249.68.162 - - [03/Jun/2026:04:21:58 -0400] "GET /wp-content/plugins/booked/assets/js/functions.js HTTP/1.1" 200 8736 "http://www.escapetravelservices.com/tour/thrilling-malaysia-04-nights-05-days/" "Mozilla/5.0 (Linux; Android 6.0.1; Nexus 5X Build/MMB29P) AppleWebKit/537.36 (KHTML, like Gecko) Chrome/148.0.7778.96 Mobile Safari/537.36 (compatible; GoogleOther)"
66.249.68.162 - - [03/Jun/2026:04:21:59 -0400] "GET /wp-content/themes/escapetour/fonts/themify.woff HTTP/1.1" 200 56108 "http://www.escapetravelservices.com/wp-content/themes/escapetour/css/themify-icons.css" "Mozilla/5.0 (Linux; Android 6.0.1; Nexus 5X Build/MMB29P) AppleWebKit/537.36 (KHTML, like Gecko) Chrome/148.0.7778.96 Mobile Safari/537.36 (compatible; GoogleOther)"
66.249.68.162 - - [03/Jun/2026:04:22:00 -0400] "GET /wp-content/plugins/sliding-enquiry-form/fonts/fontawesome-webfont.woff2?v=4.7.0 HTTP/1.1" 200 77160 "http://www.escapetravelservices.com/wp-content/plugins/sliding-enquiry-form/css/font-awesome.min.css" "Mozilla/5.0 (Linux; Android 6.0.1; Nexus 5X Build/MMB29P) AppleWebKit/537.36 (KHTML, like Gecko) Chrome/148.0.7778.96 Mobile Safari/537.36 (compatible; GoogleOther)"
66.249.68.162 - - [03/Jun/2026:04:22:01 -0400] "GET /wp-content/uploads/2022/06/Luxurious-Maldives-700x466.jpg HTTP/1.1" 200 43619 "http://www.escapetravelservices.com/tour/thrilling-malaysia-04-nights-05-days/" "Mozilla/5.0 (Linux; Android 6.0.1; Nexus 5X Build/MMB29P) AppleWebKit/537.36 (KHTML, like Gecko) Chrome/148.0.7778.96 Mobile Safari/537.36 (compatible; GoogleOther)"
66.249.68.162 - - [03/Jun/2026:04:21:42 -0400] "GET /wp-content/plugins/booked/assets/js/spin.jquery.js HTTP/1.1" 200 696 "http://www.escapetravelservices.com/tour/thrilling-malaysia-04-nights-05-days/" "Mozilla/5.0 (Linux; Android 6.0.1; Nexus 5X Build/MMB29P) AppleWebKit/537.36 (KHTML, like Gecko) Chrome/148.0.7778.96 Mobile Safari/537.36 (compatible; GoogleOther)"
66.249.68.162 - - [03/Jun/2026:04:21:44 -0400] "GET /wp-content/themes/escapetour/js/jquery.tooltipster.min.js HTTP/1.1" 200 4488 "http://www.escapetravelservices.com/tour/thrilling-malaysia-04-nights-05-days/" "Mozilla/5.0 (Linux; Android 6.0.1; Nexus 5X Build/MMB29P) AppleWebKit/537.36 (KHTML, like Gecko) Chrome/148.0.7778.96 Mobile Safari/537.36 (compatible; GoogleOther)"
66.249.68.162 - - [03/Jun/2026:04:21:49 -0400] "GET /wp-content/plugins/sliding-enquiry-form/captha/CaptchaSecurityImages.php?width=100&height=40&characters=5&code=yqg6mv HTTP/1.1" 200 175 "http://www.escapetravelservices.com/tour/thrilling-malaysia-04-nights-05-days/" "Mozilla/5.0 (Linux; Android 6.0.1; Nexus 5X Build/MMB29P) AppleWebKit/537.36 (KHTML, like Gecko) Chrome/148.0.7778.96 Mobile Safari/537.36 (compatible; GoogleOther)"
66.249.68.162 - - [03/Jun/2026:04:21:51 -0400] "GET /wp-content/themes/escapetour/js/waypoints.min.js HTTP/1.1" 200 2461 "http://www.escapetravelservices.com/tour/thrilling-malaysia-04-nights-05-days/" "Mozilla/5.0 (Linux; Android 6.0.1; Nexus 5X Build/MMB29P) AppleWebKit/537.36 (KHTML, like Gecko) Chrome/148.0.7778.96 Mobile Safari/537.36 (compatible; GoogleOther)"
66.249.68.162 - - [03/Jun/2026:04:21:56 -0400] "GET /wp-content/themes/escapetour/js/jquery.sticky-kit.min.js HTTP/1.1" 200 1194 "http://www.escapetravelservices.com/tour/thrilling-malaysia-04-nights-05-days/" "Mozilla/5.0 (Linux; Android 6.0.1; Nexus 5X Build/MMB29P) AppleWebKit/537.36 (KHTML, like Gecko) Chrome/148.0.7778.96 Mobile Safari/537.36 (compatible; GoogleOther)"
66.249.68.162 - - [03/Jun/2026:04:22:02 -0400] "GET /wp-content/plugins/whatsapp-for-wordpress/assets/img/x_icon.svg HTTP/1.1" 200 340 "http://www.escapetravelservices.com/wp-content/plugins/whatsapp-for-wordpress/assets/css/style.css" "Mozilla/5.0 (Linux; Android 6.0.1; Nexus 5X Build/MMB29P) AppleWebKit/537.36 (KHTML, like Gecko) Chrome/148.0.7778.96 Mobile Safari/537.36 (compatible; GoogleOther)"
66.249.68.162 - - [03/Jun/2026:04:22:04 -0400] "GET /wp-content/plugins/whatsapp-for-wordpress/assets/img/whatsapp_logo_green.svg HTTP/1.1" 200 884 "http://www.escapetravelservices.com/wp-content/plugins/whatsapp-for-wordpress/assets/css/style.css" "Mozilla/5.0 (Linux; Android 6.0.1; Nexus 5X Build/MMB29P) AppleWebKit/537.36 (KHTML, like Gecko) Chrome/148.0.7778.96 Mobile Safari/537.36 (compatible; GoogleOther)"
66.249.68.162 - - [03/Jun/2026:04:22:05 -0400] "GET /wp-content/uploads/2022/06/shimla-manali-tour-package-from-mumbai-700x466.jpg HTTP/1.1" 200 97903 "http://www.escapetravelservices.com/tour/thrilling-malaysia-04-nights-05-days/" "Mozilla/5.0 (Linux; Android 6.0.1; Nexus 5X Build/MMB29P) AppleWebKit/537.36 (KHTML, like Gecko) Chrome/148.0.7778.96 Mobile Safari/537.36 (compatible; GoogleOther)"
66.249.68.162 - - [03/Jun/2026:04:22:10 -0400] "GET /wp-content/uploads/2022/06/Delightful-Seychlles-700x466.jpg HTTP/1.1" 200 107321 "http://www.escapetravelservices.com/tour/thrilling-malaysia-04-nights-05-days/" "Mozilla/5.0 (Linux; Android 6.0.1; Nexus 5X Build/MMB29P) AppleWebKit/537.36 (KHTML, like Gecko) Chrome/148.0.7778.96 Mobile Safari/537.36 (compatible; GoogleOther)"
66.249.68.162 - - [03/Jun/2026:04:22:13 -0400] "GET /wp-content/plugins/contact-form-7/assets/ajax-loader.gif HTTP/1.1" 200 847 "http://www.escapetravelservices.com/wp-content/plugins/contact-form-7/includes/css/styles.css" "Mozilla/5.0 (Linux; Android 6.0.1; Nexus 5X Build/MMB29P) AppleWebKit/537.36 (KHTML, like Gecko) Chrome/148.0.7778.96 Mobile Safari/537.36 (compatible; GoogleOther)"
66.249.68.162 - - [03/Jun/2026:04:22:06 -0400] "GET /wp-content/uploads/2022/06/Thrilling-Malaysia-scaled.jpg HTTP/1.1" 200 275515 "http://www.escapetravelservices.com/tour/thrilling-malaysia-04-nights-05-days/" "Mozilla/5.0 (Linux; Android 6.0.1; Nexus 5X Build/MMB29P) AppleWebKit/537.36 (KHTML, like Gecko) Chrome/148.0.7778.96 Mobile Safari/537.36 (compatible; GoogleOther)"
66.249.68.162 - - [03/Jun/2026:04:22:07 -0400] "GET /wp-content/uploads/2022/06/Thrilling-Malaysia-700x466.jpg HTTP/1.1" 200 24375 "http://www.escapetravelservices.com/tour/thrilling-malaysia-04-nights-05-days/" "Mozilla/5.0 (Linux; Android 6.0.1; Nexus 5X Build/MMB29P) AppleWebKit/537.36 (KHTML, like Gecko) Chrome/148.0.7778.96 Mobile Safari/537.36 (compatible; GoogleOther)"
66.249.68.162 - - [03/Jun/2026:04:22:08 -0400] "GET /wp-content/plugins/whatsapp-for-wordpress/assets/img/whatsapp_logo.svg HTTP/1.1" 200 883 "http://www.escapetravelservices.com/wp-content/plugins/whatsapp-for-wordpress/assets/css/style.css" "Mozilla/5.0 (Linux; Android 6.0.1; Nexus 5X Build/MMB29P) AppleWebKit/537.36 (KHTML, like Gecko) Chrome/148.0.7778.96 Mobile Safari/537.36 (compatible; GoogleOther)"
66.249.68.162 - - [03/Jun/2026:04:22:12 -0400] "GET /wp-json/contact-form-7/v1/contact-forms/165/refill HTTP/1.1" 200 2 "http://www.escapetravelservices.com/tour/thrilling-malaysia-04-nights-05-days/" "Mozilla/5.0 (Linux; Android 6.0.1; Nexus 5X Build/MMB29P) AppleWebKit/537.36 (KHTML, like Gecko) Chrome/148.0.7778.96 Mobile Safari/537.36 (compatible; GoogleOther)"
93.183.82.231 - - [03/Jun/2026:04:30:50 -0400] "GET /wp-json/wp/v2/posts HTTP/1.1" 200 72831 "-" "Mozilla/5.0 (Windows NT 10.0; Win64; x64) AppleWebKit/537.36 (KHTML, like Gecko) Chrome/120.0.0.0 Safari/537.36"
162.213.253.84 - - [03/Jun/2026:04:38:38 -0400] "POST /wp-cron.php?doing_wp_cron=1780475918.7399818897247314453125 HTTP/1.1" 200 0 "http://www.escapetravelservices.com/wp-cron.php?doing_wp_cron=1780475918.7399818897247314453125" "WordPress/6.0; http://www.escapetravelservices.com"
66.132.195.118 - - [03/Jun/2026:04:38:49 -0400] "GET /wp-content/uploads/2022/06/cropped-escape-logo-white1-32x32.jpg HTTP/1.1" 200 666 "-" "Mozilla/5.0 (compatible; CensysInspect/1.1; +https://about.censys.io/)"
66.132.195.118 - - [03/Jun/2026:04:38:50 -0400] "GET /wp-content/uploads/2022/06/cropped-escape-logo-white1-192x192.jpg HTTP/1.1" 200 4500 "-" "Mozilla/5.0 (compatible; CensysInspect/1.1; +https://about.censys.io/)"
190.96.99.87 - - [03/Jun/2026:04:43:29 -0400] "GET http://www.escapetravelservices.com/tour/luxurious-maldives-dusit-thani-maldives-04-nights-05-days/ HTTP/1.1" 200 24529 "-" "Mozilla/5.0 (Windows NT 10.0; WOW64) AppleWebKit/537.36 (KHTML, like Gecko) Chrome/94.0.4606.54 Safari/537.36"
66.132.195.118 - - [03/Jun/2026:04:38:38 -0400] "GET / HTTP/1.1" 301 0 "-" "Mozilla/5.0 (compatible; CensysInspect/1.1; +https://about.censys.io/)"
66.132.195.118 - - [03/Jun/2026:04:38:47 -0400] "GET / HTTP/1.1" 200 33162 "-" "Mozilla/5.0 (compatible; CensysInspect/1.1; +https://about.censys.io/)"
66.132.195.118 - - [03/Jun/2026:04:39:00 -0400] "GET /favicon.ico HTTP/1.1" 404 1251 "-" "Mozilla/5.0 (compatible; CensysInspect/1.1; +https://about.censys.io/)"
66.132.195.118 - - [03/Jun/2026:04:39:08 -0400] "GET / HTTP/1.1" 200 33189 "-" "Mozilla/5.0 (compatible; CensysInspect/1.1; +https://about.censys.io/)"
190.89.140.191 - - [03/Jun/2026:04:56:31 -0400] "GET http://www.escapetravelservices.com/tour/captivating-bangkok-pattaya-04-nights-05-days/ HTTP/1.1" 200 25471 "-" "Mozilla/5.0 (Windows NT 6.1) AppleWebKit/537.36 (KHTML, like Gecko) Chrome/75.0.3770.100 ADG/11.0.2510 AOLBUILD/11.0.2510 Safari/537.36"
192.71.12.112 - - [03/Jun/2026:05:01:20 -0400] "GET / HTTP/1.1" 301 0 "-" "Mozilla/5.0 (Windows NT 10.0; Win64; x64; rv:123.0) Gecko/20100101 Firefox/123"
192.71.126.26 - - [03/Jun/2026:05:01:22 -0400] "GET / HTTP/1.1" 200 33162 "http://escapetravelservices.com/" "Mozilla/5.0 (Windows NT 10.0; Win64; x64; rv:123.0) Gecko/20100101 Firefox/123"
192.71.142.232 - - [03/Jun/2026:05:01:24 -0400] "GET /2021/01/09/top-5-most-romantic-honeymoon-destinations-in-india/ HTTP/1.1" 200 25644 "-" "Mozilla/5.0 (Windows NT 10.0; Win64; x64; rv:123.0) Gecko/20100101 Firefox/123"
192.71.126.53 - - [03/Jun/2026:05:01:25 -0400] "GET /tour/luxurious-maldives-dusit-thani-maldives-04-nights-05-days/ HTTP/1.1" 200 24529 "-" "Mozilla/5.0 (Windows NT 10.0; Win64; x64; rv:123.0) Gecko/20100101 Firefox/123"
