17.246.23.106 - - [02/Jun/2026:23:29:17 -0400] "GET /wp-content/plugins/booked/assets/css/animations.css HTTP/1.1" 200 562 "http://www.escapetravelservices.com/tour/captivating-bangkok-pattaya-04-nights-05-days/" "Mozilla/5.0 (Macintosh; Intel Mac OS X 10_15_7) AppleWebKit/605.1.15 (KHTML, like Gecko) Version/17.4 Safari/605.1.15 (Applebot/0.1; +http://www.apple.com/go/applebot)"
17.246.23.106 - - [02/Jun/2026:23:29:28 -0400] "GET /wp-content/themes/escapetour/css/screen.css HTTP/1.1" 200 38946 "http://www.escapetravelservices.com/tour/captivating-bangkok-pattaya-04-nights-05-days/" "Mozilla/5.0 (Macintosh; Intel Mac OS X 10_15_7) AppleWebKit/605.1.15 (KHTML, like Gecko) Version/17.4 Safari/605.1.15 (Applebot/0.1; +http://www.apple.com/go/applebot)"
17.22.245.91 - - [02/Jun/2026:23:28:50 -0400] "GET /tour/marvelous-phuket-krabi-04-nights-05-days/ HTTP/1.1" 200 24920 "-" "Mozilla/5.0 (Macintosh; Intel Mac OS X 10_15_7) AppleWebKit/605.1.15 (KHTML, like Gecko) Version/17.4 Safari/605.1.15 (Applebot/0.1; +http://www.apple.com/go/applebot)"
17.22.245.22 - - [02/Jun/2026:23:28:57 -0400] "GET /tour/thrilling-malaysia-04-nights-05-days HTTP/1.1" 301 0 "-" "Mozilla/5.0 (Macintosh; Intel Mac OS X 10_15_7) AppleWebKit/605.1.15 (KHTML, like Gecko) Version/17.4 Safari/605.1.15 (Applebot/0.1; +http://www.apple.com/go/applebot)"
17.22.237.109 - - [02/Jun/2026:23:29:01 -0400] "GET /2021/01/09/top-5-most-romantic-honeymoon-destinations-in-india/ HTTP/1.1" 200 25644 "-" "Mozilla/5.0 (Macintosh; Intel Mac OS X 10_15_7) AppleWebKit/605.1.15 (KHTML, like Gecko) Version/17.4 Safari/605.1.15 (Applebot/0.1; +http://www.apple.com/go/applebot)"
17.246.23.106 - - [02/Jun/2026:23:29:11 -0400] "GET /wp-content/plugins/booked/assets/js/tooltipster/css/themes/tooltipster-light.css HTTP/1.1" 200 226 "http://www.escapetravelservices.com/tour/captivating-bangkok-pattaya-04-nights-05-days/" "Mozilla/5.0 (Macintosh; Intel Mac OS X 10_15_7) AppleWebKit/605.1.15 (KHTML, like Gecko) Version/17.4 Safari/605.1.15 (Applebot/0.1; +http://www.apple.com/go/applebot)"
17.246.23.106 - - [02/Jun/2026:23:29:19 -0400] "GET /wp-content/plugins/booked/assets/js/tooltipster/css/tooltipster.css HTTP/1.1" 200 1970 "http://www.escapetravelservices.com/tour/captivating-bangkok-pattaya-04-nights-05-days/" "Mozilla/5.0 (Macintosh; Intel Mac OS X 10_15_7) AppleWebKit/605.1.15 (KHTML, like Gecko) Version/17.4 Safari/605.1.15 (Applebot/0.1; +http://www.apple.com/go/applebot)"
17.246.23.106 - - [02/Jun/2026:23:29:21 -0400] "GET /wp-content/plugins/revslider/public/assets/css/rs6.css HTTP/1.1" 200 15207 "http://www.escapetravelservices.com/tour/captivating-bangkok-pattaya-04-nights-05-days/" "Mozilla/5.0 (Macintosh; Intel Mac OS X 10_15_7) AppleWebKit/605.1.15 (KHTML, like Gecko) Version/17.4 Safari/605.1.15 (Applebot/0.1; +http://www.apple.com/go/applebot)"
17.246.23.106 - - [02/Jun/2026:23:29:23 -0400] "GET /wp-content/themes/escapetour/css/reset.css HTTP/1.1" 200 334 "http://www.escapetravelservices.com/tour/captivating-bangkok-pattaya-04-nights-05-days/" "Mozilla/5.0 (Macintosh; Intel Mac OS X 10_15_7) AppleWebKit/605.1.15 (KHTML, like Gecko) Version/17.4 Safari/605.1.15 (Applebot/0.1; +http://www.apple.com/go/applebot)"
17.246.23.106 - - [02/Jun/2026:23:29:24 -0400] "GET /wp-content/plugins/whatsapp-for-wordpress/assets/css/style.css HTTP/1.1" 200 4693 "http://www.escapetravelservices.com/tour/captivating-bangkok-pattaya-04-nights-05-days/" "Mozilla/5.0 (Macintosh; Intel Mac OS X 10_15_7) AppleWebKit/605.1.15 (KHTML, like Gecko) Version/17.4 Safari/605.1.15 (Applebot/0.1; +http://www.apple.com/go/applebot)"
17.246.23.106 - - [02/Jun/2026:23:29:26 -0400] "GET /wp-content/themes/escapetour/css/jqueryui/custom.css HTTP/1.1" 200 5287 "http://www.escapetravelservices.com/tour/captivating-bangkok-pattaya-04-nights-05-days/" "Mozilla/5.0 (Macintosh; Intel Mac OS X 10_15_7) AppleWebKit/605.1.15 (KHTML, like Gecko) Version/17.4 Safari/605.1.15 (Applebot/0.1; +http://www.apple.com/go/applebot)"
17.246.23.106 - - [02/Jun/2026:23:29:34 -0400] "GET /wp-content/plugins/revslider/public/assets/js/rbtools.min.js HTTP/1.1" 200 50897 "http://www.escapetravelservices.com/tour/captivating-bangkok-pattaya-04-nights-05-days/" "Mozilla/5.0 (Macintosh; Intel Mac OS X 10_15_7) AppleWebKit/605.1.15 (KHTML, like Gecko) Version/17.4 Safari/605.1.15 (Applebot/0.1; +http://www.apple.com/go/applebot)"
17.246.23.106 - - [02/Jun/2026:23:29:36 -0400] "GET /wp-includes/js/jquery/ui/core.min.js HTTP/1.1" 200 7544 "http://www.escapetravelservices.com/tour/captivating-bangkok-pattaya-04-nights-05-days/" "Mozilla/5.0 (Macintosh; Intel Mac OS X 10_15_7) AppleWebKit/605.1.15 (KHTML, like Gecko) Version/17.4 Safari/605.1.15 (Applebot/0.1; +http://www.apple.com/go/applebot)"
17.246.23.106 - - [02/Jun/2026:23:29:41 -0400] "GET /wp-content/themes/escapetour/js/jquery.masory.js HTTP/1.1" 200 8144 "http://www.escapetravelservices.com/tour/captivating-bangkok-pattaya-04-nights-05-days/" "Mozilla/5.0 (Macintosh; Intel Mac OS X 10_15_7) AppleWebKit/605.1.15 (KHTML, like Gecko) Version/17.4 Safari/605.1.15 (Applebot/0.1; +http://www.apple.com/go/applebot)"
17.246.23.106 - - [02/Jun/2026:23:29:45 -0400] "GET /wp-content/themes/escapetour/js/custom.js HTTP/1.1" 200 5360 "http://www.escapetravelservices.com/tour/captivating-bangkok-pattaya-04-nights-05-days/" "Mozilla/5.0 (Macintosh; Intel Mac OS X 10_15_7) AppleWebKit/605.1.15 (KHTML, like Gecko) Version/17.4 Safari/605.1.15 (Applebot/0.1; +http://www.apple.com/go/applebot)"
17.246.23.106 - - [02/Jun/2026:23:29:30 -0400] "GET /wp-content/plugins/meks-easy-instagram-widget/css/widget.css HTTP/1.1" 200 302 "http://www.escapetravelservices.com/tour/captivating-bangkok-pattaya-04-nights-05-days/" "Mozilla/5.0 (Macintosh; Intel Mac OS X 10_15_7) AppleWebKit/605.1.15 (KHTML, like Gecko) Version/17.4 Safari/605.1.15 (Applebot/0.1; +http://www.apple.com/go/applebot)"
17.246.23.106 - - [02/Jun/2026:23:29:32 -0400] "GET /wp-content/themes/escapetour/css/grid.css HTTP/1.1" 200 9765 "http://www.escapetravelservices.com/tour/captivating-bangkok-pattaya-04-nights-05-days/" "Mozilla/5.0 (Macintosh; Intel Mac OS X 10_15_7) AppleWebKit/605.1.15 (KHTML, like Gecko) Version/17.4 Safari/605.1.15 (Applebot/0.1; +http://www.apple.com/go/applebot)"
17.246.23.106 - - [02/Jun/2026:23:29:37 -0400] "GET /wp-content/plugins/booked/assets/js/functions.js HTTP/1.1" 200 11157 "http://www.escapetravelservices.com/tour/captivating-bangkok-pattaya-04-nights-05-days/" "Mozilla/5.0 (Macintosh; Intel Mac OS X 10_15_7) AppleWebKit/605.1.15 (KHTML, like Gecko) Version/17.4 Safari/605.1.15 (Applebot/0.1; +http://www.apple.com/go/applebot)"
17.246.23.106 - - [02/Jun/2026:23:29:39 -0400] "GET /wp-content/themes/escapetour/js/ilightbox.packed.js HTTP/1.1" 200 26301 "http://www.escapetravelservices.com/tour/captivating-bangkok-pattaya-04-nights-05-days/" "Mozilla/5.0 (Macintosh; Intel Mac OS X 10_15_7) AppleWebKit/605.1.15 (KHTML, like Gecko) Version/17.4 Safari/605.1.15 (Applebot/0.1; +http://www.apple.com/go/applebot)"
17.246.23.106 - - [02/Jun/2026:23:29:43 -0400] "GET /wp-content/themes/escapetour/js/jquery.stellar.min.js HTTP/1.1" 200 3845 "http://www.escapetravelservices.com/tour/captivating-bangkok-pattaya-04-nights-05-days/" "Mozilla/5.0 (Macintosh; Intel Mac OS X 10_15_7) AppleWebKit/605.1.15 (KHTML, like Gecko) Version/17.4 Safari/605.1.15 (Applebot/0.1; +http://www.apple.com/go/applebot)"
17.241.75.144 - - [02/Jun/2026:23:33:31 -0400] "GET /wp-content/plugins/revslider/public/assets/css/rs6.css HTTP/1.1" 200 15207 "http://www.escapetravelservices.com/tour/luxe-dubai-04-nights-05-days/" "Mozilla/5.0 (Macintosh; Intel Mac OS X 10_15_7) AppleWebKit/605.1.15 (KHTML, like Gecko) Version/17.4 Safari/605.1.15 (Applebot/0.1; +http://www.apple.com/go/applebot)"
17.241.75.144 - - [02/Jun/2026:23:33:41 -0400] "GET /wp-json/contact-form-7/v1/contact-forms/165/refill HTTP/1.1" 200 2 "http://www.escapetravelservices.com/tour/luxe-dubai-04-nights-05-days/" "Mozilla/5.0 (Macintosh; Intel Mac OS X 10_15_7) AppleWebKit/605.1.15 (KHTML, like Gecko) Version/17.4 Safari/605.1.15 (Applebot/0.1; +http://www.apple.com/go/applebot)"
178.217.98.153 - - [02/Jun/2026:23:38:14 -0400] "GET / HTTP/1.0" 200 160912 "http://www.escapetravelservices.com/" "Mozilla/5.0 (Windows NT 10.0; Win64; x64) AppleWebKit/537.36 (KHTML, like Gecko) Chrome/131.0.0.0 Safari/537.36"
17.22.245.89 - - [02/Jun/2026:23:38:16 -0400] "GET /wp-includes/css/dist/block-library/style.min.css HTTP/1.1" 200 14760 "http://www.escapetravelservices.com/tour/marvelous-phuket-krabi-04-nights-05-days/" "Mozilla/5.0 (Macintosh; Intel Mac OS X 10_15_7) AppleWebKit/605.1.15 (KHTML, like Gecko) Version/17.4 Safari/605.1.15 (Applebot/0.1; +http://www.apple.com/go/applebot)"
17.246.23.122 - - [02/Jun/2026:23:38:20 -0400] "GET /wp-content/plugins/booked/dist/booked.css HTTP/1.1" 200 10925 "http://www.escapetravelservices.com/tour/luxurious-maldives-dusit-thani-maldives-04-nights-05-days/" "Mozilla/5.0 (Macintosh; Intel Mac OS X 10_15_7) AppleWebKit/605.1.15 (KHTML, like Gecko) Version/17.4 Safari/605.1.15 (Applebot/0.1; +http://www.apple.com/go/applebot)"
178.217.98.153 - - [02/Jun/2026:23:38:18 -0400] "POST / HTTP/1.0" 404 131885 "http://www.escapetravelservices.com/" "Mozilla/5.0 (Windows NT 10.0; Win64; x64) AppleWebKit/537.36 (KHTML, like Gecko) Chrome/131.0.0.0 Safari/537.36"
17.22.245.89 - - [02/Jun/2026:23:38:21 -0400] "GET /wp-content/plugins/booked/assets/js/tooltipster/css/tooltipster.css HTTP/1.1" 200 1970 "http://www.escapetravelservices.com/tour/marvelous-phuket-krabi-04-nights-05-days/" "Mozilla/5.0 (Macintosh; Intel Mac OS X 10_15_7) AppleWebKit/605.1.15 (KHTML, like Gecko) Version/17.4 Safari/605.1.15 (Applebot/0.1; +http://www.apple.com/go/applebot)"
17.246.23.122 - - [02/Jun/2026:23:38:22 -0400] "GET /wp-content/plugins/grandtour-custom-post/css/fontawesome-stars-o.css HTTP/1.1" 404 27474 "http://www.escapetravelservices.com/tour/luxurious-maldives-dusit-thani-maldives-04-nights-05-days/" "Mozilla/5.0 (Macintosh; Intel Mac OS X 10_15_7) AppleWebKit/605.1.15 (KHTML, like Gecko) Version/17.4 Safari/605.1.15 (Applebot/0.1; +http://www.apple.com/go/applebot)"
17.22.245.89 - - [02/Jun/2026:23:38:23 -0400] "GET /wp-content/plugins/booked/assets/css/icons.css HTTP/1.1" 200 6618 "http://www.escapetravelservices.com/tour/marvelous-phuket-krabi-04-nights-05-days/" "Mozilla/5.0 (Macintosh; Intel Mac OS X 10_15_7) AppleWebKit/605.1.15 (KHTML, like Gecko) Version/17.4 Safari/605.1.15 (Applebot/0.1; +http://www.apple.com/go/applebot)"
17.246.23.122 - - [02/Jun/2026:23:38:24 -0400] "GET /wp-content/plugins/contact-form-7/includes/css/styles.css HTTP/1.1" 200 776 "http://www.escapetravelservices.com/tour/luxurious-maldives-dusit-thani-maldives-04-nights-05-days/" "Mozilla/5.0 (Macintosh; Intel Mac OS X 10_15_7) AppleWebKit/605.1.15 (KHTML, like Gecko) Version/17.4 Safari/605.1.15 (Applebot/0.1; +http://www.apple.com/go/applebot)"
17.22.245.89 - - [02/Jun/2026:23:38:25 -0400] "GET /wp-content/plugins/booked/assets/js/tooltipster/css/themes/tooltipster-light.css HTTP/1.1" 200 226 "http://www.escapetravelservices.com/tour/marvelous-phuket-krabi-04-nights-05-days/" "Mozilla/5.0 (Macintosh; Intel Mac OS X 10_15_7) AppleWebKit/605.1.15 (KHTML, like Gecko) Version/17.4 Safari/605.1.15 (Applebot/0.1; +http://www.apple.com/go/applebot)"
17.241.75.144 - - [02/Jun/2026:23:33:30 -0400] "GET /wp-content/plugins/booked/assets/css/animations.css HTTP/1.1" 200 562 "http://www.escapetravelservices.com/tour/luxe-dubai-04-nights-05-days/" "Mozilla/5.0 (Macintosh; Intel Mac OS X 10_15_7) AppleWebKit/605.1.15 (KHTML, like Gecko) Version/17.4 Safari/605.1.15 (Applebot/0.1; +http://www.apple.com/go/applebot)"
178.217.98.153 - - [02/Jun/2026:23:38:17 -0400] "GET /wp-content/plugins/sliding-enquiry-form/captha/CaptchaSecurityImages.php?width=100&height=40&characters=5&code=rcdx4m HTTP/1.0" 200 242 "http://www.escapetravelservices.com/" "Mozilla/5.0 (Windows NT 10.0; Win64; x64) AppleWebKit/537.36 (KHTML, like Gecko) Chrome/131.0.0.0 Safari/537.36"
17.22.245.89 - - [02/Jun/2026:23:38:17 -0400] "GET /wp-includes/js/wp-emoji-release.min.js HTTP/1.1" 200 5712 "http://www.escapetravelservices.com/tour/marvelous-phuket-krabi-04-nights-05-days/" "Mozilla/5.0 (Macintosh; Intel Mac OS X 10_15_7) AppleWebKit/605.1.15 (KHTML, like Gecko) Version/17.4 Safari/605.1.15 (Applebot/0.1; +http://www.apple.com/go/applebot)"
162.213.253.84 - - [02/Jun/2026:23:38:18 -0400] "POST /wp-cron.php?doing_wp_cron=1780457898.6365520954132080078125 HTTP/1.1" 200 0 "http://www.escapetravelservices.com/wp-cron.php?doing_wp_cron=1780457898.6365520954132080078125" "WordPress/6.0; http://www.escapetravelservices.com"
17.22.245.89 - - [02/Jun/2026:23:38:19 -0400] "GET /wp-content/plugins/booked/assets/css/animations.css HTTP/1.1" 200 562 "http://www.escapetravelservices.com/tour/marvelous-phuket-krabi-04-nights-05-days/" "Mozilla/5.0 (Macintosh; Intel Mac OS X 10_15_7) AppleWebKit/605.1.15 (KHTML, like Gecko) Version/17.4 Safari/605.1.15 (Applebot/0.1; +http://www.apple.com/go/applebot)"
17.246.23.122 - - [02/Jun/2026:23:38:26 -0400] "GET /wp-content/themes/escapetour/css/wordpress.css HTTP/1.1" 200 1176 "http://www.escapetravelservices.com/tour/luxurious-maldives-dusit-thani-maldives-04-nights-05-days/" "Mozilla/5.0 (Macintosh; Intel Mac OS X 10_15_7) AppleWebKit/605.1.15 (KHTML, like Gecko) Version/17.4 Safari/605.1.15 (Applebot/0.1; +http://www.apple.com/go/applebot)"
17.22.245.89 - - [02/Jun/2026:23:38:27 -0400] "GET /wp-content/plugins/contact-form-7/includes/css/styles.css HTTP/1.1" 200 776 "http://www.escapetravelservices.com/tour/marvelous-phuket-krabi-04-nights-05-days/" "Mozilla/5.0 (Macintosh; Intel Mac OS X 10_15_7) AppleWebKit/605.1.15 (KHTML, like Gecko) Version/17.4 Safari/605.1.15 (Applebot/0.1; +http://www.apple.com/go/applebot)"
17.22.245.89 - - [02/Jun/2026:23:38:28 -0400] "GET /wp-content/plugins/whatsapp-for-wordpress/assets/css/style.css HTTP/1.1" 200 4693 "http://www.escapetravelservices.com/tour/marvelous-phuket-krabi-04-nights-05-days/" "Mozilla/5.0 (Macintosh; Intel Mac OS X 10_15_7) AppleWebKit/605.1.15 (KHTML, like Gecko) Version/17.4 Safari/605.1.15 (Applebot/0.1; +http://www.apple.com/go/applebot)"
17.246.23.122 - - [02/Jun/2026:23:38:30 -0400] "GET /wp-content/themes/escapetour/css/ilightbox/ilightbox.css HTTP/1.1" 200 1778 "http://www.escapetravelservices.com/tour/luxurious-maldives-dusit-thani-maldives-04-nights-05-days/" "Mozilla/5.0 (Macintosh; Intel Mac OS X 10_15_7) AppleWebKit/605.1.15 (KHTML, like Gecko) Version/17.4 Safari/605.1.15 (Applebot/0.1; +http://www.apple.com/go/applebot)"
17.22.245.89 - - [02/Jun/2026:23:38:30 -0400] "GET /wp-content/themes/escapetour/css/wordpress.css HTTP/1.1" 200 1176 "http://www.escapetravelservices.com/tour/marvelous-phuket-krabi-04-nights-05-days/" "Mozilla/5.0 (Macintosh; Intel Mac OS X 10_15_7) AppleWebKit/605.1.15 (KHTML, like Gecko) Version/17.4 Safari/605.1.15 (Applebot/0.1; +http://www.apple.com/go/applebot)"
17.246.23.122 - - [02/Jun/2026:23:38:31 -0400] "GET /wp-content/themes/escapetour/css/font-awesome.min.css HTTP/1.1" 200 7749 "http://www.escapetravelservices.com/tour/luxurious-maldives-dusit-thani-maldives-04-nights-05-days/" "Mozilla/5.0 (Macintosh; Intel Mac OS X 10_15_7) AppleWebKit/605.1.15 (KHTML, like Gecko) Version/17.4 Safari/605.1.15 (Applebot/0.1; +http://www.apple.com/go/applebot)"
17.22.245.89 - - [02/Jun/2026:23:38:32 -0400] "GET /wp-content/themes/escapetour/css/ilightbox/ilightbox.css HTTP/1.1" 200 1778 "http://www.escapetravelservices.com/tour/marvelous-phuket-krabi-04-nights-05-days/" "Mozilla/5.0 (Macintosh; Intel Mac OS X 10_15_7) AppleWebKit/605.1.15 (KHTML, like Gecko) Version/17.4 Safari/605.1.15 (Applebot/0.1; +http://www.apple.com/go/applebot)"
17.246.23.122 - - [02/Jun/2026:23:38:33 -0400] "GET /wp-includes/js/jquery/jquery.min.js HTTP/1.1" 200 34819 "http://www.escapetravelservices.com/tour/luxurious-maldives-dusit-thani-maldives-04-nights-05-days/" "Mozilla/5.0 (Macintosh; Intel Mac OS X 10_15_7) AppleWebKit/605.1.15 (KHTML, like Gecko) Version/17.4 Safari/605.1.15 (Applebot/0.1; +http://www.apple.com/go/applebot)"
17.22.245.89 - - [02/Jun/2026:23:38:34 -0400] "GET /wp-includes/js/mediaelement/mediaelementplayer-legacy.min.css HTTP/1.1" 200 2967 "http://www.escapetravelservices.com/tour/marvelous-phuket-krabi-04-nights-05-days/" "Mozilla/5.0 (Macintosh; Intel Mac OS X 10_15_7) AppleWebKit/605.1.15 (KHTML, like Gecko) Version/17.4 Safari/605.1.15 (Applebot/0.1; +http://www.apple.com/go/applebot)"
17.22.245.89 - - [02/Jun/2026:23:38:37 -0400] "GET /wp-content/themes/escapetour/css/menus/leftalignmenu.css HTTP/1.1" 200 862 "http://www.escapetravelservices.com/tour/marvelous-phuket-krabi-04-nights-05-days/" "Mozilla/5.0 (Macintosh; Intel Mac OS X 10_15_7) AppleWebKit/605.1.15 (KHTML, like Gecko) Version/17.4 Safari/605.1.15 (Applebot/0.1; +http://www.apple.com/go/applebot)"
17.246.23.122 - - [02/Jun/2026:23:38:39 -0400] "GET /wp-content/themes/escapetour/js/custom_plugins.js HTTP/1.1" 200 2016 "http://www.escapetravelservices.com/tour/luxurious-maldives-dusit-thani-maldives-04-nights-05-days/" "Mozilla/5.0 (Macintosh; Intel Mac OS X 10_15_7) AppleWebKit/605.1.15 (KHTML, like Gecko) Version/17.4 Safari/605.1.15 (Applebot/0.1; +http://www.apple.com/go/applebot)"
17.246.23.122 - - [02/Jun/2026:23:38:41 -0400] "GET /wp-content/themes/escapetour/css/mac-skin/skin.css HTTP/1.1" 200 2033 "http://www.escapetravelservices.com/tour/luxurious-maldives-dusit-thani-maldives-04-nights-05-days/" "Mozilla/5.0 (Macintosh; Intel Mac OS X 10_15_7) AppleWebKit/605.1.15 (KHTML, like Gecko) Version/17.4 Safari/605.1.15 (Applebot/0.1; +http://www.apple.com/go/applebot)"
17.22.245.89 - - [02/Jun/2026:23:38:41 -0400] "GET /wp-content/plugins/whatsapp-for-wordpress/assets/js/main.js HTTP/1.1" 200 1644 "http://www.escapetravelservices.com/tour/marvelous-phuket-krabi-04-nights-05-days/" "Mozilla/5.0 (Macintosh; Intel Mac OS X 10_15_7) AppleWebKit/605.1.15 (KHTML, like Gecko) Version/17.4 Safari/605.1.15 (Applebot/0.1; +http://www.apple.com/go/applebot)"
17.22.253.176 - - [02/Jun/2026:23:38:44 -0400] "GET /wp-content/plugins/booked/dist/booked.css HTTP/1.1" 200 10925 "http://www.escapetravelservices.com/destination/bali/" "Mozilla/5.0 (Macintosh; Intel Mac OS X 10_15_7) AppleWebKit/605.1.15 (KHTML, like Gecko) Version/17.4 Safari/605.1.15 (Applebot/0.1; +http://www.apple.com/go/applebot)"
17.22.245.182 - - [02/Jun/2026:23:40:09 -0400] "GET /wp-content/plugins/grandtour-custom-post/css/fontawesome-stars-o.css HTTP/1.1" 404 27474 "http://www.escapetravelservices.com/tour/thrilling-malaysia-04-nights-05-days/" "Mozilla/5.0 (Macintosh; Intel Mac OS X 10_15_7) AppleWebKit/605.1.15 (KHTML, like Gecko) Version/17.4 Safari/605.1.15 (Applebot/0.1; +http://www.apple.com/go/applebot)"
17.22.245.182 - - [02/Jun/2026:23:40:13 -0400] "GET /wp-content/themes/escapetour/css/reset.css HTTP/1.1" 200 334 "http://www.escapetravelservices.com/tour/thrilling-malaysia-04-nights-05-days/" "Mozilla/5.0 (Macintosh; Intel Mac OS X 10_15_7) AppleWebKit/605.1.15 (KHTML, like Gecko) Version/17.4 Safari/605.1.15 (Applebot/0.1; +http://www.apple.com/go/applebot)"
17.246.23.122 - - [02/Jun/2026:23:38:28 -0400] "GET /wp-content/themes/escapetour/css/animation.css HTTP/1.1" 200 1055 "http://www.escapetravelservices.com/tour/luxurious-maldives-dusit-thani-maldives-04-nights-05-days/" "Mozilla/5.0 (Macintosh; Intel Mac OS X 10_15_7) AppleWebKit/605.1.15 (KHTML, like Gecko) Version/17.4 Safari/605.1.15 (Applebot/0.1; +http://www.apple.com/go/applebot)"
17.246.23.122 - - [02/Jun/2026:23:38:35 -0400] "GET /wp-includes/js/jquery/ui/datepicker.min.js HTTP/1.1" 200 12350 "http://www.escapetravelservices.com/tour/luxurious-maldives-dusit-thani-maldives-04-nights-05-days/" "Mozilla/5.0 (Macintosh; Intel Mac OS X 10_15_7) AppleWebKit/605.1.15 (KHTML, like Gecko) Version/17.4 Safari/605.1.15 (Applebot/0.1; +http://www.apple.com/go/applebot)"
17.22.245.89 - - [02/Jun/2026:23:38:35 -0400] "GET /wp-content/themes/escapetour/css/tooltipster.css HTTP/1.1" 200 1874 "http://www.escapetravelservices.com/tour/marvelous-phuket-krabi-04-nights-05-days/" "Mozilla/5.0 (Macintosh; Intel Mac OS X 10_15_7) AppleWebKit/605.1.15 (KHTML, like Gecko) Version/17.4 Safari/605.1.15 (Applebot/0.1; +http://www.apple.com/go/applebot)"
17.246.23.122 - - [02/Jun/2026:23:38:37 -0400] "GET /wp-content/themes/escapetour/js/jquery.easing.js HTTP/1.1" 200 2186 "http://www.escapetravelservices.com/tour/luxurious-maldives-dusit-thani-maldives-04-nights-05-days/" "Mozilla/5.0 (Macintosh; Intel Mac OS X 10_15_7) AppleWebKit/605.1.15 (KHTML, like Gecko) Version/17.4 Safari/605.1.15 (Applebot/0.1; +http://www.apple.com/go/applebot)"
17.22.245.89 - - [02/Jun/2026:23:38:43 -0400] "GET /wp-content/plugins/booked/includes/add-ons/frontend-agents/js/functions.js HTTP/1.1" 200 1311 "http://www.escapetravelservices.com/tour/marvelous-phuket-krabi-04-nights-05-days/" "Mozilla/5.0 (Macintosh; Intel Mac OS X 10_15_7) AppleWebKit/605.1.15 (KHTML, like Gecko) Version/17.4 Safari/605.1.15 (Applebot/0.1; +http://www.apple.com/go/applebot)"
17.22.245.89 - - [02/Jun/2026:23:38:44 -0400] "GET /wp-content/themes/escapetour/js/jquery.sticky-kit.min.js HTTP/1.1" 200 1340 "http://www.escapetravelservices.com/tour/marvelous-phuket-krabi-04-nights-05-days/" "Mozilla/5.0 (Macintosh; Intel Mac OS X 10_15_7) AppleWebKit/605.1.15 (KHTML, like Gecko) Version/17.4 Safari/605.1.15 (Applebot/0.1; +http://www.apple.com/go/applebot)"
17.22.245.182 - - [02/Jun/2026:23:40:11 -0400] "GET /wp-content/plugins/revslider/public/assets/css/rs6.css HTTP/1.1" 200 15207 "http://www.escapetravelservices.com/tour/thrilling-malaysia-04-nights-05-days/" "Mozilla/5.0 (Macintosh; Intel Mac OS X 10_15_7) AppleWebKit/605.1.15 (KHTML, like Gecko) Version/17.4 Safari/605.1.15 (Applebot/0.1; +http://www.apple.com/go/applebot)"
17.22.245.182 - - [02/Jun/2026:23:40:16 -0400] "GET /wp-content/themes/escapetour/css/jqueryui/custom.css HTTP/1.1" 200 5287 "http://www.escapetravelservices.com/tour/thrilling-malaysia-04-nights-05-days/" "Mozilla/5.0 (Macintosh; Intel Mac OS X 10_15_7) AppleWebKit/605.1.15 (KHTML, like Gecko) Version/17.4 Safari/605.1.15 (Applebot/0.1; +http://www.apple.com/go/applebot)"
17.22.245.182 - - [02/Jun/2026:23:40:22 -0400] "GET /wp-content/themes/escapetour/css/font-awesome.min.css HTTP/1.1" 200 7749 "http://www.escapetravelservices.com/tour/thrilling-malaysia-04-nights-05-days/" "Mozilla/5.0 (Macintosh; Intel Mac OS X 10_15_7) AppleWebKit/605.1.15 (KHTML, like Gecko) Version/17.4 Safari/605.1.15 (Applebot/0.1; +http://www.apple.com/go/applebot)"
17.22.245.182 - - [02/Jun/2026:23:40:24 -0400] "GET /wp-content/plugins/meks-easy-instagram-widget/css/widget.css HTTP/1.1" 200 302 "http://www.escapetravelservices.com/tour/thrilling-malaysia-04-nights-05-days/" "Mozilla/5.0 (Macintosh; Intel Mac OS X 10_15_7) AppleWebKit/605.1.15 (KHTML, like Gecko) Version/17.4 Safari/605.1.15 (Applebot/0.1; +http://www.apple.com/go/applebot)"
17.22.245.182 - - [02/Jun/2026:23:40:15 -0400] "GET /wp-content/themes/escapetour/css/animation.css HTTP/1.1" 200 1055 "http://www.escapetravelservices.com/tour/thrilling-malaysia-04-nights-05-days/" "Mozilla/5.0 (Macintosh; Intel Mac OS X 10_15_7) AppleWebKit/605.1.15 (KHTML, like Gecko) Version/17.4 Safari/605.1.15 (Applebot/0.1; +http://www.apple.com/go/applebot)"
17.22.245.182 - - [02/Jun/2026:23:40:18 -0400] "GET /wp-content/themes/escapetour/js/flexslider/flexslider.css HTTP/1.1" 200 2042 "http://www.escapetravelservices.com/tour/thrilling-malaysia-04-nights-05-days/" "Mozilla/5.0 (Macintosh; Intel Mac OS X 10_15_7) AppleWebKit/605.1.15 (KHTML, like Gecko) Version/17.4 Safari/605.1.15 (Applebot/0.1; +http://www.apple.com/go/applebot)"
17.22.245.182 - - [02/Jun/2026:23:40:20 -0400] "GET /wp-content/themes/escapetour/css/odometer-theme-minimal.css HTTP/1.1" 200 629 "http://www.escapetravelservices.com/tour/thrilling-malaysia-04-nights-05-days/" "Mozilla/5.0 (Macintosh; Intel Mac OS X 10_15_7) AppleWebKit/605.1.15 (KHTML, like Gecko) Version/17.4 Safari/605.1.15 (Applebot/0.1; +http://www.apple.com/go/applebot)"
17.246.19.168 - - [02/Jun/2026:23:40:22 -0400] "GET /wp-content/themes/escapetour/js/flexslider/flexslider.css HTTP/1.1" 200 2042 "http://www.escapetravelservices.com/tour/luxurious-maldives-dusit-thani-maldives-04-nights-05-days/" "Mozilla/5.0 (Macintosh; Intel Mac OS X 10_15_7) AppleWebKit/605.1.15 (KHTML, like Gecko) Version/17.4 Safari/605.1.15 (Applebot/0.1; +http://www.apple.com/go/applebot)"
17.246.19.168 - - [02/Jun/2026:23:40:23 -0400] "GET /wp-includes/js/mediaelement/mediaelementplayer-legacy.min.css HTTP/1.1" 200 2967 "http://www.escapetravelservices.com/tour/luxurious-maldives-dusit-thani-maldives-04-nights-05-days/" "Mozilla/5.0 (Macintosh; Intel Mac OS X 10_15_7) AppleWebKit/605.1.15 (KHTML, like Gecko) Version/17.4 Safari/605.1.15 (Applebot/0.1; +http://www.apple.com/go/applebot)"
17.246.19.168 - - [02/Jun/2026:23:40:25 -0400] "GET /wp-content/themes/escapetour/css/tooltipster.css HTTP/1.1" 200 1874 "http://www.escapetravelservices.com/tour/luxurious-maldives-dusit-thani-maldives-04-nights-05-days/" "Mozilla/5.0 (Macintosh; Intel Mac OS X 10_15_7) AppleWebKit/605.1.15 (KHTML, like Gecko) Version/17.4 Safari/605.1.15 (Applebot/0.1; +http://www.apple.com/go/applebot)"
17.22.245.182 - - [02/Jun/2026:23:40:29 -0400] "GET /wp-content/plugins/revslider/public/assets/js/rs6.min.js HTTP/1.1" 200 100200 "http://www.escapetravelservices.com/tour/thrilling-malaysia-04-nights-05-days/" "Mozilla/5.0 (Macintosh; Intel Mac OS X 10_15_7) AppleWebKit/605.1.15 (KHTML, like Gecko) Version/17.4 Safari/605.1.15 (Applebot/0.1; +http://www.apple.com/go/applebot)"
17.22.245.182 - - [02/Jun/2026:23:40:32 -0400] "GET /wp-includes/js/jquery/ui/datepicker.min.js HTTP/1.1" 200 12350 "http://www.escapetravelservices.com/tour/thrilling-malaysia-04-nights-05-days/" "Mozilla/5.0 (Macintosh; Intel Mac OS X 10_15_7) AppleWebKit/605.1.15 (KHTML, like Gecko) Version/17.4 Safari/605.1.15 (Applebot/0.1; +http://www.apple.com/go/applebot)"
17.246.19.168 - - [02/Jun/2026:23:40:33 -0400] "GET /wp-content/themes/escapetour/modules/kirki/assets/css/kirki-styles.css HTTP/1.1" 200 0 "http://www.escapetravelservices.com/tour/luxurious-maldives-dusit-thani-maldives-04-nights-05-days/" "Mozilla/5.0 (Macintosh; Intel Mac OS X 10_15_7) AppleWebKit/605.1.15 (KHTML, like Gecko) Version/17.4 Safari/605.1.15 (Applebot/0.1; +http://www.apple.com/go/applebot)"
17.22.245.182 - - [02/Jun/2026:23:40:34 -0400] "GET /wp-content/plugins/booked/assets/js/tooltipster/js/jquery.tooltipster.min.js HTTP/1.1" 200 5485 "http://www.escapetravelservices.com/tour/thrilling-malaysia-04-nights-05-days/" "Mozilla/5.0 (Macintosh; Intel Mac OS X 10_15_7) AppleWebKit/605.1.15 (KHTML, like Gecko) Version/17.4 Safari/605.1.15 (Applebot/0.1; +http://www.apple.com/go/applebot)"
17.22.245.182 - - [02/Jun/2026:23:40:25 -0400] "GET /wp-content/themes/escapetour/css/grid.css HTTP/1.1" 200 9765 "http://www.escapetravelservices.com/tour/thrilling-malaysia-04-nights-05-days/" "Mozilla/5.0 (Macintosh; Intel Mac OS X 10_15_7) AppleWebKit/605.1.15 (KHTML, like Gecko) Version/17.4 Safari/605.1.15 (Applebot/0.1; +http://www.apple.com/go/applebot)"
17.22.245.182 - - [02/Jun/2026:23:40:27 -0400] "GET /wp-includes/js/jquery/jquery-migrate.min.js HTTP/1.1" 200 4461 "http://www.escapetravelservices.com/tour/thrilling-malaysia-04-nights-05-days/" "Mozilla/5.0 (Macintosh; Intel Mac OS X 10_15_7) AppleWebKit/605.1.15 (KHTML, like Gecko) Version/17.4 Safari/605.1.15 (Applebot/0.1; +http://www.apple.com/go/applebot)"
17.246.19.168 - - [02/Jun/2026:23:40:27 -0400] "GET /wp-content/themes/escapetour/css/odometer-theme-minimal.css HTTP/1.1" 200 629 "http://www.escapetravelservices.com/tour/luxurious-maldives-dusit-thani-maldives-04-nights-05-days/" "Mozilla/5.0 (Macintosh; Intel Mac OS X 10_15_7) AppleWebKit/605.1.15 (KHTML, like Gecko) Version/17.4 Safari/605.1.15 (Applebot/0.1; +http://www.apple.com/go/applebot)"
17.246.19.168 - - [02/Jun/2026:23:40:29 -0400] "GET /wp-content/themes/escapetour/css/menus/leftalignmenu.css HTTP/1.1" 200 862 "http://www.escapetravelservices.com/tour/luxurious-maldives-dusit-thani-maldives-04-nights-05-days/" "Mozilla/5.0 (Macintosh; Intel Mac OS X 10_15_7) AppleWebKit/605.1.15 (KHTML, like Gecko) Version/17.4 Safari/605.1.15 (Applebot/0.1; +http://www.apple.com/go/applebot)"
17.22.245.182 - - [02/Jun/2026:23:40:31 -0400] "GET /wp-content/plugins/sliding-enquiry-form/js/validation.js HTTP/1.1" 200 764 "http://www.escapetravelservices.com/tour/thrilling-malaysia-04-nights-05-days/" "Mozilla/5.0 (Macintosh; Intel Mac OS X 10_15_7) AppleWebKit/605.1.15 (KHTML, like Gecko) Version/17.4 Safari/605.1.15 (Applebot/0.1; +http://www.apple.com/go/applebot)"
17.246.19.168 - - [02/Jun/2026:23:40:31 -0400] "GET /wp-content/themes/escapetour/css/themify-icons.css HTTP/1.1" 200 3159 "http://www.escapetravelservices.com/tour/luxurious-maldives-dusit-thani-maldives-04-nights-05-days/" "Mozilla/5.0 (Macintosh; Intel Mac OS X 10_15_7) AppleWebKit/605.1.15 (KHTML, like Gecko) Version/17.4 Safari/605.1.15 (Applebot/0.1; +http://www.apple.com/go/applebot)"
17.22.245.182 - - [02/Jun/2026:23:40:38 -0400] "GET /wp-content/themes/escapetour/js/waypoints.min.js HTTP/1.1" 200 2830 "http://www.escapetravelservices.com/tour/thrilling-malaysia-04-nights-05-days/" "Mozilla/5.0 (Macintosh; Intel Mac OS X 10_15_7) AppleWebKit/605.1.15 (KHTML, like Gecko) Version/17.4 Safari/605.1.15 (Applebot/0.1; +http://www.apple.com/go/applebot)"
17.246.19.168 - - [02/Jun/2026:23:40:38 -0400] "GET /wp-content/themes/escapetour/js/jarallax.js HTTP/1.1" 200 10878 "http://www.escapetravelservices.com/tour/luxurious-maldives-dusit-thani-maldives-04-nights-05-days/" "Mozilla/5.0 (Macintosh; Intel Mac OS X 10_15_7) AppleWebKit/605.1.15 (KHTML, like Gecko) Version/17.4 Safari/605.1.15 (Applebot/0.1; +http://www.apple.com/go/applebot)"
17.22.245.182 - - [02/Jun/2026:23:40:39 -0400] "GET /wp-content/themes/escapetour/js/jquery.isotope.js HTTP/1.1" 200 5637 "http://www.escapetravelservices.com/tour/thrilling-malaysia-04-nights-05-days/" "Mozilla/5.0 (Macintosh; Intel Mac OS X 10_15_7) AppleWebKit/605.1.15 (KHTML, like Gecko) Version/17.4 Safari/605.1.15 (Applebot/0.1; +http://www.apple.com/go/applebot)"
17.246.19.168 - - [02/Jun/2026:23:40:40 -0400] "GET /wp-content/themes/escapetour/css/light-skin/skin.css HTTP/1.1" 200 1532 "http://www.escapetravelservices.com/tour/luxurious-maldives-dusit-thani-maldives-04-nights-05-days/" "Mozilla/5.0 (Macintosh; Intel Mac OS X 10_15_7) AppleWebKit/605.1.15 (KHTML, like Gecko) Version/17.4 Safari/605.1.15 (Applebot/0.1; +http://www.apple.com/go/applebot)"
17.246.19.168 - - [02/Jun/2026:23:40:35 -0400] "GET /wp-content/plugins/booked/assets/js/spin.min.js HTTP/1.1" 200 2133 "http://www.escapetravelservices.com/tour/luxurious-maldives-dusit-thani-maldives-04-nights-05-days/" "Mozilla/5.0 (Macintosh; Intel Mac OS X 10_15_7) AppleWebKit/605.1.15 (KHTML, like Gecko) Version/17.4 Safari/605.1.15 (Applebot/0.1; +http://www.apple.com/go/applebot)"
17.22.245.182 - - [02/Jun/2026:23:40:36 -0400] "GET /wp-content/themes/escapetour/js/jquery.requestAnimationFrame.js HTTP/1.1" 200 686 "http://www.escapetravelservices.com/tour/thrilling-malaysia-04-nights-05-days/" "Mozilla/5.0 (Macintosh; Intel Mac OS X 10_15_7) AppleWebKit/605.1.15 (KHTML, like Gecko) Version/17.4 Safari/605.1.15 (Applebot/0.1; +http://www.apple.com/go/applebot)"
17.246.19.168 - - [02/Jun/2026:23:40:36 -0400] "GET /wp-content/themes/escapetour/js/jquery.requestAnimationFrame.js HTTP/1.1" 200 686 "http://www.escapetravelservices.com/tour/luxurious-maldives-dusit-thani-maldives-04-nights-05-days/" "Mozilla/5.0 (Macintosh; Intel Mac OS X 10_15_7) AppleWebKit/605.1.15 (KHTML, like Gecko) Version/17.4 Safari/605.1.15 (Applebot/0.1; +http://www.apple.com/go/applebot)"
17.22.245.182 - - [02/Jun/2026:23:40:41 -0400] "GET /wp-content/themes/escapetour/js/jarallax.js HTTP/1.1" 200 10878 "http://www.escapetravelservices.com/tour/thrilling-malaysia-04-nights-05-days/" "Mozilla/5.0 (Macintosh; Intel Mac OS X 10_15_7) AppleWebKit/605.1.15 (KHTML, like Gecko) Version/17.4 Safari/605.1.15 (Applebot/0.1; +http://www.apple.com/go/applebot)"
17.22.245.182 - - [02/Jun/2026:23:40:45 -0400] "GET /wp-content/themes/escapetour/js/custom.js HTTP/1.1" 200 5360 "http://www.escapetravelservices.com/tour/thrilling-malaysia-04-nights-05-days/" "Mozilla/5.0 (Macintosh; Intel Mac OS X 10_15_7) AppleWebKit/605.1.15 (KHTML, like Gecko) Version/17.4 Safari/605.1.15 (Applebot/0.1; +http://www.apple.com/go/applebot)"
17.22.245.182 - - [02/Jun/2026:23:40:47 -0400] "GET /wp-content/themes/escapetour/css/parade-skin/skin.css HTTP/1.1" 200 636 "http://www.escapetravelservices.com/tour/thrilling-malaysia-04-nights-05-days/" "Mozilla/5.0 (Macintosh; Intel Mac OS X 10_15_7) AppleWebKit/605.1.15 (KHTML, like Gecko) Version/17.4 Safari/605.1.15 (Applebot/0.1; +http://www.apple.com/go/applebot)"
17.246.15.91 - - [02/Jun/2026:23:44:07 -0400] "GET /wp-admin/admin-ajax.php?action=grandtour_custom_css HTTP/1.1" 200 1626 "http://www.escapetravelservices.com/about-us/" "Mozilla/5.0 (Macintosh; Intel Mac OS X 10_15_7) AppleWebKit/605.1.15 (KHTML, like Gecko) Version/17.4 Safari/605.1.15 (Applebot/0.1; +http://www.apple.com/go/applebot)"
17.246.15.91 - - [02/Jun/2026:23:44:10 -0400] "GET /wp-content/plugins/sliding-enquiry-form/css/font-awesome.min.css HTTP/1.1" 200 7749 "http://www.escapetravelservices.com/about-us/" "Mozilla/5.0 (Macintosh; Intel Mac OS X 10_15_7) AppleWebKit/605.1.15 (KHTML, like Gecko) Version/17.4 Safari/605.1.15 (Applebot/0.1; +http://www.apple.com/go/applebot)"
17.246.15.91 - - [02/Jun/2026:23:44:12 -0400] "GET /wp-includes/js/jquery/jquery-migrate.min.js HTTP/1.1" 200 4461 "http://www.escapetravelservices.com/about-us/" "Mozilla/5.0 (Macintosh; Intel Mac OS X 10_15_7) AppleWebKit/605.1.15 (KHTML, like Gecko) Version/17.4 Safari/605.1.15 (Applebot/0.1; +http://www.apple.com/go/applebot)"
17.246.15.91 - - [02/Jun/2026:23:44:16 -0400] "GET /wp-content/plugins/whatsapp-for-wordpress/assets/js/main.js HTTP/1.1" 200 1644 "http://www.escapetravelservices.com/about-us/" "Mozilla/5.0 (Macintosh; Intel Mac OS X 10_15_7) AppleWebKit/605.1.15 (KHTML, like Gecko) Version/17.4 Safari/605.1.15 (Applebot/0.1; +http://www.apple.com/go/applebot)"
17.246.15.91 - - [02/Jun/2026:23:44:18 -0400] "GET /wp-content/plugins/sliding-enquiry-form/js/modernizr.custom.js HTTP/1.1" 200 3857 "http://www.escapetravelservices.com/about-us/" "Mozilla/5.0 (Macintosh; Intel Mac OS X 10_15_7) AppleWebKit/605.1.15 (KHTML, like Gecko) Version/17.4 Safari/605.1.15 (Applebot/0.1; +http://www.apple.com/go/applebot)"
17.246.15.91 - - [02/Jun/2026:23:44:20 -0400] "GET /wp-content/plugins/booked/assets/js/spin.jquery.js HTTP/1.1" 200 815 "http://www.escapetravelservices.com/about-us/" "Mozilla/5.0 (Macintosh; Intel Mac OS X 10_15_7) AppleWebKit/605.1.15 (KHTML, like Gecko) Version/17.4 Safari/605.1.15 (Applebot/0.1; +http://www.apple.com/go/applebot)"
17.246.15.91 - - [02/Jun/2026:23:44:25 -0400] "GET /wp-content/themes/escapetour/js/custom_onepage.js HTTP/1.1" 200 684 "http://www.escapetravelservices.com/about-us/" "Mozilla/5.0 (Macintosh; Intel Mac OS X 10_15_7) AppleWebKit/605.1.15 (KHTML, like Gecko) Version/17.4 Safari/605.1.15 (Applebot/0.1; +http://www.apple.com/go/applebot)"
17.246.15.101 - - [02/Jun/2026:23:44:31 -0400] "GET /tour/delightful-seychelles-06-nights-07-days HTTP/1.1" 301 0 "-" "Mozilla/5.0 (Macintosh; Intel Mac OS X 10_15_7) AppleWebKit/605.1.15 (KHTML, like Gecko) Version/17.4 Safari/605.1.15 (Applebot/0.1; +http://www.apple.com/go/applebot)"
17.22.245.182 - - [02/Jun/2026:23:40:43 -0400] "GET /wp-content/themes/escapetour/js/jquery.cookie.js HTTP/1.1" 200 1452 "http://www.escapetravelservices.com/tour/thrilling-malaysia-04-nights-05-days/" "Mozilla/5.0 (Macintosh; Intel Mac OS X 10_15_7) AppleWebKit/605.1.15 (KHTML, like Gecko) Version/17.4 Safari/605.1.15 (Applebot/0.1; +http://www.apple.com/go/applebot)"
17.22.245.182 - - [02/Jun/2026:23:40:48 -0400] "GET /wp-content/themes/escapetour/css/metro-white-skin/skin.css HTTP/1.1" 200 1523 "http://www.escapetravelservices.com/tour/thrilling-malaysia-04-nights-05-days/" "Mozilla/5.0 (Macintosh; Intel Mac OS X 10_15_7) AppleWebKit/605.1.15 (KHTML, like Gecko) Version/17.4 Safari/605.1.15 (Applebot/0.1; +http://www.apple.com/go/applebot)"
162.213.253.84 - - [02/Jun/2026:23:44:07 -0400] "POST /wp-cron.php?doing_wp_cron=1780458247.9875259399414062500000 HTTP/1.1" 200 0 "http://www.escapetravelservices.com/wp-cron.php?doing_wp_cron=1780458247.9875259399414062500000" "WordPress/6.0; http://www.escapetravelservices.com"
17.246.15.91 - - [02/Jun/2026:23:44:09 -0400] "GET /wp-content/plugins/sliding-enquiry-form/css/sliding-enquiry.css HTTP/1.1" 200 2015 "http://www.escapetravelservices.com/about-us/" "Mozilla/5.0 (Macintosh; Intel Mac OS X 10_15_7) AppleWebKit/605.1.15 (KHTML, like Gecko) Version/17.4 Safari/605.1.15 (Applebot/0.1; +http://www.apple.com/go/applebot)"
17.246.15.91 - - [02/Jun/2026:23:44:14 -0400] "GET /wp-content/plugins/revslider/public/assets/js/rs6.min.js HTTP/1.1" 200 100200 "http://www.escapetravelservices.com/about-us/" "Mozilla/5.0 (Macintosh; Intel Mac OS X 10_15_7) AppleWebKit/605.1.15 (KHTML, like Gecko) Version/17.4 Safari/605.1.15 (Applebot/0.1; +http://www.apple.com/go/applebot)"
17.246.15.91 - - [02/Jun/2026:23:44:21 -0400] "GET /wp-content/themes/escapetour/js/waypoints.min.js HTTP/1.1" 200 2830 "http://www.escapetravelservices.com/about-us/" "Mozilla/5.0 (Macintosh; Intel Mac OS X 10_15_7) AppleWebKit/605.1.15 (KHTML, like Gecko) Version/17.4 Safari/605.1.15 (Applebot/0.1; +http://www.apple.com/go/applebot)"
17.246.15.91 - - [02/Jun/2026:23:44:23 -0400] "GET /wp-content/themes/escapetour/js/jquery.sticky-kit.min.js HTTP/1.1" 200 1340 "http://www.escapetravelservices.com/about-us/" "Mozilla/5.0 (Macintosh; Intel Mac OS X 10_15_7) AppleWebKit/605.1.15 (KHTML, like Gecko) Version/17.4 Safari/605.1.15 (Applebot/0.1; +http://www.apple.com/go/applebot)"
17.246.15.91 - - [02/Jun/2026:23:44:27 -0400] "GET /wp-content/themes/escapetour/css/metro-black-skin/skin.css HTTP/1.1" 200 1364 "http://www.escapetravelservices.com/about-us/" "Mozilla/5.0 (Macintosh; Intel Mac OS X 10_15_7) AppleWebKit/605.1.15 (KHTML, like Gecko) Version/17.4 Safari/605.1.15 (Applebot/0.1; +http://www.apple.com/go/applebot)"
17.246.15.86 - - [02/Jun/2026:23:44:29 -0400] "GET / HTTP/1.1" 200 33162 "-" "Mozilla/5.0 (Macintosh; Intel Mac OS X 10_15_7) AppleWebKit/605.1.15 (KHTML, like Gecko) Version/17.4 Safari/605.1.15 (Applebot/0.1; +http://www.apple.com/go/applebot)"
17.246.15.101 - - [02/Jun/2026:23:44:33 -0400] "GET /tour/jubiliant-bali-package-04-nights-05-days/ HTTP/1.1" 200 25122 "-" "Mozilla/5.0 (Macintosh; Intel Mac OS X 10_15_7) AppleWebKit/605.1.15 (KHTML, like Gecko) Version/17.4 Safari/605.1.15 (Applebot/0.1; +http://www.apple.com/go/applebot)"
162.213.253.84 - - [02/Jun/2026:23:55:11 -0400] "POST /wp-cron.php?doing_wp_cron=1780458911.8868429660797119140625 HTTP/1.1" 200 0 "http://www.escapetravelservices.com/wp-cron.php?doing_wp_cron=1780458911.8868429660797119140625" "WordPress/6.0; http://www.escapetravelservices.com"
152.136.23.159 - - [02/Jun/2026:23:55:11 -0400] "GET / HTTP/1.1" 301 0 "-" "Mozilla/5.0 (iPhone; CPU iPhone OS 13_2_3 like Mac OS X) AppleWebKit/605.1.15 (KHTML, like Gecko) Version/13.0.3 Mobile/15E148 Safari/604.1"
152.136.23.159 - - [02/Jun/2026:23:55:13 -0400] "GET / HTTP/1.1" 200 33162 "http://escapetravelservices.com" "Mozilla/5.0 (iPhone; CPU iPhone OS 13_2_3 like Mac OS X) AppleWebKit/605.1.15 (KHTML, like Gecko) Version/13.0.3 Mobile/15E148 Safari/604.1"
17.246.15.56 - - [02/Jun/2026:23:56:51 -0400] "GET /wp-content/plugins/sliding-enquiry-form/js/validation.js HTTP/1.1" 200 764 "http://www.escapetravelservices.com/tour/luxury-mauritius-06-nights-07-days/" "Mozilla/5.0 (Macintosh; Intel Mac OS X 10_15_7) AppleWebKit/605.1.15 (KHTML, like Gecko) Version/17.4 Safari/605.1.15 (Applebot/0.1; +http://www.apple.com/go/applebot)"
17.246.15.56 - - [02/Jun/2026:23:56:54 -0400] "GET /wp-content/plugins/contact-form-7/includes/js/scripts.js HTTP/1.1" 200 4567 "http://www.escapetravelservices.com/tour/luxury-mauritius-06-nights-07-days/" "Mozilla/5.0 (Macintosh; Intel Mac OS X 10_15_7) AppleWebKit/605.1.15 (KHTML, like Gecko) Version/17.4 Safari/605.1.15 (Applebot/0.1; +http://www.apple.com/go/applebot)"
17.246.15.56 - - [02/Jun/2026:23:56:58 -0400] "GET /wp-content/themes/escapetour/js/jquery.isotope.js HTTP/1.1" 200 5637 "http://www.escapetravelservices.com/tour/luxury-mauritius-06-nights-07-days/" "Mozilla/5.0 (Macintosh; Intel Mac OS X 10_15_7) AppleWebKit/605.1.15 (KHTML, like Gecko) Version/17.4 Safari/605.1.15 (Applebot/0.1; +http://www.apple.com/go/applebot)"
17.246.15.56 - - [02/Jun/2026:23:57:04 -0400] "GET /wp-content/themes/escapetour/css/parade-skin/skin.css HTTP/1.1" 200 636 "http://www.escapetravelservices.com/tour/luxury-mauritius-06-nights-07-days/" "Mozilla/5.0 (Macintosh; Intel Mac OS X 10_15_7) AppleWebKit/605.1.15 (KHTML, like Gecko) Version/17.4 Safari/605.1.15 (Applebot/0.1; +http://www.apple.com/go/applebot)"
17.246.15.56 - - [02/Jun/2026:23:57:06 -0400] "GET /wp-json/contact-form-7/v1/contact-forms/165/refill HTTP/1.1" 200 2 "http://www.escapetravelservices.com/tour/luxury-mauritius-06-nights-07-days/" "Mozilla/5.0 (Macintosh; Intel Mac OS X 10_15_7) AppleWebKit/605.1.15 (KHTML, like Gecko) Version/17.4 Safari/605.1.15 (Applebot/0.1; +http://www.apple.com/go/applebot)"
17.246.19.116 - - [02/Jun/2026:23:48:14 -0400] "GET /wp-content/themes/escapetour/js/jquery.cookie.js HTTP/1.1" 200 1452 "http://www.escapetravelservices.com/" "Mozilla/5.0 (Macintosh; Intel Mac OS X 10_15_7) AppleWebKit/605.1.15 (KHTML, like Gecko) Version/17.4 Safari/605.1.15 (Applebot/0.1; +http://www.apple.com/go/applebot)"
17.246.15.56 - - [02/Jun/2026:23:56:54 -0400] "GET /wp-content/plugins/booked/assets/js/tooltipster/js/jquery.tooltipster.min.js HTTP/1.1" 200 5485 "http://www.escapetravelservices.com/tour/luxury-mauritius-06-nights-07-days/" "Mozilla/5.0 (Macintosh; Intel Mac OS X 10_15_7) AppleWebKit/605.1.15 (KHTML, like Gecko) Version/17.4 Safari/605.1.15 (Applebot/0.1; +http://www.apple.com/go/applebot)"
17.246.15.56 - - [02/Jun/2026:23:56:57 -0400] "GET /wp-content/plugins/booked/includes/add-ons/frontend-agents/js/functions.js HTTP/1.1" 200 1311 "http://www.escapetravelservices.com/tour/luxury-mauritius-06-nights-07-days/" "Mozilla/5.0 (Macintosh; Intel Mac OS X 10_15_7) AppleWebKit/605.1.15 (KHTML, like Gecko) Version/17.4 Safari/605.1.15 (Applebot/0.1; +http://www.apple.com/go/applebot)"
17.246.15.56 - - [02/Jun/2026:23:57:00 -0400] "GET /wp-content/themes/escapetour/js/jquery.tooltipster.min.js HTTP/1.1" 200 5312 "http://www.escapetravelservices.com/tour/luxury-mauritius-06-nights-07-days/" "Mozilla/5.0 (Macintosh; Intel Mac OS X 10_15_7) AppleWebKit/605.1.15 (KHTML, like Gecko) Version/17.4 Safari/605.1.15 (Applebot/0.1; +http://www.apple.com/go/applebot)"
17.246.15.56 - - [02/Jun/2026:23:57:02 -0400] "GET /wp-content/themes/escapetour/css/dark-skin/skin.css HTTP/1.1" 200 1525 "http://www.escapetravelservices.com/tour/luxury-mauritius-06-nights-07-days/" "Mozilla/5.0 (Macintosh; Intel Mac OS X 10_15_7) AppleWebKit/605.1.15 (KHTML, like Gecko) Version/17.4 Safari/605.1.15 (Applebot/0.1; +http://www.apple.com/go/applebot)"
17.241.227.168 - - [03/Jun/2026:00:12:21 -0400] "GET /contact-us HTTP/1.1" 301 0 "-" "Mozilla/5.0 (Macintosh; Intel Mac OS X 10_15_7) AppleWebKit/605.1.15 (KHTML, like Gecko) Version/17.4 Safari/605.1.15 (Applebot/0.1; +http://www.apple.com/go/applebot)"
17.241.227.168 - - [03/Jun/2026:00:12:23 -0400] "GET /contact-us/ HTTP/1.1" 200 29692 "-" "Mozilla/5.0 (Macintosh; Intel Mac OS X 10_15_7) AppleWebKit/605.1.15 (KHTML, like Gecko) Version/17.4 Safari/605.1.15 (Applebot/0.1; +http://www.apple.com/go/applebot)"
17.241.75.215 - - [03/Jun/2026:00:12:24 -0400] "GET /tour/pleasurable-singapore-05-nights-06-days/ HTTP/1.1" 200 25271 "-" "Mozilla/5.0 (Macintosh; Intel Mac OS X 10_15_7) AppleWebKit/605.1.15 (KHTML, like Gecko) Version/17.4 Safari/605.1.15 (Applebot/0.1; +http://www.apple.com/go/applebot)"
17.241.75.209 - - [03/Jun/2026:00:20:31 -0400] "GET /wp-json/contact-form-7/v1/contact-forms/3075/refill HTTP/1.1" 200 2 "http://www.escapetravelservices.com/contact-us/" "Mozilla/5.0 (Macintosh; Intel Mac OS X 10_15_7) AppleWebKit/605.1.15 (KHTML, like Gecko) Version/17.4 Safari/605.1.15 (Applebot/0.1; +http://www.apple.com/go/applebot)"
17.241.227.168 - - [03/Jun/2026:00:12:20 -0400] "GET /robots.txt HTTP/1.1" 200 7696 "-" "Mozilla/5.0 (Macintosh; Intel Mac OS X 10_15_7) AppleWebKit/605.1.15 (KHTML, like Gecko) Version/17.4 Safari/605.1.15 (Applebot/0.1; +http://www.apple.com/go/applebot)"
17.241.75.215 - - [03/Jun/2026:00:12:24 -0400] "GET /tour/pleasurable-singapore-05-nights-06-days HTTP/1.1" 301 0 "-" "Mozilla/5.0 (Macintosh; Intel Mac OS X 10_15_7) AppleWebKit/605.1.15 (KHTML, like Gecko) Version/17.4 Safari/605.1.15 (Applebot/0.1; +http://www.apple.com/go/applebot)"
124.221.112.21 - - [03/Jun/2026:00:19:52 -0400] "GET /wp-json/wp/v2/posts HTTP/1.1" 200 72831 "-" "Mozilla/5.0 (Windows NT 10.0; Win64; x64) AppleWebKit/537.36 (KHTML, like Gecko) Chrome/120.0.0.0 Safari/537.36"
106.55.200.45 - - [03/Jun/2026:00:27:11 -0400] "GET /static/img/logo192.png HTTP/1.1" 301 0 "-" "Mozilla/5.0"
178.217.98.153 - - [03/Jun/2026:00:36:08 -0400] "GET / HTTP/1.0" 200 160912 "http://www.escapetravelservices.com/" "Mozilla/5.0 (Windows NT 10.0; Win64; x64) AppleWebKit/537.36 (KHTML, like Gecko) Chrome/129.0.0.0 Safari/537.36"
178.217.98.153 - - [03/Jun/2026:00:36:09 -0400] "GET /wp-content/plugins/sliding-enquiry-form/captha/CaptchaSecurityImages.php?width=100&height=40&characters=5&code=rcdx4m HTTP/1.0" 200 242 "http://www.escapetravelservices.com/" "Mozilla/5.0 (Windows NT 10.0; Win64; x64) AppleWebKit/537.36 (KHTML, like Gecko) Chrome/129.0.0.0 Safari/537.36"
162.213.253.84 - - [03/Jun/2026:00:36:10 -0400] "POST /wp-cron.php?doing_wp_cron=1780461370.2836101055145263671875 HTTP/1.1" 200 0 "http://www.escapetravelservices.com/wp-cron.php?doing_wp_cron=1780461370.2836101055145263671875" "WordPress/6.0; http://www.escapetravelservices.com"
178.217.98.153 - - [03/Jun/2026:00:36:09 -0400] "POST / HTTP/1.0" 404 131885 "http://www.escapetravelservices.com/" "Mozilla/5.0 (Windows NT 10.0; Win64; x64) AppleWebKit/537.36 (KHTML, like Gecko) Chrome/129.0.0.0 Safari/537.36"
162.213.253.84 - - [03/Jun/2026:00:27:12 -0400] "POST /wp-cron.php?doing_wp_cron=1780460832.2483971118927001953125 HTTP/1.1" 200 0 "http://www.escapetravelservices.com/wp-cron.php?doing_wp_cron=1780460832.2483971118927001953125" "WordPress/6.0; http://www.escapetravelservices.com"
106.55.200.45 - - [03/Jun/2026:00:27:14 -0400] "GET /static/img/logo192.png HTTP/1.1" 404 27467 "http://escapetravelservices.com/static/img/logo192.png" "Mozilla/5.0"
162.213.253.84 - - [03/Jun/2026:00:52:31 -0400] "POST /wp-cron.php?doing_wp_cron=1780462351.4567530155181884765625 HTTP/1.1" 200 0 "http://www.escapetravelservices.com/wp-cron.php?doing_wp_cron=1780462351.4567530155181884765625" "WordPress/6.0; http://www.escapetravelservices.com"
178.217.98.153 - - [03/Jun/2026:00:52:31 -0400] "POST / HTTP/1.0" 404 131885 "http://www.escapetravelservices.com/" "Mozilla/5.0 (Windows NT 10.0; Win64; x64) AppleWebKit/537.36 (KHTML, like Gecko) Chrome/131.0.0.0 Safari/537.36"
170.106.165.76 - - [03/Jun/2026:00:53:01 -0400] "GET / HTTP/1.1" 301 0 "-" "Mozilla/5.0 (iPhone; CPU iPhone OS 13_2_3 like Mac OS X) AppleWebKit/605.1.15 (KHTML, like Gecko) Version/13.0.3 Mobile/15E148 Safari/604.1"
178.217.98.153 - - [03/Jun/2026:00:52:28 -0400] "GET / HTTP/1.0" 200 160912 "http://www.escapetravelservices.com/" "Mozilla/5.0 (Windows NT 10.0; Win64; x64) AppleWebKit/537.36 (KHTML, like Gecko) Chrome/131.0.0.0 Safari/537.36"
178.217.98.153 - - [03/Jun/2026:00:52:30 -0400] "GET /wp-content/plugins/sliding-enquiry-form/captha/CaptchaSecurityImages.php?width=100&height=40&characters=5&code=rcdx4m HTTP/1.0" 200 242 "http://www.escapetravelservices.com/" "Mozilla/5.0 (Windows NT 10.0; Win64; x64) AppleWebKit/537.36 (KHTML, like Gecko) Chrome/131.0.0.0 Safari/537.36"
170.106.165.76 - - [03/Jun/2026:00:53:03 -0400] "GET / HTTP/1.1" 200 33162 "http://escapetravelservices.com" "Mozilla/5.0 (iPhone; CPU iPhone OS 13_2_3 like Mac OS X) AppleWebKit/605.1.15 (KHTML, like Gecko) Version/13.0.3 Mobile/15E148 Safari/604.1"
49.147.1.69 - - [03/Jun/2026:00:58:14 -0400] "GET /wp-json/wp/v2/posts HTTP/1.1" 200 72831 "-" "Mozilla/5.0 (Windows NT 10.0; Win64; x64) AppleWebKit/537.36 (KHTML, like Gecko) Chrome/120.0.0.0 Safari/537.36"
105.214.76.139 - - [03/Jun/2026:01:11:12 -0400] "GET /wp-json/wp/v2/posts HTTP/1.1" 200 72831 "-" "Mozilla/5.0 (Windows NT 10.0; Win64; x64) AppleWebKit/537.36 (KHTML, like Gecko) Chrome/120.0.0.0 Safari/537.36"
54.38.147.105 - - [03/Jun/2026:01:23:33 -0400] "GET /robots.txt HTTP/1.1" 200 6884 "-" "Mozilla/5.0 (compatible; AhrefsBot/7.0; +http://ahrefs.com/robot/)"
198.244.240.114 - - [03/Jun/2026:01:23:34 -0400] "GET /tour/luxe-dubai-04-nights-05-days/ HTTP/1.1" 200 22647 "-" "Mozilla/5.0 (compatible; AhrefsBot/7.0; +http://ahrefs.com/robot/)"
51.89.129.152 - - [03/Jun/2026:01:27:55 -0400] "GET /wp-content/plugins/sliding-enquiry-form/captha/CaptchaSecurityImages.php?width=100&height=40&characters=5&code=tk2gdz HTTP/1.1" 200 175 "-" "Mozilla/5.0 (compatible; AhrefsBot/7.0; +http://ahrefs.com/robot/)"
178.217.98.153 - - [03/Jun/2026:01:29:52 -0400] "GET / HTTP/1.0" 200 160912 "http://www.escapetravelservices.com/" "Mozilla/5.0 (Windows NT 10.0; Win64; x64) AppleWebKit/537.36 (KHTML, like Gecko) Chrome/130.0.0.0 Safari/537.36"
