141.98.11.224 - - [02/Jun/2026:19:42:03 -0400] "GET /wp-content/plugins/sliding-enquiry-form/captha/CaptchaSecurityImages.php?width=100&height=40&characters=5&code=rcdx4m HTTP/1.0" 200 242 "http://www.escapetravelservices.com/" "Mozilla/5.0 (Windows NT 10.0; Win64; x64) AppleWebKit/537.36 (KHTML, like Gecko) Chrome/131.0.0.0 Safari/537.36"
14.184.87.102 - - [02/Jun/2026:19:44:27 -0400] "GET http://www.escapetravelservices.com/tours/page/3/ HTTP/1.1" 200 31090 "-" "Mozilla/5.0 (Macintosh; Intel Mac OS X 10_15_7) AppleWebKit/537.36 (KHTML, like Gecko) Chrome/96.0.4664.55 Safari/537.36"
178.217.98.153 - - [02/Jun/2026:19:47:43 -0400] "GET / HTTP/1.0" 200 160912 "http://www.escapetravelservices.com/" "Mozilla/5.0 (Windows NT 10.0; Win64; x64) AppleWebKit/537.36 (KHTML, like Gecko) Chrome/130.0.0.0 Safari/537.36"
170.246.191.75 - - [02/Jun/2026:19:53:05 -0400] "GET http://www.escapetravelservices.com/destination/singapore/ HTTP/1.1" 200 24491 "-" "Mozilla/5.0 (Macintosh; Intel Mac OS X 10_11_0) AppleWebKit/537.36 (KHTML, like Gecko) Chrome/67.0.3396.3 Safari/537.36"
178.217.98.153 - - [02/Jun/2026:20:13:19 -0400] "GET /wp-content/plugins/sliding-enquiry-form/captha/CaptchaSecurityImages.php?width=100&height=40&characters=5&code=rcdx4m HTTP/1.0" 200 242 "http://www.escapetravelservices.com/" "Mozilla/5.0 (Windows NT 10.0; Win64; x64) AppleWebKit/537.36 (KHTML, like Gecko) Chrome/130.0.0.0 Safari/537.36"
162.213.253.84 - - [02/Jun/2026:20:13:20 -0400] "POST /wp-cron.php?doing_wp_cron=1780445600.3996789455413818359375 HTTP/1.1" 200 0 "http://www.escapetravelservices.com/wp-cron.php?doing_wp_cron=1780445600.3996789455413818359375" "WordPress/6.0; http://www.escapetravelservices.com"
185.191.171.8 - - [02/Jun/2026:20:20:29 -0400] "GET /robots.txt HTTP/1.1" 200 7696 "-" "Mozilla/5.0 (compatible; SemrushBot/7~bl; +http://www.semrush.com/bot.html)"
185.191.171.3 - - [02/Jun/2026:20:20:30 -0400] "GET /tour/romantic-dubai-package-04-nights-05-days/ HTTP/1.1" 200 25318 "-" "Mozilla/5.0 (compatible; SemrushBot/7~bl; +http://www.semrush.com/bot.html)"
178.217.98.153 - - [02/Jun/2026:20:13:17 -0400] "GET / HTTP/1.0" 200 160912 "http://www.escapetravelservices.com/" "Mozilla/5.0 (Windows NT 10.0; Win64; x64) AppleWebKit/537.36 (KHTML, like Gecko) Chrome/130.0.0.0 Safari/537.36"
178.217.98.153 - - [02/Jun/2026:20:13:19 -0400] "POST / HTTP/1.0" 404 131885 "http://www.escapetravelservices.com/" "Mozilla/5.0 (Windows NT 10.0; Win64; x64) AppleWebKit/537.36 (KHTML, like Gecko) Chrome/130.0.0.0 Safari/537.36"
162.213.253.84 - - [02/Jun/2026:20:13:43 -0400] "POST /wp-cron.php?doing_wp_cron=1780445623.1655740737915039062500 HTTP/1.1" 200 0 "http://www.escapetravelservices.com/wp-cron.php?doing_wp_cron=1780445623.1655740737915039062500" "WordPress/6.0; http://www.escapetravelservices.com"
43.157.149.188 - - [02/Jun/2026:20:13:42 -0400] "GET / HTTP/1.1" 301 0 "-" "Mozilla/5.0 (iPhone; CPU iPhone OS 13_2_3 like Mac OS X) AppleWebKit/605.1.15 (KHTML, like Gecko) Version/13.0.3 Mobile/15E148 Safari/604.1"
43.157.149.188 - - [02/Jun/2026:20:13:44 -0400] "GET / HTTP/1.1" 200 33162 "http://escapetravelservices.com" "Mozilla/5.0 (iPhone; CPU iPhone OS 13_2_3 like Mac OS X) AppleWebKit/605.1.15 (KHTML, like Gecko) Version/13.0.3 Mobile/15E148 Safari/604.1"
162.213.253.84 - - [02/Jun/2026:20:20:30 -0400] "POST /wp-cron.php?doing_wp_cron=1780446030.5794909000396728515625 HTTP/1.1" 200 0 "http://www.escapetravelservices.com/wp-cron.php?doing_wp_cron=1780446030.5794909000396728515625" "WordPress/6.0; http://www.escapetravelservices.com"
52.14.36.205 - - [02/Jun/2026:20:35:54 -0400] "GET /wp-content/uploads/2021/01/escape-logo-black2.png HTTP/1.1" 200 32505 "-" "Mozilla/5.0 (Macintosh; Intel Mac OS X 10_15_7) AppleWebKit/537.36 (KHTML, like Gecko) Chrome/131.0.0.0 Safari/537.36; ClaudeBot/1.0; [email protected])"
52.14.36.205 - - [02/Jun/2026:20:35:54 -0400] "GET /robots.txt HTTP/1.1" 200 7696 "-" "Mozilla/5.0 (Macintosh; Intel Mac OS X 10_15_7) AppleWebKit/537.36 (KHTML, like Gecko) Chrome/131.0.0.0 Safari/537.36; ClaudeBot/1.0; [email protected])"
52.14.36.205 - - [02/Jun/2026:20:35:54 -0400] "GET /robots.txt HTTP/1.1" 200 7696 "-" "Mozilla/5.0 (Macintosh; Intel Mac OS X 10_15_7) AppleWebKit/537.36 (KHTML, like Gecko) Chrome/131.0.0.0 Safari/537.36; ClaudeBot/1.0; [email protected])"
52.14.36.205 - - [02/Jun/2026:20:35:54 -0400] "GET /wp-content/uploads/2021/01/escape-logo-white1.png HTTP/1.1" 200 33369 "-" "Mozilla/5.0 (Macintosh; Intel Mac OS X 10_15_7) AppleWebKit/537.36 (KHTML, like Gecko) Chrome/131.0.0.0 Safari/537.36; ClaudeBot/1.0; [email protected])"
185.191.171.12 - - [02/Jun/2026:20:41:39 -0400] "GET /tour/luxury-mauritius-06-nights-07-days/ HTTP/1.1" 200 25446 "-" "Mozilla/5.0 (compatible; SemrushBot/7~bl; +http://www.semrush.com/bot.html)"
52.167.144.220 - - [02/Jun/2026:21:00:34 -0400] "GET /tours/ HTTP/1.1" 200 27176 "-" "Mozilla/5.0 AppleWebKit/537.36 (KHTML, like Gecko; compatible; bingbot/2.0; +http://www.bing.com/bingbot.htm) Chrome/116.0.1938.76 Safari/537.36"
114.119.144.85 - - [02/Jun/2026:21:07:18 -0400] "GET /destinations/page/2 HTTP/1.1" 200 29270 "http://www.escapetravelservices.com/destinations/page/2" "Mozilla/5.0 (Linux; Android 7.0;) AppleWebKit/537.36 (HTML, like Gecko) Mobile Safari/537.36 (compatible; PetalBot;+https://webmaster.petalsearch.com/site/petalbot)"
178.217.98.153 - - [02/Jun/2026:21:08:16 -0400] "GET /wp-content/plugins/sliding-enquiry-form/captha/CaptchaSecurityImages.php?width=100&height=40&characters=5&code=rcdx4m HTTP/1.0" 200 242 "http://www.escapetravelservices.com/" "Mozilla/5.0 (Windows NT 10.0; Win64; x64) AppleWebKit/537.36 (KHTML, like Gecko) Chrome/131.0.0.0 Safari/537.36 Avast/131.0.0.0"
178.217.98.153 - - [02/Jun/2026:21:08:17 -0400] "POST / HTTP/1.0" 404 131885 "http://www.escapetravelservices.com/" "Mozilla/5.0 (Windows NT 10.0; Win64; x64) AppleWebKit/537.36 (KHTML, like Gecko) Chrome/131.0.0.0 Safari/537.36 Avast/131.0.0.0"
162.213.253.84 - - [02/Jun/2026:21:08:41 -0400] "POST /wp-cron.php?doing_wp_cron=1780448921.8798320293426513671875 HTTP/1.1" 200 0 "http://www.escapetravelservices.com/wp-cron.php?doing_wp_cron=1780448921.8798320293426513671875" "WordPress/6.0; http://www.escapetravelservices.com"
114.119.136.44 - - [02/Jun/2026:21:08:42 -0400] "GET /destination/maldives/ HTTP/1.1" 200 24432 "http://www.escapetravelservices.com/tour/fascinating-mauritius" "Mozilla/5.0 (Linux; Android 7.0;) AppleWebKit/537.36 (HTML, like Gecko) Mobile Safari/537.36 (compatible; PetalBot;+https://webmaster.petalsearch.com/site/petalbot)"
178.217.98.153 - - [02/Jun/2026:21:08:13 -0400] "GET / HTTP/1.0" 200 160912 "http://www.escapetravelservices.com/" "Mozilla/5.0 (Windows NT 10.0; Win64; x64) AppleWebKit/537.36 (KHTML, like Gecko) Chrome/131.0.0.0 Safari/537.36 Avast/131.0.0.0"
162.213.253.84 - - [02/Jun/2026:21:08:17 -0400] "POST /wp-cron.php?doing_wp_cron=1780448897.4728329181671142578125 HTTP/1.1" 200 0 "http://www.escapetravelservices.com/wp-cron.php?doing_wp_cron=1780448897.4728329181671142578125" "WordPress/6.0; http://www.escapetravelservices.com"
114.119.136.44 - - [02/Jun/2026:21:08:41 -0400] "GET /destination/maldives HTTP/1.1" 301 0 "http://www.escapetravelservices.com/tour/fascinating-mauritius" "Mozilla/5.0 (Linux; Android 7.0;) AppleWebKit/537.36 (HTML, like Gecko) Mobile Safari/537.36 (compatible; PetalBot;+https://webmaster.petalsearch.com/site/petalbot)"
189.192.87.122 - - [02/Jun/2026:21:20:20 -0400] "GET http://www.escapetravelservices.com/tour/sizzling-seychelles/ HTTP/1.1" 200 28457 "-" "Mozilla/5.0 (Windows NT 10.0; WOW64) AppleWebKit/537.36 (KHTML, like Gecko) Chrome/94.0.4606.81 Safari/537.36"
178.217.98.153 - - [02/Jun/2026:21:28:16 -0400] "GET / HTTP/1.0" 200 160912 "http://www.escapetravelservices.com/" "Mozilla/5.0 (Windows NT 10.0; Win64; x64) AppleWebKit/537.36 (KHTML, like Gecko) Chrome/129.0.0.0 Safari/537.36"
178.217.98.153 - - [02/Jun/2026:21:28:19 -0400] "GET /wp-content/plugins/sliding-enquiry-form/captha/CaptchaSecurityImages.php?width=100&height=40&characters=5&code=rcdx4m HTTP/1.0" 200 242 "http://www.escapetravelservices.com/" "Mozilla/5.0 (Windows NT 10.0; Win64; x64) AppleWebKit/537.36 (KHTML, like Gecko) Chrome/129.0.0.0 Safari/537.36"
162.213.253.84 - - [02/Jun/2026:21:28:20 -0400] "POST /wp-cron.php?doing_wp_cron=1780450100.1994938850402832031250 HTTP/1.1" 200 0 "http://www.escapetravelservices.com/wp-cron.php?doing_wp_cron=1780450100.1994938850402832031250" "WordPress/6.0; http://www.escapetravelservices.com"
178.217.98.153 - - [02/Jun/2026:21:28:19 -0400] "POST / HTTP/1.0" 404 131885 "http://www.escapetravelservices.com/" "Mozilla/5.0 (Windows NT 10.0; Win64; x64) AppleWebKit/537.36 (KHTML, like Gecko) Chrome/129.0.0.0 Safari/537.36"
162.213.253.84 - - [02/Jun/2026:21:49:58 -0400] "POST /wp-cron.php?doing_wp_cron=1780451398.7238090038299560546875 HTTP/1.1" 200 0 "http://www.escapetravelservices.com/wp-cron.php?doing_wp_cron=1780451398.7238090038299560546875" "WordPress/6.0; http://www.escapetravelservices.com"
91.237.124.234 - - [02/Jun/2026:21:49:58 -0400] "GET / HTTP/1.1" 301 0 "-" "Mozilla/5.0 (Macintosh; Intel Mac OS X 10_15_7) AppleWebKit/537.36 (KHTML, like Gecko) Chrome/139.0.0.0 Safari/537.36"
162.213.253.84 - - [02/Jun/2026:21:55:06 -0400] "POST /wp-cron.php?doing_wp_cron=1780451706.7316100597381591796875 HTTP/1.1" 200 0 "http://www.escapetravelservices.com/wp-cron.php?doing_wp_cron=1780451706.7316100597381591796875" "WordPress/6.0; http://www.escapetravelservices.com"
185.191.171.6 - - [02/Jun/2026:21:59:42 -0400] "GET /robots.txt HTTP/1.1" 200 7696 "-" "Mozilla/5.0 (compatible; SemrushBot/7~bl; +http://www.semrush.com/bot.html)"
185.191.171.8 - - [02/Jun/2026:21:59:42 -0400] "GET /tour/blissful-andaman/ HTTP/1.1" 200 26409 "-" "Mozilla/5.0 (compatible; SemrushBot/7~bl; +http://www.semrush.com/bot.html)"
91.237.124.234 - - [02/Jun/2026:21:49:59 -0400] "GET / HTTP/1.1" 200 28988 "http://escapetravelservices.com" "Mozilla/5.0 (Macintosh; Intel Mac OS X 10_15_7) AppleWebKit/537.36 (KHTML, like Gecko) Chrome/139.0.0.0 Safari/537.36"
91.237.124.234 - - [02/Jun/2026:21:50:00 -0400] "GET /contact-us/ HTTP/1.1" 200 25980 "http://escapetravelservices.com" "Mozilla/5.0 (Macintosh; Intel Mac OS X 10_15_7) AppleWebKit/537.36 (KHTML, like Gecko) Chrome/139.0.0.0 Safari/537.36"
178.217.98.153 - - [02/Jun/2026:21:55:03 -0400] "GET / HTTP/1.0" 200 160912 "http://www.escapetravelservices.com/" "Mozilla/5.0 (Windows NT 10.0; Win64; x64) AppleWebKit/537.36 (KHTML, like Gecko) Chrome/130.0.0.0 Safari/537.36"
178.217.98.153 - - [02/Jun/2026:21:55:05 -0400] "GET /wp-content/plugins/sliding-enquiry-form/captha/CaptchaSecurityImages.php?width=100&height=40&characters=5&code=rcdx4m HTTP/1.0" 200 242 "http://www.escapetravelservices.com/" "Mozilla/5.0 (Windows NT 10.0; Win64; x64) AppleWebKit/537.36 (KHTML, like Gecko) Chrome/130.0.0.0 Safari/537.36"
178.217.98.153 - - [02/Jun/2026:21:55:06 -0400] "POST / HTTP/1.0" 404 131885 "http://www.escapetravelservices.com/" "Mozilla/5.0 (Windows NT 10.0; Win64; x64) AppleWebKit/537.36 (KHTML, like Gecko) Chrome/130.0.0.0 Safari/537.36"
170.106.11.6 - - [02/Jun/2026:22:03:43 -0400] "GET / HTTP/1.1" 200 33162 "-" "Mozilla/5.0 (iPhone; CPU iPhone OS 13_2_3 like Mac OS X) AppleWebKit/605.1.15 (KHTML, like Gecko) Version/13.0.3 Mobile/15E148 Safari/604.1"
162.213.253.84 - - [02/Jun/2026:22:26:26 -0400] "POST /wp-cron.php?doing_wp_cron=1780453586.2669889926910400390625 HTTP/1.1" 200 0 "http://www.escapetravelservices.com/wp-cron.php?doing_wp_cron=1780453586.2669889926910400390625" "WordPress/6.0; http://www.escapetravelservices.com"
185.128.227.45 - - [02/Jun/2026:22:26:25 -0400] "GET /txets.php HTTP/1.1" 301 0 "-" "Mozlila/5.0 (Linux; Android 7.0; SM-G892A Bulid/NRD90M; wv) AppleWebKit/537.36 (KHTML, like Gecko) Version/4.0 Chrome/60.0.3112.107 Moblie Safari/537.36"
162.213.253.84 - - [02/Jun/2026:22:26:40 -0400] "POST /wp-cron.php?doing_wp_cron=1780453600.8643229007720947265625 HTTP/1.1" 200 0 "http://www.escapetravelservices.com/wp-cron.php?doing_wp_cron=1780453600.8643229007720947265625" "WordPress/6.0; http://www.escapetravelservices.com"
185.128.227.45 - - [02/Jun/2026:22:26:40 -0400] "GET /txets.php HTTP/1.1" 404 27460 "-" "Mozlila/5.0 (Linux; Android 7.0; SM-G892A Bulid/NRD90M; wv) AppleWebKit/537.36 (KHTML, like Gecko) Version/4.0 Chrome/60.0.3112.107 Moblie Safari/537.36"
167.71.229.101 - - [02/Jun/2026:22:37:13 -0400] "GET /favicon.ico HTTP/1.1" 404 1251 "http://mail.escapetravelservices.com/" "Mozilla/5.0 (X11; Linux x86_64) AppleWebKit/537.36 (KHTML, like Gecko) Chrome/142.0.0.0 Safari/537.36"
162.213.253.84 - - [02/Jun/2026:22:37:12 -0400] "POST /wp-cron.php?doing_wp_cron=1780454232.1959030628204345703125 HTTP/1.1" 200 0 "http://www.escapetravelservices.com/wp-cron.php?doing_wp_cron=1780454232.1959030628204345703125" "WordPress/6.0; http://www.escapetravelservices.com"
167.71.229.101 - - [02/Jun/2026:22:37:11 -0400] "GET / HTTP/1.1" 301 0 "-" "Mozilla/5.0 (X11; Linux x86_64) AppleWebKit/537.36 (KHTML, like Gecko) Chrome/142.0.0.0 Safari/537.36"
178.217.98.153 - - [02/Jun/2026:22:51:19 -0400] "GET / HTTP/1.0" 200 160912 "http://www.escapetravelservices.com/" "Mozilla/5.0 (Windows NT 10.0; Win64; x64) AppleWebKit/537.36 (KHTML, like Gecko) Chrome/130.0.0.0 Safari/537.36 CCleaner/130.0.0.0"
178.217.98.153 - - [02/Jun/2026:22:51:21 -0400] "GET /wp-content/plugins/sliding-enquiry-form/captha/CaptchaSecurityImages.php?width=100&height=40&characters=5&code=rcdx4m HTTP/1.0" 200 242 "http://www.escapetravelservices.com/" "Mozilla/5.0 (Windows NT 10.0; Win64; x64) AppleWebKit/537.36 (KHTML, like Gecko) Chrome/130.0.0.0 Safari/537.36 CCleaner/130.0.0.0"
178.217.98.153 - - [02/Jun/2026:22:51:22 -0400] "POST / HTTP/1.0" 404 131885 "http://www.escapetravelservices.com/" "Mozilla/5.0 (Windows NT 10.0; Win64; x64) AppleWebKit/537.36 (KHTML, like Gecko) Chrome/130.0.0.0 Safari/537.36 CCleaner/130.0.0.0"
162.213.253.84 - - [02/Jun/2026:22:51:22 -0400] "POST /wp-cron.php?doing_wp_cron=1780455082.7214169502258300781250 HTTP/1.1" 200 0 "http://www.escapetravelservices.com/wp-cron.php?doing_wp_cron=1780455082.7214169502258300781250" "WordPress/6.0; http://www.escapetravelservices.com"
66.249.68.164 - - [02/Jun/2026:23:04:42 -0400] "GET /robots.txt HTTP/1.1" 200 6884 "-" "Mozilla/5.0 (compatible; Googlebot/2.1; +http://www.google.com/bot.html)"
66.249.68.164 - - [02/Jun/2026:23:04:42 -0400] "GET / HTTP/1.1" 200 28988 "-" "Mozilla/5.0 (Linux; Android 6.0.1; Nexus 5X Build/MMB29P) AppleWebKit/537.36 (KHTML, like Gecko) Chrome/99.0.4844.84 Mobile Safari/537.36 (compatible; Googlebot/2.1; +http://www.google.com/bot.html)"
66.249.68.163 - - [02/Jun/2026:23:04:46 -0400] "GET /wp-content/plugins/whatsapp-for-wordpress/assets/js/main.js HTTP/1.1" 200 1350 "http://www.escapetravelservices.com/" "Mozilla/5.0 (Linux; Android 6.0.1; Nexus 5X Build/MMB29P) AppleWebKit/537.36 (KHTML, like Gecko) Chrome/148.0.7778.96 Mobile Safari/537.36 (compatible; Googlebot/2.1; +http://www.google.com/bot.html)"
66.249.68.162 - - [02/Jun/2026:23:04:47 -0400] "GET /wp-content/themes/escapetour/css/grid.css HTTP/1.1" 200 7182 "http://www.escapetravelservices.com/" "Mozilla/5.0 (Linux; Android 6.0.1; Nexus 5X Build/MMB29P) AppleWebKit/537.36 (KHTML, like Gecko) Chrome/148.0.7778.96 Mobile Safari/537.36 (compatible; Googlebot/2.1; +http://www.google.com/bot.html)"
66.249.68.162 - - [02/Jun/2026:23:04:48 -0400] "GET /wp-content/themes/escapetour/css/font-awesome.min.css HTTP/1.1" 200 6658 "http://www.escapetravelservices.com/" "Mozilla/5.0 (Linux; Android 6.0.1; Nexus 5X Build/MMB29P) AppleWebKit/537.36 (KHTML, like Gecko) Chrome/148.0.7778.96 Mobile Safari/537.36 (compatible; Googlebot/2.1; +http://www.google.com/bot.html)"
114.119.133.76 - - [02/Jun/2026:23:05:22 -0400] "GET /robots.txt HTTP/1.1" 200 7696 "-" "Mozilla/5.0 (compatible;PetalBot;+https://webmaster.petalsearch.com/site/petalbot)"
178.217.98.153 - - [02/Jun/2026:23:10:28 -0400] "GET /wp-content/plugins/sliding-enquiry-form/captha/CaptchaSecurityImages.php?width=100&height=40&characters=5&code=rcdx4m HTTP/1.0" 200 242 "http://www.escapetravelservices.com/" "Mozilla/5.0 (Windows NT 10.0; Win64; x64) AppleWebKit/537.36 (KHTML, like Gecko) Chrome/129.0.0.0 Safari/537.36"
162.213.253.84 - - [02/Jun/2026:23:10:29 -0400] "POST /wp-cron.php?doing_wp_cron=1780456229.5565869808197021484375 HTTP/1.1" 200 0 "http://www.escapetravelservices.com/wp-cron.php?doing_wp_cron=1780456229.5565869808197021484375" "WordPress/6.0; http://www.escapetravelservices.com"
66.249.68.162 - - [02/Jun/2026:23:04:44 -0400] "GET / HTTP/1.1" 200 28988 "-" "Mozilla/5.0 (compatible; Googlebot/2.1; +http://www.google.com/bot.html)"
66.249.68.162 - - [02/Jun/2026:23:04:45 -0400] "GET /wp-includes/css/dist/block-library/style.min.css HTTP/1.1" 200 10929 "http://www.escapetravelservices.com/" "Mozilla/5.0 (Linux; Android 6.0.1; Nexus 5X Build/MMB29P) AppleWebKit/537.36 (KHTML, like Gecko) Chrome/148.0.7778.96 Mobile Safari/537.36 (compatible; Googlebot/2.1; +http://www.google.com/bot.html)"
66.249.68.163 - - [02/Jun/2026:23:04:49 -0400] "GET /wp-content/plugins/booked/assets/js/tooltipster/js/jquery.tooltipster.min.js HTTP/1.1" 200 4635 "http://www.escapetravelservices.com/" "Mozilla/5.0 (Linux; Android 6.0.1; Nexus 5X Build/MMB29P) AppleWebKit/537.36 (KHTML, like Gecko) Chrome/148.0.7778.96 Mobile Safari/537.36 (compatible; Googlebot/2.1; +http://www.google.com/bot.html)"
66.249.68.163 - - [02/Jun/2026:23:04:50 -0400] "GET /wp-content/plugins/booked/assets/js/tooltipster/js/jquery.tooltipster.min.js HTTP/1.1" 200 4635 "http://www.escapetravelservices.com/" "Mozilla/5.0 AppleWebKit/537.36 (KHTML, like Gecko; compatible; Googlebot/2.1; +http://www.google.com/bot.html) Chrome/148.0.7778.96 Safari/537.36"
162.213.253.84 - - [02/Jun/2026:23:04:51 -0400] "POST /wp-cron.php?doing_wp_cron=1780455891.5162858963012695312500 HTTP/1.1" 200 0 "http://www.escapetravelservices.com/wp-cron.php?doing_wp_cron=1780455891.5162858963012695312500" "WordPress/6.0; http://www.escapetravelservices.com"
66.249.68.162 - - [02/Jun/2026:23:04:51 -0400] "GET /wp-content/plugins/grandtour-custom-post/css/fontawesome-stars-o.css HTTP/1.1" 404 23959 "http://www.escapetravelservices.com/" "Mozilla/5.0 (Linux; Android 6.0.1; Nexus 5X Build/MMB29P) AppleWebKit/537.36 (KHTML, like Gecko) Chrome/148.0.7778.96 Mobile Safari/537.36 (compatible; Googlebot/2.1; +http://www.google.com/bot.html)"
66.249.68.162 - - [02/Jun/2026:23:04:54 -0400] "GET /wp-content/plugins/grandtour-custom-post/css/fontawesome-stars-o.css HTTP/1.1" 404 23963 "http://www.escapetravelservices.com/" "Mozilla/5.0 AppleWebKit/537.36 (KHTML, like Gecko; compatible; Googlebot/2.1; +http://www.google.com/bot.html) Chrome/148.0.7778.96 Safari/537.36"
178.217.98.153 - - [02/Jun/2026:23:10:26 -0400] "GET / HTTP/1.0" 200 160912 "http://www.escapetravelservices.com/" "Mozilla/5.0 (Windows NT 10.0; Win64; x64) AppleWebKit/537.36 (KHTML, like Gecko) Chrome/129.0.0.0 Safari/537.36"
178.217.98.153 - - [02/Jun/2026:23:10:29 -0400] "POST / HTTP/1.0" 404 131885 "http://www.escapetravelservices.com/" "Mozilla/5.0 (Windows NT 10.0; Win64; x64) AppleWebKit/537.36 (KHTML, like Gecko) Chrome/129.0.0.0 Safari/537.36"
20.191.45.212 - - [02/Jun/2026:23:18:22 -0400] "GET /wp-content/uploads/2022/06/cropped-escape-logo-white1-32x32.jpg HTTP/1.1" 200 666 "-" "DuckDuckBot/1.1; (+http://duckduckgo.com/duckduckbot.html)"
20.191.45.212 - - [02/Jun/2026:23:18:23 -0400] "GET / HTTP/1.1" 200 33162 "-" "DuckDuckBot/1.1; (+http://duckduckgo.com/duckduckbot.html)"
20.191.45.212 - - [02/Jun/2026:23:18:23 -0400] "GET /wp-content/uploads/2022/06/cropped-escape-logo-white1-32x32.jpg HTTP/1.1" 200 666 "-" "DuckDuckBot/1.1; (+http://duckduckgo.com/duckduckbot.html)"
114.119.136.160 - - [02/Jun/2026:23:19:34 -0400] "GET /robots.txt HTTP/1.1" 200 7696 "-" "Mozilla/5.0 (compatible;PetalBot;+https://webmaster.petalsearch.com/site/petalbot)"
17.241.75.97 - - [02/Jun/2026:23:26:31 -0400] "GET /tour/luxe-dubai-04-nights-05-days HTTP/1.1" 301 0 "-" "Mozilla/5.0 (Macintosh; Intel Mac OS X 10_15_7) AppleWebKit/605.1.15 (KHTML, like Gecko) Version/17.4 Safari/605.1.15 (Applebot/0.1; +http://www.apple.com/go/applebot)"
17.241.75.97 - - [02/Jun/2026:23:26:32 -0400] "GET /tour/luxe-dubai-04-nights-05-days/ HTTP/1.1" 200 26180 "-" "Mozilla/5.0 (Macintosh; Intel Mac OS X 10_15_7) AppleWebKit/605.1.15 (KHTML, like Gecko) Version/17.4 Safari/605.1.15 (Applebot/0.1; +http://www.apple.com/go/applebot)"
17.246.15.166 - - [02/Jun/2026:23:27:12 -0400] "GET /about-us HTTP/1.1" 301 0 "-" "Mozilla/5.0 (Macintosh; Intel Mac OS X 10_15_7) AppleWebKit/605.1.15 (KHTML, like Gecko) Version/17.4 Safari/605.1.15 (Applebot/0.1; +http://www.apple.com/go/applebot)"
17.246.15.166 - - [02/Jun/2026:23:27:14 -0400] "GET /about-us/ HTTP/1.1" 200 30339 "-" "Mozilla/5.0 (Macintosh; Intel Mac OS X 10_15_7) AppleWebKit/605.1.15 (KHTML, like Gecko) Version/17.4 Safari/605.1.15 (Applebot/0.1; +http://www.apple.com/go/applebot)"
17.241.75.218 - - [02/Jun/2026:23:27:34 -0400] "GET /wp-content/plugins/booked/assets/css/icons.css HTTP/1.1" 200 6618 "http://www.escapetravelservices.com/destination/sri-lanka/" "Mozilla/5.0 (Macintosh; Intel Mac OS X 10_15_7) AppleWebKit/605.1.15 (KHTML, like Gecko) Version/17.4 Safari/605.1.15 (Applebot/0.1; +http://www.apple.com/go/applebot)"
17.246.23.232 - - [02/Jun/2026:23:27:35 -0400] "GET /tour/luxurious-maldives-dusit-thani-maldives-04-nights-05-days/ HTTP/1.1" 200 24529 "-" "Mozilla/5.0 (Macintosh; Intel Mac OS X 10_15_7) AppleWebKit/605.1.15 (KHTML, like Gecko) Version/17.4 Safari/605.1.15 (Applebot/0.1; +http://www.apple.com/go/applebot)"
17.241.75.218 - - [02/Jun/2026:23:27:36 -0400] "GET /wp-content/plugins/booked/assets/js/tooltipster/css/tooltipster.css HTTP/1.1" 200 1970 "http://www.escapetravelservices.com/destination/sri-lanka/" "Mozilla/5.0 (Macintosh; Intel Mac OS X 10_15_7) AppleWebKit/605.1.15 (KHTML, like Gecko) Version/17.4 Safari/605.1.15 (Applebot/0.1; +http://www.apple.com/go/applebot)"
17.241.75.218 - - [02/Jun/2026:23:27:39 -0400] "GET /wp-content/plugins/booked/assets/js/tooltipster/css/themes/tooltipster-light.css HTTP/1.1" 200 226 "http://www.escapetravelservices.com/destination/sri-lanka/" "Mozilla/5.0 (Macintosh; Intel Mac OS X 10_15_7) AppleWebKit/605.1.15 (KHTML, like Gecko) Version/17.4 Safari/605.1.15 (Applebot/0.1; +http://www.apple.com/go/applebot)"
17.241.75.218 - - [02/Jun/2026:23:27:40 -0400] "GET /wp-content/plugins/booked/dist/booked.css HTTP/1.1" 200 10925 "http://www.escapetravelservices.com/destination/sri-lanka/" "Mozilla/5.0 (Macintosh; Intel Mac OS X 10_15_7) AppleWebKit/605.1.15 (KHTML, like Gecko) Version/17.4 Safari/605.1.15 (Applebot/0.1; +http://www.apple.com/go/applebot)"
162.213.253.84 - - [02/Jun/2026:23:27:42 -0400] "POST /wp-cron.php?doing_wp_cron=1780457262.6120100021362304687500 HTTP/1.1" 200 0 "http://www.escapetravelservices.com/wp-cron.php?doing_wp_cron=1780457262.6120100021362304687500" "WordPress/6.0; http://www.escapetravelservices.com"
20.191.45.212 - - [02/Jun/2026:23:18:21 -0400] "GET / HTTP/1.1" 200 33162 "-" "DuckDuckBot/1.1; (+http://duckduckgo.com/duckduckbot.html)"
77.75.76.169 - - [02/Jun/2026:23:18:38 -0400] "GET /tour/shimla-02-nights-03-days/ HTTP/1.1" 200 25759 "-" "Mozilla/5.0 (compatible; SeznamBot/4.0; +https://o-seznam.cz/napoveda/vyhledavani/en/seznambot-crawler/)"
17.246.15.47 - - [02/Jun/2026:23:26:21 -0400] "GET /robots.txt HTTP/1.1" 200 7696 "-" "Mozilla/5.0 (Macintosh; Intel Mac OS X 10_15_7) AppleWebKit/605.1.15 (KHTML, like Gecko) Version/17.4 Safari/605.1.15 (Applebot/0.1; +http://www.apple.com/go/applebot)"
17.246.15.47 - - [02/Jun/2026:23:26:22 -0400] "GET /tour/captivating-bangkok-pattaya-04-nights-05-days HTTP/1.1" 301 0 "-" "Mozilla/5.0 (Macintosh; Intel Mac OS X 10_15_7) AppleWebKit/605.1.15 (KHTML, like Gecko) Version/17.4 Safari/605.1.15 (Applebot/0.1; +http://www.apple.com/go/applebot)"
17.246.15.47 - - [02/Jun/2026:23:26:24 -0400] "GET /tour/captivating-bangkok-pattaya-04-nights-05-days/ HTTP/1.1" 200 25471 "-" "Mozilla/5.0 (Macintosh; Intel Mac OS X 10_15_7) AppleWebKit/605.1.15 (KHTML, like Gecko) Version/17.4 Safari/605.1.15 (Applebot/0.1; +http://www.apple.com/go/applebot)"
17.241.75.219 - - [02/Jun/2026:23:26:43 -0400] "GET /destination/sri-lanka HTTP/1.1" 301 0 "-" "Mozilla/5.0 (Macintosh; Intel Mac OS X 10_15_7) AppleWebKit/605.1.15 (KHTML, like Gecko) Version/17.4 Safari/605.1.15 (Applebot/0.1; +http://www.apple.com/go/applebot)"
17.241.75.219 - - [02/Jun/2026:23:26:44 -0400] "GET /destination/sri-lanka/ HTTP/1.1" 200 24254 "-" "Mozilla/5.0 (Macintosh; Intel Mac OS X 10_15_7) AppleWebKit/605.1.15 (KHTML, like Gecko) Version/17.4 Safari/605.1.15 (Applebot/0.1; +http://www.apple.com/go/applebot)"
17.246.23.232 - - [02/Jun/2026:23:27:33 -0400] "GET /tour/luxurious-maldives-dusit-thani-maldives-04-nights-05-days HTTP/1.1" 301 0 "-" "Mozilla/5.0 (Macintosh; Intel Mac OS X 10_15_7) AppleWebKit/605.1.15 (KHTML, like Gecko) Version/17.4 Safari/605.1.15 (Applebot/0.1; +http://www.apple.com/go/applebot)"
17.241.75.218 - - [02/Jun/2026:23:27:35 -0400] "GET /wp-includes/css/dist/block-library/style.min.css HTTP/1.1" 200 14760 "http://www.escapetravelservices.com/destination/sri-lanka/" "Mozilla/5.0 (Macintosh; Intel Mac OS X 10_15_7) AppleWebKit/605.1.15 (KHTML, like Gecko) Version/17.4 Safari/605.1.15 (Applebot/0.1; +http://www.apple.com/go/applebot)"
17.246.15.208 - - [02/Jun/2026:23:27:37 -0400] "GET /tour/luxury-mauritius-06-nights-07-days HTTP/1.1" 301 0 "-" "Mozilla/5.0 (Macintosh; Intel Mac OS X 10_15_7) AppleWebKit/605.1.15 (KHTML, like Gecko) Version/17.4 Safari/605.1.15 (Applebot/0.1; +http://www.apple.com/go/applebot)"
17.241.75.218 - - [02/Jun/2026:23:27:37 -0400] "GET /wp-includes/js/wp-emoji-release.min.js HTTP/1.1" 200 5712 "http://www.escapetravelservices.com/destination/sri-lanka/" "Mozilla/5.0 (Macintosh; Intel Mac OS X 10_15_7) AppleWebKit/605.1.15 (KHTML, like Gecko) Version/17.4 Safari/605.1.15 (Applebot/0.1; +http://www.apple.com/go/applebot)"
17.246.15.208 - - [02/Jun/2026:23:27:39 -0400] "GET /tour/luxury-mauritius-06-nights-07-days/ HTTP/1.1" 200 25446 "-" "Mozilla/5.0 (Macintosh; Intel Mac OS X 10_15_7) AppleWebKit/605.1.15 (KHTML, like Gecko) Version/17.4 Safari/605.1.15 (Applebot/0.1; +http://www.apple.com/go/applebot)"
17.241.75.218 - - [02/Jun/2026:23:27:41 -0400] "GET /wp-content/plugins/contact-form-7/includes/css/styles.css HTTP/1.1" 200 776 "http://www.escapetravelservices.com/destination/sri-lanka/" "Mozilla/5.0 (Macintosh; Intel Mac OS X 10_15_7) AppleWebKit/605.1.15 (KHTML, like Gecko) Version/17.4 Safari/605.1.15 (Applebot/0.1; +http://www.apple.com/go/applebot)"
17.241.75.218 - - [02/Jun/2026:23:27:42 -0400] "GET /wp-content/plugins/grandtour-custom-post/css/fontawesome-stars-o.css HTTP/1.1" 404 27474 "http://www.escapetravelservices.com/destination/sri-lanka/" "Mozilla/5.0 (Macintosh; Intel Mac OS X 10_15_7) AppleWebKit/605.1.15 (KHTML, like Gecko) Version/17.4 Safari/605.1.15 (Applebot/0.1; +http://www.apple.com/go/applebot)"
17.241.227.190 - - [02/Jun/2026:23:27:44 -0400] "GET /wp-content/plugins/whatsapp-for-wordpress/assets/css/style.css HTTP/1.1" 200 4693 "http://www.escapetravelservices.com/destination/sri-lanka/" "Mozilla/5.0 (Macintosh; Intel Mac OS X 10_15_7) AppleWebKit/605.1.15 (KHTML, like Gecko) Version/17.4 Safari/605.1.15 (Applebot/0.1; +http://www.apple.com/go/applebot)"
17.241.227.190 - - [02/Jun/2026:23:27:45 -0400] "GET /wp-content/themes/escapetour/css/reset.css HTTP/1.1" 200 334 "http://www.escapetravelservices.com/destination/sri-lanka/" "Mozilla/5.0 (Macintosh; Intel Mac OS X 10_15_7) AppleWebKit/605.1.15 (KHTML, like Gecko) Version/17.4 Safari/605.1.15 (Applebot/0.1; +http://www.apple.com/go/applebot)"
17.241.227.190 - - [02/Jun/2026:23:27:46 -0400] "GET /wp-content/themes/escapetour/css/wordpress.css HTTP/1.1" 200 1176 "http://www.escapetravelservices.com/destination/sri-lanka/" "Mozilla/5.0 (Macintosh; Intel Mac OS X 10_15_7) AppleWebKit/605.1.15 (KHTML, like Gecko) Version/17.4 Safari/605.1.15 (Applebot/0.1; +http://www.apple.com/go/applebot)"
17.241.75.218 - - [02/Jun/2026:23:27:47 -0400] "GET /wp-content/themes/escapetour/css/animation.css HTTP/1.1" 200 1055 "http://www.escapetravelservices.com/destination/sri-lanka/" "Mozilla/5.0 (Macintosh; Intel Mac OS X 10_15_7) AppleWebKit/605.1.15 (KHTML, like Gecko) Version/17.4 Safari/605.1.15 (Applebot/0.1; +http://www.apple.com/go/applebot)"
17.241.227.190 - - [02/Jun/2026:23:27:48 -0400] "GET /wp-content/themes/escapetour/css/ilightbox/ilightbox.css HTTP/1.1" 200 1778 "http://www.escapetravelservices.com/destination/sri-lanka/" "Mozilla/5.0 (Macintosh; Intel Mac OS X 10_15_7) AppleWebKit/605.1.15 (KHTML, like Gecko) Version/17.4 Safari/605.1.15 (Applebot/0.1; +http://www.apple.com/go/applebot)"
17.241.227.190 - - [02/Jun/2026:23:27:49 -0400] "GET /wp-content/themes/escapetour/css/jqueryui/custom.css HTTP/1.1" 200 5287 "http://www.escapetravelservices.com/destination/sri-lanka/" "Mozilla/5.0 (Macintosh; Intel Mac OS X 10_15_7) AppleWebKit/605.1.15 (KHTML, like Gecko) Version/17.4 Safari/605.1.15 (Applebot/0.1; +http://www.apple.com/go/applebot)"
17.241.227.190 - - [02/Jun/2026:23:27:51 -0400] "GET /wp-content/themes/escapetour/js/flexslider/flexslider.css HTTP/1.1" 200 2042 "http://www.escapetravelservices.com/destination/sri-lanka/" "Mozilla/5.0 (Macintosh; Intel Mac OS X 10_15_7) AppleWebKit/605.1.15 (KHTML, like Gecko) Version/17.4 Safari/605.1.15 (Applebot/0.1; +http://www.apple.com/go/applebot)"
17.241.75.209 - - [02/Jun/2026:23:27:54 -0400] "GET /wp-content/themes/escapetour/css/screen.css HTTP/1.1" 200 38946 "http://www.escapetravelservices.com/destination/sri-lanka/" "Mozilla/5.0 (Macintosh; Intel Mac OS X 10_15_7) AppleWebKit/605.1.15 (KHTML, like Gecko) Version/17.4 Safari/605.1.15 (Applebot/0.1; +http://www.apple.com/go/applebot)"
17.241.227.190 - - [02/Jun/2026:23:27:55 -0400] "GET /wp-content/themes/escapetour/css/menus/leftalignmenu.css HTTP/1.1" 200 862 "http://www.escapetravelservices.com/destination/sri-lanka/" "Mozilla/5.0 (Macintosh; Intel Mac OS X 10_15_7) AppleWebKit/605.1.15 (KHTML, like Gecko) Version/17.4 Safari/605.1.15 (Applebot/0.1; +http://www.apple.com/go/applebot)"
17.241.75.218 - - [02/Jun/2026:23:27:56 -0400] "GET /wp-content/themes/escapetour/css/font-awesome.min.css HTTP/1.1" 200 7749 "http://www.escapetravelservices.com/destination/sri-lanka/" "Mozilla/5.0 (Macintosh; Intel Mac OS X 10_15_7) AppleWebKit/605.1.15 (KHTML, like Gecko) Version/17.4 Safari/605.1.15 (Applebot/0.1; +http://www.apple.com/go/applebot)"
17.241.227.190 - - [02/Jun/2026:23:28:01 -0400] "GET /wp-content/plugins/sliding-enquiry-form/css/font-awesome.min.css HTTP/1.1" 200 7749 "http://www.escapetravelservices.com/destination/sri-lanka/" "Mozilla/5.0 (Macintosh; Intel Mac OS X 10_15_7) AppleWebKit/605.1.15 (KHTML, like Gecko) Version/17.4 Safari/605.1.15 (Applebot/0.1; +http://www.apple.com/go/applebot)"
17.241.75.218 - - [02/Jun/2026:23:27:50 -0400] "GET /wp-includes/js/mediaelement/mediaelementplayer-legacy.min.css HTTP/1.1" 200 2967 "http://www.escapetravelservices.com/destination/sri-lanka/" "Mozilla/5.0 (Macintosh; Intel Mac OS X 10_15_7) AppleWebKit/605.1.15 (KHTML, like Gecko) Version/17.4 Safari/605.1.15 (Applebot/0.1; +http://www.apple.com/go/applebot)"
17.241.227.190 - - [02/Jun/2026:23:27:52 -0400] "GET /wp-content/themes/escapetour/css/tooltipster.css HTTP/1.1" 200 1874 "http://www.escapetravelservices.com/destination/sri-lanka/" "Mozilla/5.0 (Macintosh; Intel Mac OS X 10_15_7) AppleWebKit/605.1.15 (KHTML, like Gecko) Version/17.4 Safari/605.1.15 (Applebot/0.1; +http://www.apple.com/go/applebot)"
17.241.75.218 - - [02/Jun/2026:23:27:53 -0400] "GET /wp-content/themes/escapetour/css/odometer-theme-minimal.css HTTP/1.1" 200 629 "http://www.escapetravelservices.com/destination/sri-lanka/" "Mozilla/5.0 (Macintosh; Intel Mac OS X 10_15_7) AppleWebKit/605.1.15 (KHTML, like Gecko) Version/17.4 Safari/605.1.15 (Applebot/0.1; +http://www.apple.com/go/applebot)"
17.241.75.209 - - [02/Jun/2026:23:27:57 -0400] "GET /wp-content/themes/escapetour/css/themify-icons.css HTTP/1.1" 200 3159 "http://www.escapetravelservices.com/destination/sri-lanka/" "Mozilla/5.0 (Macintosh; Intel Mac OS X 10_15_7) AppleWebKit/605.1.15 (KHTML, like Gecko) Version/17.4 Safari/605.1.15 (Applebot/0.1; +http://www.apple.com/go/applebot)"
17.241.227.190 - - [02/Jun/2026:23:27:58 -0400] "GET /wp-admin/admin-ajax.php?action=grandtour_custom_css HTTP/1.1" 200 1626 "http://www.escapetravelservices.com/destination/sri-lanka/" "Mozilla/5.0 (Macintosh; Intel Mac OS X 10_15_7) AppleWebKit/605.1.15 (KHTML, like Gecko) Version/17.4 Safari/605.1.15 (Applebot/0.1; +http://www.apple.com/go/applebot)"
17.241.75.218 - - [02/Jun/2026:23:27:59 -0400] "GET /wp-content/plugins/meks-easy-instagram-widget/css/widget.css HTTP/1.1" 200 302 "http://www.escapetravelservices.com/destination/sri-lanka/" "Mozilla/5.0 (Macintosh; Intel Mac OS X 10_15_7) AppleWebKit/605.1.15 (KHTML, like Gecko) Version/17.4 Safari/605.1.15 (Applebot/0.1; +http://www.apple.com/go/applebot)"
17.241.75.209 - - [02/Jun/2026:23:28:00 -0400] "GET /wp-content/plugins/sliding-enquiry-form/css/sliding-enquiry.css HTTP/1.1" 200 2015 "http://www.escapetravelservices.com/destination/sri-lanka/" "Mozilla/5.0 (Macintosh; Intel Mac OS X 10_15_7) AppleWebKit/605.1.15 (KHTML, like Gecko) Version/17.4 Safari/605.1.15 (Applebot/0.1; +http://www.apple.com/go/applebot)"
17.241.75.209 - - [02/Jun/2026:23:28:03 -0400] "GET /wp-content/themes/escapetour/modules/kirki/assets/css/kirki-styles.css HTTP/1.1" 200 0 "http://www.escapetravelservices.com/destination/sri-lanka/" "Mozilla/5.0 (Macintosh; Intel Mac OS X 10_15_7) AppleWebKit/605.1.15 (KHTML, like Gecko) Version/17.4 Safari/605.1.15 (Applebot/0.1; +http://www.apple.com/go/applebot)"
17.241.75.209 - - [02/Jun/2026:23:28:06 -0400] "GET /wp-content/plugins/revslider/public/assets/js/rbtools.min.js HTTP/1.1" 200 50897 "http://www.escapetravelservices.com/destination/sri-lanka/" "Mozilla/5.0 (Macintosh; Intel Mac OS X 10_15_7) AppleWebKit/605.1.15 (KHTML, like Gecko) Version/17.4 Safari/605.1.15 (Applebot/0.1; +http://www.apple.com/go/applebot)"
17.241.75.218 - - [02/Jun/2026:23:28:11 -0400] "GET /wp-includes/js/jquery/ui/core.min.js HTTP/1.1" 200 7544 "http://www.escapetravelservices.com/destination/sri-lanka/" "Mozilla/5.0 (Macintosh; Intel Mac OS X 10_15_7) AppleWebKit/605.1.15 (KHTML, like Gecko) Version/17.4 Safari/605.1.15 (Applebot/0.1; +http://www.apple.com/go/applebot)"
17.241.75.209 - - [02/Jun/2026:23:28:13 -0400] "GET /wp-includes/js/jquery/ui/datepicker.min.js HTTP/1.1" 200 12350 "http://www.escapetravelservices.com/destination/sri-lanka/" "Mozilla/5.0 (Macintosh; Intel Mac OS X 10_15_7) AppleWebKit/605.1.15 (KHTML, like Gecko) Version/17.4 Safari/605.1.15 (Applebot/0.1; +http://www.apple.com/go/applebot)"
17.241.75.218 - - [02/Jun/2026:23:28:02 -0400] "GET /wp-content/themes/escapetour/css/grid.css HTTP/1.1" 200 9765 "http://www.escapetravelservices.com/destination/sri-lanka/" "Mozilla/5.0 (Macintosh; Intel Mac OS X 10_15_7) AppleWebKit/605.1.15 (KHTML, like Gecko) Version/17.4 Safari/605.1.15 (Applebot/0.1; +http://www.apple.com/go/applebot)"
17.241.227.190 - - [02/Jun/2026:23:28:04 -0400] "GET /wp-includes/js/jquery/jquery.min.js HTTP/1.1" 200 34819 "http://www.escapetravelservices.com/destination/sri-lanka/" "Mozilla/5.0 (Macintosh; Intel Mac OS X 10_15_7) AppleWebKit/605.1.15 (KHTML, like Gecko) Version/17.4 Safari/605.1.15 (Applebot/0.1; +http://www.apple.com/go/applebot)"
17.241.75.218 - - [02/Jun/2026:23:28:06 -0400] "GET /wp-includes/js/jquery/jquery-migrate.min.js HTTP/1.1" 200 4461 "http://www.escapetravelservices.com/destination/sri-lanka/" "Mozilla/5.0 (Macintosh; Intel Mac OS X 10_15_7) AppleWebKit/605.1.15 (KHTML, like Gecko) Version/17.4 Safari/605.1.15 (Applebot/0.1; +http://www.apple.com/go/applebot)"
17.241.227.190 - - [02/Jun/2026:23:28:07 -0400] "GET /wp-content/plugins/revslider/public/assets/js/rs6.min.js HTTP/1.1" 200 100200 "http://www.escapetravelservices.com/destination/sri-lanka/" "Mozilla/5.0 (Macintosh; Intel Mac OS X 10_15_7) AppleWebKit/605.1.15 (KHTML, like Gecko) Version/17.4 Safari/605.1.15 (Applebot/0.1; +http://www.apple.com/go/applebot)"
17.241.75.218 - - [02/Jun/2026:23:28:08 -0400] "GET /wp-content/plugins/whatsapp-for-wordpress/assets/js/main.js HTTP/1.1" 200 1644 "http://www.escapetravelservices.com/destination/sri-lanka/" "Mozilla/5.0 (Macintosh; Intel Mac OS X 10_15_7) AppleWebKit/605.1.15 (KHTML, like Gecko) Version/17.4 Safari/605.1.15 (Applebot/0.1; +http://www.apple.com/go/applebot)"
17.241.75.209 - - [02/Jun/2026:23:28:09 -0400] "GET /wp-content/plugins/sliding-enquiry-form/js/modernizr.custom.js HTTP/1.1" 200 3857 "http://www.escapetravelservices.com/destination/sri-lanka/" "Mozilla/5.0 (Macintosh; Intel Mac OS X 10_15_7) AppleWebKit/605.1.15 (KHTML, like Gecko) Version/17.4 Safari/605.1.15 (Applebot/0.1; +http://www.apple.com/go/applebot)"
17.241.227.190 - - [02/Jun/2026:23:28:10 -0400] "GET /wp-content/plugins/sliding-enquiry-form/js/validation.js HTTP/1.1" 200 764 "http://www.escapetravelservices.com/destination/sri-lanka/" "Mozilla/5.0 (Macintosh; Intel Mac OS X 10_15_7) AppleWebKit/605.1.15 (KHTML, like Gecko) Version/17.4 Safari/605.1.15 (Applebot/0.1; +http://www.apple.com/go/applebot)"
17.241.227.190 - - [02/Jun/2026:23:28:14 -0400] "GET /wp-content/plugins/booked/assets/js/spin.min.js HTTP/1.1" 200 2133 "http://www.escapetravelservices.com/destination/sri-lanka/" "Mozilla/5.0 (Macintosh; Intel Mac OS X 10_15_7) AppleWebKit/605.1.15 (KHTML, like Gecko) Version/17.4 Safari/605.1.15 (Applebot/0.1; +http://www.apple.com/go/applebot)"
17.241.227.190 - - [02/Jun/2026:23:28:17 -0400] "GET /wp-content/plugins/booked/assets/js/functions.js HTTP/1.1" 200 11157 "http://www.escapetravelservices.com/destination/sri-lanka/" "Mozilla/5.0 (Macintosh; Intel Mac OS X 10_15_7) AppleWebKit/605.1.15 (KHTML, like Gecko) Version/17.4 Safari/605.1.15 (Applebot/0.1; +http://www.apple.com/go/applebot)"
17.241.75.209 - - [02/Jun/2026:23:28:19 -0400] "GET /wp-content/plugins/booked/includes/add-ons/frontend-agents/js/functions.js HTTP/1.1" 200 1311 "http://www.escapetravelservices.com/destination/sri-lanka/" "Mozilla/5.0 (Macintosh; Intel Mac OS X 10_15_7) AppleWebKit/605.1.15 (KHTML, like Gecko) Version/17.4 Safari/605.1.15 (Applebot/0.1; +http://www.apple.com/go/applebot)"
17.241.227.190 - - [02/Jun/2026:23:28:20 -0400] "GET /wp-content/themes/escapetour/js/jquery.requestAnimationFrame.js HTTP/1.1" 200 686 "http://www.escapetravelservices.com/destination/sri-lanka/" "Mozilla/5.0 (Macintosh; Intel Mac OS X 10_15_7) AppleWebKit/605.1.15 (KHTML, like Gecko) Version/17.4 Safari/605.1.15 (Applebot/0.1; +http://www.apple.com/go/applebot)"
17.241.75.218 - - [02/Jun/2026:23:28:15 -0400] "GET /wp-content/plugins/booked/assets/js/spin.jquery.js HTTP/1.1" 200 815 "http://www.escapetravelservices.com/destination/sri-lanka/" "Mozilla/5.0 (Macintosh; Intel Mac OS X 10_15_7) AppleWebKit/605.1.15 (KHTML, like Gecko) Version/17.4 Safari/605.1.15 (Applebot/0.1; +http://www.apple.com/go/applebot)"
17.241.75.209 - - [02/Jun/2026:23:28:16 -0400] "GET /wp-content/plugins/booked/assets/js/tooltipster/js/jquery.tooltipster.min.js HTTP/1.1" 200 5485 "http://www.escapetravelservices.com/destination/sri-lanka/" "Mozilla/5.0 (Macintosh; Intel Mac OS X 10_15_7) AppleWebKit/605.1.15 (KHTML, like Gecko) Version/17.4 Safari/605.1.15 (Applebot/0.1; +http://www.apple.com/go/applebot)"
17.241.75.218 - - [02/Jun/2026:23:28:18 -0400] "GET /wp-content/plugins/contact-form-7/includes/js/scripts.js HTTP/1.1" 200 4567 "http://www.escapetravelservices.com/destination/sri-lanka/" "Mozilla/5.0 (Macintosh; Intel Mac OS X 10_15_7) AppleWebKit/605.1.15 (KHTML, like Gecko) Version/17.4 Safari/605.1.15 (Applebot/0.1; +http://www.apple.com/go/applebot)"
17.241.227.190 - - [02/Jun/2026:23:28:23 -0400] "GET /wp-content/themes/escapetour/js/waypoints.min.js HTTP/1.1" 200 2830 "http://www.escapetravelservices.com/destination/sri-lanka/" "Mozilla/5.0 (Macintosh; Intel Mac OS X 10_15_7) AppleWebKit/605.1.15 (KHTML, like Gecko) Version/17.4 Safari/605.1.15 (Applebot/0.1; +http://www.apple.com/go/applebot)"
17.241.75.218 - - [02/Jun/2026:23:28:24 -0400] "GET /wp-content/themes/escapetour/js/jquery.isotope.js HTTP/1.1" 200 5637 "http://www.escapetravelservices.com/destination/sri-lanka/" "Mozilla/5.0 (Macintosh; Intel Mac OS X 10_15_7) AppleWebKit/605.1.15 (KHTML, like Gecko) Version/17.4 Safari/605.1.15 (Applebot/0.1; +http://www.apple.com/go/applebot)"
17.241.75.209 - - [02/Jun/2026:23:28:25 -0400] "GET /wp-content/themes/escapetour/js/jquery.masory.js HTTP/1.1" 200 8144 "http://www.escapetravelservices.com/destination/sri-lanka/" "Mozilla/5.0 (Macintosh; Intel Mac OS X 10_15_7) AppleWebKit/605.1.15 (KHTML, like Gecko) Version/17.4 Safari/605.1.15 (Applebot/0.1; +http://www.apple.com/go/applebot)"
17.241.75.218 - - [02/Jun/2026:23:28:27 -0400] "GET /wp-content/themes/escapetour/js/jarallax.js HTTP/1.1" 200 10878 "http://www.escapetravelservices.com/destination/sri-lanka/" "Mozilla/5.0 (Macintosh; Intel Mac OS X 10_15_7) AppleWebKit/605.1.15 (KHTML, like Gecko) Version/17.4 Safari/605.1.15 (Applebot/0.1; +http://www.apple.com/go/applebot)"
17.241.75.209 - - [02/Jun/2026:23:28:31 -0400] "GET /wp-content/themes/escapetour/js/custom_plugins.js HTTP/1.1" 200 2016 "http://www.escapetravelservices.com/destination/sri-lanka/" "Mozilla/5.0 (Macintosh; Intel Mac OS X 10_15_7) AppleWebKit/605.1.15 (KHTML, like Gecko) Version/17.4 Safari/605.1.15 (Applebot/0.1; +http://www.apple.com/go/applebot)"
17.241.227.190 - - [02/Jun/2026:23:28:32 -0400] "GET /wp-content/themes/escapetour/js/custom.js HTTP/1.1" 200 5360 "http://www.escapetravelservices.com/destination/sri-lanka/" "Mozilla/5.0 (Macintosh; Intel Mac OS X 10_15_7) AppleWebKit/605.1.15 (KHTML, like Gecko) Version/17.4 Safari/605.1.15 (Applebot/0.1; +http://www.apple.com/go/applebot)"
17.241.75.218 - - [02/Jun/2026:23:28:33 -0400] "GET /wp-content/themes/escapetour/css/dark-skin/skin.css HTTP/1.1" 200 1525 "http://www.escapetravelservices.com/destination/sri-lanka/" "Mozilla/5.0 (Macintosh; Intel Mac OS X 10_15_7) AppleWebKit/605.1.15 (KHTML, like Gecko) Version/17.4 Safari/605.1.15 (Applebot/0.1; +http://www.apple.com/go/applebot)"
17.241.75.209 - - [02/Jun/2026:23:28:34 -0400] "GET /wp-content/themes/escapetour/css/light-skin/skin.css HTTP/1.1" 200 1532 "http://www.escapetravelservices.com/destination/sri-lanka/" "Mozilla/5.0 (Macintosh; Intel Mac OS X 10_15_7) AppleWebKit/605.1.15 (KHTML, like Gecko) Version/17.4 Safari/605.1.15 (Applebot/0.1; +http://www.apple.com/go/applebot)"
17.241.75.218 - - [02/Jun/2026:23:28:21 -0400] "GET /wp-content/themes/escapetour/js/ilightbox.packed.js HTTP/1.1" 200 26301 "http://www.escapetravelservices.com/destination/sri-lanka/" "Mozilla/5.0 (Macintosh; Intel Mac OS X 10_15_7) AppleWebKit/605.1.15 (KHTML, like Gecko) Version/17.4 Safari/605.1.15 (Applebot/0.1; +http://www.apple.com/go/applebot)"
17.241.75.209 - - [02/Jun/2026:23:28:22 -0400] "GET /wp-content/themes/escapetour/js/jquery.easing.js HTTP/1.1" 200 2186 "http://www.escapetravelservices.com/destination/sri-lanka/" "Mozilla/5.0 (Macintosh; Intel Mac OS X 10_15_7) AppleWebKit/605.1.15 (KHTML, like Gecko) Version/17.4 Safari/605.1.15 (Applebot/0.1; +http://www.apple.com/go/applebot)"
17.241.227.190 - - [02/Jun/2026:23:28:26 -0400] "GET /wp-content/themes/escapetour/js/jquery.tooltipster.min.js HTTP/1.1" 200 5312 "http://www.escapetravelservices.com/destination/sri-lanka/" "Mozilla/5.0 (Macintosh; Intel Mac OS X 10_15_7) AppleWebKit/605.1.15 (KHTML, like Gecko) Version/17.4 Safari/605.1.15 (Applebot/0.1; +http://www.apple.com/go/applebot)"
17.241.75.209 - - [02/Jun/2026:23:28:28 -0400] "GET /wp-content/themes/escapetour/js/jquery.sticky-kit.min.js HTTP/1.1" 200 1340 "http://www.escapetravelservices.com/destination/sri-lanka/" "Mozilla/5.0 (Macintosh; Intel Mac OS X 10_15_7) AppleWebKit/605.1.15 (KHTML, like Gecko) Version/17.4 Safari/605.1.15 (Applebot/0.1; +http://www.apple.com/go/applebot)"
17.241.227.190 - - [02/Jun/2026:23:28:29 -0400] "GET /wp-content/themes/escapetour/js/jquery.stellar.min.js HTTP/1.1" 200 3845 "http://www.escapetravelservices.com/destination/sri-lanka/" "Mozilla/5.0 (Macintosh; Intel Mac OS X 10_15_7) AppleWebKit/605.1.15 (KHTML, like Gecko) Version/17.4 Safari/605.1.15 (Applebot/0.1; +http://www.apple.com/go/applebot)"
17.241.75.218 - - [02/Jun/2026:23:28:30 -0400] "GET /wp-content/themes/escapetour/js/jquery.cookie.js HTTP/1.1" 200 1452 "http://www.escapetravelservices.com/destination/sri-lanka/" "Mozilla/5.0 (Macintosh; Intel Mac OS X 10_15_7) AppleWebKit/605.1.15 (KHTML, like Gecko) Version/17.4 Safari/605.1.15 (Applebot/0.1; +http://www.apple.com/go/applebot)"
17.241.227.190 - - [02/Jun/2026:23:28:35 -0400] "GET /wp-content/themes/escapetour/css/parade-skin/skin.css HTTP/1.1" 200 636 "http://www.escapetravelservices.com/destination/sri-lanka/" "Mozilla/5.0 (Macintosh; Intel Mac OS X 10_15_7) AppleWebKit/605.1.15 (KHTML, like Gecko) Version/17.4 Safari/605.1.15 (Applebot/0.1; +http://www.apple.com/go/applebot)"
17.241.227.190 - - [02/Jun/2026:23:28:38 -0400] "GET /wp-content/themes/escapetour/css/mac-skin/skin.css HTTP/1.1" 200 2033 "http://www.escapetravelservices.com/destination/sri-lanka/" "Mozilla/5.0 (Macintosh; Intel Mac OS X 10_15_7) AppleWebKit/605.1.15 (KHTML, like Gecko) Version/17.4 Safari/605.1.15 (Applebot/0.1; +http://www.apple.com/go/applebot)"
17.22.253.74 - - [02/Jun/2026:23:28:44 -0400] "GET /destination/bali HTTP/1.1" 301 0 "-" "Mozilla/5.0 (Macintosh; Intel Mac OS X 10_15_7) AppleWebKit/605.1.15 (KHTML, like Gecko) Version/17.4 Safari/605.1.15 (Applebot/0.1; +http://www.apple.com/go/applebot)"
17.22.253.74 - - [02/Jun/2026:23:28:46 -0400] "GET /destination/bali/ HTTP/1.1" 200 24353 "-" "Mozilla/5.0 (Macintosh; Intel Mac OS X 10_15_7) AppleWebKit/605.1.15 (KHTML, like Gecko) Version/17.4 Safari/605.1.15 (Applebot/0.1; +http://www.apple.com/go/applebot)"
17.22.245.91 - - [02/Jun/2026:23:28:48 -0400] "GET /robots.txt HTTP/1.1" 200 7696 "-" "Mozilla/5.0 (Macintosh; Intel Mac OS X 10_15_7) AppleWebKit/605.1.15 (KHTML, like Gecko) Version/17.4 Safari/605.1.15 (Applebot/0.1; +http://www.apple.com/go/applebot)"
17.22.245.91 - - [02/Jun/2026:23:28:49 -0400] "GET /tour/marvelous-phuket-krabi-04-nights-05-days HTTP/1.1" 301 0 "-" "Mozilla/5.0 (Macintosh; Intel Mac OS X 10_15_7) AppleWebKit/605.1.15 (KHTML, like Gecko) Version/17.4 Safari/605.1.15 (Applebot/0.1; +http://www.apple.com/go/applebot)"
17.241.75.218 - - [02/Jun/2026:23:28:36 -0400] "GET /wp-content/themes/escapetour/css/metro-black-skin/skin.css HTTP/1.1" 200 1364 "http://www.escapetravelservices.com/destination/sri-lanka/" "Mozilla/5.0 (Macintosh; Intel Mac OS X 10_15_7) AppleWebKit/605.1.15 (KHTML, like Gecko) Version/17.4 Safari/605.1.15 (Applebot/0.1; +http://www.apple.com/go/applebot)"
17.241.75.209 - - [02/Jun/2026:23:28:37 -0400] "GET /wp-content/themes/escapetour/css/metro-white-skin/skin.css HTTP/1.1" 200 1523 "http://www.escapetravelservices.com/destination/sri-lanka/" "Mozilla/5.0 (Macintosh; Intel Mac OS X 10_15_7) AppleWebKit/605.1.15 (KHTML, like Gecko) Version/17.4 Safari/605.1.15 (Applebot/0.1; +http://www.apple.com/go/applebot)"
17.241.75.218 - - [02/Jun/2026:23:28:39 -0400] "GET /wp-content/themes/escapetour/css/smooth-skin/skin.css HTTP/1.1" 200 1660 "http://www.escapetravelservices.com/destination/sri-lanka/" "Mozilla/5.0 (Macintosh; Intel Mac OS X 10_15_7) AppleWebKit/605.1.15 (KHTML, like Gecko) Version/17.4 Safari/605.1.15 (Applebot/0.1; +http://www.apple.com/go/applebot)"
17.22.253.74 - - [02/Jun/2026:23:28:44 -0400] "GET /robots.txt HTTP/1.1" 200 7696 "-" "Mozilla/5.0 (Macintosh; Intel Mac OS X 10_15_7) AppleWebKit/605.1.15 (KHTML, like Gecko) Version/17.4 Safari/605.1.15 (Applebot/0.1; +http://www.apple.com/go/applebot)"
17.22.245.22 - - [02/Jun/2026:23:28:58 -0400] "GET /tour/thrilling-malaysia-04-nights-05-days/ HTTP/1.1" 200 25243 "-" "Mozilla/5.0 (Macintosh; Intel Mac OS X 10_15_7) AppleWebKit/605.1.15 (KHTML, like Gecko) Version/17.4 Safari/605.1.15 (Applebot/0.1; +http://www.apple.com/go/applebot)"
17.22.237.109 - - [02/Jun/2026:23:29:00 -0400] "GET /2021/01/09/top-5-most-romantic-honeymoon-destinations-in-india HTTP/1.1" 301 0 "-" "Mozilla/5.0 (Macintosh; Intel Mac OS X 10_15_7) AppleWebKit/605.1.15 (KHTML, like Gecko) Version/17.4 Safari/605.1.15 (Applebot/0.1; +http://www.apple.com/go/applebot)"
17.246.23.106 - - [02/Jun/2026:23:29:10 -0400] "GET /wp-content/plugins/booked/assets/css/icons.css HTTP/1.1" 200 6618 "http://www.escapetravelservices.com/tour/captivating-bangkok-pattaya-04-nights-05-days/" "Mozilla/5.0 (Macintosh; Intel Mac OS X 10_15_7) AppleWebKit/605.1.15 (KHTML, like Gecko) Version/17.4 Safari/605.1.15 (Applebot/0.1; +http://www.apple.com/go/applebot)"
17.246.23.106 - - [02/Jun/2026:23:29:13 -0400] "GET /wp-includes/js/wp-emoji-release.min.js HTTP/1.1" 200 5712 "http://www.escapetravelservices.com/tour/captivating-bangkok-pattaya-04-nights-05-days/" "Mozilla/5.0 (Macintosh; Intel Mac OS X 10_15_7) AppleWebKit/605.1.15 (KHTML, like Gecko) Version/17.4 Safari/605.1.15 (Applebot/0.1; +http://www.apple.com/go/applebot)"
17.246.23.106 - - [02/Jun/2026:23:29:15 -0400] "GET /wp-includes/css/dist/block-library/style.min.css HTTP/1.1" 200 14760 "http://www.escapetravelservices.com/tour/captivating-bangkok-pattaya-04-nights-05-days/" "Mozilla/5.0 (Macintosh; Intel Mac OS X 10_15_7) AppleWebKit/605.1.15 (KHTML, like Gecko) Version/17.4 Safari/605.1.15 (Applebot/0.1; +http://www.apple.com/go/applebot)"
