Path : /home/vishqocm/access-logs/
File Upload :
Current File : //home/vishqocm/access-logs/bagpackvacation.vishalwebtech.com-ssl_log

192.71.126.53 - - [03/Jun/2026:08:20:19 -0400] "GET / HTTP/1.1" 200 40165 "http://bagpackvacation.com/" "Mozilla/5.0 (Windows NT 10.0; Win64; x64; rv:123.0) Gecko/20100101 Firefox/123"
209.141.60.58 - - [03/Jun/2026:08:22:17 -0400] "GET /wp-login.php HTTP/1.1" 200 5935 "-" "Mozilla/5.0 (Windows NT 5.1; rv:30.0) Gecko/20100101 Firefox/30.0"
209.141.60.58 - - [03/Jun/2026:08:23:07 -0400] "POST /wp-login.php HTTP/1.1" 301 795 "-" "Mozilla/5.0 (Windows NT 5.1; rv:30.0) Gecko/20100101 Firefox/30.0"
209.141.60.58 - - [03/Jun/2026:08:23:07 -0400] "GET /wp-login.php HTTP/1.1" 200 5935 "-" "Mozilla/5.0 (Windows NT 5.1; rv:30.0) Gecko/20100101 Firefox/30.0"
209.141.60.58 - - [03/Jun/2026:08:23:07 -0400] "GET /wp-admin/themes.php HTTP/1.1" 301 795 "-" "python-requests/2.34.2"
162.213.253.84 - - [03/Jun/2026:08:23:09 -0400] "POST /wp-cron.php?doing_wp_cron=1780489389.8330709934234619140625 HTTP/1.1" 200 0 "-" "WordPress/7.0; https://www.bagpackvacation.com"
209.141.60.58 - - [03/Jun/2026:08:23:08 -0400] "GET /wp-admin/themes.php HTTP/1.1" 302 0 "-" "python-requests/2.34.2"
209.141.60.58 - - [03/Jun/2026:08:23:09 -0400] "GET /wp-login.php?redirect_to=https%3A%2F%2Fwww.bagpackvacation.com%2Fwp-admin%2Fthemes.php&reauth=1 HTTP/1.1" 200 2046 "-" "python-requests/2.34.2"
209.141.60.58 - - [03/Jun/2026:08:23:12 -0400] "GET /wp-admin/plugin-install.php?tab=upload HTTP/1.1" 302 0 "-" "python-requests/2.34.2"
209.141.60.58 - - [03/Jun/2026:08:23:14 -0400] "GET /wp-login.php?redirect_to=https%3A%2F%2Fwww.bagpackvacation.com%2Fwp-admin%2Fplugin-install.php%3Ftab%3Dupload&reauth=1 HTTP/1.1" 200 2053 "-" "python-requests/2.34.2"
92.53.96.192 - admin [03/Jun/2026:08:32:41 -0400] "GET /wp-json/wp/v2/users/me HTTP/1.1" 301 795 "-" "Mozilla/5.0 (Windows NT 10.0) AppleWebKit/537.36 (KHTML, like Gecko) Chrome/133.0.0.0 Safari/537.36"
103.230.156.120 - - [03/Jun/2026:08:33:05 -0400] "GET /wp-login.php HTTP/1.1" 301 795 "-" "Mozilla/5.0 (Windows NT 10.0; Win64; x64) AppleWebKit/537.36 (KHTML, like Gecko) Chrome/120.0.0.0 Safari/537.36"
163.223.13.54 - - [03/Jun/2026:08:41:52 -0400] "GET /wp-login.php HTTP/1.1" 200 1806 "-" "Mozilla/5.0 (Macintosh; Intel Mac OS X 10_15_7) AppleWebKit/537.36 (KHTML, like Gecko) Chrome/133.0.0.0 Safari/537.36"
162.213.253.84 - - [03/Jun/2026:08:41:57 -0400] "POST /wp-cron.php?doing_wp_cron=1780490516.8852949142456054687500 HTTP/1.1" 200 0 "-" "WordPress/7.0; https://www.bagpackvacation.com"
43.130.100.35 - - [03/Jun/2026:08:45:12 -0400] "GET / HTTP/1.1" 200 40165 "http://www.bagpackvacation.com" "Mozilla/5.0 (iPhone; CPU iPhone OS 13_2_3 like Mac OS X) AppleWebKit/605.1.15 (KHTML, like Gecko) Version/13.0.3 Mobile/15E148 Safari/604.1"
162.213.253.84 - - [03/Jun/2026:08:45:12 -0400] "POST /wp-admin/admin-ajax.php?action=async_litespeed&nonce=C12h0DcEwTTDOcKNU5Vcqsg1J2lRhJVL&litespeed_type=imgoptm HTTP/1.1" 200 0 "-" "WordPress/7.0; https://www.bagpackvacation.com"
162.213.253.84 - - [03/Jun/2026:08:50:46 -0400] "POST /wp-cron.php?doing_wp_cron=1780491046.3949329853057861328125 HTTP/1.1" 200 0 "-" "WordPress/7.0; https://www.bagpackvacation.com"
195.250.23.54 - - [03/Jun/2026:08:52:08 -0400] "GET /wp-login.php HTTP/1.1" 301 795 "-" "Mozilla/5.0 (Windows NT 10.0; Win64; x64) AppleWebKit/537.36 (KHTML, like Gecko) Chrome/120.0.0.0 Safari/537.36"
195.250.23.54 - - [03/Jun/2026:08:52:15 -0400] "GET /wp-login.php HTTP/1.1" 200 1806 "-" "Mozilla/5.0 (Windows NT 10.0; Win64; x64) AppleWebKit/537.36 (KHTML, like Gecko) Chrome/120.0.0.0 Safari/537.36"
162.213.253.84 - - [03/Jun/2026:08:52:16 -0400] "POST /wp-cron.php?doing_wp_cron=1780491136.9748320579528808593750 HTTP/1.1" 200 0 "-" "WordPress/7.0; https://www.bagpackvacation.com"
195.250.23.54 - - [03/Jun/2026:08:52:16 -0400] "POST /wp-login.php HTTP/1.1" 200 1905 "https://www.bagpackvacation.com/wp-login.php" "Mozilla/5.0 (Windows NT 10.0; Win64; x64) AppleWebKit/537.36 (KHTML, like Gecko) Chrome/120.0.0.0 Safari/537.36"
192.71.2.119 - - [03/Jun/2026:08:20:21 -0400] "GET /romantic-sikkim-delight-with-gangtok-darjeeling-pelling/ HTTP/1.1" 200 29761 "-" "Mozilla/5.0 (Windows NT 10.0; Win64; x64; rv:123.0) Gecko/20100101 Firefox/123"
192.71.126.249 - - [03/Jun/2026:08:20:22 -0400] "GET /romantic-goa-with-dudh-sagar-waterfall-4-night-5-days/ HTTP/1.1" 200 28996 "-" "Mozilla/5.0 (Windows NT 10.0; Win64; x64; rv:123.0) Gecko/20100101 Firefox/123"
192.71.142.176 - - [03/Jun/2026:08:20:23 -0400] "GET /relaxing-shimla-with-narkanda-3-night-4-days/ HTTP/1.1" 200 29397 "-" "Mozilla/5.0 (Windows NT 10.0; Win64; x64; rv:123.0) Gecko/20100101 Firefox/123"
209.141.60.58 - - [03/Jun/2026:08:22:17 -0400] "GET /wp-login.php HTTP/1.1" 301 795 "-" "Mozilla/5.0 (Windows NT 5.1; rv:30.0) Gecko/20100101 Firefox/30.0"
209.141.60.58 - - [03/Jun/2026:08:23:12 -0400] "GET /wp-admin/plugin-install.php?tab=upload HTTP/1.1" 301 795 "-" "python-requests/2.34.2"
162.213.253.84 - - [03/Jun/2026:08:23:12 -0400] "POST /wp-admin/admin-ajax.php?action=async_litespeed&nonce=vsEDu880DDC8qYSjW9nu59CNDLm3nJd7&litespeed_type=imgoptm HTTP/1.1" 200 0 "-" "WordPress/7.0; https://www.bagpackvacation.com"
92.53.96.192 - - [03/Jun/2026:08:32:29 -0400] "GET /wp-login.php HTTP/1.1" 301 795 "-" "Mozilla/5.0 (Windows NT 10.0) AppleWebKit/537.36 (KHTML, like Gecko) Chrome/133.0.0.0 Safari/537.36"
162.213.253.84 - - [03/Jun/2026:08:32:52 -0400] "POST /wp-cron.php?doing_wp_cron=1780489972.1419770717620849609375 HTTP/1.1" 200 0 "-" "WordPress/7.0; https://www.bagpackvacation.com"
92.53.96.192 - - [03/Jun/2026:08:32:50 -0400] "GET /wp-json/wp/v2/users/me HTTP/1.1" 401 96 "https://mail.bagpackvacation.com/wp-json/wp/v2/users/me" "Mozilla/5.0 (Windows NT 10.0) AppleWebKit/537.36 (KHTML, like Gecko) Chrome/133.0.0.0 Safari/537.36"
162.213.253.84 - - [03/Jun/2026:08:32:53 -0400] "POST /wp-admin/admin-ajax.php?action=async_litespeed&nonce=xLujLBXnBn3iBkUeLRsTdkYX6Og5A85q&litespeed_type=imgoptm HTTP/1.1" 200 0 "-" "WordPress/7.0; https://www.bagpackvacation.com"
163.223.13.54 - - [03/Jun/2026:08:41:55 -0400] "POST /wp-login.php HTTP/1.1" 200 1905 "https://www.bagpackvacation.com/wp-login.php" "Mozilla/5.0 (Macintosh; Intel Mac OS X 10_15_7) AppleWebKit/537.36 (KHTML, like Gecko) Chrome/133.0.0.0 Safari/537.36"
64.233.173.102 - - [03/Jun/2026:08:42:54 -0400] "GET /wp-content/uploads/2023/01/bagpack-vacation-logo.png HTTP/1.1" 200 49743 "-" "Mozilla/5.0 (Windows NT 5.1; rv:11.0) Gecko Firefox/11.0 (via ggpht.com GoogleImageProxy)"
69.49.112.67 - - [03/Jun/2026:08:50:44 -0400] "GET /wp-login.php HTTP/1.1" 200 1806 "-" "Mozilla/5.0 (Windows NT 10.0; Win64; x64) AppleWebKit/537.36 (KHTML, like Gecko) Chrome/120.0.0.0 Safari/537.36"
69.49.112.67 - - [03/Jun/2026:08:50:45 -0400] "POST /wp-login.php HTTP/1.1" 200 1905 "https://www.bagpackvacation.com/wp-login.php" "Mozilla/5.0 (Windows NT 10.0; Win64; x64) AppleWebKit/537.36 (KHTML, like Gecko) Chrome/120.0.0.0 Safari/537.36"
162.213.253.84 - - [03/Jun/2026:08:50:47 -0400] "POST /wp-admin/admin-ajax.php?action=async_litespeed&nonce=2WsK1dMhFGLENSJdTFnSffDL8ZR5waxn&litespeed_type=imgoptm HTTP/1.1" 200 0 "-" "WordPress/7.0; https://www.bagpackvacation.com"
195.250.23.54 - - [03/Jun/2026:08:52:12 -0400] "GET /wp-login.php HTTP/1.1" 200 1806 "https://mail.bagpackvacation.com/wp-login.php" "Mozilla/5.0 (Windows NT 10.0; Win64; x64) AppleWebKit/537.36 (KHTML, like Gecko) Chrome/120.0.0.0 Safari/537.36"
162.213.253.84 - - [03/Jun/2026:08:52:17 -0400] "POST /wp-admin/admin-ajax.php?action=async_litespeed&nonce=pn2dSKm4qwRtfBNjyT8NXWA6VeySDsSM&litespeed_type=imgoptm HTTP/1.1" 200 0 "-" "WordPress/7.0; https://www.bagpackvacation.com"
217.182.203.52 - - [03/Jun/2026:08:58:34 -0400] "GET /wp-login.php HTTP/1.1" 200 1806 "-" "Mozilla/5.0 (Windows NT 10.0; Win64; x64) AppleWebKit/537.36 (KHTML, like Gecko) Chrome/120.0.0.0 Safari/537.36"
162.213.253.84 - - [03/Jun/2026:08:58:37 -0400] "POST /wp-admin/admin-ajax.php?action=async_litespeed&nonce=gHn9Qwk40wVAXrTxyZBJsYuPMJX8U7xD&litespeed_type=imgoptm HTTP/1.1" 200 21 "-" "WordPress/7.0; https://www.bagpackvacation.com"
159.198.45.42 - - [03/Jun/2026:09:00:47 -0400] "GET /wp-content/ HTTP/1.1" 200 0 "-" "Mozilla/5.0 (X11; Linux x86_64) AppleWebKit/537.31 (KHTML, like Gecko) Chrome/26.0.1410.63 Safari/537.31"
159.198.45.42 - - [03/Jun/2026:09:00:47 -0400] "GET /wp-content/plugins/ HTTP/1.1" 200 0 "-" "Mozilla/5.0 (X11; Linux x86_64) AppleWebKit/537.31 (KHTML, like Gecko) Chrome/26.0.1410.63 Safari/537.31"
162.241.152.21 - - [03/Jun/2026:09:01:24 -0400] "GET /wp-login.php HTTP/1.1" 200 1806 "https://mail.bagpackvacation.com/wp-login.php" "Mozilla/5.0 (Windows NT 10.0; Win64; x64; rv:133.0) Gecko/20100101 Firefox/133.0"
162.241.152.21 - - [03/Jun/2026:09:01:25 -0400] "POST /wp-login.php HTTP/1.1" 301 795 "https://mail.bagpackvacation.com/wp-login.php" "Mozilla/5.0 (Windows NT 10.0; Win64; x64; rv:133.0) Gecko/20100101 Firefox/133.0"
162.213.253.84 - - [03/Jun/2026:09:10:09 -0400] "POST /wp-cron.php?doing_wp_cron=1780492209.3684670925140380859375 HTTP/1.1" 200 0 "-" "WordPress/7.0; https://www.bagpackvacation.com"
14.186.184.225 - - [03/Jun/2026:09:10:07 -0400] "GET /4-night-5-days-singapore-honeymoon-special-2/tel:9211684078 HTTP/1.1" 404 22174 "-" "Mozilla/5.0 (Windows NT 6.3; Win64; x64) AppleWebKit/537.36 (KHTML, like Gecko) Chrome/105.0.0.0 Safari/537.36"
162.213.253.84 - - [03/Jun/2026:09:10:10 -0400] "POST /wp-admin/admin-ajax.php?action=async_litespeed&nonce=sSoZFSkrlest38bETd6tCl9lr2yMhA7b&litespeed_type=imgoptm HTTP/1.1" 200 0 "-" "WordPress/7.0; https://www.bagpackvacation.com"
162.213.253.84 - - [03/Jun/2026:09:10:37 -0400] "POST /wp-cron.php?doing_wp_cron=1780492237.8293900489807128906250 HTTP/1.1" 200 0 "-" "WordPress/7.0; https://www.bagpackvacation.com"
82.165.2.98 - admin [03/Jun/2026:09:10:36 -0400] "GET /wp-json/wp/v2/users/me HTTP/1.1" 401 96 "-" "Mozilla/5.0 (Macintosh; Intel Mac OS X 10_15_7) AppleWebKit/537.36 (KHTML, like Gecko) Chrome/133.0.0.0 Safari/537.36 Edg/133.0.0.0"
162.213.253.84 - - [03/Jun/2026:09:10:38 -0400] "POST /wp-admin/admin-ajax.php?action=async_litespeed&nonce=YkQCClqO7XZhr80JnRAUqIP5qpMfNNFu&litespeed_type=imgoptm HTTP/1.1" 200 0 "-" "WordPress/7.0; https://www.bagpackvacation.com"
46.4.120.162 - - [03/Jun/2026:09:18:09 -0400] "GET /wp-login.php HTTP/1.1" 200 1806 "-" "Mozilla/5.0 (Windows NT 10.0; Win64; x64) AppleWebKit/537.36 (KHTML, like Gecko) Chrome/120.0.0.0 Safari/537.36"
46.4.120.162 - - [03/Jun/2026:09:18:09 -0400] "POST /wp-login.php HTTP/1.1" 200 1905 "https://www.bagpackvacation.com/wp-login.php" "Mozilla/5.0 (Windows NT 10.0; Win64; x64) AppleWebKit/537.36 (KHTML, like Gecko) Chrome/120.0.0.0 Safari/537.36"
162.213.253.84 - - [03/Jun/2026:08:54:10 -0400] "POST /wp-cron.php?doing_wp_cron=1780491250.6798241138458251953125 HTTP/1.1" 200 0 "-" "WordPress/7.0; https://www.bagpackvacation.com"
43.173.174.78 - - [03/Jun/2026:08:54:09 -0400] "GET /wp-json/wp/v2/pages/1696 HTTP/1.1" 200 29589 "-" "Mozilla/5.0 (Windows NT 10.0; Win64; x64) AppleWebKit/537.36 (KHTML, like Gecko) Chrome/116.0.0.0 Safari/537.36"
103.39.133.73 - - [03/Jun/2026:08:57:26 -0400] "GET /wp-login.php HTTP/1.1" 200 1806 "-" "Mozilla/5.0 (Windows NT 10.0; Win64; x64) AppleWebKit/537.36 (KHTML, like Gecko) Chrome/120.0.0.0 Safari/537.36"
162.213.253.84 - - [03/Jun/2026:08:57:28 -0400] "POST /wp-cron.php?doing_wp_cron=1780491448.1060841083526611328125 HTTP/1.1" 200 0 "-" "WordPress/7.0; https://www.bagpackvacation.com"
103.39.133.73 - - [03/Jun/2026:08:57:26 -0400] "POST /wp-login.php HTTP/1.1" 200 1905 "https://www.bagpackvacation.com/wp-login.php" "Mozilla/5.0 (Windows NT 10.0; Win64; x64) AppleWebKit/537.36 (KHTML, like Gecko) Chrome/120.0.0.0 Safari/537.36"
162.213.253.84 - - [03/Jun/2026:08:57:29 -0400] "POST /wp-admin/admin-ajax.php?action=async_litespeed&nonce=vMvTwJa4Flzo0Hueyy0gDM6djioELYYP&litespeed_type=imgoptm HTTP/1.1" 200 0 "-" "WordPress/7.0; https://www.bagpackvacation.com"
217.182.203.52 - - [03/Jun/2026:08:58:32 -0400] "GET /wp-login.php HTTP/1.1" 301 795 "-" "Mozilla/5.0 (Windows NT 10.0; Win64; x64) AppleWebKit/537.36 (KHTML, like Gecko) Chrome/120.0.0.0 Safari/537.36"
217.182.203.52 - - [03/Jun/2026:08:58:33 -0400] "GET /wp-login.php HTTP/1.1" 200 1806 "https://bagpackvacation.com/wp-login.php" "Mozilla/5.0 (Windows NT 10.0; Win64; x64) AppleWebKit/537.36 (KHTML, like Gecko) Chrome/120.0.0.0 Safari/537.36"
162.213.253.84 - - [03/Jun/2026:08:58:36 -0400] "POST /wp-cron.php?doing_wp_cron=1780491515.9946670532226562500000 HTTP/1.1" 200 0 "-" "WordPress/7.0; https://www.bagpackvacation.com"
217.182.203.52 - - [03/Jun/2026:08:58:34 -0400] "POST /wp-login.php HTTP/1.1" 200 1905 "https://www.bagpackvacation.com/wp-login.php" "Mozilla/5.0 (Windows NT 10.0; Win64; x64) AppleWebKit/537.36 (KHTML, like Gecko) Chrome/120.0.0.0 Safari/537.36"
159.198.45.42 - - [03/Jun/2026:09:00:46 -0400] "GET / HTTP/1.1" 200 40165 "-" "Mozilla/5.0 (X11; Linux x86_64) AppleWebKit/537.31 (KHTML, like Gecko) Chrome/26.0.1410.63 Safari/537.31"
159.198.45.42 - - [03/Jun/2026:09:00:47 -0400] "GET /wp-content/plugins/woocommerce/ HTTP/1.1" 403 1242 "-" "Mozilla/5.0 (X11; Linux x86_64) AppleWebKit/537.31 (KHTML, like Gecko) Chrome/26.0.1410.63 Safari/537.31"
162.241.152.21 - - [03/Jun/2026:09:01:24 -0400] "GET /wp-login.php HTTP/1.1" 301 795 "-" "Mozilla/5.0 (Windows NT 10.0; Win64; x64; rv:133.0) Gecko/20100101 Firefox/133.0"
162.241.152.21 - - [03/Jun/2026:09:01:25 -0400] "GET /wp-login.php HTTP/1.1" 200 1806 "https://mail.bagpackvacation.com/wp-login.php" "Mozilla/5.0 (Windows NT 10.0; Win64; x64; rv:133.0) Gecko/20100101 Firefox/133.0"
162.213.253.84 - - [03/Jun/2026:09:18:10 -0400] "POST /wp-cron.php?doing_wp_cron=1780492690.8197948932647705078125 HTTP/1.1" 200 0 "-" "WordPress/7.0; https://www.bagpackvacation.com"
162.213.253.84 - - [03/Jun/2026:09:18:11 -0400] "POST /wp-admin/admin-ajax.php?action=async_litespeed&nonce=4wIL6ku4Tao8Eyd4kaR1iUOa8XkIZayx&litespeed_type=imgoptm HTTP/1.1" 200 0 "-" "WordPress/7.0; https://www.bagpackvacation.com"
51.195.63.239 - - [03/Jun/2026:09:26:56 -0400] "GET /wp-login.php HTTP/1.1" 301 795 "-" "Mozilla/5.0 (Windows NT 10.0; Win64; x64) AppleWebKit/537.36 (KHTML, like Gecko) Chrome/120.0.0.0 Safari/537.36"
51.195.63.239 - - [03/Jun/2026:09:27:04 -0400] "GET /wp-login.php HTTP/1.1" 200 1806 "-" "Mozilla/5.0 (Windows NT 10.0; Win64; x64) AppleWebKit/537.36 (KHTML, like Gecko) Chrome/120.0.0.0 Safari/537.36"
51.195.63.239 - - [03/Jun/2026:09:27:04 -0400] "POST /wp-login.php HTTP/1.1" 200 1905 "https://www.bagpackvacation.com/wp-login.php" "Mozilla/5.0 (Windows NT 10.0; Win64; x64) AppleWebKit/537.36 (KHTML, like Gecko) Chrome/120.0.0.0 Safari/537.36"
95.129.101.144 - - [03/Jun/2026:09:21:45 -0400] "GET /3-night-4-days-dubai-holiday-with-burj-khalifa/ HTTP/1.1" 200 25157 "-" "Mozilla/5.0 (compatible; SpiderLing; +https://nlp.fi.muni.cz/projects/biwec/)"
51.195.63.239 - - [03/Jun/2026:09:27:01 -0400] "GET /wp-login.php HTTP/1.1" 200 1806 "https://mail.bagpackvacation.com/wp-login.php" "Mozilla/5.0 (Windows NT 10.0; Win64; x64) AppleWebKit/537.36 (KHTML, like Gecko) Chrome/120.0.0.0 Safari/537.36"
162.213.253.84 - - [03/Jun/2026:09:27:05 -0400] "POST /wp-cron.php?doing_wp_cron=1780493225.4719839096069335937500 HTTP/1.1" 200 0 "-" "WordPress/7.0; https://www.bagpackvacation.com"
162.213.253.84 - - [03/Jun/2026:09:27:07 -0400] "POST /wp-admin/admin-ajax.php?action=async_litespeed&nonce=Y8wOjBADK1FPaHWB9hdzqhh6KrqqjkeC&litespeed_type=imgoptm HTTP/1.1" 200 0 "-" "WordPress/7.0; https://www.bagpackvacation.com"
192.250.239.252 - - [03/Jun/2026:09:31:02 -0400] "GET /wp-login.php HTTP/1.1" 200 1806 "https://mail.bagpackvacation.com/wp-login.php" "Mozilla/5.0 (Windows NT 10.0; Win64; x64) AppleWebKit/537.36 (KHTML, like Gecko) Chrome/133.0.0.0 Safari/537.36 Edg/133.0.0.0"
192.250.239.252 - - [03/Jun/2026:09:30:59 -0400] "GET /wp-login.php HTTP/1.1" 301 795 "-" "Mozilla/5.0 (Windows NT 10.0; Win64; x64) AppleWebKit/537.36 (KHTML, like Gecko) Chrome/133.0.0.0 Safari/537.36 Edg/133.0.0.0"
192.250.239.252 - - [03/Jun/2026:09:31:01 -0400] "GET /wp-login.php HTTP/1.1" 200 1806 "https://mail.bagpackvacation.com/wp-login.php" "Mozilla/5.0 (Windows NT 10.0; Win64; x64) AppleWebKit/537.36 (KHTML, like Gecko) Chrome/133.0.0.0 Safari/537.36 Edg/133.0.0.0"
192.250.239.252 - - [03/Jun/2026:09:31:01 -0400] "POST /wp-login.php HTTP/1.1" 301 795 "https://mail.bagpackvacation.com/wp-login.php" "Mozilla/5.0 (Windows NT 10.0; Win64; x64) AppleWebKit/537.36 (KHTML, like Gecko) Chrome/133.0.0.0 Safari/537.36 Edg/133.0.0.0"
190.2.68.162 - - [03/Jun/2026:09:40:02 -0400] "GET /beauty-of-nature-kerala/ HTTP/1.1" 200 29130 "-" "Mozilla/5.0 (Macintosh; Intel Mac OS X 10_12_6) AppleWebKit/537.36 (KHTML, like Gecko) Brave Chrome/78.0.3904.70 Safari/537.36"
45.61.185.47 - - [03/Jun/2026:09:44:14 -0400] "GET /wp-login.php HTTP/1.1" 200 5935 "-" "Mozilla/5.0 (Macintosh; Intel Mac OS X 10_13_6) AppleWebKit/537.36 (KHTML, like Gecko) Chrome/116.0.0.0 Safari/537.36"
45.61.185.47 - - [03/Jun/2026:09:44:53 -0400] "GET /wp-admin/themes.php HTTP/1.1" 302 0 "-" "python-requests/2.34.2"
45.61.185.47 - - [03/Jun/2026:09:44:58 -0400] "GET /wp-admin/plugin-install.php?tab=upload HTTP/1.1" 301 795 "-" "python-requests/2.34.2"
45.61.185.47 - - [03/Jun/2026:09:44:58 -0400] "GET /wp-admin/plugin-install.php?tab=upload HTTP/1.1" 302 0 "-" "python-requests/2.34.2"
45.61.185.47 - - [03/Jun/2026:09:44:13 -0400] "GET /wp-login.php HTTP/1.1" 301 795 "-" "Mozilla/5.0 (Macintosh; Intel Mac OS X 10_13_6) AppleWebKit/537.36 (KHTML, like Gecko) Chrome/116.0.0.0 Safari/537.36"
45.61.185.47 - - [03/Jun/2026:09:44:48 -0400] "POST /wp-login.php HTTP/1.1" 301 795 "-" "Mozilla/5.0 (Macintosh; Intel Mac OS X 10_13_6) AppleWebKit/537.36 (KHTML, like Gecko) Chrome/116.0.0.0 Safari/537.36"
45.61.185.47 - - [03/Jun/2026:09:44:52 -0400] "GET /wp-login.php HTTP/1.1" 200 5935 "-" "Mozilla/5.0 (Macintosh; Intel Mac OS X 10_13_6) AppleWebKit/537.36 (KHTML, like Gecko) Chrome/116.0.0.0 Safari/537.36"
45.61.185.47 - - [03/Jun/2026:09:44:52 -0400] "GET /wp-admin/themes.php HTTP/1.1" 301 795 "-" "python-requests/2.34.2"
162.213.253.84 - - [03/Jun/2026:09:44:56 -0400] "POST /wp-cron.php?doing_wp_cron=1780494295.2384479045867919921875 HTTP/1.1" 200 0 "-" "WordPress/7.0; https://www.bagpackvacation.com"
45.61.185.47 - - [03/Jun/2026:09:44:56 -0400] "GET /wp-login.php?redirect_to=https%3A%2F%2Fwww.bagpackvacation.com%2Fwp-admin%2Fthemes.php&reauth=1 HTTP/1.1" 200 2046 "-" "python-requests/2.34.2"
162.213.253.84 - - [03/Jun/2026:09:44:57 -0400] "POST /wp-admin/admin-ajax.php?action=async_litespeed&nonce=WyDSg3hHYhz2ZnZbDZgkFbydL034nBfI&litespeed_type=imgoptm HTTP/1.1" 200 0 "-" "WordPress/7.0; https://www.bagpackvacation.com"
45.61.185.47 - - [03/Jun/2026:09:45:00 -0400] "GET /wp-login.php?redirect_to=https%3A%2F%2Fwww.bagpackvacation.com%2Fwp-admin%2Fplugin-install.php%3Ftab%3Dupload&reauth=1 HTTP/1.1" 200 2053 "-" "python-requests/2.34.2"
104.210.140.130 - - [03/Jun/2026:09:45:53 -0400] "GET /robots.txt HTTP/1.1" 200 108 "-" "Mozilla/5.0 (Macintosh; Intel Mac OS X 10_15_7) AppleWebKit/537.36 (KHTML, like Gecko) Chrome/131.0.0.0 Safari/537.36; compatible; OAI-SearchBot/1.0; +https://openai.com/searchbot"
66.249.79.163 - - [03/Jun/2026:09:46:21 -0400] "GET /robots.txt HTTP/1.1" 301 795 "-" "Mozilla/5.0 (compatible; Googlebot/2.1; +http://www.google.com/bot.html)"
66.249.79.229 - - [03/Jun/2026:09:46:21 -0400] "GET /robots.txt HTTP/1.1" 200 108 "-" "Mozilla/5.0 (compatible; Googlebot/2.1; +http://www.google.com/bot.html)"
162.213.253.84 - - [03/Jun/2026:09:47:13 -0400] "POST /wp-cron.php?doing_wp_cron=1780494433.3878350257873535156250 HTTP/1.1" 200 0 "-" "WordPress/7.0; https://www.bagpackvacation.com"
162.213.253.84 - - [03/Jun/2026:09:47:14 -0400] "POST /wp-admin/admin-ajax.php?action=async_litespeed&nonce=o4qiTbnJi7PRCGxM7NpTi3qp8YEXRU0J&litespeed_type=imgoptm HTTP/1.1" 200 0 "-" "WordPress/7.0; https://www.bagpackvacation.com"
209.74.67.111 - - [03/Jun/2026:09:48:35 -0400] "GET /wp-login.php HTTP/1.1" 301 795 "-" "Mozilla/5.0 (Windows NT 10.0; Win64; x64) AppleWebKit/537.36 (KHTML, like Gecko) Chrome/120.0.0.0 Safari/537.36"
192.250.229.42 - - [03/Jun/2026:09:53:06 -0400] "GET /wp-login.php HTTP/1.1" 200 1806 "-" "Mozilla/5.0 (Windows NT 10.0; Win64; x64) AppleWebKit/537.36 (KHTML, like Gecko) Chrome/120.0.0.0 Safari/537.36"
162.213.253.84 - - [03/Jun/2026:09:53:12 -0400] "POST /wp-cron.php?doing_wp_cron=1780494792.6319301128387451171875 HTTP/1.1" 200 0 "-" "WordPress/7.0; https://www.bagpackvacation.com"
162.213.253.84 - - [03/Jun/2026:09:53:14 -0400] "POST /wp-admin/admin-ajax.php?action=async_litespeed&nonce=TSU5Sd89rsYQLTc6zbeEvUh32dxWmC3w&litespeed_type=imgoptm HTTP/1.1" 200 0 "-" "WordPress/7.0; https://www.bagpackvacation.com"
162.213.253.84 - - [03/Jun/2026:09:53:15 -0400] "POST /wp-admin/admin-ajax.php?action=wp_1_wc_privacy_cleanup&nonce=dbccb2feda HTTP/1.1" 200 0 "-" "WordPress/7.0; https://www.bagpackvacation.com"
110.249.202.119 - - [03/Jun/2026:09:56:01 -0400] "GET /robots.txt HTTP/1.1" 200 129 "-" "Mozilla/5.0 (Linux; Android 5.0) AppleWebKit/537.36 (KHTML, like Gecko) Mobile Safari/537.36 (compatible; Bytespider; https://zhanzhang.toutiao.com/)"
185.61.154.206 - - [03/Jun/2026:10:02:34 -0400] "GET /wp-login.php HTTP/1.1" 200 1806 "-" "Mozilla/5.0 (Windows NT 10.0; Win64; x64) AppleWebKit/537.36 (KHTML, like Gecko) Chrome/120.0.0.0 Safari/537.36"
162.213.253.84 - - [03/Jun/2026:10:02:35 -0400] "POST /wp-cron.php?doing_wp_cron=1780495355.4690060615539550781250 HTTP/1.1" 200 0 "-" "WordPress/7.0; https://www.bagpackvacation.com"
162.213.253.84 - - [03/Jun/2026:10:02:36 -0400] "POST /wp-admin/admin-ajax.php?action=async_litespeed&nonce=eNrcPuu1URvTz9S9MHVBd4DVi5ViiixC&litespeed_type=imgoptm HTTP/1.1" 200 0 "-" "WordPress/7.0; https://www.bagpackvacation.com"
46.36.36.119 - - [03/Jun/2026:09:47:11 -0400] "GET /wp-login.php HTTP/1.1" 200 1806 "-" "Mozilla/5.0 (Windows NT 10.0; Win64; x64) AppleWebKit/537.36 (KHTML, like Gecko) Chrome/120.0.0.0 Safari/537.36"
46.36.36.119 - - [03/Jun/2026:09:47:12 -0400] "POST /wp-login.php HTTP/1.1" 200 1905 "https://www.bagpackvacation.com/wp-login.php" "Mozilla/5.0 (Windows NT 10.0; Win64; x64) AppleWebKit/537.36 (KHTML, like Gecko) Chrome/120.0.0.0 Safari/537.36"
192.250.229.42 - - [03/Jun/2026:09:53:11 -0400] "POST /wp-login.php HTTP/1.1" 200 1905 "https://www.bagpackvacation.com/wp-login.php" "Mozilla/5.0 (Windows NT 10.0; Win64; x64) AppleWebKit/537.36 (KHTML, like Gecko) Chrome/120.0.0.0 Safari/537.36"
185.61.154.206 - - [03/Jun/2026:10:02:32 -0400] "GET /wp-login.php HTTP/1.1" 301 795 "-" "Mozilla/5.0 (Windows NT 10.0; Win64; x64) AppleWebKit/537.36 (KHTML, like Gecko) Chrome/120.0.0.0 Safari/537.36"
185.61.154.206 - - [03/Jun/2026:10:02:33 -0400] "GET /wp-login.php HTTP/1.1" 200 1806 "https://bagpackvacation.com/wp-login.php" "Mozilla/5.0 (Windows NT 10.0; Win64; x64) AppleWebKit/537.36 (KHTML, like Gecko) Chrome/120.0.0.0 Safari/537.36"
185.61.154.206 - - [03/Jun/2026:10:02:34 -0400] "POST /wp-login.php HTTP/1.1" 200 1905 "https://www.bagpackvacation.com/wp-login.php" "Mozilla/5.0 (Windows NT 10.0; Win64; x64) AppleWebKit/537.36 (KHTML, like Gecko) Chrome/120.0.0.0 Safari/537.36"
192.249.121.181 - - [03/Jun/2026:10:18:30 -0400] "GET /wp-login.php HTTP/1.1" 301 795 "-" "Mozilla/5.0 (Windows NT 10.0; Win64; x64) AppleWebKit/537.36 (KHTML, like Gecko) Chrome/120.0.0.0 Safari/537.36"
192.249.121.181 - - [03/Jun/2026:10:18:30 -0400] "GET /wp-login.php HTTP/1.1" 200 1806 "https://mail.bagpackvacation.com/wp-login.php" "Mozilla/5.0 (Windows NT 10.0; Win64; x64) AppleWebKit/537.36 (KHTML, like Gecko) Chrome/120.0.0.0 Safari/537.36"
192.249.121.181 - - [03/Jun/2026:10:18:31 -0400] "GET /wp-login.php HTTP/1.1" 200 1806 "-" "Mozilla/5.0 (Windows NT 10.0; Win64; x64) AppleWebKit/537.36 (KHTML, like Gecko) Chrome/120.0.0.0 Safari/537.36"
162.213.253.84 - - [03/Jun/2026:10:18:33 -0400] "POST /wp-cron.php?doing_wp_cron=1780496312.9971311092376708984375 HTTP/1.1" 200 0 "-" "WordPress/7.0; https://www.bagpackvacation.com"
43.157.188.74 - - [03/Jun/2026:10:05:31 -0400] "GET / HTTP/1.1" 200 40165 "http://bagpackvacation.com" "Mozilla/5.0 (iPhone; CPU iPhone OS 13_2_3 like Mac OS X) AppleWebKit/605.1.15 (KHTML, like Gecko) Version/13.0.3 Mobile/15E148 Safari/604.1"
192.249.121.181 - - [03/Jun/2026:10:18:31 -0400] "POST /wp-login.php HTTP/1.1" 200 1905 "https://www.bagpackvacation.com/wp-login.php" "Mozilla/5.0 (Windows NT 10.0; Win64; x64) AppleWebKit/537.36 (KHTML, like Gecko) Chrome/120.0.0.0 Safari/537.36"
162.213.253.84 - - [03/Jun/2026:10:18:34 -0400] "POST /wp-admin/admin-ajax.php?action=async_litespeed&nonce=te7fMQWnZJD5SDlFLhljewWoFWjxqLHW&litespeed_type=imgoptm HTTP/1.1" 200 0 "-" "WordPress/7.0; https://www.bagpackvacation.com"
76.74.150.109 - - [03/Jun/2026:10:28:28 -0400] "GET /wp-login.php HTTP/1.1" 200 1806 "-" "Mozilla/5.0 (Windows NT 10.0; Win64; x64) AppleWebKit/537.36 (KHTML, like Gecko) Chrome/120.0.0.0 Safari/537.36"
162.213.253.84 - - [03/Jun/2026:10:28:29 -0400] "POST /wp-cron.php?doing_wp_cron=1780496909.7176609039306640625000 HTTP/1.1" 200 0 "-" "WordPress/7.0; https://www.bagpackvacation.com"
162.213.253.84 - - [03/Jun/2026:10:28:30 -0400] "POST /wp-admin/admin-ajax.php?action=async_litespeed&nonce=nbPQXapmdM8uPaEiLZgeE7FZGmhJPOUF&litespeed_type=imgoptm HTTP/1.1" 200 0 "-" "WordPress/7.0; https://www.bagpackvacation.com"
88.216.68.235 - - [03/Jun/2026:10:35:29 -0400] "GET / HTTP/1.1" 200 254241 "http://bagpackvacation.com/" "Mozilla/5.0 (Windows NT 10.0; Win64; x64) AppleWebKit/537.36 (KHTML, like Gecko) Chrome/91.0.4472.124 Safari/537.36"
88.216.68.235 - - [03/Jun/2026:10:35:34 -0400] "GET / HTTP/1.1" 200 254241 "-" "Mozilla/5.0 (Windows NT 10.0; Win64; x64) AppleWebKit/537.36 (KHTML, like Gecko) Chrome/91.0.4472.124 Safari/537.36"
88.216.68.235 - - [03/Jun/2026:10:35:34 -0400] "GET /shimla-tour-packages/ HTTP/1.1" 200 147432 "-" "Mozilla/5.0 (Windows NT 10.0; Win64; x64) AppleWebKit/537.36 (KHTML, like Gecko) Chrome/91.0.4472.124 Safari/537.36"
88.216.68.235 - - [03/Jun/2026:10:35:34 -0400] "GET /bali-tour-packages/ HTTP/1.1" 200 146369 "-" "Mozilla/5.0 (Windows NT 10.0; Win64; x64) AppleWebKit/537.36 (KHTML, like Gecko) Chrome/91.0.4472.124 Safari/537.36"
88.216.68.235 - - [03/Jun/2026:10:35:34 -0400] "GET /malaysia-tour-packages/ HTTP/1.1" 200 165633 "-" "Mozilla/5.0 (Windows NT 10.0; Win64; x64) AppleWebKit/537.36 (KHTML, like Gecko) Chrome/91.0.4472.124 Safari/537.36"
88.216.68.235 - - [03/Jun/2026:10:35:34 -0400] "GET /dubai-tour-packages/ HTTP/1.1" 200 158025 "-" "Mozilla/5.0 (Windows NT 10.0; Win64; x64) AppleWebKit/537.36 (KHTML, like Gecko) Chrome/91.0.4472.124 Safari/537.36"
88.216.68.235 - - [03/Jun/2026:10:35:34 -0400] "GET /beautiful-shimla-2-night-3-days/ HTTP/1.1" 200 149143 "-" "Mozilla/5.0 (Windows NT 10.0; Win64; x64) AppleWebKit/537.36 (KHTML, like Gecko) Chrome/91.0.4472.124 Safari/537.36"
88.216.68.235 - - [03/Jun/2026:10:35:34 -0400] "GET /romantic-sikkim-delight-with-gangtok-darjeeling-pelling/ HTTP/1.1" 200 152102 "-" "Mozilla/5.0 (Windows NT 10.0; Win64; x64) AppleWebKit/537.36 (KHTML, like Gecko) Chrome/91.0.4472.124 Safari/537.36"
88.216.68.235 - - [03/Jun/2026:10:35:35 -0400] "GET /ooty-tour-packages/ HTTP/1.1" 200 145870 "-" "Mozilla/5.0 (Windows NT 10.0; Win64; x64) AppleWebKit/537.36 (KHTML, like Gecko) Chrome/91.0.4472.124 Safari/537.36"
88.216.68.235 - - [03/Jun/2026:10:35:35 -0400] "GET /nainital-corbett-special-3-night-4-days/ HTTP/1.1" 200 153646 "-" "Mozilla/5.0 (Windows NT 10.0; Win64; x64) AppleWebKit/537.36 (KHTML, like Gecko) Chrome/91.0.4472.124 Safari/537.36"
88.216.68.235 - - [03/Jun/2026:10:35:35 -0400] "GET /jim-corbett-tour-packages/ HTTP/1.1" 200 147338 "-" "Mozilla/5.0 (Windows NT 10.0; Win64; x64) AppleWebKit/537.36 (KHTML, like Gecko) Chrome/91.0.4472.124 Safari/537.36"
88.216.68.235 - - [03/Jun/2026:10:35:35 -0400] "GET /beauty-of-nature-kerala/ HTTP/1.1" 200 148854 "-" "Mozilla/5.0 (Windows NT 10.0; Win64; x64) AppleWebKit/537.36 (KHTML, like Gecko) Chrome/91.0.4472.124 Safari/537.36"
88.216.68.235 - - [03/Jun/2026:10:35:35 -0400] "GET /romantic-goa-with-dudh-sagar-waterfall-4-night-5-days/ HTTP/1.1" 200 148993 "-" "Mozilla/5.0 (Windows NT 10.0; Win64; x64) AppleWebKit/537.36 (KHTML, like Gecko) Chrome/91.0.4472.124 Safari/537.36"
88.216.68.235 - - [03/Jun/2026:10:35:35 -0400] "GET /sri-lanka-tour-packages/ HTTP/1.1" 200 146377 "-" "Mozilla/5.0 (Windows NT 10.0; Win64; x64) AppleWebKit/537.36 (KHTML, like Gecko) Chrome/91.0.4472.124 Safari/537.36"
88.216.68.235 - - [03/Jun/2026:10:35:35 -0400] "GET /maldives-tour-packages/ HTTP/1.1" 200 165042 "-" "Mozilla/5.0 (Windows NT 10.0; Win64; x64) AppleWebKit/537.36 (KHTML, like Gecko) Chrome/91.0.4472.124 Safari/537.36"
76.74.150.109 - - [03/Jun/2026:10:28:28 -0400] "POST /wp-login.php HTTP/1.1" 200 1905 "https://www.bagpackvacation.com/wp-login.php" "Mozilla/5.0 (Windows NT 10.0; Win64; x64) AppleWebKit/537.36 (KHTML, like Gecko) Chrome/120.0.0.0 Safari/537.36"
88.216.68.235 - - [03/Jun/2026:10:35:34 -0400] "GET /contact-us/ HTTP/1.1" 200 128170 "-" "Mozilla/5.0 (Windows NT 10.0; Win64; x64) AppleWebKit/537.36 (KHTML, like Gecko) Chrome/91.0.4472.124 Safari/537.36"
88.216.68.235 - - [03/Jun/2026:10:35:34 -0400] "GET /kashmir/ HTTP/1.1" 200 147170 "-" "Mozilla/5.0 (Windows NT 10.0; Win64; x64) AppleWebKit/537.36 (KHTML, like Gecko) Chrome/91.0.4472.124 Safari/537.36"
88.216.68.235 - - [03/Jun/2026:10:35:34 -0400] "GET /mauritius-tour-packages/ HTTP/1.1" 200 146298 "-" "Mozilla/5.0 (Windows NT 10.0; Win64; x64) AppleWebKit/537.36 (KHTML, like Gecko) Chrome/91.0.4472.124 Safari/537.36"
88.216.68.235 - - [03/Jun/2026:10:35:34 -0400] "GET /explore-kullu-with-manali-4-nights-5-days/ HTTP/1.1" 200 151933 "-" "Mozilla/5.0 (Windows NT 10.0; Win64; x64) AppleWebKit/537.36 (KHTML, like Gecko) Chrome/91.0.4472.124 Safari/537.36"
88.216.68.235 - - [03/Jun/2026:10:35:34 -0400] "GET /andaman/ HTTP/1.1" 200 145559 "-" "Mozilla/5.0 (Windows NT 10.0; Win64; x64) AppleWebKit/537.36 (KHTML, like Gecko) Chrome/91.0.4472.124 Safari/537.36"
88.216.68.235 - - [03/Jun/2026:10:35:34 -0400] "GET /goa-tour-packages/ HTTP/1.1" 200 137783 "-" "Mozilla/5.0 (Windows NT 10.0; Win64; x64) AppleWebKit/537.36 (KHTML, like Gecko) Chrome/91.0.4472.124 Safari/537.36"
88.216.68.235 - - [03/Jun/2026:10:35:34 -0400] "GET /terms-conditions-with-cancellation-policy/ HTTP/1.1" 200 126971 "-" "Mozilla/5.0 (Windows NT 10.0; Win64; x64) AppleWebKit/537.36 (KHTML, like Gecko) Chrome/91.0.4472.124 Safari/537.36"
88.216.68.235 - - [03/Jun/2026:10:35:34 -0400] "GET /kerala-tour-packages/ HTTP/1.1" 200 146995 "-" "Mozilla/5.0 (Windows NT 10.0; Win64; x64) AppleWebKit/537.36 (KHTML, like Gecko) Chrome/91.0.4472.124 Safari/537.36"
88.216.68.235 - - [03/Jun/2026:10:35:34 -0400] "GET /honeymoon-wow-andaman-5-nights-6-days/ HTTP/1.1" 200 152835 "-" "Mozilla/5.0 (Windows NT 10.0; Win64; x64) AppleWebKit/537.36 (KHTML, like Gecko) Chrome/91.0.4472.124 Safari/537.36"
88.216.68.235 - - [03/Jun/2026:10:35:34 -0400] "GET /north-east-tour-packages/ HTTP/1.1" 200 145799 "-" "Mozilla/5.0 (Windows NT 10.0; Win64; x64) AppleWebKit/537.36 (KHTML, like Gecko) Chrome/91.0.4472.124 Safari/537.36"
88.216.68.235 - - [03/Jun/2026:10:35:36 -0400] "GET /about-us/ HTTP/1.1" 200 126040 "-" "Mozilla/5.0 (Windows NT 10.0; Win64; x64) AppleWebKit/537.36 (KHTML, like Gecko) Chrome/91.0.4472.124 Safari/537.36"
88.216.68.235 - - [03/Jun/2026:10:35:36 -0400] "GET /thailand-tour-packages/ HTTP/1.1" 200 170564 "-" "Mozilla/5.0 (Windows NT 10.0; Win64; x64) AppleWebKit/537.36 (KHTML, like Gecko) Chrome/91.0.4472.124 Safari/537.36"
88.216.68.235 - - [03/Jun/2026:10:35:36 -0400] "GET /singapore-tour-packages/ HTTP/1.1" 200 165184 "-" "Mozilla/5.0 (Windows NT 10.0; Win64; x64) AppleWebKit/537.36 (KHTML, like Gecko) Chrome/91.0.4472.124 Safari/537.36"
88.216.68.235 - - [03/Jun/2026:10:35:36 -0400] "GET /travel-insurance/ HTTP/1.1" 200 119567 "-" "Mozilla/5.0 (Windows NT 10.0; Win64; x64) AppleWebKit/537.36 (KHTML, like Gecko) Chrome/91.0.4472.124 Safari/537.36"
88.216.68.235 - - [03/Jun/2026:10:35:37 -0400] "GET /relaxing-shimla-with-narkanda-3-night-4-days/ HTTP/1.1" 200 151534 "-" "Mozilla/5.0 (Windows NT 10.0; Win64; x64) AppleWebKit/537.36 (KHTML, like Gecko) Chrome/91.0.4472.124 Safari/537.36"
88.216.68.235 - - [03/Jun/2026:10:35:37 -0400] "GET /category/uncategorized/ HTTP/1.1" 200 101724 "-" "Mozilla/5.0 (Windows NT 10.0; Win64; x64) AppleWebKit/537.36 (KHTML, like Gecko) Chrome/91.0.4472.124 Safari/537.36"
88.216.68.235 - - [03/Jun/2026:10:35:37 -0400] "GET /4-nights-05-days-best-holiday-package-for-malaysia/ HTTP/1.1" 200 151778 "-" "Mozilla/5.0 (Windows NT 10.0; Win64; x64) AppleWebKit/537.36 (KHTML, like Gecko) Chrome/91.0.4472.124 Safari/537.36"
88.216.68.235 - - [03/Jun/2026:10:35:37 -0400] "GET /5-night-6-days-malaysia-family-tour/ HTTP/1.1" 200 153528 "-" "Mozilla/5.0 (Windows NT 10.0; Win64; x64) AppleWebKit/537.36 (KHTML, like Gecko) Chrome/91.0.4472.124 Safari/537.36"
88.216.68.235 - - [03/Jun/2026:10:35:37 -0400] "GET /romantic-kashmir-4-night-5-days/ HTTP/1.1" 200 151600 "-" "Mozilla/5.0 (Windows NT 10.0; Win64; x64) AppleWebKit/537.36 (KHTML, like Gecko) Chrome/91.0.4472.124 Safari/537.36"
88.216.68.235 - - [03/Jun/2026:10:35:37 -0400] "GET /5-night-6-days-bali-fully-loaded-with-split-stay/ HTTP/1.1" 200 157570 "-" "Mozilla/5.0 (Windows NT 10.0; Win64; x64) AppleWebKit/537.36 (KHTML, like Gecko) Chrome/91.0.4472.124 Safari/537.36"
88.216.68.235 - - [03/Jun/2026:10:35:37 -0400] "GET /4-night-5-days-best-of-bali-package/ HTTP/1.1" 200 153039 "-" "Mozilla/5.0 (Windows NT 10.0; Win64; x64) AppleWebKit/537.36 (KHTML, like Gecko) Chrome/91.0.4472.124 Safari/537.36"
88.216.68.235 - - [03/Jun/2026:10:35:37 -0400] "GET /exotic-andaman-4-nights-5-days/ HTTP/1.1" 200 149485 "-" "Mozilla/5.0 (Windows NT 10.0; Win64; x64) AppleWebKit/537.36 (KHTML, like Gecko) Chrome/91.0.4472.124 Safari/537.36"
88.216.68.235 - - [03/Jun/2026:10:35:37 -0400] "GET /romantic-dazzling-ooty-mysore-4-night-5-days/ HTTP/1.1" 200 144944 "-" "Mozilla/5.0 (Windows NT 10.0; Win64; x64) AppleWebKit/537.36 (KHTML, like Gecko) Chrome/91.0.4472.124 Safari/537.36"
88.216.68.235 - - [03/Jun/2026:10:35:37 -0400] "GET /dazzling-ooty-mysore-coorg-5-night-6-days/ HTTP/1.1" 200 146320 "-" "Mozilla/5.0 (Windows NT 10.0; Win64; x64) AppleWebKit/537.36 (KHTML, like Gecko) Chrome/91.0.4472.124 Safari/537.36"
88.216.68.235 - - [03/Jun/2026:10:35:37 -0400] "GET /explore-manali-3-night-4-days/ HTTP/1.1" 200 149547 "-" "Mozilla/5.0 (Windows NT 10.0; Win64; x64) AppleWebKit/537.36 (KHTML, like Gecko) Chrome/91.0.4472.124 Safari/537.36"
88.216.68.235 - - [03/Jun/2026:10:35:37 -0400] "GET /fun-with-family-in-goa/ HTTP/1.1" 200 147172 "-" "Mozilla/5.0 (Windows NT 10.0; Win64; x64) AppleWebKit/537.36 (KHTML, like Gecko) Chrome/91.0.4472.124 Safari/537.36"
162.213.253.84 - - [03/Jun/2026:10:35:38 -0400] "POST /wp-cron.php?doing_wp_cron=1780497338.1632521152496337890625 HTTP/1.1" 200 0 "-" "WordPress/7.0; https://www.bagpackvacation.com"
88.216.68.235 - - [03/Jun/2026:10:35:38 -0400] "GET /romantic-nainital-corbett-special-2-night-3-days/ HTTP/1.1" 200 152508 "-" "Mozilla/5.0 (Windows NT 10.0; Win64; x64) AppleWebKit/537.36 (KHTML, like Gecko) Chrome/91.0.4472.124 Safari/537.36"
88.216.68.235 - - [03/Jun/2026:10:35:39 -0400] "GET /5-night-6-days-splendours-of-sri-lanka-package/ HTTP/1.1" 200 152229 "-" "Mozilla/5.0 (Windows NT 10.0; Win64; x64) AppleWebKit/537.36 (KHTML, like Gecko) Chrome/91.0.4472.124 Safari/537.36"
88.216.68.235 - - [03/Jun/2026:10:35:39 -0400] "GET /6-night-7-days-sri-lanka-package/ HTTP/1.1" 200 154806 "-" "Mozilla/5.0 (Windows NT 10.0; Win64; x64) AppleWebKit/537.36 (KHTML, like Gecko) Chrome/91.0.4472.124 Safari/537.36"
88.216.68.235 - - [03/Jun/2026:10:35:39 -0400] "GET /4-night-5-days-maldives/ HTTP/1.1" 200 141008 "-" "Mozilla/5.0 (Windows NT 10.0; Win64; x64) AppleWebKit/537.36 (KHTML, like Gecko) Chrome/91.0.4472.124 Safari/537.36"
88.216.68.235 - - [03/Jun/2026:10:35:39 -0400] "GET /3-night-4-days-exotic-maldives/ HTTP/1.1" 200 141331 "-" "Mozilla/5.0 (Windows NT 10.0; Win64; x64) AppleWebKit/537.36 (KHTML, like Gecko) Chrome/91.0.4472.124 Safari/537.36"
88.216.68.235 - - [03/Jun/2026:10:35:39 -0400] "GET /5-night-6-days-maldives-romantic-package/ HTTP/1.1" 200 141500 "-" "Mozilla/5.0 (Windows NT 10.0; Win64; x64) AppleWebKit/537.36 (KHTML, like Gecko) Chrome/91.0.4472.124 Safari/537.36"
88.216.68.235 - - [03/Jun/2026:10:35:39 -0400] "GET /3-night-4-days-spectacular-maldives-tour-package/ HTTP/1.1" 200 141653 "-" "Mozilla/5.0 (Windows NT 10.0; Win64; x64) AppleWebKit/537.36 (KHTML, like Gecko) Chrome/91.0.4472.124 Safari/537.36"
88.216.68.235 - - [03/Jun/2026:10:35:35 -0400] "GET /manali-tour-packages/ HTTP/1.1" 200 146071 "-" "Mozilla/5.0 (Windows NT 10.0; Win64; x64) AppleWebKit/537.36 (KHTML, like Gecko) Chrome/91.0.4472.124 Safari/537.36"
88.216.68.235 - - [03/Jun/2026:10:35:36 -0400] "GET /3-night-4-days-malaysia-weekend-getaway/ HTTP/1.1" 200 149476 "-" "Mozilla/5.0 (Windows NT 10.0; Win64; x64) AppleWebKit/537.36 (KHTML, like Gecko) Chrome/91.0.4472.124 Safari/537.36"
88.216.68.235 - - [03/Jun/2026:10:35:37 -0400] "GET /4-nights-05-days-idyllic-malaysia-tour-package/ HTTP/1.1" 200 154430 "-" "Mozilla/5.0 (Windows NT 10.0; Win64; x64) AppleWebKit/537.36 (KHTML, like Gecko) Chrome/91.0.4472.124 Safari/537.36"
88.216.68.235 - - [03/Jun/2026:10:35:37 -0400] "GET /4-night-5-days-mauritius-loaded/ HTTP/1.1" 200 152984 "-" "Mozilla/5.0 (Windows NT 10.0; Win64; x64) AppleWebKit/537.36 (KHTML, like Gecko) Chrome/91.0.4472.124 Safari/537.36"
88.216.68.235 - - [03/Jun/2026:10:35:37 -0400] "GET /6-night-7-days-luxury-honeymoon-package/ HTTP/1.1" 200 156210 "-" "Mozilla/5.0 (Windows NT 10.0; Win64; x64) AppleWebKit/537.36 (KHTML, like Gecko) Chrome/91.0.4472.124 Safari/537.36"
88.216.68.235 - - [03/Jun/2026:10:35:37 -0400] "GET /5-night-6-days-spectacular-mauritius-with-casela-bird-park/ HTTP/1.1" 200 157471 "-" "Mozilla/5.0 (Windows NT 10.0; Win64; x64) AppleWebKit/537.36 (KHTML, like Gecko) Chrome/91.0.4472.124 Safari/537.36"
88.216.68.235 - - [03/Jun/2026:10:35:37 -0400] "GET /3-night-4-days-dubai-holiday-with-burj-khalifa/ HTTP/1.1" 200 151031 "-" "Mozilla/5.0 (Windows NT 10.0; Win64; x64) AppleWebKit/537.36 (KHTML, like Gecko) Chrome/91.0.4472.124 Safari/537.36"
88.216.68.235 - - [03/Jun/2026:10:35:37 -0400] "GET /3-night-4-days-dubai-weekend-getaway/ HTTP/1.1" 200 149791 "-" "Mozilla/5.0 (Windows NT 10.0; Win64; x64) AppleWebKit/537.36 (KHTML, like Gecko) Chrome/91.0.4472.124 Safari/537.36"
88.216.68.235 - - [03/Jun/2026:10:35:37 -0400] "GET /4-night-5-days-family-special-dubai-holiday/ HTTP/1.1" 200 153446 "-" "Mozilla/5.0 (Windows NT 10.0; Win64; x64) AppleWebKit/537.36 (KHTML, like Gecko) Chrome/91.0.4472.124 Safari/537.36"
88.216.68.235 - - [03/Jun/2026:10:35:37 -0400] "GET /4-night-5-days-dubai-super-saver-holiday/ HTTP/1.1" 200 151181 "-" "Mozilla/5.0 (Windows NT 10.0; Win64; x64) AppleWebKit/537.36 (KHTML, like Gecko) Chrome/91.0.4472.124 Safari/537.36"
88.216.68.235 - - [03/Jun/2026:10:35:37 -0400] "GET /3-night-4-days-bali-loaded/ HTTP/1.1" 200 152026 "-" "Mozilla/5.0 (Windows NT 10.0; Win64; x64) AppleWebKit/537.36 (KHTML, like Gecko) Chrome/91.0.4472.124 Safari/537.36"
88.216.68.235 - - [03/Jun/2026:10:35:37 -0400] "GET /4-night-5-days-best-of-bali-with-split-stay/ HTTP/1.1" 200 154536 "-" "Mozilla/5.0 (Windows NT 10.0; Win64; x64) AppleWebKit/537.36 (KHTML, like Gecko) Chrome/91.0.4472.124 Safari/537.36"
88.216.68.235 - - [03/Jun/2026:10:35:35 -0400] "GET /fun-with-family-in-kashmir-5-night-6-days/ HTTP/1.1" 200 153260 "-" "Mozilla/5.0 (Windows NT 10.0; Win64; x64) AppleWebKit/537.36 (KHTML, like Gecko) Chrome/91.0.4472.124 Safari/537.36"
88.216.68.235 - - [03/Jun/2026:10:35:38 -0400] "GET /3-night-4-days-sri-lanka-loaded/ HTTP/1.1" 200 150123 "-" "Mozilla/5.0 (Windows NT 10.0; Win64; x64) AppleWebKit/537.36 (KHTML, like Gecko) Chrome/91.0.4472.124 Safari/537.36"
88.216.68.235 - - [03/Jun/2026:10:35:38 -0400] "GET /4-night-5-days-soothing-sri-lanka-package/ HTTP/1.1" 200 149039 "-" "Mozilla/5.0 (Windows NT 10.0; Win64; x64) AppleWebKit/537.36 (KHTML, like Gecko) Chrome/91.0.4472.124 Safari/537.36"
88.216.68.235 - - [03/Jun/2026:10:35:38 -0400] "GET /4-night-5-days-singapore-honeymoon-special-2/ HTTP/1.1" 200 157980 "-" "Mozilla/5.0 (Windows NT 10.0; Win64; x64) AppleWebKit/537.36 (KHTML, like Gecko) Chrome/91.0.4472.124 Safari/537.36"
88.216.68.235 - - [03/Jun/2026:10:35:38 -0400] "GET /3-night-4-days-singapore-weekend-getaway/ HTTP/1.1" 200 154552 "-" "Mozilla/5.0 (Windows NT 10.0; Win64; x64) AppleWebKit/537.36 (KHTML, like Gecko) Chrome/91.0.4472.124 Safari/537.36"
88.216.68.235 - - [03/Jun/2026:10:35:39 -0400] "GET /4-night-5-days-singapore-honeymoon-special/ HTTP/1.1" 200 156923 "-" "Mozilla/5.0 (Windows NT 10.0; Win64; x64) AppleWebKit/537.36 (KHTML, like Gecko) Chrome/91.0.4472.124 Safari/537.36"
88.216.68.235 - - [03/Jun/2026:10:35:39 -0400] "GET /4-night-5-days-singapore-family-special/ HTTP/1.1" 200 158579 "-" "Mozilla/5.0 (Windows NT 10.0; Win64; x64) AppleWebKit/537.36 (KHTML, like Gecko) Chrome/91.0.4472.124 Safari/537.36"
88.216.68.235 - - [03/Jun/2026:10:35:37 -0400] "GET /6-night-7-days-magical-mauritius-package/ HTTP/1.1" 200 158614 "-" "Mozilla/5.0 (Windows NT 10.0; Win64; x64) AppleWebKit/537.36 (KHTML, like Gecko) Chrome/91.0.4472.124 Safari/537.36"
88.216.68.235 - - [03/Jun/2026:10:35:39 -0400] "GET /4-night-5-days-best-holiday-package-for-bangkok-pattaya/ HTTP/1.1" 200 153582 "-" "Mozilla/5.0 (Windows NT 10.0; Win64; x64) AppleWebKit/537.36 (KHTML, like Gecko) Chrome/91.0.4472.124 Safari/537.36"
88.216.68.235 - - [03/Jun/2026:10:35:39 -0400] "GET /sikkim-delight-with-gangtok-darjeeling/ HTTP/1.1" 200 148854 "-" "Mozilla/5.0 (Windows NT 10.0; Win64; x64) AppleWebKit/537.36 (KHTML, like Gecko) Chrome/91.0.4472.124 Safari/537.36"
162.213.253.84 - - [03/Jun/2026:10:35:39 -0400] "POST /wp-admin/admin-ajax.php?action=async_litespeed&nonce=6rpifu0ybkq2U5q0emyQIVJGsRNlzNjY&litespeed_type=imgoptm HTTP/1.1" 200 0 "-" "WordPress/7.0; https://www.bagpackvacation.com"
50.6.231.19 - - [03/Jun/2026:10:36:17 -0400] "GET /wp-login.php HTTP/1.1" 200 1806 "-" "Mozilla/5.0 (Macintosh; Intel Mac OS X 14_7_4) AppleWebKit/537.36 (KHTML, like Gecko) Chrome/133.0.0.0 Safari/537.36"
162.213.253.84 - - [03/Jun/2026:10:36:24 -0400] "POST /wp-cron.php?doing_wp_cron=1780497384.2568058967590332031250 HTTP/1.1" 200 0 "-" "WordPress/7.0; https://www.bagpackvacation.com"
50.6.231.19 - admin [03/Jun/2026:10:36:22 -0400] "GET /wp-json/wp/v2/users/me HTTP/1.1" 401 96 "-" "Mozilla/5.0 (Macintosh; Intel Mac OS X 14_7_4) AppleWebKit/537.36 (KHTML, like Gecko) Chrome/133.0.0.0 Safari/537.36"
88.216.68.235 - - [03/Jun/2026:10:35:39 -0400] "GET /3-night-4-days-thailand-pattaya-weekend-getaway/ HTTP/1.1" 200 148762 "-" "Mozilla/5.0 (Windows NT 10.0; Win64; x64) AppleWebKit/537.36 (KHTML, like Gecko) Chrome/91.0.4472.124 Safari/537.36"
198.244.228.164 - - [03/Jun/2026:10:37:51 -0400] "GET /wp-login.php HTTP/1.1" 301 795 "-" "Mozilla/5.0 (Windows NT 10.0; Win64; x64) AppleWebKit/537.36 (KHTML, like Gecko) Chrome/120.0.0.0 Safari/537.36"
198.244.228.164 - - [03/Jun/2026:10:38:01 -0400] "GET /wp-login.php HTTP/1.1" 200 1806 "https://mail.bagpackvacation.com/wp-login.php" "Mozilla/5.0 (Windows NT 10.0; Win64; x64) AppleWebKit/537.36 (KHTML, like Gecko) Chrome/120.0.0.0 Safari/537.36"
198.244.228.164 - - [03/Jun/2026:10:38:03 -0400] "GET /wp-login.php HTTP/1.1" 200 1806 "-" "Mozilla/5.0 (Windows NT 10.0; Win64; x64) AppleWebKit/537.36 (KHTML, like Gecko) Chrome/120.0.0.0 Safari/537.36"
192.250.229.42 - - [03/Jun/2026:10:50:33 -0400] "GET /wp-login.php HTTP/1.1" 301 795 "-" "Mozilla/5.0 (Windows NT 10.0; Win64; x64) AppleWebKit/537.36 (KHTML, like Gecko) Chrome/120.0.0.0 Safari/537.36"
162.213.253.84 - - [03/Jun/2026:10:38:13 -0400] "POST /wp-cron.php?doing_wp_cron=1780497493.2968080043792724609375 HTTP/1.1" 200 0 "-" "WordPress/7.0; https://www.bagpackvacation.com"
198.244.228.164 - - [03/Jun/2026:10:38:12 -0400] "POST /wp-login.php HTTP/1.1" 200 1905 "https://www.bagpackvacation.com/wp-login.php" "Mozilla/5.0 (Windows NT 10.0; Win64; x64) AppleWebKit/537.36 (KHTML, like Gecko) Chrome/120.0.0.0 Safari/537.36"
162.213.253.84 - - [03/Jun/2026:10:38:14 -0400] "POST /wp-admin/admin-ajax.php?action=async_litespeed&nonce=fB1NM8aHtuB7tYQ0nRFHg8URrDeDOWn3&litespeed_type=imgoptm HTTP/1.1" 200 21 "-" "WordPress/7.0; https://www.bagpackvacation.com"
124.222.230.178 - - [03/Jun/2026:10:59:34 -0400] "GET / HTTP/1.1" 200 40165 "http://www.bagpackvacation.com" "Mozilla/5.0 (iPhone; CPU iPhone OS 13_2_3 like Mac OS X) AppleWebKit/605.1.15 (KHTML, like Gecko) Version/13.0.3 Mobile/15E148 Safari/604.1"
162.213.253.84 - - [03/Jun/2026:10:59:34 -0400] "POST /wp-admin/admin-ajax.php?action=async_litespeed&nonce=NU1sGqlTwedAZ9PTvC8UL8f8uHHfCmfO&litespeed_type=imgoptm HTTP/1.1" 200 0 "-" "WordPress/7.0; https://www.bagpackvacation.com"
160.250.186.220 - - [03/Jun/2026:11:02:22 -0400] "GET /wp-login.php HTTP/1.1" 200 1806 "-" "Mozilla/5.0 (Windows NT 10.0; WOW64) AppleWebKit/537.36 (KHTML, like Gecko) Chrome/133.0.0.0 Safari/537.36"
160.250.186.220 - - [03/Jun/2026:11:02:24 -0400] "POST /wp-login.php HTTP/1.1" 200 1905 "https://www.bagpackvacation.com/wp-login.php" "Mozilla/5.0 (Windows NT 10.0; WOW64) AppleWebKit/537.36 (KHTML, like Gecko) Chrome/133.0.0.0 Safari/537.36"
162.213.253.84 - - [03/Jun/2026:11:02:27 -0400] "POST /wp-admin/admin-ajax.php?action=async_litespeed&nonce=ixTQb6F7pbq28TGLlb7X9iHnw0Oq5Lno&litespeed_type=imgoptm HTTP/1.1" 200 0 "-" "WordPress/7.0; https://www.bagpackvacation.com"
111.229.141.137 - - [03/Jun/2026:11:08:04 -0400] "GET /wp-login.php HTTP/1.1" 301 795 "-" "Mozilla/5.0 (Windows NT 10.0; Win64; x64) AppleWebKit/537.36 (KHTML, like Gecko) Chrome/120.0.0.0 Safari/537.36"
111.229.141.137 - - [03/Jun/2026:11:08:09 -0400] "GET /wp-login.php HTTP/1.1" 200 1806 "https://mail.bagpackvacation.com/wp-login.php" "Mozilla/5.0 (Windows NT 10.0; Win64; x64) AppleWebKit/537.36 (KHTML, like Gecko) Chrome/120.0.0.0 Safari/537.36"
162.213.253.84 - - [03/Jun/2026:11:08:14 -0400] "POST /wp-cron.php?doing_wp_cron=1780499294.1221370697021484375000 HTTP/1.1" 200 0 "-" "WordPress/7.0; https://www.bagpackvacation.com"
111.229.141.137 - - [03/Jun/2026:11:08:12 -0400] "POST /wp-login.php HTTP/1.1" 200 1905 "https://www.bagpackvacation.com/wp-login.php" "Mozilla/5.0 (Windows NT 10.0; Win64; x64) AppleWebKit/537.36 (KHTML, like Gecko) Chrome/120.0.0.0 Safari/537.36"
209.141.61.179 - - [03/Jun/2026:11:09:50 -0400] "POST /wp-login.php HTTP/1.1" 301 795 "-" "Mozilla/5.0 (Windows NT 10.0; Win64; x64) AppleWebKit/537.36 (KHTML, like Gecko) Chrome/147.0.0.0 Safari/537.36"
209.141.61.179 - - [03/Jun/2026:11:09:50 -0400] "GET /wp-admin/themes.php HTTP/1.1" 301 795 "-" "python-requests/2.34.2"
209.141.61.179 - - [03/Jun/2026:11:09:50 -0400] "GET /wp-admin/themes.php HTTP/1.1" 302 0 "-" "python-requests/2.34.2"
162.213.253.84 - - [03/Jun/2026:11:09:53 -0400] "POST /wp-admin/admin-ajax.php?action=async_litespeed&nonce=Orjq9m77KgrDz9awvj0I331fsuPtqgxg&litespeed_type=imgoptm HTTP/1.1" 200 0 "-" "WordPress/7.0; https://www.bagpackvacation.com"
209.141.61.179 - - [03/Jun/2026:11:09:53 -0400] "GET /wp-login.php?redirect_to=https%3A%2F%2Fwww.bagpackvacation.com%2Fwp-admin%2Fthemes.php&reauth=1 HTTP/1.1" 200 2046 "-" "python-requests/2.34.2"
209.141.61.179 - - [03/Jun/2026:11:09:54 -0400] "GET /wp-admin/plugin-install.php?tab=upload HTTP/1.1" 301 795 "-" "python-requests/2.34.2"
209.141.61.179 - - [03/Jun/2026:11:09:55 -0400] "GET /wp-admin/plugin-install.php?tab=upload HTTP/1.1" 302 0 "-" "python-requests/2.34.2"
209.141.61.179 - - [03/Jun/2026:11:09:59 -0400] "GET /wp-login.php?redirect_to=https%3A%2F%2Fwww.bagpackvacation.com%2Fwp-admin%2Fplugin-install.php%3Ftab%3Dupload&reauth=1 HTTP/1.1" 200 2053 "-" "python-requests/2.34.2"
69.49.112.70 - - [03/Jun/2026:11:10:51 -0400] "GET /wp-login.php HTTP/1.1" 301 795 "-" "Mozilla/5.0 (Windows NT 10.0; Win64; x64) AppleWebKit/537.36 (KHTML, like Gecko) Chrome/120.0.0.0 Safari/537.36"
69.49.112.70 - - [03/Jun/2026:11:10:52 -0400] "GET /wp-login.php HTTP/1.1" 200 1806 "https://mail.bagpackvacation.com/wp-login.php" "Mozilla/5.0 (Windows NT 10.0; Win64; x64) AppleWebKit/537.36 (KHTML, like Gecko) Chrome/120.0.0.0 Safari/537.36"
162.213.253.84 - - [03/Jun/2026:11:10:54 -0400] "POST /wp-cron.php?doing_wp_cron=1780499454.6021609306335449218750 HTTP/1.1" 200 0 "-" "WordPress/7.0; https://www.bagpackvacation.com"
69.49.112.70 - - [03/Jun/2026:11:10:53 -0400] "POST /wp-login.php HTTP/1.1" 200 1905 "https://www.bagpackvacation.com/wp-login.php" "Mozilla/5.0 (Windows NT 10.0; Win64; x64) AppleWebKit/537.36 (KHTML, like Gecko) Chrome/120.0.0.0 Safari/537.36"
162.213.253.84 - - [03/Jun/2026:11:02:25 -0400] "POST /wp-cron.php?doing_wp_cron=1780498945.5159080028533935546875 HTTP/1.1" 200 0 "-" "WordPress/7.0; https://www.bagpackvacation.com"
111.229.141.137 - - [03/Jun/2026:11:08:10 -0400] "GET /wp-login.php HTTP/1.1" 200 1806 "-" "Mozilla/5.0 (Windows NT 10.0; Win64; x64) AppleWebKit/537.36 (KHTML, like Gecko) Chrome/120.0.0.0 Safari/537.36"
162.213.253.84 - - [03/Jun/2026:11:08:15 -0400] "POST /wp-admin/admin-ajax.php?action=async_litespeed&nonce=oouLUa3CbaBRdI6UxpL09FmCq2wqQnyA&litespeed_type=imgoptm HTTP/1.1" 200 0 "-" "WordPress/7.0; https://www.bagpackvacation.com"
209.141.61.179 - - [03/Jun/2026:11:09:49 -0400] "GET /wp-login.php HTTP/1.1" 301 795 "-" "Mozilla/5.0 (Windows NT 10.0; Win64; x64) AppleWebKit/537.36 (KHTML, like Gecko) Chrome/147.0.0.0 Safari/537.36"
