103.95.164.1 - - [03/Jun/2026:13:12:48 -0400] "GET /wp-includes/js/wp-emoji-release.min.js?ver=7.0 HTTP/1.1" 200 4949 "https://www.bagpackvacation.com/" "Mozilla/5.0 (Linux; Android 10; K) AppleWebKit/537.36 (KHTML, like Gecko) Chrome/148.0.0.0 Mobile Safari/537.36"
103.95.164.1 - - [03/Jun/2026:13:12:52 -0400] "GET /wp-content/uploads/2023/06/bali-tours-package.jpg HTTP/1.1" 200 96368 "https://www.bagpackvacation.com/" "Mozilla/5.0 (Linux; Android 10; K) AppleWebKit/537.36 (KHTML, like Gecko) Chrome/148.0.0.0 Mobile Safari/537.36"
103.95.164.1 - - [03/Jun/2026:13:12:55 -0400] "GET /wp-content/uploads/2023/02/IMG_5818.jpg HTTP/1.1" 200 115960 "https://www.bagpackvacation.com/" "Mozilla/5.0 (Linux; Android 10; K) AppleWebKit/537.36 (KHTML, like Gecko) Chrome/148.0.0.0 Mobile Safari/537.36"
103.95.164.1 - - [03/Jun/2026:13:12:55 -0400] "GET /favicon.ico HTTP/1.1" 404 1251 "https://www.bagpackvacation.com/" "Mozilla/5.0 (Linux; Android 10; K) AppleWebKit/537.36 (KHTML, like Gecko) Chrome/148.0.0.0 Mobile Safari/537.36"
103.95.164.1 - - [03/Jun/2026:13:12:55 -0400] "GET /wp-content/uploads/2023/02/srilanka-honeymoon-package-min.png HTTP/1.1" 200 266098 "https://www.bagpackvacation.com/" "Mozilla/5.0 (Linux; Android 10; K) AppleWebKit/537.36 (KHTML, like Gecko) Chrome/148.0.0.0 Mobile Safari/537.36"
103.95.164.1 - - [03/Jun/2026:13:13:12 -0400] "GET /wp-content/uploads/2023/01/people-friendship-hangout-traveling-destination-ca-2022-09-16-09-27-34-utc.jpg HTTP/1.1" 200 251770 "https://www.bagpackvacation.com/" "Mozilla/5.0 (Linux; Android 10; K) AppleWebKit/537.36 (KHTML, like Gecko) Chrome/148.0.0.0 Mobile Safari/537.36"
103.95.164.1 - - [03/Jun/2026:13:13:13 -0400] "GET /wp-content/uploads/elementor/thumbs/IMG_7133-1-qm2kv2mcujaxq5ar49lzfjbqgfko5tb45xig83l514.jpg HTTP/1.1" 200 32847 "https://www.bagpackvacation.com/" "Mozilla/5.0 (Linux; Android 10; K) AppleWebKit/537.36 (KHTML, like Gecko) Chrome/148.0.0.0 Mobile Safari/537.36"
103.95.164.1 - - [03/Jun/2026:13:13:13 -0400] "GET /wp-content/uploads/elementor/thumbs/INCREDIBLE-KASHMIR-TOUR-qc536dg0k8meej18ij6ebvfsr16iqtvygs2kz80i48.jpg HTTP/1.1" 200 27111 "https://www.bagpackvacation.com/" "Mozilla/5.0 (Linux; Android 10; K) AppleWebKit/537.36 (KHTML, like Gecko) Chrome/148.0.0.0 Mobile Safari/537.36"
103.95.164.1 - - [03/Jun/2026:13:13:13 -0400] "GET /wp-content/uploads/elementor/thumbs/anubhav-rana-58E1ZA9CXBA-unsplash-qc55gcx8o0ur23y1ryyxt6n60x324fd4ekj7w2gbeg.jpg HTTP/1.1" 200 27189 "https://www.bagpackvacation.com/" "Mozilla/5.0 (Linux; Android 10; K) AppleWebKit/537.36 (KHTML, like Gecko) Chrome/148.0.0.0 Mobile Safari/537.36"
162.213.253.84 - - [03/Jun/2026:13:12:50 -0400] "POST /wp-cron.php?doing_wp_cron=1780506770.0215990543365478515625 HTTP/1.1" 200 0 "-" "WordPress/7.0; https://www.bagpackvacation.com"
103.95.164.1 - - [03/Jun/2026:13:12:48 -0400] "GET /wp-json/pum/v1/analytics/?event=open&pid=1580&_cache=1780506767970 HTTP/1.1" 204 0 "https://www.bagpackvacation.com/" "Mozilla/5.0 (Linux; Android 10; K) AppleWebKit/537.36 (KHTML, like Gecko) Chrome/148.0.0.0 Mobile Safari/537.36"
103.95.164.1 - - [03/Jun/2026:13:12:50 -0400] "POST /wp-admin/admin-ajax.php HTTP/1.1" 200 68 "https://www.bagpackvacation.com/" "Mozilla/5.0 (Linux; Android 10; K) AppleWebKit/537.36 (KHTML, like Gecko) Chrome/148.0.0.0 Mobile Safari/537.36"
162.213.253.84 - - [03/Jun/2026:13:12:50 -0400] "POST /wp-admin/admin-ajax.php?action=async_litespeed&nonce=ScgAUvEJZIeIPh0BQIHWMRs7eb9xN97e&litespeed_type=imgoptm HTTP/1.1" 200 21 "-" "WordPress/7.0; https://www.bagpackvacation.com"
103.95.164.1 - - [03/Jun/2026:13:12:55 -0400] "GET /wp-content/uploads/2023/02/IMG_5819.jpg HTTP/1.1" 200 74390 "https://www.bagpackvacation.com/" "Mozilla/5.0 (Linux; Android 10; K) AppleWebKit/537.36 (KHTML, like Gecko) Chrome/148.0.0.0 Mobile Safari/537.36"
103.95.164.1 - - [03/Jun/2026:13:12:55 -0400] "GET /bali-tour-packages/ HTTP/1.1" 200 23985 "https://www.bagpackvacation.com/" "Mozilla/5.0 (Linux; Android 10; K) AppleWebKit/537.36 (KHTML, like Gecko) Chrome/148.0.0.0 Mobile Safari/537.36"
103.95.164.1 - - [03/Jun/2026:13:12:55 -0400] "GET /wp-content/uploads/2023/02/seychelles-tour-min.png HTTP/1.1" 200 203259 "https://www.bagpackvacation.com/" "Mozilla/5.0 (Linux; Android 10; K) AppleWebKit/537.36 (KHTML, like Gecko) Chrome/148.0.0.0 Mobile Safari/537.36"
103.95.164.1 - - [03/Jun/2026:13:12:57 -0400] "GET /dubai-tour-packages/ HTTP/1.1" 200 24692 "https://www.bagpackvacation.com/" "Mozilla/5.0 (Linux; Android 10; K) AppleWebKit/537.36 (KHTML, like Gecko) Chrome/148.0.0.0 Mobile Safari/537.36"
103.95.164.1 - - [03/Jun/2026:13:13:12 -0400] "GET /maldives-tour-packages/ HTTP/1.1" 200 25310 "https://www.bagpackvacation.com/" "Mozilla/5.0 (Linux; Android 10; K) AppleWebKit/537.36 (KHTML, like Gecko) Chrome/148.0.0.0 Mobile Safari/537.36"
103.95.164.1 - - [03/Jun/2026:13:13:12 -0400] "GET /wp-content/uploads/2023/02/mauritius-tours.png HTTP/1.1" 200 219791 "https://www.bagpackvacation.com/" "Mozilla/5.0 (Linux; Android 10; K) AppleWebKit/537.36 (KHTML, like Gecko) Chrome/148.0.0.0 Mobile Safari/537.36"
103.95.164.1 - - [03/Jun/2026:13:13:12 -0400] "GET /wp-content/uploads/2023/03/hongkon.jpg HTTP/1.1" 200 91076 "https://www.bagpackvacation.com/" "Mozilla/5.0 (Linux; Android 10; K) AppleWebKit/537.36 (KHTML, like Gecko) Chrome/148.0.0.0 Mobile Safari/537.36"
103.95.164.1 - - [03/Jun/2026:13:13:12 -0400] "GET /wp-content/uploads/2023/03/europe.jpg HTTP/1.1" 200 101836 "https://www.bagpackvacation.com/" "Mozilla/5.0 (Linux; Android 10; K) AppleWebKit/537.36 (KHTML, like Gecko) Chrome/148.0.0.0 Mobile Safari/537.36"
103.95.164.1 - - [03/Jun/2026:13:13:12 -0400] "GET /wp-content/uploads/2023/02/Vietnam-tours.png HTTP/1.1" 200 210786 "https://www.bagpackvacation.com/" "Mozilla/5.0 (Linux; Android 10; K) AppleWebKit/537.36 (KHTML, like Gecko) Chrome/148.0.0.0 Mobile Safari/537.36"
103.95.164.1 - - [03/Jun/2026:13:13:13 -0400] "GET /wp-content/uploads/elementor/thumbs/FAMILY-VACATION-IN-GOA-qc53uv4mmu5cwrgji4agaoy5yggtax46i0014rp7zs.jpg HTTP/1.1" 200 24637 "https://www.bagpackvacation.com/" "Mozilla/5.0 (Linux; Android 10; K) AppleWebKit/537.36 (KHTML, like Gecko) Chrome/148.0.0.0 Mobile Safari/537.36"
103.95.164.1 - - [03/Jun/2026:13:13:13 -0400] "GET /wp-content/uploads/elementor/thumbs/abhishek-prasad-N3VzleBhOvk-unsplash-qc5525l1e5erm8ksptxw4roevb3dt2z549n2tjihfc.jpg HTTP/1.1" 200 26783 "https://www.bagpackvacation.com/" "Mozilla/5.0 (Linux; Android 10; K) AppleWebKit/537.36 (KHTML, like Gecko) Chrome/148.0.0.0 Mobile Safari/537.36"
103.95.164.1 - - [03/Jun/2026:13:13:13 -0400] "GET /wp-content/uploads/elementor/thumbs/harneet-hajLYl5YKao-unsplash-q4ir4ws7r6mzwv1al0auq0hnmy2wrpszlq24kcychk.jpg HTTP/1.1" 200 27544 "https://www.bagpackvacation.com/" "Mozilla/5.0 (Linux; Android 10; K) AppleWebKit/537.36 (KHTML, like Gecko) Chrome/148.0.0.0 Mobile Safari/537.36"
103.95.164.1 - - [03/Jun/2026:13:13:13 -0400] "GET /sri-lanka-tour-packages/ HTTP/1.1" 200 24016 "https://www.bagpackvacation.com/" "Mozilla/5.0 (Linux; Android 10; K) AppleWebKit/537.36 (KHTML, like Gecko) Chrome/148.0.0.0 Mobile Safari/537.36"
103.95.164.1 - - [03/Jun/2026:13:13:13 -0400] "GET /wp-content/uploads/2023/01/backpacker-couple-travel-adventure-happiness-conce-2022-09-16-07-18-27-utc.jpg HTTP/1.1" 200 188571 "https://www.bagpackvacation.com/" "Mozilla/5.0 (Linux; Android 10; K) AppleWebKit/537.36 (KHTML, like Gecko) Chrome/148.0.0.0 Mobile Safari/537.36"
103.95.164.1 - - [03/Jun/2026:13:13:14 -0400] "GET /wp-content/uploads/elementor/thumbs/vishal-bhutani-ugyfweYokVA-unsplash-qc561dlbhnmko7ey1k1m2dp883hj8rt1mlp37tae9k.jpg HTTP/1.1" 200 37468 "https://www.bagpackvacation.com/" "Mozilla/5.0 (Linux; Android 10; K) AppleWebKit/537.36 (KHTML, like Gecko) Chrome/148.0.0.0 Mobile Safari/537.36"
103.95.164.1 - - [03/Jun/2026:13:13:16 -0400] "GET /singapore-tour-packages/ HTTP/1.1" 200 25275 "https://www.bagpackvacation.com/" "Mozilla/5.0 (Linux; Android 10; K) AppleWebKit/537.36 (KHTML, like Gecko) Chrome/148.0.0.0 Mobile Safari/537.36"
103.95.164.1 - - [03/Jun/2026:13:13:16 -0400] "GET /goa-tour-packages/ HTTP/1.1" 200 23155 "https://www.bagpackvacation.com/" "Mozilla/5.0 (Linux; Android 10; K) AppleWebKit/537.36 (KHTML, like Gecko) Chrome/148.0.0.0 Mobile Safari/537.36"
103.95.164.1 - - [03/Jun/2026:13:13:29 -0400] "GET /explore-kullu-with-manali-4-nights-5-days/ HTTP/1.1" 200 24968 "https://www.bagpackvacation.com/" "Mozilla/5.0 (Linux; Android 10; K) AppleWebKit/537.36 (KHTML, like Gecko) Chrome/148.0.0.0 Mobile Safari/537.36"
45.92.1.83 - - [03/Jun/2026:13:16:23 -0400] "GET / HTTP/1.1" 200 254241 "-" "Mozlila/5.0 (Linux; Android 7.0; SM-G892A Bulid/NRD90M; wv) AppleWebKit/537.36 (KHTML, like Gecko) Version/4.0 Chrome/60.0.3112.107 Moblie Safari/537.36"
162.213.253.84 - - [03/Jun/2026:13:16:26 -0400] "POST /wp-cron.php?doing_wp_cron=1780506986.6221849918365478515625 HTTP/1.1" 200 0 "-" "WordPress/7.0; https://www.bagpackvacation.com"
45.92.1.83 - - [03/Jun/2026:13:16:23 -0400] "POST /ALFA_DATA/alfacgiapi/perl.alfa HTTP/1.1" 404 106507 "www.google.com" "Mozlila/5.0 (Linux; Android 7.0; SM-G892A Bulid/NRD90M; wv) AppleWebKit/537.36 (KHTML, like Gecko) Version/4.0 Chrome/60.0.3112.107 Moblie Safari/537.36"
45.92.1.83 - - [03/Jun/2026:13:16:23 -0400] "GET /rcqbayug.php?Fox=d3wL7 HTTP/1.1" 404 106559 "www.google.com" "Mozilla/5.0 (Linux; Android 7.0; SM-G892A Bulid/NRD90M; wv) AppleWebKit/537.36 (KHTML, like Gecko) Version/4.0 Chrome/60.0.3112.107 Moblie Safari/537.36"
45.92.1.83 - - [03/Jun/2026:13:16:23 -0400] "GET /wp-content/plugins/fix/up.php HTTP/1.1" 404 106552 "-" "Mozilla/5.0 (Windows NT 10.0; Win64; x64) AppleWebKit/537.36 (KHTML, like Gecko) Chrome/85.0.4183.102 Safari/537.36"
45.92.1.83 - - [03/Jun/2026:13:16:23 -0400] "GET /wp-content/themes/seotheme/db.php?u HTTP/1.1" 404 106585 "www.google.com" "Mozlila/5.0 (Linux; Android 7.0; SM-G892A Bulid/NRD90M; wv) AppleWebKit/537.36 (KHTML, like Gecko) Version/4.0 Chrome/60.0.3112.107 Moblie Safari/537.36"
45.92.1.83 - - [03/Jun/2026:13:16:23 -0400] "GET /wp-content/plugins/apikey/apikey.php?test=hello HTTP/1.1" 404 106588 "-" "Mozlila/5.0 (Linux; Android 7.0; SM-G892A Bulid/NRD90M; wv) AppleWebKit/537.36 (KHTML, like Gecko) Version/4.0 Chrome/60.0.3112.107 Moblie Safari/537.36"
45.92.1.83 - - [03/Jun/2026:13:16:28 -0400] "GET /wp-content/themes/seotheme/db.php?u HTTP/1.1" 404 106585 "www.google.com" "Mozlila/5.0 (Linux; Android 7.0; SM-G892A Bulid/NRD90M; wv) AppleWebKit/537.36 (KHTML, like Gecko) Version/4.0 Chrome/60.0.3112.107 Moblie Safari/537.36"
103.95.164.1 - - [03/Jun/2026:13:13:14 -0400] "GET /wp-content/uploads/2023/09/upasana-saigal-HCepniMOEa8-unsplash.jpg HTTP/1.1" 200 97727 "https://www.bagpackvacation.com/" "Mozilla/5.0 (Linux; Android 10; K) AppleWebKit/537.36 (KHTML, like Gecko) Chrome/148.0.0.0 Mobile Safari/537.36"
103.95.164.1 - - [03/Jun/2026:13:13:14 -0400] "GET /wp-content/uploads/2023/09/kumar-chandugade-65s0tySbm0I-unsplash.jpg HTTP/1.1" 200 131588 "https://www.bagpackvacation.com/" "Mozilla/5.0 (Linux; Android 10; K) AppleWebKit/537.36 (KHTML, like Gecko) Chrome/148.0.0.0 Mobile Safari/537.36"
103.95.164.1 - - [03/Jun/2026:13:13:30 -0400] "GET /beautiful-shimla-2-night-3-days/ HTTP/1.1" 200 24816 "https://www.bagpackvacation.com/" "Mozilla/5.0 (Linux; Android 10; K) AppleWebKit/537.36 (KHTML, like Gecko) Chrome/148.0.0.0 Mobile Safari/537.36"
43.163.104.54 - - [03/Jun/2026:13:15:50 -0400] "GET /dubai-tour-packages/ HTTP/1.1" 200 28067 "-" "Mozilla/5.0 (iPhone; CPU iPhone OS 13_2_3 like Mac OS X) AppleWebKit/605.1.15 (KHTML, like Gecko) Version/13.0.3 Mobile/15E148 Safari/604.1"
45.92.1.83 - - [03/Jun/2026:13:16:27 -0400] "GET /wp-content/themes/seotheme/db.php?u HTTP/1.1" 301 795 "www.google.com" "Mozlila/5.0 (Linux; Android 7.0; SM-G892A Bulid/NRD90M; wv) AppleWebKit/537.36 (KHTML, like Gecko) Version/4.0 Chrome/60.0.3112.107 Moblie Safari/537.36"
162.213.253.84 - - [03/Jun/2026:13:16:31 -0400] "POST /wp-cron.php?doing_wp_cron=1780506991.6494429111480712890625 HTTP/1.1" 200 0 "-" "WordPress/7.0; https://www.bagpackvacation.com"
45.92.1.83 - - [03/Jun/2026:13:16:32 -0400] "GET /plugins/content/apismtp/apismtp.php.suspected?test=hello HTTP/1.1" 404 106606 "-" "Mozlila/5.0 (Linux; Android 7.0; SM-G892A Bulid/NRD90M; wv) AppleWebKit/537.36 (KHTML, like Gecko) Version/4.0 Chrome/60.0.3112.107 Moblie Safari/537.36"
47.128.21.129 - - [03/Jun/2026:13:19:12 -0400] "GET /3-night-4-days-exotic-maldives/ HTTP/1.1" 200 23648 "-" "Mozilla/5.0 (Linux; Android 5.0) AppleWebKit/537.36 (KHTML, like Gecko) Mobile Safari/537.36 (compatible; Bytespider; [email protected])"
47.128.21.129 - - [03/Jun/2026:13:19:18 -0400] "GET /wp-content/uploads/2023/03/elementor/thumbs/rayyu-maldives-xPsFXsbXJRg-unsplash-1-q347drcjekt86bmyoyb0h0vlp47eau2rnmqppoznw8.jpg HTTP/1.1" 404 106813 "https://www.bagpackvacation.com/3-night-4-days-exotic-maldives/" "Mozilla/5.0 (Linux; Android 5.0) AppleWebKit/537.36 (KHTML, like Gecko) Mobile Safari/537.36 (compatible; Bytespider; [email protected])"
154.245.213.229 - - [03/Jun/2026:13:21:06 -0400] "GET /thailand-tour-packages/ HTTP/1.1" 200 28953 "-" "Mozilla/5.0 (Macintosh; Intel Mac OS X 11_0_1) AppleWebKit/537.36 (KHTML, like Gecko) Brave Chrome/88.0.4324.96 Safari/537.36"
176.65.139.236 - - [03/Jun/2026:13:22:08 -0400] "GET / HTTP/1.1" 200 254241 "-" "Mozilla/5.0 (Windows NT 10.0; Win64; x64) AppleWebKit/537.36 (KHTML, like Gecko) Chrome/147.0.0.0 Safari/537.36"
20.204.136.73 - - [03/Jun/2026:13:22:55 -0400] "GET /.well-known/logs233/index.php?p= HTTP/1.1" 301 795 "-" "Mozilla/5.0 (Windows NT 10.0; Win64; x64) AppleWebKit/537.36 (KHTML, like Gecko) Chrome/120.0.0.0 Safari/537.36"
20.204.136.73 - - [03/Jun/2026:13:22:55 -0400] "GET /wp-content/themes/theme/about.php HTTP/1.1" 301 795 "-" "Mozilla/5.0 (Windows NT 10.0; Win64; x64) AppleWebKit/537.36 (KHTML, like Gecko) Chrome/120.0.0.0 Safari/537.36"
20.204.136.73 - - [03/Jun/2026:13:22:56 -0400] "GET /admin.php HTTP/1.1" 301 795 "-" "Mozilla/5.0 (Windows NT 10.0; Win64; x64) AppleWebKit/537.36 (KHTML, like Gecko) Chrome/120.0.0.0 Safari/537.36"
20.204.136.73 - - [03/Jun/2026:13:22:57 -0400] "GET /adminfuns.php HTTP/1.1" 301 795 "-" "Mozilla/5.0 (Windows NT 10.0; Win64; x64) AppleWebKit/537.36 (KHTML, like Gecko) Chrome/120.0.0.0 Safari/537.36"
20.204.136.73 - - [03/Jun/2026:13:22:57 -0400] "GET /bolt.php HTTP/1.1" 301 795 "-" "Mozilla/5.0 (Windows NT 10.0; Win64; x64) AppleWebKit/537.36 (KHTML, like Gecko) Chrome/120.0.0.0 Safari/537.36"
162.213.253.84 - - [03/Jun/2026:13:16:27 -0400] "POST /wp-admin/admin-ajax.php?action=async_litespeed&nonce=Xc7ZIuNJgpQ7b7aFYZkbbl0CYvEvn1k3&litespeed_type=imgoptm HTTP/1.1" 200 0 "-" "WordPress/7.0; https://www.bagpackvacation.com"
45.92.1.83 - - [03/Jun/2026:13:16:27 -0400] "POST /alfacgiapi/perl.alfa HTTP/1.1" 404 106487 "www.google.com" "Mozlila/5.0 (Linux; Android 7.0; SM-G892A Bulid/NRD90M; wv) AppleWebKit/537.36 (KHTML, like Gecko) Version/4.0 Chrome/60.0.3112.107 Moblie Safari/537.36"
45.92.1.83 - - [03/Jun/2026:13:16:27 -0400] "GET /plugins/content/apismtp/apismtp.php?test=hello HTTP/1.1" 404 106586 "-" "Mozlila/5.0 (Linux; Android 7.0; SM-G892A Bulid/NRD90M; wv) AppleWebKit/537.36 (KHTML, like Gecko) Version/4.0 Chrome/60.0.3112.107 Moblie Safari/537.36"
45.92.1.83 - - [03/Jun/2026:13:16:29 -0400] "GET /wp-content/plugins/apikey/apikey.php.suspected?test=hello HTTP/1.1" 404 106608 "-" "Mozlila/5.0 (Linux; Android 7.0; SM-G892A Bulid/NRD90M; wv) AppleWebKit/537.36 (KHTML, like Gecko) Version/4.0 Chrome/60.0.3112.107 Moblie Safari/537.36"
162.213.253.84 - - [03/Jun/2026:13:16:32 -0400] "POST /wp-admin/admin-ajax.php?action=async_litespeed&nonce=TjzCArjkt739C3p2UkhpfLfWSqCaaidI&litespeed_type=imgoptm HTTP/1.1" 200 0 "-" "WordPress/7.0; https://www.bagpackvacation.com"
176.65.139.231 - - [03/Jun/2026:13:22:08 -0400] "GET / HTTP/1.1" 301 795 "-" "Mozilla/5.0 (Windows NT 10.0; Win64; x64) AppleWebKit/537.36 (KHTML, like Gecko) Chrome/147.0.0.0 Safari/537.36"
20.204.136.73 - - [03/Jun/2026:13:22:55 -0400] "GET /.trash7206/index.php HTTP/1.1" 301 795 "-" "Mozilla/5.0 (Windows NT 10.0; Win64; x64) AppleWebKit/537.36 (KHTML, like Gecko) Chrome/120.0.0.0 Safari/537.36"
20.204.136.73 - - [03/Jun/2026:13:22:55 -0400] "GET /wp-content/themes/haha.php HTTP/1.1" 301 795 "-" "Mozilla/5.0 (Windows NT 10.0; Win64; x64) AppleWebKit/537.36 (KHTML, like Gecko) Chrome/120.0.0.0 Safari/537.36"
20.204.136.73 - - [03/Jun/2026:13:22:56 -0400] "GET /wp-content/plugins/plugin/index.php HTTP/1.1" 301 795 "-" "Mozilla/5.0 (Windows NT 10.0; Win64; x64) AppleWebKit/537.36 (KHTML, like Gecko) Chrome/120.0.0.0 Safari/537.36"
20.204.136.73 - - [03/Jun/2026:13:22:56 -0400] "GET /xmr.php HTTP/1.1" 301 795 "-" "Mozilla/5.0 (Windows NT 10.0; Win64; x64) AppleWebKit/537.36 (KHTML, like Gecko) Chrome/120.0.0.0 Safari/537.36"
20.204.136.73 - - [03/Jun/2026:13:22:56 -0400] "GET /about.php HTTP/1.1" 301 795 "-" "Mozilla/5.0 (Windows NT 10.0; Win64; x64) AppleWebKit/537.36 (KHTML, like Gecko) Chrome/120.0.0.0 Safari/537.36"
20.204.136.73 - - [03/Jun/2026:13:22:57 -0400] "GET /as.php HTTP/1.1" 301 795 "-" "Mozilla/5.0 (Windows NT 10.0; Win64; x64) AppleWebKit/537.36 (KHTML, like Gecko) Chrome/120.0.0.0 Safari/537.36"
20.204.136.73 - - [03/Jun/2026:13:22:57 -0400] "GET /cgi-bin/ HTTP/1.1" 301 795 "-" "Mozilla/5.0 (Windows NT 10.0; Win64; x64) AppleWebKit/537.36 (KHTML, like Gecko) Chrome/120.0.0.0 Safari/537.36"
20.204.136.73 - - [03/Jun/2026:13:22:58 -0400] "GET /class-t.api.php HTTP/1.1" 301 795 "-" "Mozilla/5.0 (Windows NT 10.0; Win64; x64) AppleWebKit/537.36 (KHTML, like Gecko) Chrome/120.0.0.0 Safari/537.36"
20.204.136.73 - - [03/Jun/2026:13:22:58 -0400] "GET /ff1.php HTTP/1.1" 301 795 "-" "Mozilla/5.0 (Windows NT 10.0; Win64; x64) AppleWebKit/537.36 (KHTML, like Gecko) Chrome/120.0.0.0 Safari/537.36"
20.204.136.73 - - [03/Jun/2026:13:22:58 -0400] "GET /fff.php HTTP/1.1" 301 795 "-" "Mozilla/5.0 (Windows NT 10.0; Win64; x64) AppleWebKit/537.36 (KHTML, like Gecko) Chrome/120.0.0.0 Safari/537.36"
20.204.136.73 - - [03/Jun/2026:13:22:59 -0400] "GET /ioxi-o.php HTTP/1.1" 301 795 "-" "Mozilla/5.0 (Windows NT 10.0; Win64; x64) AppleWebKit/537.36 (KHTML, like Gecko) Chrome/120.0.0.0 Safari/537.36"
20.204.136.73 - - [03/Jun/2026:13:22:59 -0400] "GET /ms-edit.php HTTP/1.1" 301 795 "-" "Mozilla/5.0 (Windows NT 10.0; Win64; x64) AppleWebKit/537.36 (KHTML, like Gecko) Chrome/120.0.0.0 Safari/537.36"
20.204.136.73 - - [03/Jun/2026:13:23:00 -0400] "GET /upload.php HTTP/1.1" 301 795 "-" "Mozilla/5.0 (Windows NT 10.0; Win64; x64) AppleWebKit/537.36 (KHTML, like Gecko) Chrome/120.0.0.0 Safari/537.36"
20.204.136.73 - - [03/Jun/2026:13:23:00 -0400] "GET /wk/index.php HTTP/1.1" 301 795 "-" "Mozilla/5.0 (Windows NT 10.0; Win64; x64) AppleWebKit/537.36 (KHTML, like Gecko) Chrome/120.0.0.0 Safari/537.36"
20.204.136.73 - - [03/Jun/2026:13:23:01 -0400] "GET /wp-admin/js/widgets/ HTTP/1.1" 301 795 "-" "Mozilla/5.0 (Windows NT 10.0; Win64; x64) AppleWebKit/537.36 (KHTML, like Gecko) Chrome/120.0.0.0 Safari/537.36"
20.204.136.73 - - [03/Jun/2026:13:23:02 -0400] "GET /wp-admin/maint/ HTTP/1.1" 301 795 "-" "Mozilla/5.0 (Windows NT 10.0; Win64; x64) AppleWebKit/537.36 (KHTML, like Gecko) Chrome/120.0.0.0 Safari/537.36"
20.204.136.73 - - [03/Jun/2026:13:23:03 -0400] "GET /wp-content/uploads/ HTTP/1.1" 301 795 "-" "Mozilla/5.0 (Windows NT 10.0; Win64; x64) AppleWebKit/537.36 (KHTML, like Gecko) Chrome/120.0.0.0 Safari/537.36"
20.204.136.73 - - [03/Jun/2026:13:23:03 -0400] "GET /wp-includes/ HTTP/1.1" 301 795 "-" "Mozilla/5.0 (Windows NT 10.0; Win64; x64) AppleWebKit/537.36 (KHTML, like Gecko) Chrome/120.0.0.0 Safari/537.36"
162.213.253.84 - - [03/Jun/2026:13:26:27 -0400] "POST /wp-cron.php?doing_wp_cron=1780507586.9858469963073730468750 HTTP/1.1" 200 0 "-" "WordPress/7.0; https://www.bagpackvacation.com"
160.250.186.220 - - [03/Jun/2026:13:26:26 -0400] "POST /wp-login.php HTTP/1.1" 200 1905 "https://www.bagpackvacation.com/wp-login.php" "Mozilla/5.0 (Windows NT 10.0; Win64; x64; rv:133.0) Gecko/20100101 Firefox/133.0"
162.213.253.84 - - [03/Jun/2026:13:26:27 -0400] "POST /wp-admin/admin-ajax.php?action=async_litespeed&nonce=tUHLjcEu09TRD2uO0C8F0hdTXESX1ZLT&litespeed_type=imgoptm HTTP/1.1" 200 21 "-" "WordPress/7.0; https://www.bagpackvacation.com"
20.204.136.73 - - [03/Jun/2026:13:22:58 -0400] "GET /edit.php HTTP/1.1" 301 795 "-" "Mozilla/5.0 (Windows NT 10.0; Win64; x64) AppleWebKit/537.36 (KHTML, like Gecko) Chrome/120.0.0.0 Safari/537.36"
20.204.136.73 - - [03/Jun/2026:13:22:59 -0400] "GET /inputs.php?p= HTTP/1.1" 301 795 "-" "Mozilla/5.0 (Windows NT 10.0; Win64; x64) AppleWebKit/537.36 (KHTML, like Gecko) Chrome/120.0.0.0 Safari/537.36"
20.204.136.73 - - [03/Jun/2026:13:22:59 -0400] "GET /lite.php HTTP/1.1" 301 795 "-" "Mozilla/5.0 (Windows NT 10.0; Win64; x64) AppleWebKit/537.36 (KHTML, like Gecko) Chrome/120.0.0.0 Safari/537.36"
20.204.136.73 - - [03/Jun/2026:13:23:00 -0400] "GET /rip.php HTTP/1.1" 301 795 "-" "Mozilla/5.0 (Windows NT 10.0; Win64; x64) AppleWebKit/537.36 (KHTML, like Gecko) Chrome/120.0.0.0 Safari/537.36"
20.204.136.73 - - [03/Jun/2026:13:23:00 -0400] "GET /update/da222.php HTTP/1.1" 301 795 "-" "Mozilla/5.0 (Windows NT 10.0; Win64; x64) AppleWebKit/537.36 (KHTML, like Gecko) Chrome/120.0.0.0 Safari/537.36"
20.204.136.73 - - [03/Jun/2026:13:23:01 -0400] "GET /wp-act.php HTTP/1.1" 301 795 "-" "Mozilla/5.0 (Windows NT 10.0; Win64; x64) AppleWebKit/537.36 (KHTML, like Gecko) Chrome/120.0.0.0 Safari/537.36"
20.204.136.73 - - [03/Jun/2026:13:23:01 -0400] "GET /wp-admin/css/bolt.php HTTP/1.1" 301 795 "-" "Mozilla/5.0 (Windows NT 10.0; Win64; x64) AppleWebKit/537.36 (KHTML, like Gecko) Chrome/120.0.0.0 Safari/537.36"
20.204.136.73 - - [03/Jun/2026:13:23:01 -0400] "GET /wp-admin/js/ HTTP/1.1" 301 795 "-" "Mozilla/5.0 (Windows NT 10.0; Win64; x64) AppleWebKit/537.36 (KHTML, like Gecko) Chrome/120.0.0.0 Safari/537.36"
20.204.136.73 - - [03/Jun/2026:13:23:02 -0400] "GET /wp-admin/ HTTP/1.1" 301 795 "-" "Mozilla/5.0 (Windows NT 10.0; Win64; x64) AppleWebKit/537.36 (KHTML, like Gecko) Chrome/120.0.0.0 Safari/537.36"
20.204.136.73 - - [03/Jun/2026:13:23:02 -0400] "GET /wp-content/themes/ HTTP/1.1" 301 795 "-" "Mozilla/5.0 (Windows NT 10.0; Win64; x64) AppleWebKit/537.36 (KHTML, like Gecko) Chrome/120.0.0.0 Safari/537.36"
20.204.136.73 - - [03/Jun/2026:13:23:02 -0400] "GET /wp-content/themes/admin.php HTTP/1.1" 301 795 "-" "Mozilla/5.0 (Windows NT 10.0; Win64; x64) AppleWebKit/537.36 (KHTML, like Gecko) Chrome/120.0.0.0 Safari/537.36"
20.204.136.73 - - [03/Jun/2026:13:23:03 -0400] "GET /wp-content/uploads/admin.php HTTP/1.1" 301 795 "-" "Mozilla/5.0 (Windows NT 10.0; Win64; x64) AppleWebKit/537.36 (KHTML, like Gecko) Chrome/120.0.0.0 Safari/537.36"
20.204.136.73 - - [03/Jun/2026:13:23:03 -0400] "GET /wp-includes/js/crop/ HTTP/1.1" 301 795 "-" "Mozilla/5.0 (Windows NT 10.0; Win64; x64) AppleWebKit/537.36 (KHTML, like Gecko) Chrome/120.0.0.0 Safari/537.36"
20.204.136.73 - - [03/Jun/2026:13:23:04 -0400] "GET /wp-links-opml.php HTTP/1.1" 301 795 "-" "Mozilla/5.0 (Windows NT 10.0; Win64; x64) AppleWebKit/537.36 (KHTML, like Gecko) Chrome/120.0.0.0 Safari/537.36"
162.213.253.84 - - [03/Jun/2026:13:24:02 -0400] "POST /wp-cron.php?doing_wp_cron=1780507442.8011429309844970703125 HTTP/1.1" 200 0 "-" "WordPress/7.0; https://www.bagpackvacation.com"
43.161.233.190 - - [03/Jun/2026:13:24:01 -0400] "GET /wp-json/oembed/1.0/embed?url=https%3A%2F%2Fwww.bagpackvacation.com%2Fmanali-tour-packages%2F HTTP/1.1" 200 2350 "-" "Mozilla/5.0 (iPhone; CPU iPhone OS 13_2_3 like Mac OS X) AppleWebKit/605.1.15 (KHTML, like Gecko) Version/13.0.3 Mobile/15E148 Safari/604.1"
162.213.253.84 - - [03/Jun/2026:13:24:03 -0400] "POST /wp-admin/admin-ajax.php?action=async_litespeed&nonce=j8bmINhjI5ZrKGIxQjeoIjrnc1cz1Ga6&litespeed_type=imgoptm HTTP/1.1" 200 21 "-" "WordPress/7.0; https://www.bagpackvacation.com"
160.250.186.220 - - [03/Jun/2026:13:26:25 -0400] "GET /wp-login.php HTTP/1.1" 200 1806 "-" "Mozilla/5.0 (Windows NT 10.0; Win64; x64; rv:133.0) Gecko/20100101 Firefox/133.0"
51.79.254.190 - - [03/Jun/2026:13:28:39 -0400] "POST /wp-login.php HTTP/1.1" 200 1905 "https://www.bagpackvacation.com/wp-login.php" "Mozilla/5.0 (Windows NT 10.0; WOW64) AppleWebKit/537.36 (KHTML, like Gecko) Chrome/133.0.0.0 Safari/537.36"
52.53.159.172 - - [03/Jun/2026:13:35:44 -0400] "GET / HTTP/1.1" 200 33994 "http://www.bagpackvacation.com/" "Mozilla/5.0 (Windows NT 10.0; Win64; x64) AppleWebKit/537.36 (KHTML, like Gecko) Chrome/145.0.0.0 Safari/537.36 Edg/145.0.0.0"
162.213.253.84 - - [03/Jun/2026:13:35:45 -0400] "POST /wp-admin/admin-ajax.php?action=async_litespeed&nonce=H61Diy5GLl0A6dMMMx1pAk8yJ6w11EYe&litespeed_type=imgoptm HTTP/1.1" 200 0 "-" "WordPress/7.0; https://www.bagpackvacation.com"
43.157.188.74 - - [03/Jun/2026:13:43:35 -0400] "GET /manali-tour-packages/ HTTP/1.1" 200 27348 "-" "Mozilla/5.0 (iPhone; CPU iPhone OS 13_2_3 like Mac OS X) AppleWebKit/605.1.15 (KHTML, like Gecko) Version/13.0.3 Mobile/15E148 Safari/604.1"
51.79.254.190 - - [03/Jun/2026:13:28:38 -0400] "GET /wp-login.php HTTP/1.1" 200 1806 "-" "Mozilla/5.0 (Windows NT 10.0; WOW64) AppleWebKit/537.36 (KHTML, like Gecko) Chrome/133.0.0.0 Safari/537.36"
162.213.253.84 - - [03/Jun/2026:13:28:40 -0400] "POST /wp-cron.php?doing_wp_cron=1780507720.3308789730072021484375 HTTP/1.1" 200 0 "-" "WordPress/7.0; https://www.bagpackvacation.com"
162.213.253.84 - - [03/Jun/2026:13:28:41 -0400] "POST /wp-admin/admin-ajax.php?action=async_litespeed&nonce=LPC0tCwE5BdSgEkJ6aRTApkUdDbou5g2&litespeed_type=imgoptm HTTP/1.1" 200 21 "-" "WordPress/7.0; https://www.bagpackvacation.com"
162.213.253.84 - - [03/Jun/2026:13:36:13 -0400] "POST /wp-cron.php?doing_wp_cron=1780508173.7162160873413085937500 HTTP/1.1" 200 0 "-" "WordPress/7.0; https://www.bagpackvacation.com"
43.131.23.154 - - [03/Jun/2026:13:36:12 -0400] "GET /wp-json/oembed/1.0/embed?url=https%3A%2F%2Fwww.bagpackvacation.com%2Fmanali-tour-packages%2F&format=xml HTTP/1.1" 200 1163 "-" "Mozilla/5.0 (iPhone; CPU iPhone OS 13_2_3 like Mac OS X) AppleWebKit/605.1.15 (KHTML, like Gecko) Version/13.0.3 Mobile/15E148 Safari/604.1"
178.238.208.153 - - [03/Jun/2026:13:53:46 -0400] "GET /wp-login.php HTTP/1.1" 200 1806 "-" "Mozilla/5.0 (X11; Ubuntu; Linux x86_64; rv:133.0) Gecko/20100101 Firefox/133.0"
162.213.253.84 - - [03/Jun/2026:13:53:49 -0400] "POST /wp-admin/admin-ajax.php?action=async_litespeed&nonce=8EoMXyjlILNgvoozczVNDyDcvASnUHIH&litespeed_type=imgoptm HTTP/1.1" 200 21 "-" "WordPress/7.0; https://www.bagpackvacation.com"
96.9.211.220 - - [03/Jun/2026:13:58:31 -0400] "GET / HTTP/1.0" 301 795 "-" "Mozilla/5.0 (Windows NT 10.0; Win64; x64) AppleWebKit/537.36 (KHTML, like Gecko) Chrome/118.0.0.0 Safari/537.36"
96.9.211.220 - - [03/Jun/2026:13:58:32 -0400] "GET / HTTP/1.0" 301 795 "-" "Mozilla/5.0 (Windows NT 10.0; Win64; x64) AppleWebKit/537.36 (KHTML, like Gecko) Chrome/118.0.0.0 Safari/537.36"
162.213.253.84 - - [03/Jun/2026:13:53:48 -0400] "POST /wp-cron.php?doing_wp_cron=1780509228.2150990962982177734375 HTTP/1.1" 200 0 "-" "WordPress/7.0; https://www.bagpackvacation.com"
178.238.208.153 - - [03/Jun/2026:13:53:46 -0400] "POST /wp-login.php HTTP/1.1" 200 1905 "https://www.bagpackvacation.com/wp-login.php" "Mozilla/5.0 (X11; Ubuntu; Linux x86_64; rv:133.0) Gecko/20100101 Firefox/133.0"
144.217.254.10 - - [03/Jun/2026:14:00:49 -0400] "GET /wp-login.php HTTP/1.1" 301 795 "-" "Mozilla/5.0 (Windows NT 10.0; Win64; x64) AppleWebKit/537.36 (KHTML, like Gecko) Chrome/120.0.0.0 Safari/537.36"
162.241.152.21 - - [03/Jun/2026:14:01:47 -0400] "GET /wp-login.php HTTP/1.1" 301 795 "-" "Mozilla/5.0 (Macintosh; Intel Mac OS X 10_15_7) AppleWebKit/605.1.15 (KHTML, like Gecko) Version/18.3 Safari/605.1.15"
162.241.152.21 - - [03/Jun/2026:14:01:55 -0400] "GET /wp-login.php HTTP/1.1" 200 1806 "https://mail.bagpackvacation.com/wp-login.php" "Mozilla/5.0 (Macintosh; Intel Mac OS X 10_15_7) AppleWebKit/605.1.15 (KHTML, like Gecko) Version/18.3 Safari/605.1.15"
69.171.231.112 - - [03/Jun/2026:14:11:36 -0400] "GET /robots.txt HTTP/1.1" 200 216 "-" "facebookexternalhit/1.1 (+http://www.facebook.com/externalhit_uatext.php)"
162.213.253.84 - - [03/Jun/2026:14:11:44 -0400] "POST /wp-cron.php?doing_wp_cron=1780510304.6254570484161376953125 HTTP/1.1" 200 0 "-" "WordPress/7.0; https://www.bagpackvacation.com"
157.15.40.76 - - [03/Jun/2026:14:11:41 -0400] "GET /txets.php HTTP/1.1" 404 22162 "http://bagpackvacation.com/txets.php" "Go-http-client/2.0"
162.213.253.84 - - [03/Jun/2026:14:11:51 -0400] "POST /wp-cron.php?doing_wp_cron=1780510311.0162639617919921875000 HTTP/1.1" 200 0 "-" "WordPress/7.0; https://www.bagpackvacation.com"
157.15.40.76 - - [03/Jun/2026:14:11:51 -0400] "GET /wp-includes/txets.php HTTP/1.1" 404 22166 "http://bagpackvacation.com/wp-includes/txets.php" "Go-http-client/2.0"
157.15.40.76 - - [03/Jun/2026:14:11:57 -0400] "GET /wp-content/postnews.php HTTP/1.1" 404 22167 "http://bagpackvacation.com/wp-content/postnews.php" "Go-http-client/2.0"
157.15.40.76 - - [03/Jun/2026:14:11:59 -0400] "GET /wp-admin/postnews.php HTTP/1.1" 404 22155 "http://bagpackvacation.com/wp-admin/postnews.php" "Go-http-client/2.0"
157.15.40.76 - - [03/Jun/2026:14:12:02 -0400] "GET /wp-includes/postnews.php HTTP/1.1" 404 22168 "http://bagpackvacation.com/wp-includes/postnews.php" "Go-http-client/2.0"
162.213.253.84 - - [03/Jun/2026:14:13:05 -0400] "POST /wp-cron.php?doing_wp_cron=1780510385.7838959693908691406250 HTTP/1.1" 200 0 "-" "WordPress/7.0; https://www.bagpackvacation.com"
162.213.253.84 - - [03/Jun/2026:14:13:06 -0400] "POST /wp-admin/admin-ajax.php?action=async_litespeed&nonce=WWHplhjVFwyDAcIVl8dQ7eVINfUNPQRo&litespeed_type=imgoptm HTTP/1.1" 200 21 "-" "WordPress/7.0; https://www.bagpackvacation.com"
162.213.253.84 - - [03/Jun/2026:14:15:17 -0400] "POST /wp-cron.php?doing_wp_cron=1780510517.6114189624786376953125 HTTP/1.1" 200 0 "-" "WordPress/7.0; https://www.bagpackvacation.com"
43.163.206.70 - - [03/Jun/2026:14:15:16 -0400] "GET /wp-json/oembed/1.0/embed?url=https%3A%2F%2Fwww.bagpackvacation.com%2Fdubai-tour-packages%2F&format=xml HTTP/1.1" 200 1163 "-" "Mozilla/5.0 (iPhone; CPU iPhone OS 13_2_3 like Mac OS X) AppleWebKit/605.1.15 (KHTML, like Gecko) Version/13.0.3 Mobile/15E148 Safari/604.1"
162.213.253.84 - - [03/Jun/2026:14:15:18 -0400] "POST /wp-admin/admin-ajax.php?action=async_litespeed&nonce=k8QoG0WqOPt2lKKUmjNJTNeIL1vtX48V&litespeed_type=imgoptm HTTP/1.1" 200 21 "-" "WordPress/7.0; https://www.bagpackvacation.com"
162.241.152.21 - - [03/Jun/2026:14:01:57 -0400] "POST /wp-login.php HTTP/1.1" 301 795 "https://mail.bagpackvacation.com/wp-login.php" "Mozilla/5.0 (Macintosh; Intel Mac OS X 10_15_7) AppleWebKit/605.1.15 (KHTML, like Gecko) Version/18.3 Safari/605.1.15"
162.241.152.21 - - [03/Jun/2026:14:02:04 -0400] "GET /wp-login.php HTTP/1.1" 200 1806 "https://mail.bagpackvacation.com/wp-login.php" "Mozilla/5.0 (Macintosh; Intel Mac OS X 10_15_7) AppleWebKit/605.1.15 (KHTML, like Gecko) Version/18.3 Safari/605.1.15"
162.241.152.21 - admin [03/Jun/2026:14:02:26 -0400] "GET /wp-json/wp/v2/users/me HTTP/1.1" 301 795 "-" "Mozilla/5.0 (Macintosh; Intel Mac OS X 10_15_7) AppleWebKit/605.1.15 (KHTML, like Gecko) Version/18.3 Safari/605.1.15"
154.27.137.44 - - [03/Jun/2026:14:02:56 -0400] "GET /singapore-tour-packages/ HTTP/1.1" 200 28807 "-" "Mozilla/5.0 (Windows NT 6.1; WOW64) AppleWebKit/537.36 (KHTML, like Gecko) Chrome/69.0.0.3016 Safari/537.36"
43.156.44.207 - - [03/Jun/2026:14:04:58 -0400] "GET /explore-kullu-with-manali-4-nights-5-days/ HTTP/1.1" 200 29222 "-" "Mozilla/5.0 (iPhone; CPU iPhone OS 13_2_3 like Mac OS X) AppleWebKit/605.1.15 (KHTML, like Gecko) Version/13.0.3 Mobile/15E148 Safari/604.1"
113.186.191.93 - - [03/Jun/2026:14:05:11 -0400] "GET /travel-insurance/ HTTP/1.1" 200 24970 "-" "Mozilla/5.0 (Macintosh; Intel Mac OS X 14.7; rv:127.0) Gecko/20100101 Firefox/127.0"
162.213.253.84 - - [03/Jun/2026:14:11:46 -0400] "POST /wp-admin/admin-ajax.php?action=async_litespeed&nonce=dZ8R60kV60hpAeF7OWtWS9DahUBuVtAk&litespeed_type=imgoptm HTTP/1.1" 200 0 "-" "WordPress/7.0; https://www.bagpackvacation.com"
157.15.40.76 - - [03/Jun/2026:14:11:45 -0400] "GET /wp-content/txets.php HTTP/1.1" 404 22156 "http://bagpackvacation.com/wp-content/txets.php" "Go-http-client/2.0"
157.15.40.76 - - [03/Jun/2026:14:11:49 -0400] "GET /wp-admin/txets.php HTTP/1.1" 404 22159 "http://bagpackvacation.com/wp-admin/txets.php" "Go-http-client/2.0"
162.213.253.84 - - [03/Jun/2026:14:11:55 -0400] "POST /wp-cron.php?doing_wp_cron=1780510315.2104980945587158203125 HTTP/1.1" 200 0 "-" "WordPress/7.0; https://www.bagpackvacation.com"
157.15.40.76 - - [03/Jun/2026:14:11:53 -0400] "GET /schallfuns.php HTTP/1.1" 404 22169 "http://bagpackvacation.com/schallfuns.php" "Go-http-client/2.0"
157.15.40.76 - - [03/Jun/2026:14:11:55 -0400] "GET /postnews.php HTTP/1.1" 404 22164 "http://bagpackvacation.com/postnews.php" "Go-http-client/2.0"
102.220.148.119 - - [03/Jun/2026:14:13:04 -0400] "GET /4-night-5-days-best-of-bali-package/tel:9211684078 HTTP/1.1" 404 22172 "-" "Mozilla/5.0 (Windows NT 10.0; Win64; x64) AppleWebKit/537.36 (KHTML, like Gecko) Brave Chrome/84.0.4147.89 Safari/537.36"
43.159.143.190 - - [03/Jun/2026:14:14:01 -0400] "GET / HTTP/1.1" 200 40165 "http://bagpackvacation.com" "Mozilla/5.0 (iPhone; CPU iPhone OS 13_2_3 like Mac OS X) AppleWebKit/605.1.15 (KHTML, like Gecko) Version/13.0.3 Mobile/15E148 Safari/604.1"