209.141.61.179 - - [03/Jun/2026:11:09:50 -0400] "GET /wp-login.php HTTP/1.1" 200 5935 "-" "Mozilla/5.0 (Windows NT 10.0; Win64; x64) AppleWebKit/537.36 (KHTML, like Gecko) Chrome/147.0.0.0 Safari/537.36"
209.141.61.179 - - [03/Jun/2026:11:09:50 -0400] "GET /wp-login.php HTTP/1.1" 200 5935 "-" "Mozilla/5.0 (Windows NT 10.0; Win64; x64) AppleWebKit/537.36 (KHTML, like Gecko) Chrome/147.0.0.0 Safari/537.36"
162.213.253.84 - - [03/Jun/2026:11:09:52 -0400] "POST /wp-cron.php?doing_wp_cron=1780499392.2638940811157226562500 HTTP/1.1" 200 0 "-" "WordPress/7.0; https://www.bagpackvacation.com"
162.213.253.84 - - [03/Jun/2026:11:09:57 -0400] "POST /wp-cron.php?doing_wp_cron=1780499396.4709029197692871093750 HTTP/1.1" 200 0 "-" "WordPress/7.0; https://www.bagpackvacation.com"
69.49.112.70 - - [03/Jun/2026:11:10:52 -0400] "GET /wp-login.php HTTP/1.1" 200 1806 "-" "Mozilla/5.0 (Windows NT 10.0; Win64; x64) AppleWebKit/537.36 (KHTML, like Gecko) Chrome/120.0.0.0 Safari/537.36"
162.213.253.84 - - [03/Jun/2026:11:10:55 -0400] "POST /wp-admin/admin-ajax.php?action=async_litespeed&nonce=hUkCZkURhfNfRk4n0oWfoJ57cobFwlFj&litespeed_type=imgoptm HTTP/1.1" 200 0 "-" "WordPress/7.0; https://www.bagpackvacation.com"
198.244.228.164 - - [03/Jun/2026:11:16:11 -0400] "GET /wp-login.php HTTP/1.1" 301 795 "-" "Mozilla/5.0 (Windows NT 10.0; Win64; x64) AppleWebKit/537.36 (KHTML, like Gecko) Chrome/120.0.0.0 Safari/537.36"
198.244.228.164 - - [03/Jun/2026:11:16:12 -0400] "GET /wp-login.php HTTP/1.1" 200 1806 "https://bagpackvacation.com/wp-login.php" "Mozilla/5.0 (Windows NT 10.0; Win64; x64) AppleWebKit/537.36 (KHTML, like Gecko) Chrome/120.0.0.0 Safari/537.36"
198.244.228.164 - - [03/Jun/2026:11:16:14 -0400] "GET /wp-login.php HTTP/1.1" 200 1806 "-" "Mozilla/5.0 (Windows NT 10.0; Win64; x64) AppleWebKit/537.36 (KHTML, like Gecko) Chrome/120.0.0.0 Safari/537.36"
162.213.253.84 - - [03/Jun/2026:11:16:16 -0400] "POST /wp-cron.php?doing_wp_cron=1780499776.2335829734802246093750 HTTP/1.1" 200 0 "-" "WordPress/7.0; https://www.bagpackvacation.com"
198.244.228.164 - - [03/Jun/2026:11:16:14 -0400] "POST /wp-login.php HTTP/1.1" 200 1905 "https://www.bagpackvacation.com/wp-login.php" "Mozilla/5.0 (Windows NT 10.0; Win64; x64) AppleWebKit/537.36 (KHTML, like Gecko) Chrome/120.0.0.0 Safari/537.36"
111.229.141.137 - - [03/Jun/2026:11:17:31 -0400] "GET /wp-login.php HTTP/1.1" 200 1806 "-" "Mozilla/5.0 (Windows NT 10.0; Win64; x64) AppleWebKit/537.36 (KHTML, like Gecko) Chrome/120.0.0.0 Safari/537.36"
162.213.253.84 - - [03/Jun/2026:11:17:34 -0400] "POST /wp-cron.php?doing_wp_cron=1780499854.1903679370880126953125 HTTP/1.1" 200 0 "-" "WordPress/7.0; https://www.bagpackvacation.com"
162.213.253.84 - - [03/Jun/2026:11:17:35 -0400] "POST /wp-admin/admin-ajax.php?action=async_litespeed&nonce=v3PMKkLd5X15aZROMxp9Nanldj1r8mFi&litespeed_type=imgoptm HTTP/1.1" 200 0 "-" "WordPress/7.0; https://www.bagpackvacation.com"
162.213.253.84 - - [03/Jun/2026:11:16:17 -0400] "POST /wp-admin/admin-ajax.php?action=async_litespeed&nonce=UO4X5o1LLt6rcQ2e9xeqyLskN6P8IW5R&litespeed_type=imgoptm HTTP/1.1" 200 0 "-" "WordPress/7.0; https://www.bagpackvacation.com"
111.229.141.137 - - [03/Jun/2026:11:17:33 -0400] "POST /wp-login.php HTTP/1.1" 200 1900 "https://www.bagpackvacation.com/wp-login.php" "Mozilla/5.0 (Windows NT 10.0; Win64; x64) AppleWebKit/537.36 (KHTML, like Gecko) Chrome/120.0.0.0 Safari/537.36"
104.210.140.133 - - [03/Jun/2026:11:19:57 -0400] "GET /robots.txt HTTP/1.1" 301 795 "-" "Mozilla/5.0 (Macintosh; Intel Mac OS X 10_15_7) AppleWebKit/537.36 (KHTML, like Gecko) Chrome/131.0.0.0 Safari/537.36; compatible; OAI-SearchBot/1.0; +https://openai.com/searchbot"
104.210.140.136 - - [03/Jun/2026:11:19:59 -0400] "GET /robots.txt HTTP/1.1" 200 108 "-" "Mozilla/5.0 (Macintosh; Intel Mac OS X 10_15_7) AppleWebKit/537.36 (KHTML, like Gecko) Chrome/131.0.0.0 Safari/537.36; compatible; OAI-SearchBot/1.0; +https://openai.com/searchbot"
160.250.186.220 - - [03/Jun/2026:11:20:48 -0400] "GET /wp-login.php HTTP/1.1" 301 795 "-" "Mozilla/5.0 (X11; Ubuntu; Linux x86_64; rv:133.0) Gecko/20100101 Firefox/133.0"
69.171.234.49 - - [03/Jun/2026:11:21:54 -0400] "GET /wp-content/uploads/2023/02/31774844-04ab-414b-ad2d-f48fa23da053.jpg HTTP/1.1" 200 147354 "-" "facebookexternalhit/1.1 (+http://www.facebook.com/externalhit_uatext.php)"
198.244.228.164 - - [03/Jun/2026:11:31:25 -0400] "GET /wp-login.php HTTP/1.1" 301 795 "-" "Mozilla/5.0 (Windows NT 10.0; Win64; x64) AppleWebKit/537.36 (KHTML, like Gecko) Chrome/120.0.0.0 Safari/537.36"
198.244.228.164 - - [03/Jun/2026:11:31:29 -0400] "GET /wp-login.php HTTP/1.1" 200 1806 "-" "Mozilla/5.0 (Windows NT 10.0; Win64; x64) AppleWebKit/537.36 (KHTML, like Gecko) Chrome/120.0.0.0 Safari/537.36"
198.244.228.164 - - [03/Jun/2026:11:31:30 -0400] "POST /wp-login.php HTTP/1.1" 200 1905 "https://www.bagpackvacation.com/wp-login.php" "Mozilla/5.0 (Windows NT 10.0; Win64; x64) AppleWebKit/537.36 (KHTML, like Gecko) Chrome/120.0.0.0 Safari/537.36"
162.213.253.84 - - [03/Jun/2026:11:34:05 -0400] "POST /wp-cron.php?doing_wp_cron=1780500845.9633369445800781250000 HTTP/1.1" 200 0 "-" "WordPress/7.0; https://www.bagpackvacation.com"
181.116.42.43 - - [03/Jun/2026:11:34:03 -0400] "GET /4-night-5-days-mauritius-loaded/tel:9211684078 HTTP/1.1" 404 22163 "-" "Mozilla/5.0 (Macintosh; Intel Mac OS X 10_14_6) AppleWebKit/537.36 (KHTML, like Gecko) Brave Chrome/89.0.4389.114 Safari/537.36"
136.243.123.217 - - [03/Jun/2026:11:42:52 -0400] "GET / HTTP/1.1" 200 40165 "https://www.bagpackvacation.com" "crawler_eb_germany_2.0"
136.243.123.217 - - [03/Jun/2026:11:43:12 -0400] "GET /kashmir/ HTTP/1.1" 200 27415 "https://www.bagpackvacation.com/kashmir/" "crawler_eb_germany_2.0"
136.243.123.217 - - [03/Jun/2026:11:43:17 -0400] "GET /andaman/ HTTP/1.1" 200 27185 "https://www.bagpackvacation.com/andaman/" "crawler_eb_germany_2.0"
136.243.123.217 - - [03/Jun/2026:11:43:21 -0400] "GET /goa-tour-packages/ HTTP/1.1" 200 26527 "https://www.bagpackvacation.com/goa-tour-packages/" "crawler_eb_germany_2.0"
136.243.123.217 - - [03/Jun/2026:11:43:26 -0400] "GET /north-east-tour-packages/ HTTP/1.1" 200 27307 "https://www.bagpackvacation.com/north-east-tour-packages/" "crawler_eb_germany_2.0"
136.243.123.217 - - [03/Jun/2026:11:43:30 -0400] "GET /kerala-tour-packages/ HTTP/1.1" 200 27293 "https://www.bagpackvacation.com/kerala-tour-packages/" "crawler_eb_germany_2.0"
136.243.123.217 - - [03/Jun/2026:11:43:43 -0400] "GET /jim-corbett-tour-packages/ HTTP/1.1" 200 27477 "https://www.bagpackvacation.com/jim-corbett-tour-packages/" "crawler_eb_germany_2.0"
136.243.123.217 - - [03/Jun/2026:11:43:59 -0400] "GET /sri-lanka-tour-packages/ HTTP/1.1" 200 27343 "https://www.bagpackvacation.com/sri-lanka-tour-packages/" "crawler_eb_germany_2.0"
136.243.123.217 - - [03/Jun/2026:11:44:03 -0400] "GET /bali-tour-packages/ HTTP/1.1" 200 27241 "https://www.bagpackvacation.com/bali-tour-packages/" "crawler_eb_germany_2.0"
136.243.123.217 - - [03/Jun/2026:11:44:06 -0400] "GET /singapore-tour-packages/ HTTP/1.1" 200 28807 "https://www.bagpackvacation.com/singapore-tour-packages/" "crawler_eb_germany_2.0"
136.243.123.217 - - [03/Jun/2026:11:44:10 -0400] "GET /malaysia-tour-packages/ HTTP/1.1" 200 28822 "https://www.bagpackvacation.com/malaysia-tour-packages/" "crawler_eb_germany_2.0"
136.243.123.217 - - [03/Jun/2026:11:44:13 -0400] "GET /maldives-tour-packages/ HTTP/1.1" 200 28666 "https://www.bagpackvacation.com/maldives-tour-packages/" "crawler_eb_germany_2.0"
136.243.123.217 - - [03/Jun/2026:11:44:16 -0400] "GET /mauritius-tour-packages/ HTTP/1.1" 200 27259 "https://www.bagpackvacation.com/mauritius-tour-packages/" "crawler_eb_germany_2.0"
136.243.123.217 - - [03/Jun/2026:11:44:34 -0400] "GET /beauty-of-nature-kerala/ HTTP/1.1" 200 29130 "https://www.bagpackvacation.com/beauty-of-nature-kerala/" "crawler_eb_germany_2.0"
136.243.123.217 - - [03/Jun/2026:11:44:42 -0400] "GET /honeymoon-wow-andaman-5-nights-6-days/ HTTP/1.1" 200 29520 "https://www.bagpackvacation.com/honeymoon-wow-andaman-5-nights-6-days/" "crawler_eb_germany_2.0"
136.243.123.217 - - [03/Jun/2026:11:44:48 -0400] "GET /beautiful-shimla-2-night-3-days/ HTTP/1.1" 200 29016 "https://www.bagpackvacation.com/beautiful-shimla-2-night-3-days/" "crawler_eb_germany_2.0"
198.244.228.164 - - [03/Jun/2026:11:31:26 -0400] "GET /wp-login.php HTTP/1.1" 200 1806 "https://bagpackvacation.com/wp-login.php" "Mozilla/5.0 (Windows NT 10.0; Win64; x64) AppleWebKit/537.36 (KHTML, like Gecko) Chrome/120.0.0.0 Safari/537.36"
136.243.123.217 - - [03/Jun/2026:11:42:56 -0400] "GET /terms-conditions-with-cancellation-policy/ HTTP/1.1" 200 28127 "https://www.bagpackvacation.com/terms-conditions-with-cancellation-policy/" "crawler_eb_germany_2.0"
136.243.123.217 - - [03/Jun/2026:11:43:00 -0400] "GET /contact-us/ HTTP/1.1" 200 25650 "https://www.bagpackvacation.com/contact-us/" "crawler_eb_germany_2.0"
136.243.123.217 - - [03/Jun/2026:11:43:04 -0400] "GET /about-us/ HTTP/1.1" 200 25322 "https://www.bagpackvacation.com/about-us/" "crawler_eb_germany_2.0"
136.243.123.217 - - [03/Jun/2026:11:43:09 -0400] "GET / HTTP/1.1" 200 40165 "https://www.bagpackvacation.com/" "crawler_eb_germany_2.0"
136.243.123.217 - - [03/Jun/2026:11:43:34 -0400] "GET /shimla-tour-packages/ HTTP/1.1" 200 27415 "https://www.bagpackvacation.com/shimla-tour-packages/" "crawler_eb_germany_2.0"
136.243.123.217 - - [03/Jun/2026:11:43:39 -0400] "GET /manali-tour-packages/ HTTP/1.1" 200 27348 "https://www.bagpackvacation.com/manali-tour-packages/" "crawler_eb_germany_2.0"
136.243.123.217 - - [03/Jun/2026:11:43:46 -0400] "GET /ooty-tour-packages/ HTTP/1.1" 200 27242 "https://www.bagpackvacation.com/ooty-tour-packages/" "crawler_eb_germany_2.0"
136.243.123.217 - - [03/Jun/2026:11:43:50 -0400] "GET /thailand-tour-packages/ HTTP/1.1" 200 28953 "https://www.bagpackvacation.com/thailand-tour-packages/" "crawler_eb_germany_2.0"
136.243.123.217 - - [03/Jun/2026:11:43:54 -0400] "GET /dubai-tour-packages/ HTTP/1.1" 200 28067 "https://www.bagpackvacation.com/dubai-tour-packages/" "crawler_eb_germany_2.0"
136.243.123.217 - - [03/Jun/2026:11:44:21 -0400] "GET /romantic-goa-with-dudh-sagar-waterfall-4-night-5-days/ HTTP/1.1" 200 28996 "https://www.bagpackvacation.com/romantic-goa-with-dudh-sagar-waterfall-4-night-5-days/" "crawler_eb_germany_2.0"
136.243.123.217 - - [03/Jun/2026:11:44:25 -0400] "GET /romantic-sikkim-delight-with-gangtok-darjeeling-pelling/ HTTP/1.1" 200 29761 "https://www.bagpackvacation.com/romantic-sikkim-delight-with-gangtok-darjeeling-pelling/" "crawler_eb_germany_2.0"
136.243.123.217 - - [03/Jun/2026:11:44:30 -0400] "GET /fun-with-family-in-kashmir-5-night-6-days/ HTTP/1.1" 200 30170 "https://www.bagpackvacation.com/fun-with-family-in-kashmir-5-night-6-days/" "crawler_eb_germany_2.0"
136.243.123.217 - - [03/Jun/2026:11:44:39 -0400] "GET /relaxing-shimla-with-narkanda-3-night-4-days/ HTTP/1.1" 200 29397 "https://www.bagpackvacation.com/relaxing-shimla-with-narkanda-3-night-4-days/" "crawler_eb_germany_2.0"
136.243.123.217 - - [03/Jun/2026:11:44:54 -0400] "GET /explore-kullu-with-manali-4-nights-5-days/ HTTP/1.1" 200 29222 "https://www.bagpackvacation.com/explore-kullu-with-manali-4-nights-5-days/" "crawler_eb_germany_2.0"
136.243.123.217 - - [03/Jun/2026:11:45:01 -0400] "GET /travel-insurance/ HTTP/1.1" 200 24970 "https://www.bagpackvacation.com/travel-insurance/" "crawler_eb_germany_2.0"
136.243.123.217 - - [03/Jun/2026:11:45:11 -0400] "GET /fun-with-family-in-goa/ HTTP/1.1" 200 28649 "https://www.bagpackvacation.com/fun-with-family-in-goa/" "crawler_eb_germany_2.0"
136.243.123.217 - - [03/Jun/2026:11:45:16 -0400] "GET /sikkim-delight-with-gangtok-darjeeling/ HTTP/1.1" 200 29292 "https://www.bagpackvacation.com/sikkim-delight-with-gangtok-darjeeling/" "crawler_eb_germany_2.0"
136.243.123.217 - - [03/Jun/2026:11:45:19 -0400] "GET /explore-manali-3-night-4-days/ HTTP/1.1" 200 28899 "https://www.bagpackvacation.com/explore-manali-3-night-4-days/" "crawler_eb_germany_2.0"
136.243.123.217 - - [03/Jun/2026:11:45:47 -0400] "GET /3-night-4-days-dubai-weekend-getaway/ HTTP/1.1" 200 29112 "https://www.bagpackvacation.com/3-night-4-days-dubai-weekend-getaway/" "crawler_eb_germany_2.0"
136.243.123.217 - - [03/Jun/2026:11:44:58 -0400] "GET /nainital-corbett-special-3-night-4-days/ HTTP/1.1" 200 29039 "https://www.bagpackvacation.com/nainital-corbett-special-3-night-4-days/" "crawler_eb_germany_2.0"
136.243.123.217 - - [03/Jun/2026:11:45:04 -0400] "GET /romantic-kashmir-4-night-5-days/ HTTP/1.1" 200 29854 "https://www.bagpackvacation.com/romantic-kashmir-4-night-5-days/" "crawler_eb_germany_2.0"
136.243.123.217 - - [03/Jun/2026:11:45:07 -0400] "GET /exotic-andaman-4-nights-5-days/ HTTP/1.1" 200 29202 "https://www.bagpackvacation.com/exotic-andaman-4-nights-5-days/" "crawler_eb_germany_2.0"
136.243.123.217 - - [03/Jun/2026:11:45:24 -0400] "GET /romantic-nainital-corbett-special-2-night-3-days/ HTTP/1.1" 200 28852 "https://www.bagpackvacation.com/romantic-nainital-corbett-special-2-night-3-days/" "crawler_eb_germany_2.0"
136.243.123.217 - - [03/Jun/2026:11:45:28 -0400] "GET /dazzling-ooty-mysore-coorg-5-night-6-days/ HTTP/1.1" 200 28633 "https://www.bagpackvacation.com/dazzling-ooty-mysore-coorg-5-night-6-days/" "crawler_eb_germany_2.0"
136.243.123.217 - - [03/Jun/2026:11:45:33 -0400] "GET /romantic-dazzling-ooty-mysore-4-night-5-days/ HTTP/1.1" 200 28572 "https://www.bagpackvacation.com/romantic-dazzling-ooty-mysore-4-night-5-days/" "crawler_eb_germany_2.0"
136.243.123.217 - - [03/Jun/2026:11:45:37 -0400] "GET /3-night-4-days-thailand-pattaya-weekend-getaway/ HTTP/1.1" 200 28933 "https://www.bagpackvacation.com/3-night-4-days-thailand-pattaya-weekend-getaway/" "crawler_eb_germany_2.0"
136.243.123.217 - - [03/Jun/2026:11:45:42 -0400] "GET /4-night-5-days-best-holiday-package-for-bangkok-pattaya/ HTTP/1.1" 200 29669 "https://www.bagpackvacation.com/4-night-5-days-best-holiday-package-for-bangkok-pattaya/" "crawler_eb_germany_2.0"
136.243.123.217 - - [03/Jun/2026:11:45:50 -0400] "GET /3-night-4-days-dubai-holiday-with-burj-khalifa/ HTTP/1.1" 200 29335 "https://www.bagpackvacation.com/3-night-4-days-dubai-holiday-with-burj-khalifa/" "crawler_eb_germany_2.0"
136.243.123.217 - - [03/Jun/2026:11:45:54 -0400] "GET /4-night-5-days-dubai-super-saver-holiday/ HTTP/1.1" 200 29262 "https://www.bagpackvacation.com/4-night-5-days-dubai-super-saver-holiday/" "crawler_eb_germany_2.0"
136.243.123.217 - - [03/Jun/2026:11:46:06 -0400] "GET /4-night-5-days-soothing-sri-lanka-package/ HTTP/1.1" 200 29994 "https://www.bagpackvacation.com/4-night-5-days-soothing-sri-lanka-package/" "crawler_eb_germany_2.0"
136.243.123.217 - - [03/Jun/2026:11:46:09 -0400] "GET /5-night-6-days-splendours-of-sri-lanka-package/ HTTP/1.1" 200 30008 "https://www.bagpackvacation.com/5-night-6-days-splendours-of-sri-lanka-package/" "crawler_eb_germany_2.0"
136.243.123.217 - - [03/Jun/2026:11:46:13 -0400] "GET /6-night-7-days-sri-lanka-package/ HTTP/1.1" 200 30309 "https://www.bagpackvacation.com/6-night-7-days-sri-lanka-package/" "crawler_eb_germany_2.0"
136.243.123.217 - - [03/Jun/2026:11:46:18 -0400] "GET /3-night-4-days-bali-loaded/ HTTP/1.1" 200 29729 "https://www.bagpackvacation.com/3-night-4-days-bali-loaded/" "crawler_eb_germany_2.0"
136.243.123.217 - - [03/Jun/2026:11:46:26 -0400] "GET /4-night-5-days-best-of-bali-with-split-stay/ HTTP/1.1" 200 30082 "https://www.bagpackvacation.com/4-night-5-days-best-of-bali-with-split-stay/" "crawler_eb_germany_2.0"
136.243.123.217 - - [03/Jun/2026:11:46:45 -0400] "GET /4-night-5-days-singapore-honeymoon-special-2/ HTTP/1.1" 200 30970 "https://www.bagpackvacation.com/4-night-5-days-singapore-honeymoon-special-2/" "crawler_eb_germany_2.0"
136.243.123.217 - - [03/Jun/2026:11:46:58 -0400] "GET /3-night-4-days-malaysia-weekend-getaway/ HTTP/1.1" 200 29125 "https://www.bagpackvacation.com/3-night-4-days-malaysia-weekend-getaway/" "crawler_eb_germany_2.0"
136.243.123.217 - - [03/Jun/2026:11:47:02 -0400] "GET /4-nights-05-days-best-holiday-package-for-malaysia/ HTTP/1.1" 200 29419 "https://www.bagpackvacation.com/4-nights-05-days-best-holiday-package-for-malaysia/" "crawler_eb_germany_2.0"
136.243.123.217 - - [03/Jun/2026:11:47:07 -0400] "GET /4-nights-05-days-idyllic-malaysia-tour-package/ HTTP/1.1" 200 29874 "https://www.bagpackvacation.com/4-nights-05-days-idyllic-malaysia-tour-package/" "crawler_eb_germany_2.0"
217.76.158.60 - - [03/Jun/2026:11:47:22 -0400] "GET /wp-login.php HTTP/1.1" 301 795 "-" "Mozilla/5.0 (Windows NT 10.0) AppleWebKit/537.36 (KHTML, like Gecko) Chrome/133.0.0.0 Safari/537.36"
136.243.123.217 - - [03/Jun/2026:11:47:24 -0400] "GET /3-night-4-days-spectacular-maldives-tour-package/ HTTP/1.1" 200 27654 "https://www.bagpackvacation.com/3-night-4-days-spectacular-maldives-tour-package/" "crawler_eb_germany_2.0"
136.243.123.217 - - [03/Jun/2026:11:47:30 -0400] "GET /4-night-5-days-mauritius-loaded/ HTTP/1.1" 200 30078 "https://www.bagpackvacation.com/4-night-5-days-mauritius-loaded/" "crawler_eb_germany_2.0"
136.243.123.217 - - [03/Jun/2026:11:47:37 -0400] "GET /6-night-7-days-luxury-honeymoon-package/ HTTP/1.1" 200 30680 "https://www.bagpackvacation.com/6-night-7-days-luxury-honeymoon-package/" "crawler_eb_germany_2.0"
136.243.123.217 - - [03/Jun/2026:11:47:42 -0400] "GET /5-night-6-days-spectacular-mauritius-with-casela-bird-park/ HTTP/1.1" 200 30828 "https://www.bagpackvacation.com/5-night-6-days-spectacular-mauritius-with-casela-bird-park/" "crawler_eb_germany_2.0"
217.76.158.60 - admin [03/Jun/2026:11:47:43 -0400] "GET /wp-json/wp/v2/users/me HTTP/1.1" 301 795 "-" "Mozilla/5.0 (Windows NT 10.0) AppleWebKit/537.36 (KHTML, like Gecko) Chrome/133.0.0.0 Safari/537.36"
136.243.123.217 - - [03/Jun/2026:11:47:49 -0400] "GET /category/uncategorized/ HTTP/1.1" 200 21545 "https://www.bagpackvacation.com/category/uncategorized/" "crawler_eb_germany_2.0"
45.154.98.217 - - [03/Jun/2026:11:49:59 -0400] "GET / HTTP/1.1" 200 254241 "-" "Mozlila/5.0 (Linux; Android 7.0; SM-G892A Bulid/NRD90M; wv) AppleWebKit/537.36 (KHTML, like Gecko) Version/4.0 Chrome/60.0.3112.107 Moblie Safari/537.36"
45.154.98.217 - - [03/Jun/2026:11:50:06 -0400] "GET /lwhdtmvm.php?Fox=d3wL7 HTTP/1.1" 200 0 "www.google.com" "Mozilla/5.0 (Linux; Android 7.0; SM-G892A Bulid/NRD90M; wv) AppleWebKit/537.36 (KHTML, like Gecko) Version/4.0 Chrome/60.0.3112.107 Moblie Safari/537.36"
45.154.98.217 - - [03/Jun/2026:11:50:06 -0400] "GET /plugins/content/apismtp/apismtp.php?test=hello HTTP/1.1" 404 106586 "-" "Mozlila/5.0 (Linux; Android 7.0; SM-G892A Bulid/NRD90M; wv) AppleWebKit/537.36 (KHTML, like Gecko) Version/4.0 Chrome/60.0.3112.107 Moblie Safari/537.36"
45.154.98.217 - - [03/Jun/2026:11:50:06 -0400] "GET /wp-content/themes/seotheme/db.php?u HTTP/1.1" 404 106585 "www.google.com" "Mozlila/5.0 (Linux; Android 7.0; SM-G892A Bulid/NRD90M; wv) AppleWebKit/537.36 (KHTML, like Gecko) Version/4.0 Chrome/60.0.3112.107 Moblie Safari/537.36"
45.154.98.217 - - [03/Jun/2026:11:50:08 -0400] "GET /lwhdtmvm.php?Fox=d3wL7 HTTP/1.1" 404 106559 "www.google.com" "Mozilla/5.0 (Linux; Android 7.0; SM-G892A Bulid/NRD90M; wv) AppleWebKit/537.36 (KHTML, like Gecko) Version/4.0 Chrome/60.0.3112.107 Moblie Safari/537.36"
45.154.98.217 - - [03/Jun/2026:11:50:19 -0400] "GET /wp-content/plugins/apikey/apikey.php.suspected?test=hello HTTP/1.1" 404 106608 "-" "Mozlila/5.0 (Linux; Android 7.0; SM-G892A Bulid/NRD90M; wv) AppleWebKit/537.36 (KHTML, like Gecko) Version/4.0 Chrome/60.0.3112.107 Moblie Safari/537.36"
45.154.98.217 - - [03/Jun/2026:11:50:23 -0400] "GET /plugins/content/apismtp/apismtp.php.suspected?test=hello HTTP/1.1" 404 106606 "-" "Mozlila/5.0 (Linux; Android 7.0; SM-G892A Bulid/NRD90M; wv) AppleWebKit/537.36 (KHTML, like Gecko) Version/4.0 Chrome/60.0.3112.107 Moblie Safari/537.36"
162.213.253.84 - - [03/Jun/2026:11:54:35 -0400] "POST /wp-cron.php?doing_wp_cron=1780502075.2088479995727539062500 HTTP/1.1" 200 0 "-" "WordPress/7.0; https://www.bagpackvacation.com"
87.106.67.224 - - [03/Jun/2026:11:54:34 -0400] "POST /wp-login.php HTTP/1.1" 200 1905 "https://www.bagpackvacation.com/wp-login.php" "Mozilla/5.0 (X11; Linux x86_64) AppleWebKit/537.36 (KHTML, like Gecko) Chrome/133.0.0.0 Safari/537.36"
162.213.253.84 - - [03/Jun/2026:11:54:36 -0400] "POST /wp-admin/admin-ajax.php?action=async_litespeed&nonce=b4vT92S4WkMoOKzTJk4zEffOPTH4tVrm&litespeed_type=imgoptm HTTP/1.1" 200 0 "-" "WordPress/7.0; https://www.bagpackvacation.com"
162.213.253.84 - - [03/Jun/2026:11:55:06 -0400] "POST /wp-cron.php?doing_wp_cron=1780502106.0683889389038085937500 HTTP/1.1" 200 0 "-" "WordPress/7.0; https://www.bagpackvacation.com"
87.106.67.224 - admin [03/Jun/2026:11:55:04 -0400] "GET /wp-json/wp/v2/users/me HTTP/1.1" 401 96 "-" "Mozilla/5.0 (X11; Linux x86_64) AppleWebKit/537.36 (KHTML, like Gecko) Chrome/133.0.0.0 Safari/537.36"
149.40.50.222 - - [03/Jun/2026:12:01:07 -0400] "GET /contact-us/ HTTP/1.1" 200 22354 "-" "Mozilla/5.0 (Macintosh; Intel Mac OS X 10_15_7) AppleWebKit/605.1.15 (KHTML, like Gecko) Version/18.6 Safari/605.1.15"
149.40.50.222 - - [03/Jun/2026:12:01:13 -0400] "POST /wp-admin/admin-ajax.php HTTP/1.1" 200 17 "https://www.bagpackvacation.com/contact-us/" "Mozilla/5.0 (Macintosh; Intel Mac OS X 10_15_7) AppleWebKit/605.1.15 (KHTML, like Gecko) Version/18.6 Safari/605.1.15"
162.213.253.84 - - [03/Jun/2026:12:01:16 -0400] "POST /wp-admin/admin-ajax.php?action=async_litespeed&nonce=c70fGZkSRQrlK5zQkHEqyaZiH6zNNkyB&litespeed_type=imgoptm HTTP/1.1" 200 0 "-" "WordPress/7.0; https://www.bagpackvacation.com"
136.243.123.217 - - [03/Jun/2026:11:45:57 -0400] "GET /4-night-5-days-family-special-dubai-holiday/ HTTP/1.1" 200 29844 "https://www.bagpackvacation.com/4-night-5-days-family-special-dubai-holiday/" "crawler_eb_germany_2.0"
136.243.123.217 - - [03/Jun/2026:11:46:03 -0400] "GET /3-night-4-days-sri-lanka-loaded/ HTTP/1.1" 200 29769 "https://www.bagpackvacation.com/3-night-4-days-sri-lanka-loaded/" "crawler_eb_germany_2.0"
136.243.123.217 - - [03/Jun/2026:11:46:21 -0400] "GET /4-night-5-days-best-of-bali-package/ HTTP/1.1" 200 29995 "https://www.bagpackvacation.com/4-night-5-days-best-of-bali-package/" "crawler_eb_germany_2.0"
136.243.123.217 - - [03/Jun/2026:11:46:30 -0400] "GET /5-night-6-days-bali-fully-loaded-with-split-stay/ HTTP/1.1" 200 30721 "https://www.bagpackvacation.com/5-night-6-days-bali-fully-loaded-with-split-stay/" "crawler_eb_germany_2.0"
136.243.123.217 - - [03/Jun/2026:11:46:34 -0400] "GET /3-night-4-days-singapore-weekend-getaway/ HTTP/1.1" 200 30441 "https://www.bagpackvacation.com/3-night-4-days-singapore-weekend-getaway/" "crawler_eb_germany_2.0"
136.243.123.217 - - [03/Jun/2026:11:46:39 -0400] "GET /4-night-5-days-singapore-honeymoon-special/ HTTP/1.1" 200 30734 "https://www.bagpackvacation.com/4-night-5-days-singapore-honeymoon-special/" "crawler_eb_germany_2.0"
136.243.123.217 - - [03/Jun/2026:11:46:51 -0400] "GET /4-night-5-days-singapore-family-special/ HTTP/1.1" 200 31061 "https://www.bagpackvacation.com/4-night-5-days-singapore-family-special/" "crawler_eb_germany_2.0"
136.243.123.217 - - [03/Jun/2026:11:47:10 -0400] "GET /5-night-6-days-malaysia-family-tour/ HTTP/1.1" 200 29642 "https://www.bagpackvacation.com/5-night-6-days-malaysia-family-tour/" "crawler_eb_germany_2.0"
136.243.123.217 - - [03/Jun/2026:11:47:13 -0400] "GET /3-night-4-days-exotic-maldives/ HTTP/1.1" 200 27732 "https://www.bagpackvacation.com/3-night-4-days-exotic-maldives/" "crawler_eb_germany_2.0"
136.243.123.217 - - [03/Jun/2026:11:47:17 -0400] "GET /4-night-5-days-maldives/ HTTP/1.1" 200 27599 "https://www.bagpackvacation.com/4-night-5-days-maldives/" "crawler_eb_germany_2.0"
136.243.123.217 - - [03/Jun/2026:11:47:22 -0400] "GET /5-night-6-days-maldives-romantic-package/ HTTP/1.1" 200 27747 "https://www.bagpackvacation.com/5-night-6-days-maldives-romantic-package/" "crawler_eb_germany_2.0"
136.243.123.217 - - [03/Jun/2026:11:47:46 -0400] "GET /6-night-7-days-magical-mauritius-package/ HTTP/1.1" 200 30996 "https://www.bagpackvacation.com/6-night-7-days-magical-mauritius-package/" "crawler_eb_germany_2.0"
45.154.98.217 - - [03/Jun/2026:11:50:01 -0400] "GET /wp-content/plugins/apikey/apikey.php?test=hello HTTP/1.1" 404 106588 "-" "Mozlila/5.0 (Linux; Android 7.0; SM-G892A Bulid/NRD90M; wv) AppleWebKit/537.36 (KHTML, like Gecko) Version/4.0 Chrome/60.0.3112.107 Moblie Safari/537.36"
45.154.98.217 - - [03/Jun/2026:11:50:17 -0400] "GET /wp-content/plugins/apikey/apikey.php.suspected?test=hello HTTP/1.1" 200 0 "-" "Mozlila/5.0 (Linux; Android 7.0; SM-G892A Bulid/NRD90M; wv) AppleWebKit/537.36 (KHTML, like Gecko) Version/4.0 Chrome/60.0.3112.107 Moblie Safari/537.36"
87.106.67.224 - - [03/Jun/2026:11:54:30 -0400] "GET /wp-login.php HTTP/1.1" 200 1806 "-" "Mozilla/5.0 (X11; Linux x86_64) AppleWebKit/537.36 (KHTML, like Gecko) Chrome/133.0.0.0 Safari/537.36"
171.225.207.101 - - [03/Jun/2026:11:56:57 -0400] "GET / HTTP/1.1" 200 40165 "-" "Mozilla/5.0 (Windows NT 10.0; Win64; x64) AppleWebKit/537.36 (KHTML, like Gecko) Chrome/91.0.4472.123 Safari/537.36"
162.213.253.84 - - [03/Jun/2026:12:01:14 -0400] "POST /wp-cron.php?doing_wp_cron=1780502474.6669859886169433593750 HTTP/1.1" 200 0 "-" "WordPress/7.0; https://www.bagpackvacation.com"
162.213.253.84 - - [03/Jun/2026:12:06:41 -0400] "POST /wp-cron.php?doing_wp_cron=1780502801.8107590675354003906250 HTTP/1.1" 200 0 "-" "WordPress/7.0; https://www.bagpackvacation.com"
41.226.83.115 - - [03/Jun/2026:12:06:40 -0400] "GET /explore-kullu-with-manali-4-nights-5-days/tel:9211684078 HTTP/1.1" 404 22171 "-" "Mozilla/5.0 (Windows NT 10.0; WOW64) AppleWebKit/537.36 (KHTML, like Gecko) Chrome/91.0.4450.0 Safari/537.36"
162.213.253.84 - - [03/Jun/2026:12:06:42 -0400] "POST /wp-admin/admin-ajax.php?action=async_litespeed&nonce=TM6CNHjQMVkiVOByDv18Zp3YgHLUTb1d&litespeed_type=imgoptm HTTP/1.1" 200 21 "-" "WordPress/7.0; https://www.bagpackvacation.com"
43.164.196.47 - - [03/Jun/2026:12:19:55 -0400] "GET / HTTP/1.1" 200 40165 "http://www.bagpackvacation.com" "Mozilla/5.0 (iPhone; CPU iPhone OS 13_2_3 like Mac OS X) AppleWebKit/605.1.15 (KHTML, like Gecko) Version/13.0.3 Mobile/15E148 Safari/604.1"
103.230.156.120 - - [03/Jun/2026:12:22:12 -0400] "POST /wp-login.php HTTP/1.1" 200 1905 "https://www.bagpackvacation.com/wp-login.php" "Mozilla/5.0 (Windows NT 10.0; Win64; x64) AppleWebKit/537.36 (KHTML, like Gecko) Chrome/120.0.0.0 Safari/537.36"
162.213.253.84 - - [03/Jun/2026:12:22:15 -0400] "POST /wp-admin/admin-ajax.php?action=async_litespeed&nonce=ImksIK6VxBqr2j4QbRBXcmMDGVaFyW9j&litespeed_type=imgoptm HTTP/1.1" 200 0 "-" "WordPress/7.0; https://www.bagpackvacation.com"
220.181.108.90 - - [03/Jun/2026:12:28:51 -0400] "GET /dubai-tour-packages/ HTTP/1.1" 200 28067 "-" "Mozilla/5.0 (compatible; Baiduspider/2.0; +http://www.baidu.com/search/spider.html)"
43.134.57.179 - - [03/Jun/2026:12:33:29 -0400] "GET / HTTP/1.1" 200 40165 "-" "Mozilla/5.0 (iPhone; CPU iPhone OS 13_2_3 like Mac OS X) AppleWebKit/605.1.15 (KHTML, like Gecko) Version/13.0.3 Mobile/15E148 Safari/604.1"
162.213.253.84 - - [03/Jun/2026:12:19:54 -0400] "POST /wp-admin/admin-ajax.php?action=async_litespeed&nonce=ZXaQ73m2kma4NfzqD3wQ3zMFedegOHNj&litespeed_type=imgoptm HTTP/1.1" 200 0 "-" "WordPress/7.0; https://www.bagpackvacation.com"
103.230.156.120 - - [03/Jun/2026:12:22:07 -0400] "GET /wp-login.php HTTP/1.1" 301 795 "-" "Mozilla/5.0 (Windows NT 10.0; Win64; x64) AppleWebKit/537.36 (KHTML, like Gecko) Chrome/120.0.0.0 Safari/537.36"
103.230.156.120 - - [03/Jun/2026:12:22:11 -0400] "GET /wp-login.php HTTP/1.1" 200 1806 "https://mail.bagpackvacation.com/wp-login.php" "Mozilla/5.0 (Windows NT 10.0; Win64; x64) AppleWebKit/537.36 (KHTML, like Gecko) Chrome/120.0.0.0 Safari/537.36"
103.230.156.120 - - [03/Jun/2026:12:22:12 -0400] "GET /wp-login.php HTTP/1.1" 200 1806 "-" "Mozilla/5.0 (Windows NT 10.0; Win64; x64) AppleWebKit/537.36 (KHTML, like Gecko) Chrome/120.0.0.0 Safari/537.36"
162.213.253.84 - - [03/Jun/2026:12:22:14 -0400] "POST /wp-cron.php?doing_wp_cron=1780503733.8435719013214111328125 HTTP/1.1" 200 0 "-" "WordPress/7.0; https://www.bagpackvacation.com"
196.188.34.155 - - [03/Jun/2026:12:22:28 -0400] "GET /singapore-tour-packages/ HTTP/1.1" 200 28807 "-" "Mozilla/5.0 (Macintosh; Intel Mac OS X 11.2; rv:136.0) Gecko/20100101 Firefox/136.0"
192.250.239.252 - - [03/Jun/2026:12:41:09 -0400] "GET /wp-login.php HTTP/1.1" 301 795 "-" "Mozilla/5.0 (Windows NT 10.0; Win64; x64) AppleWebKit/537.36 (KHTML, like Gecko) Chrome/120.0.0.0 Safari/537.36"
192.250.239.252 - - [03/Jun/2026:12:41:12 -0400] "GET /wp-login.php HTTP/1.1" 200 1806 "-" "Mozilla/5.0 (Windows NT 10.0; Win64; x64) AppleWebKit/537.36 (KHTML, like Gecko) Chrome/120.0.0.0 Safari/537.36"
162.213.253.84 - - [03/Jun/2026:12:41:14 -0400] "POST /wp-cron.php?doing_wp_cron=1780504873.5798089504241943359375 HTTP/1.1" 200 0 "-" "WordPress/7.0; https://www.bagpackvacation.com"
192.250.239.252 - - [03/Jun/2026:12:41:12 -0400] "POST /wp-login.php HTTP/1.1" 200 1905 "https://www.bagpackvacation.com/wp-login.php" "Mozilla/5.0 (Windows NT 10.0; Win64; x64) AppleWebKit/537.36 (KHTML, like Gecko) Chrome/120.0.0.0 Safari/537.36"
162.213.253.84 - - [03/Jun/2026:12:41:15 -0400] "POST /wp-admin/admin-ajax.php?action=async_litespeed&nonce=QbRn1eTTnhv7n38cUeAsO41dTZbxt2yJ&litespeed_type=imgoptm HTTP/1.1" 200 0 "-" "WordPress/7.0; https://www.bagpackvacation.com"
47.128.21.145 - - [03/Jun/2026:12:51:10 -0400] "GET /3-night-4-days-exotic-maldives/ HTTP/1.1" 200 23648 "-" "Mozilla/5.0 (Linux; Android 5.0) AppleWebKit/537.36 (KHTML, like Gecko) Mobile Safari/537.36 (compatible; Bytespider; [email protected])"
47.128.21.145 - - [03/Jun/2026:12:51:10 -0400] "GET /wp-content/plugins/woocommerce/assets/client/blocks/wc-blocks.css?ver=wc-9.8.7 HTTP/1.1" 200 2282 "https://www.bagpackvacation.com/3-night-4-days-exotic-maldives/" "Mozilla/5.0 (Linux; Android 5.0) AppleWebKit/537.36 (KHTML, like Gecko) Mobile Safari/537.36 (compatible; Bytespider; [email protected])"
47.128.21.145 - - [03/Jun/2026:12:51:11 -0400] "GET /wp-content/plugins/wp-whatsapp/assets/dist/css/style.css?ver=7.0 HTTP/1.1" 200 4704 "https://www.bagpackvacation.com/3-night-4-days-exotic-maldives/" "Mozilla/5.0 (Linux; Android 5.0) AppleWebKit/537.36 (KHTML, like Gecko) Mobile Safari/537.36 (compatible; Bytespider; [email protected])"
47.128.21.145 - - [03/Jun/2026:12:51:11 -0400] "GET /wp-content/plugins/primary-addon-for-elementor/assets/css/themify-icons.min.css?ver=1.0.0 HTTP/1.1" 200 2620 "https://www.bagpackvacation.com/3-night-4-days-exotic-maldives/" "Mozilla/5.0 (Linux; Android 5.0) AppleWebKit/537.36 (KHTML, like Gecko) Mobile Safari/537.36 (compatible; Bytespider; [email protected])"
47.128.21.145 - - [03/Jun/2026:12:51:11 -0400] "GET /wp-content/plugins/primary-addon-for-elementor/assets/css/animate.min.css?ver=3.7.2 HTTP/1.1" 200 4011 "https://www.bagpackvacation.com/3-night-4-days-exotic-maldives/" "Mozilla/5.0 (Linux; Android 5.0) AppleWebKit/537.36 (KHTML, like Gecko) Mobile Safari/537.36 (compatible; Bytespider; [email protected])"
47.128.21.145 - - [03/Jun/2026:12:51:11 -0400] "GET /wp-content/plugins/primary-addon-for-elementor/assets/css/hover-min.css?ver=2.3.2 HTTP/1.1" 200 6307 "https://www.bagpackvacation.com/3-night-4-days-exotic-maldives/" "Mozilla/5.0 (Linux; Android 5.0) AppleWebKit/537.36 (KHTML, like Gecko) Mobile Safari/537.36 (compatible; Bytespider; [email protected])"
47.128.21.145 - - [03/Jun/2026:12:51:11 -0400] "GET /wp-content/plugins/primary-addon-for-elementor/assets/css/linea.min.css?ver=1.0.0 HTTP/1.1" 200 5115 "https://www.bagpackvacation.com/3-night-4-days-exotic-maldives/" "Mozilla/5.0 (Linux; Android 5.0) AppleWebKit/537.36 (KHTML, like Gecko) Mobile Safari/537.36 (compatible; Bytespider; [email protected])"
47.128.21.145 - - [03/Jun/2026:12:51:11 -0400] "GET /wp-content/plugins/woocommerce/assets/css/woocommerce-layout.css?ver=9.8.7 HTTP/1.1" 200 3160 "https://www.bagpackvacation.com/3-night-4-days-exotic-maldives/" "Mozilla/5.0 (Linux; Android 5.0) AppleWebKit/537.36 (KHTML, like Gecko) Mobile Safari/537.36 (compatible; Bytespider; [email protected])"
192.250.239.252 - - [03/Jun/2026:12:41:11 -0400] "GET /wp-login.php HTTP/1.1" 200 1806 "https://bagpackvacation.com/wp-login.php" "Mozilla/5.0 (Windows NT 10.0; Win64; x64) AppleWebKit/537.36 (KHTML, like Gecko) Chrome/120.0.0.0 Safari/537.36"
47.128.21.145 - - [03/Jun/2026:12:51:11 -0400] "GET /wp-content/plugins/elementor/assets/lib/font-awesome/css/font-awesome.min.css?ver=4.7.0 HTTP/1.1" 200 6657 "https://www.bagpackvacation.com/3-night-4-days-exotic-maldives/" "Mozilla/5.0 (Linux; Android 5.0) AppleWebKit/537.36 (KHTML, like Gecko) Mobile Safari/537.36 (compatible; Bytespider; [email protected])"
47.128.21.145 - - [03/Jun/2026:12:51:11 -0400] "GET /wp-content/plugins/primary-addon-for-elementor/assets/css/icofont.min.css?ver=1.0.1 HTTP/1.1" 200 1600 "https://www.bagpackvacation.com/3-night-4-days-exotic-maldives/" "Mozilla/5.0 (Linux; Android 5.0) AppleWebKit/537.36 (KHTML, like Gecko) Mobile Safari/537.36 (compatible; Bytespider; [email protected])"
47.128.21.145 - - [03/Jun/2026:12:51:11 -0400] "GET /wp-content/plugins/woocommerce/assets/css/woocommerce-smallscreen.css?ver=9.8.7 HTTP/1.1" 200 1165 "https://www.bagpackvacation.com/3-night-4-days-exotic-maldives/" "Mozilla/5.0 (Linux; Android 5.0) AppleWebKit/537.36 (KHTML, like Gecko) Mobile Safari/537.36 (compatible; Bytespider; [email protected])"
47.128.21.145 - - [03/Jun/2026:12:51:11 -0400] "GET /wp-content/themes/hello-elementor/header-footer.min.css?ver=3.3.0 HTTP/1.1" 200 1292 "https://www.bagpackvacation.com/3-night-4-days-exotic-maldives/" "Mozilla/5.0 (Linux; Android 5.0) AppleWebKit/537.36 (KHTML, like Gecko) Mobile Safari/537.36 (compatible; Bytespider; [email protected])"
47.128.21.145 - - [03/Jun/2026:12:51:11 -0400] "GET /wp-content/plugins/woocommerce/assets/css/woocommerce.css?ver=9.8.7 HTTP/1.1" 200 10163 "https://www.bagpackvacation.com/3-night-4-days-exotic-maldives/" "Mozilla/5.0 (Linux; Android 5.0) AppleWebKit/537.36 (KHTML, like Gecko) Mobile Safari/537.36 (compatible; Bytespider; [email protected])"
47.128.21.145 - - [03/Jun/2026:12:51:11 -0400] "GET /wp-content/themes/hello-elementor/style.min.css?ver=3.3.0 HTTP/1.1" 200 1591 "https://www.bagpackvacation.com/3-night-4-days-exotic-maldives/" "Mozilla/5.0 (Linux; Android 5.0) AppleWebKit/537.36 (KHTML, like Gecko) Mobile Safari/537.36 (compatible; Bytespider; [email protected])"
47.128.21.145 - - [03/Jun/2026:12:51:11 -0400] "GET /wp-content/plugins/primary-addon-for-elementor/assets/css/responsive.css?ver=1.2 HTTP/1.1" 200 1433 "https://www.bagpackvacation.com/3-night-4-days-exotic-maldives/" "Mozilla/5.0 (Linux; Android 5.0) AppleWebKit/537.36 (KHTML, like Gecko) Mobile Safari/537.36 (compatible; Bytespider; [email protected])"
47.128.21.145 - - [03/Jun/2026:12:51:11 -0400] "GET /wp-content/uploads/elementor/css/post-133.css?ver=1714710804 HTTP/1.1" 200 1536 "https://www.bagpackvacation.com/3-night-4-days-exotic-maldives/" "Mozilla/5.0 (Linux; Android 5.0) AppleWebKit/537.36 (KHTML, like Gecko) Mobile Safari/537.36 (compatible; Bytespider; [email protected])"
47.128.21.145 - - [03/Jun/2026:12:51:11 -0400] "GET /wp-content/uploads/elementor/css/post-1652.css?ver=1715082614 HTTP/1.1" 200 2059 "https://www.bagpackvacation.com/3-night-4-days-exotic-maldives/" "Mozilla/5.0 (Linux; Android 5.0) AppleWebKit/537.36 (KHTML, like Gecko) Mobile Safari/537.36 (compatible; Bytespider; [email protected])"
47.128.21.145 - - [03/Jun/2026:12:51:11 -0400] "GET /wp-content/plugins/elementor-pro/assets/css/frontend.min.css?ver=3.7.3 HTTP/1.1" 200 39924 "https://www.bagpackvacation.com/3-night-4-days-exotic-maldives/" "Mozilla/5.0 (Linux; Android 5.0) AppleWebKit/537.36 (KHTML, like Gecko) Mobile Safari/537.36 (compatible; Bytespider; [email protected])"
47.128.21.145 - - [03/Jun/2026:12:51:11 -0400] "GET /wp-content/themes/hello-elementor/theme.min.css?ver=3.3.0 HTTP/1.1" 200 1131 "https://www.bagpackvacation.com/3-night-4-days-exotic-maldives/" "Mozilla/5.0 (Linux; Android 5.0) AppleWebKit/537.36 (KHTML, like Gecko) Mobile Safari/537.36 (compatible; Bytespider; [email protected])"
47.128.21.145 - - [03/Jun/2026:12:51:11 -0400] "GET /wp-content/uploads/elementor/css/post-25.css?ver=1714710805 HTTP/1.1" 200 1774 "https://www.bagpackvacation.com/3-night-4-days-exotic-maldives/" "Mozilla/5.0 (Linux; Android 5.0) AppleWebKit/537.36 (KHTML, like Gecko) Mobile Safari/537.36 (compatible; Bytespider; [email protected])"
47.128.21.145 - - [03/Jun/2026:12:51:11 -0400] "GET /wp-content/uploads/elementor/css/post-76.css?ver=1714710805 HTTP/1.1" 200 2495 "https://www.bagpackvacation.com/3-night-4-days-exotic-maldives/" "Mozilla/5.0 (Linux; Android 5.0) AppleWebKit/537.36 (KHTML, like Gecko) Mobile Safari/537.36 (compatible; Bytespider; [email protected])"
47.128.21.145 - - [03/Jun/2026:12:51:12 -0400] "GET /wp-content/uploads/elementor/google-fonts/css/orienta.css?ver=1742228155 HTTP/1.1" 200 347 "https://www.bagpackvacation.com/3-night-4-days-exotic-maldives/" "Mozilla/5.0 (Linux; Android 5.0) AppleWebKit/537.36 (KHTML, like Gecko) Mobile Safari/537.36 (compatible; Bytespider; [email protected])"
47.128.21.145 - - [03/Jun/2026:12:51:12 -0400] "GET /wp-content/plugins/elementskit-lite/modules/elementskit-icon-pack/assets/css/ekiticons.css?ver=3.5.0 HTTP/1.1" 200 11776 "https://www.bagpackvacation.com/3-night-4-days-exotic-maldives/" "Mozilla/5.0 (Linux; Android 5.0) AppleWebKit/537.36 (KHTML, like Gecko) Mobile Safari/537.36 (compatible; Bytespider; [email protected])"
47.128.21.145 - - [03/Jun/2026:12:51:12 -0400] "GET /wp-content/plugins/elementskit-lite/widgets/init/assets/css/widget-styles.css?ver=3.5.0 HTTP/1.1" 200 48223 "https://www.bagpackvacation.com/3-night-4-days-exotic-maldives/" "Mozilla/5.0 (Linux; Android 5.0) AppleWebKit/537.36 (KHTML, like Gecko) Mobile Safari/537.36 (compatible; Bytespider; [email protected])"
47.128.21.145 - - [03/Jun/2026:12:51:12 -0400] "GET /wp-content/plugins/elementor/assets/css/conditionals/e-swiper.min.css?ver=3.28.4 HTTP/1.1" 200 699 "https://www.bagpackvacation.com/3-night-4-days-exotic-maldives/" "Mozilla/5.0 (Linux; Android 5.0) AppleWebKit/537.36 (KHTML, like Gecko) Mobile Safari/537.36 (compatible; Bytespider; [email protected])"
47.128.21.145 - - [03/Jun/2026:12:51:12 -0400] "GET /wp-content/plugins/elementor/assets/css/widget-heading.min.css?ver=3.28.4 HTTP/1.1" 200 154 "https://www.bagpackvacation.com/3-night-4-days-exotic-maldives/" "Mozilla/5.0 (Linux; Android 5.0) AppleWebKit/537.36 (KHTML, like Gecko) Mobile Safari/537.36 (compatible; Bytespider; [email protected])"
47.128.21.145 - - [03/Jun/2026:12:51:12 -0400] "GET /wp-content/plugins/elementor/assets/lib/font-awesome/css/regular.min.css?ver=5.15.3 HTTP/1.1" 200 283 "https://www.bagpackvacation.com/3-night-4-days-exotic-maldives/" "Mozilla/5.0 (Linux; Android 5.0) AppleWebKit/537.36 (KHTML, like Gecko) Mobile Safari/537.36 (compatible; Bytespider; [email protected])"
47.128.21.145 - - [03/Jun/2026:12:51:12 -0400] "GET /wp-content/plugins/elementor/assets/css/widget-image.min.css?ver=3.28.4 HTTP/1.1" 200 254 "https://www.bagpackvacation.com/3-night-4-days-exotic-maldives/" "Mozilla/5.0 (Linux; Android 5.0) AppleWebKit/537.36 (KHTML, like Gecko) Mobile Safari/537.36 (compatible; Bytespider; [email protected])"
47.128.21.145 - - [03/Jun/2026:12:51:12 -0400] "GET /wp-content/plugins/elementor/assets/lib/font-awesome/css/brands.min.css?ver=5.15.3 HTTP/1.1" 200 284 "https://www.bagpackvacation.com/3-night-4-days-exotic-maldives/" "Mozilla/5.0 (Linux; Android 5.0) AppleWebKit/537.36 (KHTML, like Gecko) Mobile Safari/537.36 (compatible; Bytespider; [email protected])"
47.128.21.145 - - [03/Jun/2026:12:51:11 -0400] "GET /wp-content/plugins/popup-maker/assets/css/pum-site.min.css?ver=1.20.4 HTTP/1.1" 200 1710 "https://www.bagpackvacation.com/3-night-4-days-exotic-maldives/" "Mozilla/5.0 (Linux; Android 5.0) AppleWebKit/537.36 (KHTML, like Gecko) Mobile Safari/537.36 (compatible; Bytespider; [email protected])"
47.128.21.145 - - [03/Jun/2026:12:51:12 -0400] "GET /wp-content/plugins/elementor/assets/css/widget-star-rating.min.css?ver=3.28.4 HTTP/1.1" 200 472 "https://www.bagpackvacation.com/3-night-4-days-exotic-maldives/" "Mozilla/5.0 (Linux; Android 5.0) AppleWebKit/537.36 (KHTML, like Gecko) Mobile Safari/537.36 (compatible; Bytespider; [email protected])"
47.128.21.145 - - [03/Jun/2026:12:51:12 -0400] "GET /wp-content/plugins/elementor/assets/lib/font-awesome/css/solid.min.css?ver=5.15.3 HTTP/1.1" 200 286 "https://www.bagpackvacation.com/3-night-4-days-exotic-maldives/" "Mozilla/5.0 (Linux; Android 5.0) AppleWebKit/537.36 (KHTML, like Gecko) Mobile Safari/537.36 (compatible; Bytespider; [email protected])"
47.128.21.145 - - [03/Jun/2026:12:51:12 -0400] "GET /wp-content/plugins/elementor/assets/lib/font-awesome/css/fontawesome.min.css?ver=5.15.3 HTTP/1.1" 200 12164 "https://www.bagpackvacation.com/3-night-4-days-exotic-maldives/" "Mozilla/5.0 (Linux; Android 5.0) AppleWebKit/537.36 (KHTML, like Gecko) Mobile Safari/537.36 (compatible; Bytespider; [email protected])"
47.128.21.145 - - [03/Jun/2026:12:51:12 -0400] "GET /wp-content/plugins/elementor/assets/css/widget-divider.min.css?ver=3.28.4 HTTP/1.1" 200 707 "https://www.bagpackvacation.com/3-night-4-days-exotic-maldives/" "Mozilla/5.0 (Linux; Android 5.0) AppleWebKit/537.36 (KHTML, like Gecko) Mobile Safari/537.36 (compatible; Bytespider; [email protected])"
47.128.21.145 - - [03/Jun/2026:12:51:12 -0400] "GET /wp-content/plugins/wpforms-lite/assets/css/frontend/classic/wpforms-full.min.css?ver=1.9.5.1 HTTP/1.1" 200 8483 "https://www.bagpackvacation.com/3-night-4-days-exotic-maldives/" "Mozilla/5.0 (Linux; Android 5.0) AppleWebKit/537.36 (KHTML, like Gecko) Mobile Safari/537.36 (compatible; Bytespider; [email protected])"
47.128.21.145 - - [03/Jun/2026:12:51:12 -0400] "GET /wp-content/uploads/elementor/css/post-1641.css?ver=1714710806 HTTP/1.1" 200 416 "https://www.bagpackvacation.com/3-night-4-days-exotic-maldives/" "Mozilla/5.0 (Linux; Android 5.0) AppleWebKit/537.36 (KHTML, like Gecko) Mobile Safari/537.36 (compatible; Bytespider; [email protected])"
47.128.21.145 - - [03/Jun/2026:12:51:12 -0400] "GET /wp-content/plugins/wpforms-lite/assets/images/submit-spin.svg HTTP/1.1" 206 500 "https://www.bagpackvacation.com/3-night-4-days-exotic-maldives/" "Mozilla/5.0 (Linux; Android 5.0) AppleWebKit/537.36 (KHTML, like Gecko) Mobile Safari/537.36 (compatible; Bytespider; [email protected])"
47.128.21.145 - - [03/Jun/2026:12:51:13 -0400] "GET /wp-content/uploads/2023/01/basalt-rock-formations-troll-toes-2022-02-02-03-48-23-utc.jpg HTTP/1.1" 206 500 "https://www.bagpackvacation.com/3-night-4-days-exotic-maldives/" "Mozilla/5.0 (Linux; Android 5.0) AppleWebKit/537.36 (KHTML, like Gecko) Mobile Safari/537.36 (compatible; Bytespider; [email protected])"
47.128.21.145 - - [03/Jun/2026:12:51:13 -0400] "GET /wp-content/uploads/2023/02/7dad94d6-9e6a-4dd3-8405-eb52c0fdf6ab.jpg HTTP/1.1" 206 500 "https://www.bagpackvacation.com/3-night-4-days-exotic-maldives/" "Mozilla/5.0 (Linux; Android 5.0) AppleWebKit/537.36 (KHTML, like Gecko) Mobile Safari/537.36 (compatible; Bytespider; [email protected])"
47.128.21.145 - - [03/Jun/2026:12:51:13 -0400] "GET /wp-content/uploads/2023/02/31774844-04ab-414b-ad2d-f48fa23da053.jpg HTTP/1.1" 206 500 "https://www.bagpackvacation.com/3-night-4-days-exotic-maldives/" "Mozilla/5.0 (Linux; Android 5.0) AppleWebKit/537.36 (KHTML, like Gecko) Mobile Safari/537.36 (compatible; Bytespider; [email protected])"
47.128.21.145 - - [03/Jun/2026:12:51:12 -0400] "GET /wp-content/plugins/elementor/assets/css/widget-image-carousel.min.css?ver=3.28.4 HTTP/1.1" 200 163 "https://www.bagpackvacation.com/3-night-4-days-exotic-maldives/" "Mozilla/5.0 (Linux; Android 5.0) AppleWebKit/537.36 (KHTML, like Gecko) Mobile Safari/537.36 (compatible; Bytespider; [email protected])"
47.128.21.145 - - [03/Jun/2026:12:51:13 -0400] "GET /wp-content/uploads/2023/02/54899-min-e1676124127886.jpg HTTP/1.1" 206 500 "https://www.bagpackvacation.com/3-night-4-days-exotic-maldives/" "Mozilla/5.0 (Linux; Android 5.0) AppleWebKit/537.36 (KHTML, like Gecko) Mobile Safari/537.36 (compatible; Bytespider; [email protected])"
47.128.21.145 - - [03/Jun/2026:12:51:13 -0400] "GET /wp-content/uploads/2024/04/maldives-banner.jpg HTTP/1.1" 206 500 "https://www.bagpackvacation.com/wp-content/uploads/elementor/css/post-1652.css?ver=1715082614" "Mozilla/5.0 (Linux; Android 5.0) AppleWebKit/537.36 (KHTML, like Gecko) Mobile Safari/537.36 (compatible; Bytespider; [email protected])"
47.128.21.145 - - [03/Jun/2026:12:51:13 -0400] "GET /wp-content/uploads/2023/02/IMG_1671.jpg HTTP/1.1" 206 500 "https://www.bagpackvacation.com/3-night-4-days-exotic-maldives/" "Mozilla/5.0 (Linux; Android 5.0) AppleWebKit/537.36 (KHTML, like Gecko) Mobile Safari/537.36 (compatible; Bytespider; [email protected])"
47.128.21.145 - - [03/Jun/2026:12:51:14 -0400] "GET /wp-content/uploads/2023/02/IMG_1670.jpg HTTP/1.1" 206 500 "https://www.bagpackvacation.com/3-night-4-days-exotic-maldives/" "Mozilla/5.0 (Linux; Android 5.0) AppleWebKit/537.36 (KHTML, like Gecko) Mobile Safari/537.36 (compatible; Bytespider; [email protected])"
47.128.21.145 - - [03/Jun/2026:12:51:14 -0400] "GET /wp-content/uploads/2023/01/shape8.png HTTP/1.1" 206 500 "https://www.bagpackvacation.com/wp-content/uploads/elementor/css/post-76.css?ver=1714710805" "Mozilla/5.0 (Linux; Android 5.0) AppleWebKit/537.36 (KHTML, like Gecko) Mobile Safari/537.36 (compatible; Bytespider; [email protected])"
162.213.253.84 - - [03/Jun/2026:12:51:14 -0400] "POST /wp-cron.php?doing_wp_cron=1780505474.3591759204864501953125 HTTP/1.1" 200 0 "-" "WordPress/7.0; https://www.bagpackvacation.com"
47.128.21.145 - - [03/Jun/2026:12:51:14 -0400] "GET /wp-content/uploads/2023/01/testimonial1.png HTTP/1.1" 206 500 "https://www.bagpackvacation.com/wp-content/uploads/elementor/css/post-76.css?ver=1714710805" "Mozilla/5.0 (Linux; Android 5.0) AppleWebKit/537.36 (KHTML, like Gecko) Mobile Safari/537.36 (compatible; Bytespider; [email protected])"
47.128.21.145 - - [03/Jun/2026:12:51:14 -0400] "GET /wp-content/uploads/2023/01/basalt-rock-formations-troll-toes-2022-02-02-03-48-23-utc.jpg HTTP/1.1" 304 0 "https://www.bagpackvacation.com/3-night-4-days-exotic-maldives/" "Mozilla/5.0 (Linux; Android 5.0) AppleWebKit/537.36 (KHTML, like Gecko) Mobile Safari/537.36 (compatible; Bytespider; [email protected])"
47.128.21.145 - - [03/Jun/2026:12:51:15 -0400] "GET /wp-content/uploads/2023/02/IMG_1671.jpg HTTP/1.1" 304 0 "https://www.bagpackvacation.com/3-night-4-days-exotic-maldives/" "Mozilla/5.0 (Linux; Android 5.0) AppleWebKit/537.36 (KHTML, like Gecko) Mobile Safari/537.36 (compatible; Bytespider; [email protected])"
47.128.21.145 - - [03/Jun/2026:12:51:15 -0400] "GET /wp-content/uploads/2023/02/IMG_1670.jpg HTTP/1.1" 304 0 "https://www.bagpackvacation.com/3-night-4-days-exotic-maldives/" "Mozilla/5.0 (Linux; Android 5.0) AppleWebKit/537.36 (KHTML, like Gecko) Mobile Safari/537.36 (compatible; Bytespider; [email protected])"
47.128.21.145 - - [03/Jun/2026:12:51:15 -0400] "GET /wp-content/uploads/2023/02/IMG_3455.jpg HTTP/1.1" 304 0 "https://www.bagpackvacation.com/3-night-4-days-exotic-maldives/" "Mozilla/5.0 (Linux; Android 5.0) AppleWebKit/537.36 (KHTML, like Gecko) Mobile Safari/537.36 (compatible; Bytespider; [email protected])"
47.128.21.145 - - [03/Jun/2026:12:51:15 -0400] "GET /wp-content/uploads/2023/02/IMG_1671.jpg HTTP/1.1" 206 159727 "https://www.bagpackvacation.com/3-night-4-days-exotic-maldives/" "Mozilla/5.0 (Linux; Android 5.0) AppleWebKit/537.36 (KHTML, like Gecko) Mobile Safari/537.36 (compatible; Bytespider; [email protected])"
47.128.21.145 - - [03/Jun/2026:12:51:15 -0400] "GET /wp-content/uploads/2023/02/IMG_3455.jpg HTTP/1.1" 206 449064 "https://www.bagpackvacation.com/3-night-4-days-exotic-maldives/" "Mozilla/5.0 (Linux; Android 5.0) AppleWebKit/537.36 (KHTML, like Gecko) Mobile Safari/537.36 (compatible; Bytespider; [email protected])"
162.213.253.84 - - [03/Jun/2026:12:51:15 -0400] "POST /wp-admin/admin-ajax.php?action=async_litespeed&nonce=IKfAQ5YREcOJ4JN9R9mlDZz9kmW3dO9x&litespeed_type=imgoptm HTTP/1.1" 200 0 "-" "WordPress/7.0; https://www.bagpackvacation.com"
47.128.21.145 - - [03/Jun/2026:12:51:13 -0400] "GET /wp-content/uploads/2023/02/31904.jpeg HTTP/1.1" 206 500 "https://www.bagpackvacation.com/3-night-4-days-exotic-maldives/" "Mozilla/5.0 (Linux; Android 5.0) AppleWebKit/537.36 (KHTML, like Gecko) Mobile Safari/537.36 (compatible; Bytespider; [email protected])"
47.128.21.145 - - [03/Jun/2026:12:51:13 -0400] "GET /wp-content/plugins/wpforms-lite/assets/images/submit-spin.svg HTTP/1.1" 304 0 "https://www.bagpackvacation.com/3-night-4-days-exotic-maldives/" "Mozilla/5.0 (Linux; Android 5.0) AppleWebKit/537.36 (KHTML, like Gecko) Mobile Safari/537.36 (compatible; Bytespider; [email protected])"
47.128.21.145 - - [03/Jun/2026:12:51:14 -0400] "GET /wp-content/uploads/2024/04/maldives-banner.jpg HTTP/1.1" 304 0 "https://www.bagpackvacation.com/wp-content/uploads/elementor/css/post-1652.css?ver=1715082614" "Mozilla/5.0 (Linux; Android 5.0) AppleWebKit/537.36 (KHTML, like Gecko) Mobile Safari/537.36 (compatible; Bytespider; [email protected])"
47.128.21.145 - - [03/Jun/2026:12:51:14 -0400] "GET /wp-content/uploads/2023/02/IMG_3455.jpg HTTP/1.1" 206 500 "https://www.bagpackvacation.com/3-night-4-days-exotic-maldives/" "Mozilla/5.0 (Linux; Android 5.0) AppleWebKit/537.36 (KHTML, like Gecko) Mobile Safari/537.36 (compatible; Bytespider; [email protected])"
47.128.21.145 - - [03/Jun/2026:12:51:14 -0400] "GET /wp-content/plugins/wpforms-lite/assets/images/submit-spin.svg HTTP/1.1" 206 9 "https://www.bagpackvacation.com/3-night-4-days-exotic-maldives/" "Mozilla/5.0 (Linux; Android 5.0) AppleWebKit/537.36 (KHTML, like Gecko) Mobile Safari/537.36 (compatible; Bytespider; [email protected])"
