106.219.123.221 - - [03/Jun/2026:11:18:48 -0400] "GET /wp-includes/js/plupload/plupload.min.js?ver=2.1.9 HTTP/1.1" 200 6019 "http://tejoversea.com/wp-admin/post.php?post=3122&action=edit" "Mozilla/5.0 (Linux; Android 10; K) AppleWebKit/537.36 (KHTML, like Gecko) Chrome/148.0.0.0 Mobile Safari/537.36"
106.219.123.221 - - [03/Jun/2026:11:18:48 -0400] "GET /wp-includes/js/media-editor.min.js?ver=6.0.2 HTTP/1.1" 200 3943 "http://tejoversea.com/wp-admin/post.php?post=3122&action=edit" "Mozilla/5.0 (Linux; Android 10; K) AppleWebKit/537.36 (KHTML, like Gecko) Chrome/148.0.0.0 Mobile Safari/537.36"
106.219.123.221 - - [03/Jun/2026:11:18:48 -0400] "GET /wp-includes/js/media-audiovideo.min.js?ver=6.0.2 HTTP/1.1" 200 3746 "http://tejoversea.com/wp-admin/post.php?post=3122&action=edit" "Mozilla/5.0 (Linux; Android 10; K) AppleWebKit/537.36 (KHTML, like Gecko) Chrome/148.0.0.0 Mobile Safari/537.36"
106.219.123.221 - - [03/Jun/2026:11:18:48 -0400] "GET /wp-includes/js/mediaelement/mediaelement-migrate.min.js?ver=6.0.2 HTTP/1.1" 200 553 "http://tejoversea.com/wp-admin/post.php?post=3122&action=edit" "Mozilla/5.0 (Linux; Android 10; K) AppleWebKit/537.36 (KHTML, like Gecko) Chrome/148.0.0.0 Mobile Safari/537.36"
106.219.123.221 - - [03/Jun/2026:11:18:48 -0400] "GET /wp-includes/js/media-views.min.js?ver=6.0.2 HTTP/1.1" 200 31361 "http://tejoversea.com/wp-admin/post.php?post=3122&action=edit" "Mozilla/5.0 (Linux; Android 10; K) AppleWebKit/537.36 (KHTML, like Gecko) Chrome/148.0.0.0 Mobile Safari/537.36"
106.219.123.221 - - [03/Jun/2026:11:18:46 -0400] "GET /wp-content/plugins/elementor/assets/js/admin-top-bar.min.js?ver=3.7.7 HTTP/1.1" 200 3561 "http://tejoversea.com/wp-admin/post.php?post=3122&action=edit" "Mozilla/5.0 (Linux; Android 10; K) AppleWebKit/537.36 (KHTML, like Gecko) Chrome/148.0.0.0 Mobile Safari/537.36"
106.219.123.221 - - [03/Jun/2026:11:18:46 -0400] "GET /wp-content/plugins/elementor/assets/lib/tipsy/tipsy.min.js?ver=1.0.0 HTTP/1.1" 200 1836 "http://tejoversea.com/wp-admin/post.php?post=3122&action=edit" "Mozilla/5.0 (Linux; Android 10; K) AppleWebKit/537.36 (KHTML, like Gecko) Chrome/148.0.0.0 Mobile Safari/537.36"
106.219.123.221 - - [03/Jun/2026:11:18:46 -0400] "GET /wp-includes/js/wp-backbone.min.js?ver=6.0.2 HTTP/1.1" 200 1243 "http://tejoversea.com/wp-admin/post.php?post=3122&action=edit" "Mozilla/5.0 (Linux; Android 10; K) AppleWebKit/537.36 (KHTML, like Gecko) Chrome/148.0.0.0 Mobile Safari/537.36"
106.219.123.221 - - [03/Jun/2026:11:18:47 -0400] "GET /wp-includes/js/media-models.min.js?ver=6.0.2 HTTP/1.1" 200 4655 "http://tejoversea.com/wp-admin/post.php?post=3122&action=edit" "Mozilla/5.0 (Linux; Android 10; K) AppleWebKit/537.36 (KHTML, like Gecko) Chrome/148.0.0.0 Mobile Safari/537.36"
106.219.123.221 - - [03/Jun/2026:11:18:47 -0400] "GET /wp-includes/js/plupload/wp-plupload.min.js?ver=6.0.2 HTTP/1.1" 200 2458 "http://tejoversea.com/wp-admin/post.php?post=3122&action=edit" "Mozilla/5.0 (Linux; Android 10; K) AppleWebKit/537.36 (KHTML, like Gecko) Chrome/148.0.0.0 Mobile Safari/537.36"
106.219.123.221 - - [03/Jun/2026:11:18:47 -0400] "GET /wp-includes/js/plupload/moxie.min.js?ver=1.3.5 HTTP/1.1" 200 31406 "http://tejoversea.com/wp-admin/post.php?post=3122&action=edit" "Mozilla/5.0 (Linux; Android 10; K) AppleWebKit/537.36 (KHTML, like Gecko) Chrome/148.0.0.0 Mobile Safari/537.36"
106.219.123.221 - - [03/Jun/2026:11:18:47 -0400] "GET /wp-includes/js/mediaelement/mediaelement-and-player.min.js?ver=4.2.16 HTTP/1.1" 200 45170 "http://tejoversea.com/wp-admin/post.php?post=3122&action=edit" "Mozilla/5.0 (Linux; Android 10; K) AppleWebKit/537.36 (KHTML, like Gecko) Chrome/148.0.0.0 Mobile Safari/537.36"
106.219.123.221 - - [03/Jun/2026:11:18:47 -0400] "GET /wp-includes/js/mediaelement/wp-mediaelement.min.js?ver=6.0.2 HTTP/1.1" 200 477 "http://tejoversea.com/wp-admin/post.php?post=3122&action=edit" "Mozilla/5.0 (Linux; Android 10; K) AppleWebKit/537.36 (KHTML, like Gecko) Chrome/148.0.0.0 Mobile Safari/537.36"
106.219.123.221 - - [03/Jun/2026:11:18:49 -0400] "GET /wp-content/plugins/sliced-invoices/includes/vendor/cmb2/js/cmb2.min.js?ver=2.10.1 HTTP/1.1" 200 10374 "http://tejoversea.com/wp-admin/post.php?post=3122&action=edit" "Mozilla/5.0 (Linux; Android 10; K) AppleWebKit/537.36 (KHTML, like Gecko) Chrome/148.0.0.0 Mobile Safari/537.36"
106.219.123.221 - - [03/Jun/2026:11:18:49 -0400] "GET /wp-content/plugins/sliced-invoices/includes/vendor/cmb2/js/jquery-ui-timepicker-addon.min.js?ver=1.5.0 HTTP/1.1" 200 12074 "http://tejoversea.com/wp-admin/post.php?post=3122&action=edit" "Mozilla/5.0 (Linux; Android 10; K) AppleWebKit/537.36 (KHTML, like Gecko) Chrome/148.0.0.0 Mobile Safari/537.36"
106.219.123.221 - - [03/Jun/2026:11:18:49 -0400] "GET /wp-admin/js/editor.min.js?ver=6.0.2 HTTP/1.1" 200 5112 "http://tejoversea.com/wp-admin/post.php?post=3122&action=edit" "Mozilla/5.0 (Linux; Android 10; K) AppleWebKit/537.36 (KHTML, like Gecko) Chrome/148.0.0.0 Mobile Safari/537.36"
106.219.123.221 - - [03/Jun/2026:11:18:49 -0400] "GET /wp-includes/js/wplink.min.js?ver=6.0.2 HTTP/1.1" 200 4258 "http://tejoversea.com/wp-admin/post.php?post=3122&action=edit" "Mozilla/5.0 (Linux; Android 10; K) AppleWebKit/537.36 (KHTML, like Gecko) Chrome/148.0.0.0 Mobile Safari/537.36"
106.219.123.221 - - [03/Jun/2026:11:18:49 -0400] "GET /wp-includes/js/wp-embed.min.js?ver=6.0.2 HTTP/1.1" 200 810 "http://tejoversea.com/wp-admin/post.php?post=3122&action=edit" "Mozilla/5.0 (Linux; Android 10; K) AppleWebKit/537.36 (KHTML, like Gecko) Chrome/148.0.0.0 Mobile Safari/537.36"
106.219.123.221 - - [03/Jun/2026:11:18:48 -0400] "GET /wp-includes/js/mce-view.min.js?ver=6.0.2 HTTP/1.1" 200 4035 "http://tejoversea.com/wp-admin/post.php?post=3122&action=edit" "Mozilla/5.0 (Linux; Android 10; K) AppleWebKit/537.36 (KHTML, like Gecko) Chrome/148.0.0.0 Mobile Safari/537.36"
106.219.123.221 - - [03/Jun/2026:11:18:48 -0400] "GET /wp-includes/js/imgareaselect/jquery.imgareaselect.min.js?ver=6.0.2 HTTP/1.1" 200 3953 "http://tejoversea.com/wp-admin/post.php?post=3122&action=edit" "Mozilla/5.0 (Linux; Android 10; K) AppleWebKit/537.36 (KHTML, like Gecko) Chrome/148.0.0.0 Mobile Safari/537.36"
106.219.123.221 - - [03/Jun/2026:11:18:49 -0400] "GET /wp-admin/js/image-edit.min.js?ver=6.0.2 HTTP/1.1" 200 4173 "http://tejoversea.com/wp-admin/post.php?post=3122&action=edit" "Mozilla/5.0 (Linux; Android 10; K) AppleWebKit/537.36 (KHTML, like Gecko) Chrome/148.0.0.0 Mobile Safari/537.36"
106.219.123.221 - - [03/Jun/2026:11:18:49 -0400] "GET /wp-includes/js/jquery/ui/slider.min.js?ver=1.13.1 HTTP/1.1" 200 3514 "http://tejoversea.com/wp-admin/post.php?post=3122&action=edit" "Mozilla/5.0 (Linux; Android 10; K) AppleWebKit/537.36 (KHTML, like Gecko) Chrome/148.0.0.0 Mobile Safari/537.36"
106.219.123.221 - - [03/Jun/2026:11:18:49 -0400] "GET /wp-includes/js/jquery/ui/datepicker.min.js?ver=1.13.1 HTTP/1.1" 200 12350 "http://tejoversea.com/wp-admin/post.php?post=3122&action=edit" "Mozilla/5.0 (Linux; Android 10; K) AppleWebKit/537.36 (KHTML, like Gecko) Chrome/148.0.0.0 Mobile Safari/537.36"
106.219.123.221 - - [03/Jun/2026:11:18:49 -0400] "GET /wp-admin/js/media-upload.min.js?ver=6.0.2 HTTP/1.1" 200 627 "http://tejoversea.com/wp-admin/post.php?post=3122&action=edit" "Mozilla/5.0 (Linux; Android 10; K) AppleWebKit/537.36 (KHTML, like Gecko) Chrome/148.0.0.0 Mobile Safari/537.36"
106.219.123.221 - - [03/Jun/2026:11:18:49 -0400] "GET /wp-admin/images/spinner-2x.gif HTTP/1.1" 200 7536 "http://tejoversea.com/wp-admin/post.php?post=3122&action=edit" "Mozilla/5.0 (Linux; Android 10; K) AppleWebKit/537.36 (KHTML, like Gecko) Chrome/148.0.0.0 Mobile Safari/537.36"
106.219.123.221 - - [03/Jun/2026:11:18:49 -0400] "GET /wp-includes/js/tinymce/wp-tinymce.js?ver=49110-20201110 HTTP/1.1" 200 252613 "http://tejoversea.com/wp-admin/post.php?post=3122&action=edit" "Mozilla/5.0 (Linux; Android 10; K) AppleWebKit/537.36 (KHTML, like Gecko) Chrome/148.0.0.0 Mobile Safari/537.36"
106.219.123.221 - - [03/Jun/2026:11:18:52 -0400] "GET /wp-includes/js/tinymce/skins/lightgray/content.min.css?wp-mce-49110-20201110 HTTP/1.1" 200 1436 "http://tejoversea.com/wp-admin/post.php?post=3122&action=edit" "Mozilla/5.0 (Linux; Android 10; K) AppleWebKit/537.36 (KHTML, like Gecko) Chrome/148.0.0.0 Mobile Safari/537.36"
106.219.123.221 - - [03/Jun/2026:11:18:52 -0400] "GET /wp-content/plugins/wordpress-seo/css/dist/inside-editor-1980.css?wp-mce-49110-20201110 HTTP/1.1" 200 106 "http://tejoversea.com/wp-admin/post.php?post=3122&action=edit" "Mozilla/5.0 (Linux; Android 10; K) AppleWebKit/537.36 (KHTML, like Gecko) Chrome/148.0.0.0 Mobile Safari/537.36"
106.219.123.221 - - [03/Jun/2026:11:18:52 -0400] "GET /wp-includes/js/tinymce/skins/wordpress/wp-content.css?ver=6.0.2&wp-mce-49110-20201110 HTTP/1.1" 200 2900 "http://tejoversea.com/wp-admin/post.php?post=3122&action=edit" "Mozilla/5.0 (Linux; Android 10; K) AppleWebKit/537.36 (KHTML, like Gecko) Chrome/148.0.0.0 Mobile Safari/537.36"
106.219.123.221 - - [03/Jun/2026:11:18:52 -0400] "GET /wp-includes/js/tinymce/skins/lightgray/skin.min.css?wp-mce-49110-20201110 HTTP/1.1" 200 10427 "http://tejoversea.com/wp-admin/post.php?post=3122&action=edit" "Mozilla/5.0 (Linux; Android 10; K) AppleWebKit/537.36 (KHTML, like Gecko) Chrome/148.0.0.0 Mobile Safari/537.36"
106.219.123.221 - - [03/Jun/2026:11:18:52 -0400] "GET /wp-includes/css/dashicons.min.css?ver=6.0.2&wp-mce-49110-20201110 HTTP/1.1" 200 36064 "http://tejoversea.com/wp-admin/post.php?post=3122&action=edit" "Mozilla/5.0 (Linux; Android 10; K) AppleWebKit/537.36 (KHTML, like Gecko) Chrome/148.0.0.0 Mobile Safari/537.36"
106.219.123.221 - - [03/Jun/2026:11:18:49 -0400] "GET /wp-includes/js/wp-emoji-release.min.js?ver=6.0.2 HTTP/1.1" 200 5712 "http://tejoversea.com/wp-admin/post.php?post=3122&action=edit" "Mozilla/5.0 (Linux; Android 10; K) AppleWebKit/537.36 (KHTML, like Gecko) Chrome/148.0.0.0 Mobile Safari/537.36"
106.219.123.221 - - [03/Jun/2026:11:18:52 -0400] "GET /wp-content/plugins/elementor/assets/lib/eicons/fonts/eicons.woff2?5.16.0 HTTP/1.1" 200 93372 "http://tejoversea.com/wp-content/plugins/elementor/assets/lib/eicons/css/elementor-icons.min.css?ver=5.16.0" "Mozilla/5.0 (Linux; Android 10; K) AppleWebKit/537.36 (KHTML, like Gecko) Chrome/148.0.0.0 Mobile Safari/537.36"
106.219.123.221 - - [03/Jun/2026:11:18:53 -0400] "GET /wp-content/plugins/litespeed-cache/assets/css/fonts/litespeedfont.ttf?rs8ttq HTTP/1.1" 200 1840 "http://tejoversea.com/wp-content/plugins/litespeed-cache/assets/css/litespeed.css?ver=6.0.0.1" "Mozilla/5.0 (Linux; Android 10; K) AppleWebKit/537.36 (KHTML, like Gecko) Chrome/148.0.0.0 Mobile Safari/537.36"
106.219.123.221 - - [03/Jun/2026:11:18:53 -0400] "GET /favicon.ico HTTP/1.1" 404 1251 "http://tejoversea.com/wp-admin/post.php?post=3122&action=edit" "Mozilla/5.0 (Linux; Android 10; K) AppleWebKit/537.36 (KHTML, like Gecko) Chrome/148.0.0.0 Mobile Safari/537.36"
106.219.123.221 - - [03/Jun/2026:11:18:53 -0400] "GET /wp-includes/js/zxcvbn.min.js HTTP/1.1" 200 417329 "http://tejoversea.com/wp-admin/post.php?post=3122&action=edit" "Mozilla/5.0 (Linux; Android 10; K) AppleWebKit/537.36 (KHTML, like Gecko) Chrome/148.0.0.0 Mobile Safari/537.36"
106.219.123.221 - - [03/Jun/2026:11:18:53 -0400] "GET /wp-admin/post-new.php?post_type=sliced_quote HTTP/1.1" 200 84695 "http://tejoversea.com/wp-admin/post.php?post=3122&action=edit" "Mozilla/5.0 (Linux; Android 10; K) AppleWebKit/537.36 (KHTML, like Gecko) Chrome/148.0.0.0 Mobile Safari/537.36"
162.213.253.84 - - [03/Jun/2026:11:19:16 -0400] "POST /wp-cron.php?doing_wp_cron=1780499956.2418289184570312500000 HTTP/1.1" 200 0 "http://tejoversea.com/wp-cron.php?doing_wp_cron=1780499956.2418289184570312500000" "WordPress/6.0.2; http://tejoversea.com"
106.219.123.221 - - [03/Jun/2026:11:19:15 -0400] "POST /wp-admin/admin-ajax.php HTTP/1.1" 200 168 "http://tejoversea.com/wp-admin/post-new.php?post_type=sliced_quote" "Mozilla/5.0 (Linux; Android 10; K) AppleWebKit/537.36 (KHTML, like Gecko) Chrome/148.0.0.0 Mobile Safari/537.36"
106.219.123.221 - - [03/Jun/2026:11:19:15 -0400] "POST /wp-admin/admin-ajax.php HTTP/1.1" 200 22 "http://tejoversea.com/wp-admin/post-new.php?post_type=sliced_quote" "Mozilla/5.0 (Linux; Android 10; K) AppleWebKit/537.36 (KHTML, like Gecko) Chrome/148.0.0.0 Mobile Safari/537.36"
106.219.123.221 - - [03/Jun/2026:11:19:15 -0400] "POST /wp-admin/admin-ajax.php HTTP/1.1" 200 22 "http://tejoversea.com/wp-admin/post-new.php?post_type=sliced_quote" "Mozilla/5.0 (Linux; Android 10; K) AppleWebKit/537.36 (KHTML, like Gecko) Chrome/148.0.0.0 Mobile Safari/537.36"
162.213.253.84 - - [03/Jun/2026:11:19:18 -0400] "POST /wp-cron.php?doing_wp_cron=1780499958.2086269855499267578125 HTTP/1.1" 200 0 "http://tejoversea.com/wp-cron.php?doing_wp_cron=1780499958.2086269855499267578125" "WordPress/6.0.2; http://tejoversea.com"
106.219.123.221 - - [03/Jun/2026:11:19:17 -0400] "POST /wp-admin/admin-ajax.php HTTP/1.1" 200 295 "http://tejoversea.com/wp-admin/post-new.php?post_type=sliced_quote" "Mozilla/5.0 (Linux; Android 10; K) AppleWebKit/537.36 (KHTML, like Gecko) Chrome/148.0.0.0 Mobile Safari/537.36"
106.219.123.221 - - [03/Jun/2026:11:19:17 -0400] "POST /wp-admin/admin-ajax.php HTTP/1.1" 200 22 "http://tejoversea.com/wp-admin/post-new.php?post_type=sliced_quote" "Mozilla/5.0 (Linux; Android 10; K) AppleWebKit/537.36 (KHTML, like Gecko) Chrome/148.0.0.0 Mobile Safari/537.36"
106.219.123.221 - - [03/Jun/2026:11:19:19 -0400] "POST /wp-admin/admin-ajax.php HTTP/1.1" 200 22 "http://tejoversea.com/wp-admin/post-new.php?post_type=sliced_quote" "Mozilla/5.0 (Linux; Android 10; K) AppleWebKit/537.36 (KHTML, like Gecko) Chrome/148.0.0.0 Mobile Safari/537.36"
106.219.123.221 - - [03/Jun/2026:11:18:53 -0400] "GET /wp-includes/js/thickbox/loadingAnimation.gif HTTP/1.1" 200 15238 "http://tejoversea.com/wp-admin/post.php?post=3122&action=edit" "Mozilla/5.0 (Linux; Android 10; K) AppleWebKit/537.36 (KHTML, like Gecko) Chrome/148.0.0.0 Mobile Safari/537.36"
106.219.123.221 - - [03/Jun/2026:11:18:54 -0400] "GET /wp-includes/js/tinymce/skins/lightgray/fonts/tinymce.woff HTTP/1.1" 200 18824 "http://tejoversea.com/wp-includes/js/tinymce/skins/lightgray/skin.min.css?wp-mce-49110-20201110" "Mozilla/5.0 (Linux; Android 10; K) AppleWebKit/537.36 (KHTML, like Gecko) Chrome/148.0.0.0 Mobile Safari/537.36"
162.213.253.84 - - [03/Jun/2026:11:19:18 -0400] "POST /wp-admin/admin-ajax.php?action=async_litespeed&nonce=ae5838f785&litespeed_type=imgoptm HTTP/1.1" 200 0 "http://tejoversea.com/wp-admin/admin-ajax.php?action=async_litespeed&nonce=ae5838f785&litespeed_type=imgoptm" "WordPress/6.0.2; http://tejoversea.com"
106.219.123.221 - - [03/Jun/2026:11:19:26 -0400] "POST /wp-admin/admin-ajax.php HTTP/1.1" 200 22 "http://tejoversea.com/wp-admin/post-new.php?post_type=sliced_quote" "Mozilla/5.0 (Linux; Android 10; K) AppleWebKit/537.36 (KHTML, like Gecko) Chrome/148.0.0.0 Mobile Safari/537.36"
106.219.123.221 - - [03/Jun/2026:11:19:28 -0400] "POST /wp-admin/admin-ajax.php HTTP/1.1" 200 98 "http://tejoversea.com/wp-admin/post-new.php?post_type=sliced_quote" "Mozilla/5.0 (Linux; Android 10; K) AppleWebKit/537.36 (KHTML, like Gecko) Chrome/148.0.0.0 Mobile Safari/537.36"
106.219.123.221 - - [03/Jun/2026:11:19:47 -0400] "POST /wp-admin/admin-ajax.php HTTP/1.1" 200 22 "http://tejoversea.com/wp-admin/post-new.php?post_type=sliced_quote" "Mozilla/5.0 (Linux; Android 10; K) AppleWebKit/537.36 (KHTML, like Gecko) Chrome/148.0.0.0 Mobile Safari/537.36"
106.219.123.221 - - [03/Jun/2026:11:20:13 -0400] "POST /wp-admin/admin-ajax.php HTTP/1.1" 200 98 "http://tejoversea.com/wp-admin/post-new.php?post_type=sliced_quote" "Mozilla/5.0 (Linux; Android 10; K) AppleWebKit/537.36 (KHTML, like Gecko) Chrome/148.0.0.0 Mobile Safari/537.36"
106.219.123.221 - - [03/Jun/2026:11:20:23 -0400] "POST /wp-admin/admin-ajax.php HTTP/1.1" 200 22 "http://tejoversea.com/wp-admin/post-new.php?post_type=sliced_quote" "Mozilla/5.0 (Linux; Android 10; K) AppleWebKit/537.36 (KHTML, like Gecko) Chrome/148.0.0.0 Mobile Safari/537.36"
106.219.123.221 - - [03/Jun/2026:11:20:33 -0400] "POST /wp-admin/admin-ajax.php HTTP/1.1" 200 98 "http://tejoversea.com/wp-admin/post-new.php?post_type=sliced_quote" "Mozilla/5.0 (Linux; Android 10; K) AppleWebKit/537.36 (KHTML, like Gecko) Chrome/148.0.0.0 Mobile Safari/537.36"
106.219.123.221 - - [03/Jun/2026:11:20:48 -0400] "POST /wp-admin/admin-ajax.php HTTP/1.1" 200 22 "http://tejoversea.com/wp-admin/post-new.php?post_type=sliced_quote" "Mozilla/5.0 (Linux; Android 10; K) AppleWebKit/537.36 (KHTML, like Gecko) Chrome/148.0.0.0 Mobile Safari/537.36"
106.219.123.221 - - [03/Jun/2026:11:20:48 -0400] "POST /wp-admin/admin-ajax.php HTTP/1.1" 200 22 "http://tejoversea.com/wp-admin/post-new.php?post_type=sliced_quote" "Mozilla/5.0 (Linux; Android 10; K) AppleWebKit/537.36 (KHTML, like Gecko) Chrome/148.0.0.0 Mobile Safari/537.36"
106.219.123.221 - - [03/Jun/2026:11:21:06 -0400] "POST /wp-admin/admin-ajax.php HTTP/1.1" 200 22 "http://tejoversea.com/wp-admin/post-new.php?post_type=sliced_quote" "Mozilla/5.0 (Linux; Android 10; K) AppleWebKit/537.36 (KHTML, like Gecko) Chrome/148.0.0.0 Mobile Safari/537.36"
106.219.123.221 - - [03/Jun/2026:11:21:15 -0400] "POST /wp-admin/admin-ajax.php HTTP/1.1" 200 98 "http://tejoversea.com/wp-admin/post-new.php?post_type=sliced_quote" "Mozilla/5.0 (Linux; Android 10; K) AppleWebKit/537.36 (KHTML, like Gecko) Chrome/148.0.0.0 Mobile Safari/537.36"
162.213.253.84 - - [03/Jun/2026:11:21:17 -0400] "POST /wp-cron.php?doing_wp_cron=1780500077.6278960704803466796875 HTTP/1.1" 200 0 "http://tejoversea.com/wp-cron.php?doing_wp_cron=1780500077.6278960704803466796875" "WordPress/6.0.2; http://tejoversea.com"
106.219.123.221 - - [03/Jun/2026:11:19:22 -0400] "POST /wp-admin/admin-ajax.php HTTP/1.1" 200 22 "http://tejoversea.com/wp-admin/post-new.php?post_type=sliced_quote" "Mozilla/5.0 (Linux; Android 10; K) AppleWebKit/537.36 (KHTML, like Gecko) Chrome/148.0.0.0 Mobile Safari/537.36"
106.219.123.221 - - [03/Jun/2026:11:19:26 -0400] "POST /wp-admin/admin-ajax.php HTTP/1.1" 200 22 "http://tejoversea.com/wp-admin/post-new.php?post_type=sliced_quote" "Mozilla/5.0 (Linux; Android 10; K) AppleWebKit/537.36 (KHTML, like Gecko) Chrome/148.0.0.0 Mobile Safari/537.36"
106.219.123.221 - - [03/Jun/2026:11:19:43 -0400] "POST /wp-admin/admin-ajax.php HTTP/1.1" 200 98 "http://tejoversea.com/wp-admin/post-new.php?post_type=sliced_quote" "Mozilla/5.0 (Linux; Android 10; K) AppleWebKit/537.36 (KHTML, like Gecko) Chrome/148.0.0.0 Mobile Safari/537.36"
106.219.123.221 - - [03/Jun/2026:11:19:51 -0400] "POST /wp-admin/admin-ajax.php HTTP/1.1" 200 22 "http://tejoversea.com/wp-admin/post-new.php?post_type=sliced_quote" "Mozilla/5.0 (Linux; Android 10; K) AppleWebKit/537.36 (KHTML, like Gecko) Chrome/148.0.0.0 Mobile Safari/537.36"
106.219.123.221 - - [03/Jun/2026:11:19:58 -0400] "POST /wp-admin/admin-ajax.php HTTP/1.1" 200 98 "http://tejoversea.com/wp-admin/post-new.php?post_type=sliced_quote" "Mozilla/5.0 (Linux; Android 10; K) AppleWebKit/537.36 (KHTML, like Gecko) Chrome/148.0.0.0 Mobile Safari/537.36"
162.213.253.84 - - [03/Jun/2026:11:20:14 -0400] "POST /wp-cron.php?doing_wp_cron=1780500014.5401799678802490234375 HTTP/1.1" 200 0 "http://tejoversea.com/wp-cron.php?doing_wp_cron=1780500014.5401799678802490234375" "WordPress/6.0.2; http://tejoversea.com"
162.213.253.84 - - [03/Jun/2026:11:20:21 -0400] "POST /wp-cron.php?doing_wp_cron=1780500021.0497479438781738281250 HTTP/1.1" 200 0 "http://tejoversea.com/wp-cron.php?doing_wp_cron=1780500021.0497479438781738281250" "WordPress/6.0.2; http://tejoversea.com"
106.219.123.221 - - [03/Jun/2026:11:20:19 -0400] "POST /wp-admin/admin-ajax.php HTTP/1.1" 200 22 "http://tejoversea.com/wp-admin/post-new.php?post_type=sliced_quote" "Mozilla/5.0 (Linux; Android 10; K) AppleWebKit/537.36 (KHTML, like Gecko) Chrome/148.0.0.0 Mobile Safari/537.36"
162.213.253.84 - - [03/Jun/2026:11:20:22 -0400] "POST /wp-admin/admin-ajax.php?action=async_litespeed&nonce=ae5838f785&litespeed_type=imgoptm HTTP/1.1" 200 0 "http://tejoversea.com/wp-admin/admin-ajax.php?action=async_litespeed&nonce=ae5838f785&litespeed_type=imgoptm" "WordPress/6.0.2; http://tejoversea.com"
106.219.123.221 - - [03/Jun/2026:11:20:21 -0400] "POST /wp-admin/admin-ajax.php HTTP/1.1" 200 22 "http://tejoversea.com/wp-admin/post-new.php?post_type=sliced_quote" "Mozilla/5.0 (Linux; Android 10; K) AppleWebKit/537.36 (KHTML, like Gecko) Chrome/148.0.0.0 Mobile Safari/537.36"
106.219.123.221 - - [03/Jun/2026:11:20:46 -0400] "POST /wp-admin/admin-ajax.php HTTP/1.1" 200 98 "http://tejoversea.com/wp-admin/post-new.php?post_type=sliced_quote" "Mozilla/5.0 (Linux; Android 10; K) AppleWebKit/537.36 (KHTML, like Gecko) Chrome/148.0.0.0 Mobile Safari/537.36"
106.219.123.221 - - [03/Jun/2026:11:20:59 -0400] "POST /wp-admin/admin-ajax.php HTTP/1.1" 200 98 "http://tejoversea.com/wp-admin/post-new.php?post_type=sliced_quote" "Mozilla/5.0 (Linux; Android 10; K) AppleWebKit/537.36 (KHTML, like Gecko) Chrome/148.0.0.0 Mobile Safari/537.36"
106.219.123.221 - - [03/Jun/2026:11:21:01 -0400] "POST /wp-admin/admin-ajax.php HTTP/1.1" 200 22 "http://tejoversea.com/wp-admin/post-new.php?post_type=sliced_quote" "Mozilla/5.0 (Linux; Android 10; K) AppleWebKit/537.36 (KHTML, like Gecko) Chrome/148.0.0.0 Mobile Safari/537.36"
162.213.253.84 - - [03/Jun/2026:11:21:16 -0400] "POST /wp-cron.php?doing_wp_cron=1780500076.3965060710906982421875 HTTP/1.1" 200 0 "http://tejoversea.com/wp-cron.php?doing_wp_cron=1780500076.3965060710906982421875" "WordPress/6.0.2; http://tejoversea.com"
59.180.233.146 - - [03/Jun/2026:11:13:18 -0400] "GET /wp-content/uploads/2022/10/Tej-Oversea-Logistic-e1664610081961.png HTTP/1.1" 200 14639 "http://tejoversea.com/" "Mozilla/5.0 (Macintosh; Intel Mac OS X 10_15_7) AppleWebKit/605.1.15 (KHTML, like Gecko) Version/26.2 Safari/605.1.15"
59.180.233.146 - - [03/Jun/2026:11:13:19 -0400] "GET /wp-content/themes/logistek/assets/img/side-panel/3.jpg HTTP/1.1" 404 7615 "http://tejoversea.com/" "Mozilla/5.0 (Macintosh; Intel Mac OS X 10_15_7) AppleWebKit/605.1.15 (KHTML, like Gecko) Version/26.2 Safari/605.1.15"
59.180.233.146 - - [03/Jun/2026:11:13:19 -0400] "GET /wp-content/themes/logistek/assets/img/side-panel/4.jpg HTTP/1.1" 404 7614 "http://tejoversea.com/" "Mozilla/5.0 (Macintosh; Intel Mac OS X 10_15_7) AppleWebKit/605.1.15 (KHTML, like Gecko) Version/26.2 Safari/605.1.15"
59.180.233.146 - - [03/Jun/2026:11:13:19 -0400] "GET /wp-content/themes/logistek/assets/img/side-panel/5.jpg HTTP/1.1" 404 7615 "http://tejoversea.com/" "Mozilla/5.0 (Macintosh; Intel Mac OS X 10_15_7) AppleWebKit/605.1.15 (KHTML, like Gecko) Version/26.2 Safari/605.1.15"
59.180.233.146 - - [03/Jun/2026:11:13:19 -0400] "GET /wp-content/uploads/2022/10/post-img-2.jpg HTTP/1.1" 200 114245 "http://tejoversea.com/" "Mozilla/5.0 (Macintosh; Intel Mac OS X 10_15_7) AppleWebKit/605.1.15 (KHTML, like Gecko) Version/26.2 Safari/605.1.15"
59.180.233.146 - - [03/Jun/2026:11:13:20 -0400] "GET /wp-content/uploads/2022/10/Office-shifting.webp HTTP/1.1" 200 209592 "http://tejoversea.com/" "Mozilla/5.0 (Macintosh; Intel Mac OS X 10_15_7) AppleWebKit/605.1.15 (KHTML, like Gecko) Version/26.2 Safari/605.1.15"
59.180.233.146 - - [03/Jun/2026:11:13:20 -0400] "GET /wp-content/uploads/2022/10/packing-500x500-1.png HTTP/1.1" 200 265748 "http://tejoversea.com/" "Mozilla/5.0 (Macintosh; Intel Mac OS X 10_15_7) AppleWebKit/605.1.15 (KHTML, like Gecko) Version/26.2 Safari/605.1.15"
59.180.233.146 - - [03/Jun/2026:11:13:20 -0400] "GET /wp-content/uploads/2022/10/moving-insurance.jpg HTTP/1.1" 200 39672 "http://tejoversea.com/" "Mozilla/5.0 (Macintosh; Intel Mac OS X 10_15_7) AppleWebKit/605.1.15 (KHTML, like Gecko) Version/26.2 Safari/605.1.15"
59.180.233.146 - - [03/Jun/2026:11:13:21 -0400] "GET /wp-content/uploads/2022/10/de74a5d38e411a15531c2cff8e720bcd-1.jpg HTTP/1.1" 200 18904 "http://tejoversea.com/" "Mozilla/5.0 (Macintosh; Intel Mac OS X 10_15_7) AppleWebKit/605.1.15 (KHTML, like Gecko) Version/26.2 Safari/605.1.15"
59.180.233.146 - - [03/Jun/2026:11:13:22 -0400] "GET /wp-content/themes/logistek/assets/images/preloader.svg HTTP/1.1" 200 655 "http://tejoversea.com/" "Mozilla/5.0 (Macintosh; Intel Mac OS X 10_15_7) AppleWebKit/605.1.15 (KHTML, like Gecko) Version/26.2 Safari/605.1.15"
59.180.233.146 - - [03/Jun/2026:11:13:22 -0400] "GET /wp-content/themes/logistek/assets/images/down-arrow.png HTTP/1.1" 200 427 "http://tejoversea.com/" "Mozilla/5.0 (Macintosh; Intel Mac OS X 10_15_7) AppleWebKit/605.1.15 (KHTML, like Gecko) Version/26.2 Safari/605.1.15"
59.180.233.146 - - [03/Jun/2026:11:13:17 -0400] "GET /wp-json/contact-form-7/v1/contact-forms/130/feedback/schema HTTP/1.1" 200 549 "http://tejoversea.com/" "Mozilla/5.0 (Macintosh; Intel Mac OS X 10_15_7) AppleWebKit/605.1.15 (KHTML, like Gecko) Version/26.2 Safari/605.1.15"
59.180.233.146 - - [03/Jun/2026:11:13:18 -0400] "GET /wp-content/uploads/2022/10/logo-black-e1664945148632.png HTTP/1.1" 200 18396 "http://tejoversea.com/" "Mozilla/5.0 (Macintosh; Intel Mac OS X 10_15_7) AppleWebKit/605.1.15 (KHTML, like Gecko) Version/26.2 Safari/605.1.15"
59.180.233.146 - - [03/Jun/2026:11:13:19 -0400] "GET /wp-content/themes/logistek/assets/img/side-panel/1.jpg HTTP/1.1" 404 7615 "http://tejoversea.com/" "Mozilla/5.0 (Macintosh; Intel Mac OS X 10_15_7) AppleWebKit/605.1.15 (KHTML, like Gecko) Version/26.2 Safari/605.1.15"
59.180.233.146 - - [03/Jun/2026:11:13:19 -0400] "GET /wp-content/themes/logistek/assets/img/side-panel/2.jpg HTTP/1.1" 404 7621 "http://tejoversea.com/" "Mozilla/5.0 (Macintosh; Intel Mac OS X 10_15_7) AppleWebKit/605.1.15 (KHTML, like Gecko) Version/26.2 Safari/605.1.15"
59.180.233.146 - - [03/Jun/2026:11:13:20 -0400] "GET /wp-content/uploads/2022/09/packing-cargo-1.png.webp HTTP/1.1" 200 82546 "http://tejoversea.com/" "Mozilla/5.0 (Macintosh; Intel Mac OS X 10_15_7) AppleWebKit/605.1.15 (KHTML, like Gecko) Version/26.2 Safari/605.1.15"
59.180.233.146 - - [03/Jun/2026:11:13:20 -0400] "GET /wp-content/uploads/2022/10/17.jpg HTTP/1.1" 200 45622 "http://tejoversea.com/" "Mozilla/5.0 (Macintosh; Intel Mac OS X 10_15_7) AppleWebKit/605.1.15 (KHTML, like Gecko) Version/26.2 Safari/605.1.15"
59.180.233.146 - - [03/Jun/2026:11:13:21 -0400] "GET /wp-content/themes/logistek/assets/img/side-panel/6.jpg HTTP/1.1" 404 7615 "http://tejoversea.com/" "Mozilla/5.0 (Macintosh; Intel Mac OS X 10_15_7) AppleWebKit/605.1.15 (KHTML, like Gecko) Version/26.2 Safari/605.1.15"
59.180.233.146 - - [03/Jun/2026:11:13:21 -0400] "GET /wp-content/uploads/2022/10/Car-Shifting-In-Delhi.jpg HTTP/1.1" 200 32104 "http://tejoversea.com/" "Mozilla/5.0 (Macintosh; Intel Mac OS X 10_15_7) AppleWebKit/605.1.15 (KHTML, like Gecko) Version/26.2 Safari/605.1.15"
59.180.233.146 - - [03/Jun/2026:11:13:21 -0400] "GET /wp-content/themes/logistek/assets/images/objects/2.png HTTP/1.1" 200 1609 "http://tejoversea.com/" "Mozilla/5.0 (Macintosh; Intel Mac OS X 10_15_7) AppleWebKit/605.1.15 (KHTML, like Gecko) Version/26.2 Safari/605.1.15"
59.180.233.146 - - [03/Jun/2026:11:13:22 -0400] "GET /wp-content/themes/logistek/assets/images/bg/1.jpg HTTP/1.1" 200 104444 "http://tejoversea.com/" "Mozilla/5.0 (Macintosh; Intel Mac OS X 10_15_7) AppleWebKit/605.1.15 (KHTML, like Gecko) Version/26.2 Safari/605.1.15"
59.180.233.146 - - [03/Jun/2026:11:13:23 -0400] "GET /wp-json/contact-form-7/v1/contact-forms/130/refill HTTP/1.1" 200 2 "http://tejoversea.com/" "Mozilla/5.0 (Macintosh; Intel Mac OS X 10_15_7) AppleWebKit/605.1.15 (KHTML, like Gecko) Version/26.2 Safari/605.1.15"
106.219.123.221 - - [03/Jun/2026:11:21:23 -0400] "POST /wp-admin/admin-ajax.php HTTP/1.1" 200 19551 "http://tejoversea.com/wp-admin/post-new.php?post_type=sliced_quote" "Mozilla/5.0 (Linux; Android 10; K) AppleWebKit/537.36 (KHTML, like Gecko) Chrome/148.0.0.0 Mobile Safari/537.36"
106.219.123.221 - - [03/Jun/2026:11:21:30 -0400] "POST /wp-admin/admin-ajax.php HTTP/1.1" 200 98 "http://tejoversea.com/wp-admin/post-new.php?post_type=sliced_quote" "Mozilla/5.0 (Linux; Android 10; K) AppleWebKit/537.36 (KHTML, like Gecko) Chrome/148.0.0.0 Mobile Safari/537.36"
106.219.123.221 - - [03/Jun/2026:11:21:58 -0400] "GET /wp-admin/post.php?post=3555&action=edit&message=6 HTTP/1.1" 200 87605 "http://tejoversea.com/wp-admin/post-new.php?post_type=sliced_quote&wp-post-new-reload=true" "Mozilla/5.0 (Linux; Android 10; K) AppleWebKit/537.36 (KHTML, like Gecko) Chrome/148.0.0.0 Mobile Safari/537.36"
106.219.123.221 - - [03/Jun/2026:11:22:06 -0400] "GET /wp-admin/admin-ajax.php?action=oembed-cache&post=3555 HTTP/1.1" 200 21 "http://tejoversea.com/wp-admin/post.php?post=3555&action=edit" "Mozilla/5.0 (Linux; Android 10; K) AppleWebKit/537.36 (KHTML, like Gecko) Chrome/148.0.0.0 Mobile Safari/537.36"
162.213.253.84 - - [03/Jun/2026:11:22:14 -0400] "GET /sliced_quote/scooty-shifting-delhi-to-chennai-8/?create=pdf&id=3555 HTTP/1.1" 200 6246 "http://tejoversea.com/sliced_quote/scooty-shifting-delhi-to-chennai-8/?create=pdf&id=3555" "WordPress/6.0.2; http://tejoversea.com"
106.219.123.221 - - [03/Jun/2026:11:22:21 -0400] "POST /wp-admin/admin-ajax.php HTTP/1.1" 200 98 "http://tejoversea.com/wp-admin/post.php?post=3555&action=edit" "Mozilla/5.0 (Linux; Android 10; K) AppleWebKit/537.36 (KHTML, like Gecko) Chrome/148.0.0.0 Mobile Safari/537.36"
162.213.253.84 - - [03/Jun/2026:11:22:22 -0400] "POST /wp-admin/admin-ajax.php?action=async_litespeed&nonce=ae5838f785&litespeed_type=imgoptm HTTP/1.1" 200 0 "http://tejoversea.com/wp-admin/admin-ajax.php?action=async_litespeed&nonce=ae5838f785&litespeed_type=imgoptm" "WordPress/6.0.2; http://tejoversea.com"
162.213.253.84 - - [03/Jun/2026:11:22:24 -0400] "GET /sliced_quote/scooty-shifting-delhi-to-chennai-8/?create=pdf&id=3555 HTTP/1.1" 200 6246 "http://tejoversea.com/sliced_quote/scooty-shifting-delhi-to-chennai-8/?create=pdf&id=3555" "WordPress/6.0.2; http://tejoversea.com"
103.151.226.246 - - [03/Jun/2026:11:22:37 -0400] "GET /wp-json/wp/v2/posts HTTP/1.1" 200 2 "-" "Mozilla/5.0 (Windows NT 10.0; Win64; x64) AppleWebKit/537.36 (KHTML, like Gecko) Chrome/120.0.0.0 Safari/537.36"
106.219.123.221 - - [03/Jun/2026:11:22:42 -0400] "POST /wp-admin/admin-ajax.php HTTP/1.1" 200 98 "http://tejoversea.com/wp-admin/post.php?post=3555&action=edit" "Mozilla/5.0 (Linux; Android 10; K) AppleWebKit/537.36 (KHTML, like Gecko) Chrome/148.0.0.0 Mobile Safari/537.36"
162.213.253.84 - - [03/Jun/2026:11:21:18 -0400] "POST /wp-admin/admin-ajax.php?action=async_litespeed&nonce=ae5838f785&litespeed_type=imgoptm HTTP/1.1" 200 0 "http://tejoversea.com/wp-admin/admin-ajax.php?action=async_litespeed&nonce=ae5838f785&litespeed_type=imgoptm" "WordPress/6.0.2; http://tejoversea.com"
106.219.123.221 - - [03/Jun/2026:11:21:16 -0400] "POST /wp-admin/admin-ajax.php HTTP/1.1" 200 22 "http://tejoversea.com/wp-admin/post-new.php?post_type=sliced_quote" "Mozilla/5.0 (Linux; Android 10; K) AppleWebKit/537.36 (KHTML, like Gecko) Chrome/148.0.0.0 Mobile Safari/537.36"
106.219.123.221 - - [03/Jun/2026:11:21:24 -0400] "POST /wp-admin/admin-ajax.php HTTP/1.1" 200 22 "http://tejoversea.com/wp-admin/post-new.php?post_type=sliced_quote" "Mozilla/5.0 (Linux; Android 10; K) AppleWebKit/537.36 (KHTML, like Gecko) Chrome/148.0.0.0 Mobile Safari/537.36"
106.219.123.221 - - [03/Jun/2026:11:21:45 -0400] "POST /wp-admin/admin-ajax.php HTTP/1.1" 200 98 "http://tejoversea.com/wp-admin/post-new.php?post_type=sliced_quote" "Mozilla/5.0 (Linux; Android 10; K) AppleWebKit/537.36 (KHTML, like Gecko) Chrome/148.0.0.0 Mobile Safari/537.36"
106.219.123.221 - - [03/Jun/2026:11:21:53 -0400] "POST /wp-admin/post.php HTTP/1.1" 302 0 "http://tejoversea.com/wp-admin/post-new.php?post_type=sliced_quote&wp-post-new-reload=true" "Mozilla/5.0 (Linux; Android 10; K) AppleWebKit/537.36 (KHTML, like Gecko) Chrome/148.0.0.0 Mobile Safari/537.36"
106.219.123.221 - - [03/Jun/2026:11:22:00 -0400] "POST /wp-admin/admin-ajax.php HTTP/1.1" 200 98 "http://tejoversea.com/wp-admin/post-new.php?post_type=sliced_quote&wp-post-new-reload=true" "Mozilla/5.0 (Linux; Android 10; K) AppleWebKit/537.36 (KHTML, like Gecko) Chrome/148.0.0.0 Mobile Safari/537.36"
162.213.253.84 - - [03/Jun/2026:11:22:15 -0400] "POST /wp-cron.php?doing_wp_cron=1780500135.2340428829193115234375 HTTP/1.1" 200 0 "http://tejoversea.com/wp-cron.php?doing_wp_cron=1780500135.2340428829193115234375" "WordPress/6.0.2; http://tejoversea.com"
106.219.123.221 - - [03/Jun/2026:11:22:12 -0400] "GET /sliced_quote/scooty-shifting-delhi-to-chennai-8/?create=pdf&id=3555&print_pdf=f8514e7528 HTTP/1.1" 200 55361 "http://tejoversea.com/wp-admin/post.php?post=3555&action=edit" "Mozilla/5.0 (Linux; Android 10; K) AppleWebKit/537.36 (KHTML, like Gecko) Chrome/148.0.0.0 Mobile Safari/537.36"
162.213.253.84 - - [03/Jun/2026:11:22:22 -0400] "POST /wp-cron.php?doing_wp_cron=1780500142.1294550895690917968750 HTTP/1.1" 200 0 "http://tejoversea.com/wp-cron.php?doing_wp_cron=1780500142.1294550895690917968750" "WordPress/6.0.2; http://tejoversea.com"
106.219.123.221 - - [03/Jun/2026:11:22:24 -0400] "GET /sliced_quote/scooty-shifting-delhi-to-chennai-8/?create=pdf&id=3555&print_pdf=f8514e7528 HTTP/1.1" 200 55361 "-" "Mozilla/5.0 (Linux; Android 10; K) AppleWebKit/537.36 (KHTML, like Gecko) Chrome/148.0.0.0 Mobile Safari/537.36"
162.213.253.84 - - [03/Jun/2026:11:42:20 -0400] "POST /wp-cron.php?doing_wp_cron=1780501340.3380670547485351562500 HTTP/1.1" 200 0 "http://tejoversea.com/wp-cron.php?doing_wp_cron=1780501340.3380670547485351562500" "WordPress/6.0.2; http://tejoversea.com"
43.130.39.254 - - [03/Jun/2026:11:42:19 -0400] "GET / HTTP/1.1" 200 19144 "-" "Mozilla/5.0 (iPhone; CPU iPhone OS 13_2_3 like Mac OS X) AppleWebKit/605.1.15 (KHTML, like Gecko) Version/13.0.3 Mobile/15E148 Safari/604.1"
162.213.253.84 - - [03/Jun/2026:11:42:20 -0400] "POST /wp-admin/admin-ajax.php?action=async_litespeed&nonce=ae5838f785&litespeed_type=imgoptm HTTP/1.1" 200 0 "http://tejoversea.com/wp-admin/admin-ajax.php?action=async_litespeed&nonce=ae5838f785&litespeed_type=imgoptm" "WordPress/6.0.2; http://tejoversea.com"
38.60.196.214 - - [03/Jun/2026:11:47:44 -0400] "GET /wp-json/wp/v2/posts HTTP/1.0" 200 2 "-" "Mozilla/5.0 (Windows NT 10.0; Win64; x64) AppleWebKit/537.36 (KHTML, like Gecko) Chrome/120.0.0.0 Safari/537.36"
45.154.98.217 - - [03/Jun/2026:11:49:48 -0400] "GET /wp-content/plugins/fix/up.php HTTP/1.1" 404 28732 "-" "Mozilla/5.0 (Windows NT 10.0; Win64; x64) AppleWebKit/537.36 (KHTML, like Gecko) Chrome/85.0.4183.102 Safari/537.36"
45.154.98.217 - - [03/Jun/2026:11:49:48 -0400] "GET /wp-content/themes/seotheme/db.php?u HTTP/1.1" 404 0 "www.google.com" "Mozlila/5.0 (Linux; Android 7.0; SM-G892A Bulid/NRD90M; wv) AppleWebKit/537.36 (KHTML, like Gecko) Version/4.0 Chrome/60.0.3112.107 Moblie Safari/537.36"
45.154.98.217 - - [03/Jun/2026:11:49:48 -0400] "POST /ALFA_DATA/alfacgiapi/perl.alfa HTTP/1.1" 404 28661 "www.google.com" "Mozlila/5.0 (Linux; Android 7.0; SM-G892A Bulid/NRD90M; wv) AppleWebKit/537.36 (KHTML, like Gecko) Version/4.0 Chrome/60.0.3112.107 Moblie Safari/537.36"
45.154.98.217 - - [03/Jun/2026:11:49:58 -0400] "POST /alfacgiapi/perl.alfa HTTP/1.1" 404 28651 "www.google.com" "Mozlila/5.0 (Linux; Android 7.0; SM-G892A Bulid/NRD90M; wv) AppleWebKit/537.36 (KHTML, like Gecko) Version/4.0 Chrome/60.0.3112.107 Moblie Safari/537.36"
3.226.202.248 - - [03/Jun/2026:11:56:42 -0400] "GET /robots.txt HTTP/1.1" 200 281 "-" "Mozilla/5.0 (Macintosh; Intel Mac OS X 10_10_1) AppleWebKit/600.2.5 (KHTML, like Gecko) Version/8.0.2 Safari/600.2.5 (Gort)"
45.154.98.217 - - [03/Jun/2026:11:49:43 -0400] "GET / HTTP/1.1" 200 83452 "-" "Mozlila/5.0 (Linux; Android 7.0; SM-G892A Bulid/NRD90M; wv) AppleWebKit/537.36 (KHTML, like Gecko) Version/4.0 Chrome/60.0.3112.107 Moblie Safari/537.36"
45.154.98.217 - - [03/Jun/2026:11:49:43 -0400] "GET /pbndnptb.php?Fox=d3wL7 HTTP/1.1" 404 28715 "www.google.com" "Mozilla/5.0 (Linux; Android 7.0; SM-G892A Bulid/NRD90M; wv) AppleWebKit/537.36 (KHTML, like Gecko) Version/4.0 Chrome/60.0.3112.107 Moblie Safari/537.36"
45.154.98.217 - - [03/Jun/2026:11:49:44 -0400] "GET /wp-content/plugins/apikey/apikey.php?test=hello HTTP/1.1" 404 28739 "-" "Mozlila/5.0 (Linux; Android 7.0; SM-G892A Bulid/NRD90M; wv) AppleWebKit/537.36 (KHTML, like Gecko) Version/4.0 Chrome/60.0.3112.107 Moblie Safari/537.36"
45.154.98.217 - - [03/Jun/2026:11:49:46 -0400] "GET /plugins/content/apismtp/apismtp.php?test=hello HTTP/1.1" 404 28738 "-" "Mozlila/5.0 (Linux; Android 7.0; SM-G892A Bulid/NRD90M; wv) AppleWebKit/537.36 (KHTML, like Gecko) Version/4.0 Chrome/60.0.3112.107 Moblie Safari/537.36"
45.154.98.217 - - [03/Jun/2026:11:49:55 -0400] "GET /wp-content/themes/seotheme/db.php?u HTTP/1.1" 404 28736 "www.google.com" "Mozlila/5.0 (Linux; Android 7.0; SM-G892A Bulid/NRD90M; wv) AppleWebKit/537.36 (KHTML, like Gecko) Version/4.0 Chrome/60.0.3112.107 Moblie Safari/537.36"
45.154.98.217 - - [03/Jun/2026:11:49:55 -0400] "GET /wp-content/plugins/apikey/apikey.php.suspected?test=hello HTTP/1.1" 404 28749 "-" "Mozlila/5.0 (Linux; Android 7.0; SM-G892A Bulid/NRD90M; wv) AppleWebKit/537.36 (KHTML, like Gecko) Version/4.0 Chrome/60.0.3112.107 Moblie Safari/537.36"
45.154.98.217 - - [03/Jun/2026:11:49:58 -0400] "GET /plugins/content/apismtp/apismtp.php.suspected?test=hello HTTP/1.1" 404 28748 "-" "Mozlila/5.0 (Linux; Android 7.0; SM-G892A Bulid/NRD90M; wv) AppleWebKit/537.36 (KHTML, like Gecko) Version/4.0 Chrome/60.0.3112.107 Moblie Safari/537.36"
103.232.20.67 - - [03/Jun/2026:11:51:37 -0400] "GET /wp-json/wp/v2/posts HTTP/1.1" 200 2 "-" "Mozilla/5.0 (Windows NT 10.0; Win64; x64) AppleWebKit/537.36 (KHTML, like Gecko) Chrome/120.0.0.0 Safari/537.36"
170.106.161.78 - - [03/Jun/2026:12:19:07 -0400] "GET / HTTP/1.1" 301 0 "-" "Mozilla/5.0 (iPhone; CPU iPhone OS 13_2_3 like Mac OS X) AppleWebKit/605.1.15 (KHTML, like Gecko) Version/13.0.3 Mobile/15E148 Safari/604.1"
170.106.161.78 - - [03/Jun/2026:12:19:09 -0400] "GET / HTTP/1.1" 200 19144 "http://www.tejoversea.com" "Mozilla/5.0 (iPhone; CPU iPhone OS 13_2_3 like Mac OS X) AppleWebKit/605.1.15 (KHTML, like Gecko) Version/13.0.3 Mobile/15E148 Safari/604.1"
162.213.253.84 - - [03/Jun/2026:12:33:07 -0400] "POST /wp-cron.php?doing_wp_cron=1780504387.7020950317382812500000 HTTP/1.1" 200 0 "http://tejoversea.com/wp-cron.php?doing_wp_cron=1780504387.7020950317382812500000" "WordPress/6.0.2; http://tejoversea.com"
43.130.14.245 - - [03/Jun/2026:12:33:07 -0400] "GET /?page_id=120 HTTP/1.1" 301 0 "-" "Mozilla/5.0 (iPhone; CPU iPhone OS 13_2_3 like Mac OS X) AppleWebKit/605.1.15 (KHTML, like Gecko) Version/13.0.3 Mobile/15E148 Safari/604.1"
162.213.253.84 - - [03/Jun/2026:12:33:08 -0400] "POST /wp-admin/admin-ajax.php?action=async_litespeed&nonce=ae5838f785&litespeed_type=imgoptm HTTP/1.1" 200 0 "http://tejoversea.com/wp-admin/admin-ajax.php?action=async_litespeed&nonce=ae5838f785&litespeed_type=imgoptm" "WordPress/6.0.2; http://tejoversea.com"
43.130.14.245 - - [03/Jun/2026:12:33:09 -0400] "GET /about-us/ HTTP/1.1" 200 14990 "http://tejoversea.com/?page_id=120" "Mozilla/5.0 (iPhone; CPU iPhone OS 13_2_3 like Mac OS X) AppleWebKit/605.1.15 (KHTML, like Gecko) Version/13.0.3 Mobile/15E148 Safari/604.1"
43.157.170.13 - - [03/Jun/2026:12:41:24 -0400] "GET /wp-content/uploads/2022/09/packing-cargo-1.png.webp HTTP/1.1" 200 82546 "-" "Mozilla/5.0 (iPhone; CPU iPhone OS 13_2_3 like Mac OS X) AppleWebKit/605.1.15 (KHTML, like Gecko) Version/13.0.3 Mobile/15E148 Safari/604.1"
175.44.42.166 - - [03/Jun/2026:12:45:22 -0400] "GET /wp-content/plugins/order-tracking/js/ewd-otp-js.js?ver=2.11.9 HTTP/1.1" 200 1103 "http://www.snucm.com/blog/187872082/profile/" "Mozilla/5.0 (Windows NT 10.0; Win64; x64) AppleWebKit/537.36 (KHTML, like Gecko) Chrome/147.0.0.0 Safari/537.36"
175.44.42.166 - - [03/Jun/2026:12:45:21 -0400] "GET / HTTP/1.1" 200 16656 "http://www.snucm.com/" "Mozilla/5.0 (Windows NT 10.0; Win64; x64) AppleWebKit/537.36 (KHTML, like Gecko) Chrome/147.0.0.0 Safari/537.36"