Path : /home/vishqocm/access-logs/
File Upload :
Current File : //home/vishqocm//access-logs/escapetravelservices.com.vishalwebtech.com-ssl_log

162.213.253.84 - - [27/Feb/2026:07:02:19 -0500] "POST /wp-cron.php?doing_wp_cron=1772193739.5361700057983398437500 HTTP/1.1" 200 0 "https://www.escapetravelservices.com/wp-cron.php?doing_wp_cron=1772193739.5361700057983398437500" "WordPress/6.0; https://www.escapetravelservices.com"
149.202.183.73 - - [27/Feb/2026:07:02:18 -0500] "POST /wp-login.php HTTP/1.1" 200 2230 "-" "Mozilla/5.0 (Windows NT 10.0; WOW64; rv:144.0) Gecko/20100101 Firefox/144.0"
162.213.253.84 - - [27/Feb/2026:07:17:32 -0500] "POST /wp-cron.php?doing_wp_cron=1772194652.3361039161682128906250 HTTP/1.1" 200 0 "https://www.escapetravelservices.com/wp-cron.php?doing_wp_cron=1772194652.3361039161682128906250" "WordPress/6.0; https://www.escapetravelservices.com"
20.41.98.49 - - [27/Feb/2026:07:17:31 -0500] "GET /wk/index.php HTTP/1.1" 301 0 "-" "Mozilla/5.0 (Windows NT 10.0; Win64; x64) AppleWebKit/537.36 (KHTML, like Gecko) Chrome/120.0.0.0 Safari/537.36"
20.41.98.49 - - [27/Feb/2026:07:17:34 -0500] "GET /ioxi-o.php HTTP/1.1" 301 0 "-" "Mozilla/5.0 (Windows NT 10.0; Win64; x64) AppleWebKit/537.36 (KHTML, like Gecko) Chrome/120.0.0.0 Safari/537.36"
20.41.98.49 - - [27/Feb/2026:07:17:36 -0500] "GET /admin.php HTTP/1.1" 301 0 "-" "Mozilla/5.0 (Windows NT 10.0; Win64; x64) AppleWebKit/537.36 (KHTML, like Gecko) Chrome/120.0.0.0 Safari/537.36"
20.41.98.49 - - [27/Feb/2026:07:17:37 -0500] "GET /cache.php HTTP/1.1" 301 0 "-" "Mozilla/5.0 (Windows NT 10.0; Win64; x64) AppleWebKit/537.36 (KHTML, like Gecko) Chrome/120.0.0.0 Safari/537.36"
20.41.98.49 - - [27/Feb/2026:07:17:38 -0500] "GET /themes.php HTTP/1.1" 301 0 "-" "Mozilla/5.0 (Windows NT 10.0; Win64; x64) AppleWebKit/537.36 (KHTML, like Gecko) Chrome/120.0.0.0 Safari/537.36"
20.41.98.49 - - [27/Feb/2026:07:17:39 -0500] "GET /an.php HTTP/1.1" 301 0 "-" "Mozilla/5.0 (Windows NT 10.0; Win64; x64) AppleWebKit/537.36 (KHTML, like Gecko) Chrome/120.0.0.0 Safari/537.36"
20.41.98.49 - - [27/Feb/2026:07:17:39 -0500] "GET /index/function.php HTTP/1.1" 301 0 "-" "Mozilla/5.0 (Windows NT 10.0; Win64; x64) AppleWebKit/537.36 (KHTML, like Gecko) Chrome/120.0.0.0 Safari/537.36"
20.41.98.49 - - [27/Feb/2026:07:17:40 -0500] "GET /randkeyword.PhP7 HTTP/1.1" 301 0 "-" "Mozilla/5.0 (Windows NT 10.0; Win64; x64) AppleWebKit/537.36 (KHTML, like Gecko) Chrome/120.0.0.0 Safari/537.36"
20.41.98.49 - - [27/Feb/2026:07:17:44 -0500] "GET /abc.php HTTP/1.1" 301 0 "-" "Mozilla/5.0 (Windows NT 10.0; Win64; x64) AppleWebKit/537.36 (KHTML, like Gecko) Chrome/120.0.0.0 Safari/537.36"
20.41.98.49 - - [27/Feb/2026:07:17:46 -0500] "GET /wp-trackback.php HTTP/1.1" 404 91 "-" "Mozilla/5.0 (Windows NT 10.0; Win64; x64) AppleWebKit/537.36 (KHTML, like Gecko) Chrome/120.0.0.0 Safari/537.36"
20.41.98.49 - - [27/Feb/2026:07:17:47 -0500] "GET /about.php HTTP/1.1" 301 0 "-" "Mozilla/5.0 (Windows NT 10.0; Win64; x64) AppleWebKit/537.36 (KHTML, like Gecko) Chrome/120.0.0.0 Safari/537.36"
20.41.98.49 - - [27/Feb/2026:07:17:47 -0500] "GET /file.php HTTP/1.1" 301 0 "-" "Mozilla/5.0 (Windows NT 10.0; Win64; x64) AppleWebKit/537.36 (KHTML, like Gecko) Chrome/120.0.0.0 Safari/537.36"
20.41.98.49 - - [27/Feb/2026:07:17:49 -0500] "GET /goods.php HTTP/1.1" 301 0 "-" "Mozilla/5.0 (Windows NT 10.0; Win64; x64) AppleWebKit/537.36 (KHTML, like Gecko) Chrome/120.0.0.0 Safari/537.36"
20.41.98.49 - - [27/Feb/2026:07:17:50 -0500] "GET /class-t.api.php HTTP/1.1" 301 0 "-" "Mozilla/5.0 (Windows NT 10.0; Win64; x64) AppleWebKit/537.36 (KHTML, like Gecko) Chrome/120.0.0.0 Safari/537.36"
20.41.98.49 - - [27/Feb/2026:07:17:53 -0500] "GET /classwithtostring.php HTTP/1.1" 301 0 "-" "Mozilla/5.0 (Windows NT 10.0; Win64; x64) AppleWebKit/537.36 (KHTML, like Gecko) Chrome/120.0.0.0 Safari/537.36"
20.41.98.49 - - [27/Feb/2026:07:17:55 -0500] "GET /wp-includes/ HTTP/1.1" 403 1242 "-" "Mozilla/5.0 (Windows NT 10.0; Win64; x64) AppleWebKit/537.36 (KHTML, like Gecko) Chrome/120.0.0.0 Safari/537.36"
20.41.98.49 - - [27/Feb/2026:07:17:33 -0500] "GET /inputs.php HTTP/1.1" 301 0 "-" "Mozilla/5.0 (Windows NT 10.0; Win64; x64) AppleWebKit/537.36 (KHTML, like Gecko) Chrome/120.0.0.0 Safari/537.36"
20.41.98.49 - - [27/Feb/2026:07:17:35 -0500] "GET /function/function.php HTTP/1.1" 301 0 "-" "Mozilla/5.0 (Windows NT 10.0; Win64; x64) AppleWebKit/537.36 (KHTML, like Gecko) Chrome/120.0.0.0 Safari/537.36"
20.41.98.49 - - [27/Feb/2026:07:17:35 -0500] "GET /rip.php HTTP/1.1" 301 0 "-" "Mozilla/5.0 (Windows NT 10.0; Win64; x64) AppleWebKit/537.36 (KHTML, like Gecko) Chrome/120.0.0.0 Safari/537.36"
20.41.98.49 - - [27/Feb/2026:07:17:37 -0500] "GET /wp-content/uploads/index.php HTTP/1.1" 301 0 "-" "Mozilla/5.0 (Windows NT 10.0; Win64; x64) AppleWebKit/537.36 (KHTML, like Gecko) Chrome/120.0.0.0 Safari/537.36"
20.41.98.49 - - [27/Feb/2026:07:17:40 -0500] "GET /ws.php HTTP/1.1" 301 0 "-" "Mozilla/5.0 (Windows NT 10.0; Win64; x64) AppleWebKit/537.36 (KHTML, like Gecko) Chrome/120.0.0.0 Safari/537.36"
20.41.98.49 - - [27/Feb/2026:07:17:41 -0500] "GET /404.php HTTP/1.1" 301 0 "-" "Mozilla/5.0 (Windows NT 10.0; Win64; x64) AppleWebKit/537.36 (KHTML, like Gecko) Chrome/120.0.0.0 Safari/537.36"
20.41.98.49 - - [27/Feb/2026:07:17:42 -0500] "GET /wp-admin/user/index.php HTTP/1.1" 200 226 "-" "Mozilla/5.0 (Windows NT 10.0; Win64; x64) AppleWebKit/537.36 (KHTML, like Gecko) Chrome/120.0.0.0 Safari/537.36"
20.41.98.49 - - [27/Feb/2026:07:17:42 -0500] "GET /wp-conf.php HTTP/1.1" 301 0 "-" "Mozilla/5.0 (Windows NT 10.0; Win64; x64) AppleWebKit/537.36 (KHTML, like Gecko) Chrome/120.0.0.0 Safari/537.36"
20.41.98.49 - - [27/Feb/2026:07:17:43 -0500] "GET /wp-content/themes/hideo/network.php HTTP/1.1" 301 0 "-" "Mozilla/5.0 (Windows NT 10.0; Win64; x64) AppleWebKit/537.36 (KHTML, like Gecko) Chrome/120.0.0.0 Safari/537.36"
20.41.98.49 - - [27/Feb/2026:07:17:44 -0500] "GET /wp-login.php HTTP/1.1" 200 1908 "-" "Mozilla/5.0 (Windows NT 10.0; Win64; x64) AppleWebKit/537.36 (KHTML, like Gecko) Chrome/120.0.0.0 Safari/537.36"
20.41.98.49 - - [27/Feb/2026:07:17:45 -0500] "GET /abcd.php HTTP/1.1" 301 0 "-" "Mozilla/5.0 (Windows NT 10.0; Win64; x64) AppleWebKit/537.36 (KHTML, like Gecko) Chrome/120.0.0.0 Safari/537.36"
20.41.98.49 - - [27/Feb/2026:07:17:45 -0500] "GET /as.php HTTP/1.1" 301 0 "-" "Mozilla/5.0 (Windows NT 10.0; Win64; x64) AppleWebKit/537.36 (KHTML, like Gecko) Chrome/120.0.0.0 Safari/537.36"
20.41.98.49 - - [27/Feb/2026:07:17:48 -0500] "GET /adminfuns.php HTTP/1.1" 301 0 "-" "Mozilla/5.0 (Windows NT 10.0; Win64; x64) AppleWebKit/537.36 (KHTML, like Gecko) Chrome/120.0.0.0 Safari/537.36"
20.41.98.49 - - [27/Feb/2026:07:17:49 -0500] "GET /wp-good.php HTTP/1.1" 301 0 "-" "Mozilla/5.0 (Windows NT 10.0; Win64; x64) AppleWebKit/537.36 (KHTML, like Gecko) Chrome/120.0.0.0 Safari/537.36"
20.41.98.49 - - [27/Feb/2026:07:17:51 -0500] "GET /sf.php HTTP/1.1" 301 0 "-" "Mozilla/5.0 (Windows NT 10.0; Win64; x64) AppleWebKit/537.36 (KHTML, like Gecko) Chrome/120.0.0.0 Safari/537.36"
20.41.98.49 - - [27/Feb/2026:07:17:51 -0500] "GET /kbfr.php HTTP/1.1" 301 0 "-" "Mozilla/5.0 (Windows NT 10.0; Win64; x64) AppleWebKit/537.36 (KHTML, like Gecko) Chrome/120.0.0.0 Safari/537.36"
20.41.98.49 - - [27/Feb/2026:07:17:52 -0500] "GET /autoload_classmap.php HTTP/1.1" 301 0 "-" "Mozilla/5.0 (Windows NT 10.0; Win64; x64) AppleWebKit/537.36 (KHTML, like Gecko) Chrome/120.0.0.0 Safari/537.36"
20.41.98.49 - - [27/Feb/2026:07:17:53 -0500] "GET /chosen.php?p= HTTP/1.1" 301 0 "-" "Mozilla/5.0 (Windows NT 10.0; Win64; x64) AppleWebKit/537.36 (KHTML, like Gecko) Chrome/120.0.0.0 Safari/537.36"
20.41.98.49 - - [27/Feb/2026:07:17:54 -0500] "GET /defaults.php HTTP/1.1" 301 0 "-" "Mozilla/5.0 (Windows NT 10.0; Win64; x64) AppleWebKit/537.36 (KHTML, like Gecko) Chrome/120.0.0.0 Safari/537.36"
20.41.98.49 - - [27/Feb/2026:07:17:55 -0500] "GET /info.php HTTP/1.1" 301 0 "-" "Mozilla/5.0 (Windows NT 10.0; Win64; x64) AppleWebKit/537.36 (KHTML, like Gecko) Chrome/120.0.0.0 Safari/537.36"
20.41.98.49 - - [27/Feb/2026:07:17:56 -0500] "GET /cgi-bin/ HTTP/1.1" 403 1242 "-" "Mozilla/5.0 (Windows NT 10.0; Win64; x64) AppleWebKit/537.36 (KHTML, like Gecko) Chrome/120.0.0.0 Safari/537.36"
20.41.98.49 - - [27/Feb/2026:07:17:57 -0500] "GET /wp-includes/html-api/ HTTP/1.1" 301 0 "-" "Mozilla/5.0 (Windows NT 10.0; Win64; x64) AppleWebKit/537.36 (KHTML, like Gecko) Chrome/120.0.0.0 Safari/537.36"
20.41.98.49 - - [27/Feb/2026:07:17:59 -0500] "GET /wp-admin/css/colors/ectoplasm/ HTTP/1.1" 403 1242 "-" "Mozilla/5.0 (Windows NT 10.0; Win64; x64) AppleWebKit/537.36 (KHTML, like Gecko) Chrome/120.0.0.0 Safari/537.36"
20.41.98.49 - - [27/Feb/2026:07:18:00 -0500] "GET /wp-content/plugins/index.php HTTP/1.1" 200 0 "-" "Mozilla/5.0 (Windows NT 10.0; Win64; x64) AppleWebKit/537.36 (KHTML, like Gecko) Chrome/120.0.0.0 Safari/537.36"
162.213.253.84 - - [27/Feb/2026:07:33:28 -0500] "POST /wp-cron.php?doing_wp_cron=1772195608.1001269817352294921875 HTTP/1.1" 200 0 "https://www.escapetravelservices.com/wp-cron.php?doing_wp_cron=1772195608.1001269817352294921875" "WordPress/6.0; https://www.escapetravelservices.com"
164.132.207.73 - - [27/Feb/2026:07:33:27 -0500] "POST /wp-login.php HTTP/1.1" 200 2230 "-" "Mozilla/5.0 (Windows NT 10.0; Win64; x64) AppleWebKit/537.36 (KHTML, like Gecko) Chrome/140.0.0.0 Safari/537.36 Edg/140.0.0.0"
41.76.213.235 - - [27/Feb/2026:07:33:53 -0500] "GET /wp-login.php HTTP/1.1" 200 1908 "-" "Mozilla/5.0 (Windows NT 6.1; WOW64; Trident/7.0; MDDCJS; rv:11.0) like Gecko"
162.213.253.84 - - [27/Feb/2026:07:33:54 -0500] "POST /wp-cron.php?doing_wp_cron=1772195634.1213629245758056640625 HTTP/1.1" 200 0 "https://www.escapetravelservices.com/wp-cron.php?doing_wp_cron=1772195634.1213629245758056640625" "WordPress/6.0; https://www.escapetravelservices.com"
41.76.213.235 - - [27/Feb/2026:07:33:53 -0500] "POST /wp-login.php HTTP/1.1" 200 1983 "https://escapetravelservices.com/wp-login.php" "Mozilla/5.0 (Windows NT 6.1; WOW64; Trident/7.0; MDDCJS; rv:11.0) like Gecko"
85.208.96.205 - - [27/Feb/2026:07:38:46 -0500] "GET /robots.txt HTTP/1.1" 200 7131 "-" "Mozilla/5.0 (compatible; SemrushBot/7~bl; +http://www.semrush.com/bot.html)"
185.191.171.16 - - [27/Feb/2026:07:38:47 -0500] "GET /tour/amazing-kashmir-package-04-nights-05-days/ HTTP/1.1" 200 25374 "-" "Mozilla/5.0 (compatible; SemrushBot/7~bl; +http://www.semrush.com/bot.html)"
77.75.76.168 - - [27/Feb/2026:07:42:42 -0500] "GET /destination/dubai/ HTTP/1.1" 200 24623 "-" "Mozilla/5.0 (compatible; SeznamBot/4.0; +https://o-seznam.cz/napoveda/vyhledavani/en/seznambot-crawler/)"
2.58.56.187 - - [27/Feb/2026:07:44:49 -0500] "GET /wp-content/themes/seotheme/db.php?u HTTP/1.1" 404 129182 "www.google.com" "Mozlila/5.0 (Linux; Android 7.0; SM-G892A Bulid/NRD90M; wv) AppleWebKit/537.36 (KHTML, like Gecko) Version/4.0 Chrome/60.0.3112.107 Moblie Safari/537.36"
2.58.56.187 - - [27/Feb/2026:07:44:58 -0500] "GET /wp-content/themes/seotheme/db.php?u HTTP/1.1" 404 129182 "www.google.com" "Mozlila/5.0 (Linux; Android 7.0; SM-G892A Bulid/NRD90M; wv) AppleWebKit/537.36 (KHTML, like Gecko) Version/4.0 Chrome/60.0.3112.107 Moblie Safari/537.36"
162.213.253.84 - - [27/Feb/2026:07:49:39 -0500] "POST /wp-cron.php?doing_wp_cron=1772196579.4348099231719970703125 HTTP/1.1" 200 0 "https://www.escapetravelservices.com/wp-cron.php?doing_wp_cron=1772196579.4348099231719970703125" "WordPress/6.0; https://www.escapetravelservices.com"
104.194.155.80 - - [27/Feb/2026:07:58:36 -0500] "GET /.git/config HTTP/1.1" 403 1242 "-" "Mozilla/5.0 (X11; Linux x86_64)"
14.231.150.98 - - [27/Feb/2026:08:00:34 -0500] "GET /tour/luxurious-maldives-dusit-thani-maldives-04-nights-05-days/ HTTP/1.1" 200 24478 "-" "Mozilla/5.0 (Windows NT 10.0; Win64; x64) AppleWebKit/537.36 (KHTML, like Gecko) Brave Chrome/89.0.4389.72 Safari/537.36"
20.41.98.49 - - [27/Feb/2026:07:17:55 -0500] "GET /.well-known/ HTTP/1.1" 403 1242 "-" "Mozilla/5.0 (Windows NT 10.0; Win64; x64) AppleWebKit/537.36 (KHTML, like Gecko) Chrome/120.0.0.0 Safari/537.36"
20.41.98.49 - - [27/Feb/2026:07:17:56 -0500] "GET /uploads/ HTTP/1.1" 301 0 "-" "Mozilla/5.0 (Windows NT 10.0; Win64; x64) AppleWebKit/537.36 (KHTML, like Gecko) Chrome/120.0.0.0 Safari/537.36"
20.41.98.49 - - [27/Feb/2026:07:17:56 -0500] "GET /wp-admin/images/ HTTP/1.1" 403 1242 "-" "Mozilla/5.0 (Windows NT 10.0; Win64; x64) AppleWebKit/537.36 (KHTML, like Gecko) Chrome/120.0.0.0 Safari/537.36"
20.41.98.49 - - [27/Feb/2026:07:17:57 -0500] "GET /wp-includes/Requests/src/Response/about.php HTTP/1.1" 301 0 "-" "Mozilla/5.0 (Windows NT 10.0; Win64; x64) AppleWebKit/537.36 (KHTML, like Gecko) Chrome/120.0.0.0 Safari/537.36"
20.41.98.49 - - [27/Feb/2026:07:17:58 -0500] "GET /wp-content/admin.php HTTP/1.1" 301 0 "-" "Mozilla/5.0 (Windows NT 10.0; Win64; x64) AppleWebKit/537.36 (KHTML, like Gecko) Chrome/120.0.0.0 Safari/537.36"
20.41.98.49 - - [27/Feb/2026:07:17:59 -0500] "GET /wp-content/uploads/ HTTP/1.1" 403 1242 "-" "Mozilla/5.0 (Windows NT 10.0; Win64; x64) AppleWebKit/537.36 (KHTML, like Gecko) Chrome/120.0.0.0 Safari/537.36"
20.41.98.49 - - [27/Feb/2026:07:17:59 -0500] "GET /wp-content/themes/admin.php HTTP/1.1" 301 0 "-" "Mozilla/5.0 (Windows NT 10.0; Win64; x64) AppleWebKit/537.36 (KHTML, like Gecko) Chrome/120.0.0.0 Safari/537.36"
20.41.98.49 - - [27/Feb/2026:07:18:00 -0500] "GET /wp-content/themes/index.php HTTP/1.1" 200 0 "-" "Mozilla/5.0 (Windows NT 10.0; Win64; x64) AppleWebKit/537.36 (KHTML, like Gecko) Chrome/120.0.0.0 Safari/537.36"
20.41.98.49 - - [27/Feb/2026:07:18:00 -0500] "GET /wp-includes/PHPMailer/ HTTP/1.1" 403 1242 "-" "Mozilla/5.0 (Windows NT 10.0; Win64; x64) AppleWebKit/537.36 (KHTML, like Gecko) Chrome/120.0.0.0 Safari/537.36"
20.41.98.49 - - [27/Feb/2026:07:18:00 -0500] "GET /wp-includes/images/ HTTP/1.1" 403 1242 "-" "Mozilla/5.0 (Windows NT 10.0; Win64; x64) AppleWebKit/537.36 (KHTML, like Gecko) Chrome/120.0.0.0 Safari/537.36"
20.41.98.49 - - [27/Feb/2026:07:18:00 -0500] "GET /wp-content/plugins/WordPressCore/ HTTP/1.1" 301 0 "-" "Mozilla/5.0 (Windows NT 10.0; Win64; x64) AppleWebKit/537.36 (KHTML, like Gecko) Chrome/120.0.0.0 Safari/537.36"
162.213.253.84 - - [27/Feb/2026:07:25:24 -0500] "POST /wp-cron.php?doing_wp_cron=1772195124.1738729476928710937500 HTTP/1.1" 200 0 "https://www.escapetravelservices.com/wp-cron.php?doing_wp_cron=1772195124.1738729476928710937500" "WordPress/6.0; https://www.escapetravelservices.com"
45.84.227.74 - - [27/Feb/2026:07:25:23 -0500] "POST /wp-login.php HTTP/1.1" 200 2230 "-" "Mozilla/5.0 (Windows NT 10.0) AppleWebKit/537.43 (KHTML, like Gecko) Chrome/135.0.0.0 Safari/537.36 OPR/120.0.0.0"
2.58.56.187 - - [27/Feb/2026:07:44:41 -0500] "GET /wp-content/themes/seotheme/db.php?u HTTP/1.1" 200 0 "www.google.com" "Mozlila/5.0 (Linux; Android 7.0; SM-G892A Bulid/NRD90M; wv) AppleWebKit/537.36 (KHTML, like Gecko) Version/4.0 Chrome/60.0.3112.107 Moblie Safari/537.36"
51.83.35.19 - - [27/Feb/2026:07:49:38 -0500] "POST /wp-login.php HTTP/1.1" 200 2230 "-" "Mozilla/5.0 (Windows NT 10.0; WOW64) AppleWebKit/537.36 (KHTML, like Gecko) Chrome/141.0.0.0 Safari/537.36"
20.220.56.213 - - [27/Feb/2026:07:53:32 -0500] "GET /wp-content/uploads/2021/01/3-700x466.jpg HTTP/1.1" 200 121677 "-" "Mozilla/5.0 (compatible; BingIndexCrawler/1.0)"
14.243.21.216 - - [27/Feb/2026:08:04:59 -0500] "GET /tour/romantic-dubai-package-04-nights-05-days/ HTTP/1.1" 200 25290 "-" "Mozilla/5.0 (Windows NT 6.1; WOW64) AppleWebKit/537.36 (KHTML, like Gecko) Chrome/106.0.0.0 Safari/537.36"
85.214.228.221 - - [27/Feb/2026:08:05:10 -0500] "POST /wp-login.php HTTP/1.1" 200 2230 "-" "Mozilla/5.0 (Windows NT 10.0; WOW64; rv:142.0) Gecko/20100101 Firefox/142.0"
216.73.216.168 - - [27/Feb/2026:08:06:39 -0500] "GET /robots.txt HTTP/1.1" 200 6494 "-" "Mozilla/5.0 AppleWebKit/537.36 (KHTML, like Gecko; compatible; ClaudeBot/1.0; [email protected])"
114.119.136.69 - - [27/Feb/2026:08:01:20 -0500] "GET /tour/jubiliant-bali-package-04-nights-05-days/ HTTP/1.1" 200 25097 "https://www.escapetravelservices.com/" "Mozilla/5.0 (Linux; Android 7.0;) AppleWebKit/537.36 (KHTML, like Gecko) Mobile Safari/537.36 (compatible; PetalBot;+https://webmaster.petalsearch.com/site/petalbot)"
162.213.253.84 - - [27/Feb/2026:08:05:11 -0500] "POST /wp-cron.php?doing_wp_cron=1772197511.6995670795440673828125 HTTP/1.1" 200 0 "https://www.escapetravelservices.com/wp-cron.php?doing_wp_cron=1772197511.6995670795440673828125" "WordPress/6.0; https://www.escapetravelservices.com"
162.213.253.84 - - [27/Feb/2026:08:06:40 -0500] "POST /wp-cron.php?doing_wp_cron=1772197600.4419119358062744140625 HTTP/1.1" 200 0 "https://www.escapetravelservices.com/wp-cron.php?doing_wp_cron=1772197600.4419119358062744140625" "WordPress/6.0; https://www.escapetravelservices.com"
216.73.216.168 - - [27/Feb/2026:08:06:41 -0500] "GET /sitemap_index.xml HTTP/1.1" 200 326 "https://www.escapetravelservices.com/sitemap.xml" "Mozilla/5.0 AppleWebKit/537.36 (KHTML, like Gecko; compatible; ClaudeBot/1.0; [email protected])"
162.213.253.84 - - [27/Feb/2026:08:17:54 -0500] "POST /wp-cron.php?doing_wp_cron=1772198274.7599320411682128906250 HTTP/1.1" 200 0 "https://www.escapetravelservices.com/wp-cron.php?doing_wp_cron=1772198274.7599320411682128906250" "WordPress/6.0; https://www.escapetravelservices.com"
114.119.136.46 - - [27/Feb/2026:08:17:54 -0500] "GET /tourtag/world HTTP/1.1" 301 0 "-" "Mozilla/5.0 (Linux; Android 7.0;) AppleWebKit/537.36 (KHTML, like Gecko) Mobile Safari/537.36 (compatible; PetalBot;+https://webmaster.petalsearch.com/site/petalbot)"
188.72.40.165 - - [27/Feb/2026:08:19:16 -0500] "GET /tour/luxe-dubai-04-nights-05-days/ HTTP/1.1" 200 26155 "-" "Mozilla/5.0 (Windows NT 6.3; Win64; x64) AppleWebKit/537.36 (KHTML, like Gecko) Chrome/100.0.4896.127 Safari/537.36"
162.213.253.84 - - [27/Feb/2026:08:19:18 -0500] "POST /wp-cron.php?doing_wp_cron=1772198358.4741480350494384765625 HTTP/1.1" 200 0 "https://www.escapetravelservices.com/wp-cron.php?doing_wp_cron=1772198358.4741480350494384765625" "WordPress/6.0; https://www.escapetravelservices.com"
114.119.136.96 - - [27/Feb/2026:08:19:19 -0500] "GET /tourcat/rural/ HTTP/1.1" 200 21192 "https://www.escapetravelservices.com/tourcat/rural" "Mozilla/5.0 (Linux; Android 7.0;) AppleWebKit/537.36 (KHTML, like Gecko) Mobile Safari/537.36 (compatible; PetalBot;+https://webmaster.petalsearch.com/site/petalbot)"
159.26.105.61 - - [27/Feb/2026:08:21:09 -0500] "POST /wp-json/litespeed/v1/cdn_status HTTP/1.1" 403 1242 "-" "python-requests/2.32.3"
185.93.89.110 - - [27/Feb/2026:08:21:20 -0500] "GET /about-us//.git/HEAD HTTP/1.1" 403 1242 "-" "Go-http-client/1.1"
216.73.216.168 - - [27/Feb/2026:08:06:39 -0500] "GET /sitemap.xml HTTP/1.1" 301 0 "-" "Mozilla/5.0 AppleWebKit/537.36 (KHTML, like Gecko; compatible; ClaudeBot/1.0; [email protected])"
44.206.93.215 - - [27/Feb/2026:08:07:08 -0500] "GET /wp-json/oembed/1.0/embed?url=https://www.escapetravelservices.com/tour/magical-goa-03-nights-04-days/ HTTP/1.1" 200 2913 "-" "Mozilla/5.0 AppleWebKit/537.36 (KHTML, like Gecko; compatible; Amazonbot/0.1; +https://developer.amazon.com/support/amazonbot) Chrome/119.0.6045.214 Safari/537.36"
44.212.131.50 - - [27/Feb/2026:08:07:10 -0500] "GET /wp-json/oembed/1.0/embed?format=xml&url=https://www.escapetravelservices.com/tour/centara-ras-fushi-resort-spa-03-nights-04-days/ HTTP/1.1" 200 1460 "-" "Mozilla/5.0 AppleWebKit/537.36 (KHTML, like Gecko; compatible; Amazonbot/0.1; +https://developer.amazon.com/support/amazonbot) Chrome/119.0.6045.214 Safari/537.36"
114.119.136.46 - - [27/Feb/2026:08:17:56 -0500] "GET /tourtag/world/ HTTP/1.1" 200 21876 "-" "Mozilla/5.0 (Linux; Android 7.0;) AppleWebKit/537.36 (KHTML, like Gecko) Mobile Safari/537.36 (compatible; PetalBot;+https://webmaster.petalsearch.com/site/petalbot)"
114.119.136.96 - - [27/Feb/2026:08:19:17 -0500] "GET /tourcat/rural HTTP/1.1" 301 0 "https://www.escapetravelservices.com/tourcat/rural" "Mozilla/5.0 (Linux; Android 7.0;) AppleWebKit/537.36 (KHTML, like Gecko) Mobile Safari/537.36 (compatible; PetalBot;+https://webmaster.petalsearch.com/site/petalbot)"
74.7.241.134 - - [27/Feb/2026:08:35:38 -0500] "GET /robots.txt HTTP/1.1" 200 6494 "-" "Mozilla/5.0 (Macintosh; Intel Mac OS X 10_15_7) AppleWebKit/537.36 (KHTML, like Gecko) Chrome/131.0.0.0 Safari/537.36; compatible; OAI-SearchBot/1.3; robots.txt; +https://openai.com/searchbot"
44.195.201.244 - - [27/Feb/2026:08:37:33 -0500] "GET /robots.txt HTTP/1.1" 200 7131 "-" "Mozilla/5.0 (Macintosh; Intel Mac OS X 10_10_1) AppleWebKit/600.2.5 (KHTML, like Gecko) Version/8.0.2 Safari/600.2.5 (Gort)"
77.75.76.165 - - [27/Feb/2026:08:34:30 -0500] "GET /about-us/ HTTP/1.1" 200 29696 "-" "Mozilla/5.0 (compatible; SeznamBot/4.0; +https://o-seznam.cz/napoveda/vyhledavani/en/seznambot-crawler/)"
216.73.216.168 - - [27/Feb/2026:08:45:20 -0500] "GET /robots.txt HTTP/1.1" 301 0 "-" "Mozilla/5.0 AppleWebKit/537.36 (KHTML, like Gecko; compatible; ClaudeBot/1.0; [email protected])"
216.73.216.168 - - [27/Feb/2026:08:45:20 -0500] "GET /sitemap.xml HTTP/1.1" 301 0 "-" "Mozilla/5.0 AppleWebKit/537.36 (KHTML, like Gecko; compatible; ClaudeBot/1.0; [email protected])"
216.73.216.168 - - [27/Feb/2026:08:45:22 -0500] "GET /sitemap_index.xml HTTP/1.1" 200 326 "https://www.escapetravelservices.com/sitemap.xml" "Mozilla/5.0 AppleWebKit/537.36 (KHTML, like Gecko; compatible; ClaudeBot/1.0; [email protected])"
198.20.177.178 - - [27/Feb/2026:08:46:28 -0500] "POST /wp-login.php HTTP/1.1" 200 1983 "https://escapetravelservices.com/wp-login.php" "Mozilla/5.0 (Windows NT 6.1; Trident/7.0; rv:11.0) like Gecko"
216.73.216.168 - - [27/Feb/2026:08:45:20 -0500] "GET /robots.txt HTTP/1.1" 200 6494 "https://escapetravelservices.com/robots.txt" "Mozilla/5.0 AppleWebKit/537.36 (KHTML, like Gecko; compatible; ClaudeBot/1.0; [email protected])"
162.213.253.84 - - [27/Feb/2026:08:45:21 -0500] "POST /wp-cron.php?doing_wp_cron=1772199921.3887889385223388671875 HTTP/1.1" 200 0 "https://www.escapetravelservices.com/wp-cron.php?doing_wp_cron=1772199921.3887889385223388671875" "WordPress/6.0; https://www.escapetravelservices.com"
216.73.216.168 - - [27/Feb/2026:08:45:22 -0500] "GET /sitemap.xml HTTP/1.1" 301 0 "https://escapetravelservices.com/sitemap.xml" "Mozilla/5.0 AppleWebKit/537.36 (KHTML, like Gecko; compatible; ClaudeBot/1.0; [email protected])"
198.20.177.178 - - [27/Feb/2026:08:46:27 -0500] "GET /wp-login.php HTTP/1.1" 200 1908 "-" "Mozilla/5.0 (Windows NT 6.1; Trident/7.0; rv:11.0) like Gecko"
162.213.253.84 - - [27/Feb/2026:08:46:28 -0500] "POST /wp-cron.php?doing_wp_cron=1772199988.7050890922546386718750 HTTP/1.1" 200 0 "https://www.escapetravelservices.com/wp-cron.php?doing_wp_cron=1772199988.7050890922546386718750" "WordPress/6.0; https://www.escapetravelservices.com"
52.167.144.173 - - [27/Feb/2026:08:55:11 -0500] "GET /destination/goa/ HTTP/1.1" 200 20845 "-" "Mozilla/5.0 AppleWebKit/537.36 (KHTML, like Gecko; compatible; bingbot/2.0; +http://www.bing.com/bingbot.htm) Chrome/116.0.1938.76 Safari/537.36"
52.167.144.159 - - [27/Feb/2026:08:55:28 -0500] "GET /wp-includes/js/jquery/ui/core.min.js HTTP/1.1" 200 6637 "-" "Mozilla/5.0 AppleWebKit/537.36 (KHTML, like Gecko; compatible; bingbot/2.0; +http://www.bing.com/bingbot.htm) Chrome/116.0.1938.76 Safari/537.36"
40.77.167.156 - - [27/Feb/2026:08:56:12 -0500] "GET /wp-content/plugins/sliding-enquiry-form/css/sliding-enquiry.css HTTP/1.1" 200 1545 "-" "Mozilla/5.0 AppleWebKit/537.36 (KHTML, like Gecko; compatible; bingbot/2.0; +http://www.bing.com/bingbot.htm) Chrome/116.0.1938.76 Safari/537.36"
47.82.15.163 - - [27/Feb/2026:09:01:21 -0500] "GET /tour/classic-kerala-package-04-nights-05-days/ HTTP/1.1" 200 25892 "-" "Mozilla/5.0 (Windows NT 10.0; Win64; x64) AppleWebKit/537.36 (KHTML, like Gecko) Chrome/145.0.0.0 Safari/537.36"
74.125.218.41 - - [27/Feb/2026:09:01:48 -0500] "GET / HTTP/1.1" 200 28579 "-" "Mozilla/5.0 (compatible; Google-Site-Verification/1.0)"
162.213.253.84 - - [27/Feb/2026:09:06:52 -0500] "POST /wp-cron.php?doing_wp_cron=1772201212.5481750965118408203125 HTTP/1.1" 200 0 "https://www.escapetravelservices.com/wp-cron.php?doing_wp_cron=1772201212.5481750965118408203125" "WordPress/6.0; https://www.escapetravelservices.com"
93.123.109.214 - - [27/Feb/2026:09:06:50 -0500] "GET / HTTP/1.1" 301 0 "-" "Mozilla/5.0 (Windows NT 10.0; Win64; x64) AppleWebKit/537.36 (KHTML, like Gecko) Chrome/131.0.0.0 Safari/537.36"
114.119.155.126 - - [27/Feb/2026:08:56:46 -0500] "GET /tour/mauritius-04-nights-05-days HTTP/1.1" 301 0 "-" "Mozilla/5.0 (Linux; Android 7.0;) AppleWebKit/537.36 (KHTML, like Gecko) Mobile Safari/537.36 (compatible; PetalBot;+https://webmaster.petalsearch.com/site/petalbot)"
114.119.155.126 - - [27/Feb/2026:08:56:47 -0500] "GET /tour/mauritius-04-nights-05-days/ HTTP/1.1" 200 25814 "-" "Mozilla/5.0 (Linux; Android 7.0;) AppleWebKit/537.36 (KHTML, like Gecko) Mobile Safari/537.36 (compatible; PetalBot;+https://webmaster.petalsearch.com/site/petalbot)"
54.39.203.47 - - [27/Feb/2026:09:12:38 -0500] "GET /tour/amazing-uttrakhand-05-nights-06-days/ HTTP/1.1" 200 22190 "-" "Mozilla/5.0 (compatible; AhrefsBot/7.0; +http://ahrefs.com/robot/)"
66.249.77.41 - - [27/Feb/2026:09:18:47 -0500] "GET /robots.txt HTTP/1.1" 200 6494 "-" "Mozilla/5.0 (compatible; Googlebot/2.1; +http://www.google.com/bot.html)"
66.249.77.41 - - [27/Feb/2026:09:18:47 -0500] "GET / HTTP/1.1" 200 28579 "-" "Mozilla/5.0 (compatible; Googlebot/2.1; +http://www.google.com/bot.html)"
66.249.77.42 - - [27/Feb/2026:09:18:49 -0500] "GET /wp-content/plugins/booked/assets/js/tooltipster/css/tooltipster.css HTTP/1.1" 200 1505 "https://www.escapetravelservices.com/" "Mozilla/5.0 (compatible; Googlebot/2.1; +http://www.google.com/bot.html)"
66.249.77.41 - - [27/Feb/2026:09:18:50 -0500] "GET /wp-content/plugins/revslider/public/assets/css/rs6.css HTTP/1.1" 200 12132 "https://www.escapetravelservices.com/" "Mozilla/5.0 (compatible; Googlebot/2.1; +http://www.google.com/bot.html)"
66.249.77.41 - - [27/Feb/2026:09:18:51 -0500] "GET /wp-content/plugins/sliding-enquiry-form/js/modernizr.custom.js HTTP/1.1" 200 3490 "https://www.escapetravelservices.com/" "Mozilla/5.0 (compatible; Googlebot/2.1; +http://www.google.com/bot.html)"
66.249.77.41 - - [27/Feb/2026:09:18:52 -0500] "GET /wp-content/plugins/revslider/public/assets/js/rs6.min.js HTTP/1.1" 200 81702 "https://www.escapetravelservices.com/" "Mozilla/5.0 (compatible; Googlebot/2.1; +http://www.google.com/bot.html)"
66.249.77.40 - - [27/Feb/2026:09:18:55 -0500] "GET /wp-content/themes/escapetour/js/custom_plugins.js HTTP/1.1" 200 1632 "https://www.escapetravelservices.com/" "Mozilla/5.0 (compatible; Googlebot/2.1; +http://www.google.com/bot.html)"
162.213.253.84 - - [27/Feb/2026:09:24:54 -0500] "POST /wp-cron.php?doing_wp_cron=1772202294.5320498943328857421875 HTTP/1.1" 200 0 "https://www.escapetravelservices.com/wp-cron.php?doing_wp_cron=1772202294.5320498943328857421875" "WordPress/6.0; https://www.escapetravelservices.com"
164.132.49.123 - - [27/Feb/2026:09:24:53 -0500] "POST /wp-login.php HTTP/1.1" 200 2230 "-" "Mozilla/5.0 (Windows NT 10.0; Win64; x64) AppleWebKit/537.36 (KHTML, like Gecko) Chrome/140.0.0.0 Safari/537.36"
162.213.253.84 - - [27/Feb/2026:09:28:19 -0500] "POST /wp-cron.php?doing_wp_cron=1772202498.9901280403137207031250 HTTP/1.1" 200 0 "https://www.escapetravelservices.com/wp-cron.php?doing_wp_cron=1772202498.9901280403137207031250" "WordPress/6.0; https://www.escapetravelservices.com"
54.167.32.123 - - [27/Feb/2026:09:28:18 -0500] "GET /wp-json/oembed/1.0/embed?format=xml&url=https://www.escapetravelservices.com/tour/romantic-singapore-with-cruise-package-07-nights-08-days/ HTTP/1.1" 200 1461 "-" "Mozilla/5.0 AppleWebKit/537.36 (KHTML, like Gecko; compatible; Amazonbot/0.1; +https://developer.amazon.com/support/amazonbot) Chrome/119.0.6045.214 Safari/537.36"
198.71.60.118 - - [27/Feb/2026:09:29:40 -0500] "POST /wp-login.php HTTP/1.1" 200 1983 "https://escapetravelservices.com/wp-login.php" "Mozilla/5.0 (Windows NT 6.1; WOW64; Trident/7.0; EIE10;ENCAMSN; rv:11.0) like Gecko"
66.249.77.41 - - [27/Feb/2026:09:18:50 -0500] "GET /wp-content/plugins/booked/assets/js/tooltipster/css/themes/tooltipster-light.css HTTP/1.1" 200 165 "https://www.escapetravelservices.com/" "Mozilla/5.0 (compatible; Googlebot/2.1; +http://www.google.com/bot.html)"
66.249.77.40 - - [27/Feb/2026:09:18:51 -0500] "GET /wp-content/plugins/whatsapp-for-wordpress/assets/js/main.js HTTP/1.1" 200 1350 "https://www.escapetravelservices.com/" "Mozilla/5.0 (compatible; Googlebot/2.1; +http://www.google.com/bot.html)"
66.249.77.40 - - [27/Feb/2026:09:18:52 -0500] "GET /wp-content/plugins/whatsapp-for-wordpress/assets/css/style.css HTTP/1.1" 200 3442 "https://www.escapetravelservices.com/" "Mozilla/5.0 (compatible; Googlebot/2.1; +http://www.google.com/bot.html)"
66.249.77.40 - - [27/Feb/2026:09:18:53 -0500] "GET /wp-content/uploads/trustindex-google-widget.css HTTP/1.1" 200 2954 "https://www.escapetravelservices.com/" "Mozilla/5.0 (compatible; Googlebot/2.1; +http://www.google.com/bot.html)"
66.249.77.40 - - [27/Feb/2026:09:18:53 -0500] "GET /wp-content/themes/escapetour/js/jquery.requestAnimationFrame.js HTTP/1.1" 200 574 "https://www.escapetravelservices.com/" "Mozilla/5.0 (compatible; Googlebot/2.1; +http://www.google.com/bot.html)"
66.249.77.41 - - [27/Feb/2026:09:18:54 -0500] "GET /wp-content/themes/escapetour/js/jquery.sticky-kit.min.js HTTP/1.1" 200 1194 "https://www.escapetravelservices.com/" "Mozilla/5.0 (compatible; Googlebot/2.1; +http://www.google.com/bot.html)"
66.249.77.41 - - [27/Feb/2026:09:18:54 -0500] "GET /wp-content/themes/escapetour/js/jquery.isotope.js HTTP/1.1" 200 4859 "https://www.escapetravelservices.com/" "Mozilla/5.0 (compatible; Googlebot/2.1; +http://www.google.com/bot.html)"
66.249.77.41 - - [27/Feb/2026:09:18:55 -0500] "GET /wp-content/themes/escapetour/js/ilightbox.packed.js HTTP/1.1" 200 23852 "https://www.escapetravelservices.com/" "Mozilla/5.0 (compatible; Googlebot/2.1; +http://www.google.com/bot.html)"
204.76.203.25 - - [27/Feb/2026:09:28:22 -0500] "GET /wp-content/plugins/whatsapp-for-wordpress/assets/js/main.js HTTP/1.1" 200 4834 "-" "Mozilla/5.0 (Windows NT 10.0; Win64; x64) AppleWebKit/537.36 (KHTML, like Gecko) Chrome/134.0.0.0 Safari/537.3"
198.71.60.118 - - [27/Feb/2026:09:29:40 -0500] "GET /wp-login.php HTTP/1.1" 200 1908 "-" "Mozilla/5.0 (Windows NT 6.1; WOW64; Trident/7.0; EIE10;ENCAMSN; rv:11.0) like Gecko"
162.213.253.84 - - [27/Feb/2026:09:29:40 -0500] "POST /wp-cron.php?doing_wp_cron=1772202580.8956060409545898437500 HTTP/1.1" 200 0 "https://www.escapetravelservices.com/wp-cron.php?doing_wp_cron=1772202580.8956060409545898437500" "WordPress/6.0; https://www.escapetravelservices.com"
23.81.70.98 - - [27/Feb/2026:09:30:46 -0500] "GET / HTTP/1.1" 200 28579 "-" "Mozilla/5.0 (Windows NT 10.0; Win64; x64) AppleWebKit/537.36 (KHTML, like Gecko) Chrome/145.0.0.0 Safari/537.36"
162.213.253.84 - - [27/Feb/2026:09:30:47 -0500] "POST /wp-cron.php?doing_wp_cron=1772202647.7208609580993652343750 HTTP/1.1" 200 0 "https://www.escapetravelservices.com/wp-cron.php?doing_wp_cron=1772202647.7208609580993652343750" "WordPress/6.0; https://www.escapetravelservices.com"
172.241.153.237 - - [27/Feb/2026:09:30:53 -0500] "GET /blog/ HTTP/1.1" 200 29489 "-" "\"Mozilla/5.0 (Windows NT 10.0; Win64; x64) AppleWebKit/537.36 (KHTML, like Gecko) Chrome/144.0.0.0 Safari/537.36\""
172.241.153.237 - - [27/Feb/2026:09:30:53 -0500] "GET /about-us/ HTTP/1.1" 200 29696 "-" "\"Mozilla/5.0 (Windows NT 10.0; Win64; x64) AppleWebKit/537.36 (KHTML, like Gecko) Chrome/144.0.0.0 Safari/537.36\""
172.241.153.237 - - [27/Feb/2026:09:30:53 -0500] "GET /terms-conditions-with-cancellation-policy/ HTTP/1.1" 200 33604 "-" "\"Mozilla/5.0 (Windows NT 10.0; Win64; x64) AppleWebKit/537.36 (KHTML, like Gecko) Chrome/144.0.0.0 Safari/537.36\""
172.241.153.237 - - [27/Feb/2026:09:30:53 -0500] "GET /wp-content/plugins/revslider/public/assets/js/rs6.min.js HTTP/1.1" 200 100200 "-" "\"Mozilla/5.0 (Windows NT 10.0; Win64; x64) AppleWebKit/537.36 (KHTML, like Gecko) Chrome/144.0.0.0 Safari/537.36\""
172.241.153.237 - - [27/Feb/2026:09:30:53 -0500] "GET /terms-conditions-with-cancellation-policy HTTP/1.1" 301 0 "-" "\"Mozilla/5.0 (Windows NT 10.0; Win64; x64) AppleWebKit/537.36 (KHTML, like Gecko) Chrome/144.0.0.0 Safari/537.36\""
172.241.153.237 - - [27/Feb/2026:09:30:53 -0500] "GET /blog HTTP/1.1" 301 0 "-" "\"Mozilla/5.0 (Windows NT 10.0; Win64; x64) AppleWebKit/537.36 (KHTML, like Gecko) Chrome/144.0.0.0 Safari/537.36\""
162.213.253.84 - - [27/Feb/2026:09:38:00 -0500] "POST /wp-cron.php?doing_wp_cron=1772203080.3567800521850585937500 HTTP/1.1" 200 0 "https://www.escapetravelservices.com/wp-cron.php?doing_wp_cron=1772203080.3567800521850585937500" "WordPress/6.0; https://www.escapetravelservices.com"
114.119.136.44 - - [27/Feb/2026:09:37:59 -0500] "GET /tours/page/6/ HTTP/1.1" 200 30090 "https://www.escapetravelservices.com/tours/page/2/" "Mozilla/5.0 (Linux; Android 7.0;) AppleWebKit/537.36 (KHTML, like Gecko) Mobile Safari/537.36 (compatible; PetalBot;+https://webmaster.petalsearch.com/site/petalbot)"
162.213.253.84 - - [27/Feb/2026:09:39:24 -0500] "POST /wp-cron.php?doing_wp_cron=1772203164.2523028850555419921875 HTTP/1.1" 200 0 "https://www.escapetravelservices.com/wp-cron.php?doing_wp_cron=1772203164.2523028850555419921875" "WordPress/6.0; https://www.escapetravelservices.com"
114.119.136.46 - - [27/Feb/2026:09:39:23 -0500] "GET /tours/page/5/ HTTP/1.1" 200 30543 "https://www.escapetravelservices.com/tours/page/6" "Mozilla/5.0 (Linux; Android 7.0;) AppleWebKit/537.36 (KHTML, like Gecko) Mobile Safari/537.36 (compatible; PetalBot;+https://webmaster.petalsearch.com/site/petalbot)"
52.6.5.24 - - [27/Feb/2026:09:43:08 -0500] "GET /tour/stunning-phuket-03-nights-04-days/ HTTP/1.1" 200 25145 "-" "Mozilla/5.0 AppleWebKit/537.36 (KHTML, like Gecko; compatible; Amazonbot/0.1; +https://developer.amazon.com/support/amazonbot) Chrome/119.0.6045.214 Safari/537.36"
52.71.216.196 - - [27/Feb/2026:09:43:10 -0500] "GET /tour/romantic-bali-05-nights-06-days/ HTTP/1.1" 200 26453 "-" "Mozilla/5.0 AppleWebKit/537.36 (KHTML, like Gecko; compatible; Amazonbot/0.1; +https://developer.amazon.com/support/amazonbot) Chrome/119.0.6045.214 Safari/537.36"
54.221.203.24 - - [27/Feb/2026:09:43:18 -0500] "GET /tour/romantic-sri-lanka/ HTTP/1.1" 200 27050 "-" "Mozilla/5.0 AppleWebKit/537.36 (KHTML, like Gecko; compatible; Amazonbot/0.1; +https://developer.amazon.com/support/amazonbot) Chrome/119.0.6045.214 Safari/537.36"
3.94.156.104 - - [27/Feb/2026:09:43:25 -0500] "GET /contact-us/ HTTP/1.1" 200 29053 "-" "Mozilla/5.0 AppleWebKit/537.36 (KHTML, like Gecko; compatible; Amazonbot/0.1; +https://developer.amazon.com/support/amazonbot) Chrome/119.0.6045.214 Safari/537.36"
23.81.70.98 - - [27/Feb/2026:09:30:47 -0500] "GET /magento_version HTTP/1.1" 404 23422 "-" "Mozilla/5.0 (Windows NT 10.0; Win64; x64) AppleWebKit/537.36 (KHTML, like Gecko) Chrome/145.0.0.0 Safari/537.36"
23.81.70.98 - - [27/Feb/2026:09:30:50 -0500] "GET /RELEASE_NOTES.txt HTTP/1.1" 404 23422 "-" "Mozilla/5.0 (Windows NT 10.0; Win64; x64) AppleWebKit/537.36 (KHTML, like Gecko) Chrome/145.0.0.0 Safari/537.36"
172.241.153.237 - - [27/Feb/2026:09:30:53 -0500] "GET /wp-content/plugins/whatsapp-for-wordpress/assets/js/main.js HTTP/1.1" 200 1644 "-" "\"Mozilla/5.0 (Windows NT 10.0; Win64; x64) AppleWebKit/537.36 (KHTML, like Gecko) Chrome/144.0.0.0 Safari/537.36\""
172.241.153.237 - - [27/Feb/2026:09:30:53 -0500] "GET /wp-content/plugins/sliding-enquiry-form/js/validation.js HTTP/1.1" 200 764 "-" "\"Mozilla/5.0 (Windows NT 10.0; Win64; x64) AppleWebKit/537.36 (KHTML, like Gecko) Chrome/144.0.0.0 Safari/537.36\""
172.241.153.237 - - [27/Feb/2026:09:30:54 -0500] "GET /terms-conditions-with-cancellation-policy/ HTTP/1.1" 200 33604 "https://www.escapetravelservices.com/terms-conditions-with-cancellation-policy" "\"Mozilla/5.0 (Windows NT 10.0; Win64; x64) AppleWebKit/537.36 (KHTML, like Gecko) Chrome/144.0.0.0 Safari/537.36\""
172.241.153.237 - - [27/Feb/2026:09:30:53 -0500] "GET /about-us HTTP/1.1" 301 0 "-" "\"Mozilla/5.0 (Windows NT 10.0; Win64; x64) AppleWebKit/537.36 (KHTML, like Gecko) Chrome/144.0.0.0 Safari/537.36\""
172.241.153.237 - - [27/Feb/2026:09:30:54 -0500] "GET /blog/ HTTP/1.1" 200 29489 "https://www.escapetravelservices.com/blog" "\"Mozilla/5.0 (Windows NT 10.0; Win64; x64) AppleWebKit/537.36 (KHTML, like Gecko) Chrome/144.0.0.0 Safari/537.36\""
172.241.153.237 - - [27/Feb/2026:09:30:54 -0500] "GET /about-us/ HTTP/1.1" 200 29696 "https://www.escapetravelservices.com/about-us" "\"Mozilla/5.0 (Windows NT 10.0; Win64; x64) AppleWebKit/537.36 (KHTML, like Gecko) Chrome/144.0.0.0 Safari/537.36\""
107.20.181.148 - - [27/Feb/2026:09:43:26 -0500] "GET /testimonials/christina-hardy/ HTTP/1.1" 200 22806 "-" "Mozilla/5.0 AppleWebKit/537.36 (KHTML, like Gecko; compatible; Amazonbot/0.1; +https://developer.amazon.com/support/amazonbot) Chrome/119.0.6045.214 Safari/537.36"
205.185.122.27 - - [27/Feb/2026:09:52:09 -0500] "GET /wp-login.php HTTP/1.1" 200 6955 "-" "Mozilla/5.0 (iPhone; CPU iPhone OS 16_0 like Mac OS X)"
162.213.253.84 - - [27/Feb/2026:09:52:09 -0500] "POST /wp-cron.php?doing_wp_cron=1772203929.8320519924163818359375 HTTP/1.1" 200 0 "https://www.escapetravelservices.com/wp-cron.php?doing_wp_cron=1772203929.8320519924163818359375" "WordPress/6.0; https://www.escapetravelservices.com"
205.185.122.27 - - [27/Feb/2026:09:52:09 -0500] "POST /wp-login.php HTTP/1.1" 200 7149 "-" "Mozilla/5.0 (iPhone; CPU iPhone OS 16_0 like Mac OS X)"
23.229.6.242 - - [27/Feb/2026:10:08:10 -0500] "GET /wp-login.php HTTP/1.1" 200 1908 "-" "Mozilla/5.0 (Macintosh; Intel Mac OS X 10_13_1) AppleWebKit/604.3.1 (KHTML, like Gecko) Version/11.0.1 Safari/604.3.1"
162.213.253.84 - - [27/Feb/2026:10:08:10 -0500] "POST /wp-cron.php?doing_wp_cron=1772204890.9240698814392089843750 HTTP/1.1" 200 0 "https://www.escapetravelservices.com/wp-cron.php?doing_wp_cron=1772204890.9240698814392089843750" "WordPress/6.0; https://www.escapetravelservices.com"
205.185.123.235 - - [27/Feb/2026:10:06:37 -0500] "GET /wp-login.php HTTP/1.1" 200 6955 "-" "Mozilla/5.0 (Windows NT 6.2; WOW64; rv:31.0) Gecko/20100101 Firefox/31.0"
162.213.253.84 - - [27/Feb/2026:10:06:38 -0500] "POST /wp-cron.php?doing_wp_cron=1772204798.0639970302581787109375 HTTP/1.1" 200 0 "https://www.escapetravelservices.com/wp-cron.php?doing_wp_cron=1772204798.0639970302581787109375" "WordPress/6.0; https://www.escapetravelservices.com"
205.185.123.235 - - [27/Feb/2026:10:06:37 -0500] "POST /wp-login.php HTTP/1.1" 200 7149 "-" "Mozilla/5.0 (Windows NT 6.2; WOW64; rv:31.0) Gecko/20100101 Firefox/31.0"
23.229.6.242 - - [27/Feb/2026:10:08:10 -0500] "POST /wp-login.php HTTP/1.1" 200 1983 "https://escapetravelservices.com/wp-login.php" "Mozilla/5.0 (Macintosh; Intel Mac OS X 10_13_1) AppleWebKit/604.3.1 (KHTML, like Gecko) Version/11.0.1 Safari/604.3.1"
114.119.137.31 - - [27/Feb/2026:10:41:15 -0500] "GET /tour/magical-malaysia HTTP/1.1" 301 0 "https://www.escapetravelservices.com/tours/page/6" "Mozilla/5.0 (Linux; Android 7.0;) AppleWebKit/537.36 (KHTML, like Gecko) Mobile Safari/537.36 (compatible; PetalBot;+https://webmaster.petalsearch.com/site/petalbot)"
114.119.137.31 - - [27/Feb/2026:10:41:17 -0500] "GET /tour/magical-malaysia/ HTTP/1.1" 200 25927 "https://www.escapetravelservices.com/tours/page/6" "Mozilla/5.0 (Linux; Android 7.0;) AppleWebKit/537.36 (KHTML, like Gecko) Mobile Safari/537.36 (compatible; PetalBot;+https://webmaster.petalsearch.com/site/petalbot)"
162.213.253.84 - - [27/Feb/2026:10:41:15 -0500] "POST /wp-cron.php?doing_wp_cron=1772206875.9692640304565429687500 HTTP/1.1" 200 0 "https://www.escapetravelservices.com/wp-cron.php?doing_wp_cron=1772206875.9692640304565429687500" "WordPress/6.0; https://www.escapetravelservices.com"
110.249.202.17 - - [27/Feb/2026:10:52:11 -0500] "GET /robots.txt HTTP/1.1" 200 7131 "-" "Mozilla/5.0 (Linux; Android 5.0) AppleWebKit/537.36 (KHTML, like Gecko) Mobile Safari/537.36 (compatible; Bytespider; https://zhanzhang.toutiao.com/)"