42.56.86.143 - - [27/Feb/2026:08:29:10 -0500] "GET /wp-content/themes/digiqole/assets/css/blog.css?ver=1.4.6 HTTP/1.1" 200 4154 "https://www.thedubaitoday.com/noticeable-increase-in-japans-imports-of-uae-crude-oil-in-march/" "Mozilla/5.0 (Windows NT 10.0; Win64; x64) AppleWebKit/537.36 (KHTML, like Gecko) Chrome/139.0.0.0 Safari/537.36"
42.56.86.143 - - [27/Feb/2026:08:29:10 -0500] "GET /wp-content/plugins/elementskit-lite/widgets/init/assets/css/widget-styles.css?ver=2.0.9.1 HTTP/1.1" 200 46062 "https://www.thedubaitoday.com/noticeable-increase-in-japans-imports-of-uae-crude-oil-in-march/" "Mozilla/5.0 (Windows NT 10.0; Win64; x64) AppleWebKit/537.36 (KHTML, like Gecko) Chrome/139.0.0.0 Safari/537.36"
42.56.86.143 - - [27/Feb/2026:08:29:10 -0500] "GET /wp-content/plugins/wp-ultimate-review/assets/public/script/content-page.js?ver=5.5.16 HTTP/1.1" 200 948 "https://www.thedubaitoday.com/noticeable-increase-in-japans-imports-of-uae-crude-oil-in-march/" "Mozilla/5.0 (Windows NT 10.0; Win64; x64) AppleWebKit/537.36 (KHTML, like Gecko) Chrome/139.0.0.0 Safari/537.36"
42.56.86.143 - - [27/Feb/2026:08:29:12 -0500] "GET /wp-content/plugins/elementor/assets/lib/eicons/css/elementor-icons.min.css?ver=5.9.1 HTTP/1.1" 200 3186 "https://www.thedubaitoday.com/noticeable-increase-in-japans-imports-of-uae-crude-oil-in-march/" "Mozilla/5.0 (Windows NT 10.0; Win64; x64) AppleWebKit/537.36 (KHTML, like Gecko) Chrome/139.0.0.0 Safari/537.36"
42.56.86.143 - - [27/Feb/2026:08:29:13 -0500] "GET /wp-content/uploads/elementor/css/global.css?ver=1605806951 HTTP/1.1" 200 3379 "https://www.thedubaitoday.com/noticeable-increase-in-japans-imports-of-uae-crude-oil-in-march/" "Mozilla/5.0 (Windows NT 10.0; Win64; x64) AppleWebKit/537.36 (KHTML, like Gecko) Chrome/139.0.0.0 Safari/537.36"
42.56.86.143 - - [27/Feb/2026:08:29:13 -0500] "GET /wp-content/plugins/contact-form-7/includes/js/scripts.js?ver=5.3 HTTP/1.1" 200 3700 "https://www.thedubaitoday.com/noticeable-increase-in-japans-imports-of-uae-crude-oil-in-march/" "Mozilla/5.0 (Windows NT 10.0; Win64; x64) AppleWebKit/537.36 (KHTML, like Gecko) Chrome/139.0.0.0 Safari/537.36"
42.56.86.143 - - [27/Feb/2026:08:29:13 -0500] "GET /wp-content/plugins/elementskit-lite/libs/framework/assets/js/frontend-script.js?ver=2.0.9.1 HTTP/1.1" 200 81 "https://www.thedubaitoday.com/noticeable-increase-in-japans-imports-of-uae-crude-oil-in-march/" "Mozilla/5.0 (Windows NT 10.0; Win64; x64) AppleWebKit/537.36 (KHTML, like Gecko) Chrome/139.0.0.0 Safari/537.36"
42.56.86.143 - - [27/Feb/2026:08:29:13 -0500] "GET /wp-content/themes/digiqole/assets/js/popper.min.js?ver=1.4.6 HTTP/1.1" 200 6660 "https://www.thedubaitoday.com/noticeable-increase-in-japans-imports-of-uae-crude-oil-in-march/" "Mozilla/5.0 (Windows NT 10.0; Win64; x64) AppleWebKit/537.36 (KHTML, like Gecko) Chrome/139.0.0.0 Safari/537.36"
42.56.86.143 - - [27/Feb/2026:08:29:13 -0500] "GET /wp-content/themes/digiqole/assets/js/jquery.magnific-popup.min.js?ver=1.4.6 HTTP/1.1" 200 7043 "https://www.thedubaitoday.com/noticeable-increase-in-japans-imports-of-uae-crude-oil-in-march/" "Mozilla/5.0 (Windows NT 10.0; Win64; x64) AppleWebKit/537.36 (KHTML, like Gecko) Chrome/139.0.0.0 Safari/537.36"
42.56.86.143 - - [27/Feb/2026:08:29:13 -0500] "GET /wp-content/themes/digiqole/assets/js/owl.carousel.min.js?ver=1.4.6 HTTP/1.1" 200 10649 "https://www.thedubaitoday.com/noticeable-increase-in-japans-imports-of-uae-crude-oil-in-march/" "Mozilla/5.0 (Windows NT 10.0; Win64; x64) AppleWebKit/537.36 (KHTML, like Gecko) Chrome/139.0.0.0 Safari/537.36"
42.56.86.143 - - [27/Feb/2026:08:29:13 -0500] "GET /wp-content/themes/digiqole/assets/js/jquery.mCustomScrollbar.concat.min.js?ver=1.4.6 HTTP/1.1" 200 12101 "https://www.thedubaitoday.com/noticeable-increase-in-japans-imports-of-uae-crude-oil-in-march/" "Mozilla/5.0 (Windows NT 10.0; Win64; x64) AppleWebKit/537.36 (KHTML, like Gecko) Chrome/139.0.0.0 Safari/537.36"
42.56.86.143 - - [27/Feb/2026:08:29:14 -0500] "GET /wp-content/plugins/elementor/assets/js/frontend-modules.min.js?ver=3.0.13 HTTP/1.1" 200 17557 "https://www.thedubaitoday.com/noticeable-increase-in-japans-imports-of-uae-crude-oil-in-march/" "Mozilla/5.0 (Windows NT 10.0; Win64; x64) AppleWebKit/537.36 (KHTML, like Gecko) Chrome/139.0.0.0 Safari/537.36"
42.56.86.143 - - [27/Feb/2026:08:29:14 -0500] "GET /wp-content/plugins/elementskit-lite/widgets/init/assets/js/goodshare.min.js?ver=5.5.16 HTTP/1.1" 200 3761 "https://www.thedubaitoday.com/noticeable-increase-in-japans-imports-of-uae-crude-oil-in-march/" "Mozilla/5.0 (Windows NT 10.0; Win64; x64) AppleWebKit/537.36 (KHTML, like Gecko) Chrome/139.0.0.0 Safari/537.36"
42.56.86.143 - - [27/Feb/2026:08:29:14 -0500] "GET /wp-includes/js/jquery/ui/position.min.js?ver=1.11.4 HTTP/1.1" 200 2302 "https://www.thedubaitoday.com/noticeable-increase-in-japans-imports-of-uae-crude-oil-in-march/" "Mozilla/5.0 (Windows NT 10.0; Win64; x64) AppleWebKit/537.36 (KHTML, like Gecko) Chrome/139.0.0.0 Safari/537.36"
42.56.86.143 - - [27/Feb/2026:08:29:14 -0500] "GET /wp-content/plugins/elementor/assets/lib/dialog/dialog.min.js?ver=4.8.1 HTTP/1.1" 200 3331 "https://www.thedubaitoday.com/noticeable-increase-in-japans-imports-of-uae-crude-oil-in-march/" "Mozilla/5.0 (Windows NT 10.0; Win64; x64) AppleWebKit/537.36 (KHTML, like Gecko) Chrome/139.0.0.0 Safari/537.36"
42.56.86.143 - - [27/Feb/2026:08:29:15 -0500] "GET /wp-content/plugins/elementor/assets/lib/swiper/swiper.min.js?ver=5.3.6 HTTP/1.1" 200 34004 "https://www.thedubaitoday.com/noticeable-increase-in-japans-imports-of-uae-crude-oil-in-march/" "Mozilla/5.0 (Windows NT 10.0; Win64; x64) AppleWebKit/537.36 (KHTML, like Gecko) Chrome/139.0.0.0 Safari/537.36"
42.56.86.143 - - [27/Feb/2026:08:29:15 -0500] "GET /wp-content/plugins/elementor/assets/lib/waypoints/waypoints.min.js?ver=4.0.2 HTTP/1.1" 200 2867 "https://www.thedubaitoday.com/noticeable-increase-in-japans-imports-of-uae-crude-oil-in-march/" "Mozilla/5.0 (Windows NT 10.0; Win64; x64) AppleWebKit/537.36 (KHTML, like Gecko) Chrome/139.0.0.0 Safari/537.36"
42.56.86.143 - - [27/Feb/2026:08:29:15 -0500] "GET /wp-content/plugins/elementor/assets/js/frontend.min.js?ver=3.0.13 HTTP/1.1" 200 30846 "https://www.thedubaitoday.com/noticeable-increase-in-japans-imports-of-uae-crude-oil-in-march/" "Mozilla/5.0 (Windows NT 10.0; Win64; x64) AppleWebKit/537.36 (KHTML, like Gecko) Chrome/139.0.0.0 Safari/537.36"
42.56.86.143 - - [27/Feb/2026:08:29:15 -0500] "GET /wp-includes/js/wp-emoji-release.min.js?ver=5.5.16 HTTP/1.1" 200 4316 "https://www.thedubaitoday.com/noticeable-increase-in-japans-imports-of-uae-crude-oil-in-march/" "Mozilla/5.0 (Windows NT 10.0; Win64; x64) AppleWebKit/537.36 (KHTML, like Gecko) Chrome/139.0.0.0 Safari/537.36"
42.56.86.143 - - [27/Feb/2026:08:29:16 -0500] "GET /wp-content/plugins/elementskit-lite/modules/controls/assets/fonts/elementskit.woff?y24e1e HTTP/1.1" 200 442864 "https://www.thedubaitoday.com/wp-content/plugins/elementskit-lite/modules/controls/assets/css/ekiticons.css?ver=5.9.0" "Mozilla/5.0 (Windows NT 10.0; Win64; x64) AppleWebKit/537.36 (KHTML, like Gecko) Chrome/139.0.0.0 Safari/537.36"
42.56.86.143 - - [27/Feb/2026:08:29:13 -0500] "GET /wp-content/themes/digiqole/assets/js/raphael.min.js?ver=1.4.6 HTTP/1.1" 200 31063 "https://www.thedubaitoday.com/noticeable-increase-in-japans-imports-of-uae-crude-oil-in-march/" "Mozilla/5.0 (Windows NT 10.0; Win64; x64) AppleWebKit/537.36 (KHTML, like Gecko) Chrome/139.0.0.0 Safari/537.36"
42.56.86.143 - - [27/Feb/2026:08:29:14 -0500] "GET /wp-content/themes/digiqole/assets/js/jquery.easypiechart.min.js?ver=1.4.6 HTTP/1.1" 200 1586 "https://www.thedubaitoday.com/noticeable-increase-in-japans-imports-of-uae-crude-oil-in-march/" "Mozilla/5.0 (Windows NT 10.0; Win64; x64) AppleWebKit/537.36 (KHTML, like Gecko) Chrome/139.0.0.0 Safari/537.36"
42.56.86.143 - - [27/Feb/2026:08:29:14 -0500] "GET /wp-content/themes/digiqole/assets/js/script.js?ver=1.4.6 HTTP/1.1" 200 3692 "https://www.thedubaitoday.com/noticeable-increase-in-japans-imports-of-uae-crude-oil-in-march/" "Mozilla/5.0 (Windows NT 10.0; Win64; x64) AppleWebKit/537.36 (KHTML, like Gecko) Chrome/139.0.0.0 Safari/537.36"
42.56.86.143 - - [27/Feb/2026:08:29:14 -0500] "GET /wp-includes/js/wp-embed.min.js?ver=5.5.16 HTTP/1.1" 200 702 "https://www.thedubaitoday.com/noticeable-increase-in-japans-imports-of-uae-crude-oil-in-march/" "Mozilla/5.0 (Windows NT 10.0; Win64; x64) AppleWebKit/537.36 (KHTML, like Gecko) Chrome/139.0.0.0 Safari/537.36"
42.56.86.143 - - [27/Feb/2026:08:29:15 -0500] "GET /wp-content/plugins/elementor/assets/lib/share-link/share-link.min.js?ver=3.0.13 HTTP/1.1" 200 1023 "https://www.thedubaitoday.com/noticeable-increase-in-japans-imports-of-uae-crude-oil-in-march/" "Mozilla/5.0 (Windows NT 10.0; Win64; x64) AppleWebKit/537.36 (KHTML, like Gecko) Chrome/139.0.0.0 Safari/537.36"
42.56.86.143 - - [27/Feb/2026:08:29:15 -0500] "GET /wp-content/themes/digiqole/assets/js/elementor.js?ver=1.4.6 HTTP/1.1" 200 2479 "https://www.thedubaitoday.com/noticeable-increase-in-japans-imports-of-uae-crude-oil-in-march/" "Mozilla/5.0 (Windows NT 10.0; Win64; x64) AppleWebKit/537.36 (KHTML, like Gecko) Chrome/139.0.0.0 Safari/537.36"
42.56.86.143 - - [27/Feb/2026:08:29:15 -0500] "GET /wp-content/plugins/elementskit-lite/widgets/init/assets/js/elementor.js?ver=2.0.9.1 HTTP/1.1" 200 8174 "https://www.thedubaitoday.com/noticeable-increase-in-japans-imports-of-uae-crude-oil-in-march/" "Mozilla/5.0 (Windows NT 10.0; Win64; x64) AppleWebKit/537.36 (KHTML, like Gecko) Chrome/139.0.0.0 Safari/537.36"
42.56.86.143 - - [27/Feb/2026:08:29:15 -0500] "GET /wp-content/plugins/elementskit-lite/modules/controls/assets/js/widgetarea-editor.js?ver=2.0.9.1 HTTP/1.1" 200 472 "https://www.thedubaitoday.com/noticeable-increase-in-japans-imports-of-uae-crude-oil-in-march/" "Mozilla/5.0 (Windows NT 10.0; Win64; x64) AppleWebKit/537.36 (KHTML, like Gecko) Chrome/139.0.0.0 Safari/537.36"
42.56.86.143 - - [27/Feb/2026:08:29:15 -0500] "GET /wp-content/plugins/elementor/assets/lib/font-awesome/webfonts/fa-solid-900.woff2 HTTP/1.1" 200 76084 "https://www.thedubaitoday.com/wp-content/plugins/elementor/assets/lib/font-awesome/css/solid.min.css?ver=5.12.0" "Mozilla/5.0 (Windows NT 10.0; Win64; x64) AppleWebKit/537.36 (KHTML, like Gecko) Chrome/139.0.0.0 Safari/537.36"
42.56.86.143 - - [27/Feb/2026:08:29:15 -0500] "GET /wp-content/themes/digiqole/assets/css/print.css?ver=1.4.6 HTTP/1.1" 200 919 "https://www.thedubaitoday.com/noticeable-increase-in-japans-imports-of-uae-crude-oil-in-march/" "Mozilla/5.0 (Windows NT 10.0; Win64; x64) AppleWebKit/537.36 (KHTML, like Gecko) Chrome/139.0.0.0 Safari/537.36"
114.119.130.109 - - [27/Feb/2026:08:29:45 -0500] "GET /who-team-visits-sharjah-to-evaluate-file-in-healthy-cities-programme/ HTTP/1.1" 200 14952 "https://www.thedubaitoday.com/?author=1&paged=126" "Mozilla/5.0 (Linux; Android 7.0;) AppleWebKit/537.36 (KHTML, like Gecko) Mobile Safari/537.36 (compatible; PetalBot;+https://webmaster.petalsearch.com/site/petalbot)"
162.213.253.84 - - [27/Feb/2026:08:31:14 -0500] "POST /wp-cron.php?doing_wp_cron=1772199074.7282500267028808593750 HTTP/1.1" 200 0 "https://www.thedubaitoday.com/wp-cron.php?doing_wp_cron=1772199074.7282500267028808593750" "WordPress/5.5.16; https://www.thedubaitoday.com"
77.75.76.165 - - [27/Feb/2026:08:31:27 -0500] "GET /mohamed-bin-zayed-receives-president-of-israel/ HTTP/1.1" 200 14606 "-" "Mozilla/5.0 (compatible; SeznamBot/4.0; +https://o-seznam.cz/napoveda/vyhledavani/en/seznambot-crawler/)"
216.75.132.16 - - [27/Feb/2026:08:31:44 -0500] "GET /index.php?rest_route=%2Foembed%2F1.0%2Fembed&url=https%3A%2F%2Fwww.thedubaitoday.com%2F%3Fp%3D6515 HTTP/1.1" 200 2744 "-" "Mozilla/5.0 (Macintosh; Intel Mac OS X 10_15_7) AppleWebKit/537.36 (KHTML, like Gecko) Chrome/135.0.0.0 Safari/537.36"
66.249.75.174 - - [27/Feb/2026:08:32:29 -0500] "GET /robots.txt HTTP/1.1" 200 103 "-" "Mozilla/5.0 (compatible; Googlebot/2.1; +http://www.google.com/bot.html)"
66.249.75.173 - - [27/Feb/2026:08:32:29 -0500] "GET /sultan-bin-ahmed-inaugurates-library-of-fadc-at-uos/ HTTP/1.1" 200 12542 "-" "Mozilla/5.0 (Linux; Android 6.0.1; Nexus 5X Build/MMB29P) AppleWebKit/537.36 (KHTML, like Gecko) Chrome/144.0.7559.132 Mobile Safari/537.36 (compatible; Googlebot/2.1; +http://www.google.com/bot.html)"
66.249.75.174 - - [27/Feb/2026:08:32:37 -0500] "GET /wp-includes/css/dashicons.min.css?ver=5.5.16 HTTP/1.1" 200 35107 "https://www.thedubaitoday.com/sultan-bin-ahmed-inaugurates-library-of-fadc-at-uos/" "Mozilla/5.0 (Linux; Android 6.0.1; Nexus 5X Build/MMB29P) AppleWebKit/537.36 (KHTML, like Gecko) Chrome/144.0.7559.132 Mobile Safari/537.36 (compatible; Googlebot/2.1; +http://www.google.com/bot.html)"
66.249.75.173 - - [27/Feb/2026:08:32:37 -0500] "GET /wp-content/plugins/contact-form-7/includes/js/scripts.js?ver=5.3 HTTP/1.1" 200 3700 "https://www.thedubaitoday.com/sultan-bin-ahmed-inaugurates-library-of-fadc-at-uos/" "Mozilla/5.0 (Linux; Android 6.0.1; Nexus 5X Build/MMB29P) AppleWebKit/537.36 (KHTML, like Gecko) Chrome/144.0.7559.132 Mobile Safari/537.36 (compatible; Googlebot/2.1; +http://www.google.com/bot.html)"
66.249.75.173 - - [27/Feb/2026:08:32:40 -0500] "GET /wp-content/plugins/elementskit-lite/modules/controls/assets/js/widgetarea-editor.js?ver=2.0.9.1 HTTP/1.1" 200 472 "https://www.thedubaitoday.com/sultan-bin-ahmed-inaugurates-library-of-fadc-at-uos/" "Mozilla/5.0 (Linux; Android 6.0.1; Nexus 5X Build/MMB29P) AppleWebKit/537.36 (KHTML, like Gecko) Chrome/144.0.7559.132 Mobile Safari/537.36 (compatible; Googlebot/2.1; +http://www.google.com/bot.html)"
54.39.0.15 - - [27/Feb/2026:08:32:50 -0500] "GET /category/real-estate/page/10/ HTTP/1.1" 200 11872 "-" "Mozilla/5.0 (compatible; AhrefsBot/7.0; +http://ahrefs.com/robot/)"
114.119.141.83 - - [27/Feb/2026:08:33:53 -0500] "GET /?p=5555 HTTP/1.1" 301 0 "https://www.thedubaitoday.com/?cat=65&paged=13" "Mozilla/5.0 (Linux; Android 7.0;) AppleWebKit/537.36 (KHTML, like Gecko) Mobile Safari/537.36 (compatible; PetalBot;+https://webmaster.petalsearch.com/site/petalbot)"
114.119.141.83 - - [27/Feb/2026:08:33:55 -0500] "GET /city-sightseeing-relaunches-operations/ HTTP/1.1" 200 15231 "https://www.thedubaitoday.com/?cat=65&paged=13" "Mozilla/5.0 (Linux; Android 7.0;) AppleWebKit/537.36 (KHTML, like Gecko) Mobile Safari/537.36 (compatible; PetalBot;+https://webmaster.petalsearch.com/site/petalbot)"
60.164.2.97 - - [27/Feb/2026:08:34:53 -0500] "GET /hamdan-bin-mohammed-issues-resolution-forming-supreme-committee-to-oversee-development-of-hatta/ HTTP/1.1" 200 13134 "-" "Mozilla/5.0 (Windows NT 10.0; Win64; x64) AppleWebKit/537.36 (KHTML, like Gecko) Chrome/139.0.0.0 Safari/537.36"
60.164.2.97 - - [27/Feb/2026:08:34:54 -0500] "GET /wp-content/plugins/elementor/assets/css/frontend-legacy.min.css?ver=3.0.13 HTTP/1.1" 200 446 "https://www.thedubaitoday.com/hamdan-bin-mohammed-issues-resolution-forming-supreme-committee-to-oversee-development-of-hatta/" "Mozilla/5.0 (Windows NT 10.0; Win64; x64) AppleWebKit/537.36 (KHTML, like Gecko) Chrome/139.0.0.0 Safari/537.36"
42.56.86.143 - - [27/Feb/2026:08:29:16 -0500] "GET /wp-content/themes/digiqole/assets/fonts/iconfont.ttf?cpfcy1 HTTP/1.1" 200 160880 "https://www.thedubaitoday.com/wp-content/themes/digiqole/assets/css/icon-font.css?ver=1.4.6" "Mozilla/5.0 (Windows NT 10.0; Win64; x64) AppleWebKit/537.36 (KHTML, like Gecko) Chrome/139.0.0.0 Safari/537.36"
114.119.130.109 - - [27/Feb/2026:08:29:43 -0500] "GET /?p=5802 HTTP/1.1" 301 0 "https://www.thedubaitoday.com/?author=1&paged=126" "Mozilla/5.0 (Linux; Android 7.0;) AppleWebKit/537.36 (KHTML, like Gecko) Mobile Safari/537.36 (compatible; PetalBot;+https://webmaster.petalsearch.com/site/petalbot)"
114.119.130.109 - - [27/Feb/2026:08:31:14 -0500] "GET /?p=5700 HTTP/1.1" 301 0 "https://www.thedubaitoday.com/?author=1&paged=129" "Mozilla/5.0 (Linux; Android 7.0;) AppleWebKit/537.36 (KHTML, like Gecko) Mobile Safari/537.36 (compatible; PetalBot;+https://webmaster.petalsearch.com/site/petalbot)"
114.119.130.109 - - [27/Feb/2026:08:31:17 -0500] "GET /dubai-customs-introduces-comprehensive-guide-on-customs-services-during-expo-2020-dubai/ HTTP/1.1" 200 15461 "https://www.thedubaitoday.com/?author=1&paged=129" "Mozilla/5.0 (Linux; Android 7.0;) AppleWebKit/537.36 (KHTML, like Gecko) Mobile Safari/537.36 (compatible; PetalBot;+https://webmaster.petalsearch.com/site/petalbot)"
114.119.136.150 - - [27/Feb/2026:08:32:33 -0500] "GET /?p=5577 HTTP/1.1" 301 0 "https://www.thedubaitoday.com/?cat=1&paged=2" "Mozilla/5.0 (Linux; Android 7.0;) AppleWebKit/537.36 (KHTML, like Gecko) Mobile Safari/537.36 (compatible; PetalBot;+https://webmaster.petalsearch.com/site/petalbot)"
114.119.136.150 - - [27/Feb/2026:08:32:35 -0500] "GET /uae-delegation-visits-saudi-arabia-to-strengthen-anti-money-laundering-countering-financing-of-terrorism-efforts/ HTTP/1.1" 200 14670 "https://www.thedubaitoday.com/?cat=1&paged=2" "Mozilla/5.0 (Linux; Android 7.0;) AppleWebKit/537.36 (KHTML, like Gecko) Mobile Safari/537.36 (compatible; PetalBot;+https://webmaster.petalsearch.com/site/petalbot)"
66.249.75.173 - - [27/Feb/2026:08:32:37 -0500] "GET /wp-content/plugins/elementskit-lite/libs/framework/assets/js/frontend-script.js?ver=2.0.9.1 HTTP/1.1" 200 81 "https://www.thedubaitoday.com/sultan-bin-ahmed-inaugurates-library-of-fadc-at-uos/" "Mozilla/5.0 (Linux; Android 6.0.1; Nexus 5X Build/MMB29P) AppleWebKit/537.36 (KHTML, like Gecko) Chrome/144.0.7559.132 Mobile Safari/537.36 (compatible; Googlebot/2.1; +http://www.google.com/bot.html)"
66.249.75.173 - - [27/Feb/2026:08:32:39 -0500] "GET /wp-content/themes/digiqole/assets/js/bootstrap.min.js?ver=1.4.6 HTTP/1.1" 200 12542 "https://www.thedubaitoday.com/sultan-bin-ahmed-inaugurates-library-of-fadc-at-uos/" "Mozilla/5.0 (Linux; Android 6.0.1; Nexus 5X Build/MMB29P) AppleWebKit/537.36 (KHTML, like Gecko) Chrome/144.0.7559.132 Mobile Safari/537.36 (compatible; Googlebot/2.1; +http://www.google.com/bot.html)"
66.249.75.173 - - [27/Feb/2026:08:32:42 -0500] "GET /wp-includes/js/jquery/ui/position.min.js?ver=1.11.4 HTTP/1.1" 200 2302 "https://www.thedubaitoday.com/sultan-bin-ahmed-inaugurates-library-of-fadc-at-uos/" "Mozilla/5.0 (Linux; Android 6.0.1; Nexus 5X Build/MMB29P) AppleWebKit/537.36 (KHTML, like Gecko) Chrome/144.0.7559.132 Mobile Safari/537.36 (compatible; Googlebot/2.1; +http://www.google.com/bot.html)"
66.249.75.173 - - [27/Feb/2026:08:32:44 -0500] "GET /wp-content/themes/digiqole/assets/js/raphael.min.js?ver=1.4.6 HTTP/1.1" 200 31063 "https://www.thedubaitoday.com/sultan-bin-ahmed-inaugurates-library-of-fadc-at-uos/" "Mozilla/5.0 (Linux; Android 6.0.1; Nexus 5X Build/MMB29P) AppleWebKit/537.36 (KHTML, like Gecko) Chrome/144.0.7559.132 Mobile Safari/537.36 (compatible; Googlebot/2.1; +http://www.google.com/bot.html)"
60.164.2.97 - - [27/Feb/2026:08:34:54 -0500] "GET /wp-content/uploads/elementor/css/post-3859.css?ver=1762517660 HTTP/1.1" 200 1104 "https://www.thedubaitoday.com/hamdan-bin-mohammed-issues-resolution-forming-supreme-committee-to-oversee-development-of-hatta/" "Mozilla/5.0 (Windows NT 10.0; Win64; x64) AppleWebKit/537.36 (KHTML, like Gecko) Chrome/139.0.0.0 Safari/537.36"
60.164.2.97 - - [27/Feb/2026:08:34:54 -0500] "GET /wp-includes/css/dist/block-library/theme.min.css?ver=5.5.16 HTTP/1.1" 200 635 "https://www.thedubaitoday.com/hamdan-bin-mohammed-issues-resolution-forming-supreme-committee-to-oversee-development-of-hatta/" "Mozilla/5.0 (Windows NT 10.0; Win64; x64) AppleWebKit/537.36 (KHTML, like Gecko) Chrome/139.0.0.0 Safari/537.36"
60.164.2.97 - - [27/Feb/2026:08:34:54 -0500] "GET /wp-includes/css/dist/block-library/style.min.css?ver=5.5.16 HTTP/1.1" 200 7455 "https://www.thedubaitoday.com/hamdan-bin-mohammed-issues-resolution-forming-supreme-committee-to-oversee-development-of-hatta/" "Mozilla/5.0 (Windows NT 10.0; Win64; x64) AppleWebKit/537.36 (KHTML, like Gecko) Chrome/139.0.0.0 Safari/537.36"
60.164.2.97 - - [27/Feb/2026:08:34:54 -0500] "GET /wp-content/plugins/contact-form-7/includes/css/styles.css?ver=5.3 HTTP/1.1" 200 621 "https://www.thedubaitoday.com/hamdan-bin-mohammed-issues-resolution-forming-supreme-committee-to-oversee-development-of-hatta/" "Mozilla/5.0 (Windows NT 10.0; Win64; x64) AppleWebKit/537.36 (KHTML, like Gecko) Chrome/139.0.0.0 Safari/537.36"
60.164.2.97 - - [27/Feb/2026:08:34:54 -0500] "GET /wp-content/plugins/wp-ultimate-review/assets/public/css/content-page.css?ver=5.5.16 HTTP/1.1" 200 3806 "https://www.thedubaitoday.com/hamdan-bin-mohammed-issues-resolution-forming-supreme-committee-to-oversee-development-of-hatta/" "Mozilla/5.0 (Windows NT 10.0; Win64; x64) AppleWebKit/537.36 (KHTML, like Gecko) Chrome/139.0.0.0 Safari/537.36"
60.164.2.97 - - [27/Feb/2026:08:34:54 -0500] "GET /wp-content/plugins/elementskit-lite/modules/controls/assets/css/ekiticons.css?ver=5.9.0 HTTP/1.1" 200 11425 "https://www.thedubaitoday.com/hamdan-bin-mohammed-issues-resolution-forming-supreme-committee-to-oversee-development-of-hatta/" "Mozilla/5.0 (Windows NT 10.0; Win64; x64) AppleWebKit/537.36 (KHTML, like Gecko) Chrome/139.0.0.0 Safari/537.36"
60.164.2.97 - - [27/Feb/2026:08:34:54 -0500] "GET /wp-content/themes/digiqole/assets/css/bootstrap.min.css?ver=1.4.6 HTTP/1.1" 200 18543 "https://www.thedubaitoday.com/hamdan-bin-mohammed-issues-resolution-forming-supreme-committee-to-oversee-development-of-hatta/" "Mozilla/5.0 (Windows NT 10.0; Win64; x64) AppleWebKit/537.36 (KHTML, like Gecko) Chrome/139.0.0.0 Safari/537.36"
60.164.2.97 - - [27/Feb/2026:08:34:54 -0500] "GET /wp-content/themes/digiqole/assets/css/icon-font.css?ver=1.4.6 HTTP/1.1" 200 2796 "https://www.thedubaitoday.com/hamdan-bin-mohammed-issues-resolution-forming-supreme-committee-to-oversee-development-of-hatta/" "Mozilla/5.0 (Windows NT 10.0; Win64; x64) AppleWebKit/537.36 (KHTML, like Gecko) Chrome/139.0.0.0 Safari/537.36"
60.164.2.97 - - [27/Feb/2026:08:34:54 -0500] "GET /wp-content/themes/digiqole/assets/css/animate.css?ver=1.4.6 HTTP/1.1" 200 2770 "https://www.thedubaitoday.com/hamdan-bin-mohammed-issues-resolution-forming-supreme-committee-to-oversee-development-of-hatta/" "Mozilla/5.0 (Windows NT 10.0; Win64; x64) AppleWebKit/537.36 (KHTML, like Gecko) Chrome/139.0.0.0 Safari/537.36"
60.164.2.97 - - [27/Feb/2026:08:34:54 -0500] "GET /wp-content/themes/digiqole/assets/css/owl.carousel.min.css?ver=1.4.6 HTTP/1.1" 200 789 "https://www.thedubaitoday.com/hamdan-bin-mohammed-issues-resolution-forming-supreme-committee-to-oversee-development-of-hatta/" "Mozilla/5.0 (Windows NT 10.0; Win64; x64) AppleWebKit/537.36 (KHTML, like Gecko) Chrome/139.0.0.0 Safari/537.36"
60.164.2.97 - - [27/Feb/2026:08:34:54 -0500] "GET /wp-content/plugins/litespeed-cache/assets/css/litespeed-dummy.css?ver=5.5.16 HTTP/1.1" 200 60 "https://www.thedubaitoday.com/hamdan-bin-mohammed-issues-resolution-forming-supreme-committee-to-oversee-development-of-hatta/" "Mozilla/5.0 (Windows NT 10.0; Win64; x64) AppleWebKit/537.36 (KHTML, like Gecko) Chrome/139.0.0.0 Safari/537.36"
60.164.2.97 - - [27/Feb/2026:08:34:54 -0500] "GET /wp-content/plugins/elementor/assets/css/frontend.min.css?ver=3.0.13 HTTP/1.1" 200 14903 "https://www.thedubaitoday.com/hamdan-bin-mohammed-issues-resolution-forming-supreme-committee-to-oversee-development-of-hatta/" "Mozilla/5.0 (Windows NT 10.0; Win64; x64) AppleWebKit/537.36 (KHTML, like Gecko) Chrome/139.0.0.0 Safari/537.36"
60.164.2.97 - - [27/Feb/2026:08:34:54 -0500] "GET /wp-content/plugins/accesspress-social-counter/css/fontawesome-all.css?ver=1.9.0 HTTP/1.1" 200 8084 "https://www.thedubaitoday.com/hamdan-bin-mohammed-issues-resolution-forming-supreme-committee-to-oversee-development-of-hatta/" "Mozilla/5.0 (Windows NT 10.0; Win64; x64) AppleWebKit/537.36 (KHTML, like Gecko) Chrome/139.0.0.0 Safari/537.36"
60.164.2.97 - - [27/Feb/2026:08:34:54 -0500] "GET /wp-content/plugins/accesspress-social-counter/css/frontend.css?ver=1.9.0 HTTP/1.1" 200 2295 "https://www.thedubaitoday.com/hamdan-bin-mohammed-issues-resolution-forming-supreme-committee-to-oversee-development-of-hatta/" "Mozilla/5.0 (Windows NT 10.0; Win64; x64) AppleWebKit/537.36 (KHTML, like Gecko) Chrome/139.0.0.0 Safari/537.36"
60.164.2.97 - - [27/Feb/2026:08:34:54 -0500] "GET /wp-includes/css/dashicons.min.css?ver=5.5.16 HTTP/1.1" 200 35107 "https://www.thedubaitoday.com/hamdan-bin-mohammed-issues-resolution-forming-supreme-committee-to-oversee-development-of-hatta/" "Mozilla/5.0 (Windows NT 10.0; Win64; x64) AppleWebKit/537.36 (KHTML, like Gecko) Chrome/139.0.0.0 Safari/537.36"
60.164.2.97 - - [27/Feb/2026:08:34:54 -0500] "GET /wp-content/plugins/elementor/assets/lib/font-awesome/css/font-awesome.min.css?ver=4.7.0 HTTP/1.1" 200 6657 "https://www.thedubaitoday.com/hamdan-bin-mohammed-issues-resolution-forming-supreme-committee-to-oversee-development-of-hatta/" "Mozilla/5.0 (Windows NT 10.0; Win64; x64) AppleWebKit/537.36 (KHTML, like Gecko) Chrome/139.0.0.0 Safari/537.36"
60.164.2.97 - - [27/Feb/2026:08:34:54 -0500] "GET /wp-content/themes/digiqole/assets/css/jquery.mCustomScrollbar.css?ver=1.4.6 HTTP/1.1" 200 5312 "https://www.thedubaitoday.com/hamdan-bin-mohammed-issues-resolution-forming-supreme-committee-to-oversee-development-of-hatta/" "Mozilla/5.0 (Windows NT 10.0; Win64; x64) AppleWebKit/537.36 (KHTML, like Gecko) Chrome/139.0.0.0 Safari/537.36"
60.164.2.97 - - [27/Feb/2026:08:34:54 -0500] "GET /wp-content/themes/digiqole/assets/css/blog.css?ver=1.4.6 HTTP/1.1" 200 4154 "https://www.thedubaitoday.com/hamdan-bin-mohammed-issues-resolution-forming-supreme-committee-to-oversee-development-of-hatta/" "Mozilla/5.0 (Windows NT 10.0; Win64; x64) AppleWebKit/537.36 (KHTML, like Gecko) Chrome/139.0.0.0 Safari/537.36"
60.164.2.97 - - [27/Feb/2026:08:34:54 -0500] "GET /wp-content/themes/digiqole/assets/css/gutenberg-custom.css?ver=1.4.6 HTTP/1.1" 200 4575 "https://www.thedubaitoday.com/hamdan-bin-mohammed-issues-resolution-forming-supreme-committee-to-oversee-development-of-hatta/" "Mozilla/5.0 (Windows NT 10.0; Win64; x64) AppleWebKit/537.36 (KHTML, like Gecko) Chrome/139.0.0.0 Safari/537.36"
60.164.2.97 - - [27/Feb/2026:08:34:54 -0500] "GET /wp-content/themes/digiqole/assets/css/master.css?ver=1.4.6 HTTP/1.1" 200 27631 "https://www.thedubaitoday.com/hamdan-bin-mohammed-issues-resolution-forming-supreme-committee-to-oversee-development-of-hatta/" "Mozilla/5.0 (Windows NT 10.0; Win64; x64) AppleWebKit/537.36 (KHTML, like Gecko) Chrome/139.0.0.0 Safari/537.36"
60.164.2.97 - - [27/Feb/2026:08:34:54 -0500] "GET /wp-content/themes/digiqole/assets/css/magnific-popup.css?ver=1.4.6 HTTP/1.1" 200 1906 "https://www.thedubaitoday.com/hamdan-bin-mohammed-issues-resolution-forming-supreme-committee-to-oversee-development-of-hatta/" "Mozilla/5.0 (Windows NT 10.0; Win64; x64) AppleWebKit/537.36 (KHTML, like Gecko) Chrome/139.0.0.0 Safari/537.36"
60.164.2.97 - - [27/Feb/2026:08:34:54 -0500] "GET /wp-content/themes/digiqole/assets/css/owl.theme.default.min.css?ver=1.4.6 HTTP/1.1" 200 375 "https://www.thedubaitoday.com/hamdan-bin-mohammed-issues-resolution-forming-supreme-committee-to-oversee-development-of-hatta/" "Mozilla/5.0 (Windows NT 10.0; Win64; x64) AppleWebKit/537.36 (KHTML, like Gecko) Chrome/139.0.0.0 Safari/537.36"
60.164.2.97 - - [27/Feb/2026:08:34:54 -0500] "GET /wp-content/themes/digiqole/assets/css/woocommerce.css?ver=1.4.6 HTTP/1.1" 200 1465 "https://www.thedubaitoday.com/hamdan-bin-mohammed-issues-resolution-forming-supreme-committee-to-oversee-development-of-hatta/" "Mozilla/5.0 (Windows NT 10.0; Win64; x64) AppleWebKit/537.36 (KHTML, like Gecko) Chrome/139.0.0.0 Safari/537.36"
60.164.2.97 - - [27/Feb/2026:08:34:54 -0500] "GET /wp-content/plugins/elementor/assets/lib/font-awesome/css/fontawesome.min.css?ver=5.12.0 HTTP/1.1" 200 11671 "https://www.thedubaitoday.com/hamdan-bin-mohammed-issues-resolution-forming-supreme-committee-to-oversee-development-of-hatta/" "Mozilla/5.0 (Windows NT 10.0; Win64; x64) AppleWebKit/537.36 (KHTML, like Gecko) Chrome/139.0.0.0 Safari/537.36"
60.164.2.97 - - [27/Feb/2026:08:34:54 -0500] "GET /wp-content/plugins/elementskit-lite/widgets/init/assets/css/widget-styles.css?ver=2.0.9.1 HTTP/1.1" 200 46062 "https://www.thedubaitoday.com/hamdan-bin-mohammed-issues-resolution-forming-supreme-committee-to-oversee-development-of-hatta/" "Mozilla/5.0 (Windows NT 10.0; Win64; x64) AppleWebKit/537.36 (KHTML, like Gecko) Chrome/139.0.0.0 Safari/537.36"
60.164.2.97 - - [27/Feb/2026:08:34:54 -0500] "GET /wp-content/plugins/elementor/assets/lib/font-awesome/css/solid.min.css?ver=5.12.0 HTTP/1.1" 200 286 "https://www.thedubaitoday.com/hamdan-bin-mohammed-issues-resolution-forming-supreme-committee-to-oversee-development-of-hatta/" "Mozilla/5.0 (Windows NT 10.0; Win64; x64) AppleWebKit/537.36 (KHTML, like Gecko) Chrome/139.0.0.0 Safari/537.36"
60.164.2.97 - - [27/Feb/2026:08:34:54 -0500] "GET /wp-content/plugins/elementskit-lite/widgets/init/assets/css/widget-styles-pro.css?ver=2.0.9.1 HTTP/1.1" 200 22945 "https://www.thedubaitoday.com/hamdan-bin-mohammed-issues-resolution-forming-supreme-committee-to-oversee-development-of-hatta/" "Mozilla/5.0 (Windows NT 10.0; Win64; x64) AppleWebKit/537.36 (KHTML, like Gecko) Chrome/139.0.0.0 Safari/537.36"
60.164.2.97 - - [27/Feb/2026:08:34:54 -0500] "GET /wp-includes/js/jquery/jquery.js?ver=1.12.4-wp HTTP/1.1" 200 32853 "https://www.thedubaitoday.com/hamdan-bin-mohammed-issues-resolution-forming-supreme-committee-to-oversee-development-of-hatta/" "Mozilla/5.0 (Windows NT 10.0; Win64; x64) AppleWebKit/537.36 (KHTML, like Gecko) Chrome/139.0.0.0 Safari/537.36"
60.164.2.97 - - [27/Feb/2026:08:34:54 -0500] "GET /wp-content/plugins/wp-ultimate-review/assets/public/script/content-page.js?ver=5.5.16 HTTP/1.1" 200 948 "https://www.thedubaitoday.com/hamdan-bin-mohammed-issues-resolution-forming-supreme-committee-to-oversee-development-of-hatta/" "Mozilla/5.0 (Windows NT 10.0; Win64; x64) AppleWebKit/537.36 (KHTML, like Gecko) Chrome/139.0.0.0 Safari/537.36"
60.164.2.97 - - [27/Feb/2026:08:34:54 -0500] "GET /wp-content/plugins/elementor/assets/lib/animations/animations.min.css?ver=3.0.13 HTTP/1.1" 200 2442 "https://www.thedubaitoday.com/hamdan-bin-mohammed-issues-resolution-forming-supreme-committee-to-oversee-development-of-hatta/" "Mozilla/5.0 (Windows NT 10.0; Win64; x64) AppleWebKit/537.36 (KHTML, like Gecko) Chrome/139.0.0.0 Safari/537.36"
60.164.2.97 - - [27/Feb/2026:08:34:54 -0500] "GET /wp-content/plugins/elementskit-lite/widgets/init/assets/css/responsive.css?ver=2.0.9.1 HTTP/1.1" 200 2595 "https://www.thedubaitoday.com/hamdan-bin-mohammed-issues-resolution-forming-supreme-committee-to-oversee-development-of-hatta/" "Mozilla/5.0 (Windows NT 10.0; Win64; x64) AppleWebKit/537.36 (KHTML, like Gecko) Chrome/139.0.0.0 Safari/537.36"
60.164.2.97 - - [27/Feb/2026:08:34:54 -0500] "GET /wp-content/plugins/elementor/assets/lib/eicons/css/elementor-icons.min.css?ver=5.9.1 HTTP/1.1" 200 3186 "https://www.thedubaitoday.com/hamdan-bin-mohammed-issues-resolution-forming-supreme-committee-to-oversee-development-of-hatta/" "Mozilla/5.0 (Windows NT 10.0; Win64; x64) AppleWebKit/537.36 (KHTML, like Gecko) Chrome/139.0.0.0 Safari/537.36"
114.119.130.109 - - [27/Feb/2026:08:35:20 -0500] "GET /?p=5433 HTTP/1.1" 301 0 "https://www.thedubaitoday.com/?p=5433" "Mozilla/5.0 (Linux; Android 7.0;) AppleWebKit/537.36 (KHTML, like Gecko) Mobile Safari/537.36 (compatible; PetalBot;+https://webmaster.petalsearch.com/site/petalbot)"
114.119.130.109 - - [27/Feb/2026:08:35:22 -0500] "GET /rak-ports-and-global-oil-and-shipping-group-monjasa-finalise-new-deal/ HTTP/1.1" 200 15033 "https://www.thedubaitoday.com/?p=5433" "Mozilla/5.0 (Linux; Android 7.0;) AppleWebKit/537.36 (KHTML, like Gecko) Mobile Safari/537.36 (compatible; PetalBot;+https://webmaster.petalsearch.com/site/petalbot)"
54.39.210.26 - - [27/Feb/2026:08:37:24 -0500] "GET /category/travel-tourism/destinations/page/6/ HTTP/1.1" 200 12386 "-" "Mozilla/5.0 (compatible; AhrefsBot/7.0; +http://ahrefs.com/robot/)"
114.119.141.83 - - [27/Feb/2026:08:38:12 -0500] "GET /yas-island-firework-extravaganza-set-to-light-up-eid-al-fitr/ HTTP/1.1" 200 14253 "https://www.thedubaitoday.com/?author=1&paged=145" "Mozilla/5.0 (Linux; Android 7.0;) AppleWebKit/537.36 (KHTML, like Gecko) Mobile Safari/537.36 (compatible; PetalBot;+https://webmaster.petalsearch.com/site/petalbot)"
77.75.76.165 - - [27/Feb/2026:08:38:52 -0500] "GET /a-heart-shaped-pizza-for-valentines-day/ HTTP/1.1" 200 14517 "-" "Mozilla/5.0 (compatible; SeznamBot/4.0; +https://o-seznam.cz/napoveda/vyhledavani/en/seznambot-crawler/)"
114.119.151.155 - - [27/Feb/2026:08:39:32 -0500] "GET /?p=5099 HTTP/1.1" 301 0 "https://www.thedubaitoday.com/?cat=52&paged=16" "Mozilla/5.0 (Linux; Android 7.0;) AppleWebKit/537.36 (KHTML, like Gecko) Mobile Safari/537.36 (compatible; PetalBot;+https://webmaster.petalsearch.com/site/petalbot)"
114.119.151.155 - - [27/Feb/2026:08:39:33 -0500] "GET /fujairah-terminals-al-mayya-group-sign-exclusive-livestock-agreement/ HTTP/1.1" 200 14916 "https://www.thedubaitoday.com/?cat=52&paged=16" "Mozilla/5.0 (Linux; Android 7.0;) AppleWebKit/537.36 (KHTML, like Gecko) Mobile Safari/537.36 (compatible; PetalBot;+https://webmaster.petalsearch.com/site/petalbot)"
114.119.141.83 - - [27/Feb/2026:08:36:44 -0500] "GET /?p=5197 HTTP/1.1" 301 0 "https://www.thedubaitoday.com/?p=5197" "Mozilla/5.0 (Linux; Android 7.0;) AppleWebKit/537.36 (KHTML, like Gecko) Mobile Safari/537.36 (compatible; PetalBot;+https://webmaster.petalsearch.com/site/petalbot)"
114.119.141.83 - - [27/Feb/2026:08:36:47 -0500] "GET /difc-courts-boosts-paperless-mission-with-adoption-of-electronic-seal-ethaq/ HTTP/1.1" 200 15892 "https://www.thedubaitoday.com/?p=5197" "Mozilla/5.0 (Linux; Android 7.0;) AppleWebKit/537.36 (KHTML, like Gecko) Mobile Safari/537.36 (compatible; PetalBot;+https://webmaster.petalsearch.com/site/petalbot)"
114.119.141.83 - - [27/Feb/2026:08:38:10 -0500] "GET /?p=5177 HTTP/1.1" 301 0 "https://www.thedubaitoday.com/?author=1&paged=145" "Mozilla/5.0 (Linux; Android 7.0;) AppleWebKit/537.36 (KHTML, like Gecko) Mobile Safari/537.36 (compatible; PetalBot;+https://webmaster.petalsearch.com/site/petalbot)"
114.119.151.155 - - [27/Feb/2026:08:40:55 -0500] "GET /al-ain-zoo-announces-winners-of-its-zoography-competition-2/ HTTP/1.1" 200 14948 "https://www.thedubaitoday.com/?p=4650" "Mozilla/5.0 (Linux; Android 7.0;) AppleWebKit/537.36 (KHTML, like Gecko) Mobile Safari/537.36 (compatible; PetalBot;+https://webmaster.petalsearch.com/site/petalbot)"
114.119.141.83 - - [27/Feb/2026:08:42:20 -0500] "GET /mohamed-bin-zayed-receives-chairman-of-the-u-s-joint-chiefs-of-staff/ HTTP/1.1" 200 14507 "https://www.thedubaitoday.com/?author=1&paged=161" "Mozilla/5.0 (Linux; Android 7.0;) AppleWebKit/537.36 (KHTML, like Gecko) Mobile Safari/537.36 (compatible; PetalBot;+https://webmaster.petalsearch.com/site/petalbot)"
148.113.130.51 - - [27/Feb/2026:08:42:21 -0500] "GET /category/beauty-fashion/page/3/ HTTP/1.1" 200 14084 "-" "Mozilla/5.0 (compatible; AhrefsBot/7.0; +http://ahrefs.com/robot/)"
205.185.123.235 - - [27/Feb/2026:08:42:30 -0500] "POST /wp-login.php HTTP/1.1" 200 7858 "-" "Mozilla/5.0 (Windows NT 6.2; WOW64; rv:30.0) Gecko/20100101 Firefox/30.0"
47.128.17.113 - - [27/Feb/2026:08:42:49 -0500] "GET /wp-content/plugins/elementor/assets/css/frontend.min.css?ver=3.0.13 HTTP/1.1" 200 14903 "https://www.thedubaitoday.com/advertise-us/" "Mozilla/5.0 (Linux; Android 5.0) AppleWebKit/537.36 (KHTML, like Gecko) Mobile Safari/537.36 (compatible; Bytespider; [email protected])"
47.128.17.113 - - [27/Feb/2026:08:42:49 -0500] "GET /wp-content/uploads/elementor/css/post-3859.css?ver=1762517660 HTTP/1.1" 200 1104 "https://www.thedubaitoday.com/advertise-us/" "Mozilla/5.0 (Linux; Android 5.0) AppleWebKit/537.36 (KHTML, like Gecko) Mobile Safari/537.36 (compatible; Bytespider; [email protected])"
47.128.17.113 - - [27/Feb/2026:08:42:49 -0500] "GET /wp-content/plugins/accesspress-social-counter/css/fontawesome-all.css?ver=1.9.0 HTTP/1.1" 200 8084 "https://www.thedubaitoday.com/advertise-us/" "Mozilla/5.0 (Linux; Android 5.0) AppleWebKit/537.36 (KHTML, like Gecko) Mobile Safari/537.36 (compatible; Bytespider; [email protected])"
47.128.17.113 - - [27/Feb/2026:08:42:49 -0500] "GET /wp-content/plugins/elementor/assets/lib/eicons/css/elementor-icons.min.css?ver=5.9.1 HTTP/1.1" 200 3186 "https://www.thedubaitoday.com/advertise-us/" "Mozilla/5.0 (Linux; Android 5.0) AppleWebKit/537.36 (KHTML, like Gecko) Mobile Safari/537.36 (compatible; Bytespider; [email protected])"
47.128.17.113 - - [27/Feb/2026:08:42:49 -0500] "GET /wp-content/plugins/elementor/assets/lib/animations/animations.min.css?ver=3.0.13 HTTP/1.1" 200 2442 "https://www.thedubaitoday.com/advertise-us/" "Mozilla/5.0 (Linux; Android 5.0) AppleWebKit/537.36 (KHTML, like Gecko) Mobile Safari/537.36 (compatible; Bytespider; [email protected])"
47.128.17.113 - - [27/Feb/2026:08:42:49 -0500] "GET /wp-content/plugins/elementskit-lite/modules/controls/assets/css/ekiticons.css?ver=5.9.0 HTTP/1.1" 200 11425 "https://www.thedubaitoday.com/advertise-us/" "Mozilla/5.0 (Linux; Android 5.0) AppleWebKit/537.36 (KHTML, like Gecko) Mobile Safari/537.36 (compatible; Bytespider; [email protected])"
47.128.17.113 - - [27/Feb/2026:08:42:49 -0500] "GET /wp-content/uploads/elementor/css/global.css?ver=1605806951 HTTP/1.1" 200 3379 "https://www.thedubaitoday.com/advertise-us/" "Mozilla/5.0 (Linux; Android 5.0) AppleWebKit/537.36 (KHTML, like Gecko) Mobile Safari/537.36 (compatible; Bytespider; [email protected])"
47.128.17.113 - - [27/Feb/2026:08:42:50 -0500] "GET /wp-content/themes/digiqole/assets/css/icon-font.css?ver=1.4.6 HTTP/1.1" 200 2796 "https://www.thedubaitoday.com/advertise-us/" "Mozilla/5.0 (Linux; Android 5.0) AppleWebKit/537.36 (KHTML, like Gecko) Mobile Safari/537.36 (compatible; Bytespider; [email protected])"
47.128.17.113 - - [27/Feb/2026:08:42:50 -0500] "GET /wp-content/themes/digiqole/assets/css/magnific-popup.css?ver=1.4.6 HTTP/1.1" 200 1906 "https://www.thedubaitoday.com/advertise-us/" "Mozilla/5.0 (Linux; Android 5.0) AppleWebKit/537.36 (KHTML, like Gecko) Mobile Safari/537.36 (compatible; Bytespider; [email protected])"
47.128.17.113 - - [27/Feb/2026:08:42:50 -0500] "GET /wp-content/themes/digiqole/assets/css/owl.theme.default.min.css?ver=1.4.6 HTTP/1.1" 200 375 "https://www.thedubaitoday.com/advertise-us/" "Mozilla/5.0 (Linux; Android 5.0) AppleWebKit/537.36 (KHTML, like Gecko) Mobile Safari/537.36 (compatible; Bytespider; [email protected])"
47.128.17.113 - - [27/Feb/2026:08:42:50 -0500] "GET /wp-content/themes/digiqole/assets/css/woocommerce.css?ver=1.4.6 HTTP/1.1" 200 1465 "https://www.thedubaitoday.com/advertise-us/" "Mozilla/5.0 (Linux; Android 5.0) AppleWebKit/537.36 (KHTML, like Gecko) Mobile Safari/537.36 (compatible; Bytespider; [email protected])"
47.128.17.113 - - [27/Feb/2026:08:42:50 -0500] "GET /wp-content/themes/digiqole/assets/css/master.css?ver=1.4.6 HTTP/1.1" 200 27631 "https://www.thedubaitoday.com/advertise-us/" "Mozilla/5.0 (Linux; Android 5.0) AppleWebKit/537.36 (KHTML, like Gecko) Mobile Safari/537.36 (compatible; Bytespider; [email protected])"
47.128.17.113 - - [27/Feb/2026:08:42:50 -0500] "GET /wp-content/themes/digiqole/assets/css/blog.css?ver=1.4.6 HTTP/1.1" 200 4154 "https://www.thedubaitoday.com/advertise-us/" "Mozilla/5.0 (Linux; Android 5.0) AppleWebKit/537.36 (KHTML, like Gecko) Mobile Safari/537.36 (compatible; Bytespider; [email protected])"
47.128.17.113 - - [27/Feb/2026:08:42:50 -0500] "GET /wp-content/plugins/elementskit-lite/widgets/init/assets/css/responsive.css?ver=2.0.9.1 HTTP/1.1" 200 2595 "https://www.thedubaitoday.com/advertise-us/" "Mozilla/5.0 (Linux; Android 5.0) AppleWebKit/537.36 (KHTML, like Gecko) Mobile Safari/537.36 (compatible; Bytespider; [email protected])"
47.128.17.113 - - [27/Feb/2026:08:42:50 -0500] "GET /wp-content/plugins/elementor/assets/lib/font-awesome/css/fontawesome.min.css?ver=5.12.0 HTTP/1.1" 200 11671 "https://www.thedubaitoday.com/advertise-us/" "Mozilla/5.0 (Linux; Android 5.0) AppleWebKit/537.36 (KHTML, like Gecko) Mobile Safari/537.36 (compatible; Bytespider; [email protected])"
47.128.17.113 - - [27/Feb/2026:08:42:50 -0500] "GET /wp-content/plugins/elementskit-lite/widgets/init/assets/css/widget-styles-pro.css?ver=2.0.9.1 HTTP/1.1" 200 22945 "https://www.thedubaitoday.com/advertise-us/" "Mozilla/5.0 (Linux; Android 5.0) AppleWebKit/537.36 (KHTML, like Gecko) Mobile Safari/537.36 (compatible; Bytespider; [email protected])"
47.128.17.113 - - [27/Feb/2026:08:42:50 -0500] "GET /wp-content/plugins/elementskit-lite/widgets/init/assets/css/widget-styles.css?ver=2.0.9.1 HTTP/1.1" 200 46062 "https://www.thedubaitoday.com/advertise-us/" "Mozilla/5.0 (Linux; Android 5.0) AppleWebKit/537.36 (KHTML, like Gecko) Mobile Safari/537.36 (compatible; Bytespider; [email protected])"
114.119.130.109 - - [27/Feb/2026:08:43:38 -0500] "GET /mohammed-bin-rashid-meets-with-secretary-of-irans-supreme-national-security-council/ HTTP/1.1" 200 15393 "https://www.thedubaitoday.com/?cat=67&paged=12" "Mozilla/5.0 (Linux; Android 7.0;) AppleWebKit/537.36 (KHTML, like Gecko) Mobile Safari/537.36 (compatible; PetalBot;+https://webmaster.petalsearch.com/site/petalbot)"
77.75.76.165 - - [27/Feb/2026:08:44:10 -0500] "GET /celebrate-international-womens-day-at-mondoux/ HTTP/1.1" 200 14874 "-" "Mozilla/5.0 (compatible; SeznamBot/4.0; +https://o-seznam.cz/napoveda/vyhledavani/en/seznambot-crawler/)"
120.220.221.73 - - [27/Feb/2026:08:44:43 -0500] "GET /expo-2020-dubai-is-where-arab-international-civilisations-can-meet-in-uae-abdullah-bin-zayed/ HTTP/1.1" 200 12540 "-" "Mozilla/5.0 (Windows NT 10.0; Win64; x64) AppleWebKit/537.36 (KHTML, like Gecko) Chrome/139.0.0.0 Safari/537.36"
114.119.151.155 - - [27/Feb/2026:08:40:53 -0500] "GET /?p=4650 HTTP/1.1" 301 0 "https://www.thedubaitoday.com/?p=4650" "Mozilla/5.0 (Linux; Android 7.0;) AppleWebKit/537.36 (KHTML, like Gecko) Mobile Safari/537.36 (compatible; PetalBot;+https://webmaster.petalsearch.com/site/petalbot)"
114.119.141.83 - - [27/Feb/2026:08:42:19 -0500] "GET /?p=4608 HTTP/1.1" 301 0 "https://www.thedubaitoday.com/?author=1&paged=161" "Mozilla/5.0 (Linux; Android 7.0;) AppleWebKit/537.36 (KHTML, like Gecko) Mobile Safari/537.36 (compatible; PetalBot;+https://webmaster.petalsearch.com/site/petalbot)"
205.185.123.235 - - [27/Feb/2026:08:42:30 -0500] "GET /wp-login.php HTTP/1.1" 200 7425 "-" "Mozilla/5.0 (Windows NT 6.2; WOW64; rv:30.0) Gecko/20100101 Firefox/30.0"
47.128.17.113 - - [27/Feb/2026:08:42:49 -0500] "GET /advertise-us/ HTTP/1.1" 200 10979 "-" "Mozilla/5.0 (Linux; Android 5.0) AppleWebKit/537.36 (KHTML, like Gecko) Mobile Safari/537.36 (compatible; Bytespider; [email protected])"
47.128.17.113 - - [27/Feb/2026:08:42:49 -0500] "GET /wp-content/plugins/elementor/assets/css/frontend-legacy.min.css?ver=3.0.13 HTTP/1.1" 200 446 "https://www.thedubaitoday.com/advertise-us/" "Mozilla/5.0 (Linux; Android 5.0) AppleWebKit/537.36 (KHTML, like Gecko) Mobile Safari/537.36 (compatible; Bytespider; [email protected])"
47.128.17.113 - - [27/Feb/2026:08:42:49 -0500] "GET /wp-includes/css/dist/block-library/theme.min.css?ver=5.5.16 HTTP/1.1" 200 635 "https://www.thedubaitoday.com/advertise-us/" "Mozilla/5.0 (Linux; Android 5.0) AppleWebKit/537.36 (KHTML, like Gecko) Mobile Safari/537.36 (compatible; Bytespider; [email protected])"
47.128.17.113 - - [27/Feb/2026:08:42:49 -0500] "GET /wp-content/plugins/accesspress-social-counter/css/frontend.css?ver=1.9.0 HTTP/1.1" 200 2295 "https://www.thedubaitoday.com/advertise-us/" "Mozilla/5.0 (Linux; Android 5.0) AppleWebKit/537.36 (KHTML, like Gecko) Mobile Safari/537.36 (compatible; Bytespider; [email protected])"
47.128.17.113 - - [27/Feb/2026:08:42:49 -0500] "GET /wp-content/plugins/elementskit-lite/modules/controls/assets/css/widgetarea-editor.css?ver=2.0.9.1 HTTP/1.1" 200 227 "https://www.thedubaitoday.com/advertise-us/" "Mozilla/5.0 (Linux; Android 5.0) AppleWebKit/537.36 (KHTML, like Gecko) Mobile Safari/537.36 (compatible; Bytespider; [email protected])"
47.128.17.113 - - [27/Feb/2026:08:42:49 -0500] "GET /wp-includes/css/dashicons.min.css?ver=5.5.16 HTTP/1.1" 200 35107 "https://www.thedubaitoday.com/advertise-us/" "Mozilla/5.0 (Linux; Android 5.0) AppleWebKit/537.36 (KHTML, like Gecko) Mobile Safari/537.36 (compatible; Bytespider; [email protected])"
47.128.17.113 - - [27/Feb/2026:08:42:50 -0500] "GET /wp-content/themes/digiqole/assets/css/owl.carousel.min.css?ver=1.4.6 HTTP/1.1" 200 789 "https://www.thedubaitoday.com/advertise-us/" "Mozilla/5.0 (Linux; Android 5.0) AppleWebKit/537.36 (KHTML, like Gecko) Mobile Safari/537.36 (compatible; Bytespider; [email protected])"
47.128.17.113 - - [27/Feb/2026:08:42:50 -0500] "GET /wp-content/themes/digiqole/assets/css/jquery.mCustomScrollbar.css?ver=1.4.6 HTTP/1.1" 200 5312 "https://www.thedubaitoday.com/advertise-us/" "Mozilla/5.0 (Linux; Android 5.0) AppleWebKit/537.36 (KHTML, like Gecko) Mobile Safari/537.36 (compatible; Bytespider; [email protected])"
47.128.17.113 - - [27/Feb/2026:08:42:50 -0500] "GET /wp-content/plugins/elementor/assets/lib/font-awesome/css/solid.min.css?ver=5.12.0 HTTP/1.1" 200 286 "https://www.thedubaitoday.com/advertise-us/" "Mozilla/5.0 (Linux; Android 5.0) AppleWebKit/537.36 (KHTML, like Gecko) Mobile Safari/537.36 (compatible; Bytespider; [email protected])"
47.128.17.113 - - [27/Feb/2026:08:42:50 -0500] "GET /wp-content/themes/digiqole/assets/css/print.css?ver=1.4.6 HTTP/1.1" 200 919 "https://www.thedubaitoday.com/advertise-us/" "Mozilla/5.0 (Linux; Android 5.0) AppleWebKit/537.36 (KHTML, like Gecko) Mobile Safari/537.36 (compatible; Bytespider; [email protected])"
120.220.221.73 - - [27/Feb/2026:08:44:45 -0500] "GET /wp-content/plugins/elementor/assets/css/frontend-legacy.min.css?ver=3.0.13 HTTP/1.1" 200 446 "https://www.thedubaitoday.com/expo-2020-dubai-is-where-arab-international-civilisations-can-meet-in-uae-abdullah-bin-zayed/" "Mozilla/5.0 (Windows NT 10.0; Win64; x64) AppleWebKit/537.36 (KHTML, like Gecko) Chrome/139.0.0.0 Safari/537.36"
120.220.221.73 - - [27/Feb/2026:08:44:45 -0500] "GET /wp-content/plugins/litespeed-cache/assets/css/litespeed-dummy.css?ver=5.5.16 HTTP/1.1" 200 60 "https://www.thedubaitoday.com/expo-2020-dubai-is-where-arab-international-civilisations-can-meet-in-uae-abdullah-bin-zayed/" "Mozilla/5.0 (Windows NT 10.0; Win64; x64) AppleWebKit/537.36 (KHTML, like Gecko) Chrome/139.0.0.0 Safari/537.36"
120.220.221.73 - - [27/Feb/2026:08:44:45 -0500] "GET /wp-content/plugins/accesspress-social-counter/css/fontawesome-all.css?ver=1.9.0 HTTP/1.1" 200 8084 "https://www.thedubaitoday.com/expo-2020-dubai-is-where-arab-international-civilisations-can-meet-in-uae-abdullah-bin-zayed/" "Mozilla/5.0 (Windows NT 10.0; Win64; x64) AppleWebKit/537.36 (KHTML, like Gecko) Chrome/139.0.0.0 Safari/537.36"
120.220.221.73 - - [27/Feb/2026:08:44:45 -0500] "GET /wp-includes/css/dist/block-library/style.min.css?ver=5.5.16 HTTP/1.1" 200 7455 "https://www.thedubaitoday.com/expo-2020-dubai-is-where-arab-international-civilisations-can-meet-in-uae-abdullah-bin-zayed/" "Mozilla/5.0 (Windows NT 10.0; Win64; x64) AppleWebKit/537.36 (KHTML, like Gecko) Chrome/139.0.0.0 Safari/537.36"
120.220.221.73 - - [27/Feb/2026:08:44:45 -0500] "GET /wp-includes/css/dist/block-library/theme.min.css?ver=5.5.16 HTTP/1.1" 200 635 "https://www.thedubaitoday.com/expo-2020-dubai-is-where-arab-international-civilisations-can-meet-in-uae-abdullah-bin-zayed/" "Mozilla/5.0 (Windows NT 10.0; Win64; x64) AppleWebKit/537.36 (KHTML, like Gecko) Chrome/139.0.0.0 Safari/537.36"
120.220.221.73 - - [27/Feb/2026:08:44:45 -0500] "GET /wp-content/plugins/accesspress-social-counter/css/frontend.css?ver=1.9.0 HTTP/1.1" 200 2295 "https://www.thedubaitoday.com/expo-2020-dubai-is-where-arab-international-civilisations-can-meet-in-uae-abdullah-bin-zayed/" "Mozilla/5.0 (Windows NT 10.0; Win64; x64) AppleWebKit/537.36 (KHTML, like Gecko) Chrome/139.0.0.0 Safari/537.36"
120.220.221.73 - - [27/Feb/2026:08:44:45 -0500] "GET /wp-content/plugins/elementskit-lite/modules/controls/assets/css/ekiticons.css?ver=5.9.0 HTTP/1.1" 200 11425 "https://www.thedubaitoday.com/expo-2020-dubai-is-where-arab-international-civilisations-can-meet-in-uae-abdullah-bin-zayed/" "Mozilla/5.0 (Windows NT 10.0; Win64; x64) AppleWebKit/537.36 (KHTML, like Gecko) Chrome/139.0.0.0 Safari/537.36"
120.220.221.73 - - [27/Feb/2026:08:44:45 -0500] "GET /wp-content/themes/digiqole/assets/css/icon-font.css?ver=1.4.6 HTTP/1.1" 200 2796 "https://www.thedubaitoday.com/expo-2020-dubai-is-where-arab-international-civilisations-can-meet-in-uae-abdullah-bin-zayed/" "Mozilla/5.0 (Windows NT 10.0; Win64; x64) AppleWebKit/537.36 (KHTML, like Gecko) Chrome/139.0.0.0 Safari/537.36"
120.220.221.73 - - [27/Feb/2026:08:44:45 -0500] "GET /wp-content/themes/digiqole/assets/css/woocommerce.css?ver=1.4.6 HTTP/1.1" 200 1465 "https://www.thedubaitoday.com/expo-2020-dubai-is-where-arab-international-civilisations-can-meet-in-uae-abdullah-bin-zayed/" "Mozilla/5.0 (Windows NT 10.0; Win64; x64) AppleWebKit/537.36 (KHTML, like Gecko) Chrome/139.0.0.0 Safari/537.36"
120.220.221.73 - - [27/Feb/2026:08:44:45 -0500] "GET /wp-content/themes/digiqole/assets/css/blog.css?ver=1.4.6 HTTP/1.1" 200 4154 "https://www.thedubaitoday.com/expo-2020-dubai-is-where-arab-international-civilisations-can-meet-in-uae-abdullah-bin-zayed/" "Mozilla/5.0 (Windows NT 10.0; Win64; x64) AppleWebKit/537.36 (KHTML, like Gecko) Chrome/139.0.0.0 Safari/537.36"
120.220.221.73 - - [27/Feb/2026:08:44:45 -0500] "GET /wp-content/plugins/elementor/assets/css/frontend.min.css?ver=3.0.13 HTTP/1.1" 200 14903 "https://www.thedubaitoday.com/expo-2020-dubai-is-where-arab-international-civilisations-can-meet-in-uae-abdullah-bin-zayed/" "Mozilla/5.0 (Windows NT 10.0; Win64; x64) AppleWebKit/537.36 (KHTML, like Gecko) Chrome/139.0.0.0 Safari/537.36"
