120.227.229.31 - - [27/Feb/2026:11:26:23 -0500] "GET /wp-includes/css/dist/block-library/theme.min.css?ver=5.5.16 HTTP/1.1" 200 635 "https://www.thedubaitoday.com/expo-2020-dubai-epitomises-global-ambitions-for-a-brighter-future-says-uae-ambassador-to-china/" "Mozilla/5.0 (Windows NT 10.0; Win64; x64) AppleWebKit/537.36 (KHTML, like Gecko) Chrome/139.0.0.0 Safari/537.36"
120.227.229.31 - - [27/Feb/2026:11:26:23 -0500] "GET /wp-includes/css/dist/block-library/style.min.css?ver=5.5.16 HTTP/1.1" 200 7455 "https://www.thedubaitoday.com/expo-2020-dubai-epitomises-global-ambitions-for-a-brighter-future-says-uae-ambassador-to-china/" "Mozilla/5.0 (Windows NT 10.0; Win64; x64) AppleWebKit/537.36 (KHTML, like Gecko) Chrome/139.0.0.0 Safari/537.36"
120.227.229.31 - - [27/Feb/2026:11:26:23 -0500] "GET /wp-content/plugins/contact-form-7/includes/css/styles.css?ver=5.3 HTTP/1.1" 200 621 "https://www.thedubaitoday.com/expo-2020-dubai-epitomises-global-ambitions-for-a-brighter-future-says-uae-ambassador-to-china/" "Mozilla/5.0 (Windows NT 10.0; Win64; x64) AppleWebKit/537.36 (KHTML, like Gecko) Chrome/139.0.0.0 Safari/537.36"
120.227.229.31 - - [27/Feb/2026:11:26:23 -0500] "GET /wp-content/themes/digiqole/assets/css/blog.css?ver=1.4.6 HTTP/1.1" 200 4154 "https://www.thedubaitoday.com/expo-2020-dubai-epitomises-global-ambitions-for-a-brighter-future-says-uae-ambassador-to-china/" "Mozilla/5.0 (Windows NT 10.0; Win64; x64) AppleWebKit/537.36 (KHTML, like Gecko) Chrome/139.0.0.0 Safari/537.36"
120.227.229.31 - - [27/Feb/2026:11:26:23 -0500] "GET /wp-content/plugins/elementskit-lite/widgets/init/assets/css/widget-styles.css?ver=2.0.9.1 HTTP/1.1" 200 46062 "https://www.thedubaitoday.com/expo-2020-dubai-epitomises-global-ambitions-for-a-brighter-future-says-uae-ambassador-to-china/" "Mozilla/5.0 (Windows NT 10.0; Win64; x64) AppleWebKit/537.36 (KHTML, like Gecko) Chrome/139.0.0.0 Safari/537.36"
120.227.229.31 - - [27/Feb/2026:11:26:23 -0500] "GET /wp-content/plugins/elementskit-lite/modules/controls/assets/css/ekiticons.css?ver=5.9.0 HTTP/1.1" 200 11425 "https://www.thedubaitoday.com/expo-2020-dubai-epitomises-global-ambitions-for-a-brighter-future-says-uae-ambassador-to-china/" "Mozilla/5.0 (Windows NT 10.0; Win64; x64) AppleWebKit/537.36 (KHTML, like Gecko) Chrome/139.0.0.0 Safari/537.36"
77.75.79.109 - - [27/Feb/2026:11:22:02 -0500] "GET /masdar-continues-to-strengthen-its-leading-stature-in-clean-energy-sector/ HTTP/1.1" 200 18281 "-" "Mozilla/5.0 (compatible; SeznamBot/4.0; +https://o-seznam.cz/napoveda/vyhledavani/en/seznambot-crawler/)"
114.119.156.60 - - [27/Feb/2026:11:22:05 -0500] "GET /author/admin/page/63/ HTTP/1.1" 200 16432 "https://www.thedubaitoday.com/author/admin/page/62/" "Mozilla/5.0 (Linux; Android 7.0;) AppleWebKit/537.36 (KHTML, like Gecko) Mobile Safari/537.36 (compatible; PetalBot;+https://webmaster.petalsearch.com/site/petalbot)"
205.185.117.70 - - [27/Feb/2026:11:23:46 -0500] "GET /wp-login.php HTTP/1.1" 200 7425 "-" "Mozilla/5.0 (Windows NT 6.1; WOW64; rv:30.0) Gecko/20100101 Firefox/30.0"
205.185.117.70 - - [27/Feb/2026:11:23:46 -0500] "POST /wp-login.php HTTP/1.1" 200 7856 "-" "Mozilla/5.0 (Windows NT 6.1; WOW64; rv:30.0) Gecko/20100101 Firefox/30.0"
167.114.139.62 - - [27/Feb/2026:11:25:07 -0500] "GET /sial-middle-east-virtual-platform-to-focus-on-challenges-facing-global-fb-hospitality-and-dates-industry/ HTTP/1.1" 200 14203 "-" "Mozilla/5.0 (compatible; AhrefsBot/7.0; +http://ahrefs.com/robot/)"
120.227.229.31 - - [27/Feb/2026:11:26:23 -0500] "GET /wp-content/uploads/elementor/css/post-3859.css?ver=1762517660 HTTP/1.1" 200 1104 "https://www.thedubaitoday.com/expo-2020-dubai-epitomises-global-ambitions-for-a-brighter-future-says-uae-ambassador-to-china/" "Mozilla/5.0 (Windows NT 10.0; Win64; x64) AppleWebKit/537.36 (KHTML, like Gecko) Chrome/139.0.0.0 Safari/537.36"
120.227.229.31 - - [27/Feb/2026:11:26:23 -0500] "GET /wp-content/plugins/elementskit-lite/widgets/init/assets/css/responsive.css?ver=2.0.9.1 HTTP/1.1" 200 0 "https://www.thedubaitoday.com/expo-2020-dubai-epitomises-global-ambitions-for-a-brighter-future-says-uae-ambassador-to-china/" "Mozilla/5.0 (Windows NT 10.0; Win64; x64) AppleWebKit/537.36 (KHTML, like Gecko) Chrome/139.0.0.0 Safari/537.36"
120.227.229.31 - - [27/Feb/2026:11:26:23 -0500] "GET /wp-content/themes/digiqole/assets/css/bootstrap.min.css?ver=1.4.6 HTTP/1.1" 200 0 "https://www.thedubaitoday.com/expo-2020-dubai-epitomises-global-ambitions-for-a-brighter-future-says-uae-ambassador-to-china/" "Mozilla/5.0 (Windows NT 10.0; Win64; x64) AppleWebKit/537.36 (KHTML, like Gecko) Chrome/139.0.0.0 Safari/537.36"
120.227.229.31 - - [27/Feb/2026:11:26:23 -0500] "GET /wp-content/themes/digiqole/assets/css/owl.theme.default.min.css?ver=1.4.6 HTTP/1.1" 200 0 "https://www.thedubaitoday.com/expo-2020-dubai-epitomises-global-ambitions-for-a-brighter-future-says-uae-ambassador-to-china/" "Mozilla/5.0 (Windows NT 10.0; Win64; x64) AppleWebKit/537.36 (KHTML, like Gecko) Chrome/139.0.0.0 Safari/537.36"
120.227.229.31 - - [27/Feb/2026:11:26:23 -0500] "GET /wp-content/plugins/wp-ultimate-review/assets/public/script/content-page.js?ver=5.5.16 HTTP/1.1" 200 0 "https://www.thedubaitoday.com/expo-2020-dubai-epitomises-global-ambitions-for-a-brighter-future-says-uae-ambassador-to-china/" "Mozilla/5.0 (Windows NT 10.0; Win64; x64) AppleWebKit/537.36 (KHTML, like Gecko) Chrome/139.0.0.0 Safari/537.36"
120.227.229.31 - - [27/Feb/2026:11:26:23 -0500] "GET /wp-content/themes/digiqole/assets/css/magnific-popup.css?ver=1.4.6 HTTP/1.1" 200 0 "https://www.thedubaitoday.com/expo-2020-dubai-epitomises-global-ambitions-for-a-brighter-future-says-uae-ambassador-to-china/" "Mozilla/5.0 (Windows NT 10.0; Win64; x64) AppleWebKit/537.36 (KHTML, like Gecko) Chrome/139.0.0.0 Safari/537.36"
120.227.229.31 - - [27/Feb/2026:11:26:23 -0500] "GET /wp-includes/js/jquery/jquery.js?ver=1.12.4-wp HTTP/1.1" 200 0 "https://www.thedubaitoday.com/expo-2020-dubai-epitomises-global-ambitions-for-a-brighter-future-says-uae-ambassador-to-china/" "Mozilla/5.0 (Windows NT 10.0; Win64; x64) AppleWebKit/537.36 (KHTML, like Gecko) Chrome/139.0.0.0 Safari/537.36"
120.227.229.31 - - [27/Feb/2026:11:26:23 -0500] "GET /wp-content/uploads/2020/11/3-1.png HTTP/1.1" 200 0 "https://www.thedubaitoday.com/expo-2020-dubai-epitomises-global-ambitions-for-a-brighter-future-says-uae-ambassador-to-china/" "Mozilla/5.0 (Windows NT 10.0; Win64; x64) AppleWebKit/537.36 (KHTML, like Gecko) Chrome/139.0.0.0 Safari/537.36"
120.227.229.31 - - [27/Feb/2026:11:26:23 -0500] "GET /wp-content/plugins/elementskit-lite/widgets/init/assets/css/widget-styles-pro.css?ver=2.0.9.1 HTTP/1.1" 200 0 "https://www.thedubaitoday.com/expo-2020-dubai-epitomises-global-ambitions-for-a-brighter-future-says-uae-ambassador-to-china/" "Mozilla/5.0 (Windows NT 10.0; Win64; x64) AppleWebKit/537.36 (KHTML, like Gecko) Chrome/139.0.0.0 Safari/537.36"
183.216.163.122 - - [27/Feb/2026:11:26:26 -0500] "GET /wp-content/uploads/elementor/css/post-3859.css?ver=1762517660 HTTP/1.1" 200 1104 "https://www.thedubaitoday.com/expo-2020-dubai-epitomises-global-ambitions-for-a-brighter-future-says-uae-ambassador-to-china/" "Mozilla/5.0 (Windows NT 10.0; Win64; x64) AppleWebKit/537.36 (KHTML, like Gecko) Chrome/139.0.0.0 Safari/537.36"
183.216.163.122 - - [27/Feb/2026:11:26:26 -0500] "GET /wp-content/plugins/elementor/assets/css/frontend-legacy.min.css?ver=3.0.13 HTTP/1.1" 200 446 "https://www.thedubaitoday.com/expo-2020-dubai-epitomises-global-ambitions-for-a-brighter-future-says-uae-ambassador-to-china/" "Mozilla/5.0 (Windows NT 10.0; Win64; x64) AppleWebKit/537.36 (KHTML, like Gecko) Chrome/139.0.0.0 Safari/537.36"
183.216.163.122 - - [27/Feb/2026:11:26:26 -0500] "GET /wp-content/plugins/elementor/assets/css/frontend.min.css?ver=3.0.13 HTTP/1.1" 200 14903 "https://www.thedubaitoday.com/expo-2020-dubai-epitomises-global-ambitions-for-a-brighter-future-says-uae-ambassador-to-china/" "Mozilla/5.0 (Windows NT 10.0; Win64; x64) AppleWebKit/537.36 (KHTML, like Gecko) Chrome/139.0.0.0 Safari/537.36"
183.216.163.122 - - [27/Feb/2026:11:26:26 -0500] "GET /wp-includes/css/dist/block-library/style.min.css?ver=5.5.16 HTTP/1.1" 200 7455 "https://www.thedubaitoday.com/expo-2020-dubai-epitomises-global-ambitions-for-a-brighter-future-says-uae-ambassador-to-china/" "Mozilla/5.0 (Windows NT 10.0; Win64; x64) AppleWebKit/537.36 (KHTML, like Gecko) Chrome/139.0.0.0 Safari/537.36"
183.216.163.122 - - [27/Feb/2026:11:26:26 -0500] "GET /wp-content/plugins/contact-form-7/includes/css/styles.css?ver=5.3 HTTP/1.1" 200 621 "https://www.thedubaitoday.com/expo-2020-dubai-epitomises-global-ambitions-for-a-brighter-future-says-uae-ambassador-to-china/" "Mozilla/5.0 (Windows NT 10.0; Win64; x64) AppleWebKit/537.36 (KHTML, like Gecko) Chrome/139.0.0.0 Safari/537.36"
183.216.163.122 - - [27/Feb/2026:11:26:26 -0500] "GET /wp-content/plugins/wp-ultimate-review/assets/public/css/content-page.css?ver=5.5.16 HTTP/1.1" 200 3806 "https://www.thedubaitoday.com/expo-2020-dubai-epitomises-global-ambitions-for-a-brighter-future-says-uae-ambassador-to-china/" "Mozilla/5.0 (Windows NT 10.0; Win64; x64) AppleWebKit/537.36 (KHTML, like Gecko) Chrome/139.0.0.0 Safari/537.36"
183.216.163.122 - - [27/Feb/2026:11:26:26 -0500] "GET /wp-content/themes/digiqole/assets/css/owl.theme.default.min.css?ver=1.4.6 HTTP/1.1" 200 375 "https://www.thedubaitoday.com/expo-2020-dubai-epitomises-global-ambitions-for-a-brighter-future-says-uae-ambassador-to-china/" "Mozilla/5.0 (Windows NT 10.0; Win64; x64) AppleWebKit/537.36 (KHTML, like Gecko) Chrome/139.0.0.0 Safari/537.36"
183.216.163.122 - - [27/Feb/2026:11:26:26 -0500] "GET /wp-content/plugins/elementor/assets/lib/font-awesome/css/font-awesome.min.css?ver=4.7.0 HTTP/1.1" 200 6657 "https://www.thedubaitoday.com/expo-2020-dubai-epitomises-global-ambitions-for-a-brighter-future-says-uae-ambassador-to-china/" "Mozilla/5.0 (Windows NT 10.0; Win64; x64) AppleWebKit/537.36 (KHTML, like Gecko) Chrome/139.0.0.0 Safari/537.36"
120.227.229.31 - - [27/Feb/2026:11:26:23 -0500] "GET /wp-content/themes/digiqole/assets/css/animate.css?ver=1.4.6 HTTP/1.1" 200 2770 "https://www.thedubaitoday.com/expo-2020-dubai-epitomises-global-ambitions-for-a-brighter-future-says-uae-ambassador-to-china/" "Mozilla/5.0 (Windows NT 10.0; Win64; x64) AppleWebKit/537.36 (KHTML, like Gecko) Chrome/139.0.0.0 Safari/537.36"
120.227.229.31 - - [27/Feb/2026:11:26:23 -0500] "GET /wp-content/plugins/elementor/assets/lib/font-awesome/css/fontawesome.min.css?ver=5.12.0 HTTP/1.1" 200 11671 "https://www.thedubaitoday.com/expo-2020-dubai-epitomises-global-ambitions-for-a-brighter-future-says-uae-ambassador-to-china/" "Mozilla/5.0 (Windows NT 10.0; Win64; x64) AppleWebKit/537.36 (KHTML, like Gecko) Chrome/139.0.0.0 Safari/537.36"
120.227.229.31 - - [27/Feb/2026:11:26:23 -0500] "GET /wp-content/plugins/elementor/assets/lib/font-awesome/css/font-awesome.min.css?ver=4.7.0 HTTP/1.1" 200 6657 "https://www.thedubaitoday.com/expo-2020-dubai-epitomises-global-ambitions-for-a-brighter-future-says-uae-ambassador-to-china/" "Mozilla/5.0 (Windows NT 10.0; Win64; x64) AppleWebKit/537.36 (KHTML, like Gecko) Chrome/139.0.0.0 Safari/537.36"
183.216.163.122 - - [27/Feb/2026:11:26:25 -0500] "GET /expo-2020-dubai-epitomises-global-ambitions-for-a-brighter-future-says-uae-ambassador-to-china/ HTTP/1.1" 200 12886 "-" "Mozilla/5.0 (Windows NT 10.0; Win64; x64) AppleWebKit/537.36 (KHTML, like Gecko) Chrome/139.0.0.0 Safari/537.36"
183.216.163.122 - - [27/Feb/2026:11:26:26 -0500] "GET /wp-content/plugins/litespeed-cache/assets/css/litespeed-dummy.css?ver=5.5.16 HTTP/1.1" 200 60 "https://www.thedubaitoday.com/expo-2020-dubai-epitomises-global-ambitions-for-a-brighter-future-says-uae-ambassador-to-china/" "Mozilla/5.0 (Windows NT 10.0; Win64; x64) AppleWebKit/537.36 (KHTML, like Gecko) Chrome/139.0.0.0 Safari/537.36"
183.216.163.122 - - [27/Feb/2026:11:26:26 -0500] "GET /wp-includes/css/dist/block-library/theme.min.css?ver=5.5.16 HTTP/1.1" 200 635 "https://www.thedubaitoday.com/expo-2020-dubai-epitomises-global-ambitions-for-a-brighter-future-says-uae-ambassador-to-china/" "Mozilla/5.0 (Windows NT 10.0; Win64; x64) AppleWebKit/537.36 (KHTML, like Gecko) Chrome/139.0.0.0 Safari/537.36"
183.216.163.122 - - [27/Feb/2026:11:26:26 -0500] "GET /wp-content/plugins/accesspress-social-counter/css/fontawesome-all.css?ver=1.9.0 HTTP/1.1" 200 8084 "https://www.thedubaitoday.com/expo-2020-dubai-epitomises-global-ambitions-for-a-brighter-future-says-uae-ambassador-to-china/" "Mozilla/5.0 (Windows NT 10.0; Win64; x64) AppleWebKit/537.36 (KHTML, like Gecko) Chrome/139.0.0.0 Safari/537.36"
183.216.163.122 - - [27/Feb/2026:11:26:26 -0500] "GET /wp-content/plugins/accesspress-social-counter/css/frontend.css?ver=1.9.0 HTTP/1.1" 200 2295 "https://www.thedubaitoday.com/expo-2020-dubai-epitomises-global-ambitions-for-a-brighter-future-says-uae-ambassador-to-china/" "Mozilla/5.0 (Windows NT 10.0; Win64; x64) AppleWebKit/537.36 (KHTML, like Gecko) Chrome/139.0.0.0 Safari/537.36"
183.216.163.122 - - [27/Feb/2026:11:26:26 -0500] "GET /wp-content/plugins/elementskit-lite/modules/controls/assets/css/ekiticons.css?ver=5.9.0 HTTP/1.1" 200 11425 "https://www.thedubaitoday.com/expo-2020-dubai-epitomises-global-ambitions-for-a-brighter-future-says-uae-ambassador-to-china/" "Mozilla/5.0 (Windows NT 10.0; Win64; x64) AppleWebKit/537.36 (KHTML, like Gecko) Chrome/139.0.0.0 Safari/537.36"
183.216.163.122 - - [27/Feb/2026:11:26:26 -0500] "GET /wp-includes/css/dashicons.min.css?ver=5.5.16 HTTP/1.1" 200 35107 "https://www.thedubaitoday.com/expo-2020-dubai-epitomises-global-ambitions-for-a-brighter-future-says-uae-ambassador-to-china/" "Mozilla/5.0 (Windows NT 10.0; Win64; x64) AppleWebKit/537.36 (KHTML, like Gecko) Chrome/139.0.0.0 Safari/537.36"
183.216.163.122 - - [27/Feb/2026:11:26:26 -0500] "GET /wp-content/themes/digiqole/assets/css/icon-font.css?ver=1.4.6 HTTP/1.1" 200 2796 "https://www.thedubaitoday.com/expo-2020-dubai-epitomises-global-ambitions-for-a-brighter-future-says-uae-ambassador-to-china/" "Mozilla/5.0 (Windows NT 10.0; Win64; x64) AppleWebKit/537.36 (KHTML, like Gecko) Chrome/139.0.0.0 Safari/537.36"
183.216.163.122 - - [27/Feb/2026:11:26:26 -0500] "GET /wp-content/themes/digiqole/assets/css/bootstrap.min.css?ver=1.4.6 HTTP/1.1" 200 18543 "https://www.thedubaitoday.com/expo-2020-dubai-epitomises-global-ambitions-for-a-brighter-future-says-uae-ambassador-to-china/" "Mozilla/5.0 (Windows NT 10.0; Win64; x64) AppleWebKit/537.36 (KHTML, like Gecko) Chrome/139.0.0.0 Safari/537.36"
183.216.163.122 - - [27/Feb/2026:11:26:26 -0500] "GET /wp-content/themes/digiqole/assets/css/magnific-popup.css?ver=1.4.6 HTTP/1.1" 200 1906 "https://www.thedubaitoday.com/expo-2020-dubai-epitomises-global-ambitions-for-a-brighter-future-says-uae-ambassador-to-china/" "Mozilla/5.0 (Windows NT 10.0; Win64; x64) AppleWebKit/537.36 (KHTML, like Gecko) Chrome/139.0.0.0 Safari/537.36"
183.216.163.122 - - [27/Feb/2026:11:26:26 -0500] "GET /wp-content/themes/digiqole/assets/css/owl.carousel.min.css?ver=1.4.6 HTTP/1.1" 200 789 "https://www.thedubaitoday.com/expo-2020-dubai-epitomises-global-ambitions-for-a-brighter-future-says-uae-ambassador-to-china/" "Mozilla/5.0 (Windows NT 10.0; Win64; x64) AppleWebKit/537.36 (KHTML, like Gecko) Chrome/139.0.0.0 Safari/537.36"
183.216.163.122 - - [27/Feb/2026:11:26:26 -0500] "GET /wp-content/themes/digiqole/assets/css/woocommerce.css?ver=1.4.6 HTTP/1.1" 200 1465 "https://www.thedubaitoday.com/expo-2020-dubai-epitomises-global-ambitions-for-a-brighter-future-says-uae-ambassador-to-china/" "Mozilla/5.0 (Windows NT 10.0; Win64; x64) AppleWebKit/537.36 (KHTML, like Gecko) Chrome/139.0.0.0 Safari/537.36"
183.216.163.122 - - [27/Feb/2026:11:26:26 -0500] "GET /wp-content/themes/digiqole/assets/css/jquery.mCustomScrollbar.css?ver=1.4.6 HTTP/1.1" 200 5312 "https://www.thedubaitoday.com/expo-2020-dubai-epitomises-global-ambitions-for-a-brighter-future-says-uae-ambassador-to-china/" "Mozilla/5.0 (Windows NT 10.0; Win64; x64) AppleWebKit/537.36 (KHTML, like Gecko) Chrome/139.0.0.0 Safari/537.36"
183.216.163.122 - - [27/Feb/2026:11:26:26 -0500] "GET /wp-content/plugins/elementskit-lite/widgets/init/assets/css/widget-styles.css?ver=2.0.9.1 HTTP/1.1" 200 46062 "https://www.thedubaitoday.com/expo-2020-dubai-epitomises-global-ambitions-for-a-brighter-future-says-uae-ambassador-to-china/" "Mozilla/5.0 (Windows NT 10.0; Win64; x64) AppleWebKit/537.36 (KHTML, like Gecko) Chrome/139.0.0.0 Safari/537.36"
183.216.163.122 - - [27/Feb/2026:11:26:26 -0500] "GET /wp-content/themes/digiqole/assets/css/master.css?ver=1.4.6 HTTP/1.1" 200 27631 "https://www.thedubaitoday.com/expo-2020-dubai-epitomises-global-ambitions-for-a-brighter-future-says-uae-ambassador-to-china/" "Mozilla/5.0 (Windows NT 10.0; Win64; x64) AppleWebKit/537.36 (KHTML, like Gecko) Chrome/139.0.0.0 Safari/537.36"
183.216.163.122 - - [27/Feb/2026:11:26:26 -0500] "GET /wp-content/themes/digiqole/assets/css/gutenberg-custom.css?ver=1.4.6 HTTP/1.1" 200 4575 "https://www.thedubaitoday.com/expo-2020-dubai-epitomises-global-ambitions-for-a-brighter-future-says-uae-ambassador-to-china/" "Mozilla/5.0 (Windows NT 10.0; Win64; x64) AppleWebKit/537.36 (KHTML, like Gecko) Chrome/139.0.0.0 Safari/537.36"
183.216.163.122 - - [27/Feb/2026:11:26:26 -0500] "GET /wp-content/plugins/elementor/assets/lib/font-awesome/css/fontawesome.min.css?ver=5.12.0 HTTP/1.1" 200 11671 "https://www.thedubaitoday.com/expo-2020-dubai-epitomises-global-ambitions-for-a-brighter-future-says-uae-ambassador-to-china/" "Mozilla/5.0 (Windows NT 10.0; Win64; x64) AppleWebKit/537.36 (KHTML, like Gecko) Chrome/139.0.0.0 Safari/537.36"
183.216.163.122 - - [27/Feb/2026:11:26:26 -0500] "GET /wp-content/themes/digiqole/assets/css/animate.css?ver=1.4.6 HTTP/1.1" 200 2770 "https://www.thedubaitoday.com/expo-2020-dubai-epitomises-global-ambitions-for-a-brighter-future-says-uae-ambassador-to-china/" "Mozilla/5.0 (Windows NT 10.0; Win64; x64) AppleWebKit/537.36 (KHTML, like Gecko) Chrome/139.0.0.0 Safari/537.36"
183.216.163.122 - - [27/Feb/2026:11:26:26 -0500] "GET /wp-content/plugins/elementskit-lite/widgets/init/assets/css/widget-styles-pro.css?ver=2.0.9.1 HTTP/1.1" 200 22945 "https://www.thedubaitoday.com/expo-2020-dubai-epitomises-global-ambitions-for-a-brighter-future-says-uae-ambassador-to-china/" "Mozilla/5.0 (Windows NT 10.0; Win64; x64) AppleWebKit/537.36 (KHTML, like Gecko) Chrome/139.0.0.0 Safari/537.36"
183.216.163.122 - - [27/Feb/2026:11:26:26 -0500] "GET /wp-content/themes/digiqole/assets/css/blog.css?ver=1.4.6 HTTP/1.1" 200 4154 "https://www.thedubaitoday.com/expo-2020-dubai-epitomises-global-ambitions-for-a-brighter-future-says-uae-ambassador-to-china/" "Mozilla/5.0 (Windows NT 10.0; Win64; x64) AppleWebKit/537.36 (KHTML, like Gecko) Chrome/139.0.0.0 Safari/537.36"
183.216.163.122 - - [27/Feb/2026:11:26:26 -0500] "GET /wp-content/plugins/elementskit-lite/widgets/init/assets/css/responsive.css?ver=2.0.9.1 HTTP/1.1" 200 2595 "https://www.thedubaitoday.com/expo-2020-dubai-epitomises-global-ambitions-for-a-brighter-future-says-uae-ambassador-to-china/" "Mozilla/5.0 (Windows NT 10.0; Win64; x64) AppleWebKit/537.36 (KHTML, like Gecko) Chrome/139.0.0.0 Safari/537.36"
183.216.163.122 - - [27/Feb/2026:11:26:26 -0500] "GET /wp-includes/js/jquery/jquery.js?ver=1.12.4-wp HTTP/1.1" 200 32853 "https://www.thedubaitoday.com/expo-2020-dubai-epitomises-global-ambitions-for-a-brighter-future-says-uae-ambassador-to-china/" "Mozilla/5.0 (Windows NT 10.0; Win64; x64) AppleWebKit/537.36 (KHTML, like Gecko) Chrome/139.0.0.0 Safari/537.36"
52.204.253.129 - - [27/Feb/2026:11:29:21 -0500] "GET /wp-json/oembed/1.0/embed?format=xml&url=https://www.thedubaitoday.com/dct-abu-dhabi-anghami-join-forces-to-bring-sounds-of-traditional-emirati-performing-arts-online/ HTTP/1.1" 200 1387 "-" "Mozilla/5.0 AppleWebKit/537.36 (KHTML, like Gecko; compatible; Amazonbot/0.1; +https://developer.amazon.com/support/amazonbot) Chrome/119.0.6045.214 Safari/537.36"
3.208.146.193 - - [27/Feb/2026:11:29:29 -0500] "GET /wp-json/wp/v2/posts/9915 HTTP/1.1" 200 7453 "-" "Mozilla/5.0 AppleWebKit/537.36 (KHTML, like Gecko; compatible; Amazonbot/0.1; +https://developer.amazon.com/support/amazonbot) Chrome/119.0.6045.214 Safari/537.36"
167.114.139.204 - - [27/Feb/2026:11:29:33 -0500] "GET /abdullah-bin-zayed-antony-blinken-discuss-latest-regional-global-developments/ HTTP/1.1" 200 12488 "-" "Mozilla/5.0 (compatible; AhrefsBot/7.0; +http://ahrefs.com/robot/)"
52.3.102.51 - - [27/Feb/2026:11:29:37 -0500] "GET /wp-json/wp/v2/posts/9345 HTTP/1.1" 200 5303 "-" "Mozilla/5.0 AppleWebKit/537.36 (KHTML, like Gecko; compatible; Amazonbot/0.1; +https://developer.amazon.com/support/amazonbot) Chrome/119.0.6045.214 Safari/537.36"
183.216.163.122 - - [27/Feb/2026:11:26:26 -0500] "GET /wp-content/plugins/elementor/assets/lib/font-awesome/css/solid.min.css?ver=5.12.0 HTTP/1.1" 200 286 "https://www.thedubaitoday.com/expo-2020-dubai-epitomises-global-ambitions-for-a-brighter-future-says-uae-ambassador-to-china/" "Mozilla/5.0 (Windows NT 10.0; Win64; x64) AppleWebKit/537.36 (KHTML, like Gecko) Chrome/139.0.0.0 Safari/537.36"
183.216.163.122 - - [27/Feb/2026:11:26:26 -0500] "GET /wp-content/plugins/wp-ultimate-review/assets/public/script/content-page.js?ver=5.5.16 HTTP/1.1" 200 948 "https://www.thedubaitoday.com/expo-2020-dubai-epitomises-global-ambitions-for-a-brighter-future-says-uae-ambassador-to-china/" "Mozilla/5.0 (Windows NT 10.0; Win64; x64) AppleWebKit/537.36 (KHTML, like Gecko) Chrome/139.0.0.0 Safari/537.36"
183.216.163.122 - - [27/Feb/2026:11:26:26 -0500] "GET /wp-content/plugins/elementor/assets/lib/eicons/css/elementor-icons.min.css?ver=5.9.1 HTTP/1.1" 200 3186 "https://www.thedubaitoday.com/expo-2020-dubai-epitomises-global-ambitions-for-a-brighter-future-says-uae-ambassador-to-china/" "Mozilla/5.0 (Windows NT 10.0; Win64; x64) AppleWebKit/537.36 (KHTML, like Gecko) Chrome/139.0.0.0 Safari/537.36"
183.216.163.122 - - [27/Feb/2026:11:26:26 -0500] "GET /wp-content/plugins/elementor/assets/lib/animations/animations.min.css?ver=3.0.13 HTTP/1.1" 200 2442 "https://www.thedubaitoday.com/expo-2020-dubai-epitomises-global-ambitions-for-a-brighter-future-says-uae-ambassador-to-china/" "Mozilla/5.0 (Windows NT 10.0; Win64; x64) AppleWebKit/537.36 (KHTML, like Gecko) Chrome/139.0.0.0 Safari/537.36"
114.119.130.109 - - [27/Feb/2026:11:27:40 -0500] "GET /dewa-wins-innovative-power-technology-of-the-year-at-asian-power-awards-2020/ HTTP/1.1" 200 14987 "https://www.thedubaitoday.com/category/awards/page/2" "Mozilla/5.0 (Linux; Android 7.0;) AppleWebKit/537.36 (KHTML, like Gecko) Mobile Safari/537.36 (compatible; PetalBot;+https://webmaster.petalsearch.com/site/petalbot)"
77.75.79.109 - - [27/Feb/2026:11:27:52 -0500] "GET /farnek-hotel-management-launches-flexi-guest-at-ahic/ HTTP/1.1" 200 15946 "-" "Mozilla/5.0 (compatible; SeznamBot/4.0; +https://o-seznam.cz/napoveda/vyhledavani/en/seznambot-crawler/)"
114.119.136.150 - - [27/Feb/2026:11:29:04 -0500] "GET /ski-dubais-dxb-snow-run-to-kick-off-11th-june/ HTTP/1.1" 200 14600 "https://www.thedubaitoday.com/author/admin/page/74/" "Mozilla/5.0 (Linux; Android 7.0;) AppleWebKit/537.36 (KHTML, like Gecko) Mobile Safari/537.36 (compatible; PetalBot;+https://webmaster.petalsearch.com/site/petalbot)"
44.212.106.171 - - [27/Feb/2026:11:29:17 -0500] "GET /wp-json/oembed/1.0/embed?format=xml&url=https://www.thedubaitoday.com/al-wathba-stallions-cup-to-kick-off-tomorrow-in-britain/ HTTP/1.1" 200 1341 "-" "Mozilla/5.0 AppleWebKit/537.36 (KHTML, like Gecko; compatible; Amazonbot/0.1; +https://developer.amazon.com/support/amazonbot) Chrome/119.0.6045.214 Safari/537.36"
18.214.186.220 - - [27/Feb/2026:11:29:14 -0500] "GET /wp-json/wp/v2/posts/8180 HTTP/1.1" 200 12282 "-" "Mozilla/5.0 AppleWebKit/537.36 (KHTML, like Gecko; compatible; Amazonbot/0.1; +https://developer.amazon.com/support/amazonbot) Chrome/119.0.6045.214 Safari/537.36"
18.213.70.100 - - [27/Feb/2026:11:29:26 -0500] "GET /wp-json/wp/v2/posts/9618 HTTP/1.1" 200 4532 "-" "Mozilla/5.0 AppleWebKit/537.36 (KHTML, like Gecko; compatible; Amazonbot/0.1; +https://developer.amazon.com/support/amazonbot) Chrome/119.0.6045.214 Safari/537.36"
52.22.64.232 - - [27/Feb/2026:11:29:33 -0500] "GET /wp-json/oembed/1.0/embed?url=https://www.thedubaitoday.com/ae-a-leader-in-womens-representation-in-governance-says-uncdf-executive-secretary/ HTTP/1.1" 200 2867 "-" "Mozilla/5.0 AppleWebKit/537.36 (KHTML, like Gecko; compatible; Amazonbot/0.1; +https://developer.amazon.com/support/amazonbot) Chrome/119.0.6045.214 Safari/537.36"
162.213.253.84 - - [27/Feb/2026:11:31:57 -0500] "POST /wp-cron.php?doing_wp_cron=1772209917.7109420299530029296875 HTTP/1.1" 200 0 "https://www.thedubaitoday.com/wp-cron.php?doing_wp_cron=1772209917.7109420299530029296875" "WordPress/5.5.16; https://www.thedubaitoday.com"
114.119.130.109 - - [27/Feb/2026:11:31:57 -0500] "GET /category/national-news/page/27 HTTP/1.1" 301 0 "https://www.thedubaitoday.com/category/national-news/page/29" "Mozilla/5.0 (Linux; Android 7.0;) AppleWebKit/537.36 (KHTML, like Gecko) Mobile Safari/537.36 (compatible; PetalBot;+https://webmaster.petalsearch.com/site/petalbot)"
172.183.222.129 - - [27/Feb/2026:11:32:11 -0500] "GET /celebrate-international-womens-day-at-mondoux/ HTTP/1.1" 200 12779 "-" "Mozilla/5.0 AppleWebKit/537.36 (KHTML, like Gecko); compatible; ChatGPT-User/1.0; +https://openai.com/bot"
77.75.79.109 - - [27/Feb/2026:11:34:08 -0500] "GET /dr-kapil-khurana-pioneer-of-cosmetic-dentistry/ HTTP/1.1" 200 15036 "-" "Mozilla/5.0 (compatible; SeznamBot/4.0; +https://o-seznam.cz/napoveda/vyhledavani/en/seznambot-crawler/)"
91.65.123.43 - - [27/Feb/2026:11:34:23 -0500] "GET /robots.txt HTTP/1.1" 200 122 "-" "Mozilla/5.0 (compatible; MJ12bot/v1.4.8; http://mj12bot.com/)"
91.65.123.43 - - [27/Feb/2026:11:34:28 -0500] "GET /mohammed-bin-rashid-visits-pavilions-of-jordan-singapore-at-expo-2020-dubai/ HTTP/1.1" 200 12422 "-" "Mozilla/5.0 (compatible; MJ12bot/v1.4.8; http://mj12bot.com/)"
91.65.123.43 - - [27/Feb/2026:11:34:31 -0500] "GET /taraf-unveils-w-residences-in-al-maryah-island-bringing-distinctive-luxury-living-to-abu-dhabi/ HTTP/1.1" 200 13361 "-" "Mozilla/5.0 (compatible; MJ12bot/v1.4.8; http://mj12bot.com/)"
114.119.130.109 - - [27/Feb/2026:11:34:39 -0500] "GET /wp-content/uploads/2020/12/Holiday-Gifts-Home.jpg HTTP/1.1" 200 66479 "https://www.thedubaitoday.com/author/admin/page/165/" "Mozilla/5.0 (Linux; Android 7.0;) AppleWebKit/537.36 (KHTML, like Gecko) Mobile Safari/537.36 (compatible; PetalBot;+https://webmaster.petalsearch.com/site/petalbot)"
43.134.93.245 - - [27/Feb/2026:11:35:00 -0500] "GET /cabo-verde-celebrates-national-day-at-expo-2020/ HTTP/1.1" 200 14475 "-" "Sogou web spider/4.0(+http://www.sogou.com/docs/help/webmasters.htm#07)"
114.119.141.83 - - [27/Feb/2026:11:36:02 -0500] "GET /al-bowardi-visits-pavilions-of-japan-china-syria-at-expo-2020-dubai HTTP/1.1" 301 0 "https://www.thedubaitoday.com/?p=7136" "Mozilla/5.0 (Linux; Android 7.0;) AppleWebKit/537.36 (KHTML, like Gecko) Mobile Safari/537.36 (compatible; PetalBot;+https://webmaster.petalsearch.com/site/petalbot)"
114.119.141.83 - - [27/Feb/2026:11:36:03 -0500] "GET /al-bowardi-visits-pavilions-of-japan-china-syria-at-expo-2020-dubai/ HTTP/1.1" 200 14357 "https://www.thedubaitoday.com/?p=7136" "Mozilla/5.0 (Linux; Android 7.0;) AppleWebKit/537.36 (KHTML, like Gecko) Mobile Safari/537.36 (compatible; PetalBot;+https://webmaster.petalsearch.com/site/petalbot)"
114.119.136.150 - - [27/Feb/2026:11:37:31 -0500] "GET /adnoc-announces-record-6-billion-investments-to-enable-drilling-growth HTTP/1.1" 301 0 "https://www.thedubaitoday.com/category/business/page/10" "Mozilla/5.0 (Linux; Android 7.0;) AppleWebKit/537.36 (KHTML, like Gecko) Mobile Safari/537.36 (compatible; PetalBot;+https://webmaster.petalsearch.com/site/petalbot)"
114.119.136.150 - - [27/Feb/2026:11:37:33 -0500] "GET /adnoc-announces-record-6-billion-investments-to-enable-drilling-growth/ HTTP/1.1" 200 16134 "https://www.thedubaitoday.com/category/business/page/10" "Mozilla/5.0 (Linux; Android 7.0;) AppleWebKit/537.36 (KHTML, like Gecko) Mobile Safari/537.36 (compatible; PetalBot;+https://webmaster.petalsearch.com/site/petalbot)"
77.75.79.109 - - [27/Feb/2026:11:38:11 -0500] "GET /dubai-emerges-as-global-superyacht-capital-report/ HTTP/1.1" 200 18630 "-" "Mozilla/5.0 (compatible; SeznamBot/4.0; +https://o-seznam.cz/napoveda/vyhledavani/en/seznambot-crawler/)"
111.25.193.121 - - [27/Feb/2026:11:38:55 -0500] "GET /wp-content/plugins/elementor/assets/css/frontend.min.css?ver=3.0.13 HTTP/1.1" 200 14903 "https://www.thedubaitoday.com/al-ain-international-airport-welcomes-two-new-weekly-flights-operated-by-nile-air/" "Mozilla/5.0 (Windows NT 10.0; Win64; x64) AppleWebKit/537.36 (KHTML, like Gecko) Chrome/139.0.0.0 Safari/537.36"
111.25.193.121 - - [27/Feb/2026:11:38:55 -0500] "GET /wp-content/plugins/elementor/assets/css/frontend-legacy.min.css?ver=3.0.13 HTTP/1.1" 200 446 "https://www.thedubaitoday.com/al-ain-international-airport-welcomes-two-new-weekly-flights-operated-by-nile-air/" "Mozilla/5.0 (Windows NT 10.0; Win64; x64) AppleWebKit/537.36 (KHTML, like Gecko) Chrome/139.0.0.0 Safari/537.36"
111.25.193.121 - - [27/Feb/2026:11:38:55 -0500] "GET /wp-includes/css/dashicons.min.css?ver=5.5.16 HTTP/1.1" 200 35107 "https://www.thedubaitoday.com/al-ain-international-airport-welcomes-two-new-weekly-flights-operated-by-nile-air/" "Mozilla/5.0 (Windows NT 10.0; Win64; x64) AppleWebKit/537.36 (KHTML, like Gecko) Chrome/139.0.0.0 Safari/537.36"
111.25.193.121 - - [27/Feb/2026:11:38:55 -0500] "GET /wp-content/uploads/elementor/css/post-3859.css?ver=1762517660 HTTP/1.1" 200 1104 "https://www.thedubaitoday.com/al-ain-international-airport-welcomes-two-new-weekly-flights-operated-by-nile-air/" "Mozilla/5.0 (Windows NT 10.0; Win64; x64) AppleWebKit/537.36 (KHTML, like Gecko) Chrome/139.0.0.0 Safari/537.36"
111.25.193.121 - - [27/Feb/2026:11:38:55 -0500] "GET /wp-content/themes/digiqole/assets/css/magnific-popup.css?ver=1.4.6 HTTP/1.1" 200 1906 "https://www.thedubaitoday.com/al-ain-international-airport-welcomes-two-new-weekly-flights-operated-by-nile-air/" "Mozilla/5.0 (Windows NT 10.0; Win64; x64) AppleWebKit/537.36 (KHTML, like Gecko) Chrome/139.0.0.0 Safari/537.36"
111.25.193.121 - - [27/Feb/2026:11:38:55 -0500] "GET /wp-content/themes/digiqole/assets/css/bootstrap.min.css?ver=1.4.6 HTTP/1.1" 200 18543 "https://www.thedubaitoday.com/al-ain-international-airport-welcomes-two-new-weekly-flights-operated-by-nile-air/" "Mozilla/5.0 (Windows NT 10.0; Win64; x64) AppleWebKit/537.36 (KHTML, like Gecko) Chrome/139.0.0.0 Safari/537.36"
111.25.193.121 - - [27/Feb/2026:11:38:55 -0500] "GET /wp-content/themes/digiqole/assets/css/icon-font.css?ver=1.4.6 HTTP/1.1" 200 2796 "https://www.thedubaitoday.com/al-ain-international-airport-welcomes-two-new-weekly-flights-operated-by-nile-air/" "Mozilla/5.0 (Windows NT 10.0; Win64; x64) AppleWebKit/537.36 (KHTML, like Gecko) Chrome/139.0.0.0 Safari/537.36"
111.25.193.121 - - [27/Feb/2026:11:38:55 -0500] "GET /wp-content/themes/digiqole/assets/css/blog.css?ver=1.4.6 HTTP/1.1" 200 4154 "https://www.thedubaitoday.com/al-ain-international-airport-welcomes-two-new-weekly-flights-operated-by-nile-air/" "Mozilla/5.0 (Windows NT 10.0; Win64; x64) AppleWebKit/537.36 (KHTML, like Gecko) Chrome/139.0.0.0 Safari/537.36"
111.25.193.121 - - [27/Feb/2026:11:38:55 -0500] "GET /wp-content/themes/digiqole/assets/css/owl.carousel.min.css?ver=1.4.6 HTTP/1.1" 200 789 "https://www.thedubaitoday.com/al-ain-international-airport-welcomes-two-new-weekly-flights-operated-by-nile-air/" "Mozilla/5.0 (Windows NT 10.0; Win64; x64) AppleWebKit/537.36 (KHTML, like Gecko) Chrome/139.0.0.0 Safari/537.36"
111.25.193.121 - - [27/Feb/2026:11:38:55 -0500] "GET /wp-content/plugins/elementskit-lite/widgets/init/assets/css/responsive.css?ver=2.0.9.1 HTTP/1.1" 200 2595 "https://www.thedubaitoday.com/al-ain-international-airport-welcomes-two-new-weekly-flights-operated-by-nile-air/" "Mozilla/5.0 (Windows NT 10.0; Win64; x64) AppleWebKit/537.36 (KHTML, like Gecko) Chrome/139.0.0.0 Safari/537.36"
111.25.193.121 - - [27/Feb/2026:11:38:55 -0500] "GET /wp-includes/js/jquery/jquery.js?ver=1.12.4-wp HTTP/1.1" 200 32853 "https://www.thedubaitoday.com/al-ain-international-airport-welcomes-two-new-weekly-flights-operated-by-nile-air/" "Mozilla/5.0 (Windows NT 10.0; Win64; x64) AppleWebKit/537.36 (KHTML, like Gecko) Chrome/139.0.0.0 Safari/537.36"
114.119.148.10 - - [27/Feb/2026:11:30:35 -0500] "GET /category/home_side/ HTTP/1.1" 200 16159 "https://www.thedubaitoday.com/ladestate-to-tap-luxury-property-sector-in-dubai/" "Mozilla/5.0 (Linux; Android 7.0;) AppleWebKit/537.36 (KHTML, like Gecko) Mobile Safari/537.36 (compatible; PetalBot;+https://webmaster.petalsearch.com/site/petalbot)"
103.189.159.97 - - [27/Feb/2026:11:31:42 -0500] "GET /united-arab-emirates-university-achieves-5th-place-in-qs-arab-university-rankings-2025/ HTTP/1.1" 200 14718 "-" "Mozilla/5.0 (Windows NT 10.0; Win64; x64) AppleWebKit/537.36 (KHTML, like Gecko) Chrome/86.0.4240.198 Safari/537.36"
114.119.130.109 - - [27/Feb/2026:11:32:05 -0500] "GET /category/national-news/page/27/ HTTP/1.1" 200 16255 "https://www.thedubaitoday.com/category/national-news/page/29" "Mozilla/5.0 (Linux; Android 7.0;) AppleWebKit/537.36 (KHTML, like Gecko) Mobile Safari/537.36 (compatible; PetalBot;+https://webmaster.petalsearch.com/site/petalbot)"
114.119.148.10 - - [27/Feb/2026:11:33:14 -0500] "GET /barraquer-eye-hospital-for-all-your-vision-needs/ HTTP/1.1" 200 15449 "https://www.thedubaitoday.com/?p=9578" "Mozilla/5.0 (Linux; Android 7.0;) AppleWebKit/537.36 (KHTML, like Gecko) Mobile Safari/537.36 (compatible; PetalBot;+https://webmaster.petalsearch.com/site/petalbot)"
54.39.210.248 - - [27/Feb/2026:11:33:48 -0500] "GET /uae-spain-ink-security-cooperation-agreement/ HTTP/1.1" 200 12394 "-" "Mozilla/5.0 (compatible; AhrefsBot/7.0; +http://ahrefs.com/robot/)"
91.65.123.43 - - [27/Feb/2026:11:34:24 -0500] "GET /dubai-harbour-celebrates-successful-start-to-inaugural-cruise-season-as-it-welcomes-aida-and-costa-ships-from-carnival-corporation/ HTTP/1.1" 200 14571 "-" "Mozilla/5.0 (compatible; MJ12bot/v1.4.8; http://mj12bot.com/)"
91.65.123.43 - - [27/Feb/2026:11:34:26 -0500] "GET /mohammed-bin-rashid-meets-with-unesco-director-general/ HTTP/1.1" 200 12758 "-" "Mozilla/5.0 (compatible; MJ12bot/v1.4.8; http://mj12bot.com/)"
91.65.123.43 - - [27/Feb/2026:11:34:30 -0500] "GET /spacex-postpones-starship-test-flight/ HTTP/1.1" 200 12189 "-" "Mozilla/5.0 (compatible; MJ12bot/v1.4.8; http://mj12bot.com/)"
91.65.123.43 - - [27/Feb/2026:11:34:33 -0500] "GET /uae-a-key-driver-of-paralympic-games-development-international-committee-president/ HTTP/1.1" 200 12509 "-" "Mozilla/5.0 (compatible; MJ12bot/v1.4.8; http://mj12bot.com/)"
51.222.168.226 - - [27/Feb/2026:11:37:59 -0500] "GET /russia-reports-19290-new-coronavirus-cases-456-deaths/ HTTP/1.1" 200 12025 "-" "Mozilla/5.0 (compatible; AhrefsBot/7.0; +http://ahrefs.com/robot/)"
111.25.193.121 - - [27/Feb/2026:11:38:53 -0500] "GET /al-ain-international-airport-welcomes-two-new-weekly-flights-operated-by-nile-air/ HTTP/1.1" 200 12440 "-" "Mozilla/5.0 (Windows NT 10.0; Win64; x64) AppleWebKit/537.36 (KHTML, like Gecko) Chrome/139.0.0.0 Safari/537.36"
114.119.148.10 - - [27/Feb/2026:11:38:53 -0500] "GET /?p=9683 HTTP/1.1" 301 0 "https://www.thedubaitoday.com/?author=1&paged=7" "Mozilla/5.0 (Linux; Android 7.0;) AppleWebKit/537.36 (KHTML, like Gecko) Mobile Safari/537.36 (compatible; PetalBot;+https://webmaster.petalsearch.com/site/petalbot)"
111.25.193.121 - - [27/Feb/2026:11:38:55 -0500] "GET /wp-includes/css/dist/block-library/style.min.css?ver=5.5.16 HTTP/1.1" 200 7455 "https://www.thedubaitoday.com/al-ain-international-airport-welcomes-two-new-weekly-flights-operated-by-nile-air/" "Mozilla/5.0 (Windows NT 10.0; Win64; x64) AppleWebKit/537.36 (KHTML, like Gecko) Chrome/139.0.0.0 Safari/537.36"
111.25.193.121 - - [27/Feb/2026:11:38:55 -0500] "GET /wp-content/plugins/litespeed-cache/assets/css/litespeed-dummy.css?ver=5.5.16 HTTP/1.1" 200 60 "https://www.thedubaitoday.com/al-ain-international-airport-welcomes-two-new-weekly-flights-operated-by-nile-air/" "Mozilla/5.0 (Windows NT 10.0; Win64; x64) AppleWebKit/537.36 (KHTML, like Gecko) Chrome/139.0.0.0 Safari/537.36"
111.25.193.121 - - [27/Feb/2026:11:38:55 -0500] "GET /wp-includes/css/dist/block-library/theme.min.css?ver=5.5.16 HTTP/1.1" 200 635 "https://www.thedubaitoday.com/al-ain-international-airport-welcomes-two-new-weekly-flights-operated-by-nile-air/" "Mozilla/5.0 (Windows NT 10.0; Win64; x64) AppleWebKit/537.36 (KHTML, like Gecko) Chrome/139.0.0.0 Safari/537.36"
111.25.193.121 - - [27/Feb/2026:11:38:55 -0500] "GET /wp-content/plugins/accesspress-social-counter/css/frontend.css?ver=1.9.0 HTTP/1.1" 200 2295 "https://www.thedubaitoday.com/al-ain-international-airport-welcomes-two-new-weekly-flights-operated-by-nile-air/" "Mozilla/5.0 (Windows NT 10.0; Win64; x64) AppleWebKit/537.36 (KHTML, like Gecko) Chrome/139.0.0.0 Safari/537.36"
111.25.193.121 - - [27/Feb/2026:11:38:55 -0500] "GET /wp-content/plugins/contact-form-7/includes/css/styles.css?ver=5.3 HTTP/1.1" 200 621 "https://www.thedubaitoday.com/al-ain-international-airport-welcomes-two-new-weekly-flights-operated-by-nile-air/" "Mozilla/5.0 (Windows NT 10.0; Win64; x64) AppleWebKit/537.36 (KHTML, like Gecko) Chrome/139.0.0.0 Safari/537.36"
111.25.193.121 - - [27/Feb/2026:11:38:55 -0500] "GET /wp-content/plugins/wp-ultimate-review/assets/public/css/content-page.css?ver=5.5.16 HTTP/1.1" 200 3806 "https://www.thedubaitoday.com/al-ain-international-airport-welcomes-two-new-weekly-flights-operated-by-nile-air/" "Mozilla/5.0 (Windows NT 10.0; Win64; x64) AppleWebKit/537.36 (KHTML, like Gecko) Chrome/139.0.0.0 Safari/537.36"
111.25.193.121 - - [27/Feb/2026:11:38:55 -0500] "GET /wp-content/plugins/elementskit-lite/modules/controls/assets/css/ekiticons.css?ver=5.9.0 HTTP/1.1" 200 11425 "https://www.thedubaitoday.com/al-ain-international-airport-welcomes-two-new-weekly-flights-operated-by-nile-air/" "Mozilla/5.0 (Windows NT 10.0; Win64; x64) AppleWebKit/537.36 (KHTML, like Gecko) Chrome/139.0.0.0 Safari/537.36"
111.25.193.121 - - [27/Feb/2026:11:38:55 -0500] "GET /wp-content/plugins/accesspress-social-counter/css/fontawesome-all.css?ver=1.9.0 HTTP/1.1" 200 8084 "https://www.thedubaitoday.com/al-ain-international-airport-welcomes-two-new-weekly-flights-operated-by-nile-air/" "Mozilla/5.0 (Windows NT 10.0; Win64; x64) AppleWebKit/537.36 (KHTML, like Gecko) Chrome/139.0.0.0 Safari/537.36"
111.25.193.121 - - [27/Feb/2026:11:38:55 -0500] "GET /wp-content/plugins/elementor/assets/lib/font-awesome/css/font-awesome.min.css?ver=4.7.0 HTTP/1.1" 200 6657 "https://www.thedubaitoday.com/al-ain-international-airport-welcomes-two-new-weekly-flights-operated-by-nile-air/" "Mozilla/5.0 (Windows NT 10.0; Win64; x64) AppleWebKit/537.36 (KHTML, like Gecko) Chrome/139.0.0.0 Safari/537.36"
111.25.193.121 - - [27/Feb/2026:11:38:55 -0500] "GET /wp-content/themes/digiqole/assets/css/animate.css?ver=1.4.6 HTTP/1.1" 200 2770 "https://www.thedubaitoday.com/al-ain-international-airport-welcomes-two-new-weekly-flights-operated-by-nile-air/" "Mozilla/5.0 (Windows NT 10.0; Win64; x64) AppleWebKit/537.36 (KHTML, like Gecko) Chrome/139.0.0.0 Safari/537.36"
111.25.193.121 - - [27/Feb/2026:11:38:55 -0500] "GET /wp-content/themes/digiqole/assets/css/woocommerce.css?ver=1.4.6 HTTP/1.1" 200 1465 "https://www.thedubaitoday.com/al-ain-international-airport-welcomes-two-new-weekly-flights-operated-by-nile-air/" "Mozilla/5.0 (Windows NT 10.0; Win64; x64) AppleWebKit/537.36 (KHTML, like Gecko) Chrome/139.0.0.0 Safari/537.36"
111.25.193.121 - - [27/Feb/2026:11:38:55 -0500] "GET /wp-content/plugins/elementskit-lite/widgets/init/assets/css/widget-styles.css?ver=2.0.9.1 HTTP/1.1" 200 46062 "https://www.thedubaitoday.com/al-ain-international-airport-welcomes-two-new-weekly-flights-operated-by-nile-air/" "Mozilla/5.0 (Windows NT 10.0; Win64; x64) AppleWebKit/537.36 (KHTML, like Gecko) Chrome/139.0.0.0 Safari/537.36"
111.25.193.121 - - [27/Feb/2026:11:38:55 -0500] "GET /wp-content/themes/digiqole/assets/css/master.css?ver=1.4.6 HTTP/1.1" 200 27631 "https://www.thedubaitoday.com/al-ain-international-airport-welcomes-two-new-weekly-flights-operated-by-nile-air/" "Mozilla/5.0 (Windows NT 10.0; Win64; x64) AppleWebKit/537.36 (KHTML, like Gecko) Chrome/139.0.0.0 Safari/537.36"
111.25.193.121 - - [27/Feb/2026:11:38:55 -0500] "GET /wp-content/themes/digiqole/assets/css/jquery.mCustomScrollbar.css?ver=1.4.6 HTTP/1.1" 200 5312 "https://www.thedubaitoday.com/al-ain-international-airport-welcomes-two-new-weekly-flights-operated-by-nile-air/" "Mozilla/5.0 (Windows NT 10.0; Win64; x64) AppleWebKit/537.36 (KHTML, like Gecko) Chrome/139.0.0.0 Safari/537.36"
111.25.193.121 - - [27/Feb/2026:11:38:55 -0500] "GET /wp-content/plugins/elementor/assets/lib/font-awesome/css/fontawesome.min.css?ver=5.12.0 HTTP/1.1" 200 11671 "https://www.thedubaitoday.com/al-ain-international-airport-welcomes-two-new-weekly-flights-operated-by-nile-air/" "Mozilla/5.0 (Windows NT 10.0; Win64; x64) AppleWebKit/537.36 (KHTML, like Gecko) Chrome/139.0.0.0 Safari/537.36"
111.25.193.121 - - [27/Feb/2026:11:38:55 -0500] "GET /wp-content/plugins/elementor/assets/lib/font-awesome/css/solid.min.css?ver=5.12.0 HTTP/1.1" 200 286 "https://www.thedubaitoday.com/al-ain-international-airport-welcomes-two-new-weekly-flights-operated-by-nile-air/" "Mozilla/5.0 (Windows NT 10.0; Win64; x64) AppleWebKit/537.36 (KHTML, like Gecko) Chrome/139.0.0.0 Safari/537.36"
111.25.193.121 - - [27/Feb/2026:11:38:55 -0500] "GET /wp-content/plugins/elementskit-lite/widgets/init/assets/css/widget-styles-pro.css?ver=2.0.9.1 HTTP/1.1" 200 22945 "https://www.thedubaitoday.com/al-ain-international-airport-welcomes-two-new-weekly-flights-operated-by-nile-air/" "Mozilla/5.0 (Windows NT 10.0; Win64; x64) AppleWebKit/537.36 (KHTML, like Gecko) Chrome/139.0.0.0 Safari/537.36"
111.25.193.121 - - [27/Feb/2026:11:38:55 -0500] "GET /wp-content/themes/digiqole/assets/css/gutenberg-custom.css?ver=1.4.6 HTTP/1.1" 200 4575 "https://www.thedubaitoday.com/al-ain-international-airport-welcomes-two-new-weekly-flights-operated-by-nile-air/" "Mozilla/5.0 (Windows NT 10.0; Win64; x64) AppleWebKit/537.36 (KHTML, like Gecko) Chrome/139.0.0.0 Safari/537.36"
111.25.193.121 - - [27/Feb/2026:11:38:55 -0500] "GET /wp-content/plugins/elementor/assets/lib/eicons/css/elementor-icons.min.css?ver=5.9.1 HTTP/1.1" 200 3186 "https://www.thedubaitoday.com/al-ain-international-airport-welcomes-two-new-weekly-flights-operated-by-nile-air/" "Mozilla/5.0 (Windows NT 10.0; Win64; x64) AppleWebKit/537.36 (KHTML, like Gecko) Chrome/139.0.0.0 Safari/537.36"
111.25.193.121 - - [27/Feb/2026:11:38:55 -0500] "GET /wp-content/plugins/elementor/assets/lib/animations/animations.min.css?ver=3.0.13 HTTP/1.1" 200 2442 "https://www.thedubaitoday.com/al-ain-international-airport-welcomes-two-new-weekly-flights-operated-by-nile-air/" "Mozilla/5.0 (Windows NT 10.0; Win64; x64) AppleWebKit/537.36 (KHTML, like Gecko) Chrome/139.0.0.0 Safari/537.36"
114.119.148.10 - - [27/Feb/2026:11:38:55 -0500] "GET /tiger-properties-has-successfully-concluded-the-transfer-of-ownership-for-nobles-tower/ HTTP/1.1" 200 15758 "https://www.thedubaitoday.com/?author=1&paged=7" "Mozilla/5.0 (Linux; Android 7.0;) AppleWebKit/537.36 (KHTML, like Gecko) Mobile Safari/537.36 (compatible; PetalBot;+https://webmaster.petalsearch.com/site/petalbot)"
209.141.49.67 - - [27/Feb/2026:11:39:30 -0500] "POST /wp-login.php HTTP/1.1" 200 7858 "-" "Mozilla/5.0 (Windows NT 5.1; rv:31.0) Gecko/20100101 Firefox/31.0"
114.119.141.83 - - [27/Feb/2026:11:43:01 -0500] "GET /dubai-health-authority-launches-new-stand-alone-laboratory-facility HTTP/1.1" 301 0 "-" "Mozilla/5.0 (Linux; Android 7.0;) AppleWebKit/537.36 (KHTML, like Gecko) Mobile Safari/537.36 (compatible; PetalBot;+https://webmaster.petalsearch.com/site/petalbot)"
111.25.193.121 - - [27/Feb/2026:11:38:55 -0500] "GET /wp-content/themes/digiqole/assets/css/owl.theme.default.min.css?ver=1.4.6 HTTP/1.1" 200 375 "https://www.thedubaitoday.com/al-ain-international-airport-welcomes-two-new-weekly-flights-operated-by-nile-air/" "Mozilla/5.0 (Windows NT 10.0; Win64; x64) AppleWebKit/537.36 (KHTML, like Gecko) Chrome/139.0.0.0 Safari/537.36"
111.25.193.121 - - [27/Feb/2026:11:38:55 -0500] "GET /wp-content/plugins/wp-ultimate-review/assets/public/script/content-page.js?ver=5.5.16 HTTP/1.1" 200 948 "https://www.thedubaitoday.com/al-ain-international-airport-welcomes-two-new-weekly-flights-operated-by-nile-air/" "Mozilla/5.0 (Windows NT 10.0; Win64; x64) AppleWebKit/537.36 (KHTML, like Gecko) Chrome/139.0.0.0 Safari/537.36"
209.141.49.67 - - [27/Feb/2026:11:39:30 -0500] "GET /wp-login.php HTTP/1.1" 200 7425 "-" "Mozilla/5.0 (Windows NT 5.1; rv:31.0) Gecko/20100101 Firefox/31.0"
114.119.151.155 - - [27/Feb/2026:11:40:13 -0500] "GET /?p=9457 HTTP/1.1" 301 0 "https://www.thedubaitoday.com/?cat=1" "Mozilla/5.0 (Linux; Android 7.0;) AppleWebKit/537.36 (KHTML, like Gecko) Mobile Safari/537.36 (compatible; PetalBot;+https://webmaster.petalsearch.com/site/petalbot)"
114.119.151.155 - - [27/Feb/2026:11:40:15 -0500] "GET /mansour-bin-zayed-attends-fifth-day-of-annual-festival-for-purebred-arabian-camel-racing/ HTTP/1.1" 200 14496 "https://www.thedubaitoday.com/?cat=1" "Mozilla/5.0 (Linux; Android 7.0;) AppleWebKit/537.36 (KHTML, like Gecko) Mobile Safari/537.36 (compatible; PetalBot;+https://webmaster.petalsearch.com/site/petalbot)"
114.119.129.24 - - [27/Feb/2026:11:41:39 -0500] "GET /?p=9040 HTTP/1.1" 301 0 "https://www.thedubaitoday.com/?p=9040" "Mozilla/5.0 (Linux; Android 7.0;) AppleWebKit/537.36 (KHTML, like Gecko) Mobile Safari/537.36 (compatible; PetalBot;+https://webmaster.petalsearch.com/site/petalbot)"
114.119.129.24 - - [27/Feb/2026:11:41:41 -0500] "GET /uae-president-president-of-kazakhstan-review-bilateral-ties/ HTTP/1.1" 200 14214 "https://www.thedubaitoday.com/?p=9040" "Mozilla/5.0 (Linux; Android 7.0;) AppleWebKit/537.36 (KHTML, like Gecko) Mobile Safari/537.36 (compatible; PetalBot;+https://webmaster.petalsearch.com/site/petalbot)"
54.39.6.56 - - [27/Feb/2026:11:41:44 -0500] "GET /dynasty-clinic-pioneers-of-amino-nureon-frequency-technique/ HTTP/1.1" 200 13455 "-" "Mozilla/5.0 (compatible; AhrefsBot/7.0; +http://ahrefs.com/robot/)"
77.75.79.109 - - [27/Feb/2026:11:41:47 -0500] "GET /excellence-in-oncology-care-meeting-opens-in-dubai/ HTTP/1.1" 200 15292 "-" "Mozilla/5.0 (compatible; SeznamBot/4.0; +https://o-seznam.cz/napoveda/vyhledavani/en/seznambot-crawler/)"
134.209.77.176 - - [27/Feb/2026:11:43:44 -0500] "GET /wp-content/uploads/2021/01/Couqley-Interiors-300x199.png%20300w,%20https://www.thedubaitoday.com/wp-content/uploads/2021/01/Couqley-Interiors-600x398.png%20600w,%20https://www.thedubaitoday.com/wp-content/uploads/2021/01/Couqley-Interiors-455x300.png%20455w,%20https://www.thedubaitoday.com/wp-content/uploads/2021/01/Couqley-Interiors.png%20640w HTTP/1.1" 301 0 "https://www.thedubaitoday.com/" "Mozilla/5.0 (Windows NT 10.0; Win64; x64) AppleWebKit/537.36 (KHTML, like Gecko) Chrome/106.0.5249.119 Safari/537.36"
114.119.156.60 - - [27/Feb/2026:11:44:24 -0500] "GET /page/22 HTTP/1.1" 301 0 "-" "Mozilla/5.0 (Linux; Android 7.0;) AppleWebKit/537.36 (KHTML, like Gecko) Mobile Safari/537.36 (compatible; PetalBot;+https://webmaster.petalsearch.com/site/petalbot)"
114.119.156.60 - - [27/Feb/2026:11:44:25 -0500] "GET /page/22/ HTTP/1.1" 200 20774 "-" "Mozilla/5.0 (Linux; Android 7.0;) AppleWebKit/537.36 (KHTML, like Gecko) Mobile Safari/537.36 (compatible; PetalBot;+https://webmaster.petalsearch.com/site/petalbot)"
114.119.151.155 - - [27/Feb/2026:11:45:50 -0500] "GET /uae-president-receives-president-of-rwanda/ HTTP/1.1" 200 14588 "https://www.thedubaitoday.com/category/national-news/page/23" "Mozilla/5.0 (Linux; Android 7.0;) AppleWebKit/537.36 (KHTML, like Gecko) Mobile Safari/537.36 (compatible; PetalBot;+https://webmaster.petalsearch.com/site/petalbot)"
114.119.141.83 - - [27/Feb/2026:11:43:03 -0500] "GET /dubai-health-authority-launches-new-stand-alone-laboratory-facility/ HTTP/1.1" 200 15086 "-" "Mozilla/5.0 (Linux; Android 7.0;) AppleWebKit/537.36 (KHTML, like Gecko) Mobile Safari/537.36 (compatible; PetalBot;+https://webmaster.petalsearch.com/site/petalbot)"
134.209.77.176 - - [27/Feb/2026:11:43:45 -0500] "GET /wp-content/uploads/2021/01/Couqley-Interiors-300x199.png%20300w,%20https:/www.thedubaitoday.com/wp-content/uploads/2021/01/Couqley-Interiors-600x398.png%20600w,%20https:/www.thedubaitoday.com/wp-content/uploads/2021/01/Couqley-Interiors-455x300.png%20455w,%20https:/www.thedubaitoday.com/wp-content/uploads/2021/01/Couqley-Interiors.png%20640w HTTP/1.1" 404 11089 "https://www.thedubaitoday.com/" "Mozilla/5.0 (Windows NT 10.0; Win64; x64) AppleWebKit/537.36 (KHTML, like Gecko) Chrome/106.0.5249.119 Safari/537.36"
187.85.18.111 - - [27/Feb/2026:11:43:53 -0500] "GET /wp-content/uploads/2021/01/Couqley-Interiors-300x199.png%20300w,%20https://www.thedubaitoday.com/wp-content/uploads/2021/01/Couqley-Interiors-600x398.png%20600w,%20https://www.thedubaitoday.com/wp-content/uploads/2021/01/Couqley-Interiors-455x300.png%20455w,%20https://www.thedubaitoday.com/wp-content/uploads/2021/01/Couqley-Interiors.png%20640w HTTP/1.1" 301 0 "https://www.thedubaitoday.com/" "Mozilla/5.0 (Windows NT 10.0; Win64; x64) AppleWebKit/537.36 (KHTML, like Gecko) Chrome/106.0.5249.119 Safari/537.36"
15.235.27.48 - - [27/Feb/2026:11:45:40 -0500] "GET /uae-president-receives-president-of-turkmenistan/ HTTP/1.1" 200 14363 "-" "Mozilla/5.0 (compatible; AhrefsBot/7.0; +http://ahrefs.com/robot/)"
