110.18.1.27 - - [27/Feb/2026:14:59:58 -0500] "GET /wp-includes/css/dist/block-library/style.min.css?ver=5.5.16 HTTP/1.1" 200 7455 "https://www.thedubaitoday.com/dubai-culture-announces-winners-of-dubai-creativity-for-short-films-industry-competition/" "Mozilla/5.0 (Windows NT 10.0; Win64; x64) AppleWebKit/537.36 (KHTML, like Gecko) Chrome/139.0.0.0 Safari/537.36"
110.18.1.27 - - [27/Feb/2026:14:59:58 -0500] "GET /wp-content/plugins/elementor/assets/lib/font-awesome/css/solid.min.css?ver=5.12.0 HTTP/1.1" 200 286 "https://www.thedubaitoday.com/dubai-culture-announces-winners-of-dubai-creativity-for-short-films-industry-competition/" "Mozilla/5.0 (Windows NT 10.0; Win64; x64) AppleWebKit/537.36 (KHTML, like Gecko) Chrome/139.0.0.0 Safari/537.36"
110.18.1.27 - - [27/Feb/2026:14:59:58 -0500] "GET /wp-content/plugins/elementor/assets/lib/font-awesome/css/font-awesome.min.css?ver=4.7.0 HTTP/1.1" 200 6657 "https://www.thedubaitoday.com/dubai-culture-announces-winners-of-dubai-creativity-for-short-films-industry-competition/" "Mozilla/5.0 (Windows NT 10.0; Win64; x64) AppleWebKit/537.36 (KHTML, like Gecko) Chrome/139.0.0.0 Safari/537.36"
110.18.1.27 - - [27/Feb/2026:14:59:58 -0500] "GET /wp-content/themes/digiqole/assets/css/jquery.mCustomScrollbar.css?ver=1.4.6 HTTP/1.1" 200 5312 "https://www.thedubaitoday.com/dubai-culture-announces-winners-of-dubai-creativity-for-short-films-industry-competition/" "Mozilla/5.0 (Windows NT 10.0; Win64; x64) AppleWebKit/537.36 (KHTML, like Gecko) Chrome/139.0.0.0 Safari/537.36"
110.18.1.27 - - [27/Feb/2026:14:59:58 -0500] "GET /wp-content/themes/digiqole/assets/css/owl.theme.default.min.css?ver=1.4.6 HTTP/1.1" 200 375 "https://www.thedubaitoday.com/dubai-culture-announces-winners-of-dubai-creativity-for-short-films-industry-competition/" "Mozilla/5.0 (Windows NT 10.0; Win64; x64) AppleWebKit/537.36 (KHTML, like Gecko) Chrome/139.0.0.0 Safari/537.36"
110.18.1.27 - - [27/Feb/2026:14:59:58 -0500] "GET /wp-content/themes/digiqole/assets/css/blog.css?ver=1.4.6 HTTP/1.1" 200 4154 "https://www.thedubaitoday.com/dubai-culture-announces-winners-of-dubai-creativity-for-short-films-industry-competition/" "Mozilla/5.0 (Windows NT 10.0; Win64; x64) AppleWebKit/537.36 (KHTML, like Gecko) Chrome/139.0.0.0 Safari/537.36"
110.18.1.27 - - [27/Feb/2026:14:59:58 -0500] "GET /wp-content/plugins/elementor/assets/css/frontend-legacy.min.css?ver=3.0.13 HTTP/1.1" 200 446 "https://www.thedubaitoday.com/dubai-culture-announces-winners-of-dubai-creativity-for-short-films-industry-competition/" "Mozilla/5.0 (Windows NT 10.0; Win64; x64) AppleWebKit/537.36 (KHTML, like Gecko) Chrome/139.0.0.0 Safari/537.36"
110.18.1.27 - - [27/Feb/2026:14:59:58 -0500] "GET /wp-content/themes/digiqole/assets/css/animate.css?ver=1.4.6 HTTP/1.1" 200 2770 "https://www.thedubaitoday.com/dubai-culture-announces-winners-of-dubai-creativity-for-short-films-industry-competition/" "Mozilla/5.0 (Windows NT 10.0; Win64; x64) AppleWebKit/537.36 (KHTML, like Gecko) Chrome/139.0.0.0 Safari/537.36"
110.18.1.27 - - [27/Feb/2026:14:59:58 -0500] "GET /wp-includes/js/jquery/jquery.js?ver=1.12.4-wp HTTP/1.1" 200 32853 "https://www.thedubaitoday.com/dubai-culture-announces-winners-of-dubai-creativity-for-short-films-industry-competition/" "Mozilla/5.0 (Windows NT 10.0; Win64; x64) AppleWebKit/537.36 (KHTML, like Gecko) Chrome/139.0.0.0 Safari/537.36"
110.18.1.27 - - [27/Feb/2026:14:59:58 -0500] "GET /wp-content/plugins/elementor/assets/lib/eicons/css/elementor-icons.min.css?ver=5.9.1 HTTP/1.1" 200 3186 "https://www.thedubaitoday.com/dubai-culture-announces-winners-of-dubai-creativity-for-short-films-industry-competition/" "Mozilla/5.0 (Windows NT 10.0; Win64; x64) AppleWebKit/537.36 (KHTML, like Gecko) Chrome/139.0.0.0 Safari/537.36"
110.18.1.27 - - [27/Feb/2026:14:59:58 -0500] "GET /wp-content/plugins/elementskit-lite/widgets/init/assets/css/responsive.css?ver=2.0.9.1 HTTP/1.1" 200 2595 "https://www.thedubaitoday.com/dubai-culture-announces-winners-of-dubai-creativity-for-short-films-industry-competition/" "Mozilla/5.0 (Windows NT 10.0; Win64; x64) AppleWebKit/537.36 (KHTML, like Gecko) Chrome/139.0.0.0 Safari/537.36"
110.18.1.27 - - [27/Feb/2026:14:59:58 -0500] "GET /wp-content/uploads/elementor/css/post-3859.css?ver=1762517660 HTTP/1.1" 200 1104 "https://www.thedubaitoday.com/dubai-culture-announces-winners-of-dubai-creativity-for-short-films-industry-competition/" "Mozilla/5.0 (Windows NT 10.0; Win64; x64) AppleWebKit/537.36 (KHTML, like Gecko) Chrome/139.0.0.0 Safari/537.36"
110.18.1.27 - - [27/Feb/2026:14:59:58 -0500] "GET /wp-content/themes/digiqole/assets/css/woocommerce.css?ver=1.4.6 HTTP/1.1" 200 1465 "https://www.thedubaitoday.com/dubai-culture-announces-winners-of-dubai-creativity-for-short-films-industry-competition/" "Mozilla/5.0 (Windows NT 10.0; Win64; x64) AppleWebKit/537.36 (KHTML, like Gecko) Chrome/139.0.0.0 Safari/537.36"
110.18.1.27 - - [27/Feb/2026:14:59:58 -0500] "GET /wp-includes/css/dashicons.min.css?ver=5.5.16 HTTP/1.1" 200 35107 "https://www.thedubaitoday.com/dubai-culture-announces-winners-of-dubai-creativity-for-short-films-industry-competition/" "Mozilla/5.0 (Windows NT 10.0; Win64; x64) AppleWebKit/537.36 (KHTML, like Gecko) Chrome/139.0.0.0 Safari/537.36"
110.18.1.27 - - [27/Feb/2026:14:59:58 -0500] "GET /wp-content/plugins/accesspress-social-counter/css/fontawesome-all.css?ver=1.9.0 HTTP/1.1" 200 8084 "https://www.thedubaitoday.com/dubai-culture-announces-winners-of-dubai-creativity-for-short-films-industry-competition/" "Mozilla/5.0 (Windows NT 10.0; Win64; x64) AppleWebKit/537.36 (KHTML, like Gecko) Chrome/139.0.0.0 Safari/537.36"
51.222.95.1 - - [27/Feb/2026:14:56:08 -0500] "GET /category/yoga/ HTTP/1.1" 200 11447 "-" "Mozilla/5.0 (compatible; AhrefsBot/7.0; +http://ahrefs.com/robot/)"
114.119.151.155 - - [27/Feb/2026:14:56:37 -0500] "GET /?p=5726 HTTP/1.1" 301 0 "https://www.thedubaitoday.com/?p=5726" "Mozilla/5.0 (Linux; Android 7.0;) AppleWebKit/537.36 (KHTML, like Gecko) Mobile Safari/537.36 (compatible; PetalBot;+https://webmaster.petalsearch.com/site/petalbot)"
114.119.141.83 - - [27/Feb/2026:14:58:05 -0500] "GET /steve-madden-launches-his-highly-anticipated-memoir-the-cobbler-in-the-united-arab-emirates HTTP/1.1" 301 0 "https://www.thedubaitoday.com/steve-madden-launches-his-highly-anticipated-memoir-the-cobbler-in-the-united-arab-emirates" "Mozilla/5.0 (Linux; Android 7.0;) AppleWebKit/537.36 (KHTML, like Gecko) Mobile Safari/537.36 (compatible; PetalBot;+https://webmaster.petalsearch.com/site/petalbot)"
114.119.141.83 - - [27/Feb/2026:14:58:07 -0500] "GET /steve-madden-launches-his-highly-anticipated-memoir-the-cobbler-in-the-united-arab-emirates/ HTTP/1.1" 200 14860 "https://www.thedubaitoday.com/steve-madden-launches-his-highly-anticipated-memoir-the-cobbler-in-the-united-arab-emirates" "Mozilla/5.0 (Linux; Android 7.0;) AppleWebKit/537.36 (KHTML, like Gecko) Mobile Safari/537.36 (compatible; PetalBot;+https://webmaster.petalsearch.com/site/petalbot)"
110.18.1.27 - - [27/Feb/2026:14:59:58 -0500] "GET /wp-content/plugins/elementskit-lite/widgets/init/assets/css/widget-styles-pro.css?ver=2.0.9.1 HTTP/1.1" 200 22945 "https://www.thedubaitoday.com/dubai-culture-announces-winners-of-dubai-creativity-for-short-films-industry-competition/" "Mozilla/5.0 (Windows NT 10.0; Win64; x64) AppleWebKit/537.36 (KHTML, like Gecko) Chrome/139.0.0.0 Safari/537.36"
110.18.1.27 - - [27/Feb/2026:14:59:58 -0500] "GET /wp-content/plugins/elementskit-lite/widgets/init/assets/css/widget-styles.css?ver=2.0.9.1 HTTP/1.1" 200 46062 "https://www.thedubaitoday.com/dubai-culture-announces-winners-of-dubai-creativity-for-short-films-industry-competition/" "Mozilla/5.0 (Windows NT 10.0; Win64; x64) AppleWebKit/537.36 (KHTML, like Gecko) Chrome/139.0.0.0 Safari/537.36"
110.18.1.27 - - [27/Feb/2026:14:59:58 -0500] "GET /wp-content/plugins/elementor/assets/lib/font-awesome/css/fontawesome.min.css?ver=5.12.0 HTTP/1.1" 200 11671 "https://www.thedubaitoday.com/dubai-culture-announces-winners-of-dubai-creativity-for-short-films-industry-competition/" "Mozilla/5.0 (Windows NT 10.0; Win64; x64) AppleWebKit/537.36 (KHTML, like Gecko) Chrome/139.0.0.0 Safari/537.36"
110.18.1.27 - - [27/Feb/2026:14:59:58 -0500] "GET /wp-content/plugins/elementor/assets/css/frontend.min.css?ver=3.0.13 HTTP/1.1" 200 14903 "https://www.thedubaitoday.com/dubai-culture-announces-winners-of-dubai-creativity-for-short-films-industry-competition/" "Mozilla/5.0 (Windows NT 10.0; Win64; x64) AppleWebKit/537.36 (KHTML, like Gecko) Chrome/139.0.0.0 Safari/537.36"
110.18.1.27 - - [27/Feb/2026:14:59:58 -0500] "GET /wp-content/themes/digiqole/assets/css/owl.carousel.min.css?ver=1.4.6 HTTP/1.1" 200 789 "https://www.thedubaitoday.com/dubai-culture-announces-winners-of-dubai-creativity-for-short-films-industry-competition/" "Mozilla/5.0 (Windows NT 10.0; Win64; x64) AppleWebKit/537.36 (KHTML, like Gecko) Chrome/139.0.0.0 Safari/537.36"
110.18.1.27 - - [27/Feb/2026:14:59:58 -0500] "GET /wp-content/themes/digiqole/assets/css/bootstrap.min.css?ver=1.4.6 HTTP/1.1" 200 18543 "https://www.thedubaitoday.com/dubai-culture-announces-winners-of-dubai-creativity-for-short-films-industry-competition/" "Mozilla/5.0 (Windows NT 10.0; Win64; x64) AppleWebKit/537.36 (KHTML, like Gecko) Chrome/139.0.0.0 Safari/537.36"
110.18.1.27 - - [27/Feb/2026:14:59:58 -0500] "GET /wp-content/themes/digiqole/assets/css/icon-font.css?ver=1.4.6 HTTP/1.1" 200 2796 "https://www.thedubaitoday.com/dubai-culture-announces-winners-of-dubai-creativity-for-short-films-industry-competition/" "Mozilla/5.0 (Windows NT 10.0; Win64; x64) AppleWebKit/537.36 (KHTML, like Gecko) Chrome/139.0.0.0 Safari/537.36"
110.18.1.27 - - [27/Feb/2026:14:59:58 -0500] "GET /wp-content/plugins/accesspress-social-counter/css/frontend.css?ver=1.9.0 HTTP/1.1" 200 2295 "https://www.thedubaitoday.com/dubai-culture-announces-winners-of-dubai-creativity-for-short-films-industry-competition/" "Mozilla/5.0 (Windows NT 10.0; Win64; x64) AppleWebKit/537.36 (KHTML, like Gecko) Chrome/139.0.0.0 Safari/537.36"
110.18.1.27 - - [27/Feb/2026:14:59:58 -0500] "GET /wp-content/themes/digiqole/assets/css/gutenberg-custom.css?ver=1.4.6 HTTP/1.1" 200 4575 "https://www.thedubaitoday.com/dubai-culture-announces-winners-of-dubai-creativity-for-short-films-industry-competition/" "Mozilla/5.0 (Windows NT 10.0; Win64; x64) AppleWebKit/537.36 (KHTML, like Gecko) Chrome/139.0.0.0 Safari/537.36"
110.18.1.27 - - [27/Feb/2026:14:59:58 -0500] "GET /wp-content/plugins/wp-ultimate-review/assets/public/css/content-page.css?ver=5.5.16 HTTP/1.1" 200 3806 "https://www.thedubaitoday.com/dubai-culture-announces-winners-of-dubai-creativity-for-short-films-industry-competition/" "Mozilla/5.0 (Windows NT 10.0; Win64; x64) AppleWebKit/537.36 (KHTML, like Gecko) Chrome/139.0.0.0 Safari/537.36"
110.18.1.27 - - [27/Feb/2026:14:59:58 -0500] "GET /wp-content/plugins/elementor/assets/lib/animations/animations.min.css?ver=3.0.13 HTTP/1.1" 200 2442 "https://www.thedubaitoday.com/dubai-culture-announces-winners-of-dubai-creativity-for-short-films-industry-competition/" "Mozilla/5.0 (Windows NT 10.0; Win64; x64) AppleWebKit/537.36 (KHTML, like Gecko) Chrome/139.0.0.0 Safari/537.36"
110.18.1.27 - - [27/Feb/2026:15:00:00 -0500] "GET /wp-content/plugins/elementskit-lite/modules/controls/assets/css/widgetarea-editor.css?ver=2.0.9.1 HTTP/1.1" 200 227 "https://www.thedubaitoday.com/dubai-culture-announces-winners-of-dubai-creativity-for-short-films-industry-competition/" "Mozilla/5.0 (Windows NT 10.0; Win64; x64) AppleWebKit/537.36 (KHTML, like Gecko) Chrome/139.0.0.0 Safari/537.36"
110.18.1.27 - - [27/Feb/2026:15:00:00 -0500] "GET /wp-content/themes/digiqole/assets/js/popper.min.js?ver=1.4.6 HTTP/1.1" 200 6660 "https://www.thedubaitoday.com/dubai-culture-announces-winners-of-dubai-creativity-for-short-films-industry-competition/" "Mozilla/5.0 (Windows NT 10.0; Win64; x64) AppleWebKit/537.36 (KHTML, like Gecko) Chrome/139.0.0.0 Safari/537.36"
110.18.1.27 - - [27/Feb/2026:15:00:00 -0500] "GET /wp-content/plugins/contact-form-7/includes/js/scripts.js?ver=5.3 HTTP/1.1" 200 3700 "https://www.thedubaitoday.com/dubai-culture-announces-winners-of-dubai-creativity-for-short-films-industry-competition/" "Mozilla/5.0 (Windows NT 10.0; Win64; x64) AppleWebKit/537.36 (KHTML, like Gecko) Chrome/139.0.0.0 Safari/537.36"
110.18.1.27 - - [27/Feb/2026:15:00:00 -0500] "GET /wp-content/themes/digiqole/assets/js/bootstrap.min.js?ver=1.4.6 HTTP/1.1" 200 12542 "https://www.thedubaitoday.com/dubai-culture-announces-winners-of-dubai-creativity-for-short-films-industry-competition/" "Mozilla/5.0 (Windows NT 10.0; Win64; x64) AppleWebKit/537.36 (KHTML, like Gecko) Chrome/139.0.0.0 Safari/537.36"
110.18.1.27 - - [27/Feb/2026:15:00:00 -0500] "GET /wp-content/plugins/elementskit-lite/libs/framework/assets/js/frontend-script.js?ver=2.0.9.1 HTTP/1.1" 200 81 "https://www.thedubaitoday.com/dubai-culture-announces-winners-of-dubai-creativity-for-short-films-industry-competition/" "Mozilla/5.0 (Windows NT 10.0; Win64; x64) AppleWebKit/537.36 (KHTML, like Gecko) Chrome/139.0.0.0 Safari/537.36"
110.18.1.27 - - [27/Feb/2026:15:00:00 -0500] "GET /wp-content/uploads/elementor/css/global.css?ver=1605806951 HTTP/1.1" 200 3379 "https://www.thedubaitoday.com/dubai-culture-announces-winners-of-dubai-creativity-for-short-films-industry-competition/" "Mozilla/5.0 (Windows NT 10.0; Win64; x64) AppleWebKit/537.36 (KHTML, like Gecko) Chrome/139.0.0.0 Safari/537.36"
110.18.1.27 - - [27/Feb/2026:14:59:58 -0500] "GET /wp-includes/css/dist/block-library/theme.min.css?ver=5.5.16 HTTP/1.1" 200 635 "https://www.thedubaitoday.com/dubai-culture-announces-winners-of-dubai-creativity-for-short-films-industry-competition/" "Mozilla/5.0 (Windows NT 10.0; Win64; x64) AppleWebKit/537.36 (KHTML, like Gecko) Chrome/139.0.0.0 Safari/537.36"
110.18.1.27 - - [27/Feb/2026:14:59:58 -0500] "GET /wp-content/plugins/contact-form-7/includes/css/styles.css?ver=5.3 HTTP/1.1" 200 621 "https://www.thedubaitoday.com/dubai-culture-announces-winners-of-dubai-creativity-for-short-films-industry-competition/" "Mozilla/5.0 (Windows NT 10.0; Win64; x64) AppleWebKit/537.36 (KHTML, like Gecko) Chrome/139.0.0.0 Safari/537.36"
110.18.1.27 - - [27/Feb/2026:14:59:58 -0500] "GET /wp-content/plugins/elementskit-lite/modules/controls/assets/css/ekiticons.css?ver=5.9.0 HTTP/1.1" 200 11425 "https://www.thedubaitoday.com/dubai-culture-announces-winners-of-dubai-creativity-for-short-films-industry-competition/" "Mozilla/5.0 (Windows NT 10.0; Win64; x64) AppleWebKit/537.36 (KHTML, like Gecko) Chrome/139.0.0.0 Safari/537.36"
110.18.1.27 - - [27/Feb/2026:14:59:58 -0500] "GET /wp-content/plugins/wp-ultimate-review/assets/public/script/content-page.js?ver=5.5.16 HTTP/1.1" 200 948 "https://www.thedubaitoday.com/dubai-culture-announces-winners-of-dubai-creativity-for-short-films-industry-competition/" "Mozilla/5.0 (Windows NT 10.0; Win64; x64) AppleWebKit/537.36 (KHTML, like Gecko) Chrome/139.0.0.0 Safari/537.36"
110.18.1.27 - - [27/Feb/2026:14:59:58 -0500] "GET /wp-content/themes/digiqole/assets/css/master.css?ver=1.4.6 HTTP/1.1" 200 27631 "https://www.thedubaitoday.com/dubai-culture-announces-winners-of-dubai-creativity-for-short-films-industry-competition/" "Mozilla/5.0 (Windows NT 10.0; Win64; x64) AppleWebKit/537.36 (KHTML, like Gecko) Chrome/139.0.0.0 Safari/537.36"
110.18.1.27 - - [27/Feb/2026:14:59:58 -0500] "GET /wp-content/themes/digiqole/assets/css/magnific-popup.css?ver=1.4.6 HTTP/1.1" 200 1906 "https://www.thedubaitoday.com/dubai-culture-announces-winners-of-dubai-creativity-for-short-films-industry-competition/" "Mozilla/5.0 (Windows NT 10.0; Win64; x64) AppleWebKit/537.36 (KHTML, like Gecko) Chrome/139.0.0.0 Safari/537.36"
110.18.1.27 - - [27/Feb/2026:14:59:58 -0500] "GET /wp-content/uploads/elementor/css/post-9728.css?ver=1733341732 HTTP/1.1" 200 285 "https://www.thedubaitoday.com/dubai-culture-announces-winners-of-dubai-creativity-for-short-films-industry-competition/" "Mozilla/5.0 (Windows NT 10.0; Win64; x64) AppleWebKit/537.36 (KHTML, like Gecko) Chrome/139.0.0.0 Safari/537.36"
110.18.1.27 - - [27/Feb/2026:15:00:00 -0500] "GET /wp-content/plugins/elementskit-lite/widgets/init/assets/js/widget-scripts.js?ver=2.0.9.1 HTTP/1.1" 200 37588 "https://www.thedubaitoday.com/dubai-culture-announces-winners-of-dubai-creativity-for-short-films-industry-competition/" "Mozilla/5.0 (Windows NT 10.0; Win64; x64) AppleWebKit/537.36 (KHTML, like Gecko) Chrome/139.0.0.0 Safari/537.36"
110.18.1.27 - - [27/Feb/2026:15:00:00 -0500] "GET /wp-content/themes/digiqole/assets/js/jquery.magnific-popup.min.js?ver=1.4.6 HTTP/1.1" 200 7043 "https://www.thedubaitoday.com/dubai-culture-announces-winners-of-dubai-creativity-for-short-films-industry-competition/" "Mozilla/5.0 (Windows NT 10.0; Win64; x64) AppleWebKit/537.36 (KHTML, like Gecko) Chrome/139.0.0.0 Safari/537.36"
110.18.1.27 - - [27/Feb/2026:15:00:00 -0500] "GET /wp-content/themes/digiqole/assets/js/jquery.easypiechart.min.js?ver=1.4.6 HTTP/1.1" 200 1586 "https://www.thedubaitoday.com/dubai-culture-announces-winners-of-dubai-creativity-for-short-films-industry-competition/" "Mozilla/5.0 (Windows NT 10.0; Win64; x64) AppleWebKit/537.36 (KHTML, like Gecko) Chrome/139.0.0.0 Safari/537.36"
110.18.1.27 - - [27/Feb/2026:15:00:00 -0500] "GET /wp-content/themes/digiqole/assets/js/jquery.appear.min.js?ver=1.4.6 HTTP/1.1" 200 472 "https://www.thedubaitoday.com/dubai-culture-announces-winners-of-dubai-creativity-for-short-films-industry-competition/" "Mozilla/5.0 (Windows NT 10.0; Win64; x64) AppleWebKit/537.36 (KHTML, like Gecko) Chrome/139.0.0.0 Safari/537.36"
110.18.1.27 - - [27/Feb/2026:15:00:00 -0500] "GET /wp-content/themes/digiqole/assets/js/raphael.min.js?ver=1.4.6 HTTP/1.1" 200 31063 "https://www.thedubaitoday.com/dubai-culture-announces-winners-of-dubai-creativity-for-short-films-industry-competition/" "Mozilla/5.0 (Windows NT 10.0; Win64; x64) AppleWebKit/537.36 (KHTML, like Gecko) Chrome/139.0.0.0 Safari/537.36"
110.18.1.27 - - [27/Feb/2026:15:00:00 -0500] "GET /wp-content/themes/digiqole/assets/js/jquery.mCustomScrollbar.concat.min.js?ver=1.4.6 HTTP/1.1" 200 12101 "https://www.thedubaitoday.com/dubai-culture-announces-winners-of-dubai-creativity-for-short-films-industry-competition/" "Mozilla/5.0 (Windows NT 10.0; Win64; x64) AppleWebKit/537.36 (KHTML, like Gecko) Chrome/139.0.0.0 Safari/537.36"
110.18.1.27 - - [27/Feb/2026:15:00:00 -0500] "GET /wp-content/themes/digiqole/assets/js/script.js?ver=1.4.6 HTTP/1.1" 200 3692 "https://www.thedubaitoday.com/dubai-culture-announces-winners-of-dubai-creativity-for-short-films-industry-competition/" "Mozilla/5.0 (Windows NT 10.0; Win64; x64) AppleWebKit/537.36 (KHTML, like Gecko) Chrome/139.0.0.0 Safari/537.36"
110.18.1.27 - - [27/Feb/2026:15:00:01 -0500] "GET /wp-includes/js/jquery/ui/position.min.js?ver=1.11.4 HTTP/1.1" 200 2302 "https://www.thedubaitoday.com/dubai-culture-announces-winners-of-dubai-creativity-for-short-films-industry-competition/" "Mozilla/5.0 (Windows NT 10.0; Win64; x64) AppleWebKit/537.36 (KHTML, like Gecko) Chrome/139.0.0.0 Safari/537.36"
110.18.1.27 - - [27/Feb/2026:15:00:01 -0500] "GET /wp-content/plugins/elementor/assets/lib/dialog/dialog.min.js?ver=4.8.1 HTTP/1.1" 200 3331 "https://www.thedubaitoday.com/dubai-culture-announces-winners-of-dubai-creativity-for-short-films-industry-competition/" "Mozilla/5.0 (Windows NT 10.0; Win64; x64) AppleWebKit/537.36 (KHTML, like Gecko) Chrome/139.0.0.0 Safari/537.36"
110.18.1.27 - - [27/Feb/2026:15:00:01 -0500] "GET /wp-content/plugins/elementor/assets/lib/swiper/swiper.min.js?ver=5.3.6 HTTP/1.1" 200 34004 "https://www.thedubaitoday.com/dubai-culture-announces-winners-of-dubai-creativity-for-short-films-industry-competition/" "Mozilla/5.0 (Windows NT 10.0; Win64; x64) AppleWebKit/537.36 (KHTML, like Gecko) Chrome/139.0.0.0 Safari/537.36"
110.18.1.27 - - [27/Feb/2026:15:00:01 -0500] "GET /wp-content/plugins/elementor/assets/lib/waypoints/waypoints.min.js?ver=4.0.2 HTTP/1.1" 200 2867 "https://www.thedubaitoday.com/dubai-culture-announces-winners-of-dubai-creativity-for-short-films-industry-competition/" "Mozilla/5.0 (Windows NT 10.0; Win64; x64) AppleWebKit/537.36 (KHTML, like Gecko) Chrome/139.0.0.0 Safari/537.36"
110.18.1.27 - - [27/Feb/2026:15:00:01 -0500] "GET /wp-content/plugins/elementor/assets/lib/share-link/share-link.min.js?ver=3.0.13 HTTP/1.1" 200 1023 "https://www.thedubaitoday.com/dubai-culture-announces-winners-of-dubai-creativity-for-short-films-industry-competition/" "Mozilla/5.0 (Windows NT 10.0; Win64; x64) AppleWebKit/537.36 (KHTML, like Gecko) Chrome/139.0.0.0 Safari/537.36"
110.18.1.27 - - [27/Feb/2026:15:00:01 -0500] "GET /wp-content/plugins/elementskit-lite/widgets/init/assets/js/elementor.js?ver=2.0.9.1 HTTP/1.1" 200 8174 "https://www.thedubaitoday.com/dubai-culture-announces-winners-of-dubai-creativity-for-short-films-industry-competition/" "Mozilla/5.0 (Windows NT 10.0; Win64; x64) AppleWebKit/537.36 (KHTML, like Gecko) Chrome/139.0.0.0 Safari/537.36"
110.18.1.27 - - [27/Feb/2026:15:00:00 -0500] "GET /wp-content/plugins/elementskit-lite/widgets/init/assets/js/goodshare.min.js?ver=5.5.16 HTTP/1.1" 200 3761 "https://www.thedubaitoday.com/dubai-culture-announces-winners-of-dubai-creativity-for-short-films-industry-competition/" "Mozilla/5.0 (Windows NT 10.0; Win64; x64) AppleWebKit/537.36 (KHTML, like Gecko) Chrome/139.0.0.0 Safari/537.36"
110.18.1.27 - - [27/Feb/2026:15:00:00 -0500] "GET /wp-content/themes/digiqole/assets/js/owl.carousel.min.js?ver=1.4.6 HTTP/1.1" 200 10649 "https://www.thedubaitoday.com/dubai-culture-announces-winners-of-dubai-creativity-for-short-films-industry-competition/" "Mozilla/5.0 (Windows NT 10.0; Win64; x64) AppleWebKit/537.36 (KHTML, like Gecko) Chrome/139.0.0.0 Safari/537.36"
110.18.1.27 - - [27/Feb/2026:15:00:00 -0500] "GET /wp-content/plugins/elementor/assets/js/frontend-modules.min.js?ver=3.0.13 HTTP/1.1" 200 17557 "https://www.thedubaitoday.com/dubai-culture-announces-winners-of-dubai-creativity-for-short-films-industry-competition/" "Mozilla/5.0 (Windows NT 10.0; Win64; x64) AppleWebKit/537.36 (KHTML, like Gecko) Chrome/139.0.0.0 Safari/537.36"
110.18.1.27 - - [27/Feb/2026:15:00:00 -0500] "GET /wp-includes/js/wp-embed.min.js?ver=5.5.16 HTTP/1.1" 200 702 "https://www.thedubaitoday.com/dubai-culture-announces-winners-of-dubai-creativity-for-short-films-industry-competition/" "Mozilla/5.0 (Windows NT 10.0; Win64; x64) AppleWebKit/537.36 (KHTML, like Gecko) Chrome/139.0.0.0 Safari/537.36"
110.18.1.27 - - [27/Feb/2026:15:00:01 -0500] "GET /wp-content/plugins/elementor/assets/js/frontend.min.js?ver=3.0.13 HTTP/1.1" 200 30846 "https://www.thedubaitoday.com/dubai-culture-announces-winners-of-dubai-creativity-for-short-films-industry-competition/" "Mozilla/5.0 (Windows NT 10.0; Win64; x64) AppleWebKit/537.36 (KHTML, like Gecko) Chrome/139.0.0.0 Safari/537.36"
110.18.1.27 - - [27/Feb/2026:15:00:01 -0500] "GET /wp-content/themes/digiqole/assets/js/elementor.js?ver=1.4.6 HTTP/1.1" 200 2479 "https://www.thedubaitoday.com/dubai-culture-announces-winners-of-dubai-creativity-for-short-films-industry-competition/" "Mozilla/5.0 (Windows NT 10.0; Win64; x64) AppleWebKit/537.36 (KHTML, like Gecko) Chrome/139.0.0.0 Safari/537.36"
110.18.1.27 - - [27/Feb/2026:15:00:01 -0500] "GET /wp-content/plugins/elementskit-lite/modules/controls/assets/js/widgetarea-editor.js?ver=2.0.9.1 HTTP/1.1" 200 472 "https://www.thedubaitoday.com/dubai-culture-announces-winners-of-dubai-creativity-for-short-films-industry-competition/" "Mozilla/5.0 (Windows NT 10.0; Win64; x64) AppleWebKit/537.36 (KHTML, like Gecko) Chrome/139.0.0.0 Safari/537.36"
110.18.1.27 - - [27/Feb/2026:15:00:01 -0500] "GET /wp-content/plugins/elementor/assets/lib/font-awesome/webfonts/fa-solid-900.woff2 HTTP/1.1" 200 76084 "https://www.thedubaitoday.com/wp-content/plugins/elementor/assets/lib/font-awesome/css/solid.min.css?ver=5.12.0" "Mozilla/5.0 (Windows NT 10.0; Win64; x64) AppleWebKit/537.36 (KHTML, like Gecko) Chrome/139.0.0.0 Safari/537.36"
110.18.1.27 - - [27/Feb/2026:15:00:01 -0500] "GET /wp-content/themes/digiqole/assets/css/print.css?ver=1.4.6 HTTP/1.1" 200 919 "https://www.thedubaitoday.com/dubai-culture-announces-winners-of-dubai-creativity-for-short-films-industry-competition/" "Mozilla/5.0 (Windows NT 10.0; Win64; x64) AppleWebKit/537.36 (KHTML, like Gecko) Chrome/139.0.0.0 Safari/537.36"
17.22.253.106 - - [27/Feb/2026:15:00:13 -0500] "GET /wp-content/plugins/contact-form-7/includes/js/scripts.js?ver=5.3 HTTP/1.1" 200 4567 "https://www.thedubaitoday.com/50-years-of-adfd-over-aed150bn-development-funding-and-investments-in-97-countries/" "Mozilla/5.0 (Macintosh; Intel Mac OS X 10_15_7) AppleWebKit/605.1.15 (KHTML, like Gecko) Version/17.4 Safari/605.1.15 (Applebot/0.1; +http://www.apple.com/go/applebot)"
110.18.1.27 - - [27/Feb/2026:15:00:01 -0500] "GET /wp-includes/js/wp-emoji-release.min.js?ver=5.5.16 HTTP/1.1" 200 4316 "https://www.thedubaitoday.com/dubai-culture-announces-winners-of-dubai-creativity-for-short-films-industry-competition/" "Mozilla/5.0 (Windows NT 10.0; Win64; x64) AppleWebKit/537.36 (KHTML, like Gecko) Chrome/139.0.0.0 Safari/537.36"
110.18.1.27 - - [27/Feb/2026:15:00:01 -0500] "GET /wp-content/plugins/elementskit-lite/modules/controls/assets/fonts/elementskit.woff?y24e1e HTTP/1.1" 200 442864 "https://www.thedubaitoday.com/wp-content/plugins/elementskit-lite/modules/controls/assets/css/ekiticons.css?ver=5.9.0" "Mozilla/5.0 (Windows NT 10.0; Win64; x64) AppleWebKit/537.36 (KHTML, like Gecko) Chrome/139.0.0.0 Safari/537.36"
110.18.1.27 - - [27/Feb/2026:15:00:01 -0500] "GET /wp-content/themes/digiqole/assets/fonts/iconfont.ttf?cpfcy1 HTTP/1.1" 200 160880 "https://www.thedubaitoday.com/wp-content/themes/digiqole/assets/css/icon-font.css?ver=1.4.6" "Mozilla/5.0 (Windows NT 10.0; Win64; x64) AppleWebKit/537.36 (KHTML, like Gecko) Chrome/139.0.0.0 Safari/537.36"
17.22.237.107 - - [27/Feb/2026:15:00:10 -0500] "GET /wp-includes/js/jquery/jquery.js?ver=1.12.4-wp HTTP/1.1" 200 38045 "https://www.thedubaitoday.com/50-years-of-adfd-over-aed150bn-development-funding-and-investments-in-97-countries/" "Mozilla/5.0 (Macintosh; Intel Mac OS X 10_15_7) AppleWebKit/605.1.15 (KHTML, like Gecko) Version/17.4 Safari/605.1.15 (Applebot/0.1; +http://www.apple.com/go/applebot)"
17.22.237.160 - - [27/Feb/2026:15:00:11 -0500] "GET /wp-content/plugins/wp-ultimate-review/assets/public/script/content-page.js?ver=5.5.16 HTTP/1.1" 200 1119 "https://www.thedubaitoday.com/50-years-of-adfd-over-aed150bn-development-funding-and-investments-in-97-countries/" "Mozilla/5.0 (Macintosh; Intel Mac OS X 10_15_7) AppleWebKit/605.1.15 (KHTML, like Gecko) Version/17.4 Safari/605.1.15 (Applebot/0.1; +http://www.apple.com/go/applebot)"
17.22.237.235 - - [27/Feb/2026:15:00:15 -0500] "GET /wp-content/plugins/elementskit-lite/libs/framework/assets/js/frontend-script.js?ver=2.0.9.1 HTTP/1.1" 200 81 "https://www.thedubaitoday.com/50-years-of-adfd-over-aed150bn-development-funding-and-investments-in-97-countries/" "Mozilla/5.0 (Macintosh; Intel Mac OS X 10_15_7) AppleWebKit/605.1.15 (KHTML, like Gecko) Version/17.4 Safari/605.1.15 (Applebot/0.1; +http://www.apple.com/go/applebot)"
17.22.253.54 - - [27/Feb/2026:15:00:18 -0500] "GET /wp-content/themes/digiqole/assets/js/bootstrap.min.js?ver=1.4.6 HTTP/1.1" 200 15451 "https://www.thedubaitoday.com/50-years-of-adfd-over-aed150bn-development-funding-and-investments-in-97-countries/" "Mozilla/5.0 (Macintosh; Intel Mac OS X 10_15_7) AppleWebKit/605.1.15 (KHTML, like Gecko) Version/17.4 Safari/605.1.15 (Applebot/0.1; +http://www.apple.com/go/applebot)"
17.22.237.160 - - [27/Feb/2026:15:00:18 -0500] "GET /wp-content/themes/digiqole/assets/js/popper.min.js?ver=1.4.6 HTTP/1.1" 200 7440 "https://www.thedubaitoday.com/50-years-of-adfd-over-aed150bn-development-funding-and-investments-in-97-countries/" "Mozilla/5.0 (Macintosh; Intel Mac OS X 10_15_7) AppleWebKit/605.1.15 (KHTML, like Gecko) Version/17.4 Safari/605.1.15 (Applebot/0.1; +http://www.apple.com/go/applebot)"
17.22.237.198 - - [27/Feb/2026:15:00:21 -0500] "GET /wp-content/themes/digiqole/assets/js/jquery.appear.min.js?ver=1.4.6 HTTP/1.1" 200 538 "https://www.thedubaitoday.com/50-years-of-adfd-over-aed150bn-development-funding-and-investments-in-97-countries/" "Mozilla/5.0 (Macintosh; Intel Mac OS X 10_15_7) AppleWebKit/605.1.15 (KHTML, like Gecko) Version/17.4 Safari/605.1.15 (Applebot/0.1; +http://www.apple.com/go/applebot)"
17.22.237.205 - - [27/Feb/2026:15:00:27 -0500] "GET /wp-content/themes/digiqole/assets/js/owl.carousel.min.js?ver=1.4.6 HTTP/1.1" 200 12872 "https://www.thedubaitoday.com/50-years-of-adfd-over-aed150bn-development-funding-and-investments-in-97-countries/" "Mozilla/5.0 (Macintosh; Intel Mac OS X 10_15_7) AppleWebKit/605.1.15 (KHTML, like Gecko) Version/17.4 Safari/605.1.15 (Applebot/0.1; +http://www.apple.com/go/applebot)"
43.130.67.33 - - [27/Feb/2026:15:00:27 -0500] "GET /brand-dubai-ferjan-dubai-launch-dubais-best-decorated-ramadan-homes-competition/ HTTP/1.1" 200 15633 "-" "Mozilla/5.0 (iPhone; CPU iPhone OS 13_2_3 like Mac OS X) AppleWebKit/605.1.15 (KHTML, like Gecko) Version/13.0.3 Mobile/15E148 Safari/604.1"
17.22.245.102 - - [27/Feb/2026:15:00:28 -0500] "GET /wp-content/themes/digiqole/assets/js/jquery.easypiechart.min.js?ver=1.4.6 HTTP/1.1" 200 1771 "https://www.thedubaitoday.com/50-years-of-adfd-over-aed150bn-development-funding-and-investments-in-97-countries/" "Mozilla/5.0 (Macintosh; Intel Mac OS X 10_15_7) AppleWebKit/605.1.15 (KHTML, like Gecko) Version/17.4 Safari/605.1.15 (Applebot/0.1; +http://www.apple.com/go/applebot)"
17.22.245.49 - - [27/Feb/2026:15:00:30 -0500] "GET /wp-content/plugins/elementskit-lite/widgets/init/assets/js/goodshare.min.js?ver=5.5.16 HTTP/1.1" 200 4927 "https://www.thedubaitoday.com/50-years-of-adfd-over-aed150bn-development-funding-and-investments-in-97-countries/" "Mozilla/5.0 (Macintosh; Intel Mac OS X 10_15_7) AppleWebKit/605.1.15 (KHTML, like Gecko) Version/17.4 Safari/605.1.15 (Applebot/0.1; +http://www.apple.com/go/applebot)"
17.22.237.103 - - [27/Feb/2026:15:00:32 -0500] "GET /wp-content/themes/digiqole/assets/js/script.js?ver=1.4.6 HTTP/1.1" 200 4555 "https://www.thedubaitoday.com/50-years-of-adfd-over-aed150bn-development-funding-and-investments-in-97-countries/" "Mozilla/5.0 (Macintosh; Intel Mac OS X 10_15_7) AppleWebKit/605.1.15 (KHTML, like Gecko) Version/17.4 Safari/605.1.15 (Applebot/0.1; +http://www.apple.com/go/applebot)"
17.22.237.232 - - [27/Feb/2026:15:00:32 -0500] "GET /wp-includes/js/wp-embed.min.js?ver=5.5.16 HTTP/1.1" 200 813 "https://www.thedubaitoday.com/50-years-of-adfd-over-aed150bn-development-funding-and-investments-in-97-countries/" "Mozilla/5.0 (Macintosh; Intel Mac OS X 10_15_7) AppleWebKit/605.1.15 (KHTML, like Gecko) Version/17.4 Safari/605.1.15 (Applebot/0.1; +http://www.apple.com/go/applebot)"
17.22.237.235 - - [27/Feb/2026:15:00:33 -0500] "GET /wp-content/plugins/elementor/assets/js/frontend-modules.min.js?ver=3.0.13 HTTP/1.1" 200 20846 "https://www.thedubaitoday.com/50-years-of-adfd-over-aed150bn-development-funding-and-investments-in-97-countries/" "Mozilla/5.0 (Macintosh; Intel Mac OS X 10_15_7) AppleWebKit/605.1.15 (KHTML, like Gecko) Version/17.4 Safari/605.1.15 (Applebot/0.1; +http://www.apple.com/go/applebot)"
17.22.237.205 - - [27/Feb/2026:15:00:35 -0500] "GET /wp-includes/js/jquery/ui/position.min.js?ver=1.11.4 HTTP/1.1" 200 2619 "https://www.thedubaitoday.com/50-years-of-adfd-over-aed150bn-development-funding-and-investments-in-97-countries/" "Mozilla/5.0 (Macintosh; Intel Mac OS X 10_15_7) AppleWebKit/605.1.15 (KHTML, like Gecko) Version/17.4 Safari/605.1.15 (Applebot/0.1; +http://www.apple.com/go/applebot)"
17.22.245.18 - - [27/Feb/2026:15:00:39 -0500] "GET /wp-content/plugins/elementor/assets/lib/waypoints/waypoints.min.js?ver=4.0.2 HTTP/1.1" 200 3407 "https://www.thedubaitoday.com/50-years-of-adfd-over-aed150bn-development-funding-and-investments-in-97-countries/" "Mozilla/5.0 (Macintosh; Intel Mac OS X 10_15_7) AppleWebKit/605.1.15 (KHTML, like Gecko) Version/17.4 Safari/605.1.15 (Applebot/0.1; +http://www.apple.com/go/applebot)"
17.22.237.103 - - [27/Feb/2026:15:00:40 -0500] "GET /wp-content/plugins/elementor/assets/lib/swiper/swiper.min.js?ver=5.3.6 HTTP/1.1" 200 41891 "https://www.thedubaitoday.com/50-years-of-adfd-over-aed150bn-development-funding-and-investments-in-97-countries/" "Mozilla/5.0 (Macintosh; Intel Mac OS X 10_15_7) AppleWebKit/605.1.15 (KHTML, like Gecko) Version/17.4 Safari/605.1.15 (Applebot/0.1; +http://www.apple.com/go/applebot)"
17.22.237.198 - - [27/Feb/2026:15:00:16 -0500] "GET /wp-content/plugins/elementskit-lite/widgets/init/assets/js/widget-scripts.js?ver=2.0.9.1 HTTP/1.1" 200 44932 "https://www.thedubaitoday.com/50-years-of-adfd-over-aed150bn-development-funding-and-investments-in-97-countries/" "Mozilla/5.0 (Macintosh; Intel Mac OS X 10_15_7) AppleWebKit/605.1.15 (KHTML, like Gecko) Version/17.4 Safari/605.1.15 (Applebot/0.1; +http://www.apple.com/go/applebot)"
17.22.237.235 - - [27/Feb/2026:15:00:20 -0500] "GET /wp-content/themes/digiqole/assets/js/jquery.magnific-popup.min.js?ver=1.4.6 HTTP/1.1" 200 8070 "https://www.thedubaitoday.com/50-years-of-adfd-over-aed150bn-development-funding-and-investments-in-97-countries/" "Mozilla/5.0 (Macintosh; Intel Mac OS X 10_15_7) AppleWebKit/605.1.15 (KHTML, like Gecko) Version/17.4 Safari/605.1.15 (Applebot/0.1; +http://www.apple.com/go/applebot)"
17.22.237.232 - - [27/Feb/2026:15:00:24 -0500] "GET /wp-content/themes/digiqole/assets/js/raphael.min.js?ver=1.4.6 HTTP/1.1" 200 35873 "https://www.thedubaitoday.com/50-years-of-adfd-over-aed150bn-development-funding-and-investments-in-97-countries/" "Mozilla/5.0 (Macintosh; Intel Mac OS X 10_15_7) AppleWebKit/605.1.15 (KHTML, like Gecko) Version/17.4 Safari/605.1.15 (Applebot/0.1; +http://www.apple.com/go/applebot)"
17.22.245.35 - - [27/Feb/2026:15:00:25 -0500] "GET /wp-content/themes/digiqole/assets/js/jquery.mCustomScrollbar.concat.min.js?ver=1.4.6 HTTP/1.1" 200 14284 "https://www.thedubaitoday.com/50-years-of-adfd-over-aed150bn-development-funding-and-investments-in-97-countries/" "Mozilla/5.0 (Macintosh; Intel Mac OS X 10_15_7) AppleWebKit/605.1.15 (KHTML, like Gecko) Version/17.4 Safari/605.1.15 (Applebot/0.1; +http://www.apple.com/go/applebot)"
17.22.237.158 - - [27/Feb/2026:15:00:37 -0500] "GET /wp-content/plugins/elementor/assets/lib/dialog/dialog.min.js?ver=4.8.1 HTTP/1.1" 200 3884 "https://www.thedubaitoday.com/50-years-of-adfd-over-aed150bn-development-funding-and-investments-in-97-countries/" "Mozilla/5.0 (Macintosh; Intel Mac OS X 10_15_7) AppleWebKit/605.1.15 (KHTML, like Gecko) Version/17.4 Safari/605.1.15 (Applebot/0.1; +http://www.apple.com/go/applebot)"
17.22.245.133 - - [27/Feb/2026:15:00:44 -0500] "GET /wp-content/plugins/elementor/assets/js/frontend.min.js?ver=3.0.13 HTTP/1.1" 200 36573 "https://www.thedubaitoday.com/50-years-of-adfd-over-aed150bn-development-funding-and-investments-in-97-countries/" "Mozilla/5.0 (Macintosh; Intel Mac OS X 10_15_7) AppleWebKit/605.1.15 (KHTML, like Gecko) Version/17.4 Safari/605.1.15 (Applebot/0.1; +http://www.apple.com/go/applebot)"
17.22.237.235 - - [27/Feb/2026:15:00:44 -0500] "GET /wp-content/themes/digiqole/assets/js/elementor.js?ver=1.4.6 HTTP/1.1" 200 3297 "https://www.thedubaitoday.com/50-years-of-adfd-over-aed150bn-development-funding-and-investments-in-97-countries/" "Mozilla/5.0 (Macintosh; Intel Mac OS X 10_15_7) AppleWebKit/605.1.15 (KHTML, like Gecko) Version/17.4 Safari/605.1.15 (Applebot/0.1; +http://www.apple.com/go/applebot)"
17.22.253.172 - - [27/Feb/2026:15:00:46 -0500] "GET /wp-content/plugins/elementskit-lite/widgets/init/assets/js/elementor.js?ver=2.0.9.1 HTTP/1.1" 200 10022 "https://www.thedubaitoday.com/50-years-of-adfd-over-aed150bn-development-funding-and-investments-in-97-countries/" "Mozilla/5.0 (Macintosh; Intel Mac OS X 10_15_7) AppleWebKit/605.1.15 (KHTML, like Gecko) Version/17.4 Safari/605.1.15 (Applebot/0.1; +http://www.apple.com/go/applebot)"
114.119.141.83 - - [27/Feb/2026:15:00:46 -0500] "GET /?p=7146 HTTP/1.1" 301 0 "https://www.thedubaitoday.com/?author=1&paged=82" "Mozilla/5.0 (Linux; Android 7.0;) AppleWebKit/537.36 (KHTML, like Gecko) Mobile Safari/537.36 (compatible; PetalBot;+https://webmaster.petalsearch.com/site/petalbot)"
17.22.253.158 - - [27/Feb/2026:15:00:48 -0500] "GET /wp-content/plugins/elementskit-lite/modules/controls/assets/js/widgetarea-editor.js?ver=2.0.9.1 HTTP/1.1" 200 550 "https://www.thedubaitoday.com/50-years-of-adfd-over-aed150bn-development-funding-and-investments-in-97-countries/" "Mozilla/5.0 (Macintosh; Intel Mac OS X 10_15_7) AppleWebKit/605.1.15 (KHTML, like Gecko) Version/17.4 Safari/605.1.15 (Applebot/0.1; +http://www.apple.com/go/applebot)"
17.22.245.97 - - [27/Feb/2026:15:00:49 -0500] "GET /wp-includes/js/wp-emoji-release.min.js?ver=5.5.16 HTTP/1.1" 200 5213 "https://www.thedubaitoday.com/50-years-of-adfd-over-aed150bn-development-funding-and-investments-in-97-countries/" "Mozilla/5.0 (Macintosh; Intel Mac OS X 10_15_7) AppleWebKit/605.1.15 (KHTML, like Gecko) Version/17.4 Safari/605.1.15 (Applebot/0.1; +http://www.apple.com/go/applebot)"
207.180.11.224 - - [27/Feb/2026:15:01:18 -0500] "GET /index.php?rest_route=%2Foembed%2F1.0%2Fembed&url=https%3A%2F%2Fwww.thedubaitoday.com%2F%3Fp%3D4241 HTTP/1.1" 200 2923 "-" "Mozilla/5.0 (Macintosh; Intel Mac OS X 10_15_7) AppleWebKit/537.36 (KHTML, like Gecko) Chrome/135.0.0.0 Safari/537.36"
114.119.130.109 - - [27/Feb/2026:15:02:09 -0500] "GET /?p=5543 HTTP/1.1" 301 0 "https://www.thedubaitoday.com/?cat=65&paged=13" "Mozilla/5.0 (Linux; Android 7.0;) AppleWebKit/537.36 (KHTML, like Gecko) Mobile Safari/537.36 (compatible; PetalBot;+https://webmaster.petalsearch.com/site/petalbot)"
162.213.253.84 - - [27/Feb/2026:15:03:38 -0500] "POST /wp-cron.php?doing_wp_cron=1772222618.8654329776763916015625 HTTP/1.1" 200 0 "https://www.thedubaitoday.com/wp-cron.php?doing_wp_cron=1772222618.8654329776763916015625" "WordPress/5.5.16; https://www.thedubaitoday.com"
114.119.156.60 - - [27/Feb/2026:15:03:38 -0500] "GET /?p=5439 HTTP/1.1" 301 0 "https://www.thedubaitoday.com/?author=1&paged=137" "Mozilla/5.0 (Linux; Android 7.0;) AppleWebKit/537.36 (KHTML, like Gecko) Mobile Safari/537.36 (compatible; PetalBot;+https://webmaster.petalsearch.com/site/petalbot)"
114.119.156.60 - - [27/Feb/2026:15:03:40 -0500] "GET /mohammed-bin-rashid-approves-new-board-of-dubai-media-council/ HTTP/1.1" 200 14937 "https://www.thedubaitoday.com/?author=1&paged=137" "Mozilla/5.0 (Linux; Android 7.0;) AppleWebKit/537.36 (KHTML, like Gecko) Mobile Safari/537.36 (compatible; PetalBot;+https://webmaster.petalsearch.com/site/petalbot)"
43.173.180.98 - - [27/Feb/2026:15:04:41 -0500] "GET /?p=7768 HTTP/1.1" 404 11095 "-" "Mozilla/5.0 (Windows NT 10.0; Win64; x64) AppleWebKit/537.36 (KHTML, like Gecko) Chrome/131.0.0.0 Safari/537.36"
43.173.174.140 - - [27/Feb/2026:15:04:42 -0500] "GET /emirati-folk-culture-captivates-global-audiences-at-bologna-childrens-book-fair/emirati-folk-culture/ HTTP/1.1" 200 14220 "-" "Mozilla/5.0 (Windows NT 10.0; Win64; x64) AppleWebKit/537.36 (KHTML, like Gecko) Chrome/124.0.0.0 Safari/537.36"
43.173.181.221 - - [27/Feb/2026:15:04:49 -0500] "GET /wp-content/uploads/essential-addons-elementor/734e5f942.min.css?ver=1772222688 HTTP/1.1" 200 65681 "https://www.thedubaitoday.com/emirati-folk-culture-captivates-global-audiences-at-bologna-childrens-book-fair/emirati-folk-culture/" "Mozilla/5.0 (Windows NT 10.0; Win64; x64) AppleWebKit/537.36 (KHTML, like Gecko) Chrome/124.0.0.0 Safari/537.36"
114.119.136.150 - - [27/Feb/2026:15:04:58 -0500] "GET /construction-of-new-uaq-national-museum-has-started-uaq-tourism-department/ HTTP/1.1" 200 14546 "https://www.thedubaitoday.com/?author=1&paged=140" "Mozilla/5.0 (Linux; Android 7.0;) AppleWebKit/537.36 (KHTML, like Gecko) Mobile Safari/537.36 (compatible; PetalBot;+https://webmaster.petalsearch.com/site/petalbot)"
65.108.2.171 - - [27/Feb/2026:15:05:56 -0500] "GET /robots.txt HTTP/1.1" 200 122 "-" "Mozilla/5.0 (compatible; MJ12bot/v1.4.8; http://mj12bot.com/)"
65.108.2.171 - - [27/Feb/2026:15:06:05 -0500] "GET /ras-al-khaimah-named-2021-gulf-tourism-capital/ HTTP/1.1" 200 13533 "-" "Mozilla/5.0 (compatible; MJ12bot/v1.4.8; http://mj12bot.com/)"
17.22.245.122 - - [27/Feb/2026:15:00:42 -0500] "GET /wp-content/plugins/elementor/assets/lib/share-link/share-link.min.js?ver=3.0.13 HTTP/1.1" 200 1152 "https://www.thedubaitoday.com/50-years-of-adfd-over-aed150bn-development-funding-and-investments-in-97-countries/" "Mozilla/5.0 (Macintosh; Intel Mac OS X 10_15_7) AppleWebKit/605.1.15 (KHTML, like Gecko) Version/17.4 Safari/605.1.15 (Applebot/0.1; +http://www.apple.com/go/applebot)"
162.213.253.84 - - [27/Feb/2026:15:00:46 -0500] "POST /wp-cron.php?doing_wp_cron=1772222446.6891651153564453125000 HTTP/1.1" 200 0 "https://www.thedubaitoday.com/wp-cron.php?doing_wp_cron=1772222446.6891651153564453125000" "WordPress/5.5.16; https://www.thedubaitoday.com"
114.119.141.83 - - [27/Feb/2026:15:00:48 -0500] "GET /dubais-international-property-show-concludes-on-high-note/ HTTP/1.1" 200 15865 "https://www.thedubaitoday.com/?author=1&paged=82" "Mozilla/5.0 (Linux; Android 7.0;) AppleWebKit/537.36 (KHTML, like Gecko) Mobile Safari/537.36 (compatible; PetalBot;+https://webmaster.petalsearch.com/site/petalbot)"
114.119.130.109 - - [27/Feb/2026:15:02:11 -0500] "GET /al-ain-international-airport-welcomes-two-new-weekly-flights-operated-by-nile-air/ HTTP/1.1" 200 14619 "https://www.thedubaitoday.com/?cat=65&paged=13" "Mozilla/5.0 (Linux; Android 7.0;) AppleWebKit/537.36 (KHTML, like Gecko) Mobile Safari/537.36 (compatible; PetalBot;+https://webmaster.petalsearch.com/site/petalbot)"
167.114.139.203 - - [27/Feb/2026:15:03:38 -0500] "GET /category/business/page/4/ HTTP/1.1" 200 14215 "-" "Mozilla/5.0 (compatible; AhrefsBot/7.0; +http://ahrefs.com/robot/)"
43.173.179.41 - - [27/Feb/2026:15:04:41 -0500] "GET /?p=7158 HTTP/1.1" 301 0 "-" "Mozilla/5.0 (Windows NT 10.0; Win64; x64) AppleWebKit/537.36 (KHTML, like Gecko) Chrome/124.0.0.0 Safari/537.36"
43.173.181.199 - - [27/Feb/2026:15:04:42 -0500] "GET /?p=5944 HTTP/1.1" 301 0 "-" "Mozilla/5.0 (Windows NT 10.0; Win64; x64) AppleWebKit/537.36 (KHTML, like Gecko) Chrome/104.0.5112.81 Safari/537.36"
43.173.182.18 - - [27/Feb/2026:15:04:43 -0500] "GET /five-years-and-over-400-million-kilogrammes-emirates-skycargos-momentous-pharma-journey/ HTTP/1.1" 200 15503 "-" "Mozilla/5.0 (Windows NT 10.0; Win64; x64) AppleWebKit/537.36 (KHTML, like Gecko) Chrome/104.0.5112.81 Safari/537.36"
43.173.178.78 - - [27/Feb/2026:15:04:50 -0500] "GET /wp-content/uploads/essential-addons-elementor/734e5f942.min.js?ver=1772222688 HTTP/1.1" 200 299676 "https://www.thedubaitoday.com/emirati-folk-culture-captivates-global-audiences-at-bologna-childrens-book-fair/emirati-folk-culture/" "Mozilla/5.0 (Windows NT 10.0; Win64; x64) AppleWebKit/537.36 (KHTML, like Gecko) Chrome/124.0.0.0 Safari/537.36"
114.119.136.150 - - [27/Feb/2026:15:04:56 -0500] "GET /?p=5332 HTTP/1.1" 301 0 "https://www.thedubaitoday.com/?author=1&paged=140" "Mozilla/5.0 (Linux; Android 7.0;) AppleWebKit/537.36 (KHTML, like Gecko) Mobile Safari/537.36 (compatible; PetalBot;+https://webmaster.petalsearch.com/site/petalbot)"
143.14.6.176 - - [27/Feb/2026:15:05:41 -0500] "GET /index.php?rest_route=%2Foembed%2F1.0%2Fembed&url=https%3A%2F%2Fwww.thedubaitoday.com%2F%3Fp%3D9450&format=xml HTTP/1.1" 200 1351 "-" "Mozilla/5.0 (Macintosh; Intel Mac OS X 10_15_7) AppleWebKit/537.36 (KHTML, like Gecko) Chrome/135.0.0.0 Safari/537.36"
65.108.2.171 - - [27/Feb/2026:15:05:58 -0500] "GET /air-arabia-abu-dhabi-adds-kuwait-to-its-network/ HTTP/1.1" 200 12417 "-" "Mozilla/5.0 (compatible; MJ12bot/v1.4.8; http://mj12bot.com/)"
65.108.2.171 - - [27/Feb/2026:15:06:00 -0500] "GET /category/uncategorized/page/2/ HTTP/1.1" 200 13849 "-" "Mozilla/5.0 (compatible; MJ12bot/v1.4.8; http://mj12bot.com/)"
65.108.2.171 - - [27/Feb/2026:15:06:02 -0500] "GET /dnata-breaks-ground-on-us-14-million-cargo-warehouse-in-erbil-iraq/ HTTP/1.1" 200 13094 "-" "Mozilla/5.0 (compatible; MJ12bot/v1.4.8; http://mj12bot.com/)"
65.108.2.171 - - [27/Feb/2026:15:06:07 -0500] "GET /sharjah-ruler-inaugurates-5th-combined-gulf-cancer-conference/ HTTP/1.1" 200 12997 "-" "Mozilla/5.0 (compatible; MJ12bot/v1.4.8; http://mj12bot.com/)"
65.108.2.171 - - [27/Feb/2026:15:06:09 -0500] "GET /sharjah-ruler-inspects-progress-of-sharjah-safari-in-al-dhaid/ HTTP/1.1" 200 12852 "-" "Mozilla/5.0 (compatible; MJ12bot/v1.4.8; http://mj12bot.com/)"
114.119.136.150 - - [27/Feb/2026:15:06:20 -0500] "GET /?p=5213 HTTP/1.1" 301 0 "https://www.thedubaitoday.com/?cat=67&paged=45" "Mozilla/5.0 (Linux; Android 7.0;) AppleWebKit/537.36 (KHTML, like Gecko) Mobile Safari/537.36 (compatible; PetalBot;+https://webmaster.petalsearch.com/site/petalbot)"
51.68.236.70 - - [27/Feb/2026:15:06:36 -0500] "GET / HTTP/1.1" 200 16907 "-" "Mozilla/5.0 (compatible; MJ12bot/v2.0.5; http://mj12bot.com/)"
114.119.156.60 - - [27/Feb/2026:15:07:47 -0500] "GET /?p=5183 HTTP/1.1" 301 0 "https://www.thedubaitoday.com/?author=1&paged=145" "Mozilla/5.0 (Linux; Android 7.0;) AppleWebKit/537.36 (KHTML, like Gecko) Mobile Safari/537.36 (compatible; PetalBot;+https://webmaster.petalsearch.com/site/petalbot)"
114.119.156.60 - - [27/Feb/2026:15:09:06 -0500] "GET /?p=5665 HTTP/1.1" 301 0 "https://www.thedubaitoday.com/?author=1&paged=130" "Mozilla/5.0 (Linux; Android 7.0;) AppleWebKit/537.36 (KHTML, like Gecko) Mobile Safari/537.36 (compatible; PetalBot;+https://webmaster.petalsearch.com/site/petalbot)"
81.71.99.67 - - [27/Feb/2026:15:09:18 -0500] "GET /mohamed-bin-zayed-in-phone-call-with-el-sisi-welcomes-ceasefire-in-gaza-and-praises-egyptian-efforts/ HTTP/1.1" 200 12319 "-" "Mozilla/5.0 (Macintosh; Intel Mac OS X 10_15_7) AppleWebKit/537.36 (KHTML, like Gecko) Chrome/140.0.0.0 newsai/1.0 Safari/537.36"
114.119.130.109 - - [27/Feb/2026:15:10:32 -0500] "GET /?p=5042 HTTP/1.1" 301 0 "https://www.thedubaitoday.com/?cat=51&paged=8" "Mozilla/5.0 (Linux; Android 7.0;) AppleWebKit/537.36 (KHTML, like Gecko) Mobile Safari/537.36 (compatible; PetalBot;+https://webmaster.petalsearch.com/site/petalbot)"
139.200.130.155 - - [27/Feb/2026:15:10:49 -0500] "GET /wp-content/plugins/litespeed-cache/assets/css/litespeed-dummy.css?ver=5.5.16 HTTP/1.1" 200 60 "https://www.thedubaitoday.com/taste-of-catalonian-food-in-expo-2021/" "Mozilla/5.0 (Windows NT 10.0; Win64; x64) AppleWebKit/537.36 (KHTML, like Gecko) Chrome/139.0.0.0 Safari/537.36"
139.200.130.155 - - [27/Feb/2026:15:10:49 -0500] "GET /wp-content/plugins/elementor/assets/css/frontend.min.css?ver=3.0.13 HTTP/1.1" 200 14903 "https://www.thedubaitoday.com/taste-of-catalonian-food-in-expo-2021/" "Mozilla/5.0 (Windows NT 10.0; Win64; x64) AppleWebKit/537.36 (KHTML, like Gecko) Chrome/139.0.0.0 Safari/537.36"
139.200.130.155 - - [27/Feb/2026:15:10:49 -0500] "GET /wp-content/uploads/elementor/css/post-3859.css?ver=1762517660 HTTP/1.1" 200 1104 "https://www.thedubaitoday.com/taste-of-catalonian-food-in-expo-2021/" "Mozilla/5.0 (Windows NT 10.0; Win64; x64) AppleWebKit/537.36 (KHTML, like Gecko) Chrome/139.0.0.0 Safari/537.36"
139.200.130.155 - - [27/Feb/2026:15:10:49 -0500] "GET /wp-content/plugins/elementor/assets/css/frontend-legacy.min.css?ver=3.0.13 HTTP/1.1" 200 446 "https://www.thedubaitoday.com/taste-of-catalonian-food-in-expo-2021/" "Mozilla/5.0 (Windows NT 10.0; Win64; x64) AppleWebKit/537.36 (KHTML, like Gecko) Chrome/139.0.0.0 Safari/537.36"
139.200.130.155 - - [27/Feb/2026:15:10:49 -0500] "GET /wp-includes/css/dashicons.min.css?ver=5.5.16 HTTP/1.1" 200 35107 "https://www.thedubaitoday.com/taste-of-catalonian-food-in-expo-2021/" "Mozilla/5.0 (Windows NT 10.0; Win64; x64) AppleWebKit/537.36 (KHTML, like Gecko) Chrome/139.0.0.0 Safari/537.36"
139.200.130.155 - - [27/Feb/2026:15:10:49 -0500] "GET /wp-content/themes/digiqole/assets/css/icon-font.css?ver=1.4.6 HTTP/1.1" 200 2796 "https://www.thedubaitoday.com/taste-of-catalonian-food-in-expo-2021/" "Mozilla/5.0 (Windows NT 10.0; Win64; x64) AppleWebKit/537.36 (KHTML, like Gecko) Chrome/139.0.0.0 Safari/537.36"
114.119.136.150 - - [27/Feb/2026:15:06:22 -0500] "GET /adp-urges-public-to-adhere-to-precautionary-measures-avoid-gatherings-during-eid-al-fitr/ HTTP/1.1" 200 14725 "https://www.thedubaitoday.com/?cat=67&paged=45" "Mozilla/5.0 (Linux; Android 7.0;) AppleWebKit/537.36 (KHTML, like Gecko) Mobile Safari/537.36 (compatible; PetalBot;+https://webmaster.petalsearch.com/site/petalbot)"
51.68.236.70 - - [27/Feb/2026:15:06:36 -0500] "GET /robots.txt HTTP/1.1" 200 103 "-" "Mozilla/5.0 (compatible; MJ12bot/v2.0.5; http://mj12bot.com/)"
51.161.65.192 - - [27/Feb/2026:15:07:21 -0500] "GET /amis-awards-construction-contract-for-its-aed-425-million-the-woodland-residences-project-to-dar-al-aayan-contracting/ HTTP/1.1" 200 13104 "-" "Mozilla/5.0 (compatible; AhrefsBot/7.0; +http://ahrefs.com/robot/)"
114.119.156.60 - - [27/Feb/2026:15:07:49 -0500] "GET /mohammed-bin-rashid-convenes-final-international-participants-meeting-before-opening-of-expo-2020/ HTTP/1.1" 200 15819 "https://www.thedubaitoday.com/?author=1&paged=145" "Mozilla/5.0 (Linux; Android 7.0;) AppleWebKit/537.36 (KHTML, like Gecko) Mobile Safari/537.36 (compatible; PetalBot;+https://webmaster.petalsearch.com/site/petalbot)"
77.75.79.109 - - [27/Feb/2026:15:08:03 -0500] "GET /uae-japan-to-launch-business-council/ HTTP/1.1" 200 14980 "-" "Mozilla/5.0 (compatible; SeznamBot/4.0; +https://o-seznam.cz/napoveda/vyhledavani/en/seznambot-crawler/)"
114.119.156.60 - - [27/Feb/2026:15:09:08 -0500] "GET /uae-leaders-congratulate-arab-islamic-leaders-on-new-hijri-year/ HTTP/1.1" 200 14279 "https://www.thedubaitoday.com/?author=1&paged=130" "Mozilla/5.0 (Linux; Android 7.0;) AppleWebKit/537.36 (KHTML, like Gecko) Mobile Safari/537.36 (compatible; PetalBot;+https://webmaster.petalsearch.com/site/petalbot)"
