209.141.46.91 - - [02/Jun/2026:15:58:35 -0400] "POST /wp-login.php HTTP/1.1" 200 7111 "-" "Mozilla/5.0 (Macintosh; Intel Mac OS X 10_13_6) AppleWebKit/537.36 (KHTML, like Gecko) Chrome/116.0.0.0 Safari/537.36"
66.132.195.125 - - [02/Jun/2026:16:03:37 -0400] "GET / HTTP/1.1" 200 2213 "-" "Mozilla/5.0 (compatible; CensysInspect/1.1; +https://about.censys.io/)"
66.132.195.125 - - [02/Jun/2026:16:03:38 -0400] "GET /favicon.ico HTTP/1.1" 404 1251 "-" "Mozilla/5.0 (compatible; CensysInspect/1.1; +https://about.censys.io/)"
162.213.253.84 - - [02/Jun/2026:16:15:41 -0400] "POST /wp-cron.php?doing_wp_cron=1780431341.9347200393676757812500 HTTP/1.1" 200 0 "-" "WordPress/6.8.1; https://www.aeromaxlogistics.com"
45.61.185.47 - - [02/Jun/2026:16:15:41 -0400] "POST /wp-login.php HTTP/1.1" 200 7105 "-" "Mozilla/5.0 (X11; Linux x86_64; rv:30.0) Gecko/20100101 Firefox/30.0"
209.141.44.244 - - [02/Jun/2026:16:19:29 -0400] "GET /wp-login.php HTTP/1.1" 200 6664 "-" "Mozilla/5.0 (iPad; CPU OS 17_1 like Mac OS X) AppleWebKit/605.1.15 (KHTML, like Gecko) Version/17.1 Mobile/15E148 Safari/604.1"
209.141.50.202 - - [02/Jun/2026:16:21:48 -0400] "GET /wp-login.php HTTP/1.1" 200 6664 "-" "Mozilla/5.0 (Macintosh; Intel Mac OS X 10_9_2) AppleWebKit/537.36 (KHTML, like Gecko) Chrome/36.0.1985.125 Safari/537.36"
96.9.211.220 - - [02/Jun/2026:16:22:45 -0400] "GET / HTTP/1.0" 200 7587 "-" "Mozilla/5.0 (Windows NT 10.0; Win64; x64) AppleWebKit/537.36 (KHTML, like Gecko) Chrome/118.0.0.0 Safari/537.36"
162.213.253.84 - - [02/Jun/2026:16:24:44 -0400] "POST /wp-cron.php?doing_wp_cron=1780431884.0343079566955566406250 HTTP/1.1" 200 0 "-" "WordPress/6.8.1; https://www.aeromaxlogistics.com"
205.185.127.250 - - [02/Jun/2026:16:24:49 -0400] "POST /wp-login.php HTTP/1.1" 200 7097 "-" "Mozilla/5.0 (Windows NT 10.0; Win64; x64) AppleWebKit/537.36 (KHTML, like Gecko) Chrome/120.0.0.0 Safari/537.36"
52.167.144.150 - - [02/Jun/2026:16:25:31 -0400] "GET /sliced_quote/473-2/?create=pdf&id=473&print_pdf=9887400bbc HTTP/1.1" 200 1937 "-" "Mozilla/5.0 AppleWebKit/537.36 (KHTML, like Gecko; compatible; bingbot/2.0; +http://www.bing.com/bingbot.htm) Chrome/116.0.1938.76 Safari/537.36"
205.185.120.21 - - [02/Jun/2026:16:26:16 -0400] "GET /wp-login.php HTTP/1.1" 200 6664 "-" "Mozilla/5.0 (X11; Linux x86_64; rv:30.0) Gecko/20100101 Firefox/30.0"
209.141.61.179 - - [02/Jun/2026:16:26:40 -0400] "POST /wp-login.php HTTP/1.1" 200 7101 "-" "Mozilla/5.0 (Windows NT 11.0; Win64; x64) AppleWebKit/537.36 (KHTML, like Gecko) Chrome/120.0.0.0 Safari/537.36"
45.61.185.47 - - [02/Jun/2026:16:14:17 -0400] "GET /wp-login.php HTTP/1.1" 200 6664 "-" "Mozilla/5.0 (X11; Linux x86_64; rv:30.0) Gecko/20100101 Firefox/30.0"
40.77.167.16 - - [02/Jun/2026:16:18:18 -0400] "GET /sliced_quote/scooty-shifting-gaziabad-to-bangalore/?create=pdf&id=496&print_pdf=cde686a623 HTTP/1.1" 200 1937 "-" "Mozilla/5.0 AppleWebKit/537.36 (KHTML, like Gecko; compatible; bingbot/2.0; +http://www.bing.com/bingbot.htm) Chrome/116.0.1938.76 Safari/537.36"
162.213.253.84 - - [02/Jun/2026:16:20:06 -0400] "POST /wp-cron.php?doing_wp_cron=1780431606.3403489589691162109375 HTTP/1.1" 200 0 "-" "WordPress/6.8.1; https://www.aeromaxlogistics.com"
209.141.44.244 - - [02/Jun/2026:16:20:05 -0400] "POST /wp-login.php HTTP/1.1" 200 7115 "-" "Mozilla/5.0 (iPad; CPU OS 17_1 like Mac OS X) AppleWebKit/605.1.15 (KHTML, like Gecko) Version/17.1 Mobile/15E148 Safari/604.1"
209.141.44.113 - - [02/Jun/2026:16:22:27 -0400] "GET /wp-login.php HTTP/1.1" 200 6664 "-" "Mozilla/5.0 (iPhone; CPU iPhone OS 16_6 like Mac OS X) AppleWebKit/605.1.15 (KHTML, like Gecko) Version/16.6 Mobile/15E148 Safari/604.1"
162.213.253.84 - - [02/Jun/2026:16:23:03 -0400] "POST /wp-cron.php?doing_wp_cron=1780431783.6267709732055664062500 HTTP/1.1" 200 0 "-" "WordPress/6.8.1; https://www.aeromaxlogistics.com"
209.141.44.113 - - [02/Jun/2026:16:23:03 -0400] "POST /wp-login.php HTTP/1.1" 200 7101 "-" "Mozilla/5.0 (iPhone; CPU iPhone OS 16_6 like Mac OS X) AppleWebKit/605.1.15 (KHTML, like Gecko) Version/16.6 Mobile/15E148 Safari/604.1"
205.185.127.250 - - [02/Jun/2026:16:24:38 -0400] "GET /wp-login.php HTTP/1.1" 200 6664 "-" "Mozilla/5.0 (Windows NT 10.0; Win64; x64) AppleWebKit/537.36 (KHTML, like Gecko) Chrome/120.0.0.0 Safari/537.36"
209.141.50.202 - - [02/Jun/2026:16:24:43 -0400] "POST /wp-login.php HTTP/1.1" 200 7111 "-" "Mozilla/5.0 (Macintosh; Intel Mac OS X 10_9_2) AppleWebKit/537.36 (KHTML, like Gecko) Chrome/36.0.1985.125 Safari/537.36"
162.213.253.84 - - [02/Jun/2026:16:24:49 -0400] "POST /wp-cron.php?doing_wp_cron=1780431889.6334209442138671875000 HTTP/1.1" 200 0 "-" "WordPress/6.8.1; https://www.aeromaxlogistics.com"
209.141.61.179 - - [02/Jun/2026:16:26:10 -0400] "GET /wp-login.php HTTP/1.1" 200 6664 "-" "Mozilla/5.0 (Windows NT 11.0; Win64; x64) AppleWebKit/537.36 (KHTML, like Gecko) Chrome/120.0.0.0 Safari/537.36"
162.213.253.84 - - [02/Jun/2026:16:26:41 -0400] "POST /wp-cron.php?doing_wp_cron=1780432001.3756830692291259765625 HTTP/1.1" 200 0 "-" "WordPress/6.8.1; https://www.aeromaxlogistics.com"
205.185.120.21 - - [02/Jun/2026:16:26:43 -0400] "POST /wp-login.php HTTP/1.1" 200 7113 "-" "Mozilla/5.0 (X11; Linux x86_64; rv:30.0) Gecko/20100101 Firefox/30.0"
209.141.44.113 - - [02/Jun/2026:16:29:06 -0400] "POST /wp-login.php HTTP/1.1" 200 7095 "-" "Mozilla/5.0 (X11; Linux x86_64; rv:123.0) Gecko/20100101 Firefox/123.0"
45.61.188.26 - - [02/Jun/2026:16:35:16 -0400] "GET /wp-login.php HTTP/1.1" 200 6664 "-" "Mozilla/5.0 (Windows NT 10.0; Win64; x64; rv:109.0) Gecko/20100101 Firefox/115.0"
162.213.253.84 - - [02/Jun/2026:16:35:17 -0400] "POST /wp-cron.php?doing_wp_cron=1780432517.3611259460449218750000 HTTP/1.1" 200 0 "-" "WordPress/6.8.1; https://www.aeromaxlogistics.com"
45.61.188.26 - - [02/Jun/2026:16:35:16 -0400] "POST /wp-login.php HTTP/1.1" 200 7103 "-" "Mozilla/5.0 (Windows NT 10.0; Win64; x64; rv:109.0) Gecko/20100101 Firefox/115.0"
45.61.186.169 - - [02/Jun/2026:16:38:18 -0400] "GET /wp-login.php HTTP/1.1" 200 6664 "-" "Mozilla/5.0 (compatible; MSIE 9.0; Windows NT 6.1; Trident/5.0)"
162.213.253.84 - - [02/Jun/2026:16:38:21 -0400] "POST /wp-cron.php?doing_wp_cron=1780432701.1595699787139892578125 HTTP/1.1" 200 0 "-" "WordPress/6.8.1; https://www.aeromaxlogistics.com"
209.141.51.192 - - [02/Jun/2026:16:40:39 -0400] "GET /wp-login.php HTTP/1.1" 200 6664 "-" "Mozilla/5.0 (Windows NT 6.1; WOW64; rv:31.0) Gecko/20100101 Firefox/31.0"
209.141.51.192 - - [02/Jun/2026:16:41:16 -0400] "POST /wp-login.php HTTP/1.1" 200 7129 "-" "Mozilla/5.0 (Windows NT 6.1; WOW64; rv:31.0) Gecko/20100101 Firefox/31.0"
209.141.44.113 - - [02/Jun/2026:16:27:43 -0400] "GET /wp-login.php HTTP/1.1" 200 6664 "-" "Mozilla/5.0 (X11; Linux x86_64; rv:123.0) Gecko/20100101 Firefox/123.0"
162.213.253.84 - - [02/Jun/2026:16:29:07 -0400] "POST /wp-cron.php?doing_wp_cron=1780432147.5442409515380859375000 HTTP/1.1" 200 0 "-" "WordPress/6.8.1; https://www.aeromaxlogistics.com"
205.185.120.21 - - [02/Jun/2026:16:30:09 -0400] "GET /wp-login.php HTTP/1.1" 200 6664 "-" "Mozilla/5.0 (Windows NT 10.0; Win64; x64) AppleWebKit/537.36 (KHTML, like Gecko) Chrome/118.0.0.0 Safari/537.36 Edg/118.0.2088.46"
162.213.253.84 - - [02/Jun/2026:16:31:03 -0400] "POST /wp-cron.php?doing_wp_cron=1780432263.5168809890747070312500 HTTP/1.1" 200 0 "-" "WordPress/6.8.1; https://www.aeromaxlogistics.com"
205.185.120.21 - - [02/Jun/2026:16:31:02 -0400] "POST /wp-login.php HTTP/1.1" 200 7105 "-" "Mozilla/5.0 (Windows NT 10.0; Win64; x64) AppleWebKit/537.36 (KHTML, like Gecko) Chrome/118.0.0.0 Safari/537.36 Edg/118.0.2088.46"
45.61.186.169 - - [02/Jun/2026:16:38:20 -0400] "POST /wp-login.php HTTP/1.1" 200 7121 "-" "Mozilla/5.0 (compatible; MSIE 9.0; Windows NT 6.1; Trident/5.0)"
162.213.253.84 - - [02/Jun/2026:16:41:17 -0400] "POST /wp-cron.php?doing_wp_cron=1780432876.9964969158172607421875 HTTP/1.1" 200 0 "-" "WordPress/6.8.1; https://www.aeromaxlogistics.com"
162.213.253.84 - - [02/Jun/2026:16:56:54 -0400] "POST /wp-cron.php?doing_wp_cron=1780433814.3470499515533447265625 HTTP/1.1" 200 0 "-" "WordPress/6.8.1; https://www.aeromaxlogistics.com"
40.77.167.52 - - [02/Jun/2026:16:45:01 -0400] "GET /sliced_quote/bike-shifting-noida-to-kalyan/?create=pdf&id=659&print_pdf=64102e6527 HTTP/1.1" 200 1937 "-" "Mozilla/5.0 AppleWebKit/537.36 (KHTML, like Gecko; compatible; bingbot/2.0; +http://www.bing.com/bingbot.htm) Chrome/116.0.1938.76 Safari/537.36"
209.141.33.219 - - [02/Jun/2026:16:55:04 -0400] "GET /wp-login.php HTTP/1.1" 200 6664 "-" "Mozilla/5.0 (Macintosh; Intel Mac OS X 10_9_4) AppleWebKit/537.77.4 (KHTML, like Gecko) Version/7.0.5 Safari/537.77.4"
209.141.33.219 - - [02/Jun/2026:16:56:53 -0400] "POST /wp-login.php HTTP/1.1" 200 7115 "-" "Mozilla/5.0 (Macintosh; Intel Mac OS X 10_9_4) AppleWebKit/537.77.4 (KHTML, like Gecko) Version/7.0.5 Safari/537.77.4"
205.185.120.156 - - [02/Jun/2026:17:07:41 -0400] "GET /wp-login.php HTTP/1.1" 200 6664 "-" "Mozilla/5.0 (Windows NT 6.1) AppleWebKit/537.36 (KHTML, like Gecko) Chrome/36.0.1985.125 Safari/537.36"
162.213.253.84 - - [02/Jun/2026:17:09:37 -0400] "POST /wp-cron.php?doing_wp_cron=1780434577.6707119941711425781250 HTTP/1.1" 200 0 "-" "WordPress/6.8.1; https://www.aeromaxlogistics.com"
45.61.187.176 - - [02/Jun/2026:17:09:37 -0400] "POST /wp-login.php HTTP/1.1" 200 7111 "-" "Mozilla/5.0 (Macintosh; Intel Mac OS X 10.6; rv:31.0) Gecko/20100101 Firefox/31.0"
45.61.187.176 - - [02/Jun/2026:17:09:36 -0400] "GET /wp-login.php HTTP/1.1" 200 6664 "-" "Mozilla/5.0 (Macintosh; Intel Mac OS X 10.6; rv:31.0) Gecko/20100101 Firefox/31.0"
162.213.253.84 - - [02/Jun/2026:17:10:52 -0400] "POST /wp-cron.php?doing_wp_cron=1780434652.2985959053039550781250 HTTP/1.1" 200 0 "-" "WordPress/6.8.1; https://www.aeromaxlogistics.com"
205.185.120.156 - - [02/Jun/2026:17:10:51 -0400] "POST /wp-login.php HTTP/1.1" 200 7105 "-" "Mozilla/5.0 (Windows NT 6.1) AppleWebKit/537.36 (KHTML, like Gecko) Chrome/36.0.1985.125 Safari/537.36"
205.185.122.41 - - [02/Jun/2026:17:19:54 -0400] "GET /wp-login.php HTTP/1.1" 200 6664 "-" "Mozilla/5.0 (Windows NT 10.0; Win64; x64; rv:121.0) Gecko/20100101 Firefox/121.0"
205.185.122.41 - - [02/Jun/2026:17:19:54 -0400] "POST /wp-login.php HTTP/1.1" 200 7127 "-" "Mozilla/5.0 (Windows NT 10.0; Win64; x64; rv:121.0) Gecko/20100101 Firefox/121.0"
162.213.253.84 - - [02/Jun/2026:17:20:42 -0400] "POST /wp-cron.php?doing_wp_cron=1780435242.6695129871368408203125 HTTP/1.1" 200 0 "-" "WordPress/6.8.1; https://www.aeromaxlogistics.com"
205.185.121.3 - - [02/Jun/2026:17:19:11 -0400] "GET /wp-login.php HTTP/1.1" 200 6664 "-" "Mozilla/5.0 (Macintosh; Intel Mac OS X 10_9_0) AppleWebKit/537.36 (KHTML, like Gecko) Chrome/36.0.1985.125 Safari/537.36"
162.213.253.84 - - [02/Jun/2026:17:19:54 -0400] "POST /wp-cron.php?doing_wp_cron=1780435194.9891870021820068359375 HTTP/1.1" 200 0 "-" "WordPress/6.8.1; https://www.aeromaxlogistics.com"
205.185.121.3 - - [02/Jun/2026:17:20:42 -0400] "POST /wp-login.php HTTP/1.1" 200 7101 "-" "Mozilla/5.0 (Macintosh; Intel Mac OS X 10_9_0) AppleWebKit/537.36 (KHTML, like Gecko) Chrome/36.0.1985.125 Safari/537.36"
162.213.253.84 - - [02/Jun/2026:17:42:14 -0400] "POST /wp-cron.php?doing_wp_cron=1780436534.2841000556945800781250 HTTP/1.1" 200 0 "-" "WordPress/6.8.1; https://www.aeromaxlogistics.com"
198.98.59.131 - - [02/Jun/2026:17:42:13 -0400] "POST /wp-login.php HTTP/1.1" 200 7111 "-" "Mozilla/5.0 (Windows NT 6.1; WOW64; rv:31.0) Gecko/20100101 Firefox/31.0"
157.55.39.54 - - [02/Jun/2026:17:43:59 -0400] "GET /sliced_quote/461-2/?create=pdf&id=461&print_pdf=7942de5a7d HTTP/1.1" 200 1937 "-" "Mozilla/5.0 AppleWebKit/537.36 (KHTML, like Gecko; compatible; bingbot/2.0; +http://www.bing.com/bingbot.htm) Chrome/116.0.1938.76 Safari/537.36"
162.213.253.84 - - [02/Jun/2026:17:44:41 -0400] "POST /wp-cron.php?doing_wp_cron=1780436681.8105070590972900390625 HTTP/1.1" 200 0 "-" "WordPress/6.8.1; https://www.aeromaxlogistics.com"
40.77.167.53 - - [02/Jun/2026:17:41:16 -0400] "GET /sliced_quote/bike-shifting-gurgaon-to-pathankot/?create=pdf&id=609&print_pdf=8da69cb3b2 HTTP/1.1" 200 1937 "-" "Mozilla/5.0 AppleWebKit/537.36 (KHTML, like Gecko; compatible; bingbot/2.0; +http://www.bing.com/bingbot.htm) Chrome/116.0.1938.76 Safari/537.36"
198.98.59.131 - - [02/Jun/2026:17:42:13 -0400] "GET /wp-login.php HTTP/1.1" 200 6664 "-" "Mozilla/5.0 (Windows NT 6.1; WOW64; rv:31.0) Gecko/20100101 Firefox/31.0"
205.185.122.174 - - [02/Jun/2026:17:44:05 -0400] "GET /wp-login.php HTTP/1.1" 200 6664 "-" "Mozilla/5.0 (Macintosh; Intel Mac OS X 10.15; rv:123.0) Gecko/20100101 Firefox/123.0"
205.185.122.174 - - [02/Jun/2026:17:44:41 -0400] "POST /wp-login.php HTTP/1.1" 200 7109 "-" "Mozilla/5.0 (Macintosh; Intel Mac OS X 10.15; rv:123.0) Gecko/20100101 Firefox/123.0"
205.185.124.128 - - [02/Jun/2026:17:59:35 -0400] "POST /wp-login.php HTTP/1.1" 200 7109 "-" "Mozilla/5.0 (Macintosh; Intel Mac OS X 11_7_10) AppleWebKit/537.36 (KHTML, like Gecko) Chrome/119.0.0.0 Safari/537.36"
52.167.144.156 - - [02/Jun/2026:18:00:17 -0400] "GET /sliced_quote/743-2/?create=pdf&id=743&print_pdf=0cbd8281c1 HTTP/1.1" 200 1937 "-" "Mozilla/5.0 AppleWebKit/537.36 (KHTML, like Gecko; compatible; bingbot/2.0; +http://www.bing.com/bingbot.htm) Chrome/116.0.1938.76 Safari/537.36"
45.61.185.47 - - [02/Jun/2026:18:04:55 -0400] "GET /wp-login.php HTTP/1.1" 200 6664 "-" "Mozilla/5.0 (Macintosh; Intel Mac OS X 10_15_7) AppleWebKit/537.36 (KHTML, like Gecko) Chrome/146.0.0.0 Safari/537.36"
162.213.253.84 - - [02/Jun/2026:18:06:16 -0400] "POST /wp-cron.php?doing_wp_cron=1780437976.2072250843048095703125 HTTP/1.1" 200 0 "-" "WordPress/6.8.1; https://www.aeromaxlogistics.com"
45.61.185.47 - - [02/Jun/2026:18:06:15 -0400] "POST /wp-login.php HTTP/1.1" 200 7113 "-" "Mozilla/5.0 (Macintosh; Intel Mac OS X 10_15_7) AppleWebKit/537.36 (KHTML, like Gecko) Chrome/146.0.0.0 Safari/537.36"
205.185.124.128 - - [02/Jun/2026:17:59:35 -0400] "GET /wp-login.php HTTP/1.1" 200 6664 "-" "Mozilla/5.0 (Macintosh; Intel Mac OS X 11_7_10) AppleWebKit/537.36 (KHTML, like Gecko) Chrome/119.0.0.0 Safari/537.36"
162.213.253.84 - - [02/Jun/2026:17:59:36 -0400] "POST /wp-cron.php?doing_wp_cron=1780437576.1843400001525878906250 HTTP/1.1" 200 0 "-" "WordPress/6.8.1; https://www.aeromaxlogistics.com"
66.132.172.200 - - [02/Jun/2026:18:04:10 -0400] "GET / HTTP/1.1" 200 2213 "-" "Mozilla/5.0 (compatible; CensysInspect/1.1; +https://about.censys.io/)"
66.132.172.200 - - [02/Jun/2026:18:04:13 -0400] "GET /favicon.ico HTTP/1.1" 404 1251 "-" "Mozilla/5.0 (compatible; CensysInspect/1.1; +https://about.censys.io/)"
209.141.33.219 - - [02/Jun/2026:18:06:36 -0400] "GET /wp-login.php HTTP/1.1" 200 6664 "-" "Mozilla/5.0 (Windows NT 5.1; rv:31.0) Gecko/20100101 Firefox/31.0"
209.141.33.219 - - [02/Jun/2026:18:06:38 -0400] "POST /wp-login.php HTTP/1.1" 200 7111 "-" "Mozilla/5.0 (Windows NT 5.1; rv:31.0) Gecko/20100101 Firefox/31.0"
45.61.185.47 - - [02/Jun/2026:18:12:34 -0400] "GET /wp-login.php HTTP/1.1" 200 6664 "-" "Mozilla/5.0 (Macintosh; Intel Mac OS X 10_10) AppleWebKit/538.46 (KHTML, like Gecko) Version/8.0 Safari/538.46"
162.213.253.84 - - [02/Jun/2026:18:12:36 -0400] "POST /wp-cron.php?doing_wp_cron=1780438356.1110470294952392578125 HTTP/1.1" 200 0 "-" "WordPress/6.8.1; https://www.aeromaxlogistics.com"
205.185.125.44 - - [02/Jun/2026:18:19:45 -0400] "GET /wp-login.php HTTP/1.1" 200 6664 "-" "Mozilla/5.0 (X11; Linux i686) AppleWebKit/537.36 (KHTML, like Gecko) Chrome/36.0.1985.125 Safari/537.36"
162.213.253.84 - - [02/Jun/2026:18:19:46 -0400] "POST /wp-cron.php?doing_wp_cron=1780438786.5615301132202148437500 HTTP/1.1" 200 0 "-" "WordPress/6.8.1; https://www.aeromaxlogistics.com"
205.185.125.44 - - [02/Jun/2026:18:19:46 -0400] "POST /wp-login.php HTTP/1.1" 200 7095 "-" "Mozilla/5.0 (X11; Linux i686) AppleWebKit/537.36 (KHTML, like Gecko) Chrome/36.0.1985.125 Safari/537.36"
66.249.79.171 - - [02/Jun/2026:18:23:32 -0400] "GET /robots.txt HTTP/1.1" 200 1937 "-" "Mozilla/5.0 (compatible; Googlebot/2.1; +http://www.google.com/bot.html)"
45.61.185.47 - - [02/Jun/2026:18:12:35 -0400] "POST /wp-login.php HTTP/1.1" 200 7115 "-" "Mozilla/5.0 (Macintosh; Intel Mac OS X 10_10) AppleWebKit/538.46 (KHTML, like Gecko) Version/8.0 Safari/538.46"
66.249.79.172 - - [02/Jun/2026:18:23:49 -0400] "GET /invoice_status/paid/ HTTP/1.1" 200 1937 "-" "Mozilla/5.0 (Linux; Android 6.0.1; Nexus 5X Build/MMB29P) AppleWebKit/537.36 (KHTML, like Gecko) Chrome/148.0.7778.96 Mobile Safari/537.36 (compatible; Googlebot/2.1; +http://www.google.com/bot.html)"
52.167.144.169 - - [02/Jun/2026:18:28:30 -0400] "GET /sliced_quote/bike-shifting-delhi-to-bhimpur/?create=pdf&id=518&print_pdf=9cf6f5ca86 HTTP/1.1" 200 1937 "-" "Mozilla/5.0 AppleWebKit/537.36 (KHTML, like Gecko; compatible; bingbot/2.0; +http://www.bing.com/bingbot.htm) Chrome/116.0.1938.76 Safari/537.36"
162.213.253.84 - - [02/Jun/2026:18:36:00 -0400] "POST /wp-cron.php?doing_wp_cron=1780439760.2246279716491699218750 HTTP/1.1" 200 0 "-" "WordPress/6.8.1; https://www.aeromaxlogistics.com"
185.102.115.179 - - [02/Jun/2026:18:35:59 -0400] "POST /wp-login.php HTTP/1.1" 200 7127 "-" "Mozilla/5.0 (iPhone; CPU iPhone OS 18_7 like Mac OS X) AppleWebKit/605.1.15 (KHTML, like Gecko) Version/18.0 Mobile/15E148 Safari/604.1"
162.213.253.84 - - [02/Jun/2026:18:36:21 -0400] "POST /wp-cron.php?doing_wp_cron=1780439781.1471049785614013671875 HTTP/1.1" 200 0 "-" "WordPress/6.8.1; https://www.aeromaxlogistics.com"
162.213.253.84 - - [02/Jun/2026:18:37:02 -0400] "POST /wp-cron.php?doing_wp_cron=1780439822.2712790966033935546875 HTTP/1.1" 200 0 "-" "WordPress/6.8.1; https://www.aeromaxlogistics.com"
209.141.50.202 - - [02/Jun/2026:18:41:13 -0400] "POST /wp-login.php HTTP/1.1" 200 7111 "-" "Mozilla/5.0 (Windows NT 10.0; Win64; x64) AppleWebKit/537.36 (KHTML, like Gecko) Chrome/122.0.0.0 Safari/537.36"
198.98.59.131 - - [02/Jun/2026:18:29:59 -0400] "GET /wp-login.php HTTP/1.1" 200 6664 "-" "Mozilla/5.0 (Windows NT 10.0; Win64; x64) AppleWebKit/537.36 (KHTML, like Gecko) Chrome/145.0.0.0 Safari/537.36"
162.213.253.84 - - [02/Jun/2026:18:30:00 -0400] "POST /wp-cron.php?doing_wp_cron=1780439400.7337911128997802734375 HTTP/1.1" 200 0 "-" "WordPress/6.8.1; https://www.aeromaxlogistics.com"
198.98.59.131 - - [02/Jun/2026:18:30:00 -0400] "POST /wp-login.php HTTP/1.1" 200 7117 "-" "Mozilla/5.0 (Windows NT 10.0; Win64; x64) AppleWebKit/537.36 (KHTML, like Gecko) Chrome/145.0.0.0 Safari/537.36"
207.46.13.107 - - [02/Jun/2026:18:32:44 -0400] "GET /sliced_quote/bike-shifting-noida-to-amravati/?create=pdf&id=690&print_pdf=53401b94ed HTTP/1.1" 200 1937 "-" "Mozilla/5.0 AppleWebKit/537.36 (KHTML, like Gecko; compatible; bingbot/2.0; +http://www.bing.com/bingbot.htm) Chrome/116.0.1938.76 Safari/537.36"
205.185.120.21 - - [02/Jun/2026:18:35:25 -0400] "GET /wp-login.php HTTP/1.1" 200 6664 "-" "Mozilla/5.0 (Macintosh; Intel Mac OS X 10_9_3) AppleWebKit/537.36 (KHTML, like Gecko) Chrome/36.0.1985.125 Safari/537.36"
185.102.115.179 - - [02/Jun/2026:18:35:57 -0400] "GET /wp-login.php HTTP/1.1" 200 6664 "-" "Mozilla/5.0 (iPhone; CPU iPhone OS 18_7 like Mac OS X) AppleWebKit/605.1.15 (KHTML, like Gecko) Version/18.0 Mobile/15E148 Safari/604.1"
45.61.186.169 - - [02/Jun/2026:18:36:20 -0400] "GET /wp-login.php HTTP/1.1" 200 6664 "-" "Mozilla/5.0 (X11; Linux x86_64) AppleWebKit/537.36 (KHTML, like Gecko) Chrome/118.0.0.0 Safari/537.36"
45.61.186.169 - - [02/Jun/2026:18:36:20 -0400] "POST /wp-login.php HTTP/1.1" 200 7101 "-" "Mozilla/5.0 (X11; Linux x86_64) AppleWebKit/537.36 (KHTML, like Gecko) Chrome/118.0.0.0 Safari/537.36"
205.185.120.21 - - [02/Jun/2026:18:37:01 -0400] "POST /wp-login.php HTTP/1.1" 200 7091 "-" "Mozilla/5.0 (Macintosh; Intel Mac OS X 10_9_3) AppleWebKit/537.36 (KHTML, like Gecko) Chrome/36.0.1985.125 Safari/537.36"
205.185.127.250 - - [02/Jun/2026:18:38:47 -0400] "GET /wp-login.php HTTP/1.1" 200 6664 "-" "Mozilla/5.0 (Macintosh; Intel Mac OS X 10_15_7) AppleWebKit/605.1.15 (KHTML, like Gecko) Version/17.1 Safari/605.1.15"
162.213.253.84 - - [02/Jun/2026:18:39:11 -0400] "POST /wp-cron.php?doing_wp_cron=1780439951.5867729187011718750000 HTTP/1.1" 200 0 "-" "WordPress/6.8.1; https://www.aeromaxlogistics.com"
205.185.127.250 - - [02/Jun/2026:18:39:11 -0400] "POST /wp-login.php HTTP/1.1" 200 7099 "-" "Mozilla/5.0 (Macintosh; Intel Mac OS X 10_15_7) AppleWebKit/605.1.15 (KHTML, like Gecko) Version/17.1 Safari/605.1.15"
209.141.50.202 - - [02/Jun/2026:18:39:54 -0400] "GET /wp-login.php HTTP/1.1" 200 6664 "-" "Mozilla/5.0 (Windows NT 10.0; Win64; x64) AppleWebKit/537.36 (KHTML, like Gecko) Chrome/122.0.0.0 Safari/537.36"
162.213.253.84 - - [02/Jun/2026:18:41:13 -0400] "POST /wp-cron.php?doing_wp_cron=1780440073.7997400760650634765625 HTTP/1.1" 200 0 "-" "WordPress/6.8.1; https://www.aeromaxlogistics.com"
162.213.253.84 - - [02/Jun/2026:18:43:32 -0400] "POST /wp-cron.php?doing_wp_cron=1780440212.5882959365844726562500 HTTP/1.1" 200 0 "-" "WordPress/6.8.1; https://www.aeromaxlogistics.com"
161.97.133.157 - - [02/Jun/2026:18:45:53 -0400] "GET /.git/config HTTP/1.1" 403 1242 "-" "python-requests/2.27.1"
205.185.120.21 - - [02/Jun/2026:18:51:59 -0400] "GET /wp-login.php HTTP/1.1" 200 6664 "-" "Mozilla/5.0 (Windows NT 10.0; Win64; x64) AppleWebKit/537.36 (KHTML, like Gecko) Chrome/144.0.0.0 Safari/537.36"
209.141.33.219 - - [02/Jun/2026:18:55:09 -0400] "POST /wp-login.php HTTP/1.1" 200 7115 "-" "Mozilla/5.0 (Windows NT 10.0; Win64; x64; rv:122.0) Gecko/20100101 Firefox/122.0"
162.213.253.84 - - [02/Jun/2026:18:57:51 -0400] "POST /wp-cron.php?doing_wp_cron=1780441071.6778109073638916015625 HTTP/1.1" 200 0 "-" "WordPress/6.8.1; https://www.aeromaxlogistics.com"
198.98.59.131 - - [02/Jun/2026:18:57:51 -0400] "POST /wp-login.php HTTP/1.1" 200 7058 "-" "Mozilla/5.0 (iPhone; CPU iPhone OS 7_1 like Mac OS X) AppleWebKit/537.51.2 (KHTML, like Gecko) Version/7.0 Mobile/11D167 Safari/9537.53"
209.141.37.7 - - [02/Jun/2026:18:43:15 -0400] "GET /wp-login.php HTTP/1.1" 200 6664 "-" "Mozilla/5.0 (compatible; MSIE 10.0; Windows NT 6.1; WOW64; Trident/6.0)"
209.141.37.7 - - [02/Jun/2026:18:43:32 -0400] "POST /wp-login.php HTTP/1.1" 200 7117 "-" "Mozilla/5.0 (compatible; MSIE 10.0; Windows NT 6.1; WOW64; Trident/6.0)"
162.213.253.84 - - [02/Jun/2026:18:52:00 -0400] "POST /wp-cron.php?doing_wp_cron=1780440720.3614048957824707031250 HTTP/1.1" 200 0 "-" "WordPress/6.8.1; https://www.aeromaxlogistics.com"
205.185.120.21 - - [02/Jun/2026:18:51:59 -0400] "POST /wp-login.php HTTP/1.1" 200 7095 "-" "Mozilla/5.0 (Windows NT 10.0; Win64; x64) AppleWebKit/537.36 (KHTML, like Gecko) Chrome/144.0.0.0 Safari/537.36"
209.141.33.219 - - [02/Jun/2026:18:55:07 -0400] "GET /wp-login.php HTTP/1.1" 200 6664 "-" "Mozilla/5.0 (Windows NT 10.0; Win64; x64; rv:122.0) Gecko/20100101 Firefox/122.0"
162.213.253.84 - - [02/Jun/2026:18:55:10 -0400] "POST /wp-cron.php?doing_wp_cron=1780440910.0878620147705078125000 HTTP/1.1" 200 0 "-" "WordPress/6.8.1; https://www.aeromaxlogistics.com"
198.98.59.131 - - [02/Jun/2026:18:57:42 -0400] "GET /wp-login.php HTTP/1.1" 200 6664 "-" "Mozilla/5.0 (iPhone; CPU iPhone OS 7_1 like Mac OS X) AppleWebKit/537.51.2 (KHTML, like Gecko) Version/7.0 Mobile/11D167 Safari/9537.53"
205.185.122.41 - - [02/Jun/2026:19:00:05 -0400] "POST /wp-login.php HTTP/1.1" 200 7111 "-" "Mozilla/5.0 (Windows NT 6.1; WOW64) AppleWebKit/537.36 (KHTML, like Gecko) Chrome/35.0.1916.114 Safari/537.36"
205.185.122.41 - - [02/Jun/2026:19:00:05 -0400] "GET /wp-login.php HTTP/1.1" 200 6664 "-" "Mozilla/5.0 (Windows NT 6.1; WOW64) AppleWebKit/537.36 (KHTML, like Gecko) Chrome/35.0.1916.114 Safari/537.36"
162.213.253.84 - - [02/Jun/2026:19:00:05 -0400] "POST /wp-cron.php?doing_wp_cron=1780441205.9593920707702636718750 HTTP/1.1" 200 0 "-" "WordPress/6.8.1; https://www.aeromaxlogistics.com"
162.213.253.84 - - [02/Jun/2026:19:12:44 -0400] "POST /wp-cron.php?doing_wp_cron=1780441964.4663860797882080078125 HTTP/1.1" 200 0 "-" "WordPress/6.8.1; https://www.aeromaxlogistics.com"
185.102.115.179 - - [02/Jun/2026:19:12:36 -0400] "GET /wp-login.php HTTP/1.1" 200 6664 "-" "Mozilla/5.0 (Linux; Android 14; SM-S928B) AppleWebKit/537.36 (KHTML, like Gecko) Chrome/122.0.0.0 Mobile Safari/537.36"
185.102.115.179 - - [02/Jun/2026:19:12:43 -0400] "POST /wp-login.php HTTP/1.1" 200 7101 "-" "Mozilla/5.0 (Linux; Android 14; SM-S928B) AppleWebKit/537.36 (KHTML, like Gecko) Chrome/122.0.0.0 Mobile Safari/537.36"
162.213.253.84 - - [02/Jun/2026:19:21:53 -0400] "POST /wp-cron.php?doing_wp_cron=1780442513.4418759346008300781250 HTTP/1.1" 200 0 "-" "WordPress/6.8.1; https://www.aeromaxlogistics.com"
205.185.127.250 - - [02/Jun/2026:19:21:52 -0400] "POST /wp-login.php HTTP/1.1" 200 7121 "-" "Mozilla/5.0 (Macintosh; Intel Mac OS X 10.9; rv:31.0) Gecko/20100101 Firefox/31.0"
209.141.46.91 - - [02/Jun/2026:19:22:42 -0400] "GET /wp-login.php HTTP/1.1" 200 6664 "-" "Mozilla/5.0 (Macintosh; Intel Mac OS X 10_15_7) AppleWebKit/537.36 (KHTML, like Gecko) Chrome/145.0.0.0 Safari/537.36"
185.213.174.141 - - [02/Jun/2026:19:23:32 -0400] "GET / HTTP/1.1" 200 1937 "-" "Mozilla/5.0 (compatible; OAI-SearchBot/1.3; +https://openai.com/searchbot)"
209.141.36.175 - - [02/Jun/2026:19:27:12 -0400] "GET /wp-login.php HTTP/1.1" 200 6664 "-" "Mozilla/5.0 (Macintosh; Intel Mac OS X 10_9_4) AppleWebKit/537.36 (KHTML, like Gecko) Chrome/35.0.1916.153 Safari/537.36"
162.213.253.84 - - [02/Jun/2026:19:28:00 -0400] "POST /wp-cron.php?doing_wp_cron=1780442880.3829360008239746093750 HTTP/1.1" 200 0 "-" "WordPress/6.8.1; https://www.aeromaxlogistics.com"
198.98.56.118 - - [02/Jun/2026:19:31:21 -0400] "GET /wp-login.php HTTP/1.1" 200 6664 "-" "Mozilla/5.0 (Windows NT 6.1; rv:31.0) Gecko/20100101 Firefox/31.0"
209.141.52.4 - - [02/Jun/2026:19:32:07 -0400] "GET /wp-login.php HTTP/1.1" 200 6664 "-" "Mozilla/5.0 (X11; Linux x86_64) AppleWebKit/537.36 (KHTML, like Gecko) Chrome/36.0.1985.125 Safari/537.36"
162.213.253.84 - - [02/Jun/2026:19:32:08 -0400] "POST /wp-cron.php?doing_wp_cron=1780443128.2107260227203369140625 HTTP/1.1" 200 0 "-" "WordPress/6.8.1; https://www.aeromaxlogistics.com"
205.185.127.250 - - [02/Jun/2026:19:21:51 -0400] "GET /wp-login.php HTTP/1.1" 200 6664 "-" "Mozilla/5.0 (Macintosh; Intel Mac OS X 10.9; rv:31.0) Gecko/20100101 Firefox/31.0"
162.213.253.84 - - [02/Jun/2026:19:25:28 -0400] "POST /wp-cron.php?doing_wp_cron=1780442728.7718839645385742187500 HTTP/1.1" 200 0 "-" "WordPress/6.8.1; https://www.aeromaxlogistics.com"
209.141.46.91 - - [02/Jun/2026:19:25:28 -0400] "POST /wp-login.php HTTP/1.1" 200 7121 "-" "Mozilla/5.0 (Macintosh; Intel Mac OS X 10_15_7) AppleWebKit/537.36 (KHTML, like Gecko) Chrome/145.0.0.0 Safari/537.36"
209.141.36.175 - - [02/Jun/2026:19:27:59 -0400] "POST /wp-login.php HTTP/1.1" 200 7101 "-" "Mozilla/5.0 (Macintosh; Intel Mac OS X 10_9_4) AppleWebKit/537.36 (KHTML, like Gecko) Chrome/35.0.1916.153 Safari/537.36"
52.167.144.197 - - [02/Jun/2026:19:29:06 -0400] "GET /sliced_quote/bike-d-to-d/?create=pdf&id=443&print_pdf=ab35e0a0da HTTP/1.1" 200 1937 "-" "Mozilla/5.0 AppleWebKit/537.36 (KHTML, like Gecko; compatible; bingbot/2.0; +http://www.bing.com/bingbot.htm) Chrome/116.0.1938.76 Safari/537.36"
162.213.253.84 - - [02/Jun/2026:19:31:23 -0400] "POST /wp-cron.php?doing_wp_cron=1780443083.1422240734100341796875 HTTP/1.1" 200 0 "-" "WordPress/6.8.1; https://www.aeromaxlogistics.com"
198.98.56.118 - - [02/Jun/2026:19:31:22 -0400] "POST /wp-login.php HTTP/1.1" 200 7105 "-" "Mozilla/5.0 (Windows NT 6.1; rv:31.0) Gecko/20100101 Firefox/31.0"
209.141.52.4 - - [02/Jun/2026:19:32:07 -0400] "POST /wp-login.php HTTP/1.1" 200 7109 "-" "Mozilla/5.0 (X11; Linux x86_64) AppleWebKit/537.36 (KHTML, like Gecko) Chrome/36.0.1985.125 Safari/537.36"
162.213.253.84 - - [02/Jun/2026:19:36:38 -0400] "POST /wp-cron.php?doing_wp_cron=1780443398.1655058860778808593750 HTTP/1.1" 200 0 "-" "WordPress/6.8.1; https://www.aeromaxlogistics.com"
209.141.33.219 - - [02/Jun/2026:19:39:35 -0400] "POST /wp-login.php HTTP/1.1" 200 7115 "-" "Mozilla/5.0 (Windows NT 5.1; rv:30.0) Gecko/20100101 Firefox/30.0"
207.46.13.157 - - [02/Jun/2026:19:43:00 -0400] "GET /sliced_quote/bike-shifting-noida-to-kalyan/?create=pdf&id=659&print_pdf=d301a8d3c6 HTTP/1.1" 200 1937 "-" "Mozilla/5.0 AppleWebKit/537.36 (KHTML, like Gecko; compatible; bingbot/2.0; +http://www.bing.com/bingbot.htm) Chrome/116.0.1938.76 Safari/537.36"
198.98.56.118 - - [02/Jun/2026:19:50:29 -0400] "POST /wp-login.php HTTP/1.1" 200 7113 "-" "Mozilla/5.0 (Windows NT 6.3; WOW64) AppleWebKit/537.36 (KHTML, like Gecko) Chrome/36.0.1985.143 Safari/537.36"
207.46.13.7 - - [02/Jun/2026:19:34:54 -0400] "GET /sliced_quote/bike-shifting-faridabad-to-rudrapur/?create=pdf&id=642&print_pdf=5a29e45707 HTTP/1.1" 200 1937 "-" "Mozilla/5.0 AppleWebKit/537.36 (KHTML, like Gecko; compatible; bingbot/2.0; +http://www.bing.com/bingbot.htm) Chrome/116.0.1938.76 Safari/537.36"
45.61.187.176 - - [02/Jun/2026:19:36:36 -0400] "GET /wp-login.php HTTP/1.1" 200 6664 "-" "Mozilla/5.0 (Windows NT 10.0; Win64; x64) AppleWebKit/537.36 (KHTML, like Gecko) Chrome/121.0.0.0 Safari/537.36 Edg/121.0.0.0"
45.61.187.176 - - [02/Jun/2026:19:36:37 -0400] "POST /wp-login.php HTTP/1.1" 200 7091 "-" "Mozilla/5.0 (Windows NT 10.0; Win64; x64) AppleWebKit/537.36 (KHTML, like Gecko) Chrome/121.0.0.0 Safari/537.36 Edg/121.0.0.0"
209.141.33.219 - - [02/Jun/2026:19:36:45 -0400] "GET /wp-login.php HTTP/1.1" 200 6664 "-" "Mozilla/5.0 (Windows NT 5.1; rv:30.0) Gecko/20100101 Firefox/30.0"
162.213.253.84 - - [02/Jun/2026:19:39:35 -0400] "POST /wp-cron.php?doing_wp_cron=1780443575.7615571022033691406250 HTTP/1.1" 200 0 "-" "WordPress/6.8.1; https://www.aeromaxlogistics.com"
205.185.125.44 - - [02/Jun/2026:19:42:38 -0400] "GET /wp-login.php HTTP/1.1" 200 6664 "-" "Mozilla/5.0 (Macintosh; Intel Mac OS X 10_9_4) AppleWebKit/537.77.4 (KHTML, like Gecko) Version/7.0.5 Safari/537.77.4"
162.213.253.84 - - [02/Jun/2026:19:43:21 -0400] "POST /wp-cron.php?doing_wp_cron=1780443801.4886870384216308593750 HTTP/1.1" 200 0 "-" "WordPress/6.8.1; https://www.aeromaxlogistics.com"
205.185.125.44 - - [02/Jun/2026:19:43:20 -0400] "POST /wp-login.php HTTP/1.1" 200 7129 "-" "Mozilla/5.0 (Macintosh; Intel Mac OS X 10_9_4) AppleWebKit/537.77.4 (KHTML, like Gecko) Version/7.0.5 Safari/537.77.4"
198.98.56.118 - - [02/Jun/2026:19:48:49 -0400] "GET /wp-login.php HTTP/1.1" 200 6664 "-" "Mozilla/5.0 (Windows NT 6.3; WOW64) AppleWebKit/537.36 (KHTML, like Gecko) Chrome/36.0.1985.143 Safari/537.36"
205.185.122.41 - - [02/Jun/2026:19:50:09 -0400] "GET /wp-login.php HTTP/1.1" 200 6664 "-" "Mozilla/5.0 (X11; Linux x86_64) AppleWebKit/537.36 (KHTML, like Gecko) Chrome/35.0.1916.153 Safari/537.36"
162.213.253.84 - - [02/Jun/2026:19:50:10 -0400] "POST /wp-cron.php?doing_wp_cron=1780444210.2263019084930419921875 HTTP/1.1" 200 0 "-" "WordPress/6.8.1; https://www.aeromaxlogistics.com"
205.185.122.41 - - [02/Jun/2026:19:50:09 -0400] "POST /wp-login.php HTTP/1.1" 200 7117 "-" "Mozilla/5.0 (X11; Linux x86_64) AppleWebKit/537.36 (KHTML, like Gecko) Chrome/35.0.1916.153 Safari/537.36"
209.141.37.7 - - [02/Jun/2026:20:00:13 -0400] "GET /wp-login.php HTTP/1.1" 200 6664 "-" "Mozilla/5.0 (Windows NT 10.0; Win64; x64) AppleWebKit/537.36 (KHTML, like Gecko) Chrome/122.0.0.0 Safari/537.36"
209.141.37.7 - - [02/Jun/2026:20:00:45 -0400] "POST /wp-login.php HTTP/1.1" 200 7095 "-" "Mozilla/5.0 (Windows NT 10.0; Win64; x64) AppleWebKit/537.36 (KHTML, like Gecko) Chrome/122.0.0.0 Safari/537.36"
52.167.144.204 - - [02/Jun/2026:20:03:12 -0400] "GET /sliced_quote/bike-shifting-gaziabad-to-darbhanga/?create=pdf&id=563&print_pdf=89c650db3a HTTP/1.1" 200 1937 "-" "Mozilla/5.0 AppleWebKit/537.36 (KHTML, like Gecko; compatible; bingbot/2.0; +http://www.bing.com/bingbot.htm) Chrome/116.0.1938.76 Safari/537.36"
162.213.253.84 - - [02/Jun/2026:20:00:45 -0400] "POST /wp-cron.php?doing_wp_cron=1780444845.9811899662017822265625 HTTP/1.1" 200 0 "-" "WordPress/6.8.1; https://www.aeromaxlogistics.com"
209.141.37.7 - - [02/Jun/2026:20:12:01 -0400] "GET /wp-login.php HTTP/1.1" 200 6664 "-" "Mozilla/5.0 (Windows NT 10.0; Win64; x64; rv:122.0) Gecko/20100101 Firefox/122.0"
162.213.253.84 - - [02/Jun/2026:20:12:10 -0400] "POST /wp-cron.php?doing_wp_cron=1780445530.1400530338287353515625 HTTP/1.1" 200 0 "-" "WordPress/6.8.1; https://www.aeromaxlogistics.com"
95.174.12.94 - - [02/Jun/2026:20:13:35 -0400] "GET / HTTP/1.1" 200 2213 "-" "Mozilla/5.0 (Windows NT 10.0; Win64; x64) AppleWebKit/537.36"
95.174.12.94 - - [02/Jun/2026:20:13:35 -0400] "GET /wp-content/plugins/burst-statistics/readme.txt HTTP/1.1" 200 2213 "-" "Mozilla/5.0 (Windows NT 10.0; Win64; x64) AppleWebKit/537.36"
157.55.39.200 - - [02/Jun/2026:20:19:36 -0400] "GET /sliced_quote/bike-shifting-gurgaon-to-howrah/?create=pdf&id=626&print_pdf=75315ba12b HTTP/1.1" 200 1937 "-" "Mozilla/5.0 AppleWebKit/537.36 (KHTML, like Gecko; compatible; bingbot/2.0; +http://www.bing.com/bingbot.htm) Chrome/116.0.1938.76 Safari/537.36"
209.141.37.7 - - [02/Jun/2026:20:12:09 -0400] "POST /wp-login.php HTTP/1.1" 200 7103 "-" "Mozilla/5.0 (Windows NT 10.0; Win64; x64; rv:122.0) Gecko/20100101 Firefox/122.0"
205.185.124.128 - - [02/Jun/2026:20:13:15 -0400] "GET /wp-login.php HTTP/1.1" 200 6664 "-" "Mozilla/5.0 (Linux; Android 15; Pixel 9) AppleWebKit/537.36 (KHTML, like Gecko) Chrome/145.0.0.0 Mobile Safari/537.36"
162.213.253.84 - - [02/Jun/2026:20:13:17 -0400] "POST /wp-cron.php?doing_wp_cron=1780445597.4390559196472167968750 HTTP/1.1" 200 0 "-" "WordPress/6.8.1; https://www.aeromaxlogistics.com"
205.185.124.128 - - [02/Jun/2026:20:13:16 -0400] "POST /wp-login.php HTTP/1.1" 200 7113 "-" "Mozilla/5.0 (Linux; Android 15; Pixel 9) AppleWebKit/537.36 (KHTML, like Gecko) Chrome/145.0.0.0 Mobile Safari/537.36"
95.174.12.94 - - [02/Jun/2026:20:13:35 -0400] "GET /wp-json HTTP/1.1" 200 2213 "-" "Mozilla/5.0 (Windows NT 10.0; Win64; x64) AppleWebKit/537.36"
40.77.167.16 - - [02/Jun/2026:20:17:51 -0400] "GET /sliced_quote/bike-shifting-gurgaon-to-howrah/?create=pdf&id=626&print_pdf=a3ac79fba9 HTTP/1.1" 200 1937 "-" "Mozilla/5.0 AppleWebKit/537.36 (KHTML, like Gecko; compatible; bingbot/2.0; +http://www.bing.com/bingbot.htm) Chrome/116.0.1938.76 Safari/537.36"
52.167.144.161 - - [02/Jun/2026:20:21:05 -0400] "GET /sliced_quote/bike-shifting-gaziabad-to-darbhanga/?create=pdf&id=563&print_pdf=75315ba12b HTTP/1.1" 200 1937 "-" "Mozilla/5.0 AppleWebKit/537.36 (KHTML, like Gecko; compatible; bingbot/2.0; +http://www.bing.com/bingbot.htm) Chrome/116.0.1938.76 Safari/537.36"
162.213.253.84 - - [02/Jun/2026:20:32:23 -0400] "POST /wp-cron.php?doing_wp_cron=1780446743.7659189701080322265625 HTTP/1.1" 200 0 "-" "WordPress/6.8.1; https://www.aeromaxlogistics.com"
162.213.253.84 - - [02/Jun/2026:20:36:19 -0400] "POST /wp-cron.php?doing_wp_cron=1780446979.2213299274444580078125 HTTP/1.1" 200 0 "-" "WordPress/6.8.1; https://www.aeromaxlogistics.com"
45.61.187.176 - - [02/Jun/2026:20:36:47 -0400] "POST /wp-login.php HTTP/1.1" 200 7105 "-" "Mozilla/5.0 (Windows NT 10.0; Win64; x64)"
162.213.253.84 - - [02/Jun/2026:20:38:05 -0400] "POST /wp-cron.php?doing_wp_cron=1780447085.8984990119934082031250 HTTP/1.1" 200 0 "-" "WordPress/6.8.1; https://www.aeromaxlogistics.com"
157.55.39.200 - - [02/Jun/2026:20:28:11 -0400] "GET /sliced_quote/bike-shifting-delhi-to-gandhinagar/?create=pdf&id=525&print_pdf=3af18c31a8 HTTP/1.1" 200 1937 "-" "Mozilla/5.0 AppleWebKit/537.36 (KHTML, like Gecko; compatible; bingbot/2.0; +http://www.bing.com/bingbot.htm) Chrome/116.0.1938.76 Safari/537.36"
209.141.58.150 - - [02/Jun/2026:20:29:11 -0400] "GET /wp-login.php HTTP/1.1" 200 6664 "-" "Mozilla/5.0 (Windows NT 6.3; WOW64; Trident/7.0; rv:11.0) like Gecko"
209.141.58.150 - - [02/Jun/2026:20:32:23 -0400] "POST /wp-login.php HTTP/1.1" 200 7129 "-" "Mozilla/5.0 (Windows NT 6.3; WOW64; Trident/7.0; rv:11.0) like Gecko"
209.141.41.219 - - [02/Jun/2026:20:36:11 -0400] "GET /wp-login.php HTTP/1.1" 200 6664 "-" "Mozilla/5.0 (Windows NT 6.3; WOW64) AppleWebKit/537.36 (KHTML, like Gecko) Chrome/36.0.1985.143 Safari/537.36"
209.141.41.219 - - [02/Jun/2026:20:36:18 -0400] "POST /wp-login.php HTTP/1.1" 200 7105 "-" "Mozilla/5.0 (Windows NT 6.3; WOW64) AppleWebKit/537.36 (KHTML, like Gecko) Chrome/36.0.1985.143 Safari/537.36"
45.61.187.176 - - [02/Jun/2026:20:36:47 -0400] "GET /wp-login.php HTTP/1.1" 200 6664 "-" "Mozilla/5.0 (Windows NT 10.0; Win64; x64)"
162.213.253.84 - - [02/Jun/2026:20:36:48 -0400] "POST /wp-cron.php?doing_wp_cron=1780447008.0791010856628417968750 HTTP/1.1" 200 0 "-" "WordPress/6.8.1; https://www.aeromaxlogistics.com"
209.141.46.91 - - [02/Jun/2026:20:37:21 -0400] "GET /wp-login.php HTTP/1.1" 200 6664 "-" "Mozilla/5.0 (Windows NT 6.2; WOW64; rv:30.0) Gecko/20100101 Firefox/30.0"
209.141.46.91 - - [02/Jun/2026:20:38:05 -0400] "POST /wp-login.php HTTP/1.1" 200 7127 "-" "Mozilla/5.0 (Windows NT 6.2; WOW64; rv:30.0) Gecko/20100101 Firefox/30.0"
205.185.124.118 - - [02/Jun/2026:20:41:44 -0400] "GET /wp-login.php HTTP/1.1" 200 6664 "-" "Mozilla/5.0 (Macintosh; Intel Mac OS X 10_15_7) AppleWebKit/605.1.15 (KHTML, like Gecko) Version/17.10 Safari/605.1.15"
162.213.253.84 - - [02/Jun/2026:20:45:00 -0400] "POST /wp-cron.php?doing_wp_cron=1780447500.4587960243225097656250 HTTP/1.1" 200 0 "-" "WordPress/6.8.1; https://www.aeromaxlogistics.com"
205.185.124.118 - - [02/Jun/2026:20:44:59 -0400] "POST /wp-login.php HTTP/1.1" 200 7103 "-" "Mozilla/5.0 (Macintosh; Intel Mac OS X 10_15_7) AppleWebKit/605.1.15 (KHTML, like Gecko) Version/17.10 Safari/605.1.15"
104.210.140.134 - - [02/Jun/2026:20:51:07 -0400] "GET /robots.txt HTTP/1.1" 200 1937 "-" "Mozilla/5.0 (Macintosh; Intel Mac OS X 10_15_7) AppleWebKit/537.36 (KHTML, like Gecko) Chrome/131.0.0.0 Safari/537.36; compatible; OAI-SearchBot/1.0; +https://openai.com/searchbot"
40.77.167.45 - - [02/Jun/2026:20:52:04 -0400] "GET /sliced_quote/bike-shifting-delhi-to-dehradun/?create=pdf&id=670&print_pdf=8e2c7ac2ce HTTP/1.1" 200 1937 "-" "Mozilla/5.0 AppleWebKit/537.36 (KHTML, like Gecko; compatible; bingbot/2.0; +http://www.bing.com/bingbot.htm) Chrome/116.0.1938.76 Safari/537.36"
209.141.44.113 - - [02/Jun/2026:20:58:39 -0400] "GET /wp-login.php HTTP/1.1" 200 6664 "-" "Mozilla/5.0 (iPhone; CPU iPhone OS 7_1_1 like Mac OS X) AppleWebKit/537.51.2 (KHTML, like Gecko) Version/7.0 Mobile/11D201 Safari/9537.53"
162.213.253.84 - - [02/Jun/2026:20:58:57 -0400] "POST /wp-cron.php?doing_wp_cron=1780448337.4585139751434326171875 HTTP/1.1" 200 0 "-" "WordPress/6.8.1; https://www.aeromaxlogistics.com"
157.55.39.54 - - [02/Jun/2026:20:59:41 -0400] "GET /sliced_quote/bike-shifting-noida-to-amravati/?create=pdf&id=690&print_pdf=2048911416 HTTP/1.1" 200 1937 "-" "Mozilla/5.0 AppleWebKit/537.36 (KHTML, like Gecko; compatible; bingbot/2.0; +http://www.bing.com/bingbot.htm) Chrome/116.0.1938.76 Safari/537.36"
162.213.253.84 - - [02/Jun/2026:21:00:46 -0400] "POST /wp-cron.php?doing_wp_cron=1780448446.7913870811462402343750 HTTP/1.1" 200 0 "-" "WordPress/6.8.1; https://www.aeromaxlogistics.com"
209.141.44.113 - - [02/Jun/2026:21:00:46 -0400] "POST /wp-login.php HTTP/1.1" 200 7115 "-" "Mozilla/5.0 (iPhone; CPU iPhone OS 7_1_1 like Mac OS X) AppleWebKit/537.51.2 (KHTML, like Gecko) Version/7.0 Mobile/11D201 Safari/9537.53"
185.102.115.179 - - [02/Jun/2026:20:58:47 -0400] "GET /wp-login.php HTTP/1.1" 200 6664 "-" "Mozilla/5.0 (iPhone; CPU iPhone OS 7_1_1 like Mac OS X) AppleWebKit/537.51.2 (KHTML, like Gecko) Version/7.0 Mobile/11D201 Safari/9537.53"
185.102.115.179 - - [02/Jun/2026:20:58:56 -0400] "POST /wp-login.php HTTP/1.1" 200 7111 "-" "Mozilla/5.0 (iPhone; CPU iPhone OS 7_1_1 like Mac OS X) AppleWebKit/537.51.2 (KHTML, like Gecko) Version/7.0 Mobile/11D201 Safari/9537.53"
157.55.39.194 - - [02/Jun/2026:21:03:17 -0400] "GET /sliced_quote/bike-shifting-faridabad-to-kohima/?create=pdf&id=622&print_pdf=334a60d449 HTTP/1.1" 200 1937 "-" "Mozilla/5.0 AppleWebKit/537.36 (KHTML, like Gecko; compatible; bingbot/2.0; +http://www.bing.com/bingbot.htm) Chrome/116.0.1938.76 Safari/537.36"
205.185.124.128 - - [02/Jun/2026:21:06:35 -0400] "GET /wp-login.php HTTP/1.1" 200 6664 "-" "Mozilla/5.0 (Macintosh; Intel Mac OS X 10_15_7) AppleWebKit/605.1.15 (KHTML, like Gecko) Version/16.0 Safari/605.1.15"
205.185.124.128 - - [02/Jun/2026:21:11:45 -0400] "POST /wp-login.php HTTP/1.1" 200 7115 "-" "Mozilla/5.0 (iPhone; CPU iPhone OS 18_7 like Mac OS X) AppleWebKit/605.1.15 (KHTML, like Gecko) Version/18.0 Mobile/15E148 Safari/604.1"
209.141.60.58 - - [02/Jun/2026:21:15:07 -0400] "GET /wp-login.php HTTP/1.1" 200 6664 "-" "Mozilla/5.0 (Macintosh; Intel Mac OS X 10.9; rv:30.0) Gecko/20100101 Firefox/30.0"
162.213.253.84 - - [02/Jun/2026:21:07:04 -0400] "POST /wp-cron.php?doing_wp_cron=1780448824.1432189941406250000000 HTTP/1.1" 200 0 "-" "WordPress/6.8.1; https://www.aeromaxlogistics.com"
205.185.124.128 - - [02/Jun/2026:21:07:03 -0400] "POST /wp-login.php HTTP/1.1" 200 7113 "-" "Mozilla/5.0 (Macintosh; Intel Mac OS X 10_15_7) AppleWebKit/605.1.15 (KHTML, like Gecko) Version/16.0 Safari/605.1.15"
205.185.124.128 - - [02/Jun/2026:21:11:45 -0400] "GET /wp-login.php HTTP/1.1" 200 6664 "-" "Mozilla/5.0 (iPhone; CPU iPhone OS 18_7 like Mac OS X) AppleWebKit/605.1.15 (KHTML, like Gecko) Version/18.0 Mobile/15E148 Safari/604.1"
162.213.253.84 - - [02/Jun/2026:21:11:46 -0400] "POST /wp-cron.php?doing_wp_cron=1780449106.4770429134368896484375 HTTP/1.1" 200 0 "-" "WordPress/6.8.1; https://www.aeromaxlogistics.com"
209.141.60.58 - - [02/Jun/2026:21:18:14 -0400] "POST /wp-login.php HTTP/1.1" 200 7113 "-" "Mozilla/5.0 (Macintosh; Intel Mac OS X 10.9; rv:30.0) Gecko/20100101 Firefox/30.0"
206.47.123.100 - - [02/Jun/2026:21:21:27 -0400] "GET /wp-json HTTP/1.1" 200 2213 "-" "Mozilla/5.0 (Windows NT 10.0; Win64; x64) AppleWebKit/537.36"
206.47.123.100 - - [02/Jun/2026:21:21:27 -0400] "GET /wp-content/plugins/burst-statistics/readme.txt HTTP/1.1" 200 2213 "-" "Mozilla/5.0 (Windows NT 10.0; Win64; x64) AppleWebKit/537.36"
157.55.39.204 - - [02/Jun/2026:21:22:08 -0400] "GET /sliced_quote/bike-shifting-faridabad-to-kohima/?create=pdf&id=622&print_pdf=221a934ab4 HTTP/1.1" 200 1937 "-" "Mozilla/5.0 AppleWebKit/537.36 (KHTML, like Gecko; compatible; bingbot/2.0; +http://www.bing.com/bingbot.htm) Chrome/116.0.1938.76 Safari/537.36"
162.213.253.84 - - [02/Jun/2026:21:18:14 -0400] "POST /wp-cron.php?doing_wp_cron=1780449494.8164939880371093750000 HTTP/1.1" 200 0 "-" "WordPress/6.8.1; https://www.aeromaxlogistics.com"
206.47.123.100 - - [02/Jun/2026:21:21:27 -0400] "GET / HTTP/1.1" 200 2213 "-" "Mozilla/5.0 (Windows NT 10.0; Win64; x64) AppleWebKit/537.36"
209.141.36.175 - - [02/Jun/2026:21:28:15 -0400] "GET /wp-login.php HTTP/1.1" 200 6664 "-" "Mozilla/5.0 (compatible; MSIE 9.0; Windows NT 6.1; Trident/5.0)"
162.213.253.84 - - [02/Jun/2026:21:29:03 -0400] "POST /wp-cron.php?doing_wp_cron=1780450143.8224449157714843750000 HTTP/1.1" 200 0 "-" "WordPress/6.8.1; https://www.aeromaxlogistics.com"
209.141.36.175 - - [02/Jun/2026:21:29:03 -0400] "POST /wp-login.php HTTP/1.1" 200 7113 "-" "Mozilla/5.0 (compatible; MSIE 9.0; Windows NT 6.1; Trident/5.0)"
93.123.109.221 - - [02/Jun/2026:21:29:05 -0400] "GET /.git/config HTTP/1.1" 403 1242 "-" "Mozilla/5.0 (Macintosh; Intel Mac OS X 10_15_7) AppleWebKit/605.1.15 (KHTML, like Gecko) Version/17.11 Safari/605.1.15"
157.55.39.14 - - [02/Jun/2026:21:29:21 -0400] "GET /sliced_quote/bike-shifting-gurgaon-to-howrah/?create=pdf&id=626&print_pdf=2843fd6059 HTTP/1.1" 200 1937 "-" "Mozilla/5.0 AppleWebKit/537.36 (KHTML, like Gecko; compatible; bingbot/2.0; +http://www.bing.com/bingbot.htm) Chrome/116.0.1938.76 Safari/537.36"
45.61.185.47 - - [02/Jun/2026:21:33:49 -0400] "POST /wp-login.php HTTP/1.1" 200 7095 "-" "Mozilla/5.0 (X11; Ubuntu; Linux i686; rv:31.0) Gecko/20100101 Firefox/31.0"
162.213.253.84 - - [02/Jun/2026:21:40:52 -0400] "POST /wp-cron.php?doing_wp_cron=1780450852.0849680900573730468750 HTTP/1.1" 200 0 "-" "WordPress/6.8.1; https://www.aeromaxlogistics.com"
209.141.44.244 - - [02/Jun/2026:21:40:51 -0400] "POST /wp-login.php HTTP/1.1" 200 7111 "-" "Mozilla/5.0 (Macintosh; Intel Mac OS X 10_15_7) AppleWebKit/537.36 (KHTML, like Gecko) Chrome/146.0.0.0 Safari/537.36"
40.77.167.74 - - [02/Jun/2026:21:46:01 -0400] "GET /sliced_quote/bike-shifting-faridabad-to-madhubani/?create=pdf&id=647&print_pdf=e8edbd89de HTTP/1.1" 200 1937 "-" "Mozilla/5.0 AppleWebKit/537.36 (KHTML, like Gecko; compatible; bingbot/2.0; +http://www.bing.com/bingbot.htm) Chrome/116.0.1938.76 Safari/537.36"
45.61.185.47 - - [02/Jun/2026:21:32:48 -0400] "GET /wp-login.php HTTP/1.1" 200 6664 "-" "Mozilla/5.0 (X11; Ubuntu; Linux i686; rv:31.0) Gecko/20100101 Firefox/31.0"
162.213.253.84 - - [02/Jun/2026:21:33:49 -0400] "POST /wp-cron.php?doing_wp_cron=1780450429.7332739830017089843750 HTTP/1.1" 200 0 "-" "WordPress/6.8.1; https://www.aeromaxlogistics.com"
209.141.44.244 - - [02/Jun/2026:21:40:50 -0400] "GET /wp-login.php HTTP/1.1" 200 6664 "-" "Mozilla/5.0 (Macintosh; Intel Mac OS X 10_15_7) AppleWebKit/537.36 (KHTML, like Gecko) Chrome/146.0.0.0 Safari/537.36"
209.141.44.244 - - [02/Jun/2026:21:54:37 -0400] "GET /wp-login.php HTTP/1.1" 200 6664 "-" "Mozilla/5.0 (Macintosh; Intel Mac OS X 10_15_7) AppleWebKit/605.1.15 (KHTML, like Gecko) Version/17.1 Safari/605.1.15"
209.141.34.188 - - [02/Jun/2026:21:58:33 -0400] "GET /wp-login.php HTTP/1.1" 200 6664 "-" "Mozilla/5.0 (Macintosh; Intel Mac OS X 10_9_2) AppleWebKit/537.74.9 (KHTML, like Gecko) Version/7.0.2 Safari/537.74.9"
162.213.253.84 - - [02/Jun/2026:21:58:35 -0400] "POST /wp-cron.php?doing_wp_cron=1780451915.3240859508514404296875 HTTP/1.1" 200 0 "-" "WordPress/6.8.1; https://www.aeromaxlogistics.com"
40.77.167.75 - - [02/Jun/2026:21:59:40 -0400] "GET /sliced_quote/473-2/?create=pdf&id=473&print_pdf=9887400bbc HTTP/1.1" 200 1937 "-" "Mozilla/5.0 AppleWebKit/537.36 (KHTML, like Gecko; compatible; bingbot/2.0; +http://www.bing.com/bingbot.htm) Chrome/116.0.1938.76 Safari/537.36"
162.213.253.84 - - [02/Jun/2026:21:55:38 -0400] "POST /wp-cron.php?doing_wp_cron=1780451738.4778010845184326171875 HTTP/1.1" 200 0 "-" "WordPress/6.8.1; https://www.aeromaxlogistics.com"
209.141.44.244 - - [02/Jun/2026:21:55:37 -0400] "POST /wp-login.php HTTP/1.1" 200 7103 "-" "Mozilla/5.0 (Macintosh; Intel Mac OS X 10_15_7) AppleWebKit/605.1.15 (KHTML, like Gecko) Version/17.1 Safari/605.1.15"
209.141.34.188 - - [02/Jun/2026:21:58:34 -0400] "POST /wp-login.php HTTP/1.1" 200 7117 "-" "Mozilla/5.0 (Macintosh; Intel Mac OS X 10_9_2) AppleWebKit/537.74.9 (KHTML, like Gecko) Version/7.0.2 Safari/537.74.9"
209.141.58.150 - - [02/Jun/2026:22:05:34 -0400] "GET /wp-login.php HTTP/1.1" 200 6664 "-" "Mozilla/5.0 (Macintosh; Intel Mac OS X 10.15; rv:123.0) Gecko/20100101 Firefox/123.0"
209.141.58.150 - - [02/Jun/2026:22:07:20 -0400] "POST /wp-login.php HTTP/1.1" 200 7105 "-" "Mozilla/5.0 (Macintosh; Intel Mac OS X 10.15; rv:123.0) Gecko/20100101 Firefox/123.0"
207.46.13.157 - - [02/Jun/2026:22:08:24 -0400] "GET /sliced_quote/bike-shifting-noida-to-patna/?create=pdf&id=547&print_pdf=8e2c7ac2ce HTTP/1.1" 200 1937 "-" "Mozilla/5.0 AppleWebKit/537.36 (KHTML, like Gecko; compatible; bingbot/2.0; +http://www.bing.com/bingbot.htm) Chrome/116.0.1938.76 Safari/537.36"
209.141.60.58 - - [02/Jun/2026:22:10:54 -0400] "POST /wp-login.php HTTP/1.1" 200 7121 "-" "Mozilla/5.0 (iPhone; CPU iPhone OS 7_0_4 like Mac OS X) AppleWebKit/537.51.1 (KHTML, like Gecko) Version/7.0 Mobile/11B554a Safari/9537.53"
162.213.253.84 - - [02/Jun/2026:22:18:43 -0400] "POST /wp-cron.php?doing_wp_cron=1780453123.3743510246276855468750 HTTP/1.1" 200 0 "-" "WordPress/6.8.1; https://www.aeromaxlogistics.com"
198.98.59.131 - - [02/Jun/2026:22:18:42 -0400] "POST /wp-login.php HTTP/1.1" 200 7115 "-" "Mozilla/5.0 (Macintosh; Intel Mac OS X 11_7_10) AppleWebKit/537.36 (KHTML, like Gecko) Chrome/119.0.0.0 Safari/537.36"
162.213.253.84 - - [02/Jun/2026:22:07:20 -0400] "POST /wp-cron.php?doing_wp_cron=1780452440.6285378932952880859375 HTTP/1.1" 200 0 "-" "WordPress/6.8.1; https://www.aeromaxlogistics.com"
209.141.60.58 - - [02/Jun/2026:22:09:41 -0400] "GET /wp-login.php HTTP/1.1" 200 6664 "-" "Mozilla/5.0 (iPhone; CPU iPhone OS 7_0_4 like Mac OS X) AppleWebKit/537.51.1 (KHTML, like Gecko) Version/7.0 Mobile/11B554a Safari/9537.53"
162.213.253.84 - - [02/Jun/2026:22:10:55 -0400] "POST /wp-cron.php?doing_wp_cron=1780452655.4282529354095458984375 HTTP/1.1" 200 0 "-" "WordPress/6.8.1; https://www.aeromaxlogistics.com"
198.98.59.131 - - [02/Jun/2026:22:18:30 -0400] "GET /wp-login.php HTTP/1.1" 200 6664 "-" "Mozilla/5.0 (Macintosh; Intel Mac OS X 11_7_10) AppleWebKit/537.36 (KHTML, like Gecko) Chrome/119.0.0.0 Safari/537.36"
198.98.59.131 - - [02/Jun/2026:22:35:13 -0400] "GET /wp-login.php HTTP/1.1" 200 6664 "-" "Mozilla/5.0 (Macintosh; Intel Mac OS X 10_6_8) AppleWebKit/534.59.10 (KHTML, like Gecko) Version/5.1.9 Safari/534.59.10"
162.213.253.84 - - [02/Jun/2026:22:36:08 -0400] "POST /wp-cron.php?doing_wp_cron=1780454168.7414619922637939453125 HTTP/1.1" 200 0 "-" "WordPress/6.8.1; https://www.aeromaxlogistics.com"
198.98.59.131 - - [02/Jun/2026:22:36:08 -0400] "POST /wp-login.php HTTP/1.1" 200 7109 "-" "Mozilla/5.0 (Macintosh; Intel Mac OS X 10_6_8) AppleWebKit/534.59.10 (KHTML, like Gecko) Version/5.1.9 Safari/534.59.10"
162.213.253.84 - - [02/Jun/2026:22:40:12 -0400] "POST /wp-cron.php?doing_wp_cron=1780454412.3488090038299560546875 HTTP/1.1" 200 0 "-" "WordPress/6.8.1; https://www.aeromaxlogistics.com"
209.141.37.7 - - [02/Jun/2026:22:40:06 -0400] "GET /wp-login.php HTTP/1.1" 200 6664 "-" "Mozilla/5.0 (Windows NT 10.0; Win64; x64) AppleWebKit/537.36 (KHTML, like Gecko) Chrome/145.0.0.0 Safari/537.36"
209.141.37.7 - - [02/Jun/2026:22:40:11 -0400] "POST /wp-login.php HTTP/1.1" 200 7111 "-" "Mozilla/5.0 (Windows NT 10.0; Win64; x64) AppleWebKit/537.36 (KHTML, like Gecko) Chrome/145.0.0.0 Safari/537.36"
162.213.253.84 - - [02/Jun/2026:22:58:39 -0400] "POST /wp-cron.php?doing_wp_cron=1780455519.0960481166839599609375 HTTP/1.1" 200 0 "-" "WordPress/6.8.1; https://www.aeromaxlogistics.com"
