| Path : /home/vishqocm/access-logs/ |
| Current File : //home/vishqocm////access-logs/aeromaxlogistics.com.vishalwebtech.com-ssl_log |
162.213.253.84 - - [02/Jun/2026:08:02:04 -0400] "POST /wp-cron.php?doing_wp_cron=1780401724.4667050838470458984375 HTTP/1.1" 200 0 "-" "WordPress/6.8.1; https://www.aeromaxlogistics.com"
198.98.56.118 - - [02/Jun/2026:08:02:03 -0400] "POST /wp-login.php HTTP/1.1" 200 7111 "-" "Mozilla/5.0 (compatible; MSIE 9.0; Windows NT 6.1; WOW64; Trident/5.0)"
209.141.44.113 - - [02/Jun/2026:08:02:03 -0400] "GET /wp-login.php HTTP/1.1" 200 6664 "-" "Mozilla/5.0 (iPhone; CPU iPhone OS 17_6 like Mac OS X) AppleWebKit/605.1.15 (KHTML, like Gecko) Version/17.6 Mobile/15E148 Safari/604.1"
162.213.253.84 - - [02/Jun/2026:08:05:10 -0400] "POST /wp-cron.php?doing_wp_cron=1780401910.8121960163116455078125 HTTP/1.1" 200 0 "-" "WordPress/6.8.1; https://www.aeromaxlogistics.com"
209.141.44.113 - - [02/Jun/2026:08:05:10 -0400] "POST /wp-login.php HTTP/1.1" 200 7113 "-" "Mozilla/5.0 (iPhone; CPU iPhone OS 17_6 like Mac OS X) AppleWebKit/605.1.15 (KHTML, like Gecko) Version/17.6 Mobile/15E148 Safari/604.1"
207.46.13.130 - - [02/Jun/2026:08:06:55 -0400] "GET /sliced_quote/bike-d-to-d/?create=pdf&id=443&print_pdf=5c4f9c62cb HTTP/1.1" 200 1937 "-" "Mozilla/5.0 AppleWebKit/537.36 (KHTML, like Gecko; compatible; bingbot/2.0; +http://www.bing.com/bingbot.htm) Chrome/116.0.1938.76 Safari/537.36"
205.185.124.118 - - [02/Jun/2026:08:08:59 -0400] "GET /wp-login.php HTTP/1.1" 200 6664 "-" "Mozilla/5.0 (Windows NT 6.1; rv:30.0) Gecko/20100101 Firefox/30.0"
205.185.124.118 - - [02/Jun/2026:08:09:01 -0400] "POST /wp-login.php HTTP/1.1" 200 7109 "-" "Mozilla/5.0 (Windows NT 6.1; rv:30.0) Gecko/20100101 Firefox/30.0"
162.213.253.84 - - [02/Jun/2026:08:11:18 -0400] "POST /wp-cron.php?doing_wp_cron=1780402277.8323340415954589843750 HTTP/1.1" 200 0 "-" "WordPress/6.8.1; https://www.aeromaxlogistics.com"
162.213.253.84 - - [02/Jun/2026:08:14:12 -0400] "POST /wp-cron.php?doing_wp_cron=1780402452.1461210250854492187500 HTTP/1.1" 200 0 "-" "WordPress/6.8.1; https://www.aeromaxlogistics.com"
198.98.56.118 - - [02/Jun/2026:08:14:18 -0400] "POST /wp-login.php HTTP/1.1" 200 7109 "-" "Mozilla/5.0 (Macintosh; Intel Mac OS X 10.8; rv:31.0) Gecko/20100101 Firefox/31.0"
209.141.46.91 - - [02/Jun/2026:08:14:18 -0400] "POST /wp-login.php HTTP/1.1" 200 7113 "-" "Mozilla/5.0 (Windows NT 10.0; Win64; x64) AppleWebKit/537.36 (KHTML, like Gecko) Chrome/114.0.0.0 Safari/537.36"
205.185.124.128 - - [02/Jun/2026:08:26:33 -0400] "GET /wp-login.php HTTP/1.1" 200 6664 "-" "Mozilla/5.0 (compatible; MSIE 9.0; Windows NT 6.1; WOW64; Trident/5.0)"
162.213.253.84 - - [02/Jun/2026:08:28:02 -0400] "POST /wp-cron.php?doing_wp_cron=1780403281.6619780063629150390625 HTTP/1.1" 200 0 "-" "WordPress/6.8.1; https://www.aeromaxlogistics.com"
205.185.124.128 - - [02/Jun/2026:08:28:38 -0400] "POST /wp-login.php HTTP/1.1" 200 7101 "-" "Mozilla/5.0 (compatible; MSIE 9.0; Windows NT 6.1; WOW64; Trident/5.0)"
207.46.13.92 - - [02/Jun/2026:08:54:18 -0400] "GET /sliced_quote/bike-gaziabad-to-kondapur/?create=pdf&id=553&print_pdf=9cf6f5ca86 HTTP/1.1" 200 1937 "-" "Mozilla/5.0 AppleWebKit/537.36 (KHTML, like Gecko; compatible; bingbot/2.0; +http://www.bing.com/bingbot.htm) Chrome/116.0.1938.76 Safari/537.36"
209.141.46.91 - - [02/Jun/2026:08:56:15 -0400] "GET /wp-login.php HTTP/1.1" 200 6664 "-" "Mozilla/5.0 (X11; Linux x86_64) AppleWebKit/537.36 (KHTML, like Gecko) Ubuntu Chromium/36.0.1985.125 Chrome/36.0.1985.125 Safari/537.36"
162.213.253.84 - - [02/Jun/2026:08:09:01 -0400] "POST /wp-cron.php?doing_wp_cron=1780402141.6508519649505615234375 HTTP/1.1" 200 0 "-" "WordPress/6.8.1; https://www.aeromaxlogistics.com"
209.141.37.7 - - [02/Jun/2026:08:10:07 -0400] "GET /wp-login.php HTTP/1.1" 200 6664 "-" "Mozilla/5.0 (Windows NT 10.0; Win64; x64; rv:122.0) Gecko/20100101 Firefox/122.0"
209.141.46.91 - - [02/Jun/2026:08:10:48 -0400] "GET /wp-login.php HTTP/1.1" 200 6664 "-" "Mozilla/5.0 (Windows NT 10.0; Win64; x64) AppleWebKit/537.36 (KHTML, like Gecko) Chrome/114.0.0.0 Safari/537.36"
209.141.37.7 - - [02/Jun/2026:08:11:17 -0400] "POST /wp-login.php HTTP/1.1" 200 7091 "-" "Mozilla/5.0 (Windows NT 10.0; Win64; x64; rv:122.0) Gecko/20100101 Firefox/122.0"
198.98.56.118 - - [02/Jun/2026:08:13:32 -0400] "GET /wp-login.php HTTP/1.1" 200 6664 "-" "Mozilla/5.0 (Macintosh; Intel Mac OS X 10.8; rv:31.0) Gecko/20100101 Firefox/31.0"
45.61.187.176 - - [02/Jun/2026:08:14:10 -0400] "GET /wp-login.php HTTP/1.1" 200 6664 "-" "Mozilla/5.0 (Windows NT 6.3; WOW64; rv:30.0) Gecko/20100101 Firefox/30.0"
45.61.187.176 - - [02/Jun/2026:08:14:11 -0400] "POST /wp-login.php HTTP/1.1" 200 7127 "-" "Mozilla/5.0 (Windows NT 6.3; WOW64; rv:30.0) Gecko/20100101 Firefox/30.0"
205.185.124.118 - - [02/Jun/2026:08:16:56 -0400] "GET /wp-login.php HTTP/1.1" 200 6664 "-" "Mozilla/5.0 (X11; Linux x86_64) AppleWebKit/537.36 (KHTML, like Gecko) Chrome/145.0.0.0 Safari/537.36"
162.213.253.84 - - [02/Jun/2026:08:18:07 -0400] "POST /wp-cron.php?doing_wp_cron=1780402687.8292400836944580078125 HTTP/1.1" 200 0 "-" "WordPress/6.8.1; https://www.aeromaxlogistics.com"
205.185.124.118 - - [02/Jun/2026:08:18:07 -0400] "POST /wp-login.php HTTP/1.1" 200 7105 "-" "Mozilla/5.0 (X11; Linux x86_64) AppleWebKit/537.36 (KHTML, like Gecko) Chrome/145.0.0.0 Safari/537.36"
45.61.187.176 - - [02/Jun/2026:08:18:11 -0400] "GET /wp-login.php HTTP/1.1" 200 6664 "-" "Mozilla/5.0 (Macintosh; Intel Mac OS X 10_10_0) AppleWebKit/537.36 (KHTML, like Gecko) Chrome/36.0.1985.125 Safari/537.36"
45.61.187.176 - - [02/Jun/2026:08:18:13 -0400] "POST /wp-login.php HTTP/1.1" 200 7091 "-" "Mozilla/5.0 (Macintosh; Intel Mac OS X 10_10_0) AppleWebKit/537.36 (KHTML, like Gecko) Chrome/36.0.1985.125 Safari/537.36"
40.77.167.52 - - [02/Jun/2026:08:26:04 -0400] "GET /sliced_quote/bike-shifting-delhi-to-bangalore-5/?create=pdf&id=715&print_pdf=74e74bb0ba HTTP/1.1" 200 1937 "-" "Mozilla/5.0 AppleWebKit/537.36 (KHTML, like Gecko; compatible; bingbot/2.0; +http://www.bing.com/bingbot.htm) Chrome/116.0.1938.76 Safari/537.36"
205.185.124.128 - - [02/Jun/2026:08:27:58 -0400] "GET /wp-login.php HTTP/1.1" 200 6664 "-" "Mozilla/5.0 (Windows NT 6.1; WOW64) AppleWebKit/537.36 (KHTML, like Gecko) Chrome/36.0.1985.143 Safari/537.36"
205.185.124.128 - - [02/Jun/2026:08:28:01 -0400] "POST /wp-login.php HTTP/1.1" 200 7109 "-" "Mozilla/5.0 (Windows NT 6.1; WOW64) AppleWebKit/537.36 (KHTML, like Gecko) Chrome/36.0.1985.143 Safari/537.36"
205.185.116.237 - - [02/Jun/2026:08:46:34 -0400] "GET /wp-login.php HTTP/1.1" 200 6664 "-" "Mozilla/5.0 (Windows NT 10.0; Win64; x64) AppleWebKit/537.36 (KHTML, like Gecko) Chrome/121.0.0.0 Safari/537.36 Edg/121.0.0.0"
162.213.253.84 - - [02/Jun/2026:08:47:37 -0400] "POST /wp-cron.php?doing_wp_cron=1780404457.5356850624084472656250 HTTP/1.1" 200 0 "-" "WordPress/6.8.1; https://www.aeromaxlogistics.com"
205.185.116.237 - - [02/Jun/2026:08:47:36 -0400] "POST /wp-login.php HTTP/1.1" 200 7105 "-" "Mozilla/5.0 (Windows NT 10.0; Win64; x64) AppleWebKit/537.36 (KHTML, like Gecko) Chrome/121.0.0.0 Safari/537.36 Edg/121.0.0.0"
205.185.123.198 - - [02/Jun/2026:09:05:25 -0400] "POST /wp-login.php HTTP/1.1" 200 7058 "-" "Mozilla/5.0 (iPhone; CPU iPhone OS 18_7 like Mac OS X) AppleWebKit/605.1.15 (KHTML, like Gecko) CriOS/146.0.0.0 Mobile/15E148 Safari/604.1"
162.213.253.84 - - [02/Jun/2026:08:58:14 -0400] "POST /wp-cron.php?doing_wp_cron=1780405094.5187339782714843750000 HTTP/1.1" 200 0 "-" "WordPress/6.8.1; https://www.aeromaxlogistics.com"
209.141.46.91 - - [02/Jun/2026:08:58:13 -0400] "POST /wp-login.php HTTP/1.1" 200 7127 "-" "Mozilla/5.0 (X11; Linux x86_64) AppleWebKit/537.36 (KHTML, like Gecko) Ubuntu Chromium/36.0.1985.125 Chrome/36.0.1985.125 Safari/537.36"
205.185.123.198 - - [02/Jun/2026:08:58:53 -0400] "GET /wp-login.php HTTP/1.1" 200 6664 "-" "Mozilla/5.0 (iPhone; CPU iPhone OS 18_7 like Mac OS X) AppleWebKit/605.1.15 (KHTML, like Gecko) CriOS/146.0.0.0 Mobile/15E148 Safari/604.1"
162.213.253.84 - - [02/Jun/2026:09:05:26 -0400] "POST /wp-cron.php?doing_wp_cron=1780405526.5096750259399414062500 HTTP/1.1" 200 0 "-" "WordPress/6.8.1; https://www.aeromaxlogistics.com"
209.141.50.202 - - [02/Jun/2026:09:05:52 -0400] "GET /wp-login.php HTTP/1.1" 200 6664 "-" "Mozilla/5.0 (iPad; CPU OS 7_1_2 like Mac OS X) AppleWebKit/537.51.2 (KHTML, like Gecko) Version/7.0 Mobile/11D257 Safari/9537.53"
209.141.36.175 - - [02/Jun/2026:09:06:38 -0400] "GET /wp-login.php HTTP/1.1" 200 6664 "-" "Mozilla/5.0 (Macintosh; Intel Mac OS X 10_15_7) AppleWebKit/605.1.15 (KHTML, like Gecko) Version/17.1 Safari/605.1.15"
162.213.253.84 - - [02/Jun/2026:09:07:37 -0400] "POST /wp-cron.php?doing_wp_cron=1780405657.2884249687194824218750 HTTP/1.1" 200 0 "-" "WordPress/6.8.1; https://www.aeromaxlogistics.com"
209.141.36.175 - - [02/Jun/2026:09:07:36 -0400] "POST /wp-login.php HTTP/1.1" 200 7105 "-" "Mozilla/5.0 (Macintosh; Intel Mac OS X 10_15_7) AppleWebKit/605.1.15 (KHTML, like Gecko) Version/17.1 Safari/605.1.15"
209.141.50.202 - - [02/Jun/2026:09:07:40 -0400] "POST /wp-login.php HTTP/1.1" 200 7111 "-" "Mozilla/5.0 (iPad; CPU OS 7_1_2 like Mac OS X) AppleWebKit/537.51.2 (KHTML, like Gecko) Version/7.0 Mobile/11D257 Safari/9537.53"
162.213.253.84 - - [02/Jun/2026:09:30:39 -0400] "POST /wp-cron.php?doing_wp_cron=1780407039.6311559677124023437500 HTTP/1.1" 200 0 "-" "WordPress/6.8.1; https://www.aeromaxlogistics.com"
205.185.121.3 - - [02/Jun/2026:09:30:38 -0400] "POST /wp-login.php HTTP/1.1" 200 7121 "-" "Mozilla/5.0 (Windows NT 10.0; ARM64; rv:115.0) Gecko/20100101 Firefox/115.0"
205.185.121.3 - - [02/Jun/2026:09:29:16 -0400] "GET /wp-login.php HTTP/1.1" 200 6664 "-" "Mozilla/5.0 (Windows NT 10.0; ARM64; rv:115.0) Gecko/20100101 Firefox/115.0"
162.213.253.84 - - [02/Jun/2026:09:42:51 -0400] "POST /wp-cron.php?doing_wp_cron=1780407771.7893249988555908203125 HTTP/1.1" 200 0 "-" "WordPress/6.8.1; https://www.aeromaxlogistics.com"
209.141.60.58 - - [02/Jun/2026:09:42:51 -0400] "POST /wp-login.php HTTP/1.1" 200 7105 "-" "Mozilla/5.0 (X11; Linux x86_64)"
205.185.119.54 - - [02/Jun/2026:09:44:35 -0400] "GET /wp-login.php HTTP/1.1" 200 6664 "-" "Mozilla/5.0 (Macintosh; Intel Mac OS X 10_9_2) AppleWebKit/537.36 (KHTML, like Gecko) Chrome/36.0.1985.125 Safari/537.36"
205.185.119.54 - - [02/Jun/2026:09:45:03 -0400] "POST /wp-login.php HTTP/1.1" 200 7115 "-" "Mozilla/5.0 (Macintosh; Intel Mac OS X 10_9_2) AppleWebKit/537.36 (KHTML, like Gecko) Chrome/36.0.1985.125 Safari/537.36"
162.213.253.84 - - [02/Jun/2026:09:56:33 -0400] "POST /wp-cron.php?doing_wp_cron=1780408593.5748989582061767578125 HTTP/1.1" 200 0 "-" "WordPress/6.8.1; https://www.aeromaxlogistics.com"
209.141.60.58 - - [02/Jun/2026:09:41:39 -0400] "GET /wp-login.php HTTP/1.1" 200 6664 "-" "Mozilla/5.0 (X11; Linux x86_64)"
52.167.144.232 - - [02/Jun/2026:09:44:14 -0400] "GET /sliced_quote/bike-shifting-gaziabad-to-jaipur/?create=pdf&id=535&print_pdf=93e0795cf8 HTTP/1.1" 200 1937 "-" "Mozilla/5.0 AppleWebKit/537.36 (KHTML, like Gecko; compatible; bingbot/2.0; +http://www.bing.com/bingbot.htm) Chrome/116.0.1938.76 Safari/537.36"
162.213.253.84 - - [02/Jun/2026:09:45:04 -0400] "POST /wp-cron.php?doing_wp_cron=1780407904.3474929332733154296875 HTTP/1.1" 200 0 "-" "WordPress/6.8.1; https://www.aeromaxlogistics.com"
209.141.51.192 - - [02/Jun/2026:09:50:05 -0400] "GET /wp-login.php HTTP/1.1" 200 6664 "-" "Mozilla/5.0 (Windows NT 6.3; WOW64; rv:31.0) Gecko/20100101 Firefox/31.0"
209.141.51.192 - - [02/Jun/2026:09:56:33 -0400] "POST /wp-login.php HTTP/1.1" 200 7105 "-" "Mozilla/5.0 (Windows NT 6.3; WOW64; rv:31.0) Gecko/20100101 Firefox/31.0"
207.46.13.128 - - [02/Jun/2026:10:03:37 -0400] "GET /sliced_quote/bike-shifting-delhi-to-araria/?create=pdf&id=717&print_pdf=f42792b44a HTTP/1.1" 200 1937 "-" "Mozilla/5.0 AppleWebKit/537.36 (KHTML, like Gecko; compatible; bingbot/2.0; +http://www.bing.com/bingbot.htm) Chrome/116.0.1938.76 Safari/537.36"
209.141.44.244 - - [02/Jun/2026:10:08:02 -0400] "POST /wp-login.php HTTP/1.1" 200 7105 "-" "Mozilla/5.0 (iPhone; CPU iPhone OS 16_0 like Mac OS X)"
209.141.44.113 - - [02/Jun/2026:10:12:00 -0400] "GET /wp-login.php HTTP/1.1" 200 6664 "-" "Mozilla/5.0 (iPhone; CPU iPhone OS 7_1_2 like Mac OS X) AppleWebKit/537.51.2 (KHTML, like Gecko) Version/7.0 Mobile/11D257 Safari/9537.53"
162.213.253.84 - - [02/Jun/2026:10:12:01 -0400] "POST /wp-cron.php?doing_wp_cron=1780409521.6937398910522460937500 HTTP/1.1" 200 0 "-" "WordPress/6.8.1; https://www.aeromaxlogistics.com"
162.213.253.84 - - [02/Jun/2026:10:13:52 -0400] "POST /wp-cron.php?doing_wp_cron=1780409632.7017879486083984375000 HTTP/1.1" 200 0 "-" "WordPress/6.8.1; https://www.aeromaxlogistics.com"
209.141.37.7 - - [02/Jun/2026:10:02:01 -0400] "GET /wp-login.php HTTP/1.1" 200 6664 "-" "Mozilla/5.0 (Macintosh; Intel Mac OS X 10_9_4) AppleWebKit/537.78.2 (KHTML, like Gecko) Version/7.0.6 Safari/537.78.2"
162.213.253.84 - - [02/Jun/2026:10:03:16 -0400] "POST /wp-cron.php?doing_wp_cron=1780408996.5124740600585937500000 HTTP/1.1" 200 0 "-" "WordPress/6.8.1; https://www.aeromaxlogistics.com"
209.141.37.7 - - [02/Jun/2026:10:03:15 -0400] "POST /wp-login.php HTTP/1.1" 200 7095 "-" "Mozilla/5.0 (Macintosh; Intel Mac OS X 10_9_4) AppleWebKit/537.78.2 (KHTML, like Gecko) Version/7.0.6 Safari/537.78.2"
209.141.44.244 - - [02/Jun/2026:10:08:00 -0400] "GET /wp-login.php HTTP/1.1" 200 6664 "-" "Mozilla/5.0 (iPhone; CPU iPhone OS 16_0 like Mac OS X)"
162.213.253.84 - - [02/Jun/2026:10:08:02 -0400] "POST /wp-cron.php?doing_wp_cron=1780409282.6011190414428710937500 HTTP/1.1" 200 0 "-" "WordPress/6.8.1; https://www.aeromaxlogistics.com"
209.141.44.113 - - [02/Jun/2026:10:12:01 -0400] "POST /wp-login.php HTTP/1.1" 200 7113 "-" "Mozilla/5.0 (iPhone; CPU iPhone OS 7_1_2 like Mac OS X) AppleWebKit/537.51.2 (KHTML, like Gecko) Version/7.0 Mobile/11D257 Safari/9537.53"
209.141.52.4 - - [02/Jun/2026:10:13:51 -0400] "GET /wp-login.php HTTP/1.1" 200 6664 "-" "Mozilla/5.0 (Windows NT 6.1; rv:30.0) Gecko/20100101 Firefox/30.0"
209.141.52.4 - - [02/Jun/2026:10:13:52 -0400] "POST /wp-login.php HTTP/1.1" 200 7103 "-" "Mozilla/5.0 (Windows NT 6.1; rv:30.0) Gecko/20100101 Firefox/30.0"
198.98.59.131 - - [02/Jun/2026:10:21:11 -0400] "GET /wp-login.php HTTP/1.1" 200 6664 "-" "Mozilla/5.0 (X11; Ubuntu; Linux x86_64; rv:122.0) Gecko/20100101 Firefox/122.0"
162.213.253.84 - - [02/Jun/2026:10:21:12 -0400] "POST /wp-cron.php?doing_wp_cron=1780410072.3167009353637695312500 HTTP/1.1" 200 0 "-" "WordPress/6.8.1; https://www.aeromaxlogistics.com"
198.98.59.131 - - [02/Jun/2026:10:21:11 -0400] "POST /wp-login.php HTTP/1.1" 200 7129 "-" "Mozilla/5.0 (X11; Ubuntu; Linux x86_64; rv:122.0) Gecko/20100101 Firefox/122.0"
207.46.13.6 - - [02/Jun/2026:10:25:40 -0400] "GET /sliced_quote/bike-shifting-delhi-to-kollam/?create=pdf&id=640&print_pdf=6742d1ffea HTTP/1.1" 200 1937 "-" "Mozilla/5.0 AppleWebKit/537.36 (KHTML, like Gecko; compatible; bingbot/2.0; +http://www.bing.com/bingbot.htm) Chrome/116.0.1938.76 Safari/537.36"
198.98.59.131 - - [02/Jun/2026:10:25:46 -0400] "POST /wp-login.php HTTP/1.1" 200 7113 "-" "Mozilla/5.0 (Macintosh; Intel Mac OS X 10.9; rv:31.0) Gecko/20100101 Firefox/31.0"
148.113.128.12 - - [02/Jun/2026:10:29:32 -0400] "GET /our-services/ HTTP/1.1" 200 1937 "-" "Mozilla/5.0 (compatible; AhrefsBot/7.0; +http://ahrefs.com/robot/)"
198.98.59.131 - - [02/Jun/2026:10:24:59 -0400] "GET /wp-login.php HTTP/1.1" 200 6664 "-" "Mozilla/5.0 (Macintosh; Intel Mac OS X 10.9; rv:31.0) Gecko/20100101 Firefox/31.0"
162.213.253.84 - - [02/Jun/2026:10:25:46 -0400] "POST /wp-cron.php?doing_wp_cron=1780410346.7805099487304687500000 HTTP/1.1" 200 0 "-" "WordPress/6.8.1; https://www.aeromaxlogistics.com"
54.39.203.149 - - [02/Jun/2026:10:29:30 -0400] "GET /robots.txt HTTP/1.1" 200 1937 "-" "Mozilla/5.0 (compatible; AhrefsBot/7.0; +http://ahrefs.com/robot/)"
207.46.13.128 - - [02/Jun/2026:10:31:33 -0400] "GET /sliced_quote/bike-shifting-delhi-to-gandhinagar/?create=pdf&id=525&print_pdf=aa61c937fb HTTP/1.1" 200 1937 "-" "Mozilla/5.0 AppleWebKit/537.36 (KHTML, like Gecko; compatible; bingbot/2.0; +http://www.bing.com/bingbot.htm) Chrome/116.0.1938.76 Safari/537.36"
205.185.119.54 - - [02/Jun/2026:10:38:52 -0400] "GET /wp-login.php HTTP/1.1" 200 6664 "-" "Mozilla/5.0 (Windows NT 6.3; WOW64; Trident/7.0; rv:11.0) like Gecko"
205.185.119.54 - - [02/Jun/2026:10:38:53 -0400] "POST /wp-login.php HTTP/1.1" 200 7127 "-" "Mozilla/5.0 (Windows NT 6.3; WOW64; Trident/7.0; rv:11.0) like Gecko"
209.141.36.175 - - [02/Jun/2026:10:41:38 -0400] "GET /wp-login.php HTTP/1.1" 200 6664 "-" "Mozilla/5.0 (Windows NT 6.3; WOW64) AppleWebKit/537.36 (KHTML, like Gecko) Chrome/36.0.1985.143 Safari/537.36"
209.141.36.175 - - [02/Jun/2026:10:41:42 -0400] "POST /wp-login.php HTTP/1.1" 200 7121 "-" "Mozilla/5.0 (Windows NT 6.3; WOW64) AppleWebKit/537.36 (KHTML, like Gecko) Chrome/36.0.1985.143 Safari/537.36"
162.213.253.84 - - [02/Jun/2026:10:42:29 -0400] "POST /wp-cron.php?doing_wp_cron=1780411349.6770091056823730468750 HTTP/1.1" 200 0 "-" "WordPress/6.8.1; https://www.aeromaxlogistics.com"
162.213.253.84 - - [02/Jun/2026:10:38:53 -0400] "POST /wp-cron.php?doing_wp_cron=1780411133.6759018898010253906250 HTTP/1.1" 200 0 "-" "WordPress/6.8.1; https://www.aeromaxlogistics.com"
162.213.253.84 - - [02/Jun/2026:10:41:43 -0400] "POST /wp-cron.php?doing_wp_cron=1780411303.1979219913482666015625 HTTP/1.1" 200 0 "-" "WordPress/6.8.1; https://www.aeromaxlogistics.com"
209.141.36.175 - - [02/Jun/2026:10:42:28 -0400] "GET /wp-login.php HTTP/1.1" 200 6664 "-" "Mozilla/5.0 (Macintosh; Intel Mac OS X 10_15_7) AppleWebKit/537.36 (KHTML, like Gecko) Chrome/147.0.0.0 Safari/537.36"
209.141.36.175 - - [02/Jun/2026:10:42:29 -0400] "POST /wp-login.php HTTP/1.1" 200 7095 "-" "Mozilla/5.0 (Macintosh; Intel Mac OS X 10_15_7) AppleWebKit/537.36 (KHTML, like Gecko) Chrome/147.0.0.0 Safari/537.36"
157.55.39.61 - - [02/Jun/2026:11:03:14 -0400] "GET /sliced_quote/testing-4/?create=pdf&id=438&print_pdf=694cd705b4 HTTP/1.1" 200 1937 "-" "Mozilla/5.0 AppleWebKit/537.36 (KHTML, like Gecko; compatible; bingbot/2.0; +http://www.bing.com/bingbot.htm) Chrome/116.0.1938.76 Safari/537.36"
162.213.253.84 - - [02/Jun/2026:10:49:24 -0400] "POST /wp-cron.php?doing_wp_cron=1780411764.6152660846710205078125 HTTP/1.1" 200 0 "-" "WordPress/6.8.1; https://www.aeromaxlogistics.com"
209.141.50.202 - - [02/Jun/2026:10:49:24 -0400] "POST /wp-login.php HTTP/1.1" 200 7099 "-" "Mozilla/5.0 (X11; Ubuntu; Linux x86_64; rv:122.0) Gecko/20100101 Firefox/122.0"
52.167.144.20 - - [02/Jun/2026:10:49:58 -0400] "GET /sliced_quote/bike-shifting-delhi-to-bhimpur/?create=pdf&id=518&print_pdf=d63472cb05 HTTP/1.1" 200 1937 "-" "Mozilla/5.0 AppleWebKit/537.36 (KHTML, like Gecko; compatible; bingbot/2.0; +http://www.bing.com/bingbot.htm) Chrome/116.0.1938.76 Safari/537.36"
162.213.253.84 - - [02/Jun/2026:10:54:46 -0400] "POST /wp-cron.php?doing_wp_cron=1780412086.4442501068115234375000 HTTP/1.1" 200 0 "-" "WordPress/6.8.1; https://www.aeromaxlogistics.com"
209.141.41.219 - - [02/Jun/2026:10:54:45 -0400] "POST /wp-login.php HTTP/1.1" 200 7097 "-" "Mozilla/5.0 (compatible; MSIE 9.0; Windows NT 6.1; WOW64; Trident/5.0)"
162.213.253.84 - - [02/Jun/2026:10:55:33 -0400] "POST /wp-cron.php?doing_wp_cron=1780412133.7118060588836669921875 HTTP/1.1" 200 0 "-" "WordPress/6.8.1; https://www.aeromaxlogistics.com"
209.141.52.4 - - [02/Jun/2026:10:58:30 -0400] "POST /wp-login.php HTTP/1.1" 200 7103 "-" "Mozilla/5.0 (iPad; CPU OS 7_1_2 like Mac OS X) AppleWebKit/537.51.2 (KHTML, like Gecko) Version/7.0 Mobile/11D257 Safari/9537.53"
157.55.39.194 - - [02/Jun/2026:10:58:44 -0400] "GET /sliced_quote/bike-shifting-delhi-to-bangalore-2/?create=pdf&id=485&print_pdf=0abf731e27 HTTP/1.1" 200 1937 "-" "Mozilla/5.0 AppleWebKit/537.36 (KHTML, like Gecko; compatible; bingbot/2.0; +http://www.bing.com/bingbot.htm) Chrome/116.0.1938.76 Safari/537.36"
45.61.185.47 - - [02/Jun/2026:11:02:19 -0400] "GET /wp-login.php HTTP/1.1" 200 6664 "-" "Mozilla/5.0 (Linux; Android 14; SM-S928B) AppleWebKit/537.36 (KHTML, like Gecko) Chrome/122.0.0.0 Mobile Safari/537.36"
209.141.37.7 - - [02/Jun/2026:11:02:38 -0400] "POST /wp-login.php HTTP/1.1" 200 7101 "-" "Mozilla/5.0 (Macintosh; Intel Mac OS X 10_15_7)"
162.213.253.84 - - [02/Jun/2026:11:03:03 -0400] "POST /wp-cron.php?doing_wp_cron=1780412583.5264129638671875000000 HTTP/1.1" 200 0 "-" "WordPress/6.8.1; https://www.aeromaxlogistics.com"
45.61.185.47 - - [02/Jun/2026:11:03:02 -0400] "POST /wp-login.php HTTP/1.1" 200 7115 "-" "Mozilla/5.0 (Linux; Android 14; SM-S928B) AppleWebKit/537.36 (KHTML, like Gecko) Chrome/122.0.0.0 Mobile Safari/537.36"
209.141.50.202 - - [02/Jun/2026:10:48:51 -0400] "GET /wp-login.php HTTP/1.1" 200 6664 "-" "Mozilla/5.0 (X11; Ubuntu; Linux x86_64; rv:122.0) Gecko/20100101 Firefox/122.0"
209.141.41.219 - - [02/Jun/2026:10:53:28 -0400] "GET /wp-login.php HTTP/1.1" 200 6664 "-" "Mozilla/5.0 (compatible; MSIE 9.0; Windows NT 6.1; WOW64; Trident/5.0)"
209.141.44.244 - - [02/Jun/2026:10:54:08 -0400] "GET /wp-login.php HTTP/1.1" 200 6664 "-" "Mozilla/5.0 (Macintosh; Intel Mac OS X 10_10_0) AppleWebKit/537.36 (KHTML, like Gecko) Chrome/36.0.1985.125 Safari/537.36"
209.141.44.244 - - [02/Jun/2026:10:55:33 -0400] "POST /wp-login.php HTTP/1.1" 200 7109 "-" "Mozilla/5.0 (Macintosh; Intel Mac OS X 10_10_0) AppleWebKit/537.36 (KHTML, like Gecko) Chrome/36.0.1985.125 Safari/537.36"
157.55.39.194 - - [02/Jun/2026:10:56:23 -0400] "GET /sliced_quote/461-2/?create=pdf&id=461&print_pdf=2048911416 HTTP/1.1" 200 1937 "-" "Mozilla/5.0 AppleWebKit/537.36 (KHTML, like Gecko; compatible; bingbot/2.0; +http://www.bing.com/bingbot.htm) Chrome/116.0.1938.76 Safari/537.36"
209.141.52.4 - - [02/Jun/2026:10:58:30 -0400] "GET /wp-login.php HTTP/1.1" 200 6664 "-" "Mozilla/5.0 (iPad; CPU OS 7_1_2 like Mac OS X) AppleWebKit/537.51.2 (KHTML, like Gecko) Version/7.0 Mobile/11D257 Safari/9537.53"
162.213.253.84 - - [02/Jun/2026:10:58:31 -0400] "POST /wp-cron.php?doing_wp_cron=1780412311.1830279827117919921875 HTTP/1.1" 200 0 "-" "WordPress/6.8.1; https://www.aeromaxlogistics.com"
209.141.44.113 - - [02/Jun/2026:10:58:56 -0400] "GET /wp-login.php HTTP/1.1" 200 6664 "-" "Mozilla/5.0 (Macintosh; Intel Mac OS X 10_9_4) AppleWebKit/537.36 (KHTML, like Gecko) Chrome/35.0.1916.153 Safari/537.36"
162.213.253.84 - - [02/Jun/2026:11:00:09 -0400] "POST /wp-cron.php?doing_wp_cron=1780412409.4494540691375732421875 HTTP/1.1" 200 0 "-" "WordPress/6.8.1; https://www.aeromaxlogistics.com"
209.141.44.113 - - [02/Jun/2026:11:00:08 -0400] "POST /wp-login.php HTTP/1.1" 200 7058 "-" "Mozilla/5.0 (Macintosh; Intel Mac OS X 10_9_4) AppleWebKit/537.36 (KHTML, like Gecko) Chrome/35.0.1916.153 Safari/537.36"
209.141.37.7 - - [02/Jun/2026:11:02:30 -0400] "GET /wp-login.php HTTP/1.1" 200 6664 "-" "Mozilla/5.0 (Macintosh; Intel Mac OS X 10_15_7)"
162.213.253.84 - - [02/Jun/2026:11:02:38 -0400] "POST /wp-cron.php?doing_wp_cron=1780412558.7386469841003417968750 HTTP/1.1" 200 0 "-" "WordPress/6.8.1; https://www.aeromaxlogistics.com"
198.98.56.118 - - [02/Jun/2026:11:02:39 -0400] "GET /wp-login.php HTTP/1.1" 200 6664 "-" "Mozilla/5.0 (Windows NT 6.2; WOW64) AppleWebKit/537.36 (KHTML, like Gecko) Chrome/36.0.1985.125 Safari/537.36"
162.213.253.84 - - [02/Jun/2026:11:04:54 -0400] "POST /wp-cron.php?doing_wp_cron=1780412694.8213260173797607421875 HTTP/1.1" 200 0 "-" "WordPress/6.8.1; https://www.aeromaxlogistics.com"
198.98.56.118 - - [02/Jun/2026:11:04:54 -0400] "POST /wp-login.php HTTP/1.1" 200 7111 "-" "Mozilla/5.0 (Windows NT 6.2; WOW64) AppleWebKit/537.36 (KHTML, like Gecko) Chrome/36.0.1985.125 Safari/537.36"
45.154.98.88 - - [02/Jun/2026:11:09:15 -0400] "GET /wp-content/themes/seotheme/db.php?u HTTP/1.1" 200 7587 "www.google.com" "Mozlila/5.0 (Linux; Android 7.0; SM-G892A Bulid/NRD90M; wv) AppleWebKit/537.36 (KHTML, like Gecko) Version/4.0 Chrome/60.0.3112.107 Moblie Safari/537.36"
205.185.116.245 - - [02/Jun/2026:11:20:03 -0400] "GET /wp-login.php HTTP/1.1" 200 6664 "-" "Mozilla/5.0 (compatible; MSIE 9.0; Windows NT 6.1; Trident/5.0)"
162.213.253.84 - - [02/Jun/2026:11:21:36 -0400] "POST /wp-cron.php?doing_wp_cron=1780413696.0598509311676025390625 HTTP/1.1" 200 0 "-" "WordPress/6.8.1; https://www.aeromaxlogistics.com"
205.185.116.245 - - [02/Jun/2026:11:21:35 -0400] "POST /wp-login.php HTTP/1.1" 200 7115 "-" "Mozilla/5.0 (compatible; MSIE 9.0; Windows NT 6.1; Trident/5.0)"
205.185.119.54 - - [02/Jun/2026:11:30:14 -0400] "GET /wp-login.php HTTP/1.1" 200 6664 "-" "Mozilla/5.0 (X11; Linux x86_64) AppleWebKit/537.36 (KHTML, like Gecko) Chrome/36.0.1985.125 Safari/537.36"
162.213.253.84 - - [02/Jun/2026:11:32:48 -0400] "POST /wp-cron.php?doing_wp_cron=1780414368.3751780986785888671875 HTTP/1.1" 200 0 "-" "WordPress/6.8.1; https://www.aeromaxlogistics.com"
205.185.119.54 - - [02/Jun/2026:11:32:47 -0400] "POST /wp-login.php HTTP/1.1" 200 7101 "-" "Mozilla/5.0 (X11; Linux x86_64) AppleWebKit/537.36 (KHTML, like Gecko) Chrome/36.0.1985.125 Safari/537.36"
157.55.39.204 - - [02/Jun/2026:11:37:20 -0400] "GET /sliced_quote/bike-shifting-faridabad-to-rudrapur/?create=pdf&id=642&print_pdf=a3ac79fba9 HTTP/1.1" 200 1937 "-" "Mozilla/5.0 AppleWebKit/537.36 (KHTML, like Gecko; compatible; bingbot/2.0; +http://www.bing.com/bingbot.htm) Chrome/116.0.1938.76 Safari/537.36"
162.213.253.84 - - [02/Jun/2026:11:47:38 -0400] "POST /wp-cron.php?doing_wp_cron=1780415258.6813290119171142578125 HTTP/1.1" 200 0 "-" "WordPress/6.8.1; https://www.aeromaxlogistics.com"
40.77.167.243 - - [02/Jun/2026:11:53:43 -0400] "GET /sliced_quote/490-2/?create=pdf&id=490&print_pdf=a1f041b23c HTTP/1.1" 200 1937 "-" "Mozilla/5.0 AppleWebKit/537.36 (KHTML, like Gecko; compatible; bingbot/2.0; +http://www.bing.com/bingbot.htm) Chrome/116.0.1938.76 Safari/537.36"
205.185.123.198 - - [02/Jun/2026:11:45:05 -0400] "GET /wp-login.php HTTP/1.1" 200 6664 "-" "Mozilla/5.0 (Linux; Android 14; SM-S928B) AppleWebKit/537.36 (KHTML, like Gecko) Chrome/122.0.0.0 Mobile Safari/537.36"
205.185.123.198 - - [02/Jun/2026:11:47:38 -0400] "POST /wp-login.php HTTP/1.1" 200 7099 "-" "Mozilla/5.0 (Linux; Android 14; SM-S928B) AppleWebKit/537.36 (KHTML, like Gecko) Chrome/122.0.0.0 Mobile Safari/537.36"
157.55.39.200 - - [02/Jun/2026:11:50:49 -0400] "GET /sliced_quote/bike-shifting-faridabad-to-rudrapur/?create=pdf&id=642&print_pdf=e6bbbe2f25 HTTP/1.1" 200 1937 "-" "Mozilla/5.0 AppleWebKit/537.36 (KHTML, like Gecko; compatible; bingbot/2.0; +http://www.bing.com/bingbot.htm) Chrome/116.0.1938.76 Safari/537.36"
157.55.39.200 - - [02/Jun/2026:11:50:49 -0400] "GET /sliced_quote/bike-shifting-delhi-to-dehradun/?create=pdf&id=670&print_pdf=113bef13a9 HTTP/1.1" 200 1937 "-" "Mozilla/5.0 AppleWebKit/537.36 (KHTML, like Gecko; compatible; bingbot/2.0; +http://www.bing.com/bingbot.htm) Chrome/116.0.1938.76 Safari/537.36"
205.185.127.250 - - [02/Jun/2026:11:58:12 -0400] "GET /wp-login.php HTTP/1.1" 200 6664 "-" "Mozilla/5.0 (iPad; CPU OS 16_7 like Mac OS X) AppleWebKit/605.1.15 (KHTML, like Gecko) Version/16.7 Mobile/15E148 Safari/604.1"
162.213.253.84 - - [02/Jun/2026:11:59:36 -0400] "POST /wp-cron.php?doing_wp_cron=1780415976.4143691062927246093750 HTTP/1.1" 200 0 "-" "WordPress/6.8.1; https://www.aeromaxlogistics.com"
205.185.127.250 - - [02/Jun/2026:11:59:35 -0400] "POST /wp-login.php HTTP/1.1" 200 7113 "-" "Mozilla/5.0 (iPad; CPU OS 16_7 like Mac OS X) AppleWebKit/605.1.15 (KHTML, like Gecko) Version/16.7 Mobile/15E148 Safari/604.1"
209.141.51.192 - - [02/Jun/2026:12:12:18 -0400] "GET /wp-login.php HTTP/1.1" 200 6664 "-" "Mozilla/5.0 (compatible; MSIE 10.0; Windows NT 6.1; WOW64; Trident/6.0)"
209.141.51.192 - - [02/Jun/2026:12:15:24 -0400] "POST /wp-login.php HTTP/1.1" 200 7091 "-" "Mozilla/5.0 (compatible; MSIE 10.0; Windows NT 6.1; WOW64; Trident/6.0)"
209.141.41.219 - - [02/Jun/2026:12:18:02 -0400] "POST /wp-login.php HTTP/1.1" 200 7121 "-" "Mozilla/5.0 (Android 13; Mobile; rv:121.0) Gecko/121.0 Firefox/121.0"
45.61.186.169 - - [02/Jun/2026:12:24:32 -0400] "POST /wp-login.php HTTP/1.1" 200 7115 "-" "Mozilla/5.0 (Macintosh; Intel Mac OS X 11_7_10) AppleWebKit/537.36 (KHTML, like Gecko) Chrome/119.0.0.0 Safari/537.36"
162.213.253.84 - - [02/Jun/2026:12:15:24 -0400] "POST /wp-cron.php?doing_wp_cron=1780416924.7383010387420654296875 HTTP/1.1" 200 0 "-" "WordPress/6.8.1; https://www.aeromaxlogistics.com"
209.141.41.219 - - [02/Jun/2026:12:17:57 -0400] "GET /wp-login.php HTTP/1.1" 200 6664 "-" "Mozilla/5.0 (Android 13; Mobile; rv:121.0) Gecko/121.0 Firefox/121.0"
162.213.253.84 - - [02/Jun/2026:12:18:03 -0400] "POST /wp-cron.php?doing_wp_cron=1780417083.4476358890533447265625 HTTP/1.1" 200 0 "-" "WordPress/6.8.1; https://www.aeromaxlogistics.com"
185.102.115.179 - - [02/Jun/2026:12:22:48 -0400] "GET /wp-login.php HTTP/1.1" 200 6664 "-" "Mozilla/5.0 (Macintosh; Intel Mac OS X 10.6; rv:31.0) Gecko/20100101 Firefox/31.0"
162.213.253.84 - - [02/Jun/2026:12:22:50 -0400] "POST /wp-cron.php?doing_wp_cron=1780417370.7709059715270996093750 HTTP/1.1" 200 0 "-" "WordPress/6.8.1; https://www.aeromaxlogistics.com"
185.102.115.179 - - [02/Jun/2026:12:22:50 -0400] "POST /wp-login.php HTTP/1.1" 200 7105 "-" "Mozilla/5.0 (Macintosh; Intel Mac OS X 10.6; rv:31.0) Gecko/20100101 Firefox/31.0"
45.61.186.169 - - [02/Jun/2026:12:24:32 -0400] "GET /wp-login.php HTTP/1.1" 200 6664 "-" "Mozilla/5.0 (Macintosh; Intel Mac OS X 11_7_10) AppleWebKit/537.36 (KHTML, like Gecko) Chrome/119.0.0.0 Safari/537.36"
162.213.253.84 - - [02/Jun/2026:12:24:33 -0400] "POST /wp-cron.php?doing_wp_cron=1780417473.2903180122375488281250 HTTP/1.1" 200 0 "-" "WordPress/6.8.1; https://www.aeromaxlogistics.com"
45.61.187.176 - - [02/Jun/2026:12:31:51 -0400] "GET /wp-login.php HTTP/1.1" 200 6664 "-" "Mozilla/5.0 (X11; Linux x86_64) AppleWebKit/537.36 (KHTML, like Gecko) Chrome/147.0.0.0 Safari/537.36"
209.141.44.244 - - [02/Jun/2026:12:31:55 -0400] "POST /wp-login.php HTTP/1.1" 200 7105 "-" "Mozilla/5.0 (Macintosh; Intel Mac OS X 10_8_5) AppleWebKit/537.77.4 (KHTML, like Gecko) Version/6.1.5 Safari/537.77.4"
162.213.253.84 - - [02/Jun/2026:12:32:17 -0400] "POST /wp-cron.php?doing_wp_cron=1780417937.4353001117706298828125 HTTP/1.1" 200 0 "-" "WordPress/6.8.1; https://www.aeromaxlogistics.com"
162.213.253.84 - - [02/Jun/2026:12:40:49 -0400] "POST /wp-cron.php?doing_wp_cron=1780418449.5942299365997314453125 HTTP/1.1" 200 0 "-" "WordPress/6.8.1; https://www.aeromaxlogistics.com"
205.185.116.237 - - [02/Jun/2026:12:40:48 -0400] "POST /wp-login.php HTTP/1.1" 200 7099 "-" "Mozilla/5.0 (Windows NT 10.0; Win64; x64) AppleWebKit/537.36 (KHTML, like Gecko) Chrome/145.0.0.0 Safari/537.36"
209.141.44.244 - - [02/Jun/2026:12:31:54 -0400] "GET /wp-login.php HTTP/1.1" 200 6664 "-" "Mozilla/5.0 (Macintosh; Intel Mac OS X 10_8_5) AppleWebKit/537.77.4 (KHTML, like Gecko) Version/6.1.5 Safari/537.77.4"
162.213.253.84 - - [02/Jun/2026:12:31:55 -0400] "POST /wp-cron.php?doing_wp_cron=1780417915.7910120487213134765625 HTTP/1.1" 200 0 "-" "WordPress/6.8.1; https://www.aeromaxlogistics.com"
45.61.187.176 - - [02/Jun/2026:12:32:16 -0400] "POST /wp-login.php HTTP/1.1" 200 7129 "-" "Mozilla/5.0 (X11; Linux x86_64) AppleWebKit/537.36 (KHTML, like Gecko) Chrome/147.0.0.0 Safari/537.36"
205.185.116.237 - - [02/Jun/2026:12:38:06 -0400] "GET /wp-login.php HTTP/1.1" 200 6664 "-" "Mozilla/5.0 (Windows NT 10.0; Win64; x64) AppleWebKit/537.36 (KHTML, like Gecko) Chrome/145.0.0.0 Safari/537.36"
157.55.39.195 - - [02/Jun/2026:12:44:01 -0400] "GET /sliced_quote/bike-gaziabad-to-kondapur/?create=pdf&id=553&print_pdf=85007519de HTTP/1.1" 200 1937 "-" "Mozilla/5.0 AppleWebKit/537.36 (KHTML, like Gecko; compatible; bingbot/2.0; +http://www.bing.com/bingbot.htm) Chrome/116.0.1938.76 Safari/537.36"
157.55.39.197 - - [02/Jun/2026:12:47:21 -0400] "GET /sliced_quote/bike-shifting-delhi-to-bhimpur/?create=pdf&id=518&print_pdf=519b413d79 HTTP/1.1" 200 1937 "-" "Mozilla/5.0 AppleWebKit/537.36 (KHTML, like Gecko; compatible; bingbot/2.0; +http://www.bing.com/bingbot.htm) Chrome/116.0.1938.76 Safari/537.36"
45.61.186.169 - - [02/Jun/2026:13:01:12 -0400] "GET /wp-login.php HTTP/1.1" 200 6664 "-" "Mozilla/5.0 (iPhone; CPU iPhone OS 18_3 like Mac OS X) AppleWebKit/605.1.15 (KHTML, like Gecko) Version/18.3 Mobile/15E148 Safari/604.1"
45.61.186.169 - - [02/Jun/2026:13:01:13 -0400] "POST /wp-login.php HTTP/1.1" 200 7121 "-" "Mozilla/5.0 (iPhone; CPU iPhone OS 18_3 like Mac OS X) AppleWebKit/605.1.15 (KHTML, like Gecko) Version/18.3 Mobile/15E148 Safari/604.1"
209.141.60.58 - - [02/Jun/2026:13:02:47 -0400] "GET /wp-login.php HTTP/1.1" 200 6664 "-" "Mozilla/5.0 (Linux; Android 16; SM-A346E) AppleWebKit/537.36 (KHTML, like Gecko) Chrome/130.0.0.0 Mobile Safari/537.36"
162.213.253.84 - - [02/Jun/2026:13:01:13 -0400] "POST /wp-cron.php?doing_wp_cron=1780419673.6616950035095214843750 HTTP/1.1" 200 0 "-" "WordPress/6.8.1; https://www.aeromaxlogistics.com"
162.213.253.84 - - [02/Jun/2026:13:03:45 -0400] "POST /wp-cron.php?doing_wp_cron=1780419825.4549670219421386718750 HTTP/1.1" 200 0 "-" "WordPress/6.8.1; https://www.aeromaxlogistics.com"
209.141.60.58 - - [02/Jun/2026:13:03:44 -0400] "POST /wp-login.php HTTP/1.1" 200 7117 "-" "Mozilla/5.0 (Linux; Android 16; SM-A346E) AppleWebKit/537.36 (KHTML, like Gecko) Chrome/130.0.0.0 Mobile Safari/537.36"
205.185.116.245 - - [02/Jun/2026:13:09:57 -0400] "GET /wp-login.php HTTP/1.1" 200 6664 "-" "Mozilla/5.0 (iPhone; CPU iPhone OS 18_3 like Mac OS X) AppleWebKit/605.1.15 (KHTML, like Gecko) Version/18.3 Mobile/15E148 Safari/604.1"
162.213.253.84 - - [02/Jun/2026:13:10:42 -0400] "POST /wp-cron.php?doing_wp_cron=1780420242.4233539104461669921875 HTTP/1.1" 200 0 "-" "WordPress/6.8.1; https://www.aeromaxlogistics.com"
205.185.116.245 - - [02/Jun/2026:13:10:41 -0400] "POST /wp-login.php HTTP/1.1" 200 7109 "-" "Mozilla/5.0 (iPhone; CPU iPhone OS 18_3 like Mac OS X) AppleWebKit/605.1.15 (KHTML, like Gecko) Version/18.3 Mobile/15E148 Safari/604.1"
209.141.44.244 - - [02/Jun/2026:13:11:42 -0400] "GET /wp-login.php HTTP/1.1" 200 6664 "-" "Mozilla/5.0 (Windows NT 10.0; Win64; x64) AppleWebKit/537.36 (KHTML, like Gecko) Chrome/146.0.0.0 Safari/537.36"
209.141.44.244 - - [02/Jun/2026:13:13:05 -0400] "POST /wp-login.php HTTP/1.1" 200 7127 "-" "Mozilla/5.0 (Windows NT 10.0; Win64; x64) AppleWebKit/537.36 (KHTML, like Gecko) Chrome/146.0.0.0 Safari/537.36"
162.213.253.84 - - [02/Jun/2026:13:13:05 -0400] "POST /wp-cron.php?doing_wp_cron=1780420385.9042010307312011718750 HTTP/1.1" 200 0 "-" "WordPress/6.8.1; https://www.aeromaxlogistics.com"
209.141.41.219 - - [02/Jun/2026:13:16:56 -0400] "GET /wp-login.php HTTP/1.1" 200 6664 "-" "Mozilla/5.0 (Macintosh; Intel Mac OS X 10_15_7) AppleWebKit/605.1.15 (KHTML, like Gecko) Version/17.1 Safari/605.1.15"
162.213.253.84 - - [02/Jun/2026:13:18:59 -0400] "POST /wp-cron.php?doing_wp_cron=1780420739.2471420764923095703125 HTTP/1.1" 200 0 "-" "WordPress/6.8.1; https://www.aeromaxlogistics.com"
209.141.41.219 - - [02/Jun/2026:13:18:58 -0400] "POST /wp-login.php HTTP/1.1" 200 7113 "-" "Mozilla/5.0 (Macintosh; Intel Mac OS X 10_15_7) AppleWebKit/605.1.15 (KHTML, like Gecko) Version/17.1 Safari/605.1.15"
209.141.60.58 - - [02/Jun/2026:13:20:21 -0400] "GET /wp-login.php HTTP/1.1" 200 6664 "-" "Mozilla/5.0 (Macintosh; Intel Mac OS X 10_15_7) AppleWebKit/605.1.15 (KHTML, like Gecko) Version/18.3 Safari/605.1.15"
162.213.253.84 - - [02/Jun/2026:13:20:22 -0400] "POST /wp-cron.php?doing_wp_cron=1780420822.6600930690765380859375 HTTP/1.1" 200 0 "-" "WordPress/6.8.1; https://www.aeromaxlogistics.com"
209.141.60.58 - - [02/Jun/2026:13:20:22 -0400] "POST /wp-login.php HTTP/1.1" 200 7095 "-" "Mozilla/5.0 (Macintosh; Intel Mac OS X 10_15_7) AppleWebKit/605.1.15 (KHTML, like Gecko) Version/18.3 Safari/605.1.15"
157.55.39.59 - - [02/Jun/2026:13:20:24 -0400] "GET /sliced_quote/bike-shifting-delhi-to-araria/?create=pdf&id=717&print_pdf=519b413d79 HTTP/1.1" 200 1937 "-" "Mozilla/5.0 AppleWebKit/537.36 (KHTML, like Gecko; compatible; bingbot/2.0; +http://www.bing.com/bingbot.htm) Chrome/116.0.1938.76 Safari/537.36"
205.185.124.128 - - [02/Jun/2026:13:52:20 -0400] "POST /wp-login.php HTTP/1.1" 200 7115 "-" "Mozilla/5.0 (Windows NT 6.1; WOW64; Trident/7.0; rv:11.0) like Gecko"
205.185.124.128 - - [02/Jun/2026:13:52:19 -0400] "GET /wp-login.php HTTP/1.1" 200 6664 "-" "Mozilla/5.0 (Windows NT 6.1; WOW64; Trident/7.0; rv:11.0) like Gecko"
162.213.253.84 - - [02/Jun/2026:13:52:21 -0400] "POST /wp-cron.php?doing_wp_cron=1780422741.5415010452270507812500 HTTP/1.1" 200 0 "-" "WordPress/6.8.1; https://www.aeromaxlogistics.com"
205.185.124.128 - - [02/Jun/2026:13:58:43 -0400] "GET /wp-login.php HTTP/1.1" 200 6664 "-" "Mozilla/5.0 (iPhone; CPU iPhone OS 18_7 like Mac OS X) AppleWebKit/605.1.15 (KHTML, like Gecko) CriOS/146.0.0.0 Mobile/15E148 Safari/604.1"
207.46.13.92 - - [02/Jun/2026:14:05:19 -0400] "GET /sliced_quote/bike-d-to-d/?create=pdf&id=443&print_pdf=2843fd6059 HTTP/1.1" 200 1937 "-" "Mozilla/5.0 AppleWebKit/537.36 (KHTML, like Gecko; compatible; bingbot/2.0; +http://www.bing.com/bingbot.htm) Chrome/116.0.1938.76 Safari/537.36"
157.55.39.53 - - [02/Jun/2026:14:06:56 -0400] "GET /sliced_quote/scooty-shifting-gaziabad-to-bangalore/?create=pdf&id=496&print_pdf=e6bbbe2f25 HTTP/1.1" 200 1937 "-" "Mozilla/5.0 AppleWebKit/537.36 (KHTML, like Gecko; compatible; bingbot/2.0; +http://www.bing.com/bingbot.htm) Chrome/116.0.1938.76 Safari/537.36"
205.185.125.44 - - [02/Jun/2026:14:07:00 -0400] "GET /wp-login.php HTTP/1.1" 200 6664 "-" "Mozilla/5.0 (X11; Linux x86_64; rv:30.0) Gecko/20100101 Firefox/30.0"
205.185.125.44 - - [02/Jun/2026:14:07:02 -0400] "POST /wp-login.php HTTP/1.1" 200 7117 "-" "Mozilla/5.0 (X11; Linux x86_64; rv:30.0) Gecko/20100101 Firefox/30.0"
157.55.39.53 - - [02/Jun/2026:14:08:26 -0400] "GET /sliced_quote/bike-shifting-delhi-to-cuttack/?create=pdf&id=471&print_pdf=74e74bb0ba HTTP/1.1" 200 1937 "-" "Mozilla/5.0 AppleWebKit/537.36 (KHTML, like Gecko; compatible; bingbot/2.0; +http://www.bing.com/bingbot.htm) Chrome/116.0.1938.76 Safari/537.36"
162.213.253.84 - - [02/Jun/2026:14:10:50 -0400] "POST /wp-cron.php?doing_wp_cron=1780423850.1819839477539062500000 HTTP/1.1" 200 0 "-" "WordPress/6.8.1; https://www.aeromaxlogistics.com"
205.185.116.237 - - [02/Jun/2026:13:56:17 -0400] "GET /wp-login.php HTTP/1.1" 200 6664 "-" "Mozilla/5.0 (Windows NT 6.3; WOW64) AppleWebKit/537.36 (KHTML, like Gecko) Chrome/35.0.1916.153 Safari/537.36"
162.213.253.84 - - [02/Jun/2026:13:57:31 -0400] "POST /wp-cron.php?doing_wp_cron=1780423051.4767110347747802734375 HTTP/1.1" 200 0 "-" "WordPress/6.8.1; https://www.aeromaxlogistics.com"
205.185.116.237 - - [02/Jun/2026:13:57:30 -0400] "POST /wp-login.php HTTP/1.1" 200 7099 "-" "Mozilla/5.0 (Windows NT 6.3; WOW64) AppleWebKit/537.36 (KHTML, like Gecko) Chrome/35.0.1916.153 Safari/537.36"
162.213.253.84 - - [02/Jun/2026:13:59:02 -0400] "POST /wp-cron.php?doing_wp_cron=1780423142.5461189746856689453125 HTTP/1.1" 200 0 "-" "WordPress/6.8.1; https://www.aeromaxlogistics.com"
205.185.124.128 - - [02/Jun/2026:13:59:01 -0400] "POST /wp-login.php HTTP/1.1" 200 7117 "-" "Mozilla/5.0 (iPhone; CPU iPhone OS 18_7 like Mac OS X) AppleWebKit/605.1.15 (KHTML, like Gecko) CriOS/146.0.0.0 Mobile/15E148 Safari/604.1"
205.185.116.237 - - [02/Jun/2026:14:02:32 -0400] "GET /wp-login.php HTTP/1.1" 200 6664 "-" "Mozilla/5.0 (Macintosh; Intel Mac OS X 10_9_3) AppleWebKit/537.76.4 (KHTML, like Gecko) Version/7.0.4 Safari/537.76.4"
157.55.39.53 - - [02/Jun/2026:14:06:56 -0400] "GET /sliced_quote/bike-shifting-delhi-to-bangalore-5/?create=pdf&id=715&print_pdf=2af5de1792 HTTP/1.1" 200 1937 "-" "Mozilla/5.0 AppleWebKit/537.36 (KHTML, like Gecko; compatible; bingbot/2.0; +http://www.bing.com/bingbot.htm) Chrome/116.0.1938.76 Safari/537.36"
162.213.253.84 - - [02/Jun/2026:14:07:02 -0400] "POST /wp-cron.php?doing_wp_cron=1780423622.5402770042419433593750 HTTP/1.1" 200 0 "-" "WordPress/6.8.1; https://www.aeromaxlogistics.com"
162.213.253.84 - - [02/Jun/2026:14:09:42 -0400] "POST /wp-cron.php?doing_wp_cron=1780423782.0363059043884277343750 HTTP/1.1" 200 0 "-" "WordPress/6.8.1; https://www.aeromaxlogistics.com"
205.185.116.237 - - [02/Jun/2026:14:09:41 -0400] "POST /wp-login.php HTTP/1.1" 200 7111 "-" "Mozilla/5.0 (Macintosh; Intel Mac OS X 10_9_3) AppleWebKit/537.76.4 (KHTML, like Gecko) Version/7.0.4 Safari/537.76.4"
45.61.186.169 - - [02/Jun/2026:14:10:49 -0400] "GET /wp-login.php HTTP/1.1" 200 6664 "-" "Mozilla/5.0 (Android 13; Mobile; rv:121.0) Gecko/121.0 Firefox/121.0"
45.61.186.169 - - [02/Jun/2026:14:10:49 -0400] "POST /wp-login.php HTTP/1.1" 200 7105 "-" "Mozilla/5.0 (Android 13; Mobile; rv:121.0) Gecko/121.0 Firefox/121.0"
185.102.115.179 - - [02/Jun/2026:14:16:16 -0400] "GET /wp-login.php HTTP/1.1" 200 6664 "-" "Mozilla/5.0 (Windows NT 6.1; Trident/7.0; rv:11.0) like Gecko"
205.185.116.237 - - [02/Jun/2026:14:17:30 -0400] "GET /wp-login.php HTTP/1.1" 200 6664 "-" "Mozilla/5.0 (X11; Linux x86_64) AppleWebKit/537.36 (KHTML, like Gecko) Ubuntu Chromium/36.0.1985.125 Chrome/36.0.1985.125 Safari/537.36"
162.213.253.84 - - [02/Jun/2026:14:18:26 -0400] "POST /wp-cron.php?doing_wp_cron=1780424306.0565040111541748046875 HTTP/1.1" 200 0 "-" "WordPress/6.8.1; https://www.aeromaxlogistics.com"
205.185.116.237 - - [02/Jun/2026:14:18:25 -0400] "POST /wp-login.php HTTP/1.1" 200 7115 "-" "Mozilla/5.0 (X11; Linux x86_64) AppleWebKit/537.36 (KHTML, like Gecko) Ubuntu Chromium/36.0.1985.125 Chrome/36.0.1985.125 Safari/537.36"
162.213.253.84 - - [02/Jun/2026:14:16:17 -0400] "POST /wp-cron.php?doing_wp_cron=1780424177.0611119270324707031250 HTTP/1.1" 200 0 "-" "WordPress/6.8.1; https://www.aeromaxlogistics.com"
185.102.115.179 - - [02/Jun/2026:14:16:16 -0400] "POST /wp-login.php HTTP/1.1" 200 7115 "-" "Mozilla/5.0 (Windows NT 6.1; Trident/7.0; rv:11.0) like Gecko"
209.141.44.113 - - [02/Jun/2026:14:35:18 -0400] "GET /wp-login.php HTTP/1.1" 200 6664 "-" "Mozilla/5.0 (Windows NT 6.3; WOW64) AppleWebKit/537.36 (KHTML, like Gecko) Chrome/36.0.1985.143 Safari/537.36"
162.213.253.84 - - [02/Jun/2026:14:35:52 -0400] "POST /wp-cron.php?doing_wp_cron=1780425351.9989330768585205078125 HTTP/1.1" 200 0 "-" "WordPress/6.8.1; https://www.aeromaxlogistics.com"
209.141.44.113 - - [02/Jun/2026:14:35:51 -0400] "POST /wp-login.php HTTP/1.1" 200 7113 "-" "Mozilla/5.0 (Windows NT 6.3; WOW64) AppleWebKit/537.36 (KHTML, like Gecko) Chrome/36.0.1985.143 Safari/537.36"
209.141.60.58 - - [02/Jun/2026:14:37:12 -0400] "GET /wp-login.php HTTP/1.1" 200 6664 "-" "Mozilla/5.0 (Macintosh; Intel Mac OS X 10.8; rv:31.0) Gecko/20100101 Firefox/31.0"
162.213.253.84 - - [02/Jun/2026:14:41:13 -0400] "POST /wp-cron.php?doing_wp_cron=1780425673.2994930744171142578125 HTTP/1.1" 200 0 "-" "WordPress/6.8.1; https://www.aeromaxlogistics.com"
45.61.185.32 - - [02/Jun/2026:14:41:12 -0400] "POST /wp-login.php HTTP/1.1" 200 7129 "-" "Mozilla/5.0 (Windows NT 10.0; Win64; x64) AppleWebKit/537.36 (KHTML, like Gecko) Chrome/146.0.0.0 Safari/537.36 Edg/146.0.0.0"
209.141.50.202 - - [02/Jun/2026:14:34:02 -0400] "GET /wp-login.php HTTP/1.1" 200 6664 "-" "Mozilla/5.0 (Macintosh; Intel Mac OS X 10_6_8) AppleWebKit/537.36 (KHTML, like Gecko) Chrome/36.0.1985.125 Safari/537.36"
209.141.50.202 - - [02/Jun/2026:14:35:57 -0400] "POST /wp-login.php HTTP/1.1" 200 7105 "-" "Mozilla/5.0 (Macintosh; Intel Mac OS X 10_6_8) AppleWebKit/537.36 (KHTML, like Gecko) Chrome/36.0.1985.125 Safari/537.36"
162.213.253.84 - - [02/Jun/2026:14:38:03 -0400] "POST /wp-cron.php?doing_wp_cron=1780425483.9625599384307861328125 HTTP/1.1" 200 0 "-" "WordPress/6.8.1; https://www.aeromaxlogistics.com"
209.141.60.58 - - [02/Jun/2026:14:38:03 -0400] "POST /wp-login.php HTTP/1.1" 200 7111 "-" "Mozilla/5.0 (Macintosh; Intel Mac OS X 10.8; rv:31.0) Gecko/20100101 Firefox/31.0"
45.61.185.32 - - [02/Jun/2026:14:41:09 -0400] "GET /wp-login.php HTTP/1.1" 200 6664 "-" "Mozilla/5.0 (Windows NT 10.0; Win64; x64) AppleWebKit/537.36 (KHTML, like Gecko) Chrome/146.0.0.0 Safari/537.36 Edg/146.0.0.0"
209.141.44.244 - - [02/Jun/2026:14:42:31 -0400] "GET /wp-login.php HTTP/1.1" 200 6664 "-" "Mozilla/5.0 (Macintosh; Intel Mac OS X 10_12_6) AppleWebKit/537.36 (KHTML, like Gecko) Chrome/115.0.0.0 Safari/537.36"
162.213.253.84 - - [02/Jun/2026:14:42:33 -0400] "POST /wp-cron.php?doing_wp_cron=1780425753.5013389587402343750000 HTTP/1.1" 200 0 "-" "WordPress/6.8.1; https://www.aeromaxlogistics.com"
209.141.44.244 - - [02/Jun/2026:14:42:32 -0400] "POST /wp-login.php HTTP/1.1" 200 7109 "-" "Mozilla/5.0 (Macintosh; Intel Mac OS X 10_12_6) AppleWebKit/537.36 (KHTML, like Gecko) Chrome/115.0.0.0 Safari/537.36"
162.213.253.84 - - [02/Jun/2026:14:49:10 -0400] "POST /wp-cron.php?doing_wp_cron=1780426150.9476070404052734375000 HTTP/1.1" 200 0 "-" "WordPress/6.8.1; https://www.aeromaxlogistics.com"
45.61.187.176 - - [02/Jun/2026:14:49:10 -0400] "POST /wp-login.php HTTP/1.1" 200 7113 "-" "Mozilla/5.0 (Macintosh; Intel Mac OS X 10.8; rv:30.0) Gecko/20100101 Firefox/30.0"
45.61.187.176 - - [02/Jun/2026:14:50:20 -0400] "GET /wp-login.php HTTP/1.1" 200 6664 "-" "Mozilla/5.0 (iPad; CPU OS 18_3 like Mac OS X) AppleWebKit/605.1.15 (KHTML, like Gecko) Version/18.3 Mobile/15E148 Safari/604.1"
162.213.253.84 - - [02/Jun/2026:14:50:28 -0400] "POST /wp-cron.php?doing_wp_cron=1780426228.8835721015930175781250 HTTP/1.1" 200 0 "-" "WordPress/6.8.1; https://www.aeromaxlogistics.com"
209.141.37.7 - - [02/Jun/2026:14:47:12 -0400] "GET /wp-login.php HTTP/1.1" 200 6664 "-" "Mozilla/5.0 (Windows NT 10.0; Win64; x64) AppleWebKit/537.36 (KHTML, like Gecko) Chrome/145.0.0.0 Safari/537.36"
162.213.253.84 - - [02/Jun/2026:14:47:22 -0400] "POST /wp-cron.php?doing_wp_cron=1780426042.4449141025543212890625 HTTP/1.1" 200 0 "-" "WordPress/6.8.1; https://www.aeromaxlogistics.com"
209.141.37.7 - - [02/Jun/2026:14:47:21 -0400] "POST /wp-login.php HTTP/1.1" 200 7091 "-" "Mozilla/5.0 (Windows NT 10.0; Win64; x64) AppleWebKit/537.36 (KHTML, like Gecko) Chrome/145.0.0.0 Safari/537.36"
45.61.187.176 - - [02/Jun/2026:14:49:10 -0400] "GET /wp-login.php HTTP/1.1" 200 6664 "-" "Mozilla/5.0 (Macintosh; Intel Mac OS X 10.8; rv:30.0) Gecko/20100101 Firefox/30.0"
176.65.139.231 - - [02/Jun/2026:14:49:19 -0400] "GET /.env HTTP/1.1" 200 7587 "-" "Mozilla/5.0 (Windows NT 10.0; Win64; x64) AppleWebKit/537.36 (KHTML, like Gecko) Chrome/147.0.0.0 Safari/537.36"
45.61.187.176 - - [02/Jun/2026:14:50:28 -0400] "POST /wp-login.php HTTP/1.1" 200 7103 "-" "Mozilla/5.0 (iPad; CPU OS 18_3 like Mac OS X) AppleWebKit/605.1.15 (KHTML, like Gecko) Version/18.3 Mobile/15E148 Safari/604.1"
157.55.39.61 - - [02/Jun/2026:14:55:00 -0400] "GET /sliced_quote/bike-shifting-delhi-to-bangalore-3/?create=pdf&id=614&print_pdf=2048911416 HTTP/1.1" 200 1937 "-" "Mozilla/5.0 AppleWebKit/537.36 (KHTML, like Gecko; compatible; bingbot/2.0; +http://www.bing.com/bingbot.htm) Chrome/116.0.1938.76 Safari/537.36"
157.55.39.204 - - [02/Jun/2026:15:16:54 -0400] "GET /sliced_quote/bike-shifting-gurgaon-to-howrah/?create=pdf&id=626&print_pdf=694cd705b4 HTTP/1.1" 200 1937 "-" "Mozilla/5.0 AppleWebKit/537.36 (KHTML, like Gecko; compatible; bingbot/2.0; +http://www.bing.com/bingbot.htm) Chrome/116.0.1938.76 Safari/537.36"
209.141.60.58 - - [02/Jun/2026:15:21:56 -0400] "GET /wp-login.php HTTP/1.1" 200 6664 "-" "Mozilla/5.0 (X11; Ubuntu; Linux x86_64; rv:31.0) Gecko/20100101 Firefox/31.0"
205.185.127.250 - - [02/Jun/2026:15:22:10 -0400] "GET /wp-login.php HTTP/1.1" 200 6664 "-" "Mozilla/5.0 (Linux; Android 14; SM-G998B) AppleWebKit/537.36 (KHTML, like Gecko) Chrome/121.0.0.0 Mobile Safari/537.36"
162.213.253.84 - - [02/Jun/2026:15:22:16 -0400] "POST /wp-cron.php?doing_wp_cron=1780428136.8759319782257080078125 HTTP/1.1" 200 0 "-" "WordPress/6.8.1; https://www.aeromaxlogistics.com"
205.185.127.250 - - [02/Jun/2026:15:22:16 -0400] "POST /wp-login.php HTTP/1.1" 200 7115 "-" "Mozilla/5.0 (Linux; Android 14; SM-G998B) AppleWebKit/537.36 (KHTML, like Gecko) Chrome/121.0.0.0 Mobile Safari/537.36"
209.141.60.58 - - [02/Jun/2026:15:22:33 -0400] "POST /wp-login.php HTTP/1.1" 200 7121 "-" "Mozilla/5.0 (X11; Ubuntu; Linux x86_64; rv:31.0) Gecko/20100101 Firefox/31.0"
207.46.13.141 - - [02/Jun/2026:15:34:37 -0400] "GET /sliced_quote/bike-shifting-delhi-to-kollam/?create=pdf&id=640&print_pdf=5c4f9c62cb HTTP/1.1" 200 1937 "-" "Mozilla/5.0 AppleWebKit/537.36 (KHTML, like Gecko; compatible; bingbot/2.0; +http://www.bing.com/bingbot.htm) Chrome/116.0.1938.76 Safari/537.36"
209.141.60.58 - - [02/Jun/2026:15:41:31 -0400] "GET /wp-login.php HTTP/1.1" 200 6664 "-" "Mozilla/5.0 (Macintosh; Intel Mac OS X 10_15_7) AppleWebKit/605.1.15 (KHTML, like Gecko) Version/16.0 Safari/605.1.15"
162.213.253.84 - - [02/Jun/2026:15:41:45 -0400] "POST /wp-cron.php?doing_wp_cron=1780429305.7843749523162841796875 HTTP/1.1" 200 0 "-" "WordPress/6.8.1; https://www.aeromaxlogistics.com"
209.141.60.58 - - [02/Jun/2026:15:41:45 -0400] "POST /wp-login.php HTTP/1.1" 200 7105 "-" "Mozilla/5.0 (Macintosh; Intel Mac OS X 10_15_7) AppleWebKit/605.1.15 (KHTML, like Gecko) Version/16.0 Safari/605.1.15"
209.141.46.91 - - [02/Jun/2026:15:56:54 -0400] "GET /wp-login.php HTTP/1.1" 200 6664 "-" "Mozilla/5.0 (Macintosh; Intel Mac OS X 10_13_6) AppleWebKit/537.36 (KHTML, like Gecko) Chrome/116.0.0.0 Safari/537.36"
162.213.253.84 - - [02/Jun/2026:15:58:35 -0400] "POST /wp-cron.php?doing_wp_cron=1780430315.6638479232788085937500 HTTP/1.1" 200 0 "-" "WordPress/6.8.1; https://www.aeromaxlogistics.com"
52.167.144.141 - - [02/Jun/2026:16:03:26 -0400] "GET /sliced_quote/scooty-shifting-gaziabad-to-bangalore/?create=pdf&id=496&print_pdf=2f25e017ca HTTP/1.1" 200 1937 "-" "Mozilla/5.0 AppleWebKit/537.36 (KHTML, like Gecko; compatible; bingbot/2.0; +http://www.bing.com/bingbot.htm) Chrome/116.0.1938.76 Safari/537.36"
157.55.39.194 - - [02/Jun/2026:15:56:29 -0400] "GET /sliced_quote/478-2/?create=pdf&id=478&print_pdf=744d3a2d7c HTTP/1.1" 200 1937 "-" "Mozilla/5.0 AppleWebKit/537.36 (KHTML, like Gecko; compatible; bingbot/2.0; +http://www.bing.com/bingbot.htm) Chrome/116.0.1938.76 Safari/537.36"
