52.167.144.222 - - [02/Jun/2026:23:00:57 -0400] "GET /sliced_quote/bike-shifting-delhi-to-dehradun/?create=pdf&id=670&print_pdf=75315ba12b HTTP/1.1" 200 1937 "-" "Mozilla/5.0 AppleWebKit/537.36 (KHTML, like Gecko; compatible; bingbot/2.0; +http://www.bing.com/bingbot.htm) Chrome/116.0.1938.76 Safari/537.36"
205.185.124.118 - - [02/Jun/2026:22:58:37 -0400] "GET /wp-login.php HTTP/1.1" 200 6664 "-" "Mozilla/5.0 (X11; Ubuntu; Linux x86_64; rv:122.0) Gecko/20100101 Firefox/122.0"
205.185.124.118 - - [02/Jun/2026:22:58:38 -0400] "POST /wp-login.php HTTP/1.1" 200 7097 "-" "Mozilla/5.0 (X11; Ubuntu; Linux x86_64; rv:122.0) Gecko/20100101 Firefox/122.0"
45.61.188.26 - - [02/Jun/2026:23:09:42 -0400] "POST /wp-login.php HTTP/1.1" 200 7105 "-" "Mozilla/5.0 (Macintosh; Intel Mac OS X 10_15_7) AppleWebKit/605.1.15 (KHTML, like Gecko) Version/16.0 Safari/605.1.15"
45.61.188.26 - - [02/Jun/2026:23:09:42 -0400] "GET /wp-login.php HTTP/1.1" 200 6664 "-" "Mozilla/5.0 (Macintosh; Intel Mac OS X 10_15_7) AppleWebKit/605.1.15 (KHTML, like Gecko) Version/16.0 Safari/605.1.15"
162.213.253.84 - - [02/Jun/2026:23:09:42 -0400] "POST /wp-cron.php?doing_wp_cron=1780456182.8808729648590087890625 HTTP/1.1" 200 0 "-" "WordPress/6.8.1; https://www.aeromaxlogistics.com"
209.141.60.58 - - [02/Jun/2026:23:14:34 -0400] "POST /wp-login.php HTTP/1.1" 200 7127 "-" "Mozilla/5.0 (iPad; CPU OS 16_7 like Mac OS X) AppleWebKit/605.1.15 (KHTML, like Gecko) Version/16.7 Mobile/15E148 Safari/604.1"
162.213.253.84 - - [02/Jun/2026:23:27:10 -0400] "POST /wp-cron.php?doing_wp_cron=1780457230.4766860008239746093750 HTTP/1.1" 200 0 "-" "WordPress/6.8.1; https://www.aeromaxlogistics.com"
209.141.60.58 - - [02/Jun/2026:23:14:32 -0400] "GET /wp-login.php HTTP/1.1" 200 6664 "-" "Mozilla/5.0 (iPad; CPU OS 16_7 like Mac OS X) AppleWebKit/605.1.15 (KHTML, like Gecko) Version/16.7 Mobile/15E148 Safari/604.1"
162.213.253.84 - - [02/Jun/2026:23:14:35 -0400] "POST /wp-cron.php?doing_wp_cron=1780456475.5120840072631835937500 HTTP/1.1" 200 0 "-" "WordPress/6.8.1; https://www.aeromaxlogistics.com"
209.141.51.192 - - [02/Jun/2026:23:22:10 -0400] "GET /wp-login.php HTTP/1.1" 200 6664 "-" "Mozilla/5.0 (Windows NT 6.1; WOW64; Trident/7.0; rv:11.0) like Gecko"
209.141.51.192 - - [02/Jun/2026:23:27:09 -0400] "POST /wp-login.php HTTP/1.1" 200 7095 "-" "Mozilla/5.0 (Windows NT 6.1; WOW64; Trident/7.0; rv:11.0) like Gecko"
45.3.46.9 - - [02/Jun/2026:23:42:37 -0400] "HEAD / HTTP/1.1" 200 0 "-" "Mozilla/5.0 (compatible; bulk-validator/1.0)"
162.213.253.84 - - [02/Jun/2026:23:43:28 -0400] "POST /wp-cron.php?doing_wp_cron=1780458208.2214379310607910156250 HTTP/1.1" 200 0 "-" "WordPress/6.8.1; https://www.aeromaxlogistics.com"
209.141.58.150 - - [02/Jun/2026:23:43:27 -0400] "POST /wp-login.php HTTP/1.1" 200 7105 "-" "Mozilla/5.0 (iPad; CPU OS 7_1_2 like Mac OS X) AppleWebKit/537.51.2 (KHTML, like Gecko) Version/7.0 Mobile/11D257 Safari/9537.53"
209.141.58.150 - - [02/Jun/2026:23:42:58 -0400] "GET /wp-login.php HTTP/1.1" 200 6664 "-" "Mozilla/5.0 (iPad; CPU OS 7_1_2 like Mac OS X) AppleWebKit/537.51.2 (KHTML, like Gecko) Version/7.0 Mobile/11D257 Safari/9537.53"
205.185.123.198 - - [02/Jun/2026:23:45:47 -0400] "GET /wp-login.php HTTP/1.1" 200 6664 "-" "Mozilla/5.0 (Windows NT 6.1; WOW64; Trident/7.0; rv:11.0) like Gecko"
205.185.125.44 - - [02/Jun/2026:23:46:50 -0400] "GET /wp-login.php HTTP/1.1" 200 6664 "-" "Mozilla/5.0 (X11; Linux x86_64) AppleWebKit/537.36 (KHTML, like Gecko) Chrome/118.0.0.0 Safari/537.36"
162.213.253.84 - - [02/Jun/2026:23:47:34 -0400] "POST /wp-cron.php?doing_wp_cron=1780458454.3542499542236328125000 HTTP/1.1" 200 0 "-" "WordPress/6.8.1; https://www.aeromaxlogistics.com"
205.185.125.44 - - [02/Jun/2026:23:47:33 -0400] "POST /wp-login.php HTTP/1.1" 200 7091 "-" "Mozilla/5.0 (X11; Linux x86_64) AppleWebKit/537.36 (KHTML, like Gecko) Chrome/118.0.0.0 Safari/537.36"
40.77.167.52 - - [03/Jun/2026:00:00:41 -0400] "GET /sliced_quote/490-2/?create=pdf&id=490&print_pdf=2af5de1792 HTTP/1.1" 200 1937 "-" "Mozilla/5.0 AppleWebKit/537.36 (KHTML, like Gecko; compatible; bingbot/2.0; +http://www.bing.com/bingbot.htm) Chrome/116.0.1938.76 Safari/537.36"
45.61.187.176 - - [03/Jun/2026:00:01:08 -0400] "GET /wp-login.php HTTP/1.1" 200 6664 "-" "Mozilla/5.0 (Macintosh; Intel Mac OS X 10_15_7) AppleWebKit/537.36 (KHTML, like Gecko) Chrome/145.0.0.0 Safari/537.36"
162.213.253.84 - - [03/Jun/2026:00:00:50 -0400] "POST /wp-cron.php?doing_wp_cron=1780459250.1020269393920898437500 HTTP/1.1" 200 0 "-" "WordPress/6.8.1; https://www.aeromaxlogistics.com"
209.141.34.188 - - [03/Jun/2026:00:00:49 -0400] "POST /wp-login.php HTTP/1.1" 200 7109 "-" "Mozilla/5.0 (iPhone; CPU iPhone OS 7_0_4 like Mac OS X) AppleWebKit/537.51.1 (KHTML, like Gecko) Version/7.0 Mobile/11B554a Safari/9537.53"
162.213.253.84 - - [03/Jun/2026:00:01:09 -0400] "POST /wp-cron.php?doing_wp_cron=1780459269.7849071025848388671875 HTTP/1.1" 200 0 "-" "WordPress/6.8.1; https://www.aeromaxlogistics.com"
45.61.187.176 - - [03/Jun/2026:00:01:09 -0400] "POST /wp-login.php HTTP/1.1" 200 7105 "-" "Mozilla/5.0 (Macintosh; Intel Mac OS X 10_15_7) AppleWebKit/537.36 (KHTML, like Gecko) Chrome/145.0.0.0 Safari/537.36"
209.141.46.91 - - [02/Jun/2026:23:50:47 -0400] "GET /wp-login.php HTTP/1.1" 200 6664 "-" "Mozilla/5.0 (Windows NT 10.0; Win64; x64) AppleWebKit/537.36 (KHTML, like Gecko) Chrome/121.0.0.0 Safari/537.36 Edg/121.0.0.0"
205.185.123.198 - - [02/Jun/2026:23:54:36 -0400] "POST /wp-login.php HTTP/1.1" 200 7115 "-" "Mozilla/5.0 (Windows NT 6.1; WOW64; Trident/7.0; rv:11.0) like Gecko"
205.185.121.3 - - [02/Jun/2026:23:54:38 -0400] "GET /wp-login.php HTTP/1.1" 200 6664 "-" "Mozilla/5.0 (Windows NT 6.1; WOW64) AppleWebKit/537.36 (KHTML, like Gecko) Chrome/36.0.1985.143 Safari/537.36"
157.55.39.225 - - [02/Jun/2026:23:58:52 -0400] "GET /robots.txt HTTP/1.1" 200 1937 "-" "Mozilla/5.0 AppleWebKit/537.36 (KHTML, like Gecko; compatible; bingbot/2.0; +http://www.bing.com/bingbot.htm) Chrome/116.0.1938.76 Safari/537.36"
157.55.39.225 - - [02/Jun/2026:23:58:54 -0400] "GET /robots.txt HTTP/1.1" 200 1937 "-" "Mozilla/5.0 AppleWebKit/537.36 (KHTML, like Gecko; compatible; bingbot/2.0; +http://www.bing.com/bingbot.htm) Chrome/116.0.1938.76 Safari/537.36"
207.46.13.18 - - [02/Jun/2026:23:58:55 -0400] "GET /sliced_quote/bike-shifting-delhi-to-kollam/?create=pdf&id=640&print_pdf=2048911416 HTTP/1.1" 200 1937 "-" "Mozilla/5.0 AppleWebKit/537.36 (KHTML, like Gecko; compatible; bingbot/2.0; +http://www.bing.com/bingbot.htm) Chrome/116.0.1938.76 Safari/537.36"
162.213.253.84 - - [02/Jun/2026:23:50:49 -0400] "POST /wp-cron.php?doing_wp_cron=1780458649.4490749835968017578125 HTTP/1.1" 200 0 "-" "WordPress/6.8.1; https://www.aeromaxlogistics.com"
209.141.46.91 - - [02/Jun/2026:23:50:48 -0400] "POST /wp-login.php HTTP/1.1" 200 7113 "-" "Mozilla/5.0 (Windows NT 10.0; Win64; x64) AppleWebKit/537.36 (KHTML, like Gecko) Chrome/121.0.0.0 Safari/537.36 Edg/121.0.0.0"
162.213.253.84 - - [02/Jun/2026:23:54:36 -0400] "POST /wp-cron.php?doing_wp_cron=1780458876.7525649070739746093750 HTTP/1.1" 200 0 "-" "WordPress/6.8.1; https://www.aeromaxlogistics.com"
205.185.121.3 - - [02/Jun/2026:23:54:38 -0400] "POST /wp-login.php HTTP/1.1" 200 7101 "-" "Mozilla/5.0 (Windows NT 6.1; WOW64) AppleWebKit/537.36 (KHTML, like Gecko) Chrome/36.0.1985.143 Safari/537.36"
209.141.34.188 - - [02/Jun/2026:23:59:51 -0400] "GET /wp-login.php HTTP/1.1" 200 6664 "-" "Mozilla/5.0 (iPhone; CPU iPhone OS 7_0_4 like Mac OS X) AppleWebKit/537.51.1 (KHTML, like Gecko) Version/7.0 Mobile/11B554a Safari/9537.53"
45.61.188.26 - - [03/Jun/2026:00:20:51 -0400] "GET /wp-login.php HTTP/1.1" 200 6664 "-" "Mozilla/5.0 (Windows NT 6.1; rv:24.0) Gecko/20100101 Firefox/24.0"
162.213.253.84 - - [03/Jun/2026:00:20:53 -0400] "POST /wp-cron.php?doing_wp_cron=1780460452.4744999408721923828125 HTTP/1.1" 200 0 "-" "WordPress/6.8.1; https://www.aeromaxlogistics.com"
45.61.188.26 - - [03/Jun/2026:00:20:51 -0400] "POST /wp-login.php HTTP/1.1" 200 7117 "-" "Mozilla/5.0 (Windows NT 6.1; rv:24.0) Gecko/20100101 Firefox/24.0"
209.141.60.58 - - [03/Jun/2026:00:32:53 -0400] "GET /wp-login.php HTTP/1.1" 200 6664 "-" "Mozilla/5.0 (X11; Fedora; Linux x86_64; rv:119.0) Gecko/20100101 Firefox/119.0"
162.213.253.84 - - [03/Jun/2026:00:32:55 -0400] "POST /wp-cron.php?doing_wp_cron=1780461175.7754070758819580078125 HTTP/1.1" 200 0 "-" "WordPress/6.8.1; https://www.aeromaxlogistics.com"
107.189.5.104 - - [03/Jun/2026:00:34:50 -0400] "GET /wp-login.php HTTP/1.1" 200 6664 "-" "Mozilla/5.0 (Windows NT 5.1; rv:31.0) Gecko/20100101 Firefox/31.0"
52.167.144.222 - - [03/Jun/2026:00:26:03 -0400] "GET /sliced_quote/bike-shifting-noida-to-kalyan/?create=pdf&id=659&print_pdf=a44c17f950 HTTP/1.1" 200 1937 "-" "Mozilla/5.0 AppleWebKit/537.36 (KHTML, like Gecko; compatible; bingbot/2.0; +http://www.bing.com/bingbot.htm) Chrome/116.0.1938.76 Safari/537.36"
52.167.144.222 - - [03/Jun/2026:00:32:15 -0400] "GET /sliced_quote/bike-shifting-delhi-to-bangalore-5/?create=pdf&id=715&print_pdf=aa61c937fb HTTP/1.1" 200 1937 "-" "Mozilla/5.0 AppleWebKit/537.36 (KHTML, like Gecko; compatible; bingbot/2.0; +http://www.bing.com/bingbot.htm) Chrome/116.0.1938.76 Safari/537.36"
209.141.60.58 - - [03/Jun/2026:00:32:55 -0400] "POST /wp-login.php HTTP/1.1" 200 7129 "-" "Mozilla/5.0 (X11; Fedora; Linux x86_64; rv:119.0) Gecko/20100101 Firefox/119.0"
40.77.167.32 - - [03/Jun/2026:00:41:18 -0400] "GET /sliced_quote/bike-shifting-delhi-to-kollam/?create=pdf&id=640&print_pdf=27a101f268 HTTP/1.1" 200 1937 "-" "Mozilla/5.0 AppleWebKit/537.36 (KHTML, like Gecko; compatible; bingbot/2.0; +http://www.bing.com/bingbot.htm) Chrome/116.0.1938.76 Safari/537.36"
40.77.167.132 - - [03/Jun/2026:00:50:56 -0400] "GET /sliced_quote/bike-shifting-delhi-to-bangalore-5/?create=pdf&id=715&print_pdf=aa61c937fb HTTP/1.1" 200 1937 "-" "Mozilla/5.0 AppleWebKit/537.36 (KHTML, like Gecko; compatible; bingbot/2.0; +http://www.bing.com/bingbot.htm) Chrome/116.0.1938.76 Safari/537.36"
157.55.39.13 - - [03/Jun/2026:00:43:40 -0400] "GET /sliced_quote/bike-shifting-noida-to-amravati/?create=pdf&id=690&print_pdf=8e2c7ac2ce HTTP/1.1" 200 1937 "-" "Mozilla/5.0 AppleWebKit/537.36 (KHTML, like Gecko; compatible; bingbot/2.0; +http://www.bing.com/bingbot.htm) Chrome/116.0.1938.76 Safari/537.36"
45.61.186.169 - - [03/Jun/2026:00:47:21 -0400] "GET /wp-login.php HTTP/1.1" 200 6664 "-" "Mozilla/5.0 (Macintosh; Intel Mac OS X 10_9_3) AppleWebKit/537.76.4 (KHTML, like Gecko) Version/7.0.4 Safari/537.76.4"
162.213.253.84 - - [03/Jun/2026:00:47:24 -0400] "POST /wp-cron.php?doing_wp_cron=1780462044.1280920505523681640625 HTTP/1.1" 200 0 "-" "WordPress/6.8.1; https://www.aeromaxlogistics.com"
45.61.186.169 - - [03/Jun/2026:00:47:23 -0400] "POST /wp-login.php HTTP/1.1" 200 7113 "-" "Mozilla/5.0 (Macintosh; Intel Mac OS X 10_9_3) AppleWebKit/537.76.4 (KHTML, like Gecko) Version/7.0.4 Safari/537.76.4"
45.61.187.176 - - [03/Jun/2026:00:48:28 -0400] "GET /wp-login.php HTTP/1.1" 200 6664 "-" "Mozilla/5.0 (Macintosh; Intel Mac OS X 10_12_6) AppleWebKit/537.36 (KHTML, like Gecko) Chrome/115.0.0.0 Safari/537.36"
162.213.253.84 - - [03/Jun/2026:00:48:36 -0400] "POST /wp-cron.php?doing_wp_cron=1780462116.0286529064178466796875 HTTP/1.1" 200 0 "-" "WordPress/6.8.1; https://www.aeromaxlogistics.com"
45.61.187.176 - - [03/Jun/2026:00:48:35 -0400] "POST /wp-login.php HTTP/1.1" 200 7127 "-" "Mozilla/5.0 (Macintosh; Intel Mac OS X 10_12_6) AppleWebKit/537.36 (KHTML, like Gecko) Chrome/115.0.0.0 Safari/537.36"
205.185.116.245 - - [03/Jun/2026:00:55:41 -0400] "GET /wp-login.php HTTP/1.1" 200 6664 "-" "Mozilla/5.0 (Macintosh; Intel Mac OS X 10_9_4) AppleWebKit/537.77.4 (KHTML, like Gecko) Version/7.0.5 Safari/537.77.4"
162.213.253.84 - - [03/Jun/2026:00:55:46 -0400] "POST /wp-cron.php?doing_wp_cron=1780462546.1160581111907958984375 HTTP/1.1" 200 0 "-" "WordPress/6.8.1; https://www.aeromaxlogistics.com"
205.185.116.245 - - [03/Jun/2026:00:55:45 -0400] "POST /wp-login.php HTTP/1.1" 200 7111 "-" "Mozilla/5.0 (Macintosh; Intel Mac OS X 10_9_4) AppleWebKit/537.77.4 (KHTML, like Gecko) Version/7.0.5 Safari/537.77.4"
195.3.220.7 - - [03/Jun/2026:00:56:18 -0400] "GET /chosen.php HTTP/1.1" 200 1937 "-" "Mozilla/5.0 (Linux; Android 7.0; SM-G892A Build/NRD90M; wv) AppleWebKit/537.36 (KHTML, Gecko) Version/4.0 Chrome/60.0.3112.107 Mobile Safari/537.36"
195.3.220.7 - - [03/Jun/2026:00:56:20 -0400] "GET /wp-content/plugins/fix/up.php HTTP/1.1" 200 1937 "-" "Mozilla/5.0 (Linux; Android 7.0; SM-G892A Build/NRD90M; wv) AppleWebKit/537.36 (KHTML, Gecko) Version/4.0 Chrome/60.0.3112.107 Mobile Safari/537.36"
195.3.220.7 - - [03/Jun/2026:00:56:21 -0400] "GET /wp-content/plugins/pwnd/pwnd.php HTTP/1.1" 200 1937 "-" "Mozilla/5.0 (Linux; Android 7.0; SM-G892A Build/NRD90M; wv) AppleWebKit/537.36 (KHTML, Gecko) Version/4.0 Chrome/60.0.3112.107 Mobile Safari/537.36"
195.3.220.7 - - [03/Jun/2026:00:56:21 -0400] "GET /wp-content/plugins/pwnd-1/pwnd.php HTTP/1.1" 200 1937 "-" "Mozilla/5.0 (Linux; Android 7.0; SM-G892A Build/NRD90M; wv) AppleWebKit/537.36 (KHTML, Gecko) Version/4.0 Chrome/60.0.3112.107 Mobile Safari/537.36"
195.3.220.7 - - [03/Jun/2026:00:56:22 -0400] "GET /wp-content/plugins/simple/simple.php HTTP/1.1" 200 1937 "-" "Mozilla/5.0 (Linux; Android 7.0; SM-G892A Build/NRD90M; wv) AppleWebKit/537.36 (KHTML, Gecko) Version/4.0 Chrome/60.0.3112.107 Mobile Safari/537.36"
195.3.220.7 - - [03/Jun/2026:00:56:23 -0400] "GET /worksec.php HTTP/1.1" 200 1937 "-" "Mozilla/5.0 (Linux; Android 7.0; SM-G892A Build/NRD90M; wv) AppleWebKit/537.36 (KHTML, Gecko) Version/4.0 Chrome/60.0.3112.107 Mobile Safari/537.36"
195.3.220.7 - - [03/Jun/2026:00:56:24 -0400] "GET /wp-content/themes/twentynineteen/404.php HTTP/1.1" 200 1937 "-" "Mozilla/5.0 (Linux; Android 7.0; SM-G892A Build/NRD90M; wv) AppleWebKit/537.36 (KHTML, Gecko) Version/4.0 Chrome/60.0.3112.107 Mobile Safari/537.36"
195.3.220.7 - - [03/Jun/2026:00:56:25 -0400] "GET /wp-content/cache/index.php HTTP/1.1" 200 1937 "-" "Mozilla/5.0 (Linux; Android 7.0; SM-G892A Build/NRD90M; wv) AppleWebKit/537.36 (KHTML, Gecko) Version/4.0 Chrome/60.0.3112.107 Mobile Safari/537.36"
195.3.220.7 - - [03/Jun/2026:00:56:27 -0400] "GET /wp-content/plugins/index.php HTTP/1.1" 200 0 "-" "Mozilla/5.0 (Linux; Android 7.0; SM-G892A Build/NRD90M; wv) AppleWebKit/537.36 (KHTML, Gecko) Version/4.0 Chrome/60.0.3112.107 Mobile Safari/537.36"
195.3.220.7 - - [03/Jun/2026:00:56:29 -0400] "GET /wp-content/uploads/index.php HTTP/1.1" 200 1937 "-" "Mozilla/5.0 (Linux; Android 7.0; SM-G892A Build/NRD90M; wv) AppleWebKit/537.36 (KHTML, Gecko) Version/4.0 Chrome/60.0.3112.107 Mobile Safari/537.36"
195.3.220.7 - - [03/Jun/2026:00:56:30 -0400] "GET /wp-admin/index.php HTTP/1.1" 302 0 "-" "Mozilla/5.0 (Linux; Android 7.0; SM-G892A Build/NRD90M; wv) AppleWebKit/537.36 (KHTML, Gecko) Version/4.0 Chrome/60.0.3112.107 Mobile Safari/537.36"
195.3.220.7 - - [03/Jun/2026:00:56:31 -0400] "GET /wp-login.php?redirect_to=https%3A%2F%2Faeromaxlogistics.com%2Fwp-admin%2Findex.php&reauth=1 HTTP/1.1" 200 2079 "-" "Mozilla/5.0 (Linux; Android 7.0; SM-G892A Build/NRD90M; wv) AppleWebKit/537.36 (KHTML, Gecko) Version/4.0 Chrome/60.0.3112.107 Mobile Safari/537.36"
195.3.220.7 - - [03/Jun/2026:00:56:34 -0400] "GET /wp-login.php?redirect_to=https%3A%2F%2Faeromaxlogistics.com%2Fwp-admin%2Findex.php&reauth=1 HTTP/1.1" 200 2079 "-" "Mozilla/5.0 (Linux; Android 7.0; SM-G892A Build/NRD90M; wv) AppleWebKit/537.36 (KHTML, Gecko) Version/4.0 Chrome/60.0.3112.107 Mobile Safari/537.36"
195.3.220.7 - - [03/Jun/2026:00:56:19 -0400] "GET /simple.php HTTP/1.1" 200 1937 "-" "Mozilla/5.0 (Linux; Android 7.0; SM-G892A Build/NRD90M; wv) AppleWebKit/537.36 (KHTML, Gecko) Version/4.0 Chrome/60.0.3112.107 Mobile Safari/537.36"
195.3.220.7 - - [03/Jun/2026:00:56:20 -0400] "GET /wp-content/index.php HTTP/1.1" 200 0 "-" "Mozilla/5.0 (Linux; Android 7.0; SM-G892A Build/NRD90M; wv) AppleWebKit/537.36 (KHTML, Gecko) Version/4.0 Chrome/60.0.3112.107 Mobile Safari/537.36"
195.3.220.7 - - [03/Jun/2026:00:56:23 -0400] "GET /wp-content/worksec.php HTTP/1.1" 200 1937 "-" "Mozilla/5.0 (Linux; Android 7.0; SM-G892A Build/NRD90M; wv) AppleWebKit/537.36 (KHTML, Gecko) Version/4.0 Chrome/60.0.3112.107 Mobile Safari/537.36"
195.3.220.7 - - [03/Jun/2026:00:56:24 -0400] "GET /wp-content/themes/twentytwentyone/404.php HTTP/1.1" 500 0 "-" "Mozilla/5.0 (Linux; Android 7.0; SM-G892A Build/NRD90M; wv) AppleWebKit/537.36 (KHTML, Gecko) Version/4.0 Chrome/60.0.3112.107 Mobile Safari/537.36"
195.3.220.7 - - [03/Jun/2026:00:56:26 -0400] "GET /wp-content/index.php HTTP/1.1" 200 0 "-" "Mozilla/5.0 (Linux; Android 7.0; SM-G892A Build/NRD90M; wv) AppleWebKit/537.36 (KHTML, Gecko) Version/4.0 Chrome/60.0.3112.107 Mobile Safari/537.36"
195.3.220.7 - - [03/Jun/2026:00:56:26 -0400] "GET /wp-content/languages/index.php HTTP/1.1" 200 1937 "-" "Mozilla/5.0 (Linux; Android 7.0; SM-G892A Build/NRD90M; wv) AppleWebKit/537.36 (KHTML, Gecko) Version/4.0 Chrome/60.0.3112.107 Mobile Safari/537.36"
195.3.220.7 - - [03/Jun/2026:00:56:28 -0400] "GET /wp-content/themes/index.php HTTP/1.1" 200 0 "-" "Mozilla/5.0 (Linux; Android 7.0; SM-G892A Build/NRD90M; wv) AppleWebKit/537.36 (KHTML, Gecko) Version/4.0 Chrome/60.0.3112.107 Mobile Safari/537.36"
195.3.220.7 - - [03/Jun/2026:00:56:28 -0400] "GET /wp-content/upgrade/index.php HTTP/1.1" 200 1937 "-" "Mozilla/5.0 (Linux; Android 7.0; SM-G892A Build/NRD90M; wv) AppleWebKit/537.36 (KHTML, Gecko) Version/4.0 Chrome/60.0.3112.107 Mobile Safari/537.36"
162.213.253.84 - - [03/Jun/2026:00:56:30 -0400] "POST /wp-cron.php?doing_wp_cron=1780462590.7443768978118896484375 HTTP/1.1" 200 0 "-" "WordPress/6.8.1; https://www.aeromaxlogistics.com"
195.3.220.7 - - [03/Jun/2026:00:56:32 -0400] "GET /wp-content/themes/Divi/404.php HTTP/1.1" 200 1937 "-" "Mozilla/5.0 (Linux; Android 7.0; SM-G892A Build/NRD90M; wv) AppleWebKit/537.36 (KHTML, Gecko) Version/4.0 Chrome/60.0.3112.107 Mobile Safari/537.36"
195.3.220.7 - - [03/Jun/2026:00:56:33 -0400] "GET /wp-admin/index.php HTTP/1.1" 302 0 "-" "Mozilla/5.0 (Linux; Android 7.0; SM-G892A Build/NRD90M; wv) AppleWebKit/537.36 (KHTML, Gecko) Version/4.0 Chrome/60.0.3112.107 Mobile Safari/537.36"
195.3.220.7 - - [03/Jun/2026:00:56:35 -0400] "GET /wp-admin/images/index.php HTTP/1.1" 200 1937 "-" "Mozilla/5.0 (Linux; Android 7.0; SM-G892A Build/NRD90M; wv) AppleWebKit/537.36 (KHTML, Gecko) Version/4.0 Chrome/60.0.3112.107 Mobile Safari/537.36"
195.3.220.7 - - [03/Jun/2026:00:56:36 -0400] "GET /wp-admin/includes/index.php HTTP/1.1" 200 1937 "-" "Mozilla/5.0 (Linux; Android 7.0; SM-G892A Build/NRD90M; wv) AppleWebKit/537.36 (KHTML, Gecko) Version/4.0 Chrome/60.0.3112.107 Mobile Safari/537.36"
195.3.220.7 - - [03/Jun/2026:00:56:37 -0400] "GET /wp-admin/js/index.php HTTP/1.1" 200 1937 "-" "Mozilla/5.0 (Linux; Android 7.0; SM-G892A Build/NRD90M; wv) AppleWebKit/537.36 (KHTML, Gecko) Version/4.0 Chrome/60.0.3112.107 Mobile Safari/537.36"
195.3.220.7 - - [03/Jun/2026:00:56:37 -0400] "GET /wp-admin/maint/index.php HTTP/1.1" 200 1937 "-" "Mozilla/5.0 (Linux; Android 7.0; SM-G892A Build/NRD90M; wv) AppleWebKit/537.36 (KHTML, Gecko) Version/4.0 Chrome/60.0.3112.107 Mobile Safari/537.36"
195.3.220.7 - - [03/Jun/2026:00:56:38 -0400] "GET /wp-admin/network/index.php HTTP/1.1" 302 0 "-" "Mozilla/5.0 (Linux; Android 7.0; SM-G892A Build/NRD90M; wv) AppleWebKit/537.36 (KHTML, Gecko) Version/4.0 Chrome/60.0.3112.107 Mobile Safari/537.36"
195.3.220.7 - - [03/Jun/2026:00:56:39 -0400] "GET /wp-login.php?redirect_to=https%3A%2F%2Faeromaxlogistics.com%2Fwp-admin%2Fnetwork%2Findex.php&reauth=1 HTTP/1.1" 200 2080 "-" "Mozilla/5.0 (Linux; Android 7.0; SM-G892A Build/NRD90M; wv) AppleWebKit/537.36 (KHTML, Gecko) Version/4.0 Chrome/60.0.3112.107 Mobile Safari/537.36"
195.3.220.7 - - [03/Jun/2026:00:56:40 -0400] "GET /wp-admin/user/index.php HTTP/1.1" 302 0 "-" "Mozilla/5.0 (Linux; Android 7.0; SM-G892A Build/NRD90M; wv) AppleWebKit/537.36 (KHTML, Gecko) Version/4.0 Chrome/60.0.3112.107 Mobile Safari/537.36"
209.141.44.244 - - [03/Jun/2026:01:03:03 -0400] "GET /wp-login.php HTTP/1.1" 200 6664 "-" "Mozilla/5.0 (X11; Linux x86_64; rv:30.0) Gecko/20100101 Firefox/30.0"
195.3.220.7 - - [03/Jun/2026:00:56:35 -0400] "GET /wp-admin/css/index.php HTTP/1.1" 200 1937 "-" "Mozilla/5.0 (Linux; Android 7.0; SM-G892A Build/NRD90M; wv) AppleWebKit/537.36 (KHTML, Gecko) Version/4.0 Chrome/60.0.3112.107 Mobile Safari/537.36"
195.3.220.7 - - [03/Jun/2026:00:56:41 -0400] "GET /wp-login.php?redirect_to=https%3A%2F%2Faeromaxlogistics.com%2Fwp-admin%2Fuser%2Findex.php&reauth=1 HTTP/1.1" 200 2084 "-" "Mozilla/5.0 (Linux; Android 7.0; SM-G892A Build/NRD90M; wv) AppleWebKit/537.36 (KHTML, Gecko) Version/4.0 Chrome/60.0.3112.107 Mobile Safari/537.36"
207.46.13.102 - - [03/Jun/2026:01:02:06 -0400] "GET /sliced_quote/bike-shifting-gurgaon-to-howrah/?create=pdf&id=626&print_pdf=8e2c7ac2ce HTTP/1.1" 200 1937 "-" "Mozilla/5.0 AppleWebKit/537.36 (KHTML, like Gecko; compatible; bingbot/2.0; +http://www.bing.com/bingbot.htm) Chrome/116.0.1938.76 Safari/537.36"
198.98.59.131 - - [03/Jun/2026:01:06:36 -0400] "GET /wp-login.php HTTP/1.1" 200 6664 "-" "Mozilla/5.0 (X11; Linux x86_64; rv:30.0) Gecko/20100101 Firefox/30.0"
162.213.253.84 - - [03/Jun/2026:01:07:27 -0400] "POST /wp-cron.php?doing_wp_cron=1780463247.3896660804748535156250 HTTP/1.1" 200 0 "-" "WordPress/6.8.1; https://www.aeromaxlogistics.com"
198.98.59.131 - - [03/Jun/2026:01:07:26 -0400] "POST /wp-login.php HTTP/1.1" 200 7109 "-" "Mozilla/5.0 (X11; Linux x86_64; rv:30.0) Gecko/20100101 Firefox/30.0"
205.185.120.21 - - [03/Jun/2026:01:08:13 -0400] "POST /wp-login.php HTTP/1.1" 200 7113 "-" "Mozilla/5.0 (Windows NT 6.1; rv:30.0) Gecko/20100101 Firefox/30.0"
162.213.253.84 - - [03/Jun/2026:01:03:43 -0400] "POST /wp-cron.php?doing_wp_cron=1780463023.2803690433502197265625 HTTP/1.1" 200 0 "-" "WordPress/6.8.1; https://www.aeromaxlogistics.com"
209.141.44.244 - - [03/Jun/2026:01:03:42 -0400] "POST /wp-login.php HTTP/1.1" 200 7115 "-" "Mozilla/5.0 (X11; Linux x86_64; rv:30.0) Gecko/20100101 Firefox/30.0"
205.185.120.21 - - [03/Jun/2026:01:07:26 -0400] "GET /wp-login.php HTTP/1.1" 200 6664 "-" "Mozilla/5.0 (Windows NT 6.1; rv:30.0) Gecko/20100101 Firefox/30.0"
104.210.140.139 - - [03/Jun/2026:01:25:33 -0400] "GET /robots.txt HTTP/1.1" 200 1937 "-" "Mozilla/5.0 (Macintosh; Intel Mac OS X 10_15_7) AppleWebKit/537.36 (KHTML, like Gecko) Chrome/131.0.0.0 Safari/537.36; compatible; OAI-SearchBot/1.0; +https://openai.com/searchbot"
209.141.60.58 - - [03/Jun/2026:01:32:49 -0400] "POST /wp-login.php HTTP/1.1" 200 7111 "-" "Mozilla/5.0 (Macintosh; Intel Mac OS X 10_15_7) AppleWebKit/537.36 (KHTML, like Gecko) Chrome/119.0.0.0 Safari/537.36"
205.185.121.3 - - [03/Jun/2026:01:33:30 -0400] "GET /wp-login.php HTTP/1.1" 200 6664 "-" "Mozilla/5.0 (Windows NT 10.0; Win64; x64) AppleWebKit/537.36 (KHTML, like Gecko) Chrome/120.0.0.0 Safari/537.36"
162.213.253.84 - - [03/Jun/2026:01:33:33 -0400] "POST /wp-cron.php?doing_wp_cron=1780464813.2811911106109619140625 HTTP/1.1" 200 0 "-" "WordPress/6.8.1; https://www.aeromaxlogistics.com"
205.185.121.3 - - [03/Jun/2026:01:33:32 -0400] "POST /wp-login.php HTTP/1.1" 200 7097 "-" "Mozilla/5.0 (Windows NT 10.0; Win64; x64) AppleWebKit/537.36 (KHTML, like Gecko) Chrome/120.0.0.0 Safari/537.36"
209.141.50.202 - - [03/Jun/2026:01:38:41 -0400] "GET /wp-login.php HTTP/1.1" 200 6664 "-" "Mozilla/5.0 (Windows NT 6.3; WOW64) AppleWebKit/537.36 (KHTML, like Gecko) Chrome/36.0.1985.125 Safari/537.36"
162.213.253.84 - - [03/Jun/2026:01:40:58 -0400] "POST /wp-cron.php?doing_wp_cron=1780465258.4805879592895507812500 HTTP/1.1" 200 0 "-" "WordPress/6.8.1; https://www.aeromaxlogistics.com"
209.141.50.202 - - [03/Jun/2026:01:40:57 -0400] "POST /wp-login.php HTTP/1.1" 200 7095 "-" "Mozilla/5.0 (Windows NT 6.3; WOW64) AppleWebKit/537.36 (KHTML, like Gecko) Chrome/36.0.1985.125 Safari/537.36"
209.141.60.58 - - [03/Jun/2026:01:32:17 -0400] "GET /wp-login.php HTTP/1.1" 200 6664 "-" "Mozilla/5.0 (Macintosh; Intel Mac OS X 10_15_7) AppleWebKit/537.36 (KHTML, like Gecko) Chrome/119.0.0.0 Safari/537.36"
162.213.253.84 - - [03/Jun/2026:01:32:50 -0400] "POST /wp-cron.php?doing_wp_cron=1780464770.3578319549560546875000 HTTP/1.1" 200 0 "-" "WordPress/6.8.1; https://www.aeromaxlogistics.com"
207.46.13.168 - - [03/Jun/2026:01:35:01 -0400] "GET /sliced_quote/490-2/?create=pdf&id=490&print_pdf=92826cddcd HTTP/1.1" 200 1937 "-" "Mozilla/5.0 AppleWebKit/537.36 (KHTML, like Gecko; compatible; bingbot/2.0; +http://www.bing.com/bingbot.htm) Chrome/116.0.1938.76 Safari/537.36"
209.141.44.113 - - [03/Jun/2026:01:54:36 -0400] "GET /wp-login.php HTTP/1.1" 200 6664 "-" "Mozilla/5.0 (Macintosh; Intel Mac OS X 10_7_5) AppleWebKit/537.36 (KHTML, like Gecko) Chrome/36.0.1985.125 Safari/537.36"
198.98.56.118 - - [03/Jun/2026:01:56:30 -0400] "GET /wp-login.php HTTP/1.1" 200 6664 "-" "Mozilla/5.0 (X11; Linux x86_64) AppleWebKit/537.36 (KHTML, like Gecko) Chrome/36.0.1985.125 Safari/537.36"
162.213.253.84 - - [03/Jun/2026:01:56:32 -0400] "POST /wp-cron.php?doing_wp_cron=1780466192.4244840145111083984375 HTTP/1.1" 200 0 "-" "WordPress/6.8.1; https://www.aeromaxlogistics.com"
209.141.44.113 - - [03/Jun/2026:01:56:31 -0400] "POST /wp-login.php HTTP/1.1" 200 7091 "-" "Mozilla/5.0 (Macintosh; Intel Mac OS X 10_7_5) AppleWebKit/537.36 (KHTML, like Gecko) Chrome/36.0.1985.125 Safari/537.36"
162.213.253.84 - - [03/Jun/2026:01:56:59 -0400] "POST /wp-cron.php?doing_wp_cron=1780466219.2990939617156982421875 HTTP/1.1" 200 0 "-" "WordPress/6.8.1; https://www.aeromaxlogistics.com"
198.98.56.118 - - [03/Jun/2026:01:56:58 -0400] "POST /wp-login.php HTTP/1.1" 200 7099 "-" "Mozilla/5.0 (X11; Linux x86_64) AppleWebKit/537.36 (KHTML, like Gecko) Chrome/36.0.1985.125 Safari/537.36"
205.185.120.156 - - [03/Jun/2026:02:10:46 -0400] "GET /wp-login.php HTTP/1.1" 200 6664 "-" "Mozilla/5.0 (Windows NT 6.3; Win64; x64) AppleWebKit/537.36 (KHTML, like Gecko) Chrome/120.0.0.0 Safari/537.36"
40.77.167.154 - - [03/Jun/2026:02:14:14 -0400] "GET /sliced_quote/bike-shifting/?create=pdf&id=431&print_pdf=f0c591633a HTTP/1.1" 200 1937 "-" "Mozilla/5.0 AppleWebKit/537.36 (KHTML, like Gecko; compatible; bingbot/2.0; +http://www.bing.com/bingbot.htm) Chrome/116.0.1938.76 Safari/537.36"
162.213.253.84 - - [03/Jun/2026:02:16:52 -0400] "POST /wp-cron.php?doing_wp_cron=1780467412.9181590080261230468750 HTTP/1.1" 200 0 "-" "WordPress/6.8.1; https://www.aeromaxlogistics.com"
205.185.120.156 - - [03/Jun/2026:02:16:52 -0400] "POST /wp-login.php HTTP/1.1" 200 7101 "-" "Mozilla/5.0 (Windows NT 6.3; Win64; x64) AppleWebKit/537.36 (KHTML, like Gecko) Chrome/120.0.0.0 Safari/537.36"
45.61.187.176 - - [03/Jun/2026:02:17:57 -0400] "GET /wp-login.php HTTP/1.1" 200 6664 "-" "Mozilla/5.0 (Macintosh; Intel Mac OS X 10_13_6) AppleWebKit/537.36 (KHTML, like Gecko) Chrome/116.0.0.0 Safari/537.36"
162.213.253.84 - - [03/Jun/2026:02:17:58 -0400] "POST /wp-cron.php?doing_wp_cron=1780467478.6085538864135742187500 HTTP/1.1" 200 0 "-" "WordPress/6.8.1; https://www.aeromaxlogistics.com"
45.61.187.176 - - [03/Jun/2026:02:17:58 -0400] "POST /wp-login.php HTTP/1.1" 200 7115 "-" "Mozilla/5.0 (Macintosh; Intel Mac OS X 10_13_6) AppleWebKit/537.36 (KHTML, like Gecko) Chrome/116.0.0.0 Safari/537.36"
136.111.157.119 - - [03/Jun/2026:02:10:30 -0400] "POST /wp-content/plugins/wp-automatic/inc/csv.php HTTP/1.1" 200 2213 "-" "Mozilla/5.0 (Windows NT 10.0; Win64; x64) AppleWebKit/537.36 (KHTML, like Gecko) Chrome/120.0.0.0 Safari/537.36"
157.55.39.7 - - [03/Jun/2026:02:23:59 -0400] "GET /sliced_quote/bike-shifting-noida-to-patna/?create=pdf&id=547&print_pdf=2124e21217 HTTP/1.1" 200 1937 "-" "Mozilla/5.0 AppleWebKit/537.36 (KHTML, like Gecko; compatible; bingbot/2.0; +http://www.bing.com/bingbot.htm) Chrome/116.0.1938.76 Safari/537.36"
45.61.187.176 - - [03/Jun/2026:02:31:06 -0400] "GET /wp-login.php HTTP/1.1" 200 6664 "-" "Mozilla/5.0 (Macintosh; Intel Mac OS X 10_12_6) AppleWebKit/537.36 (KHTML, like Gecko) Chrome/115.0.0.0 Safari/537.36"
45.61.187.176 - - [03/Jun/2026:02:31:07 -0400] "POST /wp-login.php HTTP/1.1" 200 7111 "-" "Mozilla/5.0 (Macintosh; Intel Mac OS X 10_12_6) AppleWebKit/537.36 (KHTML, like Gecko) Chrome/115.0.0.0 Safari/537.36"
45.61.186.169 - - [03/Jun/2026:02:41:28 -0400] "GET /wp-login.php HTTP/1.1" 200 6664 "-" "Mozilla/5.0 (Linux; Android 15; Pixel 9) AppleWebKit/537.36 (KHTML, like Gecko) Chrome/145.0.0.0 Mobile Safari/537.36"
45.61.186.169 - - [03/Jun/2026:02:41:33 -0400] "POST /wp-login.php HTTP/1.1" 200 7129 "-" "Mozilla/5.0 (Linux; Android 15; Pixel 9) AppleWebKit/537.36 (KHTML, like Gecko) Chrome/145.0.0.0 Mobile Safari/537.36"
162.213.253.84 - - [03/Jun/2026:02:48:12 -0400] "POST /wp-cron.php?doing_wp_cron=1780469292.8744080066680908203125 HTTP/1.1" 200 0 "-" "WordPress/6.8.1; https://www.aeromaxlogistics.com"
162.213.253.84 - - [03/Jun/2026:02:41:34 -0400] "POST /wp-cron.php?doing_wp_cron=1780468894.0079860687255859375000 HTTP/1.1" 200 0 "-" "WordPress/6.8.1; https://www.aeromaxlogistics.com"
38.25.50.77 - - [03/Jun/2026:02:45:42 -0400] "GET /tel:01135862760 HTTP/1.1" 200 2213 "-" "Mozilla/5.0 (Macintosh; Intel Mac OS X 10_14_6) AppleWebKit/537.36 (KHTML, like Gecko) Chrome/107.0.0.0 Safari/537.36"
205.185.124.118 - - [03/Jun/2026:02:47:18 -0400] "GET /wp-login.php HTTP/1.1" 200 6664 "-" "Mozilla/5.0 (iPhone; CPU iPhone OS 16_6 like Mac OS X) AppleWebKit/605.1.15 (KHTML, like Gecko) Version/16.6 Mobile/15E148 Safari/604.1"
205.185.124.118 - - [03/Jun/2026:02:48:12 -0400] "POST /wp-login.php HTTP/1.1" 200 7097 "-" "Mozilla/5.0 (iPhone; CPU iPhone OS 16_6 like Mac OS X) AppleWebKit/605.1.15 (KHTML, like Gecko) Version/16.6 Mobile/15E148 Safari/604.1"
24.239.151.13 - - [03/Jun/2026:02:51:10 -0400] "GET /about-us/ HTTP/1.1" 200 1937 "https://www.google.com/" "Mozilla/5.0 (Windows NT 10.0; Win64; x64) AppleWebKit/537.36 (KHTML, like Gecko) Chrome/148.0.0.0 Safari/537.36"
24.239.151.13 - - [03/Jun/2026:02:51:11 -0400] "GET /favicon.ico HTTP/1.1" 404 1251 "https://www.aeromaxlogistics.com/about-us/" "Mozilla/5.0 (Windows NT 10.0; Win64; x64) AppleWebKit/537.36 (KHTML, like Gecko) Chrome/148.0.0.0 Safari/537.36"